92.240.68.152 - - [01/Jun/2010:01:32:00 +0200] "GET http://www.treehugger.com/air-motorcycle-002.jpg HTTP/1.1" 404 332 "-" "webcollage/1.135a"
66.235.124.8 - - [01/Jun/2010:03:12:49 +0200] "GET /robots.txt HTTP/1.1" 404 322 "-" "Mozilla/5.0 (compatible; Ask Jeeves/Teoma; +http://about.ask.com/en/docs/about/webmasters.shtml)"
66.235.124.8 - - [01/Jun/2010:03:12:49 +0200] "GET / HTTP/1.1" 200 1229 "-" "Mozilla/5.0 (compatible; Ask Jeeves/Teoma; +http://about.ask.com/en/docs/about/webmasters.shtml)"
92.240.68.153 - - [01/Jun/2010:07:27:06 +0200] "GET http://www.vetmed.lsu.edu/eiltslotus/theriogenology-5361/bull.h30.jpg HTTP/1.1" 404 353 "-" "webcollage/1.135a"
88.80.10.1 - - [01/Jun/2010:08:27:04 +0200] "GET http://88.80.10.1/pp/anp.php?a=VUVH_W_EFB%5C%5CN&b=1155&c=658e HTTP/1.1" 404 312 "-" "Mozilla/4.0 (compatible; MSIE 6.0; Windows NT 5.1)"
77.104.217.233 - - [01/Jun/2010:13:07:42 +0200] "GET /w00tw00t.at.ISC.SANS.DFind:) HTTP/1.1" 400 329 "-" "-"
77.104.217.233 - - [01/Jun/2010:13:07:42 +0200] "GET /w00tw00t.at.ISC.SANS.DFind:) HTTP/1.1" 400 329 "-" "-"
77.104.217.233 - - [01/Jun/2010:13:07:42 +0200] "GET /w00tw00t.at.ISC.SANS.DFind:) HTTP/1.1" 400 329 "-" "-"
77.104.217.233 - - [01/Jun/2010:13:07:42 +0200] "GET /w00tw00t.at.ISC.SANS.DFind:) HTTP/1.1" 400 329 "-" "-"
77.104.217.233 - - [01/Jun/2010:13:07:42 +0200] "GET /w00tw00t.at.ISC.SANS.DFind:) HTTP/1.1" 400 329 "-" "-"
77.104.217.233 - - [01/Jun/2010:13:07:42 +0200] "GET /w00tw00t.at.ISC.SANS.DFind:) HTTP/1.1" 400 329 "-" "-"
77.104.217.233 - - [01/Jun/2010:13:07:42 +0200] "GET /w00tw00t.at.ISC.SANS.DFind:) HTTP/1.1" 400 329 "-" "-"
77.104.217.233 - - [01/Jun/2010:13:07:42 +0200] "GET /w00tw00t.at.ISC.SANS.DFind:) HTTP/1.1" 400 329 "-" "-"
77.104.217.233 - - [01/Jun/2010:13:07:42 +0200] "GET /w00tw00t.at.ISC.SANS.DFind:) HTTP/1.1" 400 329 "-" "-"
77.104.217.233 - - [01/Jun/2010:13:07:42 +0200] "GET /w00tw00t.at.ISC.SANS.DFind:) HTTP/1.1" 400 329 "-" "-"
77.104.217.233 - - [01/Jun/2010:13:07:42 +0200] "GET /w00tw00t.at.ISC.SANS.DFind:) HTTP/1.1" 400 329 "-" "-"
77.104.217.233 - - [01/Jun/2010:13:07:42 +0200] "GET /w00tw00t.at.ISC.SANS.DFind:) HTTP/1.1" 400 329 "-" "-"
77.104.217.233 - - [01/Jun/2010:13:07:42 +0200] "GET /w00tw00t.at.ISC.SANS.DFind:) HTTP/1.1" 400 329 "-" "-"
77.104.217.233 - - [01/Jun/2010:13:07:42 +0200] "GET /w00tw00t.at.ISC.SANS.DFind:) HTTP/1.1" 400 329 "-" "-"
77.104.217.233 - - [01/Jun/2010:13:07:42 +0200] "GET /w00tw00t.at.ISC.SANS.DFind:) HTTP/1.1" 400 329 "-" "-"
77.104.217.233 - - [01/Jun/2010:13:07:42 +0200] "GET /w00tw00t.at.ISC.SANS.DFind:) HTTP/1.1" 400 329 "-" "-"
77.104.217.233 - - [01/Jun/2010:13:07:42 +0200] "GET /w00tw00t.at.ISC.SANS.DFind:) HTTP/1.1" 400 329 "-" "-"
77.104.217.233 - - [01/Jun/2010:13:07:45 +0200] "GET /w00tw00t.at.ISC.SANS.DFind:) HTTP/1.1" 400 329 "-" "-"
77.104.217.233 - - [01/Jun/2010:13:09:35 +0200] "GET /w00tw00t.at.ISC.SANS.DFind:) HTTP/1.1" 400 329 "-" "-"
77.104.217.233 - - [01/Jun/2010:13:09:35 +0200] "GET /w00tw00t.at.ISC.SANS.DFind:) HTTP/1.1" 400 329 "-" "-"
77.104.217.233 - - [01/Jun/2010:13:09:35 +0200] "GET /w00tw00t.at.ISC.SANS.DFind:) HTTP/1.1" 400 329 "-" "-"
77.104.217.233 - - [01/Jun/2010:13:09:35 +0200] "GET /w00tw00t.at.ISC.SANS.DFind:) HTTP/1.1" 400 329 "-" "-"
77.104.217.233 - - [01/Jun/2010:13:09:35 +0200] "GET /w00tw00t.at.ISC.SANS.DFind:) HTTP/1.1" 400 329 "-" "-"
77.104.217.233 - - [01/Jun/2010:13:09:35 +0200] "GET /w00tw00t.at.ISC.SANS.DFind:) HTTP/1.1" 400 329 "-" "-"
77.104.217.233 - - [01/Jun/2010:13:09:35 +0200] "GET /w00tw00t.at.ISC.SANS.DFind:) HTTP/1.1" 400 329 "-" "-"
77.104.217.233 - - [01/Jun/2010:13:09:35 +0200] "GET /w00tw00t.at.ISC.SANS.DFind:) HTTP/1.1" 400 329 "-" "-"
77.104.217.233 - - [01/Jun/2010:13:09:35 +0200] "GET /w00tw00t.at.ISC.SANS.DFind:) HTTP/1.1" 400 329 "-" "-"
77.104.217.233 - - [01/Jun/2010:13:09:35 +0200] "GET /w00tw00t.at.ISC.SANS.DFind:) HTTP/1.1" 400 329 "-" "-"
77.104.217.233 - - [01/Jun/2010:13:09:35 +0200] "GET /w00tw00t.at.ISC.SANS.DFind:) HTTP/1.1" 400 329 "-" "-"
77.104.217.233 - - [01/Jun/2010:13:09:35 +0200] "GET /w00tw00t.at.ISC.SANS.DFind:) HTTP/1.1" 400 329 "-" "-"
77.104.217.233 - - [01/Jun/2010:13:09:35 +0200] "GET /w00tw00t.at.ISC.SANS.DFind:) HTTP/1.1" 400 329 "-" "-"
77.104.217.233 - - [01/Jun/2010:13:09:35 +0200] "GET /w00tw00t.at.ISC.SANS.DFind:) HTTP/1.1" 400 329 "-" "-"
77.104.217.233 - - [01/Jun/2010:13:09:35 +0200] "GET /w00tw00t.at.ISC.SANS.DFind:) HTTP/1.1" 400 329 "-" "-"
77.104.217.233 - - [01/Jun/2010:13:09:35 +0200] "GET /w00tw00t.at.ISC.SANS.DFind:) HTTP/1.1" 400 329 "-" "-"
77.104.217.233 - - [01/Jun/2010:13:09:35 +0200] "GET /w00tw00t.at.ISC.SANS.DFind:) HTTP/1.1" 400 329 "-" "-"
77.104.217.233 - - [01/Jun/2010:13:09:35 +0200] "GET /w00tw00t.at.ISC.SANS.DFind:) HTTP/1.1" 400 329 "-" "-"
194.72.238.61 - - [01/Jun/2010:17:29:02 +0200] "HEAD / HTTP/1.1" 200 - "http://www.netcraft.com/survey/" "Mozilla/4.0 (compatible; Netcraft Web Server Survey)"
80.77.122.11 - - [01/Jun/2010:17:50:59 +0200] "GET / HTTP/1.1" 200 1229 "-" "Mozilla/5.0 (Windows; U; Windows NT 6.1; uk; rv:1.9.1.5) Gecko/20091102 Firefox/3.5.5"
194.72.238.61 - - [01/Jun/2010:17:51:53 +0200] "HEAD / HTTP/1.1" 200 - "http://www.netcraft.com/survey/" "Mozilla/4.0 (compatible; Netcraft Web Server Survey)"
216.129.119.43 - - [01/Jun/2010:19:34:02 +0200] "GET /robots.txt HTTP/1.1" 404 322 "-" "Mozilla/5.0 (Twiceler-0.9 http://www.cuil.com/twiceler/robot.html)"
83.133.125.202 - - [02/Jun/2010:00:41:28 +0200] "GET / HTTP/1.1" 200 1229 "http://www.bigfinder.de/index.php" "Mozilla/3.01 (compatible;)"
83.133.125.202 - - [02/Jun/2010:02:29:17 +0200] "GET / HTTP/1.1" 200 1229 "http://www.bigfinder.de/index.php" "Mozilla/5.0 (Windows; U; Windows NT 5.1; de; rv:1.8.1.16) Gecko/20080702 Firefox/2.0.0.16"
208.115.111.246 - - [02/Jun/2010:04:50:54 +0200] "GET /robots.txt HTTP/1.1" 404 322 "-" "Mozilla/5.0 (compatible; DotBot/1.1; http://www.dotnetdotcom.org/, crawler@dotnetdotcom.org)"
207.46.13.94 - - [02/Jun/2010:06:40:46 +0200] "GET /robots.txt HTTP/1.1" 404 322 "-" "msnbot/2.0b (+http://search.msn.com/msnbot.htm)"
207.46.13.94 - - [02/Jun/2010:07:46:07 +0200] "GET /impressum.htm HTTP/1.1" 404 325 "-" "msnbot/2.0b (+http://search.msn.com/msnbot.htm)"
66.249.66.8 - - [02/Jun/2010:08:19:26 +0200] "GET /robots.txt HTTP/1.1" 404 322 "-" "Googlebot-Image/1.0"
66.249.66.8 - - [02/Jun/2010:08:19:26 +0200] "GET /fotos/fotogalerie_02/01.jpg HTTP/1.1" 404 339 "-" "Googlebot-Image/1.0"
208.115.111.246 - - [02/Jun/2010:09:46:04 +0200] "GET / HTTP/1.1" 200 1229 "-" "Mozilla/5.0 (compatible; DotBot/1.1; http://www.dotnetdotcom.org/, crawler@dotnetdotcom.org)"
208.115.111.246 - - [02/Jun/2010:09:46:08 +0200] "GET /fotogalerien.htm HTTP/1.1" 404 328 "-" "Mozilla/5.0 (compatible; DotBot/1.1; http://www.dotnetdotcom.org/, crawler@dotnetdotcom.org)"
208.115.111.246 - - [02/Jun/2010:09:46:13 +0200] "GET /fotoshow/fotoshow.htm HTTP/1.1" 404 333 "-" "Mozilla/5.0 (compatible; DotBot/1.1; http://www.dotnetdotcom.org/, crawler@dotnetdotcom.org)"
208.115.111.246 - - [02/Jun/2010:09:46:18 +0200] "GET /impressum.htm HTTP/1.1" 404 325 "-" "Mozilla/5.0 (compatible; DotBot/1.1; http://www.dotnetdotcom.org/, crawler@dotnetdotcom.org)"
208.115.111.246 - - [02/Jun/2010:09:46:23 +0200] "GET /index.htm HTTP/1.1" 404 321 "-" "Mozilla/5.0 (compatible; DotBot/1.1; http://www.dotnetdotcom.org/, crawler@dotnetdotcom.org)"
208.115.111.246 - - [02/Jun/2010:09:46:29 +0200] "GET /kontakt.htm HTTP/1.1" 404 323 "-" "Mozilla/5.0 (compatible; DotBot/1.1; http://www.dotnetdotcom.org/, crawler@dotnetdotcom.org)"
208.115.111.246 - - [02/Jun/2010:09:46:48 +0200] "GET /leistungen.htm HTTP/1.1" 404 326 "-" "Mozilla/5.0 (compatible; DotBot/1.1; http://www.dotnetdotcom.org/, crawler@dotnetdotcom.org)"
208.115.111.246 - - [02/Jun/2010:09:46:53 +0200] "GET /referenzen.htm HTTP/1.1" 404 326 "-" "Mozilla/5.0 (compatible; DotBot/1.1; http://www.dotnetdotcom.org/, crawler@dotnetdotcom.org)"
208.115.111.246 - - [02/Jun/2010:09:46:59 +0200] "GET /trittschall.htm HTTP/1.1" 404 327 "-" "Mozilla/5.0 (compatible; DotBot/1.1; http://www.dotnetdotcom.org/, crawler@dotnetdotcom.org)"
83.18.199.194 - - [02/Jun/2010:10:57:23 +0200] "POST /_vti_bin/_vti_aut/fp30reg.dll HTTP/1.1" 404 334 "-" "-"
194.25.250.18 - - [02/Jun/2010:11:20:04 +0200] "GET /impressum.htm HTTP/1.1" 404 325 "http://www.google.de/search?hl=de&source=hp&q=HRB+114686&btnG=Google-Suche&aq=f&aqi=&aql=&oq=&gs_rfai=" "Mozilla/4.0 (compatible; MSIE 7.0; Windows NT 5.1; .NET CLR 1.1.4322; .NET CLR 2.0.50727; .NET CLR 3.0.04506.30; .NET CLR 3.0.04506.648; .NET CLR 3.5.21022; .NET CLR 3.0.4506.2152; .NET CLR 3.5.30729)"
88.80.10.1 - - [02/Jun/2010:11:28:17 +0200] "GET http://88.80.10.1/pp/anp.php?a=VUVH_W_EFB%5C%5DG&b=1155&c=5fc2 HTTP/1.1" 404 312 "-" "Mozilla/4.0 (compatible; MSIE 6.0; Windows NT 5.1)"
62.117.21.252 - - [02/Jun/2010:11:43:06 +0200] "GET / HTTP/1.1" 200 1229 "http://www.b2b-deutschland.de/branchenbuch/Berlin/Malerarbeiten/405bd2e90dd82712fa5e4159902bb6262a/" "Mozilla/4.0 (compatible; MSIE 8.0; Windows NT 6.1; WOW64; Trident/4.0; SLCC2; .NET CLR 2.0.50727; .NET CLR 3.5.30729; .NET CLR 3.0.30729; Media Center PC 6.0)"
88.80.10.1 - - [02/Jun/2010:12:44:31 +0200] "GET http://88.80.10.1/pp/anp.php?a=VUVH_W_EFB%5C%5CF&b=1155&c=b67f HTTP/1.1" 404 312 "-" "Mozilla/4.0 (compatible; MSIE 6.0; Windows NT 5.1)"
84.181.238.211 - - [02/Jun/2010:17:41:53 +0200] "GET /img/wk_angebot.jpg HTTP/1.1" 400 329 "-" "Opera/9.52 (Windows NT 6.0; U; de)"
84.181.238.211 - - [02/Jun/2010:17:41:54 +0200] "GET /img/feststoffplakettenhalter_2.jpg HTTP/1.1" 400 329 "-" "-"
66.249.71.174 - - [02/Jun/2010:17:51:35 +0200] "GET /robots.txt HTTP/1.1" 404 322 "-" "Mozilla/5.0 (compatible; Googlebot/2.1; +http://www.google.com/bot.html)"
66.249.71.174 - - [02/Jun/2010:17:51:35 +0200] "GET /index.htm HTTP/1.1" 404 321 "-" "Mozilla/5.0 (compatible; Googlebot/2.1; +http://www.google.com/bot.html)"
92.240.68.152 - - [02/Jun/2010:19:37:17 +0200] "GET http://www.visolve.com/images/squid3.jpg HTTP/1.1" 404 324 "http://www.altavista.com/image/randomlink" "webcollage/1.135a"
216.129.119.43 - - [02/Jun/2010:22:23:30 +0200] "GET /robots.txt HTTP/1.1" 404 322 "-" "Mozilla/5.0 (Twiceler-0.9 http://www.cuil.com/twiceler/robot.html)"
207.46.13.53 - - [03/Jun/2010:01:28:51 +0200] "GET /robots.txt HTTP/1.1" 404 322 "-" "msnbot/2.0b (+http://search.msn.com/msnbot.htm)"
207.46.13.53 - - [03/Jun/2010:01:46:09 +0200] "GET /referenzen.htm HTTP/1.1" 404 326 "-" "msnbot/2.0b (+http://search.msn.com/msnbot.htm)"
83.133.125.202 - - [03/Jun/2010:09:16:26 +0200] "GET / HTTP/1.1" 200 1229 "http://www.bigfinder.de/index.php" "Mozilla/4.0 (compatible; MSIE 7.0; Windows NT 6.0; SLCC1; .NET CLR 2.0.50727; .NET CLR 3.0.04506)"
178.63.41.14 - - [03/Jun/2010:15:46:48 +0200] "GET /robots.txt HTTP/1.1" 404 322 "-" "Cityreview Robot (+http://www.cityreview.org/crawler/)"
178.63.41.14 - - [03/Jun/2010:15:46:48 +0200] "GET / HTTP/1.1" 200 1229 "-" "Cityreview Robot (+http://www.cityreview.org/crawler/)"
88.80.10.1 - - [03/Jun/2010:15:48:29 +0200] "GET http://88.80.10.1/pp/anp.php?a=VUVH_W_EFB%5C%5CE&b=1155&c=7a73 HTTP/1.1" 404 312 "-" "Mozilla/4.0 (compatible; MSIE 6.0; Windows NT 5.1)"
83.133.125.202 - - [03/Jun/2010:19:42:47 +0200] "GET / HTTP/1.1" 200 1229 "http://www.bigfinder.de/index.php" "Mozilla/4.0 (compatible; MSIE 7.0; Windows NT 6.0; SLCC1; .NET CLR 2.0.50727; .NET CLR 3.0.04506)"
83.133.125.202 - - [03/Jun/2010:20:21:50 +0200] "GET / HTTP/1.1" 200 1229 "http://www.bigfinder.de/index.php" "T-Online Browser"
174.129.237.157 - - [03/Jun/2010:21:24:54 +0200] "GET /robots.txt HTTP/1.0" 404 322 "-" "ia_archiver (+http://www.alexa.com/site/help/webmasters; crawler@alexa.com)"
174.129.237.157 - - [03/Jun/2010:21:24:54 +0200] "GET / HTTP/1.0" 200 1229 "-" "ia_archiver (+http://www.alexa.com/site/help/webmasters; crawler@alexa.com)"
95.108.158.134 - - [03/Jun/2010:22:13:29 +0200] "GET /robots.txt HTTP/1.1" 404 322 "-" "Yandex/1.01.001 (compatible; Win16; I)"
64.246.165.50 - - [03/Jun/2010:22:38:10 +0200] "GET /robots.txt HTTP/1.0" 404 322 "-" "Mozilla/5.0 (Windows; U; Windows NT 5.1; en; rv:1.9.0.13) Gecko/2009073022 Firefox/3.5.2 (.NET CLR 3.5.30729) SurveyBot/2.3 (DomainTools)"
64.246.165.50 - - [03/Jun/2010:22:38:10 +0200] "GET / HTTP/1.1" 200 1229 "http://whois.domaintools.com/boedenundmehr.de" "Mozilla/5.0 (Windows; U; Windows NT 5.1; en; rv:1.9.0.13) Gecko/2009073022 Firefox/3.5.2 (.NET CLR 3.5.30729) SurveyBot/2.3 (DomainTools)"
92.240.68.152 - - [04/Jun/2010:06:36:18 +0200] "GET http://www.hedweb.com/elephant.jpg HTTP/1.1" 404 318 "http://random.yahoo.com/fast/ryl" "webcollage/1.135a"
125.65.165.184 - - [04/Jun/2010:06:57:12 +0200] "GET http://www.wantsfly.com/prx2.php?hash=88196DBCF80C2C8ED45BF65B0050BAC193B29081549D HTTP/1.0" 404 316 "-" "Mozilla/4.0 (compatible; MSIE 6.0; Windows NT 5.0)"
125.65.165.184 - - [04/Jun/2010:06:57:12 +0200] "GET http://www.wantsfly.com/prx2.php?hash=89615DD24DA98360D45BF6540050C95C1F1A70DCA89B HTTP/1.0" 404 316 "-" "Mozilla/4.0 (compatible; MSIE 6.0; Windows NT 5.0)"
125.65.165.184 - - [04/Jun/2010:06:57:12 +0200] "GET http://www.wantsfly.com/prx2.php?hash=446A4C9E3E5CE0D2D45BF65000503F12B8114BB6321D HTTP/1.0" 404 316 "-" "Mozilla/4.0 (compatible; MSIE 6.0; Windows NT 5.0)"
125.65.165.184 - - [04/Jun/2010:06:57:12 +0200] "GET http://www.wantsfly.com/prx2.php?hash=E69CC3810F14B1A7D45BF65C00503FA1EF68B345CCF8 HTTP/1.0" 404 316 "-" "Mozilla/4.0 (compatible; MSIE 6.0; Windows NT 5.0)"
125.65.165.184 - - [04/Jun/2010:06:57:12 +0200] "GET http://www.wantsfly.com/prx2.php?hash=8DB21238E44C5444D45BF65A0050E571D3B1A4E73E45 HTTP/1.0" 404 316 "-" "Mozilla/4.0 (compatible; MSIE 6.0; Windows NT 5.0)"
125.65.165.184 - - [04/Jun/2010:06:57:12 +0200] "GET http://www.wantsfly.com/prx2.php?hash=521B11262593ECCED45BF65200505E5B08B38A7FFE0A HTTP/1.0" 404 316 "-" "Mozilla/4.0 (compatible; MSIE 6.0; Windows NT 5.0)"
125.65.165.184 - - [04/Jun/2010:06:57:12 +0200] "GET http://www.wantsfly.com/prx2.php?hash=B7F6ED1C6346EACED45BF6560050480B71704A8BFF5A HTTP/1.0" 404 316 "-" "Mozilla/4.0 (compatible; MSIE 6.0; Windows NT 5.0)"
125.65.165.184 - - [04/Jun/2010:06:57:12 +0200] "GET http://www.wantsfly.com/prx2.php?hash=503B40DD2098FC5ED45BF653005065DD161D08C85E7B HTTP/1.0" 404 316 "-" "Mozilla/4.0 (compatible; MSIE 6.0; Windows NT 5.0)"
125.65.165.184 - - [04/Jun/2010:06:57:12 +0200] "GET http://www.wantsfly.com/prx2.php?hash=C05D67BFA469D97ED45BF6510050D77FB64E4B6DE711 HTTP/1.0" 404 316 "-" "Mozilla/4.0 (compatible; MSIE 6.0; Windows NT 5.0)"
125.65.165.184 - - [04/Jun/2010:06:57:12 +0200] "GET http://www.wantsfly.com/prx2.php?hash=A4698E2F1B7B904CD45BF65800504A0B56B149CE9EE8 HTTP/1.0" 404 316 "-" "Mozilla/4.0 (compatible; MSIE 6.0; Windows NT 5.0)"
125.65.165.184 - - [04/Jun/2010:06:57:12 +0200] "GET http://www.wantsfly.com/prx2.php?hash=5CD3E46795E8E800D45BF65D00507D147A663850419E HTTP/1.0" 404 316 "-" "Mozilla/4.0 (compatible; MSIE 6.0; Windows NT 5.0)"
125.65.165.184 - - [04/Jun/2010:06:57:12 +0200] "GET http://www.wantsfly.com/prx2.php?hash=84F309B217D9FDA3D45BF65900509C98EC73FEFF9F79 HTTP/1.0" 404 316 "-" "Mozilla/4.0 (compatible; MSIE 6.0; Windows NT 5.0)"
125.65.165.184 - - [04/Jun/2010:06:57:12 +0200] "GET http://www.wantsfly.com/prx2.php?hash=B734CACABD559B17D45BF65E00502C57EF131704FF41 HTTP/1.0" 404 316 "-" "Mozilla/4.0 (compatible; MSIE 6.0; Windows NT 5.0)"
125.65.165.184 - - [04/Jun/2010:06:57:12 +0200] "GET http://www.wantsfly.com/prx2.php?hash=52348CB32A7B42B5D45BF6600050CBC3AED1A5E03540 HTTP/1.0" 404 316 "-" "Mozilla/4.0 (compatible; MSIE 6.0; Windows NT 5.0)"
125.65.165.184 - - [04/Jun/2010:06:57:12 +0200] "GET http://www.wantsfly.com/prx2.php?hash=388FACA88490AE9ED45BF6570050A6883E40BA26DDF3 HTTP/1.0" 404 316 "-" "Mozilla/4.0 (compatible; MSIE 6.0; Windows NT 5.0)"
125.65.165.184 - - [04/Jun/2010:06:57:12 +0200] "GET http://www.wantsfly.com/prx2.php?hash=CE8C858A37D6BE0ED45BF655005006130F1506166C42 HTTP/1.0" 404 316 "-" "Mozilla/4.0 (compatible; MSIE 6.0; Windows NT 5.0)"
125.65.165.184 - - [04/Jun/2010:06:57:12 +0200] "GET http://www.wantsfly.com/prx2.php?hash=BE7B57A648225E7BD45BF6610050EE3D1AFD38B092DC HTTP/1.0" 404 316 "-" "Mozilla/4.0 (compatible; MSIE 6.0; Windows NT 5.0)"
125.65.165.184 - - [04/Jun/2010:06:57:12 +0200] "GET http://www.wantsfly.com/prx2.php?hash=F327E8B0FB7C9AD2D45BF65F00502C156FAFB9A4C169 HTTP/1.0" 404 316 "-" "Mozilla/4.0 (compatible; MSIE 6.0; Windows NT 5.0)"
78.138.151.126 - - [04/Jun/2010:09:21:51 +0200] "GET http://www.dormaster.com/cgi-bin/textenv.pl?a=80&b=212.91.246.84 HTTP/1.0" 404 327 "-" "Mozilla/4.0 (compatible; MSIE 5.5; Windows NT 4.0)"
66.235.124.8 - - [04/Jun/2010:14:04:37 +0200] "GET /robots.txt HTTP/1.1" 404 322 "-" "Mozilla/5.0 (compatible; Ask Jeeves/Teoma; +http://about.ask.com/en/docs/about/webmasters.shtml)"
66.235.124.8 - - [04/Jun/2010:14:04:38 +0200] "GET / HTTP/1.1" 200 1229 "-" "Mozilla/5.0 (compatible; Ask Jeeves/Teoma; +http://about.ask.com/en/docs/about/webmasters.shtml)"
83.133.125.202 - - [04/Jun/2010:14:26:22 +0200] "GET / HTTP/1.1" 200 1229 "http://www.bigfinder.de/index.php" "Mozilla/4.0 (compatible; MSIE 7.0; Windows NT 5.1; .NET CLR 2.0.50727)"
95.108.158.134 - - [04/Jun/2010:15:30:41 +0200] "GET / HTTP/1.1" 200 1229 "-" "Yandex/1.01.001 (compatible; Win16; I)"
83.133.125.202 - - [04/Jun/2010:17:50:44 +0200] "GET / HTTP/1.1" 200 1229 "http://www.bigfinder.de/index.php" "Mozilla/4.0 (compatible; MSIE 7.0; Windows NT 5.1)"
88.80.10.1 - - [04/Jun/2010:19:02:32 +0200] "GET http://88.80.10.1/pp/anp.php?a=VUVH_W_EFB%5C%5C%40&b=1155&c=0f47 HTTP/1.1" 404 312 "-" "Mozilla/4.0 (compatible; MSIE 6.0; Windows NT 5.1)"
216.129.119.43 - - [04/Jun/2010:19:26:54 +0200] "GET /robots.txt HTTP/1.1" 404 322 "-" "Mozilla/5.0 (Twiceler-0.9 http://www.cuil.com/twiceler/robot.html)"
81.255.130.169 - - [04/Jun/2010:22:44:46 +0200] "GET /w00tw00t.at.ISC.SANS.DFind:) HTTP/1.1" 400 329 "-" "-"
81.255.130.169 - - [04/Jun/2010:22:44:46 +0200] "GET /w00tw00t.at.ISC.SANS.DFind:) HTTP/1.1" 400 329 "-" "-"
81.255.130.169 - - [04/Jun/2010:22:44:46 +0200] "GET /w00tw00t.at.ISC.SANS.DFind:) HTTP/1.1" 400 329 "-" "-"
81.255.130.169 - - [04/Jun/2010:22:44:46 +0200] "GET /w00tw00t.at.ISC.SANS.DFind:) HTTP/1.1" 400 329 "-" "-"
81.255.130.169 - - [04/Jun/2010:22:44:46 +0200] "GET /w00tw00t.at.ISC.SANS.DFind:) HTTP/1.1" 400 329 "-" "-"
81.255.130.169 - - [04/Jun/2010:22:44:46 +0200] "GET /w00tw00t.at.ISC.SANS.DFind:) HTTP/1.1" 400 329 "-" "-"
81.255.130.169 - - [04/Jun/2010:22:44:46 +0200] "GET /w00tw00t.at.ISC.SANS.DFind:) HTTP/1.1" 400 329 "-" "-"
81.255.130.169 - - [04/Jun/2010:22:44:46 +0200] "GET /w00tw00t.at.ISC.SANS.DFind:) HTTP/1.1" 400 329 "-" "-"
81.255.130.169 - - [04/Jun/2010:22:44:46 +0200] "GET /w00tw00t.at.ISC.SANS.DFind:) HTTP/1.1" 400 329 "-" "-"
81.255.130.169 - - [04/Jun/2010:22:44:46 +0200] "GET /w00tw00t.at.ISC.SANS.DFind:) HTTP/1.1" 400 329 "-" "-"
81.255.130.169 - - [04/Jun/2010:22:44:46 +0200] "GET /w00tw00t.at.ISC.SANS.DFind:) HTTP/1.1" 400 329 "-" "-"
81.255.130.169 - - [04/Jun/2010:22:44:46 +0200] "GET /w00tw00t.at.ISC.SANS.DFind:) HTTP/1.1" 400 329 "-" "-"
81.255.130.169 - - [04/Jun/2010:22:44:46 +0200] "GET /w00tw00t.at.ISC.SANS.DFind:) HTTP/1.1" 400 329 "-" "-"
81.255.130.169 - - [04/Jun/2010:22:44:46 +0200] "GET /w00tw00t.at.ISC.SANS.DFind:) HTTP/1.1" 400 329 "-" "-"
81.255.130.169 - - [04/Jun/2010:22:44:46 +0200] "GET /w00tw00t.at.ISC.SANS.DFind:) HTTP/1.1" 400 329 "-" "-"
81.255.130.169 - - [04/Jun/2010:22:44:46 +0200] "GET /w00tw00t.at.ISC.SANS.DFind:) HTTP/1.1" 400 329 "-" "-"
81.255.130.169 - - [04/Jun/2010:22:44:46 +0200] "GET /w00tw00t.at.ISC.SANS.DFind:) HTTP/1.1" 400 329 "-" "-"
81.255.130.169 - - [04/Jun/2010:22:44:46 +0200] "GET /w00tw00t.at.ISC.SANS.DFind:) HTTP/1.1" 400 329 "-" "-"
65.52.108.58 - - [05/Jun/2010:00:49:27 +0200] "GET /robots.txt HTTP/1.1" 404 322 "-" "msnbot/2.0b (+http://search.msn.com/msnbot.htm)"
65.52.108.58 - - [05/Jun/2010:00:50:36 +0200] "GET /fotogalerie_02.htm HTTP/1.1" 404 330 "-" "msnbot/2.0b (+http://search.msn.com/msnbot.htm)"
174.129.237.157 - - [05/Jun/2010:01:40:21 +0200] "GET /robots.txt HTTP/1.0" 404 322 "-" "ia_archiver (+http://www.alexa.com/site/help/webmasters; crawler@alexa.com)"
174.129.237.157 - - [05/Jun/2010:01:40:21 +0200] "GET / HTTP/1.0" 200 1229 "-" "ia_archiver (+http://www.alexa.com/site/help/webmasters; crawler@alexa.com)"
85.25.124.94 - - [05/Jun/2010:13:00:58 +0200] "GET /robots.txt HTTP/1.1" 404 322 "-" "Mozilla/5.0 (X11; U; Linux i686; en-US; rv:1.9.0.1; compatible; iCcrawler - iCjobs Stellenangebote Jobs; http://www.icjobs.de) Gecko/20100401 iCjobs/2.3.1"
85.25.124.94 - - [05/Jun/2010:13:00:59 +0200] "GET / HTTP/1.1" 200 1229 "-" "Mozilla/5.0 (X11; U; Linux i686; en-US; rv:1.9.0.1; compatible; iCcrawler - iCjobs Stellenangebote Jobs; http://www.icjobs.de) Gecko/20100401 iCjobs/2.3.1"
125.65.165.184 - - [05/Jun/2010:18:46:12 +0200] "GET http://zerg.helllabs.net/cgi-bin/textenv.pl HTTP/1.1" 404 327 "-" "Mozilla/4.0 (compatible; MSIE 6.0; Windows NT 5.1)"
125.65.165.184 - - [05/Jun/2010:18:48:15 +0200] "GET http://proxyjudge3.proxyfire.net/fastenv HTTP/1.1" 404 324 "-" "Mozilla/4.0 (compatible; MSIE 6.0; Windows NT 5.1)"
125.65.165.184 - - [05/Jun/2010:18:49:05 +0200] "GET http://proxyjudge1.proxyfire.net/fastenv HTTP/1.1" 404 324 "-" "Mozilla/4.0 (compatible; MSIE 6.0; Windows NT 5.1)"
216.129.119.43 - - [05/Jun/2010:19:14:34 +0200] "GET /robots.txt HTTP/1.1" 404 322 "-" "Mozilla/5.0 (Twiceler-0.9 http://www.cuil.com/twiceler/robot.html)"
92.240.68.152 - - [05/Jun/2010:20:07:53 +0200] "GET http://www.w3.org/TR/2002/WD-css3-box-20021024/box.png HTTP/1.1" 404 338 "-" "webcollage/1.135a"
125.65.165.184 - - [05/Jun/2010:22:01:11 +0200] "GET http://proxyjudge1.proxyfire.net/fastenv HTTP/1.1" 404 324 "-" "Mozilla/4.0 (compatible; MSIE 6.0; Windows NT 5.1)"
125.65.165.184 - - [05/Jun/2010:22:03:13 +0200] "GET http://proxyjudge3.proxyfire.net/fastenv HTTP/1.1" 404 324 "-" "Mozilla/4.0 (compatible; MSIE 6.0; Windows NT 5.1)"
125.65.165.184 - - [05/Jun/2010:22:04:13 +0200] "GET http://zerg.helllabs.net/cgi-bin/textenv.pl HTTP/1.1" 404 327 "-" "Mozilla/4.0 (compatible; MSIE 6.0; Windows NT 5.1)"
88.80.10.1 - - [05/Jun/2010:22:05:41 +0200] "GET http://88.80.10.1/pp/anp.php?a=VUVH_W_EFB%5C%5CO&b=1155&c=c8e8 HTTP/1.1" 404 312 "-" "Mozilla/4.0 (compatible; MSIE 6.0; Windows NT 5.1)"
210.75.24.200 - - [05/Jun/2010:22:21:14 +0200] "GET HTTP/1.1 HTTP/1.1" 400 333 "-" "Mozilla/4.0 (compatible; MSIE 6.0; Windows 98)"
210.75.24.200 - - [05/Jun/2010:22:21:14 +0200] "GET HTTP/1.1 HTTP/1.1" 400 333 "-" "Mozilla/4.0 (compatible; MSIE 6.0; Windows 98)"
210.75.24.200 - - [05/Jun/2010:22:21:14 +0200] "GET HTTP/1.1 HTTP/1.1" 400 333 "-" "Mozilla/4.0 (compatible; MSIE 6.0; Windows 98)"
210.75.24.200 - - [05/Jun/2010:22:21:14 +0200] "GET HTTP/1.1 HTTP/1.1" 400 333 "-" "Mozilla/4.0 (compatible; MSIE 6.0; Windows 98)"
210.75.24.200 - - [05/Jun/2010:22:21:14 +0200] "GET HTTP/1.1 HTTP/1.1" 400 333 "-" "Mozilla/4.0 (compatible; MSIE 6.0; Windows 98)"
210.75.24.200 - - [05/Jun/2010:22:21:14 +0200] "GET HTTP/1.1 HTTP/1.1" 400 333 "-" "Mozilla/4.0 (compatible; MSIE 6.0; Windows 98)"
210.75.24.200 - - [05/Jun/2010:22:21:14 +0200] "GET HTTP/1.1 HTTP/1.1" 400 333 "-" "Mozilla/4.0 (compatible; MSIE 6.0; Windows 98)"
210.75.24.200 - - [05/Jun/2010:22:21:14 +0200] "GET HTTP/1.1 HTTP/1.1" 400 333 "-" "Mozilla/4.0 (compatible; MSIE 6.0; Windows 98)"
210.75.24.200 - - [05/Jun/2010:22:21:14 +0200] "GET /e107_docs/gpl.txt HTTP/1.1" 404 322 "-" "Mozilla/4.0 (compatible; MSIE 6.0; Windows 98)"
210.75.24.200 - - [05/Jun/2010:22:21:14 +0200] "GET HTTP/1.1 HTTP/1.1" 400 333 "-" "Mozilla/4.0 (compatible; MSIE 6.0; Windows 98)"
210.75.24.200 - - [05/Jun/2010:22:21:15 +0200] "GET HTTP/1.1 HTTP/1.1" 400 333 "-" "Mozilla/4.0 (compatible; MSIE 6.0; Windows 98)"
210.75.24.200 - - [05/Jun/2010:22:21:16 +0200] "GET HTTP/1.1 HTTP/1.1" 400 333 "-" "Mozilla/4.0 (compatible; MSIE 6.0; Windows 98)"
210.75.24.200 - - [05/Jun/2010:22:21:16 +0200] "GET /e107_docs/gpl.txt HTTP/1.1" 404 322 "-" "Mozilla/4.0 (compatible; MSIE 6.0; Windows 98)"
210.75.24.200 - - [05/Jun/2010:22:21:16 +0200] "GET HTTP/1.1 HTTP/1.1" 400 333 "-" "Mozilla/4.0 (compatible; MSIE 6.0; Windows 98)"
210.75.24.200 - - [05/Jun/2010:22:21:16 +0200] "GET /e107_docs/gpl.txt HTTP/1.1" 404 322 "-" "Mozilla/4.0 (compatible; MSIE 6.0; Windows 98)"
210.75.24.200 - - [05/Jun/2010:22:21:16 +0200] "GET HTTP/1.1 HTTP/1.1" 400 333 "-" "Mozilla/4.0 (compatible; MSIE 6.0; Windows 98)"
210.75.24.200 - - [05/Jun/2010:22:21:16 +0200] "GET HTTP/1.1 HTTP/1.1" 400 333 "-" "Mozilla/4.0 (compatible; MSIE 6.0; Windows 98)"
210.75.24.200 - - [05/Jun/2010:22:21:16 +0200] "GET HTTP/1.1 HTTP/1.1" 400 333 "-" "Mozilla/4.0 (compatible; MSIE 6.0; Windows 98)"
210.75.24.200 - - [05/Jun/2010:22:21:16 +0200] "GET /e107_docs/gpl.txt HTTP/1.1" 404 322 "-" "Mozilla/4.0 (compatible; MSIE 6.0; Windows 98)"
210.75.24.200 - - [05/Jun/2010:22:21:16 +0200] "GET /e107_docs/gpl.txt HTTP/1.1" 404 322 "-" "Mozilla/4.0 (compatible; MSIE 6.0; Windows 98)"
210.75.24.200 - - [05/Jun/2010:22:21:16 +0200] "GET HTTP/1.1 HTTP/1.1" 400 333 "-" "Mozilla/4.0 (compatible; MSIE 6.0; Windows 98)"
210.75.24.200 - - [05/Jun/2010:22:21:16 +0200] "GET HTTP/1.1 HTTP/1.1" 400 333 "-" "Mozilla/4.0 (compatible; MSIE 6.0; Windows 98)"
210.75.24.200 - - [05/Jun/2010:22:21:16 +0200] "GET HTTP/1.1 HTTP/1.1" 400 333 "-" "Mozilla/4.0 (compatible; MSIE 6.0; Windows 98)"
210.75.24.200 - - [05/Jun/2010:22:21:17 +0200] "GET /e107_docs/gpl.txt HTTP/1.1" 404 322 "-" "Mozilla/4.0 (compatible; MSIE 6.0; Windows 98)"
210.75.24.200 - - [05/Jun/2010:22:21:17 +0200] "GET /e107_docs/gpl.txt HTTP/1.1" 404 322 "-" "Mozilla/4.0 (compatible; MSIE 6.0; Windows 98)"
210.75.24.200 - - [05/Jun/2010:22:21:17 +0200] "GET /e107_docs/gpl.txt HTTP/1.1" 404 322 "-" "Mozilla/4.0 (compatible; MSIE 6.0; Windows 98)"
210.75.24.200 - - [05/Jun/2010:22:21:17 +0200] "GET /e107_docs/gpl.txt HTTP/1.1" 404 322 "-" "Mozilla/4.0 (compatible; MSIE 6.0; Windows 98)"
210.75.24.200 - - [05/Jun/2010:22:21:17 +0200] "GET /e107/e107_docs/gpl.txt HTTP/1.1" 404 327 "-" "Mozilla/4.0 (compatible; MSIE 6.0; Windows 98)"
210.75.24.200 - - [05/Jun/2010:22:21:17 +0200] "GET /e107_docs/gpl.txt HTTP/1.1" 404 322 "-" "Mozilla/4.0 (compatible; MSIE 6.0; Windows 98)"
210.75.24.200 - - [05/Jun/2010:22:21:18 +0200] "GET /e107/e107_docs/gpl.txt HTTP/1.1" 404 327 "-" "Mozilla/4.0 (compatible; MSIE 6.0; Windows 98)"
210.75.24.200 - - [05/Jun/2010:22:21:18 +0200] "GET /e107_docs/gpl.txt HTTP/1.1" 404 322 "-" "Mozilla/4.0 (compatible; MSIE 6.0; Windows 98)"
210.75.24.200 - - [05/Jun/2010:22:21:18 +0200] "GET /e107_docs/gpl.txt HTTP/1.1" 404 322 "-" "Mozilla/4.0 (compatible; MSIE 6.0; Windows 98)"
210.75.24.200 - - [05/Jun/2010:22:21:18 +0200] "GET /e107/e107_docs/gpl.txt HTTP/1.1" 404 327 "-" "Mozilla/4.0 (compatible; MSIE 6.0; Windows 98)"
210.75.24.200 - - [05/Jun/2010:22:21:18 +0200] "GET /e107_docs/gpl.txt HTTP/1.1" 404 322 "-" "Mozilla/4.0 (compatible; MSIE 6.0; Windows 98)"
210.75.24.200 - - [05/Jun/2010:22:21:18 +0200] "GET /e107_docs/gpl.txt HTTP/1.1" 404 322 "-" "Mozilla/4.0 (compatible; MSIE 6.0; Windows 98)"
210.75.24.200 - - [05/Jun/2010:22:21:18 +0200] "GET /e107_docs/gpl.txt HTTP/1.1" 404 322 "-" "Mozilla/4.0 (compatible; MSIE 6.0; Windows 98)"
210.75.24.200 - - [05/Jun/2010:22:21:18 +0200] "GET /e107/e107_docs/gpl.txt HTTP/1.1" 404 327 "-" "Mozilla/4.0 (compatible; MSIE 6.0; Windows 98)"
210.75.24.200 - - [05/Jun/2010:22:21:18 +0200] "GET /e107/e107_docs/gpl.txt HTTP/1.1" 404 327 "-" "Mozilla/4.0 (compatible; MSIE 6.0; Windows 98)"
210.75.24.200 - - [05/Jun/2010:22:21:18 +0200] "GET /e107_docs/gpl.txt HTTP/1.1" 404 322 "-" "Mozilla/4.0 (compatible; MSIE 6.0; Windows 98)"
210.75.24.200 - - [05/Jun/2010:22:21:18 +0200] "GET /e107_docs/gpl.txt HTTP/1.1" 404 322 "-" "Mozilla/4.0 (compatible; MSIE 6.0; Windows 98)"
210.75.24.200 - - [05/Jun/2010:22:21:18 +0200] "GET /e107_docs/gpl.txt HTTP/1.1" 404 322 "-" "Mozilla/4.0 (compatible; MSIE 6.0; Windows 98)"
210.75.24.200 - - [05/Jun/2010:22:21:18 +0200] "GET /e107/e107_docs/gpl.txt HTTP/1.1" 404 327 "-" "Mozilla/4.0 (compatible; MSIE 6.0; Windows 98)"
210.75.24.200 - - [05/Jun/2010:22:21:18 +0200] "GET /e107/e107_docs/gpl.txt HTTP/1.1" 404 327 "-" "Mozilla/4.0 (compatible; MSIE 6.0; Windows 98)"
210.75.24.200 - - [05/Jun/2010:22:21:18 +0200] "GET /e107/e107_docs/gpl.txt HTTP/1.1" 404 327 "-" "Mozilla/4.0 (compatible; MSIE 6.0; Windows 98)"
210.75.24.200 - - [05/Jun/2010:22:21:18 +0200] "GET /e107/e107_docs/gpl.txt HTTP/1.1" 404 327 "-" "Mozilla/4.0 (compatible; MSIE 6.0; Windows 98)"
210.75.24.200 - - [05/Jun/2010:22:21:18 +0200] "GET /e107/e107_docs/gpl.txt HTTP/1.1" 404 327 "-" "Mozilla/4.0 (compatible; MSIE 6.0; Windows 98)"
210.75.24.200 - - [05/Jun/2010:22:21:18 +0200] "GET /e107/e107_docs/gpl.txt HTTP/1.1" 404 327 "-" "Mozilla/4.0 (compatible; MSIE 6.0; Windows 98)"
210.75.24.200 - - [05/Jun/2010:22:21:18 +0200] "GET /e107/e107_docs/gpl.txt HTTP/1.1" 404 327 "-" "Mozilla/4.0 (compatible; MSIE 6.0; Windows 98)"
210.75.24.200 - - [05/Jun/2010:22:21:18 +0200] "GET /e107/e107_docs/gpl.txt HTTP/1.1" 404 327 "-" "Mozilla/4.0 (compatible; MSIE 6.0; Windows 98)"
210.75.24.200 - - [05/Jun/2010:22:21:18 +0200] "GET /e107/e107_docs/gpl.txt HTTP/1.1" 404 327 "-" "Mozilla/4.0 (compatible; MSIE 6.0; Windows 98)"
210.75.24.200 - - [05/Jun/2010:22:21:18 +0200] "GET /e107/e107_docs/gpl.txt HTTP/1.1" 404 327 "-" "Mozilla/4.0 (compatible; MSIE 6.0; Windows 98)"
210.75.24.200 - - [05/Jun/2010:22:21:18 +0200] "GET /e107/e107_docs/gpl.txt HTTP/1.1" 404 327 "-" "Mozilla/4.0 (compatible; MSIE 6.0; Windows 98)"
210.75.24.200 - - [05/Jun/2010:22:21:18 +0200] "GET /e107/e107_docs/gpl.txt HTTP/1.1" 404 327 "-" "Mozilla/4.0 (compatible; MSIE 6.0; Windows 98)"
210.75.24.200 - - [05/Jun/2010:22:21:18 +0200] "GET /e107/e107_docs/gpl.txt HTTP/1.1" 404 327 "-" "Mozilla/4.0 (compatible; MSIE 6.0; Windows 98)"
125.65.165.184 - - [05/Jun/2010:23:22:04 +0200] "GET http://proxyjudge3.proxyfire.net/fastenv HTTP/1.1" 404 324 "-" "Mozilla/4.0 (compatible; MSIE 6.0; Windows NT 5.1)"
125.65.165.184 - - [05/Jun/2010:23:22:29 +0200] "GET http://zerg.helllabs.net/cgi-bin/textenv.pl HTTP/1.1" 404 327 "-" "Mozilla/4.0 (compatible; MSIE 6.0; Windows NT 5.1)"
125.65.165.184 - - [05/Jun/2010:23:22:45 +0200] "GET http://zerg.helllabs.net/cgi-bin/textenv.pl HTTP/1.1" 404 327 "-" "Mozilla/4.0 (compatible; MSIE 6.0; Windows NT 5.1)"
125.65.165.184 - - [05/Jun/2010:23:22:53 +0200] "GET http://zerg.helllabs.net/cgi-bin/textenv.pl HTTP/1.1" 404 327 "-" "Mozilla/4.0 (compatible; MSIE 6.0; Windows NT 5.1)"
125.65.165.184 - - [05/Jun/2010:23:23:01 +0200] "GET http://proxyjudge3.proxyfire.net/fastenv HTTP/1.1" 404 324 "-" "Mozilla/4.0 (compatible; MSIE 6.0; Windows NT 5.1)"
125.65.165.184 - - [05/Jun/2010:23:23:20 +0200] "GET http://zerg.helllabs.net/cgi-bin/textenv.pl HTTP/1.1" 404 327 "-" "Mozilla/4.0 (compatible; MSIE 6.0; Windows NT 5.1)"
125.65.165.184 - - [05/Jun/2010:23:23:23 +0200] "GET http://proxyjudge3.proxyfire.net/fastenv HTTP/1.1" 404 324 "-" "Mozilla/4.0 (compatible; MSIE 6.0; Windows NT 5.1)"
125.65.165.184 - - [05/Jun/2010:23:23:46 +0200] "GET http://proxyjudge3.proxyfire.net/fastenv HTTP/1.1" 404 324 "-" "Mozilla/4.0 (compatible; MSIE 6.0; Windows NT 5.1)"
125.65.165.184 - - [05/Jun/2010:23:24:25 +0200] "GET http://proxyjudge3.proxyfire.net/fastenv HTTP/1.1" 404 324 "-" "Mozilla/4.0 (compatible; MSIE 6.0; Windows NT 5.1)"
125.65.165.184 - - [05/Jun/2010:23:24:44 +0200] "GET http://proxyjudge1.proxyfire.net/fastenv HTTP/1.1" 404 324 "-" "Mozilla/4.0 (compatible; MSIE 6.0; Windows NT 5.1)"
125.65.165.184 - - [05/Jun/2010:23:24:47 +0200] "GET http://proxyjudge1.proxyfire.net/fastenv HTTP/1.1" 404 324 "-" "Mozilla/4.0 (compatible; MSIE 6.0; Windows NT 5.1)"
125.65.165.184 - - [05/Jun/2010:23:24:50 +0200] "GET http://zerg.helllabs.net/cgi-bin/textenv.pl HTTP/1.1" 404 327 "-" "Mozilla/4.0 (compatible; MSIE 6.0; Windows NT 5.1)"
125.65.165.184 - - [05/Jun/2010:23:25:05 +0200] "GET http://zerg.helllabs.net/cgi-bin/textenv.pl HTTP/1.1" 404 327 "-" "Mozilla/4.0 (compatible; MSIE 6.0; Windows NT 5.1)"
125.65.165.184 - - [05/Jun/2010:23:25:45 +0200] "GET http://proxyjudge1.proxyfire.net/fastenv HTTP/1.1" 404 324 "-" "Mozilla/4.0 (compatible; MSIE 6.0; Windows NT 5.1)"
125.65.165.184 - - [05/Jun/2010:23:26:00 +0200] "GET http://zerg.helllabs.net/cgi-bin/textenv.pl HTTP/1.1" 404 327 "-" "Mozilla/4.0 (compatible; MSIE 6.0; Windows NT 5.1)"
125.65.165.184 - - [05/Jun/2010:23:26:05 +0200] "GET http://proxyjudge3.proxyfire.net/fastenv HTTP/1.1" 404 324 "-" "Mozilla/4.0 (compatible; MSIE 6.0; Windows NT 5.1)"
125.65.165.184 - - [05/Jun/2010:23:26:18 +0200] "GET http://proxyjudge1.proxyfire.net/fastenv HTTP/1.1" 404 324 "-" "Mozilla/4.0 (compatible; MSIE 6.0; Windows NT 5.1)"
125.65.165.184 - - [05/Jun/2010:23:26:32 +0200] "GET http://zerg.helllabs.net/cgi-bin/textenv.pl HTTP/1.1" 404 327 "-" "Mozilla/4.0 (compatible; MSIE 6.0; Windows NT 5.1)"
125.65.165.184 - - [06/Jun/2010:02:37:29 +0200] "GET http://proxyjudge1.proxyfire.net/fastenv HTTP/1.1" 404 324 "-" "Mozilla/4.0 (compatible; MSIE 6.0; Windows NT 5.1)"
125.65.165.184 - - [06/Jun/2010:03:54:22 +0200] "GET http://proxyjudge1.proxyfire.net/fastenv HTTP/1.1" 404 324 "-" "Mozilla/4.0 (compatible; MSIE 6.0; Windows NT 5.1)"
125.65.165.184 - - [06/Jun/2010:03:54:41 +0200] "GET http://proxyjudge3.proxyfire.net/fastenv HTTP/1.1" 404 324 "-" "Mozilla/4.0 (compatible; MSIE 6.0; Windows NT 5.1)"
125.65.165.184 - - [06/Jun/2010:03:54:51 +0200] "GET http://zerg.helllabs.net/cgi-bin/textenv.pl HTTP/1.1" 404 327 "-" "Mozilla/4.0 (compatible; MSIE 6.0; Windows NT 5.1)"
125.65.165.184 - - [06/Jun/2010:03:55:06 +0200] "GET http://proxyjudge3.proxyfire.net/fastenv HTTP/1.1" 404 324 "-" "Mozilla/4.0 (compatible; MSIE 6.0; Windows NT 5.1)"
82.165.8.65 - - [06/Jun/2010:04:02:17 +0200] "GET HTTP/1.1 HTTP/1.1" 400 333 "-" "Mozilla/4.0 (compatible; MSIE 6.0; Windows 98)"
82.165.8.65 - - [06/Jun/2010:04:02:17 +0200] "GET HTTP/1.1 HTTP/1.1" 400 333 "-" "Mozilla/4.0 (compatible; MSIE 6.0; Windows 98)"
82.165.8.65 - - [06/Jun/2010:04:02:17 +0200] "GET HTTP/1.1 HTTP/1.1" 400 333 "-" "Mozilla/4.0 (compatible; MSIE 6.0; Windows 98)"
82.165.8.65 - - [06/Jun/2010:04:02:17 +0200] "GET /e107_docs/gpl.txt HTTP/1.1" 404 322 "-" "Mozilla/4.0 (compatible; MSIE 6.0; Windows 98)"
82.165.8.65 - - [06/Jun/2010:04:02:17 +0200] "GET /e107_docs/gpl.txt HTTP/1.1" 404 322 "-" "Mozilla/4.0 (compatible; MSIE 6.0; Windows 98)"
82.165.8.65 - - [06/Jun/2010:04:02:17 +0200] "GET /e107_docs/gpl.txt HTTP/1.1" 404 322 "-" "Mozilla/4.0 (compatible; MSIE 6.0; Windows 98)"
82.165.8.65 - - [06/Jun/2010:04:02:18 +0200] "GET /e107/e107_docs/gpl.txt HTTP/1.1" 404 327 "-" "Mozilla/4.0 (compatible; MSIE 6.0; Windows 98)"
82.165.8.65 - - [06/Jun/2010:04:02:18 +0200] "GET /e107/e107_docs/gpl.txt HTTP/1.1" 404 327 "-" "Mozilla/4.0 (compatible; MSIE 6.0; Windows 98)"
82.165.8.65 - - [06/Jun/2010:04:02:18 +0200] "GET /e107/e107_docs/gpl.txt HTTP/1.1" 404 327 "-" "Mozilla/4.0 (compatible; MSIE 6.0; Windows 98)"
83.133.125.202 - - [06/Jun/2010:06:43:06 +0200] "GET / HTTP/1.1" 200 1229 "http://www.bigfinder.de/index.php" "Mozilla/4.0 (compatible; MSIE 7.0; Windows NT 6.0; SLCC1; .NET CLR 2.0.50727; .NET CLR 3.0.04506)"
117.12.204.98 - - [06/Jun/2010:13:09:05 +0200] "GET http://www.yahoo.com/ HTTP/1.1" 200 1229 "-" "Mozilla/5.0 (compatible; MSIE 5.01; Win2000)"
117.12.204.98 - - [06/Jun/2010:13:09:05 +0200] "GET http://www.yahoo.com/ HTTP/1.1" 200 1229 "-" "Mozilla/5.0 (compatible; MSIE 5.01; Win2000)"
117.12.204.98 - - [06/Jun/2010:13:09:05 +0200] "GET http://www.yahoo.com/ HTTP/1.1" 200 1229 "-" "Mozilla/5.0 (compatible; MSIE 5.01; Win2000)"
117.12.204.98 - - [06/Jun/2010:13:09:05 +0200] "GET http://www.yahoo.com/ HTTP/1.1" 200 1229 "-" "Mozilla/5.0 (compatible; MSIE 5.01; Win2000)"
117.12.204.98 - - [06/Jun/2010:13:09:05 +0200] "GET http://www.yahoo.com/ HTTP/1.1" 200 1229 "-" "Mozilla/5.0 (compatible; MSIE 5.01; Win2000)"
117.12.204.98 - - [06/Jun/2010:13:09:05 +0200] "GET http://www.yahoo.com/ HTTP/1.1" 200 1229 "-" "Mozilla/5.0 (compatible; MSIE 5.01; Win2000)"
117.12.204.98 - - [06/Jun/2010:13:09:06 +0200] "GET http://www.yahoo.com/ HTTP/1.1" 200 1229 "-" "Mozilla/5.0 (compatible; MSIE 5.01; Win2000)"
117.12.204.98 - - [06/Jun/2010:13:09:07 +0200] "GET http://www.yahoo.com/ HTTP/1.1" 200 1229 "-" "Mozilla/5.0 (compatible; MSIE 5.01; Win2000)"
117.12.204.98 - - [06/Jun/2010:13:09:07 +0200] "GET http://www.yahoo.com/ HTTP/1.1" 200 1229 "-" "Mozilla/5.0 (compatible; MSIE 5.01; Win2000)"
117.12.204.98 - - [06/Jun/2010:13:09:08 +0200] "GET http://www.yahoo.com/ HTTP/1.1" 200 1229 "-" "Mozilla/5.0 (compatible; MSIE 5.01; Win2000)"
117.12.204.98 - - [06/Jun/2010:13:09:08 +0200] "GET http://www.yahoo.com/ HTTP/1.1" 200 1229 "-" "Mozilla/5.0 (compatible; MSIE 5.01; Win2000)"
117.12.204.98 - - [06/Jun/2010:13:09:08 +0200] "GET http://www.yahoo.com/ HTTP/1.1" 200 1229 "-" "Mozilla/5.0 (compatible; MSIE 5.01; Win2000)"
117.12.204.98 - - [06/Jun/2010:13:09:08 +0200] "GET http://www.yahoo.com/ HTTP/1.1" 200 1229 "-" "Mozilla/5.0 (compatible; MSIE 5.01; Win2000)"
117.12.204.98 - - [06/Jun/2010:13:09:09 +0200] "GET http://www.yahoo.com/ HTTP/1.1" 200 1229 "-" "Mozilla/5.0 (compatible; MSIE 5.01; Win2000)"
117.12.204.98 - - [06/Jun/2010:13:09:09 +0200] "GET http://www.yahoo.com/ HTTP/1.1" 200 1229 "-" "Mozilla/5.0 (compatible; MSIE 5.01; Win2000)"
117.12.204.98 - - [06/Jun/2010:13:09:09 +0200] "GET http://www.yahoo.com/ HTTP/1.1" 200 1229 "-" "Mozilla/5.0 (compatible; MSIE 5.01; Win2000)"
117.12.204.98 - - [06/Jun/2010:13:09:09 +0200] "GET http://www.yahoo.com/ HTTP/1.1" 200 1229 "-" "Mozilla/5.0 (compatible; MSIE 5.01; Win2000)"
117.12.204.98 - - [06/Jun/2010:13:09:09 +0200] "GET http://www.yahoo.com/ HTTP/1.1" 200 1229 "-" "Mozilla/5.0 (compatible; MSIE 5.01; Win2000)"
77.104.217.233 - - [06/Jun/2010:15:27:47 +0200] "GET /w00tw00t.at.ISC.SANS.DFind:) HTTP/1.1" 400 329 "-" "-"
77.104.217.233 - - [06/Jun/2010:15:27:47 +0200] "GET /w00tw00t.at.ISC.SANS.DFind:) HTTP/1.1" 400 329 "-" "-"
77.104.217.233 - - [06/Jun/2010:15:27:47 +0200] "GET /w00tw00t.at.ISC.SANS.DFind:) HTTP/1.1" 400 329 "-" "-"
77.104.217.233 - - [06/Jun/2010:15:27:47 +0200] "GET /w00tw00t.at.ISC.SANS.DFind:) HTTP/1.1" 400 329 "-" "-"
77.104.217.233 - - [06/Jun/2010:15:27:47 +0200] "GET /w00tw00t.at.ISC.SANS.DFind:) HTTP/1.1" 400 329 "-" "-"
77.104.217.233 - - [06/Jun/2010:15:27:47 +0200] "GET /w00tw00t.at.ISC.SANS.DFind:) HTTP/1.1" 400 329 "-" "-"
77.104.217.233 - - [06/Jun/2010:15:27:47 +0200] "GET /w00tw00t.at.ISC.SANS.DFind:) HTTP/1.1" 400 329 "-" "-"
77.104.217.233 - - [06/Jun/2010:15:27:47 +0200] "GET /w00tw00t.at.ISC.SANS.DFind:) HTTP/1.1" 400 329 "-" "-"
77.104.217.233 - - [06/Jun/2010:15:27:47 +0200] "GET /w00tw00t.at.ISC.SANS.DFind:) HTTP/1.1" 400 329 "-" "-"
77.104.217.233 - - [06/Jun/2010:15:27:47 +0200] "GET /w00tw00t.at.ISC.SANS.DFind:) HTTP/1.1" 400 329 "-" "-"
77.104.217.233 - - [06/Jun/2010:15:27:47 +0200] "GET /w00tw00t.at.ISC.SANS.DFind:) HTTP/1.1" 400 329 "-" "-"
77.104.217.233 - - [06/Jun/2010:15:27:47 +0200] "GET /w00tw00t.at.ISC.SANS.DFind:) HTTP/1.1" 400 329 "-" "-"
77.104.217.233 - - [06/Jun/2010:15:27:47 +0200] "GET /w00tw00t.at.ISC.SANS.DFind:) HTTP/1.1" 400 329 "-" "-"
77.104.217.233 - - [06/Jun/2010:15:27:47 +0200] "GET /w00tw00t.at.ISC.SANS.DFind:) HTTP/1.1" 400 329 "-" "-"
77.104.217.233 - - [06/Jun/2010:15:27:47 +0200] "GET /w00tw00t.at.ISC.SANS.DFind:) HTTP/1.1" 400 329 "-" "-"
77.104.217.233 - - [06/Jun/2010:15:27:47 +0200] "GET /w00tw00t.at.ISC.SANS.DFind:) HTTP/1.1" 400 329 "-" "-"
77.104.217.233 - - [06/Jun/2010:15:27:47 +0200] "GET /w00tw00t.at.ISC.SANS.DFind:) HTTP/1.1" 400 329 "-" "-"
77.104.217.233 - - [06/Jun/2010:15:27:50 +0200] "GET /w00tw00t.at.ISC.SANS.DFind:) HTTP/1.1" 400 329 "-" "-"
125.65.165.184 - - [06/Jun/2010:19:02:33 +0200] "GET http://proxyjudge3.proxyfire.net/fastenv HTTP/1.1" 404 324 "-" "Mozilla/4.0 (compatible; MSIE 6.0; Windows NT 5.1)"
125.65.165.184 - - [06/Jun/2010:19:14:28 +0200] "GET http://zerg.helllabs.net/cgi-bin/textenv.pl HTTP/1.1" 404 327 "-" "Mozilla/4.0 (compatible; MSIE 6.0; Windows NT 5.1)"
125.65.165.184 - - [06/Jun/2010:19:26:56 +0200] "GET http://proxyjudge3.proxyfire.net/fastenv HTTP/1.1" 404 324 "-" "Mozilla/4.0 (compatible; MSIE 6.0; Windows NT 5.1)"
216.129.119.43 - - [06/Jun/2010:19:30:43 +0200] "GET /robots.txt HTTP/1.1" 404 322 "-" "Mozilla/5.0 (Twiceler-0.9 http://www.cuil.com/twiceler/robot.html)"
125.65.165.184 - - [06/Jun/2010:19:42:43 +0200] "GET http://proxyjudge1.proxyfire.net/fastenv HTTP/1.1" 404 324 "-" "Mozilla/4.0 (compatible; MSIE 6.0; Windows NT 5.1)"
92.240.68.152 - - [07/Jun/2010:00:58:04 +0200] "GET http://boingboing.net/images/squidDSCF1415.jpg HTTP/1.1" 404 330 "-" "webcollage/1.135a"
88.80.10.1 - - [07/Jun/2010:01:22:38 +0200] "GET http://88.80.10.1/pp/anp.php?a=VUVH_W_EFB%5C%5DD&b=1155&c=8e25 HTTP/1.1" 404 312 "-" "Mozilla/4.0 (compatible; MSIE 6.0; Windows NT 5.1)"
88.80.10.1 - - [07/Jun/2010:02:28:28 +0200] "GET http://88.80.10.1/pp/anp.php?a=VUVH_W_EFB%5C%5CG&b=1155&c=adcf HTTP/1.1" 404 312 "-" "Mozilla/4.0 (compatible; MSIE 6.0; Windows NT 5.1)"
67.195.113.224 - - [07/Jun/2010:03:59:53 +0200] "GET /robots.txt HTTP/1.0" 404 322 "-" "Mozilla/5.0 (compatible; Yahoo! Slurp; http://help.yahoo.com/help/us/ysearch/slurp)"
67.195.113.224 - - [07/Jun/2010:03:59:54 +0200] "GET /impressum.htm HTTP/1.0" 404 325 "-" "Mozilla/5.0 (compatible; Yahoo! Slurp/3.0; http://help.yahoo.com/help/us/ysearch/slurp)"
207.46.194.94 - - [07/Jun/2010:06:50:28 +0200] "GET /robots.txt HTTP/1.1" 404 322 "-" "msnbot-media/1.1 (+http://search.msn.com/msnbot.htm)"
207.46.194.94 - - [07/Jun/2010:06:50:28 +0200] "GET /images/fotogalerie.gif HTTP/1.1" 404 334 "-" "msnbot-media/1.1 (+http://search.msn.com/msnbot.htm)"
79.232.84.199 - - [07/Jun/2010:07:01:05 +0200] "GET /img/kat_sonderanfertigungen.gif HTTP/1.1" 400 329 "-" "-"
125.65.165.184 - - [07/Jun/2010:07:31:45 +0200] "GET http://www.wantsfly.com/prx2.php?hash=8DB21238E44C5444D45BF65A0050E571D3B1A4E73E45 HTTP/1.0" 404 316 "-" "Mozilla/4.0 (compatible; MSIE 6.0; Windows NT 5.0)"
125.65.165.184 - - [07/Jun/2010:07:31:45 +0200] "GET http://www.wantsfly.com/prx2.php?hash=E69CC3810F14B1A7D45BF65C00503FA1EF68B345CCF8 HTTP/1.0" 404 316 "-" "Mozilla/4.0 (compatible; MSIE 6.0; Windows NT 5.0)"
125.65.165.184 - - [07/Jun/2010:07:31:53 +0200] "GET http://www.wantsfly.com/prx2.php?hash=503B40DD2098FC5ED45BF653005065DD161D08C85E7B HTTP/1.0" 404 316 "-" "Mozilla/4.0 (compatible; MSIE 6.0; Windows NT 5.0)"
88.208.194.161 - - [07/Jun/2010:09:35:20 +0200] "GET /appserv/main.php?appserv_root=http://55.red-213-97-13.staticip.rima-tde.net/appserv/t.txt? HTTP/1.1" 404 321 "-" "Mozilla/4.0 (compatible; MSIE 6.0; Windows 98)"
88.208.194.161 - - [07/Jun/2010:09:35:20 +0200] "GET /appserv/main.php?appserv_root=http://55.red-213-97-13.staticip.rima-tde.net/appserv/t.txt? HTTP/1.1" 404 321 "-" "Mozilla/4.0 (compatible; MSIE 6.0; Windows 98)"
88.208.194.161 - - [07/Jun/2010:09:35:20 +0200] "GET /appserv/main.php?appserv_root=http://55.red-213-97-13.staticip.rima-tde.net/appserv/t.txt? HTTP/1.1" 404 321 "-" "Mozilla/4.0 (compatible; MSIE 6.0; Windows 98)"
88.208.194.161 - - [07/Jun/2010:09:35:20 +0200] "GET /appserv/main.php?appserv_root=http://55.red-213-97-13.staticip.rima-tde.net/appserv/t.txt? HTTP/1.1" 404 321 "-" "Mozilla/4.0 (compatible; MSIE 6.0; Windows 98)"
88.208.194.161 - - [07/Jun/2010:09:35:20 +0200] "GET /appserv/main.php?appserv_root=http://55.red-213-97-13.staticip.rima-tde.net/appserv/t.txt? HTTP/1.1" 404 321 "-" "Mozilla/4.0 (compatible; MSIE 6.0; Windows 98)"
88.208.194.161 - - [07/Jun/2010:09:35:20 +0200] "GET /appserv/main.php?appserv_root=http://55.red-213-97-13.staticip.rima-tde.net/appserv/t.txt? HTTP/1.1" 404 321 "-" "Mozilla/4.0 (compatible; MSIE 6.0; Windows 98)"
91.212.127.100 - - [07/Jun/2010:10:19:59 +0200] "GET http://allrequestsallowed.com/?PHPSESSID=5gh6ncjh00043SSQH_W_EFB%5C%5CA HTTP/1.1" 200 1229 "-" "Mozilla/5.0 (Windows; U; Windows NT 5.0; en-US; rv:1.8.1.12) Gecko/20080201 Firefox/2.0.0.12"
83.133.125.202 - - [07/Jun/2010:11:44:18 +0200] "GET / HTTP/1.1" 200 1229 "http://www.bigfinder.de/index.php" "Mozilla/3.01 (compatible;)"
84.130.59.243 - - [07/Jun/2010:12:30:52 +0200] "GET /index.php?action=template&template=wunschkennzeichen.php&gclid=CI-twcrijaICFY0m3wodyT5aig HTTP/1.1" 400 329 "-" "-"
62.159.79.10 - - [07/Jun/2010:12:46:29 +0200] "GET / HTTP/1.0" 200 1229 "-" "Mozilla/4.0 (compatible; MSIE 6.0; Windows NT 5.2; SV1; .NET CLR 1.1.4322; .NET CLR 2.0.50727; .NET CLR 3.0.4506.2152; .NET CLR 3.5.30729)"
62.117.16.222 - - [07/Jun/2010:12:49:09 +0200] "GET / HTTP/1.1" 200 1229 "http://www.berlin.de/branchenbuch/Berlin-Franz%F6sisch-Buchholz/branchen/03/Wohnen/405bd2e90dd82712fa5e4159902bb6262a/detail/bebad7e90d892711ac5e430c9928b7f66278f4c860ee533248ee643ca3019740820894f8439eb6d533c3061e8524d7/" "Mozilla/4.0 (compatible; MSIE 8.0; Windows NT 6.1; WOW64; Trident/4.0; SLCC2; .NET CLR 2.0.50727; .NET CLR 3.5.30729; .NET CLR 3.0.30729; Media Center PC 6.0)"
62.117.16.222 - - [07/Jun/2010:12:49:09 +0200] "GET /favicon.ico HTTP/1.1" 404 323 "-" "Mozilla/4.0 (compatible; MSIE 8.0; Windows NT 6.1; WOW64; Trident/4.0; SLCC2; .NET CLR 2.0.50727; .NET CLR 3.5.30729; .NET CLR 3.0.30729; Media Center PC 6.0)"
150.70.84.155 - - [07/Jun/2010:12:52:54 +0200] "GET / HTTP/1.0" 200 1229 "-" "Mozilla/4.0 (compatible; MSIE 6.0; Windows NT 5.1)"
91.51.122.78 - - [07/Jun/2010:14:04:14 +0200] "GET / HTTP/1.1" 200 1229 "http://www.gewusst-wo.de/Berlin/Fertigparkett/405bd2e90dd82712fa5e4159902bb6262a/detail/bebad7e90d892711ac5e430c9928b7f66278f4c860ee533248ee643ca3019740820894f8439eb6d533c3061e8524d7/" "Mozilla/4.0 (compatible; MSIE 7.0; Windows NT 5.1; .NET CLR 1.1.4322)"
91.51.122.78 - - [07/Jun/2010:14:04:14 +0200] "GET /favicon.ico HTTP/1.1" 404 323 "-" "Mozilla/4.0 (compatible; MSIE 7.0; Windows NT 5.1; .NET CLR 1.1.4322)"
62.159.79.10 - - [07/Jun/2010:14:43:22 +0200] "GET /impressum.htm HTTP/1.0" 404 325 "http://www.google.de/search?hl=de&q=Adrian+Steinkrau%C3%9F+Fu%C3%9Fb%C3%B6den&meta=&aq=f&aqi=&aql=&oq=&gs_rfai=" "Mozilla/4.0 (compatible; MSIE 6.0; Windows NT 5.2; SV1; .NET CLR 1.1.4322; .NET CLR 2.0.50727; .NET CLR 3.0.4506.2152; .NET CLR 3.5.30729)"
150.70.84.155 - - [07/Jun/2010:14:46:25 +0200] "GET /impressum.htm HTTP/1.0" 404 325 "-" "Mozilla/4.0 (compatible; MSIE 6.0; Windows NT 5.1)"
95.108.158.134 - - [07/Jun/2010:19:42:47 +0200] "GET /robots.txt HTTP/1.1" 404 322 "-" "Yandex/1.01.001 (compatible; Win16; I)"
216.129.119.43 - - [07/Jun/2010:20:35:40 +0200] "GET /robots.txt HTTP/1.1" 404 322 "-" "Mozilla/5.0 (Twiceler-0.9 http://www.cuil.com/twiceler/robot.html)"
67.195.113.224 - - [08/Jun/2010:00:23:08 +0200] "GET /robots.txt HTTP/1.0" 404 322 "-" "Mozilla/5.0 (compatible; Yahoo! Slurp; http://help.yahoo.com/help/us/ysearch/slurp)"
67.195.113.224 - - [08/Jun/2010:00:23:08 +0200] "GET /leistungen.htm HTTP/1.0" 404 326 "-" "Mozilla/5.0 (compatible; Yahoo! Slurp/3.0; http://help.yahoo.com/help/us/ysearch/slurp)"
135.196.106.146 - - [08/Jun/2010:03:22:20 +0200] "GET //phpScheduleIt/ HTTP/1.1" 404 319 "-" "Mozilla/4.0 (compatible; MSIE 6.0; Windows 98)"
135.196.106.146 - - [08/Jun/2010:03:22:20 +0200] "GET //phpScheduleIt/ HTTP/1.1" 404 319 "-" "Mozilla/4.0 (compatible; MSIE 6.0; Windows 98)"
135.196.106.146 - - [08/Jun/2010:03:22:21 +0200] "GET //phpScheduleIt/ HTTP/1.1" 404 319 "-" "Mozilla/4.0 (compatible; MSIE 6.0; Windows 98)"
135.196.106.146 - - [08/Jun/2010:03:22:21 +0200] "GET //phpScheduleIt/ HTTP/1.1" 404 319 "-" "Mozilla/4.0 (compatible; MSIE 6.0; Windows 98)"
135.196.106.146 - - [08/Jun/2010:03:22:21 +0200] "GET //phpScheduleIt/ HTTP/1.1" 404 319 "-" "Mozilla/4.0 (compatible; MSIE 6.0; Windows 98)"
135.196.106.146 - - [08/Jun/2010:03:22:21 +0200] "GET //phpScheduleIt/ HTTP/1.1" 404 319 "-" "Mozilla/4.0 (compatible; MSIE 6.0; Windows 98)"
135.196.106.146 - - [08/Jun/2010:03:22:21 +0200] "GET //phpScheduleIt/ HTTP/1.1" 404 319 "-" "Mozilla/4.0 (compatible; MSIE 6.0; Windows 98)"
135.196.106.146 - - [08/Jun/2010:03:22:21 +0200] "GET //phpscheduleit/ HTTP/1.1" 404 319 "-" "Mozilla/4.0 (compatible; MSIE 6.0; Windows 98)"
135.196.106.146 - - [08/Jun/2010:03:22:21 +0200] "GET //phpScheduleIt/ HTTP/1.1" 404 319 "-" "Mozilla/4.0 (compatible; MSIE 6.0; Windows 98)"
135.196.106.146 - - [08/Jun/2010:03:22:21 +0200] "GET //phpScheduleIt/ HTTP/1.1" 404 319 "-" "Mozilla/4.0 (compatible; MSIE 6.0; Windows 98)"
135.196.106.146 - - [08/Jun/2010:03:22:21 +0200] "GET //phpscheduleit/ HTTP/1.1" 404 319 "-" "Mozilla/4.0 (compatible; MSIE 6.0; Windows 98)"
135.196.106.146 - - [08/Jun/2010:03:22:22 +0200] "GET //phpScheduleIt/ HTTP/1.1" 404 319 "-" "Mozilla/4.0 (compatible; MSIE 6.0; Windows 98)"
135.196.106.146 - - [08/Jun/2010:03:22:22 +0200] "GET //phpScheduleIt/ HTTP/1.1" 404 319 "-" "Mozilla/4.0 (compatible; MSIE 6.0; Windows 98)"
135.196.106.146 - - [08/Jun/2010:03:22:22 +0200] "GET //phpscheduleit/ HTTP/1.1" 404 319 "-" "Mozilla/4.0 (compatible; MSIE 6.0; Windows 98)"
135.196.106.146 - - [08/Jun/2010:03:22:22 +0200] "GET //phpScheduleIt/ HTTP/1.1" 404 319 "-" "Mozilla/4.0 (compatible; MSIE 6.0; Windows 98)"
135.196.106.146 - - [08/Jun/2010:03:22:23 +0200] "GET //phpscheduleit/ HTTP/1.1" 404 319 "-" "Mozilla/4.0 (compatible; MSIE 6.0; Windows 98)"
135.196.106.146 - - [08/Jun/2010:03:22:23 +0200] "GET //phpscheduleit/ HTTP/1.1" 404 319 "-" "Mozilla/4.0 (compatible; MSIE 6.0; Windows 98)"
135.196.106.146 - - [08/Jun/2010:03:22:23 +0200] "GET //phpScheduleIt/ HTTP/1.1" 404 319 "-" "Mozilla/4.0 (compatible; MSIE 6.0; Windows 98)"
135.196.106.146 - - [08/Jun/2010:03:22:23 +0200] "GET //sched/ HTTP/1.1" 404 311 "-" "Mozilla/4.0 (compatible; MSIE 6.0; Windows 98)"
135.196.106.146 - - [08/Jun/2010:03:22:23 +0200] "GET //phpscheduleit/ HTTP/1.1" 404 319 "-" "Mozilla/4.0 (compatible; MSIE 6.0; Windows 98)"
