70.34.208.3 - - [01/Apr/2013:00:02:26 +0200] "GET /prefConf.htm HTTP/1.1" 404 317 "-" "Mozilla/4.0 (compatible; MSIE 5.01; Windows NT 5.0)"
78.46.109.71 - - [01/Apr/2013:01:53:25 +0200] "GET / HTTP/1.1" 200 1229 "-" "-"
199.16.185.5 - - [01/Apr/2013:02:11:15 +0200] "GET /prefConf.htm HTTP/1.1" 404 317 "-" "Mozilla/4.0 (compatible; MSIE 5.01; Windows NT 5.0)"
204.12.228.34 - - [01/Apr/2013:04:19:43 +0200] "GET /robots.txt HTTP/1.0" 404 320 "-" "Mozilla/5.0 (compatible; MJ12bot/v1.4.3; http://www.majestic12.co.uk/bot.php?+)"
204.12.228.34 - - [01/Apr/2013:04:19:45 +0200] "GET /Heizoel-Berlin.htm HTTP/1.0" 404 328 "-" "Mozilla/5.0 (compatible; MJ12bot/v1.4.3; http://www.majestic12.co.uk/bot.php?+)"
204.12.228.34 - - [01/Apr/2013:04:19:47 +0200] "GET /seiten/datenschutz.php HTTP/1.0" 404 332 "-" "Mozilla/5.0 (compatible; MJ12bot/v1.4.3; http://www.majestic12.co.uk/bot.php?+)"
204.12.228.34 - - [01/Apr/2013:04:19:49 +0200] "GET /seiten/kontakt.php HTTP/1.0" 404 328 "-" "Mozilla/5.0 (compatible; MJ12bot/v1.4.3; http://www.majestic12.co.uk/bot.php?+)"
204.12.228.34 - - [01/Apr/2013:04:19:51 +0200] "GET /seiten/produkte_hzoel.php HTTP/1.0" 404 335 "-" "Mozilla/5.0 (compatible; MJ12bot/v1.4.3; http://www.majestic12.co.uk/bot.php?+)"
141.8.147.12 - - [01/Apr/2013:06:57:08 +0200] "GET /robots.txt HTTP/1.1" 404 328 "-" "Mozilla/5.0 (compatible; YandexBot/3.0; +http://yandex.com/bots)"
157.56.93.206 - - [01/Apr/2013:07:02:41 +0200] "GET /robots.txt HTTP/1.1" 404 320 "-" "Mozilla/5.0 (compatible; bingbot/2.0; +http://www.bing.com/bingbot.htm)"
157.56.93.206 - - [01/Apr/2013:07:04:37 +0200] "GET /seiten/optiplus_detail.php?det=lager HTTP/1.1" 404 336 "-" "Mozilla/5.0 (compatible; bingbot/2.0; +http://www.bing.com/bingbot.htm)"
199.59.80.148 - - [01/Apr/2013:07:38:30 +0200] "GET /prefConf.htm HTTP/1.1" 404 317 "-" "Mozilla/4.0 (compatible; MSIE 5.01; Windows NT 5.0)"
157.55.32.101 - - [01/Apr/2013:09:25:41 +0200] "GET /robots.txt HTTP/1.1" 404 320 "-" "Mozilla/5.0 (compatible; bingbot/2.0; +http://www.bing.com/bingbot.htm)"
157.55.32.101 - - [01/Apr/2013:09:27:38 +0200] "GET / HTTP/1.1" 200 1229 "-" "Mozilla/5.0 (compatible; bingbot/2.0; +http://www.bing.com/bingbot.htm)"
141.8.147.12 - - [01/Apr/2013:09:31:27 +0200] "GET / HTTP/1.1" 200 1229 "-" "Mozilla/5.0 (compatible; YandexBot/3.0; +http://yandex.com/bots)"
178.255.215.64 - - [01/Apr/2013:10:37:07 +0200] "GET /robots.txt HTTP/1.1" 404 322 "-" "Mozilla/5.0 (compatible; Exabot/3.0; +http://www.exabot.com/go/robot)"
178.255.215.64 - - [01/Apr/2013:10:37:08 +0200] "GET / HTTP/1.1" 304 - "-" "Mozilla/5.0 (compatible; Exabot/3.0; +http://www.exabot.com/go/robot)"
198.20.69.74 - - [01/Apr/2013:10:48:02 +0200] "GET / HTTP/1.1" 200 1229 "-" "-"
198.20.69.74 - - [01/Apr/2013:10:48:02 +0200] "GET /robots.txt HTTP/1.1" 404 315 "-" "-"
108.237.42.170 - - [01/Apr/2013:12:18:49 +0200] "GET /prefConf.htm HTTP/1.1" 404 317 "-" "Mozilla/4.0 (compatible; MSIE 5.01; Windows NT 5.0)"
66.249.76.80 - - [01/Apr/2013:12:36:21 +0200] "GET /robots.txt HTTP/1.1" 404 320 "-" "Mozilla/5.0 (compatible; Googlebot/2.1; +http://www.google.com/bot.html)"
66.249.76.80 - - [01/Apr/2013:12:36:22 +0200] "GET /seiten/optiplus_detail.php?det=korr HTTP/1.1" 404 336 "-" "Mozilla/5.0 (compatible; Googlebot/2.1; +http://www.google.com/bot.html)"
88.214.193.210 - - [01/Apr/2013:14:03:32 +0200] "GET / HTTP/1.0" 200 1229 "-" "Mozilla/5.0 (Windows; U; Windows NT 5.1; en-US; rv:1.7.10) Gecko/20050716 Firefox/1.0.6"
88.214.193.210 - - [01/Apr/2013:14:03:40 +0200] "GET / HTTP/1.0" 200 1229 "-" "Mozilla/5.0 (Windows; U; Windows NT 5.1; en-US; rv:1.7.10) Gecko/20050716 Firefox/1.0.6"
50.193.155.75 - - [01/Apr/2013:14:14:18 +0200] "GET /prefConf.htm HTTP/1.1" 404 317 "-" "Mozilla/4.0 (compatible; MSIE 5.01; Windows NT 5.0)"
198.20.70.114 - - [01/Apr/2013:14:35:32 +0200] "GET / HTTP/1.1" 200 1229 "-" "-"
198.20.70.114 - - [01/Apr/2013:14:35:32 +0200] "GET /robots.txt HTTP/1.1" 404 315 "-" "-"
199.193.118.184 - - [01/Apr/2013:14:45:24 +0200] "GET /prefConf.htm HTTP/1.1" 404 317 "-" "Mozilla/4.0 (compatible; MSIE 5.01; Windows NT 5.0)"
94.102.51.246 - - [01/Apr/2013:15:11:48 +0200] "GET http://24x7-allrequestsallowed.com/?PHPSESSID=7jy745aa00143SSQJ_W_EFBF%5CD HTTP/1.1" 200 1229 "-" "Mozilla/5.0 (Windows NT 6.1; rv:16.0) Gecko/20100101 Firefox/16.0"
94.142.155.123 - - [01/Apr/2013:16:49:38 +0200] "GET / HTTP/1.1" 200 1229 "-" "-"
94.142.155.123 - - [01/Apr/2013:16:49:38 +0200] "GET /robots.txt HTTP/1.1" 404 315 "-" "-"
144.76.43.110 - - [01/Apr/2013:17:10:32 +0200] "GET / HTTP/1.1" 200 1229 "-" "Mozilla/4.0 (compatible; MSIE 5.01; Windows NT 5.0)"
66.249.76.129 - - [01/Apr/2013:17:30:06 +0200] "GET /robots.txt HTTP/1.1" 404 315 "-" "Mozilla/5.0 (compatible; Googlebot/2.1; +http://www.google.com/bot.html)"
66.249.76.129 - - [01/Apr/2013:17:30:06 +0200] "GET / HTTP/1.1" 200 1229 "-" "Mozilla/5.0 (compatible; Googlebot/2.1; +http://www.google.com/bot.html)"
157.55.32.101 - - [01/Apr/2013:18:10:10 +0200] "GET /robots.txt HTTP/1.1" 404 320 "-" "Mozilla/5.0 (compatible; bingbot/2.0; +http://www.bing.com/bingbot.htm)"
157.55.32.101 - - [01/Apr/2013:18:11:45 +0200] "GET / HTTP/1.1" 200 1229 "-" "Mozilla/5.0 (compatible; bingbot/2.0; +http://www.bing.com/bingbot.htm)"
66.178.167.94 - - [01/Apr/2013:19:27:09 +0200] "GET /prefConf.htm HTTP/1.1" 404 317 "-" "Mozilla/4.0 (compatible; MSIE 5.01; Windows NT 5.0)"
114.113.226.15 - - [01/Apr/2013:22:25:09 +0200] "GET /webdav/ HTTP/1.0" 404 308 "-" "-"
114.113.226.15 - - [01/Apr/2013:22:25:44 +0200] "GET /webdav/ HTTP/1.0" 404 308 "-" "-"
114.113.226.15 - - [01/Apr/2013:22:26:18 +0200] "GET /webdav/ HTTP/1.0" 404 308 "-" "-"
114.113.226.15 - - [01/Apr/2013:22:26:55 +0200] "GET /webdav/ HTTP/1.0" 404 308 "-" "-"
114.113.226.15 - - [01/Apr/2013:22:29:17 +0200] "GET /webdav/ HTTP/1.0" 404 308 "-" "-"
114.113.226.15 - - [01/Apr/2013:22:29:54 +0200] "GET /webdav/ HTTP/1.0" 404 308 "-" "-"
157.56.93.206 - - [02/Apr/2013:03:00:33 +0200] "GET /robots.txt HTTP/1.1" 404 320 "-" "Mozilla/5.0 (compatible; bingbot/2.0; +http://www.bing.com/bingbot.htm)"
141.8.147.12 - - [02/Apr/2013:03:14:45 +0200] "GET /robots.txt HTTP/1.1" 404 333 "-" "Mozilla/5.0 (compatible; YandexBot/3.0; +http://yandex.com/bots)"
141.8.147.12 - - [02/Apr/2013:05:17:00 +0200] "GET / HTTP/1.1" 200 1229 "-" "Mozilla/5.0 (compatible; YandexBot/3.0; +http://yandex.com/bots)"
198.20.69.74 - - [02/Apr/2013:05:58:28 +0200] "GET / HTTP/1.1" 200 1229 "-" "-"
198.20.69.74 - - [02/Apr/2013:05:58:28 +0200] "GET /robots.txt HTTP/1.1" 404 315 "-" "-"
209.190.1.133 - - [02/Apr/2013:06:21:49 +0200] "GET / HTTP/1.1" 200 1229 "-" "Mozilla/5.0 (compatible; MSIE 8.0; Windows NT 5.1) KomodiaBot/1.0"
198.20.70.114 - - [02/Apr/2013:07:06:52 +0200] "GET / HTTP/1.1" 200 1229 "-" "-"
198.20.70.114 - - [02/Apr/2013:07:06:52 +0200] "GET /robots.txt HTTP/1.1" 404 315 "-" "-"
209.190.1.133 - - [02/Apr/2013:11:01:51 +0200] "GET / HTTP/1.1" 200 1229 "-" "Mozilla/5.0 (compatible; MSIE 8.0; Windows NT 5.1) KomodiaBot/1.0"
157.56.93.217 - - [02/Apr/2013:13:17:13 +0200] "GET /robots.txt HTTP/1.1" 404 320 "-" "Mozilla/5.0 (compatible; bingbot/2.0; +http://www.bing.com/bingbot.htm)"
157.56.93.217 - - [02/Apr/2013:13:35:18 +0200] "GET / HTTP/1.1" 200 1229 "-" "Mozilla/5.0 (compatible; bingbot/2.0; +http://www.bing.com/bingbot.htm)"
178.77.126.55 - - [02/Apr/2013:14:08:54 +0200] "GET /robots.txt HTTP/1.1" 404 320 "-" "Mozilla/5.0 (compatible; CareerBot/1.1; +http://www.career-x.de/bot.html)"
178.77.126.55 - - [02/Apr/2013:14:08:55 +0200] "GET / HTTP/1.1" 200 1229 "-" "Mozilla/5.0 (compatible; CareerBot/1.1; +http://www.career-x.de/bot.html)"
94.102.51.246 - - [02/Apr/2013:14:09:18 +0200] "GET http://24x7-allrequestsallowed.com/?PHPSESSID=7jy745aa00143SSQJ_W_EFBF%5CO HTTP/1.1" 200 1229 "-" "Mozilla/5.0 (Windows NT 6.1; rv:16.0) Gecko/20100101 Firefox/16.0"
198.20.69.74 - - [02/Apr/2013:15:12:04 +0200] "GET / HTTP/1.1" 200 1229 "-" "-"
198.20.69.74 - - [02/Apr/2013:15:12:04 +0200] "GET /robots.txt HTTP/1.1" 404 315 "-" "-"
78.52.234.173 - - [02/Apr/2013:17:11:21 +0200] "GET / HTTP/1.1" 200 1229 "http://www.google.com/url?sa=D&q=http://www.mink-berlin.de/&usg=AFQjCNFhUjdv7QSjudy700sLwn-lGJ-Aww" "Mozilla/5.0 (Macintosh; Intel Mac OS X 10_6_8) AppleWebKit/537.31 (KHTML, like Gecko) Chrome/26.0.1410.43 Safari/537.31"
78.52.234.173 - - [02/Apr/2013:17:11:21 +0200] "GET /favicon.ico HTTP/1.1" 404 321 "-" "Mozilla/5.0 (Macintosh; Intel Mac OS X 10_6_8) AppleWebKit/537.31 (KHTML, like Gecko) Chrome/26.0.1410.43 Safari/537.31"
198.20.69.74 - - [02/Apr/2013:17:52:24 +0200] "GET / HTTP/1.1" 200 1229 "-" "-"
198.20.69.74 - - [02/Apr/2013:17:52:24 +0200] "GET /robots.txt HTTP/1.1" 404 315 "-" "-"
198.20.69.74 - - [02/Apr/2013:18:36:28 +0200] "GET / HTTP/1.1" 200 1229 "-" "-"
198.20.69.74 - - [02/Apr/2013:18:36:29 +0200] "GET /robots.txt HTTP/1.1" 404 315 "-" "-"
141.8.147.12 - - [02/Apr/2013:21:43:12 +0200] "GET /robots.txt HTTP/1.1" 404 320 "-" "Mozilla/5.0 (compatible; YandexBot/3.0; +http://yandex.com/bots)"
157.56.93.217 - - [02/Apr/2013:22:01:22 +0200] "GET /robots.txt HTTP/1.1" 404 320 "-" "Mozilla/5.0 (compatible; bingbot/2.0; +http://www.bing.com/bingbot.htm)"
157.56.93.217 - - [02/Apr/2013:22:06:20 +0200] "GET / HTTP/1.1" 200 1229 "-" "Mozilla/5.0 (compatible; bingbot/2.0; +http://www.bing.com/bingbot.htm)"
198.20.69.74 - - [02/Apr/2013:22:48:12 +0200] "GET / HTTP/1.1" 200 1229 "-" "-"
198.20.69.74 - - [02/Apr/2013:22:48:12 +0200] "GET /robots.txt HTTP/1.1" 404 315 "-" "-"
97.78.176.82 - - [03/Apr/2013:00:18:47 +0200] "GET /prefConf.htm HTTP/1.1" 404 317 "-" "Mozilla/4.0 (compatible; MSIE 5.01; Windows NT 5.0)"
199.193.118.184 - - [03/Apr/2013:00:55:17 +0200] "GET /prefConf.htm HTTP/1.1" 404 317 "-" "Mozilla/4.0 (compatible; MSIE 5.01; Windows NT 5.0)"
66.178.167.94 - - [03/Apr/2013:01:02:14 +0200] "GET /prefConf.htm HTTP/1.1" 404 317 "-" "Mozilla/4.0 (compatible; MSIE 5.01; Windows NT 5.0)"
66.228.42.170 - - [03/Apr/2013:01:25:42 +0200] "GET / HTTP/1.0" 200 1229 "http://www.sitedossier.com/site/www.mink-berlin.de" "-"
141.8.147.12 - - [03/Apr/2013:02:18:44 +0200] "GET / HTTP/1.1" 200 1229 "-" "Mozilla/5.0 (compatible; YandexBot/3.0; +http://yandex.com/bots)"
194.153.113.7 - - [03/Apr/2013:03:14:58 +0200] "HEAD / HTTP/1.1" 200 - "-" "Mozilla/5.0 (compatible; oBot/2.3.1; +http://filterdb.iss.net/crawler/)"
198.20.69.74 - - [03/Apr/2013:03:29:39 +0200] "GET / HTTP/1.1" 200 1229 "-" "-"
198.20.69.74 - - [03/Apr/2013:03:29:39 +0200] "GET /robots.txt HTTP/1.1" 404 315 "-" "-"
141.8.147.12 - - [03/Apr/2013:05:38:54 +0200] "GET /robots.txt HTTP/1.1" 404 337 "-" "Mozilla/5.0 (compatible; YandexBot/3.0; +http://yandex.com/bots)"
64.15.129.182 - - [03/Apr/2013:06:27:26 +0200] "HEAD / HTTP/1.0" 200 - "-" "-"
64.15.129.182 - - [03/Apr/2013:06:27:26 +0200] "HEAD / HTTP/1.0" 200 - "-" "-"
64.15.129.182 - - [03/Apr/2013:06:27:26 +0200] "HEAD / HTTP/1.0" 200 - "-" "-"
64.15.129.182 - - [03/Apr/2013:06:27:26 +0200] "HEAD / HTTP/1.0" 200 - "-" "-"
64.15.129.182 - - [03/Apr/2013:06:27:26 +0200] "HEAD / HTTP/1.0" 200 - "-" "-"
64.15.129.182 - - [03/Apr/2013:06:27:26 +0200] "HEAD / HTTP/1.0" 200 - "-" "-"
64.15.129.182 - - [03/Apr/2013:06:27:26 +0200] "HEAD / HTTP/1.0" 200 - "-" "-"
64.15.129.182 - - [03/Apr/2013:06:27:26 +0200] "HEAD / HTTP/1.0" 200 - "-" "-"
64.15.129.182 - - [03/Apr/2013:06:27:26 +0200] "HEAD / HTTP/1.0" 200 - "-" "-"
64.15.129.182 - - [03/Apr/2013:06:27:26 +0200] "HEAD / HTTP/1.0" 200 - "-" "-"
5.9.112.68 - - [03/Apr/2013:08:08:50 +0200] "GET /robots.txt HTTP/1.1" 404 333 "-" "Mozilla/5.0 (compatible; SISTRIX Crawler; http://crawler.sistrix.net/)"
5.9.112.68 - - [03/Apr/2013:08:08:50 +0200] "GET / HTTP/1.1" 200 1229 "-" "Mozilla/5.0 (compatible; SISTRIX Crawler; http://crawler.sistrix.net/)"
182.18.172.156 - - [03/Apr/2013:08:16:43 +0200] "HEAD / HTTP/1.0" 200 - "-" "-"
182.18.172.156 - - [03/Apr/2013:08:16:43 +0200] "HEAD / HTTP/1.0" 200 - "-" "-"
182.18.172.156 - - [03/Apr/2013:08:16:43 +0200] "HEAD / HTTP/1.0" 200 - "-" "-"
182.18.172.156 - - [03/Apr/2013:08:16:43 +0200] "HEAD / HTTP/1.0" 200 - "-" "-"
182.18.172.156 - - [03/Apr/2013:08:16:43 +0200] "HEAD / HTTP/1.0" 200 - "-" "-"
182.18.172.156 - - [03/Apr/2013:08:16:43 +0200] "HEAD / HTTP/1.0" 200 - "-" "-"
182.18.172.156 - - [03/Apr/2013:08:16:43 +0200] "HEAD / HTTP/1.0" 200 - "-" "-"
182.18.172.156 - - [03/Apr/2013:08:16:43 +0200] "HEAD / HTTP/1.0" 200 - "-" "-"
182.18.172.156 - - [03/Apr/2013:08:16:43 +0200] "HEAD / HTTP/1.0" 200 - "-" "-"
182.18.172.156 - - [03/Apr/2013:08:16:43 +0200] "HEAD / HTTP/1.0" 200 - "-" "-"
178.255.215.64 - - [03/Apr/2013:09:53:55 +0200] "GET /robots.txt HTTP/1.1" 404 322 "-" "Mozilla/5.0 (compatible; Exabot/3.0; +http://www.exabot.com/go/robot)"
178.255.215.64 - - [03/Apr/2013:09:53:55 +0200] "GET / HTTP/1.1" 304 - "-" "Mozilla/5.0 (compatible; Exabot/3.0; +http://www.exabot.com/go/robot)"
141.8.147.12 - - [03/Apr/2013:10:25:29 +0200] "GET /robots.txt HTTP/1.1" 404 322 "-" "Mozilla/5.0 (compatible; YandexBot/3.0; +http://yandex.com/bots)"
194.153.113.7 - - [03/Apr/2013:10:33:02 +0200] "HEAD / HTTP/1.1" 200 - "-" "Mozilla/5.0 (compatible; oBot/2.3.1; +http://filterdb.iss.net/crawler/)"
141.8.147.12 - - [03/Apr/2013:13:35:39 +0200] "GET / HTTP/1.1" 200 1229 "-" "Mozilla/5.0 (compatible; YandexBot/3.0; +http://yandex.com/bots)"
141.8.147.12 - - [03/Apr/2013:14:02:31 +0200] "GET / HTTP/1.1" 200 1229 "-" "Mozilla/5.0 (compatible; YandexBot/3.0; +http://yandex.com/bots)"
173.199.114.171 - - [03/Apr/2013:15:04:00 +0200] "GET / HTTP/1.1" 200 1229 "-" "Mozilla/5.0 (compatible; AhrefsBot/4.0; +http://ahrefs.com/robot/)"
157.55.32.104 - - [03/Apr/2013:17:29:41 +0200] "GET /robots.txt HTTP/1.1" 404 320 "-" "Mozilla/5.0 (compatible; bingbot/2.0; +http://www.bing.com/bingbot.htm)"
157.55.32.104 - - [03/Apr/2013:17:34:55 +0200] "GET / HTTP/1.1" 200 1229 "-" "Mozilla/5.0 (compatible; bingbot/2.0; +http://www.bing.com/bingbot.htm)"
157.55.32.75 - - [03/Apr/2013:19:01:24 +0200] "GET /robots.txt HTTP/1.1" 404 333 "-" "Mozilla/5.0 (compatible; bingbot/2.0; +http://www.bing.com/bingbot.htm)"
157.55.32.75 - - [03/Apr/2013:19:03:02 +0200] "GET / HTTP/1.1" 304 - "-" "Mozilla/5.0 (compatible; bingbot/2.0; +http://www.bing.com/bingbot.htm)"
141.8.147.12 - - [03/Apr/2013:20:17:27 +0200] "GET /robots.txt HTTP/1.1" 404 320 "-" "Mozilla/5.0 (compatible; YandexBot/3.0; +http://yandex.com/bots)"
83.233.55.200 - - [03/Apr/2013:20:46:36 +0200] "GET /manager/html HTTP/1.1" 404 313 "-" "Mozilla/4.0 (compatible; MSIE 7.0; Windows NT 5.2;)"
83.233.55.200 - - [03/Apr/2013:20:46:36 +0200] "GET /manager/html HTTP/1.1" 404 313 "-" "Mozilla/4.0 (compatible; MSIE 7.0; Windows NT 5.2;)"
83.233.55.200 - - [03/Apr/2013:20:46:36 +0200] "GET /manager/html HTTP/1.1" 404 313 "-" "Mozilla/4.0 (compatible; MSIE 7.0; Windows NT 5.2;)"
83.233.55.200 - - [03/Apr/2013:20:46:36 +0200] "GET /manager/html HTTP/1.1" 404 313 "-" "Mozilla/4.0 (compatible; MSIE 7.0; Windows NT 5.2;)"
83.233.55.200 - - [03/Apr/2013:20:46:36 +0200] "GET /manager/html HTTP/1.1" 404 313 "-" "Mozilla/4.0 (compatible; MSIE 7.0; Windows NT 5.2;)"
83.233.55.200 - - [03/Apr/2013:20:46:36 +0200] "GET /manager/html HTTP/1.1" 404 313 "-" "Mozilla/4.0 (compatible; MSIE 7.0; Windows NT 5.2;)"
83.233.55.200 - - [03/Apr/2013:20:46:36 +0200] "GET /manager/html HTTP/1.1" 404 313 "-" "Mozilla/4.0 (compatible; MSIE 7.0; Windows NT 5.2;)"
83.233.55.200 - - [03/Apr/2013:20:46:36 +0200] "GET /manager/html HTTP/1.1" 404 313 "-" "Mozilla/4.0 (compatible; MSIE 7.0; Windows NT 5.2;)"
83.233.55.200 - - [03/Apr/2013:20:46:36 +0200] "GET /manager/html HTTP/1.1" 404 313 "-" "Mozilla/4.0 (compatible; MSIE 7.0; Windows NT 5.2;)"
83.233.55.200 - - [03/Apr/2013:20:46:36 +0200] "GET /manager/html HTTP/1.1" 404 313 "-" "Mozilla/4.0 (compatible; MSIE 7.0; Windows NT 5.2;)"
141.8.147.12 - - [03/Apr/2013:20:53:13 +0200] "GET /robots.txt HTTP/1.1" 404 337 "-" "Mozilla/5.0 (compatible; YandexBot/3.0; +http://yandex.com/bots)"
178.32.144.57 - - [03/Apr/2013:21:25:39 +0200] "GET http://www.google.com/ HTTP/1.0" 200 1229 "-" "Mozilla/4.0 (compatible; MSIE 6.0; Windows NT 5.1)"
178.32.144.57 - - [03/Apr/2013:21:25:39 +0200] "GET http://www.google.com/ HTTP/1.0" 200 1229 "-" "Mozilla/4.0 (compatible; MSIE 6.0; Windows NT 5.1)"
178.32.144.57 - - [03/Apr/2013:21:25:39 +0200] "GET http://www.google.com/ HTTP/1.0" 200 1229 "-" "Mozilla/4.0 (compatible; MSIE 6.0; Windows NT 5.1)"
178.32.144.57 - - [03/Apr/2013:21:25:41 +0200] "GET http://www.google.com/ HTTP/1.0" 200 1229 "-" "Mozilla/4.0 (compatible; MSIE 6.0; Windows NT 5.1)"
178.32.144.57 - - [03/Apr/2013:21:25:41 +0200] "GET http://www.google.com/ HTTP/1.0" 200 1229 "-" "Mozilla/4.0 (compatible; MSIE 6.0; Windows NT 5.1)"
178.32.144.57 - - [03/Apr/2013:21:25:41 +0200] "GET http://www.google.com/ HTTP/1.0" 200 1229 "-" "Mozilla/4.0 (compatible; MSIE 6.0; Windows NT 5.1)"
178.32.144.57 - - [03/Apr/2013:21:25:42 +0200] "GET http://www.google.com/ HTTP/1.0" 200 1229 "-" "Mozilla/4.0 (compatible; MSIE 6.0; Windows NT 5.1)"
178.32.144.57 - - [03/Apr/2013:21:25:43 +0200] "GET http://www.google.com/ HTTP/1.0" 200 1229 "-" "Mozilla/4.0 (compatible; MSIE 6.0; Windows NT 5.1)"
178.32.144.57 - - [03/Apr/2013:21:25:44 +0200] "GET http://www.google.com/ HTTP/1.0" 200 1229 "-" "Mozilla/4.0 (compatible; MSIE 6.0; Windows NT 5.1)"
178.32.144.57 - - [03/Apr/2013:21:25:45 +0200] "GET http://www.google.com/ HTTP/1.0" 200 1229 "-" "Mozilla/4.0 (compatible; MSIE 6.0; Windows NT 5.1)"
198.20.69.74 - - [03/Apr/2013:21:32:06 +0200] "GET / HTTP/1.1" 200 1229 "-" "-"
198.20.69.74 - - [03/Apr/2013:21:32:06 +0200] "GET /robots.txt HTTP/1.1" 404 315 "-" "-"
141.8.147.12 - - [03/Apr/2013:22:25:54 +0200] "GET /robots.txt HTTP/1.1" 404 322 "-" "Mozilla/5.0 (compatible; YandexBot/3.0; +http://yandex.com/bots)"
141.8.147.12 - - [03/Apr/2013:22:25:58 +0200] "GET / HTTP/1.1" 200 1229 "-" "Mozilla/5.0 (compatible; YandexBot/3.0; MirrorDetector; +http://yandex.com/bots)"
141.8.147.12 - - [03/Apr/2013:22:26:21 +0200] "GET / HTTP/1.1" 200 1229 "-" "Mozilla/5.0 (compatible; YandexBot/3.0; +http://yandex.com/bots)"
141.8.147.12 - - [03/Apr/2013:22:26:31 +0200] "GET / HTTP/1.1" 200 1229 "-" "Mozilla/5.0 (compatible; YandexBot/3.0; MirrorDetector; +http://yandex.com/bots)"
141.8.147.12 - - [03/Apr/2013:22:26:32 +0200] "GET / HTTP/1.1" 200 1229 "-" "Mozilla/5.0 (compatible; YandexBot/3.0; +http://yandex.com/bots)"
141.8.147.12 - - [03/Apr/2013:22:27:09 +0200] "GET /robots.txt HTTP/1.1" 404 328 "-" "Mozilla/5.0 (compatible; YandexBot/3.0; +http://yandex.com/bots)"
141.8.147.12 - - [03/Apr/2013:22:27:09 +0200] "GET / HTTP/1.1" 200 1229 "-" "Mozilla/5.0 (compatible; YandexBot/3.0; MirrorDetector; +http://yandex.com/bots)"
141.8.147.12 - - [03/Apr/2013:22:27:11 +0200] "GET /robots.txt HTTP/1.1" 404 333 "-" "Mozilla/5.0 (compatible; YandexBot/3.0; +http://yandex.com/bots)"
141.8.147.12 - - [03/Apr/2013:22:27:11 +0200] "GET / HTTP/1.1" 200 1229 "-" "Mozilla/5.0 (compatible; YandexBot/3.0; MirrorDetector; +http://yandex.com/bots)"
141.8.147.12 - - [03/Apr/2013:22:27:13 +0200] "GET /robots.txt HTTP/1.1" 404 327 "-" "Mozilla/5.0 (compatible; YandexBot/3.0; +http://yandex.com/bots)"
141.8.147.12 - - [03/Apr/2013:22:27:13 +0200] "GET / HTTP/1.1" 200 1229 "-" "Mozilla/5.0 (compatible; YandexBot/3.0; MirrorDetector; +http://yandex.com/bots)"
141.8.147.12 - - [03/Apr/2013:22:27:15 +0200] "GET / HTTP/1.1" 200 1229 "-" "Mozilla/5.0 (compatible; YandexBot/3.0; MirrorDetector; +http://yandex.com/bots)"
141.8.147.12 - - [03/Apr/2013:22:27:39 +0200] "GET / HTTP/1.1" 200 1229 "-" "Mozilla/5.0 (compatible; YandexBot/3.0; MirrorDetector; +http://yandex.com/bots)"
141.8.147.12 - - [03/Apr/2013:22:27:42 +0200] "GET / HTTP/1.1" 200 1229 "-" "Mozilla/5.0 (compatible; YandexBot/3.0; MirrorDetector; +http://yandex.com/bots)"
141.8.147.12 - - [03/Apr/2013:22:27:44 +0200] "GET / HTTP/1.1" 200 1229 "-" "Mozilla/5.0 (compatible; YandexBot/3.0; MirrorDetector; +http://yandex.com/bots)"
141.8.147.12 - - [03/Apr/2013:22:27:47 +0200] "GET / HTTP/1.1" 200 1229 "-" "Mozilla/5.0 (compatible; YandexBot/3.0; MirrorDetector; +http://yandex.com/bots)"
141.8.147.12 - - [03/Apr/2013:22:28:30 +0200] "GET / HTTP/1.1" 200 1229 "-" "Mozilla/5.0 (compatible; YandexBot/3.0; MirrorDetector; +http://yandex.com/bots)"
141.8.147.12 - - [03/Apr/2013:22:28:39 +0200] "GET / HTTP/1.1" 200 1229 "-" "Mozilla/5.0 (compatible; YandexBot/3.0; MirrorDetector; +http://yandex.com/bots)"
46.118.158.87 - - [04/Apr/2013:00:34:47 +0200] "GET /robots.txt HTTP/1.0" 404 320 "-" "Mozilla/5.0 (compatible; MJ12bot/v1.4.3; http://www.majestic12.co.uk/bot.php?+)"
46.118.158.87 - - [04/Apr/2013:00:34:49 +0200] "GET / HTTP/1.1" 200 1229 "-" "Mozilla/5.0 (compatible; MJ12bot/v1.4.3; http://www.majestic12.co.uk/bot.php?+)"
78.30.200.81 - - [04/Apr/2013:00:34:50 +0200] "GET /robots.txt HTTP/1.0" 404 320 "-" "Mozilla/5.0 (compatible; MJ12bot/v1.4.3; http://www.majestic12.co.uk/bot.php?+)"
78.30.200.81 - - [04/Apr/2013:00:34:51 +0200] "GET / HTTP/1.0" 200 1229 "-" "Mozilla/5.0 (compatible; MJ12bot/v1.4.3; http://www.majestic12.co.uk/bot.php?+)"
78.30.200.81 - - [04/Apr/2013:01:35:10 +0200] "GET /robots.txt HTTP/1.0" 404 320 "-" "Mozilla/5.0 (compatible; MJ12bot/v1.4.3; http://www.majestic12.co.uk/bot.php?+)"
78.30.200.81 - - [04/Apr/2013:01:35:11 +0200] "GET / HTTP/1.0" 200 1229 "-" "Mozilla/5.0 (compatible; MJ12bot/v1.4.3; http://www.majestic12.co.uk/bot.php?+)"
94.23.42.135 - - [04/Apr/2013:01:37:13 +0200] "GET /robots.txt HTTP/1.0" 404 320 "-" "Mozilla/5.0 (compatible; MJ12bot/v1.4.3; http://www.majestic12.co.uk/bot.php?+)"
94.23.42.135 - - [04/Apr/2013:01:37:18 +0200] "GET / HTTP/1.0" 200 1229 "-" "Mozilla/5.0 (compatible; MJ12bot/v1.4.3; http://www.majestic12.co.uk/bot.php?+)"
5.9.7.208 - - [04/Apr/2013:03:26:18 +0200] "GET /robots.txt HTTP/1.0" 404 320 "-" "Mozilla/5.0 (compatible; MJ12bot/v1.4.3; http://www.majestic12.co.uk/bot.php?+)"
5.9.7.208 - - [04/Apr/2013:03:26:26 +0200] "GET / HTTP/1.0" 200 1229 "-" "Mozilla/5.0 (compatible; MJ12bot/v1.4.3; http://www.majestic12.co.uk/bot.php?+)"
5.9.7.208 - - [04/Apr/2013:04:09:25 +0200] "GET /robots.txt HTTP/1.0" 404 320 "-" "Mozilla/5.0 (compatible; MJ12bot/v1.4.3; http://www.majestic12.co.uk/bot.php?+)"
5.9.7.208 - - [04/Apr/2013:04:10:10 +0200] "GET / HTTP/1.0" 200 1229 "-" "Mozilla/5.0 (compatible; MJ12bot/v1.4.3; http://www.majestic12.co.uk/bot.php?+)"
84.202.95.43 - - [04/Apr/2013:04:37:00 +0200] "GET /robots.txt HTTP/1.0" 404 320 "-" "Mozilla/5.0 (compatible; MJ12bot/v1.4.3; http://www.majestic12.co.uk/bot.php?+)"
84.202.95.43 - - [04/Apr/2013:04:37:02 +0200] "GET / HTTP/1.0" 200 1229 "-" "Mozilla/5.0 (compatible; MJ12bot/v1.4.3; http://www.majestic12.co.uk/bot.php?+)"
94.23.45.14 - - [04/Apr/2013:07:01:07 +0200] "HEAD / HTTP/1.0" 200 - "-" "-"
5.9.107.48 - - [04/Apr/2013:08:22:51 +0200] "GET /robots.txt HTTP/1.0" 404 320 "-" "Mozilla/5.0 (compatible; MJ12bot/v1.4.3; http://www.majestic12.co.uk/bot.php?+)"
5.9.107.48 - - [04/Apr/2013:08:22:52 +0200] "GET / HTTP/1.0" 200 1229 "-" "Mozilla/5.0 (compatible; MJ12bot/v1.4.3; http://www.majestic12.co.uk/bot.php?+)"
69.30.238.26 - - [04/Apr/2013:08:53:56 +0200] "GET /robots.txt HTTP/1.0" 404 320 "-" "Mozilla/5.0 (compatible; MJ12bot/v1.4.3; http://www.majestic12.co.uk/bot.php?+)"
69.30.238.26 - - [04/Apr/2013:08:53:59 +0200] "GET / HTTP/1.0" 200 1229 "-" "Mozilla/5.0 (compatible; MJ12bot/v1.4.3; http://www.majestic12.co.uk/bot.php?+)"
69.30.242.234 - - [04/Apr/2013:09:06:18 +0200] "GET /robots.txt HTTP/1.0" 404 320 "-" "Mozilla/5.0 (compatible; MJ12bot/v1.4.3; http://www.majestic12.co.uk/bot.php?+)"
69.30.242.234 - - [04/Apr/2013:09:06:19 +0200] "GET / HTTP/1.0" 200 1229 "-" "Mozilla/5.0 (compatible; MJ12bot/v1.4.3; http://www.majestic12.co.uk/bot.php?+)"
198.20.69.74 - - [04/Apr/2013:10:06:53 +0200] "GET / HTTP/1.1" 200 1229 "-" "-"
198.20.69.74 - - [04/Apr/2013:10:06:53 +0200] "GET /robots.txt HTTP/1.1" 404 315 "-" "-"
157.55.32.104 - - [04/Apr/2013:11:16:04 +0200] "GET /robots.txt HTTP/1.1" 404 320 "-" "Mozilla/5.0 (compatible; bingbot/2.0; +http://www.bing.com/bingbot.htm)"
157.55.32.104 - - [04/Apr/2013:11:19:21 +0200] "GET / HTTP/1.1" 200 1229 "-" "Mozilla/5.0 (compatible; bingbot/2.0; +http://www.bing.com/bingbot.htm)"
64.246.178.34 - - [04/Apr/2013:13:19:03 +0200] "GET /robots.txt HTTP/1.0" 404 328 "-" "Mozilla/5.0 (Windows; U; Windows NT 5.1; en; rv:1.9.0.13) Gecko/2009073022 Firefox/3.5.2 (.NET CLR 3.5.30729) SurveyBot/2.3 (DomainTools)"
64.246.178.34 - - [04/Apr/2013:13:19:03 +0200] "GET / HTTP/1.1" 200 1229 "http://whois.domaintools.com/aufzugs-hebetechnik.de" "Mozilla/5.0 (Windows; U; Windows NT 5.1; en; rv:1.9.0.13) Gecko/2009073022 Firefox/3.5.2 (.NET CLR 3.5.30729) SurveyBot/2.3 (DomainTools)"
204.12.226.2 - - [04/Apr/2013:13:42:23 +0200] "GET /robots.txt HTTP/1.0" 404 320 "-" "Mozilla/5.0 (compatible; MJ12bot/v1.4.3; http://www.majestic12.co.uk/bot.php?+)"
204.12.226.2 - - [04/Apr/2013:13:42:26 +0200] "GET / HTTP/1.0" 200 1229 "-" "Mozilla/5.0 (compatible; MJ12bot/v1.4.3; http://www.majestic12.co.uk/bot.php?+)"
5.9.127.154 - - [04/Apr/2013:14:26:43 +0200] "GET /robots.txt HTTP/1.1" 404 337 "-" "Mozilla/5.0 (compatible; SISTRIX Crawler; http://crawler.sistrix.net/)"
5.9.127.154 - - [04/Apr/2013:14:26:43 +0200] "GET / HTTP/1.1" 200 1229 "-" "Mozilla/5.0 (compatible; SISTRIX Crawler; http://crawler.sistrix.net/)"
69.30.238.18 - - [04/Apr/2013:14:34:20 +0200] "GET /robots.txt HTTP/1.0" 404 320 "-" "Mozilla/5.0 (compatible; MJ12bot/v1.4.3; http://www.majestic12.co.uk/bot.php?+)"
69.30.238.18 - - [04/Apr/2013:14:34:22 +0200] "GET / HTTP/1.0" 200 1229 "-" "Mozilla/5.0 (compatible; MJ12bot/v1.4.3; http://www.majestic12.co.uk/bot.php?+)"
173.208.180.58 - - [04/Apr/2013:15:05:57 +0200] "GET /robots.txt HTTP/1.0" 404 320 "-" "Mozilla/5.0 (compatible; MJ12bot/v1.4.3; http://www.majestic12.co.uk/bot.php?+)"
173.208.180.58 - - [04/Apr/2013:15:05:59 +0200] "GET / HTTP/1.0" 200 1229 "-" "Mozilla/5.0 (compatible; MJ12bot/v1.4.3; http://www.majestic12.co.uk/bot.php?+)"
64.246.161.30 - - [04/Apr/2013:16:22:33 +0200] "GET /robots.txt HTTP/1.0" 404 332 "-" "Mozilla/5.0 (Windows; U; Windows NT 5.1; en; rv:1.9.0.13) Gecko/2009073022 Firefox/3.5.2 (.NET CLR 3.5.30729) SurveyBot/2.3 (DomainTools)"
64.246.161.30 - - [04/Apr/2013:16:22:33 +0200] "GET / HTTP/1.1" 200 1229 "http://whois.domaintools.com/bauaufzuege-hebetechnik.de" "Mozilla/5.0 (Windows; U; Windows NT 5.1; en; rv:1.9.0.13) Gecko/2009073022 Firefox/3.5.2 (.NET CLR 3.5.30729) SurveyBot/2.3 (DomainTools)"
157.55.32.104 - - [04/Apr/2013:17:07:11 +0200] "GET /robots.txt HTTP/1.1" 404 320 "-" "Mozilla/5.0 (compatible; bingbot/2.0; +http://www.bing.com/bingbot.htm)"
157.55.32.104 - - [04/Apr/2013:17:12:51 +0200] "GET / HTTP/1.1" 304 - "-" "Mozilla/5.0 (compatible; bingbot/2.0; +http://www.bing.com/bingbot.htm)"
82.118.168.251 - - [04/Apr/2013:17:26:46 +0200] "GET http://www.baidu.com/ HTTP/1.1" 200 1229 "http://www.baidu.com/" "Mozilla/4.0 (compatible; MSIE 7.0; Windows NT 6.1; WOW64; Trident/5.0; SLCC2; .NET CLR 2.0.50727; .NET CLR 3.5.30729; .NET CLR 3.0.30729; Media Center PC 6.0; .NET4.0C; .NET4.0E)"
82.118.168.251 - - [04/Apr/2013:17:26:47 +0200] "GET http://www.baidu.com/ HTTP/1.1" 200 1229 "http://www.baidu.com/" "Mozilla/4.0 (compatible; MSIE 7.0; Windows NT 6.1; WOW64; Trident/5.0; SLCC2; .NET CLR 2.0.50727; .NET CLR 3.5.30729; .NET CLR 3.0.30729; Media Center PC 6.0; .NET4.0C; .NET4.0E)"
82.118.168.251 - - [04/Apr/2013:17:26:47 +0200] "GET http://www.baidu.com/ HTTP/1.1" 200 1229 "http://www.baidu.com/" "Mozilla/4.0 (compatible; MSIE 7.0; Windows NT 6.1; WOW64; Trident/5.0; SLCC2; .NET CLR 2.0.50727; .NET CLR 3.5.30729; .NET CLR 3.0.30729; Media Center PC 6.0; .NET4.0C; .NET4.0E)"
82.118.168.251 - - [04/Apr/2013:17:26:47 +0200] "GET http://www.baidu.com/ HTTP/1.1" 200 1229 "http://www.baidu.com/" "Mozilla/4.0 (compatible; MSIE 7.0; Windows NT 6.1; WOW64; Trident/5.0; SLCC2; .NET CLR 2.0.50727; .NET CLR 3.5.30729; .NET CLR 3.0.30729; Media Center PC 6.0; .NET4.0C; .NET4.0E)"
82.118.168.251 - - [04/Apr/2013:17:26:47 +0200] "GET http://www.baidu.com/ HTTP/1.1" 200 1229 "http://www.baidu.com/" "Mozilla/4.0 (compatible; MSIE 7.0; Windows NT 6.1; WOW64; Trident/5.0; SLCC2; .NET CLR 2.0.50727; .NET CLR 3.5.30729; .NET CLR 3.0.30729; Media Center PC 6.0; .NET4.0C; .NET4.0E)"
82.118.168.251 - - [04/Apr/2013:17:26:47 +0200] "GET http://www.baidu.com/ HTTP/1.1" 200 1229 "http://www.baidu.com/" "Mozilla/4.0 (compatible; MSIE 7.0; Windows NT 6.1; WOW64; Trident/5.0; SLCC2; .NET CLR 2.0.50727; .NET CLR 3.5.30729; .NET CLR 3.0.30729; Media Center PC 6.0; .NET4.0C; .NET4.0E)"
82.118.168.251 - - [04/Apr/2013:17:26:47 +0200] "GET http://www.baidu.com/ HTTP/1.1" 200 1229 "http://www.baidu.com/" "Mozilla/4.0 (compatible; MSIE 7.0; Windows NT 6.1; WOW64; Trident/5.0; SLCC2; .NET CLR 2.0.50727; .NET CLR 3.5.30729; .NET CLR 3.0.30729; Media Center PC 6.0; .NET4.0C; .NET4.0E)"
82.118.168.251 - - [04/Apr/2013:17:26:47 +0200] "GET http://www.baidu.com/ HTTP/1.1" 200 1229 "http://www.baidu.com/" "Mozilla/4.0 (compatible; MSIE 7.0; Windows NT 6.1; WOW64; Trident/5.0; SLCC2; .NET CLR 2.0.50727; .NET CLR 3.5.30729; .NET CLR 3.0.30729; Media Center PC 6.0; .NET4.0C; .NET4.0E)"
82.118.168.251 - - [04/Apr/2013:17:26:47 +0200] "GET http://www.baidu.com/ HTTP/1.1" 200 1229 "http://www.baidu.com/" "Mozilla/4.0 (compatible; MSIE 7.0; Windows NT 6.1; WOW64; Trident/5.0; SLCC2; .NET CLR 2.0.50727; .NET CLR 3.5.30729; .NET CLR 3.0.30729; Media Center PC 6.0; .NET4.0C; .NET4.0E)"
82.118.168.251 - - [04/Apr/2013:17:26:47 +0200] "GET http://www.baidu.com/ HTTP/1.1" 200 1229 "http://www.baidu.com/" "Mozilla/4.0 (compatible; MSIE 7.0; Windows NT 6.1; WOW64; Trident/5.0; SLCC2; .NET CLR 2.0.50727; .NET CLR 3.5.30729; .NET CLR 3.0.30729; Media Center PC 6.0; .NET4.0C; .NET4.0E)"
141.8.147.12 - - [04/Apr/2013:20:48:46 +0200] "GET /robots.txt HTTP/1.1" 404 333 "-" "Mozilla/5.0 (compatible; YandexBot/3.0; +http://yandex.com/bots)"
64.246.165.150 - - [04/Apr/2013:21:13:17 +0200] "GET /robots.txt HTTP/1.0" 404 315 "-" "Mozilla/5.0 (Windows; U; Windows NT 5.1; en; rv:1.9.0.13) Gecko/2009073022 Firefox/3.5.2 (.NET CLR 3.5.30729) SurveyBot/2.3 (DomainTools)"
64.246.165.150 - - [04/Apr/2013:21:13:17 +0200] "GET / HTTP/1.1" 200 1229 "http://whois.domaintools.com/bmt-it.de" "Mozilla/5.0 (Windows; U; Windows NT 5.1; en; rv:1.9.0.13) Gecko/2009073022 Firefox/3.5.2 (.NET CLR 3.5.30729) SurveyBot/2.3 (DomainTools)"
64.246.165.150 - - [04/Apr/2013:21:32:07 +0200] "GET /robots.txt HTTP/1.0" 404 322 "-" "Mozilla/5.0 (Windows; U; Windows NT 5.1; en; rv:1.9.0.13) Gecko/2009073022 Firefox/3.5.2 (.NET CLR 3.5.30729) SurveyBot/2.3 (DomainTools)"
64.246.165.150 - - [04/Apr/2013:21:32:07 +0200] "GET / HTTP/1.1" 200 1229 "http://whois.domaintools.com/boedenundmehr.de" "Mozilla/5.0 (Windows; U; Windows NT 5.1; en; rv:1.9.0.13) Gecko/2009073022 Firefox/3.5.2 (.NET CLR 3.5.30729) SurveyBot/2.3 (DomainTools)"
157.55.33.113 - - [04/Apr/2013:21:46:23 +0200] "GET /robots.txt HTTP/1.1" 404 332 "-" "Mozilla/5.0 (compatible; bingbot/2.0; +http://www.bing.com/bingbot.htm)"
157.55.33.113 - - [04/Apr/2013:21:48:00 +0200] "GET / HTTP/1.1" 304 - "-" "Mozilla/5.0 (compatible; bingbot/2.0; +http://www.bing.com/bingbot.htm)"
157.55.32.104 - - [04/Apr/2013:23:08:59 +0200] "GET /robots.txt HTTP/1.1" 404 320 "-" "Mozilla/5.0 (compatible; bingbot/2.0; +http://www.bing.com/bingbot.htm)"
157.55.32.104 - - [04/Apr/2013:23:10:54 +0200] "GET / HTTP/1.1" 200 1229 "-" "Mozilla/5.0 (compatible; bingbot/2.0; +http://www.bing.com/bingbot.htm)"
178.255.215.64 - - [05/Apr/2013:00:22:59 +0200] "GET /robots.txt HTTP/1.1" 404 322 "-" "Mozilla/5.0 (compatible; Exabot/3.0; +http://www.exabot.com/go/robot)"
178.255.215.64 - - [05/Apr/2013:00:22:59 +0200] "GET / HTTP/1.1" 304 - "-" "Mozilla/5.0 (compatible; Exabot/3.0; +http://www.exabot.com/go/robot)"
5.9.112.180 - - [05/Apr/2013:01:31:43 +0200] "GET /robots.txt HTTP/1.1" 404 320 "-" "Mozilla/5.0 (compatible; SISTRIX Crawler; http://crawler.sistrix.net/)"
5.9.112.180 - - [05/Apr/2013:01:31:43 +0200] "GET / HTTP/1.1" 200 1229 "-" "Mozilla/5.0 (compatible; SISTRIX Crawler; http://crawler.sistrix.net/)"
176.9.146.19 - - [05/Apr/2013:01:43:00 +0200] "GET /robots.txt HTTP/1.1" 404 328 "-" "Mozilla/5.0 (compatible; SISTRIX Crawler; http://crawler.sistrix.net/)"
176.9.146.19 - - [05/Apr/2013:01:43:00 +0200] "GET / HTTP/1.1" 200 1229 "-" "Mozilla/5.0 (compatible; SISTRIX Crawler; http://crawler.sistrix.net/)"
178.77.126.55 - - [05/Apr/2013:03:36:47 +0200] "GET /robots.txt HTTP/1.1" 404 320 "-" "Mozilla/5.0 (compatible; CareerBot/1.1; +http://www.career-x.de/bot.html)"
178.77.126.55 - - [05/Apr/2013:03:36:47 +0200] "GET / HTTP/1.1" 200 1229 "-" "Mozilla/5.0 (compatible; CareerBot/1.1; +http://www.career-x.de/bot.html)"
141.8.147.12 - - [05/Apr/2013:03:45:17 +0200] "GET / HTTP/1.1" 200 1229 "-" "Mozilla/5.0 (compatible; YandexBot/3.0; +http://yandex.com/bots)"
217.225.181.112 - - [05/Apr/2013:04:10:17 +0200] "GET / HTTP/1.1" 200 1229 "http://www.bigfinder.de/online-11.html" "Mozilla/5.0 (Windows; U; Windows NT 5.1; de; rv:1.9.0.12) Gecko/2009070611 Firefox/3.0.12 GTB7.1 (.NET CLR 3.5.30729)"
66.249.76.162 - - [05/Apr/2013:04:34:22 +0200] "GET /robots.txt HTTP/1.1" 404 322 "-" "Mozilla/5.0 (compatible; Googlebot/2.1; +http://www.google.com/bot.html)"
66.249.76.162 - - [05/Apr/2013:04:34:22 +0200] "GET / HTTP/1.1" 200 1229 "-" "Mozilla/5.0 (compatible; Googlebot/2.1; +http://www.google.com/bot.html)"
141.8.147.12 - - [05/Apr/2013:08:10:49 +0200] "GET /robots.txt HTTP/1.1" 404 327 "-" "Mozilla/5.0 (compatible; YandexBot/3.0; +http://yandex.com/bots)"
173.199.118.35 - - [05/Apr/2013:08:49:35 +0200] "GET /robots.txt HTTP/1.1" 404 328 "-" "Mozilla/5.0 (compatible; AhrefsBot/4.0; +http://ahrefs.com/robot/)"
173.199.118.35 - - [05/Apr/2013:08:49:50 +0200] "GET /robots.txt HTTP/1.1" 404 327 "-" "Mozilla/5.0 (compatible; AhrefsBot/4.0; +http://ahrefs.com/robot/)"
198.20.69.74 - - [05/Apr/2013:09:53:49 +0200] "GET / HTTP/1.1" 200 1229 "-" "-"
198.20.69.74 - - [05/Apr/2013:09:53:50 +0200] "GET /robots.txt HTTP/1.1" 404 315 "-" "-"
141.8.147.12 - - [05/Apr/2013:10:08:02 +0200] "GET /robots.txt HTTP/1.1" 404 328 "-" "Mozilla/5.0 (compatible; YandexBot/3.0; +http://yandex.com/bots)"
176.9.148.197 - - [05/Apr/2013:11:36:39 +0200] "GET /robots.txt HTTP/1.1" 404 322 "-" "Mozilla/5.0 (compatible; SISTRIX Crawler; http://crawler.sistrix.net/)"
176.9.148.197 - - [05/Apr/2013:11:36:39 +0200] "GET / HTTP/1.1" 200 1229 "-" "Mozilla/5.0 (compatible; SISTRIX Crawler; http://crawler.sistrix.net/)"
141.8.147.12 - - [05/Apr/2013:11:52:26 +0200] "GET / HTTP/1.1" 200 1229 "-" "Mozilla/5.0 (compatible; YandexBot/3.0; +http://yandex.com/bots)"
5.9.127.154 - - [05/Apr/2013:11:53:26 +0200] "GET /robots.txt HTTP/1.1" 404 327 "-" "Mozilla/5.0 (compatible; SISTRIX Crawler; http://crawler.sistrix.net/)"
5.9.127.154 - - [05/Apr/2013:11:53:26 +0200] "GET / HTTP/1.1" 200 1229 "-" "Mozilla/5.0 (compatible; SISTRIX Crawler; http://crawler.sistrix.net/)"
157.55.32.104 - - [05/Apr/2013:12:21:38 +0200] "GET /robots.txt HTTP/1.1" 404 320 "-" "Mozilla/5.0 (compatible; bingbot/2.0; +http://www.bing.com/bingbot.htm)"
157.55.32.104 - - [05/Apr/2013:12:23:26 +0200] "GET / HTTP/1.1" 200 1229 "-" "Mozilla/5.0 (compatible; bingbot/2.0; +http://www.bing.com/bingbot.htm)"
141.8.147.12 - - [05/Apr/2013:13:18:11 +0200] "GET /robots.txt HTTP/1.1" 404 320 "-" "Mozilla/5.0 (compatible; YandexBot/3.0; +http://yandex.com/bots)"
66.249.78.40 - - [05/Apr/2013:14:18:24 +0200] "GET /robots.txt HTTP/1.1" 404 320 "-" "Mozilla/5.0 (compatible; Googlebot/2.1; +http://www.google.com/bot.html)"
66.249.78.40 - - [05/Apr/2013:14:18:24 +0200] "GET / HTTP/1.1" 200 1229 "-" "Mozilla/5.0 (compatible; Googlebot/2.1; +http://www.google.com/bot.html)"
66.249.78.154 - - [05/Apr/2013:14:48:36 +0200] "GET /robots.txt HTTP/1.1" 404 337 "-" "Mozilla/5.0 (compatible; Googlebot/2.1; +http://www.google.com/bot.html)"
66.249.76.139 - - [05/Apr/2013:14:48:37 +0200] "GET / HTTP/1.1" 200 1229 "-" "Mozilla/5.0 (compatible; Googlebot/2.1; +http://www.google.com/bot.html)"
66.249.78.111 - - [05/Apr/2013:14:56:56 +0200] "GET /robots.txt HTTP/1.1" 404 328 "-" "Mozilla/5.0 (compatible; Googlebot/2.1; +http://www.google.com/bot.html)"
66.249.78.111 - - [05/Apr/2013:14:56:56 +0200] "GET / HTTP/1.1" 200 1229 "-" "Mozilla/5.0 (compatible; Googlebot/2.1; +http://www.google.com/bot.html)"
66.249.76.56 - - [05/Apr/2013:15:08:49 +0200] "GET /robots.txt HTTP/1.1" 404 332 "-" "Mozilla/5.0 (compatible; Googlebot/2.1; +http://www.google.com/bot.html)"
66.249.78.171 - - [05/Apr/2013:15:08:49 +0200] "GET / HTTP/1.1" 200 1229 "-" "Mozilla/5.0 (compatible; Googlebot/2.1; +http://www.google.com/bot.html)"
198.20.69.74 - - [05/Apr/2013:15:34:34 +0200] "GET / HTTP/1.1" 200 1229 "-" "-"
198.20.69.74 - - [05/Apr/2013:15:34:35 +0200] "GET /robots.txt HTTP/1.1" 404 315 "-" "-"
141.8.147.12 - - [05/Apr/2013:15:42:00 +0200] "GET /robots.txt HTTP/1.1" 404 333 "-" "Mozilla/5.0 (compatible; YandexBot/3.0; +http://yandex.com/bots)"
141.8.147.12 - - [05/Apr/2013:15:50:21 +0200] "GET /robots.txt HTTP/1.1" 404 337 "-" "Mozilla/5.0 (compatible; YandexBot/3.0; +http://yandex.com/bots)"
204.12.226.2 - - [05/Apr/2013:16:45:27 +0200] "GET /robots.txt HTTP/1.0" 404 320 "-" "Mozilla/5.0 (compatible; MJ12bot/v1.4.3; http://www.majestic12.co.uk/bot.php?+)"
204.12.226.2 - - [05/Apr/2013:16:45:28 +0200] "GET / HTTP/1.0" 200 1229 "-" "Mozilla/5.0 (compatible; MJ12bot/v1.4.3; http://www.majestic12.co.uk/bot.php?+)"
216.145.5.42 - - [05/Apr/2013:16:55:23 +0200] "GET /leer.htm HTTP/1.1" 404 313 "http://whois.domaintools.com/dialyse-schoenebeck.de" "Mozilla/5.0 (Windows; U; Windows NT 5.1; en; rv:1.9.0.13) Gecko/2009073022 Firefox/3.5.2 (.NET CLR 3.5.30729) SurveyBot/2.3 (DomainTools)"
216.145.5.42 - - [05/Apr/2013:16:55:24 +0200] "GET /leer.htm HTTP/1.1" 404 313 "http://whois.domaintools.com/dialyse-schoenebeck.de" "Mozilla/5.0 (Windows; U; Windows NT 5.1; en; rv:1.9.0.13) Gecko/2009073022 Firefox/3.5.2 (.NET CLR 3.5.30729) SurveyBot/2.3 (DomainTools)"
216.145.5.42 - - [05/Apr/2013:16:55:24 +0200] "GET /leer.htm HTTP/1.1" 404 313 "http://whois.domaintools.com/dialyse-schoenebeck.de" "Mozilla/5.0 (Windows; U; Windows NT 5.1; en; rv:1.9.0.13) Gecko/2009073022 Firefox/3.5.2 (.NET CLR 3.5.30729) SurveyBot/2.3 (DomainTools)"
188.165.248.204 - - [05/Apr/2013:16:59:12 +0200] "GET /robots.txt HTTP/1.0" 404 320 "-" "Mozilla/5.0 (compatible; MJ12bot/v1.4.3; http://www.majestic12.co.uk/bot.php?+)"
188.165.248.204 - - [05/Apr/2013:16:59:18 +0200] "GET / HTTP/1.0" 200 1229 "-" "Mozilla/5.0 (compatible; MJ12bot/v1.4.3; http://www.majestic12.co.uk/bot.php?+)"
64.246.165.140 - - [05/Apr/2013:17:00:39 +0200] "GET /frameset/left.htm HTTP/1.1" 404 322 "http://whois.domaintools.com/die-sehnsucht.com" "Mozilla/5.0 (Windows; U; Windows NT 5.1; en; rv:1.9.0.13) Gecko/2009073022 Firefox/3.5.2 (.NET CLR 3.5.30729) SurveyBot/2.3 (DomainTools)"
64.246.165.140 - - [05/Apr/2013:17:00:39 +0200] "GET /frameset/top.htm HTTP/1.1" 404 321 "http://whois.domaintools.com/die-sehnsucht.com" "Mozilla/5.0 (Windows; U; Windows NT 5.1; en; rv:1.9.0.13) Gecko/2009073022 Firefox/3.5.2 (.NET CLR 3.5.30729) SurveyBot/2.3 (DomainTools)"
64.246.165.140 - - [05/Apr/2013:17:00:40 +0200] "GET /neue_seite_1.htm HTTP/1.1" 404 321 "http://whois.domaintools.com/die-sehnsucht.com" "Mozilla/5.0 (Windows; U; Windows NT 5.1; en; rv:1.9.0.13) Gecko/2009073022 Firefox/3.5.2 (.NET CLR 3.5.30729) SurveyBot/2.3 (DomainTools)"
69.30.238.26 - - [05/Apr/2013:17:02:39 +0200] "GET /robots.txt HTTP/1.0" 404 320 "-" "Mozilla/5.0 (compatible; MJ12bot/v1.4.3; http://www.majestic12.co.uk/bot.php?+)"
69.30.238.26 - - [05/Apr/2013:17:02:42 +0200] "GET / HTTP/1.0" 200 1229 "-" "Mozilla/5.0 (compatible; MJ12bot/v1.4.3; http://www.majestic12.co.uk/bot.php?+)"
204.12.208.162 - - [05/Apr/2013:17:11:56 +0200] "GET /robots.txt HTTP/1.0" 404 320 "-" "Mozilla/5.0 (compatible; MJ12bot/v1.4.3; http://www.majestic12.co.uk/bot.php?+)"
204.12.208.162 - - [05/Apr/2013:17:12:01 +0200] "GET / HTTP/1.0" 200 1229 "-" "Mozilla/5.0 (compatible; MJ12bot/v1.4.3; http://www.majestic12.co.uk/bot.php?+)"
141.8.147.12 - - [05/Apr/2013:17:14:28 +0200] "GET / HTTP/1.1" 200 1229 "-" "Mozilla/5.0 (compatible; YandexBot/3.0; +http://yandex.com/bots)"
95.96.224.110 - - [05/Apr/2013:17:29:19 +0200] "GET /robots.txt HTTP/1.0" 404 320 "-" "Mozilla/5.0 (compatible; MJ12bot/v1.4.3; http://www.majestic12.co.uk/bot.php?+)"
95.96.224.110 - - [05/Apr/2013:17:29:21 +0200] "GET / HTTP/1.1" 200 1229 "-" "Mozilla/5.0 (compatible; MJ12bot/v1.4.3; http://www.majestic12.co.uk/bot.php?+)"
82.128.253.117 - - [05/Apr/2013:17:33:25 +0200] "GET /robots.txt HTTP/1.0" 404 320 "-" "Mozilla/5.0 (compatible; MJ12bot/v1.4.3; http://www.majestic12.co.uk/bot.php?+)"
82.128.253.117 - - [05/Apr/2013:17:33:28 +0200] "GET / HTTP/1.0" 200 1229 "-" "Mozilla/5.0 (compatible; MJ12bot/v1.4.3; http://www.majestic12.co.uk/bot.php?+)"
141.8.147.12 - - [05/Apr/2013:17:39:31 +0200] "GET / HTTP/1.1" 200 1229 "-" "Mozilla/5.0 (compatible; YandexBot/3.0; +http://yandex.com/bots)"
5.9.7.208 - - [05/Apr/2013:18:07:51 +0200] "GET /robots.txt HTTP/1.0" 404 320 "-" "Mozilla/5.0 (compatible; MJ12bot/v1.4.3; http://www.majestic12.co.uk/bot.php?+)"
5.9.7.208 - - [05/Apr/2013:18:08:04 +0200] "GET / HTTP/1.0" 200 1229 "-" "Mozilla/5.0 (compatible; MJ12bot/v1.4.3; http://www.majestic12.co.uk/bot.php?+)"
5.9.7.208 - - [05/Apr/2013:18:13:17 +0200] "GET /robots.txt HTTP/1.0" 404 320 "-" "Mozilla/5.0 (compatible; MJ12bot/v1.4.3; http://www.majestic12.co.uk/bot.php?+)"
5.9.7.208 - - [05/Apr/2013:18:13:24 +0200] "GET / HTTP/1.0" 200 1229 "-" "Mozilla/5.0 (compatible; MJ12bot/v1.4.3; http://www.majestic12.co.uk/bot.php?+)"
141.8.147.12 - - [05/Apr/2013:18:39:28 +0200] "GET / HTTP/1.1" 200 1229 "-" "Mozilla/5.0 (compatible; YandexBot/3.0; +http://yandex.com/bots)"
194.153.113.35 - - [05/Apr/2013:19:48:12 +0200] "HEAD / HTTP/1.1" 200 - "-" "Mozilla/5.0 (compatible; oBot/2.3.1; +http://filterdb.iss.net/crawler/)"
94.102.51.246 - - [05/Apr/2013:21:31:00 +0200] "GET http://24x7-allrequestsallowed.com/?PHPSESSID=7jy745aa00143SSQJ_W_EFBF%5CE HTTP/1.1" 200 1229 "-" "Mozilla/5.0 (Windows NT 6.1; rv:16.0) Gecko/20100101 Firefox/16.0"
66.249.78.36 - - [06/Apr/2013:00:09:29 +0200] "GET /robots.txt HTTP/1.1" 404 333 "-" "Mozilla/5.0 (compatible; Googlebot/2.1; +http://www.google.com/bot.html)"
66.249.78.36 - - [06/Apr/2013:00:09:30 +0200] "GET / HTTP/1.1" 200 1229 "-" "Mozilla/5.0 (compatible; Googlebot/2.1; +http://www.google.com/bot.html)"
157.56.92.157 - - [06/Apr/2013:00:19:36 +0200] "GET /robots.txt HTTP/1.1" 404 322 "-" "Mozilla/5.0 (compatible; bingbot/2.0; +http://www.bing.com/bingbot.htm)"
157.56.92.157 - - [06/Apr/2013:00:21:17 +0200] "GET /leistungen.htm HTTP/1.1" 404 326 "-" "Mozilla/5.0 (compatible; bingbot/2.0; +http://www.bing.com/bingbot.htm)"
157.55.32.104 - - [06/Apr/2013:00:33:06 +0200] "GET /robots.txt HTTP/1.1" 404 320 "-" "Mozilla/5.0 (compatible; bingbot/2.0; +http://www.bing.com/bingbot.htm)"
157.55.32.104 - - [06/Apr/2013:00:34:21 +0200] "GET / HTTP/1.1" 200 1229 "-" "Mozilla/5.0 (compatible; bingbot/2.0; +http://www.bing.com/bingbot.htm)"
176.10.35.241 - - [06/Apr/2013:01:34:43 +0200] "GET / HTTP/1.1" 200 1229 "-" "-"
176.10.35.241 - - [06/Apr/2013:01:34:43 +0200] "GET /robots.txt HTTP/1.1" 404 315 "-" "-"
66.249.78.193 - - [06/Apr/2013:01:35:47 +0200] "GET /robots.txt HTTP/1.1" 404 327 "-" "Mozilla/5.0 (compatible; Googlebot/2.1; +http://www.google.com/bot.html)"
66.249.78.193 - - [06/Apr/2013:01:35:47 +0200] "GET / HTTP/1.1" 200 1229 "-" "Mozilla/5.0 (compatible; Googlebot/2.1; +http://www.google.com/bot.html)"
141.8.147.12 - - [06/Apr/2013:01:59:59 +0200] "GET /robots.txt HTTP/1.1" 404 320 "-" "Mozilla/5.0 (compatible; YandexBot/3.0; +http://yandex.com/bots)"
83.133.125.202 - - [06/Apr/2013:04:18:11 +0200] "GET / HTTP/1.1" 200 1229 "http://www.sumaja.de/?such_wert=berlin" "T-Online Browser (Windows NT 6.1; de)"
195.14.176.33 - - [06/Apr/2013:06:26:23 +0200] "GET / HTTP/1.1" 200 1229 "-" "Mozilla/4.0 (compatible; MSIE 8.0; Windows NT 5.2; Trident/4.0)"
195.14.176.33 - - [06/Apr/2013:06:26:27 +0200] "GET /favicon.ico HTTP/1.1" 404 323 "http://www.boedenundmehr.de/" "Mozilla/4.0 (compatible; MSIE 8.0; Windows NT 5.2; Trident/4.0)"
69.84.207.246 - - [06/Apr/2013:09:02:12 +0200] "GET / HTTP/1.1" 200 1229 "-" "Mozilla/4.0 (compatible; MSIE 7.0;Windows NT 5.1;.NET CLR 1.1.4322;.NET CLR 2.0.50727;.NET CLR 3.0.04506.30) Lightspeedsystems"
206.253.226.18 - - [06/Apr/2013:09:29:53 +0200] "HEAD / HTTP/1.1" 200 - "-" "Mozilla/5.0 (compatible; oBot/2.3.1; +http://filterdb.iss.net/crawler/)"
173.199.118.171 - - [06/Apr/2013:10:49:48 +0200] "GET /robots.txt HTTP/1.1" 404 320 "-" "Mozilla/5.0 (compatible; AhrefsBot/4.0; +http://ahrefs.com/robot/)"
198.20.69.74 - - [06/Apr/2013:11:34:47 +0200] "GET / HTTP/1.1" 200 1229 "-" "-"
198.20.69.74 - - [06/Apr/2013:11:34:47 +0200] "GET /robots.txt HTTP/1.1" 404 315 "-" "-"
157.55.32.56 - - [06/Apr/2013:12:04:35 +0200] "GET /robots.txt HTTP/1.1" 404 320 "-" "Mozilla/5.0 (compatible; bingbot/2.0; +http://www.bing.com/bingbot.htm)"
157.56.93.211 - - [06/Apr/2013:12:19:26 +0200] "GET / HTTP/1.1" 200 1229 "-" "Mozilla/5.0 (compatible; bingbot/2.0; +http://www.bing.com/bingbot.htm)"
69.30.238.26 - - [06/Apr/2013:14:50:48 +0200] "GET /robots.txt HTTP/1.0" 404 322 "-" "Mozilla/5.0 (compatible; MJ12bot/v1.4.3; http://www.majestic12.co.uk/bot.php?+)"
69.30.238.26 - - [06/Apr/2013:14:50:49 +0200] "GET / HTTP/1.0" 200 1229 "-" "Mozilla/5.0 (compatible; MJ12bot/v1.4.3; http://www.majestic12.co.uk/bot.php?+)"
204.12.228.34 - - [06/Apr/2013:16:16:58 +0200] "GET /robots.txt HTTP/1.0" 404 320 "-" "Mozilla/5.0 (compatible; MJ12bot/v1.4.3; http://www.majestic12.co.uk/bot.php?+)"
204.12.228.34 - - [06/Apr/2013:16:17:02 +0200] "GET / HTTP/1.0" 200 1229 "-" "Mozilla/5.0 (compatible; MJ12bot/v1.4.3; http://www.majestic12.co.uk/bot.php?+)"
198.20.69.74 - - [06/Apr/2013:19:36:23 +0200] "GET / HTTP/1.1" 200 1229 "-" "-"
198.20.69.74 - - [06/Apr/2013:19:36:24 +0200] "GET /robots.txt HTTP/1.1" 404 315 "-" "-"
66.249.75.158 - - [06/Apr/2013:20:04:24 +0200] "GET /robots.txt HTTP/1.1" 404 328 "-" "Mozilla/5.0 (compatible; Googlebot/2.1; +http://www.google.com/bot.html)"
66.249.78.65 - - [06/Apr/2013:20:04:24 +0200] "GET / HTTP/1.1" 200 1229 "-" "Mozilla/5.0 (compatible; Googlebot/2.1; +http://www.google.com/bot.html)"
46.118.158.87 - - [06/Apr/2013:20:15:10 +0200] "GET /robots.txt HTTP/1.0" 404 320 "-" "Mozilla/5.0 (compatible; MJ12bot/v1.4.3; http://www.majestic12.co.uk/bot.php?+)"
46.118.158.87 - - [06/Apr/2013:20:15:14 +0200] "GET / HTTP/1.1" 200 1229 "-" "Mozilla/5.0 (compatible; MJ12bot/v1.4.3; http://www.majestic12.co.uk/bot.php?+)"
94.102.51.246 - - [06/Apr/2013:20:32:15 +0200] "GET http://24x7-allrequestsallowed.com/?PHPSESSID=7jy745aa00143SSQJ_W_EFBF%5C%40 HTTP/1.1" 200 1229 "-" "Mozilla/5.0 (Windows NT 6.1; rv:16.0) Gecko/20100101 Firefox/16.0"
204.12.214.162 - - [06/Apr/2013:21:01:25 +0200] "GET /robots.txt HTTP/1.0" 404 320 "-" "Mozilla/5.0 (compatible; MJ12bot/v1.4.3; http://www.majestic12.co.uk/bot.php?+)"
204.12.214.162 - - [06/Apr/2013:21:01:28 +0200] "GET / HTTP/1.0" 200 1229 "-" "Mozilla/5.0 (compatible; MJ12bot/v1.4.3; http://www.majestic12.co.uk/bot.php?+)"
186.151.243.146 - - [06/Apr/2013:21:27:52 +0200] "HEAD /manager/status HTTP/1.1" 404 - "-" "Java/1.7.0_13"
186.151.243.146 - - [06/Apr/2013:21:27:54 +0200] "HEAD /manager/status HTTP/1.1" 404 - "-" "Java/1.7.0_13"
186.151.243.146 - - [06/Apr/2013:21:27:56 +0200] "HEAD /manager/status HTTP/1.1" 404 - "-" "Java/1.7.0_13"
186.151.243.146 - - [06/Apr/2013:21:27:59 +0200] "HEAD /manager/status HTTP/1.1" 404 - "-" "Java/1.7.0_13"
186.151.243.146 - - [06/Apr/2013:21:28:01 +0200] "HEAD /manager/status HTTP/1.1" 404 - "-" "Java/1.7.0_13"
186.151.243.146 - - [06/Apr/2013:21:28:03 +0200] "HEAD /manager/status HTTP/1.1" 404 - "-" "Java/1.7.0_13"
186.151.243.146 - - [06/Apr/2013:21:28:06 +0200] "HEAD /manager/status HTTP/1.1" 404 - "-" "Java/1.7.0_13"
186.151.243.146 - - [06/Apr/2013:21:28:08 +0200] "HEAD /manager/status HTTP/1.1" 404 - "-" "Java/1.7.0_13"
186.151.243.146 - - [06/Apr/2013:21:28:10 +0200] "HEAD /manager/status HTTP/1.1" 404 - "-" "Java/1.7.0_13"
186.151.243.146 - - [06/Apr/2013:21:28:13 +0200] "HEAD /manager/status HTTP/1.1" 404 - "-" "Java/1.7.0_13"
109.61.113.33 - - [06/Apr/2013:21:31:41 +0200] "GET http://www.baidu.com/ HTTP/1.1" 200 1229 "http://www.baidu.com/" "Mozilla/4.0 (compatible; MSIE 7.0; Windows NT 6.1; WOW64; Trident/5.0; SLCC2; .NET CLR 2.0.50727; .NET CLR 3.5.30729; .NET CLR 3.0.30729; Media Center PC 6.0; .NET4.0C; .NET4.0E)"
109.61.113.33 - - [06/Apr/2013:21:31:41 +0200] "GET http://www.baidu.com/ HTTP/1.1" 200 1229 "http://www.baidu.com/" "Mozilla/4.0 (compatible; MSIE 7.0; Windows NT 6.1; WOW64; Trident/5.0; SLCC2; .NET CLR 2.0.50727; .NET CLR 3.5.30729; .NET CLR 3.0.30729; Media Center PC 6.0; .NET4.0C; .NET4.0E)"
109.61.113.33 - - [06/Apr/2013:21:31:50 +0200] "GET http://www.baidu.com/ HTTP/1.1" 200 1229 "http://www.baidu.com/" "Mozilla/4.0 (compatible; MSIE 7.0; Windows NT 6.1; WOW64; Trident/5.0; SLCC2; .NET CLR 2.0.50727; .NET CLR 3.5.30729; .NET CLR 3.0.30729; Media Center PC 6.0; .NET4.0C; .NET4.0E)"
109.61.113.33 - - [06/Apr/2013:21:31:50 +0200] "GET http://www.baidu.com/ HTTP/1.1" 200 1229 "http://www.baidu.com/" "Mozilla/4.0 (compatible; MSIE 7.0; Windows NT 6.1; WOW64; Trident/5.0; SLCC2; .NET CLR 2.0.50727; .NET CLR 3.5.30729; .NET CLR 3.0.30729; Media Center PC 6.0; .NET4.0C; .NET4.0E)"
198.20.69.74 - - [06/Apr/2013:22:01:13 +0200] "GET / HTTP/1.1" 200 1229 "-" "-"
198.20.69.74 - - [06/Apr/2013:22:01:13 +0200] "GET /robots.txt HTTP/1.1" 404 315 "-" "-"
157.56.93.211 - - [06/Apr/2013:23:23:22 +0200] "GET /robots.txt HTTP/1.1" 404 320 "-" "Mozilla/5.0 (compatible; bingbot/2.0; +http://www.bing.com/bingbot.htm)"
