157.55.35.88 - - [28/Apr/2013:14:23:58 +0200] "GET /robots.txt HTTP/1.1" 404 328 "-" "Mozilla/5.0 (compatible; bingbot/2.0; +http://www.bing.com/bingbot.htm)"
157.55.35.88 - - [28/Apr/2013:14:25:54 +0200] "GET / HTTP/1.1" 200 1229 "-" "Mozilla/5.0 (compatible; bingbot/2.0; +http://www.bing.com/bingbot.htm)"
204.12.208.234 - - [28/Apr/2013:15:03:35 +0200] "GET /robots.txt HTTP/1.0" 404 320 "-" "Mozilla/5.0 (compatible; MJ12bot/v1.4.3; http://www.majestic12.co.uk/bot.php?+)"
204.12.208.234 - - [28/Apr/2013:15:03:36 +0200] "GET / HTTP/1.0" 200 1229 "-" "Mozilla/5.0 (compatible; MJ12bot/v1.4.3; http://www.majestic12.co.uk/bot.php?+)"
94.142.155.123 - - [28/Apr/2013:15:33:31 +0200] "GET / HTTP/1.1" 200 1229 "-" "-"
94.142.155.123 - - [28/Apr/2013:15:33:31 +0200] "GET /robots.txt HTTP/1.1" 404 315 "-" "-"
141.8.147.12 - - [28/Apr/2013:16:12:36 +0200] "GET /robots.txt HTTP/1.1" 404 322 "-" "Mozilla/5.0 (compatible; YandexBot/3.0; +http://yandex.com/bots)"
157.55.35.44 - - [28/Apr/2013:16:21:31 +0200] "GET /robots.txt HTTP/1.1" 404 328 "-" "Mozilla/5.0 (compatible; bingbot/2.0; +http://www.bing.com/bingbot.htm)"
157.55.35.44 - - [28/Apr/2013:16:23:30 +0200] "GET / HTTP/1.1" 304 - "-" "Mozilla/5.0 (compatible; bingbot/2.0; +http://www.bing.com/bingbot.htm)"
65.55.52.86 - - [28/Apr/2013:19:10:06 +0200] "GET /robots.txt HTTP/1.1" 404 337 "-" "Mozilla/5.0 (compatible; bingbot/2.0; +http://www.bing.com/bingbot.htm)"
65.55.52.86 - - [28/Apr/2013:19:11:29 +0200] "GET / HTTP/1.1" 200 1229 "-" "Mozilla/5.0 (compatible; bingbot/2.0; +http://www.bing.com/bingbot.htm)"
141.8.147.12 - - [28/Apr/2013:19:12:05 +0200] "GET / HTTP/1.1" 200 1229 "-" "Mozilla/5.0 (compatible; YandexBot/3.0; +http://yandex.com/bots)"
64.34.197.140 - - [28/Apr/2013:20:37:13 +0200] "GET /w00tw00t.at.ISC.SANS.DFind:) HTTP/1.1" 400 329 "-" "-"
64.34.197.140 - - [28/Apr/2013:20:37:13 +0200] "GET /w00tw00t.at.ISC.SANS.DFind:) HTTP/1.1" 400 329 "-" "-"
64.34.197.140 - - [28/Apr/2013:20:37:13 +0200] "GET /w00tw00t.at.ISC.SANS.DFind:) HTTP/1.1" 400 329 "-" "-"
64.34.197.140 - - [28/Apr/2013:20:37:13 +0200] "GET /w00tw00t.at.ISC.SANS.DFind:) HTTP/1.1" 400 329 "-" "-"
64.34.197.140 - - [28/Apr/2013:20:37:13 +0200] "GET /w00tw00t.at.ISC.SANS.DFind:) HTTP/1.1" 400 329 "-" "-"
64.34.197.140 - - [28/Apr/2013:20:37:13 +0200] "GET /w00tw00t.at.ISC.SANS.DFind:) HTTP/1.1" 400 329 "-" "-"
173.252.100.118 - - [28/Apr/2013:21:06:32 +0200] "GET / HTTP/1.1" 206 1229 "-" "facebookexternalhit/1.1 (+http://www.facebook.com/externalhit_uatext.php)"
69.171.237.15 - - [28/Apr/2013:21:06:33 +0200] "GET / HTTP/1.1" 206 1229 "-" "facebookexternalhit/1.1 (+http://www.facebook.com/externalhit_uatext.php)"
65.55.24.239 - - [28/Apr/2013:21:12:13 +0200] "GET /robots.txt HTTP/1.1" 404 320 "-" "Mozilla/5.0 (compatible; bingbot/2.0; +http://www.bing.com/bingbot.htm)"
65.55.24.239 - - [28/Apr/2013:21:13:39 +0200] "GET / HTTP/1.1" 200 1229 "-" "Mozilla/5.0 (compatible; bingbot/2.0; +http://www.bing.com/bingbot.htm)"
67.19.79.218 - - [28/Apr/2013:21:18:52 +0200] "GET /robots.txt HTTP/1.0" 404 311 "-" "Mozilla/4.0 (compatible; MSIE 5.01; Windows NT)"
65.55.52.86 - - [28/Apr/2013:22:32:12 +0200] "GET /robots.txt HTTP/1.1" 404 337 "-" "Mozilla/5.0 (compatible; bingbot/2.0; +http://www.bing.com/bingbot.htm)"
65.55.52.86 - - [28/Apr/2013:22:34:39 +0200] "GET / HTTP/1.1" 304 - "-" "Mozilla/5.0 (compatible; bingbot/2.0; +http://www.bing.com/bingbot.htm)"
64.246.165.200 - - [28/Apr/2013:23:03:33 +0200] "GET /leer.htm HTTP/1.1" 404 313 "http://whois.domaintools.com/dialyse-schoenebeck.de" "Mozilla/5.0 (Windows; U; Windows NT 5.1; en; rv:1.9.0.13) Gecko/2009073022 Firefox/3.5.2 (.NET CLR 3.5.30729) SurveyBot/2.3 (DomainTools)"
64.246.165.200 - - [28/Apr/2013:23:03:33 +0200] "GET /leer.htm HTTP/1.1" 404 313 "http://whois.domaintools.com/dialyse-schoenebeck.de" "Mozilla/5.0 (Windows; U; Windows NT 5.1; en; rv:1.9.0.13) Gecko/2009073022 Firefox/3.5.2 (.NET CLR 3.5.30729) SurveyBot/2.3 (DomainTools)"
64.246.165.200 - - [28/Apr/2013:23:03:34 +0200] "GET /leer.htm HTTP/1.1" 404 313 "http://whois.domaintools.com/dialyse-schoenebeck.de" "Mozilla/5.0 (Windows; U; Windows NT 5.1; en; rv:1.9.0.13) Gecko/2009073022 Firefox/3.5.2 (.NET CLR 3.5.30729) SurveyBot/2.3 (DomainTools)"
64.246.187.42 - - [28/Apr/2013:23:11:06 +0200] "GET /frameset/left.htm HTTP/1.1" 404 322 "http://whois.domaintools.com/die-sehnsucht.com" "Mozilla/5.0 (Windows; U; Windows NT 5.1; en; rv:1.9.0.13) Gecko/2009073022 Firefox/3.5.2 (.NET CLR 3.5.30729) SurveyBot/2.3 (DomainTools)"
64.246.187.42 - - [28/Apr/2013:23:11:06 +0200] "GET /frameset/top.htm HTTP/1.1" 404 321 "http://whois.domaintools.com/die-sehnsucht.com" "Mozilla/5.0 (Windows; U; Windows NT 5.1; en; rv:1.9.0.13) Gecko/2009073022 Firefox/3.5.2 (.NET CLR 3.5.30729) SurveyBot/2.3 (DomainTools)"
64.246.187.42 - - [28/Apr/2013:23:11:06 +0200] "GET /neue_seite_1.htm HTTP/1.1" 404 321 "http://whois.domaintools.com/die-sehnsucht.com" "Mozilla/5.0 (Windows; U; Windows NT 5.1; en; rv:1.9.0.13) Gecko/2009073022 Firefox/3.5.2 (.NET CLR 3.5.30729) SurveyBot/2.3 (DomainTools)"
5.9.7.208 - - [29/Apr/2013:00:19:03 +0200] "GET / HTTP/1.0" 200 1229 "-" "Mozilla/5.0 (compatible; MJ12bot/v1.4.3; http://www.majestic12.co.uk/bot.php?+)"
5.9.7.208 - - [29/Apr/2013:00:52:20 +0200] "GET /robots.txt HTTP/1.0" 404 323 "-" "Mozilla/5.0 (compatible; MJ12bot/v1.4.3; http://www.majestic12.co.uk/bot.php?+)"
5.9.7.208 - - [29/Apr/2013:00:52:28 +0200] "GET / HTTP/1.0" 200 1229 "-" "Mozilla/5.0 (compatible; MJ12bot/v1.4.3; http://www.majestic12.co.uk/bot.php?+)"
5.9.7.208 - - [29/Apr/2013:01:25:56 +0200] "GET /robots.txt HTTP/1.0" 404 325 "-" "Mozilla/5.0 (compatible; MJ12bot/v1.4.3; http://www.majestic12.co.uk/bot.php?+)"
5.9.7.208 - - [29/Apr/2013:01:26:03 +0200] "GET / HTTP/1.0" 200 1229 "-" "Mozilla/5.0 (compatible; MJ12bot/v1.4.3; http://www.majestic12.co.uk/bot.php?+)"
198.20.69.74 - - [29/Apr/2013:01:26:17 +0200] "GET / HTTP/1.1" 200 1229 "-" "-"
198.20.69.74 - - [29/Apr/2013:01:26:18 +0200] "GET /robots.txt HTTP/1.1" 404 315 "-" "-"
157.55.35.88 - - [29/Apr/2013:02:01:55 +0200] "GET /robots.txt HTTP/1.1" 404 328 "-" "Mozilla/5.0 (compatible; bingbot/2.0; +http://www.bing.com/bingbot.htm)"
157.55.35.88 - - [29/Apr/2013:02:03:35 +0200] "GET / HTTP/1.1" 200 1229 "-" "Mozilla/5.0 (compatible; bingbot/2.0; +http://www.bing.com/bingbot.htm)"
204.12.198.106 - - [29/Apr/2013:03:16:50 +0200] "GET /robots.txt HTTP/1.0" 404 327 "-" "Mozilla/5.0 (compatible; MJ12bot/v1.4.3; http://www.majestic12.co.uk/bot.php?+)"
204.12.198.106 - - [29/Apr/2013:03:16:55 +0200] "GET / HTTP/1.0" 200 1229 "-" "Mozilla/5.0 (compatible; MJ12bot/v1.4.3; http://www.majestic12.co.uk/bot.php?+)"
5.9.7.208 - - [29/Apr/2013:03:56:05 +0200] "GET /robots.txt HTTP/1.0" 404 311 "-" "Mozilla/5.0 (compatible; MJ12bot/v1.4.3; http://www.majestic12.co.uk/bot.php?+)"
5.9.7.208 - - [29/Apr/2013:03:56:11 +0200] "GET /robots.txt HTTP/1.0" 404 311 "-" "Mozilla/5.0 (compatible; MJ12bot/v1.4.3; http://www.majestic12.co.uk/bot.php?+)"
5.9.7.208 - - [29/Apr/2013:03:56:22 +0200] "GET /0000009b240d42f09/index.html HTTP/1.0" 404 329 "-" "Mozilla/5.0 (compatible; MJ12bot/v1.4.3; http://www.majestic12.co.uk/bot.php?+)"
5.9.7.208 - - [29/Apr/2013:03:56:33 +0200] "GET /0000009b240dee501/index.html HTTP/1.0" 404 329 "-" "Mozilla/5.0 (compatible; MJ12bot/v1.4.3; http://www.majestic12.co.uk/bot.php?+)"
5.9.7.208 - - [29/Apr/2013:03:56:45 +0200] "GET /0000009b2c0ee3801/index.html HTTP/1.0" 404 329 "-" "Mozilla/5.0 (compatible; MJ12bot/v1.4.3; http://www.majestic12.co.uk/bot.php?+)"
5.9.7.208 - - [29/Apr/2013:03:56:54 +0200] "GET /000001985b0d93482/index.html HTTP/1.0" 404 329 "-" "Mozilla/5.0 (compatible; MJ12bot/v1.4.3; http://www.majestic12.co.uk/bot.php?+)"
5.9.7.208 - - [29/Apr/2013:03:57:07 +0200] "GET /000001985b0fc8f0b/index.html HTTP/1.0" 404 329 "-" "Mozilla/5.0 (compatible; MJ12bot/v1.4.3; http://www.majestic12.co.uk/bot.php?+)"
5.9.7.208 - - [29/Apr/2013:03:57:10 +0200] "GET /000001985c0868401/index.html HTTP/1.0" 404 329 "-" "Mozilla/5.0 (compatible; MJ12bot/v1.4.3; http://www.majestic12.co.uk/bot.php?+)"
5.9.7.208 - - [29/Apr/2013:03:57:14 +0200] "GET /000001986709fa002/index.html HTTP/1.0" 404 329 "-" "Mozilla/5.0 (compatible; MJ12bot/v1.4.3; http://www.majestic12.co.uk/bot.php?+)"
5.9.7.208 - - [29/Apr/2013:03:57:20 +0200] "GET /000001986b0d96f28/index.html HTTP/1.0" 404 329 "-" "Mozilla/5.0 (compatible; MJ12bot/v1.4.3; http://www.majestic12.co.uk/bot.php?+)"
94.102.51.246 - - [29/Apr/2013:04:09:13 +0200] "GET http://24x7-allrequestsallowed.com/?PHPSESSID=7jy745aa00143SSQJ_W_EFBF%5C%40 HTTP/1.1" 200 1229 "-" "Mozilla/5.0 (Windows NT 6.1; rv:16.0) Gecko/20100101 Firefox/16.0"
5.9.7.208 - - [29/Apr/2013:04:56:28 +0200] "GET /robots.txt HTTP/1.0" 404 320 "-" "Mozilla/5.0 (compatible; MJ12bot/v1.4.3; http://www.majestic12.co.uk/bot.php?+)"
5.9.7.208 - - [29/Apr/2013:04:56:35 +0200] "GET /2013/01/02/yogi-tee-grune-energie-ayurvedische-teemischung-biotee-lang-anhaltend-energetisierend-15-teebeutel-30g-rezensionen HTTP/1.0" 404 435 "-" "Mozilla/5.0 (compatible; MJ12bot/v1.4.3; http://www.majestic12.co.uk/bot.php?+)"
46.4.78.140 - - [29/Apr/2013:06:30:36 +0200] "GET / HTTP/1.0" 200 1229 "-" "Mozilla/5.0 (X11; U; Linux i686; de; rv:1.9.1.10) Gecko/20100622 Fedora/3.5.10-1.fc12 Firefox/3.5.10"
141.8.147.12 - - [29/Apr/2013:07:02:27 +0200] "GET /robots.txt HTTP/1.1" 404 333 "-" "Mozilla/5.0 (compatible; YandexBot/3.0; +http://yandex.com/bots)"
65.55.52.86 - - [29/Apr/2013:07:27:57 +0200] "GET /robots.txt HTTP/1.1" 404 337 "-" "Mozilla/5.0 (compatible; bingbot/2.0; +http://www.bing.com/bingbot.htm)"
65.55.52.86 - - [29/Apr/2013:07:29:16 +0200] "GET / HTTP/1.1" 200 1229 "-" "Mozilla/5.0 (compatible; bingbot/2.0; +http://www.bing.com/bingbot.htm)"
64.34.197.140 - - [29/Apr/2013:08:21:43 +0200] "GET / HTTP/1.0" 200 1229 "-" "-"
64.34.197.140 - - [29/Apr/2013:08:21:43 +0200] "GET / HTTP/1.0" 200 1229 "-" "-"
64.34.197.140 - - [29/Apr/2013:08:21:43 +0200] "GET / HTTP/1.0" 200 1229 "-" "-"
64.34.197.140 - - [29/Apr/2013:08:21:43 +0200] "GET / HTTP/1.0" 200 1229 "-" "-"
64.34.197.140 - - [29/Apr/2013:08:21:43 +0200] "GET / HTTP/1.0" 200 1229 "-" "-"
64.34.197.140 - - [29/Apr/2013:08:21:43 +0200] "GET / HTTP/1.0" 200 1229 "-" "-"
64.34.197.140 - - [29/Apr/2013:08:21:43 +0200] "GET / HTTP/1.0" 200 1229 "-" "-"
64.34.197.140 - - [29/Apr/2013:08:21:43 +0200] "GET / HTTP/1.0" 200 1229 "-" "-"
64.34.197.140 - - [29/Apr/2013:08:21:43 +0200] "GET / HTTP/1.0" 200 1229 "-" "-"
64.34.197.140 - - [29/Apr/2013:08:21:43 +0200] "GET / HTTP/1.0" 200 1229 "-" "-"
176.9.51.205 - - [29/Apr/2013:09:44:45 +0200] "GET /robots.txt HTTP/1.1" 404 320 "-" "Mozilla/5.0 (compatible; SISTRIX Crawler; http://crawler.sistrix.net/)"
176.9.51.205 - - [29/Apr/2013:09:44:46 +0200] "GET / HTTP/1.1" 200 1229 "-" "Mozilla/5.0 (compatible; SISTRIX Crawler; http://crawler.sistrix.net/)"
65.55.24.239 - - [29/Apr/2013:09:48:32 +0200] "GET /robots.txt HTTP/1.1" 404 320 "-" "Mozilla/5.0 (compatible; bingbot/2.0; +http://www.bing.com/bingbot.htm)"
194.153.113.7 - - [29/Apr/2013:09:49:25 +0200] "HEAD / HTTP/1.1" 200 - "-" "Mozilla/5.0 (compatible; oBot/2.3.1; +http://filterdb.iss.net/crawler/)"
65.55.24.239 - - [29/Apr/2013:09:50:47 +0200] "GET / HTTP/1.1" 200 1229 "-" "Mozilla/5.0 (compatible; bingbot/2.0; +http://www.bing.com/bingbot.htm)"
65.55.52.86 - - [29/Apr/2013:11:08:30 +0200] "GET /robots.txt HTTP/1.1" 404 337 "-" "Mozilla/5.0 (compatible; bingbot/2.0; +http://www.bing.com/bingbot.htm)"
65.55.52.86 - - [29/Apr/2013:11:09:49 +0200] "GET / HTTP/1.1" 200 1229 "-" "Mozilla/5.0 (compatible; bingbot/2.0; +http://www.bing.com/bingbot.htm)"
141.8.147.12 - - [29/Apr/2013:11:22:54 +0200] "GET / HTTP/1.1" 200 1229 "-" "Mozilla/5.0 (compatible; YandexBot/3.0; +http://yandex.com/bots)"
151.236.216.11 - - [29/Apr/2013:12:34:41 +0200] "GET / HTTP/1.1" 200 1229 "-" "Mozilla/5.0 (X11; Linux x86_64) AppleWebKit/537.1 (KHTML, like Gecko) Chrome/21.0.1180.75 Safari/537.1"
65.55.52.86 - - [29/Apr/2013:13:32:17 +0200] "GET /robots.txt HTTP/1.1" 404 337 "-" "Mozilla/5.0 (compatible; bingbot/2.0; +http://www.bing.com/bingbot.htm)"
65.55.52.86 - - [29/Apr/2013:13:33:50 +0200] "GET / HTTP/1.1" 200 1229 "-" "Mozilla/5.0 (compatible; bingbot/2.0; +http://www.bing.com/bingbot.htm)"
157.55.35.88 - - [29/Apr/2013:14:16:49 +0200] "GET /robots.txt HTTP/1.1" 404 328 "-" "Mozilla/5.0 (compatible; bingbot/2.0; +http://www.bing.com/bingbot.htm)"
157.55.35.88 - - [29/Apr/2013:14:18:16 +0200] "GET / HTTP/1.1" 200 1229 "-" "Mozilla/5.0 (compatible; bingbot/2.0; +http://www.bing.com/bingbot.htm)"
141.8.147.12 - - [29/Apr/2013:15:27:57 +0200] "GET /robots.txt HTTP/1.1" 404 320 "-" "Mozilla/5.0 (compatible; YandexBot/3.0; +http://yandex.com/bots)"
141.8.147.12 - - [29/Apr/2013:15:27:59 +0200] "GET / HTTP/1.1" 200 1229 "-" "Mozilla/5.0 (compatible; YandexBot/3.0; +http://yandex.com/bots)"
204.12.226.2 - - [29/Apr/2013:16:49:45 +0200] "GET /robots.txt HTTP/1.0" 404 320 "-" "Mozilla/5.0 (compatible; MJ12bot/v1.4.3; http://www.majestic12.co.uk/bot.php?+)"
204.12.226.2 - - [29/Apr/2013:16:49:48 +0200] "GET /Heizoel-Berlin.htm HTTP/1.0" 404 328 "-" "Mozilla/5.0 (compatible; MJ12bot/v1.4.3; http://www.majestic12.co.uk/bot.php?+)"
204.12.226.2 - - [29/Apr/2013:16:49:53 +0200] "GET /Heizoel.htm HTTP/1.0" 404 321 "-" "Mozilla/5.0 (compatible; MJ12bot/v1.4.3; http://www.majestic12.co.uk/bot.php?+)"
198.20.69.74 - - [29/Apr/2013:17:05:49 +0200] "GET / HTTP/1.1" 200 1229 "-" "-"
198.20.69.74 - - [29/Apr/2013:17:05:49 +0200] "GET /robots.txt HTTP/1.1" 404 315 "-" "-"
117.218.104.20 - - [29/Apr/2013:17:11:10 +0200] "HEAD / HTTP/1.0" 200 - "-" "-"
117.218.104.20 - - [29/Apr/2013:17:11:10 +0200] "HEAD / HTTP/1.0" 200 - "-" "-"
117.218.104.20 - - [29/Apr/2013:17:11:10 +0200] "HEAD / HTTP/1.0" 200 - "-" "-"
117.218.104.20 - - [29/Apr/2013:17:11:10 +0200] "HEAD / HTTP/1.0" 200 - "-" "-"
117.218.104.20 - - [29/Apr/2013:17:11:10 +0200] "HEAD / HTTP/1.0" 200 - "-" "-"
117.218.104.20 - - [29/Apr/2013:17:11:10 +0200] "HEAD / HTTP/1.0" 200 - "-" "-"
117.218.104.20 - - [29/Apr/2013:17:11:10 +0200] "HEAD / HTTP/1.0" 200 - "-" "-"
117.218.104.20 - - [29/Apr/2013:17:11:10 +0200] "HEAD / HTTP/1.0" 200 - "-" "-"
117.218.104.20 - - [29/Apr/2013:17:11:10 +0200] "HEAD / HTTP/1.0" 200 - "-" "-"
117.218.104.20 - - [29/Apr/2013:17:11:10 +0200] "HEAD / HTTP/1.0" 200 - "-" "-"
157.55.32.56 - - [29/Apr/2013:18:42:58 +0200] "GET /robots.txt HTTP/1.1" 404 322 "-" "Mozilla/5.0 (compatible; bingbot/2.0; +http://www.bing.com/bingbot.htm)"
157.55.32.56 - - [29/Apr/2013:18:44:58 +0200] "GET / HTTP/1.1" 200 1229 "-" "Mozilla/5.0 (compatible; bingbot/2.0; +http://www.bing.com/bingbot.htm)"
65.55.52.86 - - [29/Apr/2013:18:55:54 +0200] "GET /robots.txt HTTP/1.1" 404 337 "-" "Mozilla/5.0 (compatible; bingbot/2.0; +http://www.bing.com/bingbot.htm)"
65.55.52.86 - - [29/Apr/2013:18:58:39 +0200] "GET / HTTP/1.1" 200 1229 "-" "Mozilla/5.0 (compatible; bingbot/2.0; +http://www.bing.com/bingbot.htm)"
66.249.78.103 - - [29/Apr/2013:19:19:48 +0200] "GET /robots.txt HTTP/1.1" 404 329 "-" "Mozilla/5.0 (compatible; Googlebot/2.1; +http://www.google.com/bot.html)"
66.249.75.56 - - [29/Apr/2013:19:19:48 +0200] "GET / HTTP/1.1" 200 1229 "-" "Mozilla/5.0 (compatible; Googlebot/2.1; +http://www.google.com/bot.html)"
178.77.126.55 - - [29/Apr/2013:21:07:32 +0200] "GET /robots.txt HTTP/1.1" 404 320 "-" "Mozilla/5.0 (compatible; CareerBot/1.1; +http://www.career-x.de/bot.html)"
178.77.126.55 - - [29/Apr/2013:21:07:33 +0200] "GET / HTTP/1.1" 200 1229 "-" "Mozilla/5.0 (compatible; CareerBot/1.1; +http://www.career-x.de/bot.html)" 50.104.78.77.gransy.com - - [29/Apr/2013:21:33:09 +0200] "HEAD /server-status/ HTTP/1.0" 403 - "-" "-" 50.104.78.77.gransy.com - - [29/Apr/2013:21:33:09 +0200] "HEAD /server-status/ HTTP/1.0" 403 - "-" "-" 50.104.78.77.gransy.com - - [29/Apr/2013:21:33:09 +0200] "HEAD /server-status/ HTTP/1.0" 403 - "-" "-" 50.104.78.77.gransy.com - - [29/Apr/2013:21:33:09 +0200] "HEAD /server-status/ HTTP/1.0" 403 - "-" "-" 50.104.78.77.gransy.com - - [29/Apr/2013:21:33:09 +0200] "HEAD /server-status/ HTTP/1.0" 403 - "-" "-" 50.104.78.77.gransy.com - - [29/Apr/2013:21:33:09 +0200] "HEAD /server-status/ HTTP/1.0" 403 - "-" "-" 50.104.78.77.gransy.com - - [29/Apr/2013:21:33:09 +0200] "HEAD /server-status/ HTTP/1.0" 403 - "-" "-" 50.104.78.77.gransy.com - - [29/Apr/2013:21:33:09 +0200] "HEAD /server-status/ HTTP/1.0" 403 - "-" "-" 50.104.78.77.gransy.com - - [29/Apr/2013:21:33:10 +0200] "HEAD /server-status/ HTTP/1.0" 403 - "-" "-" 50.104.78.77.gransy.com - - [29/Apr/2013:21:33:10 +0200] "HEAD /server-status/ HTTP/1.0" 403 - "-" "-"
65.55.24.239 - - [29/Apr/2013:22:01:47 +0200] "GET /robots.txt HTTP/1.1" 404 320 "-" "Mozilla/5.0 (compatible; bingbot/2.0; +http://www.bing.com/bingbot.htm)"
65.55.24.239 - - [29/Apr/2013:22:03:08 +0200] "GET / HTTP/1.1" 200 1229 "-" "Mozilla/5.0 (compatible; bingbot/2.0; +http://www.bing.com/bingbot.htm)"
5.9.7.208 - - [29/Apr/2013:23:18:07 +0200] "GET /robots.txt HTTP/1.0" 404 328 "-" "Mozilla/5.0 (compatible; MJ12bot/v1.4.3; http://www.majestic12.co.uk/bot.php?+)"
5.9.7.208 - - [29/Apr/2013:23:18:09 +0200] "GET /seiten/impressum.htm HTTP/1.0" 404 338 "-" "Mozilla/5.0 (compatible; MJ12bot/v1.4.3; http://www.majestic12.co.uk/bot.php?+)"
5.9.7.208 - - [29/Apr/2013:23:18:11 +0200] "GET /seiten/main.htm HTTP/1.0" 404 333 "-" "Mozilla/5.0 (compatible; MJ12bot/v1.4.3; http://www.majestic12.co.uk/bot.php?+)"
5.9.7.208 - - [29/Apr/2013:23:18:21 +0200] "GET /seiten/schmier.htm HTTP/1.0" 404 336 "-" "Mozilla/5.0 (compatible; MJ12bot/v1.4.3; http://www.majestic12.co.uk/bot.php?+)"
5.9.7.208 - - [29/Apr/2013:23:18:25 +0200] "GET /robots.txt HTTP/1.0" 404 328 "-" "Mozilla/5.0 (compatible; MJ12bot/v1.4.3; http://www.majestic12.co.uk/bot.php?+)"
5.9.7.208 - - [29/Apr/2013:23:18:29 +0200] "GET /seiten/service.htm HTTP/1.0" 404 336 "-" "Mozilla/5.0 (compatible; MJ12bot/v1.4.3; http://www.majestic12.co.uk/bot.php?+)"
5.9.7.208 - - [29/Apr/2013:23:18:41 +0200] "GET /robots.txt HTTP/1.0" 404 328 "-" "Mozilla/5.0 (compatible; MJ12bot/v1.4.3; http://www.majestic12.co.uk/bot.php?+)"
5.9.7.208 - - [29/Apr/2013:23:18:46 +0200] "GET /seiten/spar.htm HTTP/1.0" 404 333 "-" "Mozilla/5.0 (compatible; MJ12bot/v1.4.3; http://www.majestic12.co.uk/bot.php?+)"
201.34.213.180 - - [30/Apr/2013:00:17:18 +0200] "HEAD / HTTP/1.0" 200 - "-" "-"
201.34.213.180 - - [30/Apr/2013:00:17:18 +0200] "HEAD / HTTP/1.0" 200 - "-" "-"
201.34.213.180 - - [30/Apr/2013:00:17:18 +0200] "HEAD / HTTP/1.0" 200 - "-" "-"
201.34.213.180 - - [30/Apr/2013:00:17:18 +0200] "HEAD / HTTP/1.0" 200 - "-" "-"
201.34.213.180 - - [30/Apr/2013:00:17:18 +0200] "HEAD / HTTP/1.0" 200 - "-" "-"
201.34.213.180 - - [30/Apr/2013:00:17:18 +0200] "HEAD / HTTP/1.0" 200 - "-" "-"
201.34.213.180 - - [30/Apr/2013:00:17:18 +0200] "HEAD / HTTP/1.0" 200 - "-" "-"
201.34.213.180 - - [30/Apr/2013:00:17:18 +0200] "HEAD / HTTP/1.0" 200 - "-" "-"
66.249.78.36 - - [30/Apr/2013:01:30:24 +0200] "GET /robots.txt HTTP/1.1" 404 333 "-" "Mozilla/5.0 (compatible; Googlebot/2.1; +http://www.google.com/bot.html)"
66.249.78.36 - - [30/Apr/2013:01:30:24 +0200] "GET / HTTP/1.1" 200 1229 "-" "Mozilla/5.0 (compatible; Googlebot/2.1; +http://www.google.com/bot.html)"
157.55.33.84 - - [30/Apr/2013:02:12:35 +0200] "GET /robots.txt HTTP/1.1" 404 322 "-" "Mozilla/5.0 (compatible; bingbot/2.0; +http://www.bing.com/bingbot.htm)"
157.55.33.84 - - [30/Apr/2013:02:16:16 +0200] "GET / HTTP/1.1" 200 1229 "-" "Mozilla/5.0 (compatible; bingbot/2.0; +http://www.bing.com/bingbot.htm)"
157.55.35.88 - - [30/Apr/2013:02:22:37 +0200] "GET /robots.txt HTTP/1.1" 404 328 "-" "Mozilla/5.0 (compatible; bingbot/2.0; +http://www.bing.com/bingbot.htm)"
157.55.35.88 - - [30/Apr/2013:02:24:43 +0200] "GET / HTTP/1.1" 200 1229 "-" "Mozilla/5.0 (compatible; bingbot/2.0; +http://www.bing.com/bingbot.htm)"
5.9.7.208 - - [30/Apr/2013:02:35:13 +0200] "GET /robots.txt HTTP/1.0" 404 320 "-" "Mozilla/5.0 (compatible; MJ12bot/v1.4.3; http://www.majestic12.co.uk/bot.php?+)"
5.9.7.208 - - [30/Apr/2013:02:35:19 +0200] "GET / HTTP/1.0" 200 1229 "-" "Mozilla/5.0 (compatible; MJ12bot/v1.4.3; http://www.majestic12.co.uk/bot.php?+)"
157.56.93.50 - - [30/Apr/2013:03:31:20 +0200] "GET /robots.txt HTTP/1.1" 404 332 "-" "Mozilla/5.0 (compatible; bingbot/2.0; +http://www.bing.com/bingbot.htm)"
157.56.93.50 - - [30/Apr/2013:03:33:04 +0200] "GET / HTTP/1.1" 200 1229 "-" "Mozilla/5.0 (compatible; bingbot/2.0; +http://www.bing.com/bingbot.htm)"
66.249.78.165 - - [30/Apr/2013:06:53:21 +0200] "GET /robots.txt HTTP/1.1" 404 315 "-" "Mozilla/5.0 (compatible; Googlebot/2.1; +http://www.google.com/bot.html)"
66.249.78.165 - - [30/Apr/2013:06:53:21 +0200] "GET / HTTP/1.1" 200 1229 "-" "Mozilla/5.0 (compatible; Googlebot/2.1; +http://www.google.com/bot.html)"
141.8.147.12 - - [30/Apr/2013:07:00:03 +0200] "GET /robots.txt HTTP/1.1" 404 327 "-" "Mozilla/5.0 (compatible; YandexBot/3.0; +http://yandex.com/bots)"
65.55.52.86 - - [30/Apr/2013:07:02:32 +0200] "GET /robots.txt HTTP/1.1" 404 337 "-" "Mozilla/5.0 (compatible; bingbot/2.0; +http://www.bing.com/bingbot.htm)"
65.55.52.86 - - [30/Apr/2013:07:04:32 +0200] "GET / HTTP/1.1" 200 1229 "-" "Mozilla/5.0 (compatible; bingbot/2.0; +http://www.bing.com/bingbot.htm)"
217.7.17.164 - - [30/Apr/2013:09:43:14 +0200] "GET /css/style.css HTTP/1.1" 400 5544 "http://www.prokommunal.com/" "-"
65.55.24.239 - - [30/Apr/2013:10:20:28 +0200] "GET /robots.txt HTTP/1.1" 404 320 "-" "Mozilla/5.0 (compatible; bingbot/2.0; +http://www.bing.com/bingbot.htm)"
65.55.24.239 - - [30/Apr/2013:10:22:58 +0200] "GET / HTTP/1.1" 200 1229 "-" "Mozilla/5.0 (compatible; bingbot/2.0; +http://www.bing.com/bingbot.htm)"
192.95.62.135 - - [30/Apr/2013:11:26:14 +0200] "GET //wp-login.php HTTP/1.1" 404 317 "-" "Mozilla/5.0 (X11; U; Linux i686; pt-BR; rv:1.9.0.15) Gecko/2009102815 Ubuntu/9.04 (jaunty) Firefox/3.0.15"
192.95.62.135 - - [30/Apr/2013:11:26:14 +0200] "GET //wp-login.php HTTP/1.1" 404 317 "-" "Mozilla/5.0 (X11; U; Linux i686; pt-BR; rv:1.9.0.15) Gecko/2009102815 Ubuntu/9.04 (jaunty) Firefox/3.0.15"
192.95.62.135 - - [30/Apr/2013:11:26:14 +0200] "GET /blog//wp-login.php HTTP/1.1" 404 323 "-" "Mozilla/5.0 (X11; U; Linux i686; pt-BR; rv:1.9.0.15) Gecko/2009102815 Ubuntu/9.04 (jaunty) Firefox/3.0.15"
192.95.62.135 - - [30/Apr/2013:11:26:15 +0200] "GET /blog//wp-login.php HTTP/1.1" 404 323 "-" "Mozilla/5.0 (X11; U; Linux i686; pt-BR; rv:1.9.0.15) Gecko/2009102815 Ubuntu/9.04 (jaunty) Firefox/3.0.15"
192.95.62.135 - - [30/Apr/2013:11:26:15 +0200] "GET /wordpress//wp-login.php HTTP/1.1" 404 328 "-" "Mozilla/5.0 (X11; U; Linux i686; pt-BR; rv:1.9.0.15) Gecko/2009102815 Ubuntu/9.04 (jaunty) Firefox/3.0.15"
192.95.62.135 - - [30/Apr/2013:11:26:15 +0200] "GET /wordpress//wp-login.php HTTP/1.1" 404 328 "-" "Mozilla/5.0 (X11; U; Linux i686; pt-BR; rv:1.9.0.15) Gecko/2009102815 Ubuntu/9.04 (jaunty) Firefox/3.0.15"
192.95.62.135 - - [30/Apr/2013:11:26:15 +0200] "GET //wp-login.php HTTP/1.1" 404 317 "-" "Mozilla/5.0 (X11; U; Linux i686; pt-BR; rv:1.9.0.15) Gecko/2009102815 Ubuntu/9.04 (jaunty) Firefox/3.0.15"
192.95.62.135 - - [30/Apr/2013:11:26:15 +0200] "GET /wp//wp-login.php HTTP/1.1" 404 321 "-" "Mozilla/5.0 (X11; U; Linux i686; pt-BR; rv:1.9.0.15) Gecko/2009102815 Ubuntu/9.04 (jaunty) Firefox/3.0.15"
192.95.62.135 - - [30/Apr/2013:11:26:15 +0200] "GET /wp//wp-login.php HTTP/1.1" 404 321 "-" "Mozilla/5.0 (X11; U; Linux i686; pt-BR; rv:1.9.0.15) Gecko/2009102815 Ubuntu/9.04 (jaunty) Firefox/3.0.15"
192.95.62.135 - - [30/Apr/2013:11:26:15 +0200] "GET /blog//wp-login.php HTTP/1.1" 404 323 "-" "Mozilla/5.0 (X11; U; Linux i686; pt-BR; rv:1.9.0.15) Gecko/2009102815 Ubuntu/9.04 (jaunty) Firefox/3.0.15"
192.95.62.135 - - [30/Apr/2013:11:26:15 +0200] "GET /wordpress//wp-login.php HTTP/1.1" 404 328 "-" "Mozilla/5.0 (X11; U; Linux i686; pt-BR; rv:1.9.0.15) Gecko/2009102815 Ubuntu/9.04 (jaunty) Firefox/3.0.15"
192.95.62.135 - - [30/Apr/2013:11:26:15 +0200] "GET /wp//wp-login.php HTTP/1.1" 404 321 "-" "Mozilla/5.0 (X11; U; Linux i686; pt-BR; rv:1.9.0.15) Gecko/2009102815 Ubuntu/9.04 (jaunty) Firefox/3.0.15"
192.95.62.135 - - [30/Apr/2013:11:26:17 +0200] "GET //wp-login.php HTTP/1.1" 404 317 "-" "Mozilla/5.0 (X11; U; Linux i686; pt-BR; rv:1.9.0.15) Gecko/2009102815 Ubuntu/9.04 (jaunty) Firefox/3.0.15"
192.95.62.135 - - [30/Apr/2013:11:26:17 +0200] "GET /blog//wp-login.php HTTP/1.1" 404 323 "-" "Mozilla/5.0 (X11; U; Linux i686; pt-BR; rv:1.9.0.15) Gecko/2009102815 Ubuntu/9.04 (jaunty) Firefox/3.0.15"
192.95.62.135 - - [30/Apr/2013:11:26:17 +0200] "GET /wordpress//wp-login.php HTTP/1.1" 404 328 "-" "Mozilla/5.0 (X11; U; Linux i686; pt-BR; rv:1.9.0.15) Gecko/2009102815 Ubuntu/9.04 (jaunty) Firefox/3.0.15"
192.95.62.135 - - [30/Apr/2013:11:26:17 +0200] "GET /wp//wp-login.php HTTP/1.1" 404 321 "-" "Mozilla/5.0 (X11; U; Linux i686; pt-BR; rv:1.9.0.15) Gecko/2009102815 Ubuntu/9.04 (jaunty) Firefox/3.0.15"
192.95.62.135 - - [30/Apr/2013:11:26:18 +0200] "GET //wp-login.php HTTP/1.1" 404 317 "-" "Mozilla/5.0 (X11; U; Linux i686; pt-BR; rv:1.9.0.15) Gecko/2009102815 Ubuntu/9.04 (jaunty) Firefox/3.0.15"
192.95.62.135 - - [30/Apr/2013:11:26:18 +0200] "GET /blog//wp-login.php HTTP/1.1" 404 323 "-" "Mozilla/5.0 (X11; U; Linux i686; pt-BR; rv:1.9.0.15) Gecko/2009102815 Ubuntu/9.04 (jaunty) Firefox/3.0.15"
192.95.62.135 - - [30/Apr/2013:11:26:18 +0200] "GET /wordpress//wp-login.php HTTP/1.1" 404 328 "-" "Mozilla/5.0 (X11; U; Linux i686; pt-BR; rv:1.9.0.15) Gecko/2009102815 Ubuntu/9.04 (jaunty) Firefox/3.0.15"
192.95.62.135 - - [30/Apr/2013:11:26:19 +0200] "GET /wp//wp-login.php HTTP/1.1" 404 321 "-" "Mozilla/5.0 (X11; U; Linux i686; pt-BR; rv:1.9.0.15) Gecko/2009102815 Ubuntu/9.04 (jaunty) Firefox/3.0.15"
192.95.62.135 - - [30/Apr/2013:11:26:19 +0200] "GET //wp-login.php HTTP/1.1" 404 317 "-" "Mozilla/5.0 (X11; U; Linux i686; pt-BR; rv:1.9.0.15) Gecko/2009102815 Ubuntu/9.04 (jaunty) Firefox/3.0.15"
192.95.62.135 - - [30/Apr/2013:11:26:20 +0200] "GET /blog//wp-login.php HTTP/1.1" 404 323 "-" "Mozilla/5.0 (X11; U; Linux i686; pt-BR; rv:1.9.0.15) Gecko/2009102815 Ubuntu/9.04 (jaunty) Firefox/3.0.15"
192.95.62.135 - - [30/Apr/2013:11:26:20 +0200] "GET /wordpress//wp-login.php HTTP/1.1" 404 328 "-" "Mozilla/5.0 (X11; U; Linux i686; pt-BR; rv:1.9.0.15) Gecko/2009102815 Ubuntu/9.04 (jaunty) Firefox/3.0.15"
192.95.62.135 - - [30/Apr/2013:11:26:20 +0200] "GET /wp//wp-login.php HTTP/1.1" 404 321 "-" "Mozilla/5.0 (X11; U; Linux i686; pt-BR; rv:1.9.0.15) Gecko/2009102815 Ubuntu/9.04 (jaunty) Firefox/3.0.15"
192.95.62.135 - - [30/Apr/2013:11:26:21 +0200] "GET //wp-login.php HTTP/1.1" 404 317 "-" "Mozilla/5.0 (X11; U; Linux i686; pt-BR; rv:1.9.0.15) Gecko/2009102815 Ubuntu/9.04 (jaunty) Firefox/3.0.15"
192.95.62.135 - - [30/Apr/2013:11:26:21 +0200] "GET /blog//wp-login.php HTTP/1.1" 404 323 "-" "Mozilla/5.0 (X11; U; Linux i686; pt-BR; rv:1.9.0.15) Gecko/2009102815 Ubuntu/9.04 (jaunty) Firefox/3.0.15"
192.95.62.135 - - [30/Apr/2013:11:26:21 +0200] "GET /wordpress//wp-login.php HTTP/1.1" 404 328 "-" "Mozilla/5.0 (X11; U; Linux i686; pt-BR; rv:1.9.0.15) Gecko/2009102815 Ubuntu/9.04 (jaunty) Firefox/3.0.15"
192.95.62.135 - - [30/Apr/2013:11:26:22 +0200] "GET /wp//wp-login.php HTTP/1.1" 404 321 "-" "Mozilla/5.0 (X11; U; Linux i686; pt-BR; rv:1.9.0.15) Gecko/2009102815 Ubuntu/9.04 (jaunty) Firefox/3.0.15"
192.95.62.135 - - [30/Apr/2013:11:26:22 +0200] "GET //wp-login.php HTTP/1.1" 404 317 "-" "Mozilla/5.0 (X11; U; Linux i686; pt-BR; rv:1.9.0.15) Gecko/2009102815 Ubuntu/9.04 (jaunty) Firefox/3.0.15"
192.95.62.135 - - [30/Apr/2013:11:26:23 +0200] "GET /blog//wp-login.php HTTP/1.1" 404 323 "-" "Mozilla/5.0 (X11; U; Linux i686; pt-BR; rv:1.9.0.15) Gecko/2009102815 Ubuntu/9.04 (jaunty) Firefox/3.0.15"
192.95.62.135 - - [30/Apr/2013:11:26:23 +0200] "GET /wordpress//wp-login.php HTTP/1.1" 404 328 "-" "Mozilla/5.0 (X11; U; Linux i686; pt-BR; rv:1.9.0.15) Gecko/2009102815 Ubuntu/9.04 (jaunty) Firefox/3.0.15"
192.95.62.135 - - [30/Apr/2013:11:26:23 +0200] "GET /wp//wp-login.php HTTP/1.1" 404 321 "-" "Mozilla/5.0 (X11; U; Linux i686; pt-BR; rv:1.9.0.15) Gecko/2009102815 Ubuntu/9.04 (jaunty) Firefox/3.0.15"
192.95.62.135 - - [30/Apr/2013:11:26:24 +0200] "GET //wp-login.php HTTP/1.1" 404 317 "-" "Mozilla/5.0 (X11; U; Linux i686; pt-BR; rv:1.9.0.15) Gecko/2009102815 Ubuntu/9.04 (jaunty) Firefox/3.0.15"
192.95.62.135 - - [30/Apr/2013:11:26:24 +0200] "GET /blog//wp-login.php HTTP/1.1" 404 323 "-" "Mozilla/5.0 (X11; U; Linux i686; pt-BR; rv:1.9.0.15) Gecko/2009102815 Ubuntu/9.04 (jaunty) Firefox/3.0.15"
192.95.62.135 - - [30/Apr/2013:11:26:24 +0200] "GET /wordpress//wp-login.php HTTP/1.1" 404 328 "-" "Mozilla/5.0 (X11; U; Linux i686; pt-BR; rv:1.9.0.15) Gecko/2009102815 Ubuntu/9.04 (jaunty) Firefox/3.0.15"
192.95.62.135 - - [30/Apr/2013:11:26:24 +0200] "GET /wp//wp-login.php HTTP/1.1" 404 321 "-" "Mozilla/5.0 (X11; U; Linux i686; pt-BR; rv:1.9.0.15) Gecko/2009102815 Ubuntu/9.04 (jaunty) Firefox/3.0.15"
192.95.62.135 - - [30/Apr/2013:11:26:31 +0200] "GET //wp-login.php HTTP/1.1" 404 317 "-" "Mozilla/5.0 (X11; U; Linux i686; pt-BR; rv:1.9.0.15) Gecko/2009102815 Ubuntu/9.04 (jaunty) Firefox/3.0.15"
192.95.62.135 - - [30/Apr/2013:11:26:31 +0200] "GET /blog//wp-login.php HTTP/1.1" 404 323 "-" "Mozilla/5.0 (X11; U; Linux i686; pt-BR; rv:1.9.0.15) Gecko/2009102815 Ubuntu/9.04 (jaunty) Firefox/3.0.15"
192.95.62.135 - - [30/Apr/2013:11:26:31 +0200] "GET /wordpress//wp-login.php HTTP/1.1" 404 328 "-" "Mozilla/5.0 (X11; U; Linux i686; pt-BR; rv:1.9.0.15) Gecko/2009102815 Ubuntu/9.04 (jaunty) Firefox/3.0.15"
192.95.62.135 - - [30/Apr/2013:11:26:32 +0200] "GET /wp//wp-login.php HTTP/1.1" 404 321 "-" "Mozilla/5.0 (X11; U; Linux i686; pt-BR; rv:1.9.0.15) Gecko/2009102815 Ubuntu/9.04 (jaunty) Firefox/3.0.15"
198.20.70.114 - - [30/Apr/2013:11:27:48 +0200] "GET / HTTP/1.1" 200 1229 "-" "-"
198.20.70.114 - - [30/Apr/2013:11:27:48 +0200] "GET /robots.txt HTTP/1.1" 404 315 "-" "-"
157.55.33.84 - - [30/Apr/2013:12:12:13 +0200] "GET /robots.txt HTTP/1.1" 404 322 "-" "Mozilla/5.0 (compatible; bingbot/2.0; +http://www.bing.com/bingbot.htm)"
157.55.33.84 - - [30/Apr/2013:12:13:56 +0200] "GET / HTTP/1.1" 200 1229 "-" "Mozilla/5.0 (compatible; bingbot/2.0; +http://www.bing.com/bingbot.htm)"
141.8.147.12 - - [30/Apr/2013:13:46:04 +0200] "GET /robots.txt HTTP/1.1" 404 320 "-" "Mozilla/5.0 (compatible; YandexBot/3.0; +http://yandex.com/bots)"
141.8.147.12 - - [30/Apr/2013:13:46:07 +0200] "GET / HTTP/1.1" 200 1229 "-" "Mozilla/5.0 (compatible; YandexBot/3.0; +http://yandex.com/bots)"
106.187.102.138 - - [30/Apr/2013:13:47:43 +0200] "GET / HTTP/1.1" 200 1229 "-" "Mozilla/5.0 (X11; Linux x86_64) AppleWebKit/537.1 (KHTML, like Gecko) Chrome/21.0.1180.75 Safari/537.1"
157.55.35.88 - - [30/Apr/2013:14:08:04 +0200] "GET /robots.txt HTTP/1.1" 404 328 "-" "Mozilla/5.0 (compatible; bingbot/2.0; +http://www.bing.com/bingbot.htm)"
157.55.35.88 - - [30/Apr/2013:14:09:32 +0200] "GET / HTTP/1.1" 200 1229 "-" "Mozilla/5.0 (compatible; bingbot/2.0; +http://www.bing.com/bingbot.htm)"
66.249.78.165 - - [30/Apr/2013:14:11:50 +0200] "GET /robots.txt HTTP/1.1" 404 315 "-" "Mozilla/5.0 (compatible; Googlebot/2.1; +http://www.google.com/bot.html)"
66.249.78.165 - - [30/Apr/2013:14:11:51 +0200] "GET / HTTP/1.1" 200 1229 "-" "Mozilla/5.0 (compatible; Googlebot/2.1; +http://www.google.com/bot.html)"
141.8.147.12 - - [30/Apr/2013:16:49:56 +0200] "GET / HTTP/1.1" 200 1229 "-" "Mozilla/5.0 (compatible; YandexBot/3.0; +http://yandex.com/bots)"
198.20.70.114 - - [30/Apr/2013:17:56:06 +0200] "GET / HTTP/1.1" 200 1229 "-" "-"
198.20.70.114 - - [30/Apr/2013:17:56:07 +0200] "GET /robots.txt HTTP/1.1" 404 315 "-" "-"
176.9.148.197 - - [30/Apr/2013:18:02:20 +0200] "GET /robots.txt HTTP/1.1" 404 320 "-" "Mozilla/5.0 (compatible; SISTRIX Crawler; http://crawler.sistrix.net/)"
176.9.148.197 - - [30/Apr/2013:18:02:21 +0200] "GET / HTTP/1.1" 200 1229 "-" "Mozilla/5.0 (compatible; SISTRIX Crawler; http://crawler.sistrix.net/)"
157.55.33.84 - - [30/Apr/2013:19:28:19 +0200] "GET /robots.txt HTTP/1.1" 404 322 "-" "Mozilla/5.0 (compatible; bingbot/2.0; +http://www.bing.com/bingbot.htm)"
157.55.33.84 - - [30/Apr/2013:19:30:06 +0200] "GET / HTTP/1.1" 200 1229 "-" "Mozilla/5.0 (compatible; bingbot/2.0; +http://www.bing.com/bingbot.htm)"
173.199.116.83 - - [30/Apr/2013:22:45:29 +0200] "GET / HTTP/1.1" 200 1229 "-" "Mozilla/5.0 (compatible; AhrefsBot/4.0; +http://ahrefs.com/robot/)"