198.20.69.74 - - [24/Apr/2013:19:32:50 +0200] "GET / HTTP/1.1" 200 1229 "-" "-"
198.20.69.74 - - [24/Apr/2013:19:32:50 +0200] "GET /robots.txt HTTP/1.1" 404 315 "-" "-"
178.77.126.55 - - [24/Apr/2013:20:09:40 +0200] "GET /robots.txt HTTP/1.1" 404 320 "-" "Mozilla/5.0 (compatible; CareerBot/1.1; +http://www.career-x.de/bot.html)"
178.77.126.55 - - [24/Apr/2013:20:09:40 +0200] "GET / HTTP/1.1" 200 1229 "-" "Mozilla/5.0 (compatible; CareerBot/1.1; +http://www.career-x.de/bot.html)"
94.102.51.246 - - [24/Apr/2013:21:32:33 +0200] "GET http://24x7-allrequestsallowed.com/?PHPSESSID=7jy745aa00143SSQJ_W_EFBF%5CO HTTP/1.1" 200 1229 "-" "Mozilla/5.0 (Windows NT 6.1; rv:16.0) Gecko/20100101 Firefox/16.0"
65.55.24.239 - - [24/Apr/2013:22:23:12 +0200] "GET /robots.txt HTTP/1.1" 404 320 "-" "Mozilla/5.0 (compatible; bingbot/2.0; +http://www.bing.com/bingbot.htm)"
65.55.24.239 - - [24/Apr/2013:22:24:35 +0200] "GET / HTTP/1.1" 200 1229 "-" "Mozilla/5.0 (compatible; bingbot/2.0; +http://www.bing.com/bingbot.htm)"
183.82.49.252 - - [24/Apr/2013:23:33:39 +0200] "HEAD /manager/status HTTP/1.1" 404 - "-" "Java/1.6.0_19"
183.82.49.252 - - [24/Apr/2013:23:33:42 +0200] "HEAD /manager/status HTTP/1.1" 404 - "-" "Java/1.6.0_19"
183.82.49.252 - - [24/Apr/2013:23:33:45 +0200] "HEAD /manager/status HTTP/1.1" 404 - "-" "Java/1.6.0_19"
183.82.49.252 - - [24/Apr/2013:23:33:47 +0200] "HEAD /manager/status HTTP/1.1" 404 - "-" "Java/1.6.0_19"
183.82.49.252 - - [24/Apr/2013:23:33:50 +0200] "HEAD /manager/status HTTP/1.1" 404 - "-" "Java/1.6.0_19"
183.82.49.252 - - [24/Apr/2013:23:33:52 +0200] "HEAD /manager/status HTTP/1.1" 404 - "-" "Java/1.6.0_19"
183.82.49.252 - - [24/Apr/2013:23:33:55 +0200] "HEAD /manager/status HTTP/1.1" 404 - "-" "Java/1.6.0_19"
183.82.49.252 - - [24/Apr/2013:23:33:57 +0200] "HEAD /manager/status HTTP/1.1" 404 - "-" "Java/1.6.0_19"
183.82.49.252 - - [24/Apr/2013:23:34:00 +0200] "HEAD /manager/status HTTP/1.1" 404 - "-" "Java/1.6.0_19"
183.82.49.252 - - [24/Apr/2013:23:34:03 +0200] "HEAD /manager/status HTTP/1.1" 404 - "-" "Java/1.6.0_19"
157.56.93.71 - - [25/Apr/2013:00:19:47 +0200] "GET /robots.txt HTTP/1.1" 404 320 "-" "Mozilla/5.0 (compatible; bingbot/2.0; +http://www.bing.com/bingbot.htm)"
157.56.93.71 - - [25/Apr/2013:00:21:08 +0200] "GET /Heizoel-Berlin.html HTTP/1.1" 404 329 "-" "Mozilla/5.0 (compatible; bingbot/2.0; +http://www.bing.com/bingbot.htm)"
198.20.69.74 - - [25/Apr/2013:01:03:46 +0200] "GET / HTTP/1.1" 200 1229 "-" "-"
198.20.69.74 - - [25/Apr/2013:01:03:47 +0200] "GET /robots.txt HTTP/1.1" 404 315 "-" "-"
173.208.165.194 - - [25/Apr/2013:01:36:31 +0200] "GET /robots.txt HTTP/1.0" 404 320 "-" "Mozilla/5.0 (compatible; MJ12bot/v1.4.3; http://www.majestic12.co.uk/bot.php?+)"
173.208.165.194 - - [25/Apr/2013:01:36:33 +0200] "GET / HTTP/1.0" 200 1229 "-" "Mozilla/5.0 (compatible; MJ12bot/v1.4.3; http://www.majestic12.co.uk/bot.php?+)"
5.9.107.48 - - [25/Apr/2013:01:41:10 +0200] "GET /robots.txt HTTP/1.0" 404 320 "-" "Mozilla/5.0 (compatible; MJ12bot/v1.4.3; http://www.majestic12.co.uk/bot.php?+)"
5.9.107.48 - - [25/Apr/2013:01:41:11 +0200] "GET / HTTP/1.0" 200 1229 "-" "Mozilla/5.0 (compatible; MJ12bot/v1.4.3; http://www.majestic12.co.uk/bot.php?+)"
204.12.208.218 - - [25/Apr/2013:03:23:52 +0200] "GET /robots.txt HTTP/1.0" 404 320 "-" "Mozilla/5.0 (compatible; MJ12bot/v1.4.3; http://www.majestic12.co.uk/bot.php?+)"
204.12.208.218 - - [25/Apr/2013:03:23:54 +0200] "GET / HTTP/1.0" 200 1229 "-" "Mozilla/5.0 (compatible; MJ12bot/v1.4.3; http://www.majestic12.co.uk/bot.php?+)"
69.30.242.234 - - [25/Apr/2013:03:26:58 +0200] "GET /robots.txt HTTP/1.0" 404 320 "-" "Mozilla/5.0 (compatible; MJ12bot/v1.4.3; http://www.majestic12.co.uk/bot.php?+)"
69.30.242.234 - - [25/Apr/2013:03:26:59 +0200] "GET / HTTP/1.0" 200 1229 "-" "Mozilla/5.0 (compatible; MJ12bot/v1.4.3; http://www.majestic12.co.uk/bot.php?+)"
178.255.215.64 - - [25/Apr/2013:04:18:53 +0200] "GET /robots.txt HTTP/1.1" 404 322 "-" "Mozilla/5.0 (compatible; Exabot/3.0; +http://www.exabot.com/go/robot)"
178.255.215.64 - - [25/Apr/2013:04:18:53 +0200] "GET / HTTP/1.1" 304 - "-" "Mozilla/5.0 (compatible; Exabot/3.0; +http://www.exabot.com/go/robot)"
176.9.148.194 - - [25/Apr/2013:04:56:13 +0200] "GET /robots.txt HTTP/1.1" 404 337 "-" "Mozilla/5.0 (compatible; SISTRIX Crawler; http://crawler.sistrix.net/)"
176.9.148.194 - - [25/Apr/2013:04:56:13 +0200] "GET / HTTP/1.1" 200 1229 "-" "Mozilla/5.0 (compatible; SISTRIX Crawler; http://crawler.sistrix.net/)"
5.9.107.48 - - [25/Apr/2013:05:03:52 +0200] "GET /robots.txt HTTP/1.0" 404 320 "-" "Mozilla/5.0 (compatible; MJ12bot/v1.4.3; http://www.majestic12.co.uk/bot.php?+)"
5.9.107.48 - - [25/Apr/2013:05:03:55 +0200] "GET / HTTP/1.0" 200 1229 "-" "Mozilla/5.0 (compatible; MJ12bot/v1.4.3; http://www.majestic12.co.uk/bot.php?+)"
65.55.24.239 - - [25/Apr/2013:05:31:58 +0200] "GET /robots.txt HTTP/1.1" 404 320 "-" "Mozilla/5.0 (compatible; bingbot/2.0; +http://www.bing.com/bingbot.htm)"
65.55.24.239 - - [25/Apr/2013:05:33:10 +0200] "GET / HTTP/1.1" 200 1229 "-" "Mozilla/5.0 (compatible; bingbot/2.0; +http://www.bing.com/bingbot.htm)"
5.9.7.208 - - [25/Apr/2013:06:39:27 +0200] "GET /robots.txt HTTP/1.0" 404 320 "-" "Mozilla/5.0 (compatible; MJ12bot/v1.4.3; http://www.majestic12.co.uk/bot.php?+)"
5.9.7.208 - - [25/Apr/2013:06:39:32 +0200] "GET / HTTP/1.0" 200 1229 "-" "Mozilla/5.0 (compatible; MJ12bot/v1.4.3; http://www.majestic12.co.uk/bot.php?+)"
198.20.69.74 - - [25/Apr/2013:07:04:07 +0200] "GET / HTTP/1.1" 200 1229 "-" "-"
198.20.69.74 - - [25/Apr/2013:07:04:08 +0200] "GET /robots.txt HTTP/1.1" 404 315 "-" "-"
204.12.198.106 - - [25/Apr/2013:07:16:42 +0200] "GET /robots.txt HTTP/1.0" 404 320 "-" "Mozilla/5.0 (compatible; MJ12bot/v1.4.3; http://www.majestic12.co.uk/bot.php?+)"
204.12.198.106 - - [25/Apr/2013:07:16:44 +0200] "GET / HTTP/1.0" 200 1229 "-" "Mozilla/5.0 (compatible; MJ12bot/v1.4.3; http://www.majestic12.co.uk/bot.php?+)"
157.56.93.194 - - [25/Apr/2013:08:16:53 +0200] "GET /robots.txt HTTP/1.1" 404 322 "-" "Mozilla/5.0 (compatible; bingbot/2.0; +http://www.bing.com/bingbot.htm)"
157.56.93.194 - - [25/Apr/2013:08:18:35 +0200] "GET /kontakt.htm HTTP/1.1" 404 323 "-" "Mozilla/5.0 (compatible; bingbot/2.0; +http://www.bing.com/bingbot.htm)"
141.8.147.12 - - [25/Apr/2013:08:43:43 +0200] "GET /robots.txt HTTP/1.1" 404 320 "-" "Mozilla/5.0 (compatible; YandexBot/3.0; +http://yandex.com/bots)"
77.88.24.28 - - [25/Apr/2013:08:43:46 +0200] "GET / HTTP/1.1" 200 1229 "-" "Mozilla/5.0 (compatible; YandexBot/3.0; +http://yandex.com/bots)"
5.9.7.208 - - [25/Apr/2013:10:07:10 +0200] "GET /robots.txt HTTP/1.0" 404 320 "-" "Mozilla/5.0 (compatible; MJ12bot/v1.4.3; http://www.majestic12.co.uk/bot.php?+)"
5.9.7.208 - - [25/Apr/2013:10:07:15 +0200] "GET / HTTP/1.0" 200 1229 "-" "Mozilla/5.0 (compatible; MJ12bot/v1.4.3; http://www.majestic12.co.uk/bot.php?+)"
5.9.7.208 - - [25/Apr/2013:10:39:55 +0200] "GET /robots.txt HTTP/1.0" 404 320 "-" "Mozilla/5.0 (compatible; MJ12bot/v1.4.3; http://www.majestic12.co.uk/bot.php?+)"
5.9.7.208 - - [25/Apr/2013:10:39:57 +0200] "GET / HTTP/1.0" 200 1229 "-" "Mozilla/5.0 (compatible; MJ12bot/v1.4.3; http://www.majestic12.co.uk/bot.php?+)"
173.208.180.58 - - [25/Apr/2013:11:07:43 +0200] "GET /robots.txt HTTP/1.0" 404 320 "-" "Mozilla/5.0 (compatible; MJ12bot/v1.4.3; http://www.majestic12.co.uk/bot.php?+)"
173.208.180.58 - - [25/Apr/2013:11:07:46 +0200] "GET / HTTP/1.0" 200 1229 "-" "Mozilla/5.0 (compatible; MJ12bot/v1.4.3; http://www.majestic12.co.uk/bot.php?+)"
141.8.147.12 - - [25/Apr/2013:12:10:44 +0200] "GET /robots.txt HTTP/1.1" 404 337 "-" "Mozilla/5.0 (compatible; YandexBot/3.0; +http://yandex.com/bots)"
198.20.69.74 - - [25/Apr/2013:16:17:08 +0200] "GET / HTTP/1.1" 200 1229 "-" "-"
198.20.69.74 - - [25/Apr/2013:16:17:09 +0200] "GET /robots.txt HTTP/1.1" 404 315 "-" "-"
173.208.180.58 - - [25/Apr/2013:16:31:11 +0200] "GET /robots.txt HTTP/1.0" 404 320 "-" "Mozilla/5.0 (compatible; MJ12bot/v1.4.3; http://www.majestic12.co.uk/bot.php?+)"
173.208.180.58 - - [25/Apr/2013:16:31:13 +0200] "GET / HTTP/1.0" 200 1229 "-" "Mozilla/5.0 (compatible; MJ12bot/v1.4.3; http://www.majestic12.co.uk/bot.php?+)"
204.12.208.162 - - [25/Apr/2013:16:53:43 +0200] "GET /robots.txt HTTP/1.0" 404 320 "-" "Mozilla/5.0 (compatible; MJ12bot/v1.4.3; http://www.majestic12.co.uk/bot.php?+)"
204.12.208.162 - - [25/Apr/2013:16:53:46 +0200] "GET / HTTP/1.0" 200 1229 "-" "Mozilla/5.0 (compatible; MJ12bot/v1.4.3; http://www.majestic12.co.uk/bot.php?+)"
65.55.24.239 - - [25/Apr/2013:16:55:25 +0200] "GET /robots.txt HTTP/1.1" 404 320 "-" "Mozilla/5.0 (compatible; bingbot/2.0; +http://www.bing.com/bingbot.htm)"
65.55.24.239 - - [25/Apr/2013:16:57:02 +0200] "GET / HTTP/1.1" 200 1229 "-" "Mozilla/5.0 (compatible; bingbot/2.0; +http://www.bing.com/bingbot.htm)"
188.165.248.204 - - [25/Apr/2013:17:06:59 +0200] "GET /robots.txt HTTP/1.0" 404 320 "-" "Mozilla/5.0 (compatible; MJ12bot/v1.4.3; http://www.majestic12.co.uk/bot.php?+)"
188.165.248.204 - - [25/Apr/2013:17:07:05 +0200] "GET / HTTP/1.0" 200 1229 "-" "Mozilla/5.0 (compatible; MJ12bot/v1.4.3; http://www.majestic12.co.uk/bot.php?+)"
206.253.226.18 - - [25/Apr/2013:19:04:43 +0200] "HEAD / HTTP/1.1" 200 - "-" "Mozilla/5.0 (compatible; oBot/2.3.1; +http://filterdb.iss.net/crawler/)"
85.17.29.107 - - [25/Apr/2013:19:57:46 +0200] "GET /robots.txt HTTP/1.1" 404 326 "-" "Mozilla/5.0 (compatible; WBSearchBot/1.1; +http://www.warebay.com/bot.html)"
85.17.29.107 - - [25/Apr/2013:19:58:03 +0200] "GET / HTTP/1.1" 200 1229 "-" "Mozilla/5.0 (compatible; WBSearchBot/1.1; +http://www.warebay.com/bot.html)"
141.8.147.12 - - [25/Apr/2013:20:28:46 +0200] "GET / HTTP/1.1" 200 1229 "-" "Mozilla/5.0 (compatible; YandexBot/3.0; +http://yandex.com/bots)"
206.253.226.18 - - [25/Apr/2013:21:28:23 +0200] "HEAD / HTTP/1.1" 200 - "-" "Mozilla/5.0 (compatible; oBot/2.3.1; +http://filterdb.iss.net/crawler/)"
176.9.148.194 - - [25/Apr/2013:22:22:31 +0200] "GET /robots.txt HTTP/1.1" 404 337 "-" "Mozilla/5.0 (compatible; SISTRIX Crawler; http://crawler.sistrix.net/)"
176.9.148.194 - - [25/Apr/2013:22:22:31 +0200] "GET / HTTP/1.1" 200 1229 "-" "Mozilla/5.0 (compatible; SISTRIX Crawler; http://crawler.sistrix.net/)"
173.199.120.35 - - [26/Apr/2013:03:04:25 +0200] "GET / HTTP/1.1" 200 1229 "-" "Mozilla/5.0 (compatible; AhrefsBot/4.0; +http://ahrefs.com/robot/)"
65.55.24.239 - - [26/Apr/2013:05:55:35 +0200] "GET /robots.txt HTTP/1.1" 404 320 "-" "Mozilla/5.0 (compatible; bingbot/2.0; +http://www.bing.com/bingbot.htm)"
65.55.24.239 - - [26/Apr/2013:05:57:41 +0200] "GET / HTTP/1.1" 200 1229 "-" "Mozilla/5.0 (compatible; bingbot/2.0; +http://www.bing.com/bingbot.htm)"
77.78.109.72 - - [26/Apr/2013:06:48:19 +0200] "GET /robots.txt HTTP/1.1" 404 320 "-" "PagesInventory (robot http://www.pagesinvenotry.com)"
77.78.109.72 - - [26/Apr/2013:06:48:19 +0200] "GET / HTTP/1.1" 200 1229 "-" "PagesInventory (robot +http://www.pagesinventory.com)"
198.20.69.74 - - [26/Apr/2013:07:04:17 +0200] "GET / HTTP/1.1" 200 1229 "-" "-"
198.20.69.74 - - [26/Apr/2013:07:04:17 +0200] "GET /robots.txt HTTP/1.1" 404 315 "-" "-"
194.153.113.7 - - [26/Apr/2013:07:27:40 +0200] "HEAD / HTTP/1.1" 200 - "-" "Mozilla/5.0 (compatible; oBot/2.3.1; +http://filterdb.iss.net/crawler/)"
194.153.113.7 - - [26/Apr/2013:08:48:52 +0200] "HEAD / HTTP/1.1" 200 - "-" "Mozilla/5.0 (compatible; oBot/2.3.1; +http://filterdb.iss.net/crawler/)"
66.249.78.97 - - [26/Apr/2013:11:55:21 +0200] "GET /robots.txt HTTP/1.1" 404 322 "-" "Mozilla/5.0 (compatible; Googlebot/2.1; +http://www.google.com/bot.html)"
66.249.78.97 - - [26/Apr/2013:11:55:21 +0200] "GET / HTTP/1.1" 200 1229 "-" "Mozilla/5.0 (compatible; Googlebot/2.1; +http://www.google.com/bot.html)"
157.55.35.88 - - [26/Apr/2013:14:53:50 +0200] "GET /robots.txt HTTP/1.1" 404 328 "-" "Mozilla/5.0 (compatible; bingbot/2.0; +http://www.bing.com/bingbot.htm)"
157.55.35.88 - - [26/Apr/2013:14:55:48 +0200] "GET / HTTP/1.1" 200 1229 "-" "Mozilla/5.0 (compatible; bingbot/2.0; +http://www.bing.com/bingbot.htm)"
141.8.147.12 - - [26/Apr/2013:15:52:12 +0200] "GET /robots.txt HTTP/1.1" 404 327 "-" "Mozilla/5.0 (compatible; YandexBot/3.0; +http://yandex.com/bots)"
187.18.156.88 - - [26/Apr/2013:17:09:43 +0200] "GET /manager/html HTTP/1.1" 404 317 "-" "Mozilla/5.0 (Windows NT 5.1; rv:5.0) Gecko/20100101 Firefox/5.0"
187.18.156.88 - - [26/Apr/2013:17:09:43 +0200] "GET /manager/html HTTP/1.1" 404 317 "-" "Mozilla/5.0 (Windows NT 5.1; rv:5.0) Gecko/20100101 Firefox/5.0"
187.18.156.88 - - [26/Apr/2013:17:09:43 +0200] "GET /manager/html HTTP/1.1" 404 317 "-" "Mozilla/5.0 (Windows NT 5.1; rv:5.0) Gecko/20100101 Firefox/5.0"
187.18.156.88 - - [26/Apr/2013:17:09:43 +0200] "GET /manager/html HTTP/1.1" 404 317 "-" "Mozilla/5.0 (Windows NT 5.1; rv:5.0) Gecko/20100101 Firefox/5.0"
187.18.156.88 - - [26/Apr/2013:17:09:43 +0200] "GET /manager/html HTTP/1.1" 404 317 "-" "Mozilla/5.0 (Windows NT 5.1; rv:5.0) Gecko/20100101 Firefox/5.0"
187.18.156.88 - - [26/Apr/2013:17:09:43 +0200] "GET /manager/html HTTP/1.1" 404 317 "-" "Mozilla/5.0 (Windows NT 5.1; rv:5.0) Gecko/20100101 Firefox/5.0"
187.18.156.88 - - [26/Apr/2013:17:09:43 +0200] "GET /manager/html HTTP/1.1" 404 317 "-" "Mozilla/5.0 (Windows NT 5.1; rv:5.0) Gecko/20100101 Firefox/5.0"
187.18.156.88 - - [26/Apr/2013:17:09:43 +0200] "GET /manager/html HTTP/1.1" 404 317 "-" "Mozilla/5.0 (Windows NT 5.1; rv:5.0) Gecko/20100101 Firefox/5.0"
187.18.156.88 - - [26/Apr/2013:17:09:43 +0200] "GET /manager/html HTTP/1.1" 404 317 "-" "Mozilla/5.0 (Windows NT 5.1; rv:5.0) Gecko/20100101 Firefox/5.0"
187.18.156.88 - - [26/Apr/2013:17:09:43 +0200] "GET /manager/html HTTP/1.1" 404 317 "-" "Mozilla/5.0 (Windows NT 5.1; rv:5.0) Gecko/20100101 Firefox/5.0"
218.28.221.101 - - [26/Apr/2013:17:36:42 +0200] "HEAD / HTTP/1.0" 200 - "-" "-"
218.28.221.101 - - [26/Apr/2013:17:36:42 +0200] "HEAD / HTTP/1.0" 200 - "-" "-"
218.28.221.101 - - [26/Apr/2013:17:36:42 +0200] "HEAD / HTTP/1.0" 200 - "-" "-"
218.28.221.101 - - [26/Apr/2013:17:36:42 +0200] "HEAD / HTTP/1.0" 200 - "-" "-"
218.28.221.101 - - [26/Apr/2013:17:36:42 +0200] "HEAD / HTTP/1.0" 200 - "-" "-"
218.28.221.101 - - [26/Apr/2013:17:36:42 +0200] "HEAD / HTTP/1.0" 200 - "-" "-"
218.28.221.101 - - [26/Apr/2013:17:36:42 +0200] "HEAD / HTTP/1.0" 200 - "-" "-"
218.28.221.101 - - [26/Apr/2013:17:36:42 +0200] "HEAD / HTTP/1.0" 200 - "-" "-"
218.28.221.101 - - [26/Apr/2013:17:36:42 +0200] "HEAD / HTTP/1.0" 200 - "-" "-"
218.28.221.101 - - [26/Apr/2013:17:36:45 +0200] "HEAD / HTTP/1.0" 200 - "-" "-"
204.12.214.170 - - [26/Apr/2013:17:50:22 +0200] "GET /robots.txt HTTP/1.0" 404 320 "-" "Mozilla/5.0 (compatible; MJ12bot/v1.4.3; http://www.majestic12.co.uk/bot.php?+)"
204.12.214.170 - - [26/Apr/2013:17:50:24 +0200] "GET / HTTP/1.0" 200 1229 "-" "Mozilla/5.0 (compatible; MJ12bot/v1.4.3; http://www.majestic12.co.uk/bot.php?+)"
157.55.32.112 - - [26/Apr/2013:17:51:02 +0200] "GET /robots.txt HTTP/1.1" 404 322 "-" "Mozilla/5.0 (compatible; bingbot/2.0; +http://www.bing.com/bingbot.htm)"
141.8.147.12 - - [26/Apr/2013:17:52:52 +0200] "GET / HTTP/1.1" 200 1229 "-" "Mozilla/5.0 (compatible; YandexBot/3.0; +http://yandex.com/bots)"
157.55.32.112 - - [26/Apr/2013:17:56:14 +0200] "GET / HTTP/1.1" 200 1229 "-" "Mozilla/5.0 (compatible; bingbot/2.0; +http://www.bing.com/bingbot.htm)"
173.208.165.178 - - [26/Apr/2013:18:01:43 +0200] "GET /robots.txt HTTP/1.0" 404 320 "-" "Mozilla/5.0 (compatible; MJ12bot/v1.4.3; http://www.majestic12.co.uk/bot.php?+)"
173.208.165.178 - - [26/Apr/2013:18:01:46 +0200] "GET / HTTP/1.0" 200 1229 "-" "Mozilla/5.0 (compatible; MJ12bot/v1.4.3; http://www.majestic12.co.uk/bot.php?+)"
90.30.14.67 - - [26/Apr/2013:18:47:45 +0200] "GET /robots.txt HTTP/1.0" 404 320 "-" "Mozilla/5.0 (compatible; MJ12bot/v1.4.3; http://www.majestic12.co.uk/bot.php?+)"
90.30.14.67 - - [26/Apr/2013:18:47:47 +0200] "GET / HTTP/1.1" 200 1229 "-" "Mozilla/5.0 (compatible; MJ12bot/v1.4.3; http://www.majestic12.co.uk/bot.php?+)"
65.55.52.86 - - [26/Apr/2013:19:03:43 +0200] "GET /robots.txt HTTP/1.1" 404 337 "-" "Mozilla/5.0 (compatible; bingbot/2.0; +http://www.bing.com/bingbot.htm)"
65.55.52.86 - - [26/Apr/2013:19:05:56 +0200] "GET / HTTP/1.1" 200 1229 "-" "Mozilla/5.0 (compatible; bingbot/2.0; +http://www.bing.com/bingbot.htm)"
5.9.7.208 - - [26/Apr/2013:19:08:37 +0200] "GET /robots.txt HTTP/1.0" 404 320 "-" "Mozilla/5.0 (compatible; MJ12bot/v1.4.3; http://www.majestic12.co.uk/bot.php?+)"
5.9.7.208 - - [26/Apr/2013:19:08:44 +0200] "GET / HTTP/1.0" 200 1229 "-" "Mozilla/5.0 (compatible; MJ12bot/v1.4.3; http://www.majestic12.co.uk/bot.php?+)"
91.64.204.137 - - [26/Apr/2013:19:32:26 +0200] "GET /robots.txt HTTP/1.0" 404 320 "-" "Mozilla/5.0 (compatible; MJ12bot/v1.4.3; http://www.majestic12.co.uk/bot.php?+)"
91.64.204.137 - - [26/Apr/2013:19:32:31 +0200] "GET / HTTP/1.0" 200 1229 "-" "Mozilla/5.0 (compatible; MJ12bot/v1.4.3; http://www.majestic12.co.uk/bot.php?+)"
173.208.165.90 - - [26/Apr/2013:19:33:05 +0200] "GET /robots.txt HTTP/1.0" 404 320 "-" "Mozilla/5.0 (compatible; MJ12bot/v1.4.3; http://www.majestic12.co.uk/bot.php?+)"
173.208.165.90 - - [26/Apr/2013:19:33:09 +0200] "GET / HTTP/1.0" 200 1229 "-" "Mozilla/5.0 (compatible; MJ12bot/v1.4.3; http://www.majestic12.co.uk/bot.php?+)"
66.249.78.40 - - [26/Apr/2013:20:03:29 +0200] "GET /robots.txt HTTP/1.1" 404 320 "-" "Mozilla/5.0 (compatible; Googlebot/2.1; +http://www.google.com/bot.html)"
66.249.78.40 - - [26/Apr/2013:20:03:29 +0200] "GET / HTTP/1.1" 200 1229 "-" "Mozilla/5.0 (compatible; Googlebot/2.1; +http://www.google.com/bot.html)"
66.249.75.139 - - [26/Apr/2013:21:13:14 +0200] "GET /robots.txt HTTP/1.1" 404 337 "-" "Mozilla/5.0 (compatible; Googlebot/2.1; +http://www.google.com/bot.html)"
66.249.78.154 - - [26/Apr/2013:21:13:14 +0200] "GET / HTTP/1.1" 200 1229 "-" "Mozilla/5.0 (compatible; Googlebot/2.1; +http://www.google.com/bot.html)"
141.8.147.12 - - [26/Apr/2013:21:19:40 +0200] "GET /robots.txt HTTP/1.1" 404 328 "-" "Mozilla/5.0 (compatible; YandexBot/3.0; +http://yandex.com/bots)"
84.202.94.130 - - [26/Apr/2013:21:21:22 +0200] "GET /robots.txt HTTP/1.0" 404 320 "-" "Mozilla/5.0 (compatible; MJ12bot/v1.4.3; http://www.majestic12.co.uk/bot.php?+)"
84.202.94.130 - - [26/Apr/2013:21:21:24 +0200] "GET / HTTP/1.0" 200 1229 "-" "Mozilla/5.0 (compatible; MJ12bot/v1.4.3; http://www.majestic12.co.uk/bot.php?+)"
66.249.78.111 - - [26/Apr/2013:21:27:24 +0200] "GET /robots.txt HTTP/1.1" 404 328 "-" "Mozilla/5.0 (compatible; Googlebot/2.1; +http://www.google.com/bot.html)"
66.249.78.111 - - [26/Apr/2013:21:27:24 +0200] "GET / HTTP/1.1" 200 1229 "-" "Mozilla/5.0 (compatible; Googlebot/2.1; +http://www.google.com/bot.html)"
66.249.78.171 - - [26/Apr/2013:21:41:09 +0200] "GET /robots.txt HTTP/1.1" 404 332 "-" "Mozilla/5.0 (compatible; Googlebot/2.1; +http://www.google.com/bot.html)"
66.249.75.56 - - [26/Apr/2013:21:41:12 +0200] "GET / HTTP/1.1" 200 1229 "-" "Mozilla/5.0 (compatible; Googlebot/2.1; +http://www.google.com/bot.html)"
65.55.24.239 - - [26/Apr/2013:21:46:13 +0200] "GET /robots.txt HTTP/1.1" 404 320 "-" "Mozilla/5.0 (compatible; bingbot/2.0; +http://www.bing.com/bingbot.htm)"
65.55.24.239 - - [26/Apr/2013:21:47:57 +0200] "GET / HTTP/1.1" 200 1229 "-" "Mozilla/5.0 (compatible; bingbot/2.0; +http://www.bing.com/bingbot.htm)"
80.248.10.250 - - [26/Apr/2013:22:31:17 +0200] "GET /help/index.phpsoapCaller.bs HTTP/1.1" 404 332 "-" "Morfeus Fucking Scanner"
80.248.10.250 - - [26/Apr/2013:22:31:17 +0200] "GET /help/index.phpsoapCaller.bs HTTP/1.1" 404 332 "-" "Morfeus Fucking Scanner"
80.248.10.250 - - [26/Apr/2013:22:31:17 +0200] "GET /help/index.phpsoapCaller.bs HTTP/1.1" 404 332 "-" "Morfeus Fucking Scanner"
80.248.10.250 - - [26/Apr/2013:22:31:17 +0200] "GET /help/index.phpsoapCaller.bs HTTP/1.1" 404 332 "-" "Morfeus Fucking Scanner"
80.248.10.250 - - [26/Apr/2013:22:31:17 +0200] "GET /help/index.phpsoapCaller.bs HTTP/1.1" 404 332 "-" "Morfeus Fucking Scanner"
80.248.10.250 - - [26/Apr/2013:22:31:17 +0200] "GET /help/index.phpsoapCaller.bs HTTP/1.1" 404 332 "-" "Morfeus Fucking Scanner"
80.248.10.250 - - [26/Apr/2013:22:31:17 +0200] "GET /help/index.phpsoapCaller.bs HTTP/1.1" 404 332 "-" "Morfeus Fucking Scanner"
80.248.10.250 - - [26/Apr/2013:22:31:17 +0200] "GET /help/index.phpsoapCaller.bs HTTP/1.1" 404 332 "-" "Morfeus Fucking Scanner"
80.248.10.250 - - [26/Apr/2013:22:31:17 +0200] "GET /help/index.phpsoapCaller.bs HTTP/1.1" 404 332 "-" "Morfeus Fucking Scanner"
80.248.10.250 - - [26/Apr/2013:22:31:17 +0200] "GET /help/index.phpsoapCaller.bs HTTP/1.1" 404 332 "-" "Morfeus Fucking Scanner"
209.190.1.132 - - [26/Apr/2013:22:42:49 +0200] "GET / HTTP/1.1" 200 1229 "-" "Mozilla/5.0 (compatible; MSIE 8.0; Windows NT 5.1) KomodiaBot/1.0"
5.9.6.231 - - [26/Apr/2013:22:53:20 +0200] "GET / HTTP/1.1" 200 1229 "-" "Mozilla/5.0 (X11; Ubuntu; Linux x86_64; rv:19.0) Gecko/20100101 Firefox/19.0"
5.9.6.231 - - [26/Apr/2013:22:53:24 +0200] "GET / HTTP/1.1" 200 1229 "-" "Mozilla/5.0 (iPhone; U; CPU iPhone OS 3_0 like Mac OS X; en-us) AppleWebKit/528.18 (KHTML, like Gecko) Version/4.0 Mobile/7A341 Safari/528.16"
80.82.215.165 - - [26/Apr/2013:22:53:26 +0200] "GET / HTTP/1.0" 200 1229 "-" "Mozilla/5.0 (Windows NT 6.1; rv:8.0) Gecko/20100101 Firefox/8.0"
141.8.147.12 - - [27/Apr/2013:00:12:46 +0200] "GET / HTTP/1.1" 200 1229 "-" "Mozilla/5.0 (compatible; YandexBot/3.0; +http://yandex.com/bots)"
157.55.35.88 - - [27/Apr/2013:01:49:47 +0200] "GET /robots.txt HTTP/1.1" 404 328 "-" "Mozilla/5.0 (compatible; bingbot/2.0; +http://www.bing.com/bingbot.htm)"
157.55.35.88 - - [27/Apr/2013:01:51:29 +0200] "GET / HTTP/1.1" 200 1229 "-" "Mozilla/5.0 (compatible; bingbot/2.0; +http://www.bing.com/bingbot.htm)"
194.153.113.7 - - [27/Apr/2013:02:21:56 +0200] "HEAD / HTTP/1.1" 200 - "-" "Mozilla/5.0 (compatible; oBot/2.3.1; +http://filterdb.iss.net/crawler/)"
5.9.36.119 - - [27/Apr/2013:02:33:06 +0200] "GET /robots.txt HTTP/1.1" 404 327 "-" "Mozilla/5.0 (compatible; SISTRIX Crawler; http://crawler.sistrix.net/)"
5.9.36.119 - - [27/Apr/2013:02:33:07 +0200] "GET / HTTP/1.1" 200 1229 "-" "Mozilla/5.0 (compatible; SISTRIX Crawler; http://crawler.sistrix.net/)"
178.77.126.55 - - [27/Apr/2013:03:22:21 +0200] "GET /robots.txt HTTP/1.1" 404 320 "-" "Mozilla/5.0 (compatible; CareerBot/1.1; +http://www.career-x.de/bot.html)"
178.77.126.55 - - [27/Apr/2013:03:22:21 +0200] "GET / HTTP/1.1" 200 1229 "-" "Mozilla/5.0 (compatible; CareerBot/1.1; +http://www.career-x.de/bot.html)"
157.55.32.185 - - [27/Apr/2013:06:00:58 +0200] "GET /robots.txt HTTP/1.1" 404 322 "-" "Mozilla/5.0 (compatible; bingbot/2.0; +http://www.bing.com/bingbot.htm)"
157.55.32.185 - - [27/Apr/2013:06:02:33 +0200] "GET / HTTP/1.1" 200 1229 "-" "Mozilla/5.0 (compatible; bingbot/2.0; +http://www.bing.com/bingbot.htm)"
141.8.147.12 - - [27/Apr/2013:07:11:38 +0200] "GET /robots.txt HTTP/1.1" 404 327 "-" "Mozilla/5.0 (compatible; YandexBot/3.0; +http://yandex.com/bots)"
209.190.1.132 - - [27/Apr/2013:07:19:26 +0200] "GET / HTTP/1.1" 200 1229 "-" "Mozilla/5.0 (compatible; MSIE 8.0; Windows NT 5.1) KomodiaBot/1.0"
80.248.10.250 - - [27/Apr/2013:07:22:39 +0200] "GET /help/soapCaller.bs HTTP/1.1" 404 323 "-" "Morfeus Fucking Scanner"
80.248.10.250 - - [27/Apr/2013:07:22:39 +0200] "GET /help/soapCaller.bs HTTP/1.1" 404 323 "-" "Morfeus Fucking Scanner"
80.248.10.250 - - [27/Apr/2013:07:22:39 +0200] "GET /help/soapCaller.bs HTTP/1.1" 404 323 "-" "Morfeus Fucking Scanner"
80.248.10.250 - - [27/Apr/2013:07:22:39 +0200] "GET /help/soapCaller.bs HTTP/1.1" 404 323 "-" "Morfeus Fucking Scanner"
80.248.10.250 - - [27/Apr/2013:07:22:39 +0200] "GET /help/soapCaller.bs HTTP/1.1" 404 323 "-" "Morfeus Fucking Scanner"
80.248.10.250 - - [27/Apr/2013:07:22:39 +0200] "GET /help/soapCaller.bs HTTP/1.1" 404 323 "-" "Morfeus Fucking Scanner"
80.248.10.250 - - [27/Apr/2013:07:22:39 +0200] "GET /help/soapCaller.bs HTTP/1.1" 404 323 "-" "Morfeus Fucking Scanner"
80.248.10.250 - - [27/Apr/2013:07:22:39 +0200] "GET /help/soapCaller.bs HTTP/1.1" 404 323 "-" "Morfeus Fucking Scanner"
80.248.10.250 - - [27/Apr/2013:07:22:39 +0200] "GET /help/soapCaller.bs HTTP/1.1" 404 323 "-" "Morfeus Fucking Scanner"
80.248.10.250 - - [27/Apr/2013:07:22:39 +0200] "GET /help/soapCaller.bs HTTP/1.1" 404 323 "-" "Morfeus Fucking Scanner"
141.8.147.12 - - [27/Apr/2013:07:28:39 +0200] "GET /robots.txt HTTP/1.1" 404 337 "-" "Mozilla/5.0 (compatible; YandexBot/3.0; +http://yandex.com/bots)"
141.8.147.12 - - [27/Apr/2013:07:47:05 +0200] "GET / HTTP/1.1" 200 1229 "-" "Mozilla/5.0 (compatible; YandexBot/3.0; +http://yandex.com/bots)"
65.55.52.86 - - [27/Apr/2013:07:48:59 +0200] "GET /robots.txt HTTP/1.1" 404 337 "-" "Mozilla/5.0 (compatible; bingbot/2.0; +http://www.bing.com/bingbot.htm)"
65.55.52.86 - - [27/Apr/2013:07:51:06 +0200] "GET / HTTP/1.1" 200 1229 "-" "Mozilla/5.0 (compatible; bingbot/2.0; +http://www.bing.com/bingbot.htm)"
157.55.33.19 - - [27/Apr/2013:08:45:03 +0200] "GET /robots.txt HTTP/1.1" 404 327 "-" "Mozilla/5.0 (compatible; bingbot/2.0; +http://www.bing.com/bingbot.htm)"
157.55.33.19 - - [27/Apr/2013:08:46:34 +0200] "GET / HTTP/1.1" 304 - "-" "Mozilla/5.0 (compatible; bingbot/2.0; +http://www.bing.com/bingbot.htm)"
65.55.24.239 - - [27/Apr/2013:09:09:36 +0200] "GET /robots.txt HTTP/1.1" 404 320 "-" "Mozilla/5.0 (compatible; bingbot/2.0; +http://www.bing.com/bingbot.htm)"
65.55.24.239 - - [27/Apr/2013:09:11:36 +0200] "GET / HTTP/1.1" 200 1229 "-" "Mozilla/5.0 (compatible; bingbot/2.0; +http://www.bing.com/bingbot.htm)"
131.253.24.68 - - [27/Apr/2013:09:39:27 +0200] "GET / HTTP/1.1" 200 1229 "-" "Mozilla/4.0 (compatible; MSIE 7.0; Windows NT 5.2; SLCC1; .NET CLR 1.1.4325; .NET CLR 2.0.50727)"
141.8.147.12 - - [27/Apr/2013:11:16:31 +0200] "GET /robots.txt HTTP/1.1" 404 320 "-" "Mozilla/5.0 (compatible; YandexBot/3.0; +http://yandex.com/bots)"
157.55.32.185 - - [27/Apr/2013:11:50:13 +0200] "GET /robots.txt HTTP/1.1" 404 322 "-" "Mozilla/5.0 (compatible; bingbot/2.0; +http://www.bing.com/bingbot.htm)"
157.55.32.185 - - [27/Apr/2013:11:52:04 +0200] "GET / HTTP/1.1" 200 1229 "-" "Mozilla/5.0 (compatible; bingbot/2.0; +http://www.bing.com/bingbot.htm)"
198.20.69.74 - - [27/Apr/2013:12:18:47 +0200] "GET / HTTP/1.1" 200 1229 "-" "-"
198.20.69.74 - - [27/Apr/2013:12:18:47 +0200] "GET /robots.txt HTTP/1.1" 404 315 "-" "-"
176.9.120.182 - - [27/Apr/2013:12:41:39 +0200] "GET /robots.txt HTTP/1.1" 404 320 "-" "Mozilla/5.0 (compatible; SearchmetricsBot; http://www.searchmetrics.com/en/searchmetrics-bot/)"
176.9.120.182 - - [27/Apr/2013:12:41:39 +0200] "GET / HTTP/1.1" 200 1229 "-" "Mozilla/5.0 (compatible; SearchmetricsBot; http://www.searchmetrics.com/en/searchmetrics-bot/)"
157.55.35.88 - - [27/Apr/2013:13:16:56 +0200] "GET /robots.txt HTTP/1.1" 404 328 "-" "Mozilla/5.0 (compatible; bingbot/2.0; +http://www.bing.com/bingbot.htm)"
157.55.35.88 - - [27/Apr/2013:13:19:06 +0200] "GET / HTTP/1.1" 200 1229 "-" "Mozilla/5.0 (compatible; bingbot/2.0; +http://www.bing.com/bingbot.htm)"
141.8.147.12 - - [27/Apr/2013:13:49:08 +0200] "GET / HTTP/1.1" 200 1229 "-" "Mozilla/5.0 (compatible; YandexBot/3.0; +http://yandex.com/bots)"
66.249.78.193 - - [27/Apr/2013:14:14:04 +0200] "GET /robots.txt HTTP/1.1" 404 327 "-" "Mozilla/5.0 (compatible; Googlebot/2.1; +http://www.google.com/bot.html)"
66.249.78.193 - - [27/Apr/2013:14:14:04 +0200] "GET / HTTP/1.1" 200 1229 "-" "Mozilla/5.0 (compatible; Googlebot/2.1; +http://www.google.com/bot.html)"
141.8.147.12 - - [27/Apr/2013:14:27:22 +0200] "GET / HTTP/1.1" 200 1229 "-" "Mozilla/5.0 (compatible; YandexBot/3.0; +http://yandex.com/bots)"
5.9.7.208 - - [27/Apr/2013:16:18:31 +0200] "GET /robots.txt HTTP/1.0" 404 322 "-" "Mozilla/5.0 (compatible; MJ12bot/v1.4.3; http://www.majestic12.co.uk/bot.php?+)"
5.9.7.208 - - [27/Apr/2013:16:18:32 +0200] "GET / HTTP/1.0" 200 1229 "-" "Mozilla/5.0 (compatible; MJ12bot/v1.4.3; http://www.majestic12.co.uk/bot.php?+)"
173.252.110.118 - - [27/Apr/2013:18:19:54 +0200] "GET / HTTP/1.1" 206 1229 "-" "facebookexternalhit/1.1 (+http://www.facebook.com/externalhit_uatext.php)"
66.249.78.65 - - [27/Apr/2013:18:33:03 +0200] "GET /robots.txt HTTP/1.1" 404 328 "-" "Mozilla/5.0 (compatible; Googlebot/2.1; +http://www.google.com/bot.html)"
66.249.78.65 - - [27/Apr/2013:18:33:04 +0200] "GET / HTTP/1.1" 200 1229 "-" "Mozilla/5.0 (compatible; Googlebot/2.1; +http://www.google.com/bot.html)"
65.55.52.86 - - [27/Apr/2013:19:11:29 +0200] "GET /robots.txt HTTP/1.1" 404 337 "-" "Mozilla/5.0 (compatible; bingbot/2.0; +http://www.bing.com/bingbot.htm)"
65.55.52.86 - - [27/Apr/2013:19:13:12 +0200] "GET / HTTP/1.1" 200 1229 "-" "Mozilla/5.0 (compatible; bingbot/2.0; +http://www.bing.com/bingbot.htm)"
64.246.165.180 - - [27/Apr/2013:19:52:34 +0200] "GET /robots.txt HTTP/1.0" 404 328 "-" "Mozilla/5.0 (Windows; U; Windows NT 5.1; en; rv:1.9.0.13) Gecko/2009073022 Firefox/3.5.2 (.NET CLR 3.5.30729) SurveyBot/2.3 (DomainTools)"
64.246.165.180 - - [27/Apr/2013:19:52:35 +0200] "GET / HTTP/1.1" 200 1229 "http://whois.domaintools.com/aufzugs-hebetechnik.de" "Mozilla/5.0 (Windows; U; Windows NT 5.1; en; rv:1.9.0.13) Gecko/2009073022 Firefox/3.5.2 (.NET CLR 3.5.30729) SurveyBot/2.3 (DomainTools)"
5.9.112.66 - - [27/Apr/2013:20:07:46 +0200] "GET /robots.txt HTTP/1.1" 404 322 "-" "Mozilla/5.0 (compatible; SISTRIX Crawler; http://crawler.sistrix.net/)"
5.9.112.66 - - [27/Apr/2013:20:07:46 +0200] "GET / HTTP/1.1" 200 1229 "-" "Mozilla/5.0 (compatible; SISTRIX Crawler; http://crawler.sistrix.net/)"
46.118.158.87 - - [27/Apr/2013:20:15:07 +0200] "GET /robots.txt HTTP/1.0" 404 320 "-" "Mozilla/5.0 (compatible; MJ12bot/v1.4.3; http://www.majestic12.co.uk/bot.php?+)"
46.118.158.87 - - [27/Apr/2013:20:15:09 +0200] "GET / HTTP/1.1" 200 1229 "-" "Mozilla/5.0 (compatible; MJ12bot/v1.4.3; http://www.majestic12.co.uk/bot.php?+)"
204.12.208.234 - - [27/Apr/2013:20:31:53 +0200] "GET /robots.txt HTTP/1.0" 404 320 "-" "Mozilla/5.0 (compatible; MJ12bot/v1.4.3; http://www.majestic12.co.uk/bot.php?+)"
204.12.208.234 - - [27/Apr/2013:20:31:56 +0200] "GET / HTTP/1.0" 200 1229 "-" "Mozilla/5.0 (compatible; MJ12bot/v1.4.3; http://www.majestic12.co.uk/bot.php?+)"
65.55.24.239 - - [27/Apr/2013:21:42:11 +0200] "GET /robots.txt HTTP/1.1" 404 320 "-" "Mozilla/5.0 (compatible; bingbot/2.0; +http://www.bing.com/bingbot.htm)"
65.55.24.239 - - [27/Apr/2013:21:43:45 +0200] "GET / HTTP/1.1" 200 1229 "-" "Mozilla/5.0 (compatible; bingbot/2.0; +http://www.bing.com/bingbot.htm)"
204.12.226.2 - - [27/Apr/2013:21:48:15 +0200] "GET /robots.txt HTTP/1.0" 404 320 "-" "Mozilla/5.0 (compatible; MJ12bot/v1.4.3; http://www.majestic12.co.uk/bot.php?+)"
204.12.226.2 - - [27/Apr/2013:21:48:18 +0200] "GET / HTTP/1.0" 200 1229 "-" "Mozilla/5.0 (compatible; MJ12bot/v1.4.3; http://www.majestic12.co.uk/bot.php?+)"
5.9.107.48 - - [27/Apr/2013:22:20:50 +0200] "GET /robots.txt HTTP/1.0" 404 320 "-" "Mozilla/5.0 (compatible; MJ12bot/v1.4.3; http://www.majestic12.co.uk/bot.php?+)"
5.9.107.48 - - [27/Apr/2013:22:20:52 +0200] "GET / HTTP/1.0" 200 1229 "-" "Mozilla/5.0 (compatible; MJ12bot/v1.4.3; http://www.majestic12.co.uk/bot.php?+)"
64.246.161.30 - - [27/Apr/2013:23:01:39 +0200] "GET /robots.txt HTTP/1.0" 404 332 "-" "Mozilla/5.0 (Windows; U; Windows NT 5.1; en; rv:1.9.0.13) Gecko/2009073022 Firefox/3.5.2 (.NET CLR 3.5.30729) SurveyBot/2.3 (DomainTools)"
64.246.161.30 - - [27/Apr/2013:23:01:39 +0200] "GET / HTTP/1.1" 200 1229 "http://whois.domaintools.com/bauaufzuege-hebetechnik.de" "Mozilla/5.0 (Windows; U; Windows NT 5.1; en; rv:1.9.0.13) Gecko/2009073022 Firefox/3.5.2 (.NET CLR 3.5.30729) SurveyBot/2.3 (DomainTools)"
5.9.112.67 - - [28/Apr/2013:00:46:21 +0200] "GET /robots.txt HTTP/1.1" 404 337 "-" "Mozilla/5.0 (compatible; SISTRIX Crawler; http://crawler.sistrix.net/)"
5.9.112.67 - - [28/Apr/2013:00:46:21 +0200] "GET / HTTP/1.1" 200 1229 "-" "Mozilla/5.0 (compatible; SISTRIX Crawler; http://crawler.sistrix.net/)"
64.246.178.34 - - [28/Apr/2013:03:29:48 +0200] "GET /robots.txt HTTP/1.0" 404 315 "-" "Mozilla/5.0 (Windows; U; Windows NT 5.1; en; rv:1.9.0.13) Gecko/2009073022 Firefox/3.5.2 (.NET CLR 3.5.30729) SurveyBot/2.3 (DomainTools)"
64.246.178.34 - - [28/Apr/2013:03:29:49 +0200] "GET / HTTP/1.1" 200 1229 "http://whois.domaintools.com/bmt-it.de" "Mozilla/5.0 (Windows; U; Windows NT 5.1; en; rv:1.9.0.13) Gecko/2009073022 Firefox/3.5.2 (.NET CLR 3.5.30729) SurveyBot/2.3 (DomainTools)"
118.163.65.56 - - [28/Apr/2013:03:31:12 +0200] "GET //cgi-bin/awstats/awstats.pl HTTP/1.1" 404 331 "-" "Mozilla/4.0 (compatible; MSIE 6.0; Windows 98)"
118.163.65.56 - - [28/Apr/2013:03:31:12 +0200] "GET //cgi-bin/awstats/awstats.pl HTTP/1.1" 404 331 "-" "Mozilla/4.0 (compatible; MSIE 6.0; Windows 98)"
118.163.65.56 - - [28/Apr/2013:03:31:12 +0200] "GET //cgi-bin/awstats/awstats.pl HTTP/1.1" 404 331 "-" "Mozilla/4.0 (compatible; MSIE 6.0; Windows 98)"
118.163.65.56 - - [28/Apr/2013:03:31:12 +0200] "GET //cgi-bin/awstats/awstats.pl HTTP/1.1" 404 331 "-" "Mozilla/4.0 (compatible; MSIE 6.0; Windows 98)"
118.163.65.56 - - [28/Apr/2013:03:31:12 +0200] "GET //cgi-bin/awstats/awstats.pl HTTP/1.1" 404 331 "-" "Mozilla/4.0 (compatible; MSIE 6.0; Windows 98)"
118.163.65.56 - - [28/Apr/2013:03:31:12 +0200] "GET //cgi-bin/awstats/awstats.pl HTTP/1.1" 404 331 "-" "Mozilla/4.0 (compatible; MSIE 6.0; Windows 98)"
118.163.65.56 - - [28/Apr/2013:03:31:12 +0200] "GET //cgi-bin/awstats.pl HTTP/1.1" 404 323 "-" "Mozilla/4.0 (compatible; MSIE 6.0; Windows 98)"
118.163.65.56 - - [28/Apr/2013:03:31:12 +0200] "GET //cgi-bin/awstats.pl HTTP/1.1" 404 323 "-" "Mozilla/4.0 (compatible; MSIE 6.0; Windows 98)"
118.163.65.56 - - [28/Apr/2013:03:31:12 +0200] "GET //cgi-bin/awstats/awstats.pl HTTP/1.1" 404 331 "-" "Mozilla/4.0 (compatible; MSIE 6.0; Windows 98)"
118.163.65.56 - - [28/Apr/2013:03:31:12 +0200] "GET //cgi-bin/awstats/awstats.pl HTTP/1.1" 404 331 "-" "Mozilla/4.0 (compatible; MSIE 6.0; Windows 98)"
118.163.65.56 - - [28/Apr/2013:03:31:13 +0200] "GET //cgi-bin/awstats.pl HTTP/1.1" 404 323 "-" "Mozilla/4.0 (compatible; MSIE 6.0; Windows 98)"
118.163.65.56 - - [28/Apr/2013:03:31:14 +0200] "GET //cgi-bin/awstats.pl HTTP/1.1" 404 323 "-" "Mozilla/4.0 (compatible; MSIE 6.0; Windows 98)"
118.163.65.56 - - [28/Apr/2013:03:31:14 +0200] "GET //cgi-bin/awstats.pl HTTP/1.1" 404 323 "-" "Mozilla/4.0 (compatible; MSIE 6.0; Windows 98)"
118.163.65.56 - - [28/Apr/2013:03:31:14 +0200] "GET //cgi-bin/awstats.pl HTTP/1.1" 404 323 "-" "Mozilla/4.0 (compatible; MSIE 6.0; Windows 98)"
118.163.65.56 - - [28/Apr/2013:03:31:14 +0200] "GET //cgi/awstats.pl HTTP/1.1" 404 319 "-" "Mozilla/4.0 (compatible; MSIE 6.0; Windows 98)"
118.163.65.56 - - [28/Apr/2013:03:31:14 +0200] "GET //cgi/awstats.pl HTTP/1.1" 404 319 "-" "Mozilla/4.0 (compatible; MSIE 6.0; Windows 98)"
118.163.65.56 - - [28/Apr/2013:03:31:14 +0200] "GET //cgi-bin/awstats/awstats.pl HTTP/1.1" 404 331 "-" "Mozilla/4.0 (compatible; MSIE 6.0; Windows 98)"
118.163.65.56 - - [28/Apr/2013:03:31:14 +0200] "GET //cgi-bin/awstats.pl HTTP/1.1" 404 323 "-" "Mozilla/4.0 (compatible; MSIE 6.0; Windows 98)"
118.163.65.56 - - [28/Apr/2013:03:31:14 +0200] "GET //cgi-bin/awstats.pl HTTP/1.1" 404 323 "-" "Mozilla/4.0 (compatible; MSIE 6.0; Windows 98)"
118.163.65.56 - - [28/Apr/2013:03:31:14 +0200] "GET //cgi-bin/awstats/awstats.pl HTTP/1.1" 404 331 "-" "Mozilla/4.0 (compatible; MSIE 6.0; Windows 98)"
118.163.65.56 - - [28/Apr/2013:03:31:14 +0200] "GET //cgi/awstats.pl HTTP/1.1" 404 319 "-" "Mozilla/4.0 (compatible; MSIE 6.0; Windows 98)"
118.163.65.56 - - [28/Apr/2013:03:31:14 +0200] "GET //cgi/awstats.pl HTTP/1.1" 404 319 "-" "Mozilla/4.0 (compatible; MSIE 6.0; Windows 98)"
118.163.65.56 - - [28/Apr/2013:03:31:14 +0200] "GET //cgi/awstats.pl HTTP/1.1" 404 319 "-" "Mozilla/4.0 (compatible; MSIE 6.0; Windows 98)"
118.163.65.56 - - [28/Apr/2013:03:31:15 +0200] "GET //awstats/awstats.pl HTTP/1.1" 404 323 "-" "Mozilla/4.0 (compatible; MSIE 6.0; Windows 98)"
118.163.65.56 - - [28/Apr/2013:03:31:15 +0200] "GET //cgi/awstats.pl HTTP/1.1" 404 319 "-" "Mozilla/4.0 (compatible; MSIE 6.0; Windows 98)"
118.163.65.56 - - [28/Apr/2013:03:31:15 +0200] "GET //awstats/awstats.pl HTTP/1.1" 404 323 "-" "Mozilla/4.0 (compatible; MSIE 6.0; Windows 98)"
118.163.65.56 - - [28/Apr/2013:03:31:15 +0200] "GET //cgi-bin/awstats.pl HTTP/1.1" 404 323 "-" "Mozilla/4.0 (compatible; MSIE 6.0; Windows 98)"
118.163.65.56 - - [28/Apr/2013:03:31:15 +0200] "GET //cgi/awstats.pl HTTP/1.1" 404 319 "-" "Mozilla/4.0 (compatible; MSIE 6.0; Windows 98)"
118.163.65.56 - - [28/Apr/2013:03:31:16 +0200] "GET //cgi/awstats.pl HTTP/1.1" 404 319 "-" "Mozilla/4.0 (compatible; MSIE 6.0; Windows 98)"
118.163.65.56 - - [28/Apr/2013:03:31:16 +0200] "GET //cgi-bin/awstats.pl HTTP/1.1" 404 323 "-" "Mozilla/4.0 (compatible; MSIE 6.0; Windows 98)"
118.163.65.56 - - [28/Apr/2013:03:31:16 +0200] "GET //awstats/awstats.pl HTTP/1.1" 404 323 "-" "Mozilla/4.0 (compatible; MSIE 6.0; Windows 98)"
118.163.65.56 - - [28/Apr/2013:03:31:16 +0200] "GET //awstats/awstats.pl HTTP/1.1" 404 323 "-" "Mozilla/4.0 (compatible; MSIE 6.0; Windows 98)"
118.163.65.56 - - [28/Apr/2013:03:31:16 +0200] "GET //awstats/awstats.pl HTTP/1.1" 404 323 "-" "Mozilla/4.0 (compatible; MSIE 6.0; Windows 98)"
118.163.65.56 - - [28/Apr/2013:03:31:16 +0200] "GET //awstats/awstats.pl HTTP/1.1" 404 323 "-" "Mozilla/4.0 (compatible; MSIE 6.0; Windows 98)"
118.163.65.56 - - [28/Apr/2013:03:31:16 +0200] "GET //cgi-bin/stats/awstats.pl HTTP/1.1" 404 329 "-" "Mozilla/4.0 (compatible; MSIE 6.0; Windows 98)"
118.163.65.56 - - [28/Apr/2013:03:31:16 +0200] "GET //cgi-bin/stats/awstats.pl HTTP/1.1" 404 329 "-" "Mozilla/4.0 (compatible; MSIE 6.0; Windows 98)"
118.163.65.56 - - [28/Apr/2013:03:31:16 +0200] "GET //cgi/awstats.pl HTTP/1.1" 404 319 "-" "Mozilla/4.0 (compatible; MSIE 6.0; Windows 98)"
118.163.65.56 - - [28/Apr/2013:03:31:16 +0200] "GET //awstats/awstats.pl HTTP/1.1" 404 323 "-" "Mozilla/4.0 (compatible; MSIE 6.0; Windows 98)"
118.163.65.56 - - [28/Apr/2013:03:31:16 +0200] "GET //awstats/awstats.pl HTTP/1.1" 404 323 "-" "Mozilla/4.0 (compatible; MSIE 6.0; Windows 98)"
118.163.65.56 - - [28/Apr/2013:03:31:16 +0200] "GET //cgi/awstats.pl HTTP/1.1" 404 319 "-" "Mozilla/4.0 (compatible; MSIE 6.0; Windows 98)"
118.163.65.56 - - [28/Apr/2013:03:31:16 +0200] "GET //cgi-bin/stats/awstats.pl HTTP/1.1" 404 329 "-" "Mozilla/4.0 (compatible; MSIE 6.0; Windows 98)"
118.163.65.56 - - [28/Apr/2013:03:31:16 +0200] "GET //cgi-bin/stats/awstats.pl HTTP/1.1" 404 329 "-" "Mozilla/4.0 (compatible; MSIE 6.0; Windows 98)"
118.163.65.56 - - [28/Apr/2013:03:31:16 +0200] "GET //stats/awstats.pl HTTP/1.1" 404 321 "-" "Mozilla/4.0 (compatible; MSIE 6.0; Windows 98)"
118.163.65.56 - - [28/Apr/2013:03:31:16 +0200] "GET //cgi-bin/stats/awstats.pl HTTP/1.1" 404 329 "-" "Mozilla/4.0 (compatible; MSIE 6.0; Windows 98)"
118.163.65.56 - - [28/Apr/2013:03:31:16 +0200] "GET //cgi-bin/stats/awstats.pl HTTP/1.1" 404 329 "-" "Mozilla/4.0 (compatible; MSIE 6.0; Windows 98)"
118.163.65.56 - - [28/Apr/2013:03:31:16 +0200] "GET //cgi-bin/stats/awstats.pl HTTP/1.1" 404 329 "-" "Mozilla/4.0 (compatible; MSIE 6.0; Windows 98)"
118.163.65.56 - - [28/Apr/2013:03:31:16 +0200] "GET //stats/awstats.pl HTTP/1.1" 404 321 "-" "Mozilla/4.0 (compatible; MSIE 6.0; Windows 98)"
118.163.65.56 - - [28/Apr/2013:03:31:16 +0200] "GET //awstats/awstats.pl HTTP/1.1" 404 323 "-" "Mozilla/4.0 (compatible; MSIE 6.0; Windows 98)"
118.163.65.56 - - [28/Apr/2013:03:31:17 +0200] "GET //cgi-bin/stats/awstats.pl HTTP/1.1" 404 329 "-" "Mozilla/4.0 (compatible; MSIE 6.0; Windows 98)"
118.163.65.56 - - [28/Apr/2013:03:31:17 +0200] "GET //awstats/awstats.pl HTTP/1.1" 404 323 "-" "Mozilla/4.0 (compatible; MSIE 6.0; Windows 98)"
118.163.65.56 - - [28/Apr/2013:03:31:17 +0200] "GET //stats/awstats.pl HTTP/1.1" 404 321 "-" "Mozilla/4.0 (compatible; MSIE 6.0; Windows 98)"
118.163.65.56 - - [28/Apr/2013:03:31:17 +0200] "GET //stats/awstats.pl HTTP/1.1" 404 321 "-" "Mozilla/4.0 (compatible; MSIE 6.0; Windows 98)"
118.163.65.56 - - [28/Apr/2013:03:31:17 +0200] "GET //stats/awstats.pl HTTP/1.1" 404 321 "-" "Mozilla/4.0 (compatible; MSIE 6.0; Windows 98)"
118.163.65.56 - - [28/Apr/2013:03:31:17 +0200] "GET //awstats.pl HTTP/1.1" 404 315 "-" "Mozilla/4.0 (compatible; MSIE 6.0; Windows 98)"
118.163.65.56 - - [28/Apr/2013:03:31:17 +0200] "GET //stats/awstats.pl HTTP/1.1" 404 321 "-" "Mozilla/4.0 (compatible; MSIE 6.0; Windows 98)"
118.163.65.56 - - [28/Apr/2013:03:31:17 +0200] "GET //stats/awstats.pl HTTP/1.1" 404 321 "-" "Mozilla/4.0 (compatible; MSIE 6.0; Windows 98)"
118.163.65.56 - - [28/Apr/2013:03:31:17 +0200] "GET //awstats.pl HTTP/1.1" 404 315 "-" "Mozilla/4.0 (compatible; MSIE 6.0; Windows 98)"
118.163.65.56 - - [28/Apr/2013:03:31:17 +0200] "GET //cgi-bin/stats/awstats.pl HTTP/1.1" 404 329 "-" "Mozilla/4.0 (compatible; MSIE 6.0; Windows 98)"
118.163.65.56 - - [28/Apr/2013:03:31:18 +0200] "GET //stats/awstats.pl HTTP/1.1" 404 321 "-" "Mozilla/4.0 (compatible; MSIE 6.0; Windows 98)"
118.163.65.56 - - [28/Apr/2013:03:31:18 +0200] "GET //cgi-bin/stats/awstats.pl HTTP/1.1" 404 329 "-" "Mozilla/4.0 (compatible; MSIE 6.0; Windows 98)"
118.163.65.56 - - [28/Apr/2013:03:31:18 +0200] "GET //cgi/stats/awstats.pl HTTP/1.1" 404 325 "-" "Mozilla/4.0 (compatible; MSIE 6.0; Windows 98)"
118.163.65.56 - - [28/Apr/2013:03:31:18 +0200] "GET //awstats.pl HTTP/1.1" 404 315 "-" "Mozilla/4.0 (compatible; MSIE 6.0; Windows 98)"
118.163.65.56 - - [28/Apr/2013:03:31:18 +0200] "GET //cgi/stats/awstats.pl HTTP/1.1" 404 325 "-" "Mozilla/4.0 (compatible; MSIE 6.0; Windows 98)"
118.163.65.56 - - [28/Apr/2013:03:31:18 +0200] "GET //stats/awstats.pl HTTP/1.1" 404 321 "-" "Mozilla/4.0 (compatible; MSIE 6.0; Windows 98)"
118.163.65.56 - - [28/Apr/2013:03:31:18 +0200] "GET //awstats.pl HTTP/1.1" 404 315 "-" "Mozilla/4.0 (compatible; MSIE 6.0; Windows 98)"
118.163.65.56 - - [28/Apr/2013:03:31:18 +0200] "GET //awstats.pl HTTP/1.1" 404 315 "-" "Mozilla/4.0 (compatible; MSIE 6.0; Windows 98)"
118.163.65.56 - - [28/Apr/2013:03:31:18 +0200] "GET //awstats.pl HTTP/1.1" 404 315 "-" "Mozilla/4.0 (compatible; MSIE 6.0; Windows 98)"
118.163.65.56 - - [28/Apr/2013:03:31:18 +0200] "GET //awstats.pl HTTP/1.1" 404 315 "-" "Mozilla/4.0 (compatible; MSIE 6.0; Windows 98)"
118.163.65.56 - - [28/Apr/2013:03:31:18 +0200] "GET //awstats.pl HTTP/1.1" 404 315 "-" "Mozilla/4.0 (compatible; MSIE 6.0; Windows 98)"
118.163.65.56 - - [28/Apr/2013:03:31:18 +0200] "GET //stats/awstats.pl HTTP/1.1" 404 321 "-" "Mozilla/4.0 (compatible; MSIE 6.0; Windows 98)"
118.163.65.56 - - [28/Apr/2013:03:31:18 +0200] "GET //awstats.pl HTTP/1.1" 404 315 "-" "Mozilla/4.0 (compatible; MSIE 6.0; Windows 98)"
118.163.65.56 - - [28/Apr/2013:03:31:18 +0200] "GET //cgi/stats/awstats.pl HTTP/1.1" 404 325 "-" "Mozilla/4.0 (compatible; MSIE 6.0; Windows 98)"
118.163.65.56 - - [28/Apr/2013:03:31:18 +0200] "GET //cgi/stats/awstats.pl HTTP/1.1" 404 325 "-" "Mozilla/4.0 (compatible; MSIE 6.0; Windows 98)"
118.163.65.56 - - [28/Apr/2013:03:31:18 +0200] "GET //cgi/stats/awstats.pl HTTP/1.1" 404 325 "-" "Mozilla/4.0 (compatible; MSIE 6.0; Windows 98)"
118.163.65.56 - - [28/Apr/2013:03:31:18 +0200] "GET //cgi/stats/awstats.pl HTTP/1.1" 404 325 "-" "Mozilla/4.0 (compatible; MSIE 6.0; Windows 98)"
118.163.65.56 - - [28/Apr/2013:03:31:18 +0200] "GET //cgi/stats/awstats.pl HTTP/1.1" 404 325 "-" "Mozilla/4.0 (compatible; MSIE 6.0; Windows 98)"
118.163.65.56 - - [28/Apr/2013:03:31:19 +0200] "GET //cgi/stats/awstats.pl HTTP/1.1" 404 325 "-" "Mozilla/4.0 (compatible; MSIE 6.0; Windows 98)"
118.163.65.56 - - [28/Apr/2013:03:31:19 +0200] "GET //awstats.pl HTTP/1.1" 404 315 "-" "Mozilla/4.0 (compatible; MSIE 6.0; Windows 98)"
118.163.65.56 - - [28/Apr/2013:03:31:19 +0200] "GET //cgi/stats/awstats.pl HTTP/1.1" 404 325 "-" "Mozilla/4.0 (compatible; MSIE 6.0; Windows 98)"
118.163.65.56 - - [28/Apr/2013:03:31:20 +0200] "GET //cgi/stats/awstats.pl HTTP/1.1" 404 325 "-" "Mozilla/4.0 (compatible; MSIE 6.0; Windows 98)"
216.145.14.142 - - [28/Apr/2013:03:40:12 +0200] "GET /robots.txt HTTP/1.0" 404 322 "-" "Mozilla/5.0 (Windows; U; Windows NT 5.1; en; rv:1.9.0.13) Gecko/2009073022 Firefox/3.5.2 (.NET CLR 3.5.30729) SurveyBot/2.3 (DomainTools)"
216.145.14.142 - - [28/Apr/2013:03:40:12 +0200] "GET / HTTP/1.1" 200 1229 "http://whois.domaintools.com/boedenundmehr.de" "Mozilla/5.0 (Windows; U; Windows NT 5.1; en; rv:1.9.0.13) Gecko/2009073022 Firefox/3.5.2 (.NET CLR 3.5.30729) SurveyBot/2.3 (DomainTools)"
157.55.35.88 - - [28/Apr/2013:03:43:21 +0200] "GET /robots.txt HTTP/1.1" 404 328 "-" "Mozilla/5.0 (compatible; bingbot/2.0; +http://www.bing.com/bingbot.htm)"
5.9.7.208 - - [28/Apr/2013:03:43:32 +0200] "GET /robots.txt HTTP/1.0" 404 320 "-" "Mozilla/5.0 (compatible; MJ12bot/v1.4.3; http://www.majestic12.co.uk/bot.php?+)"
5.9.7.208 - - [28/Apr/2013:03:43:34 +0200] "GET / HTTP/1.0" 200 1229 "-" "Mozilla/5.0 (compatible; MJ12bot/v1.4.3; http://www.majestic12.co.uk/bot.php?+)"
157.55.35.88 - - [28/Apr/2013:03:45:17 +0200] "GET / HTTP/1.1" 200 1229 "-" "Mozilla/5.0 (compatible; bingbot/2.0; +http://www.bing.com/bingbot.htm)"
157.56.93.153 - - [28/Apr/2013:04:20:01 +0200] "GET /robots.txt HTTP/1.1" 404 322 "-" "Mozilla/5.0 (compatible; bingbot/2.0; +http://www.bing.com/bingbot.htm)"
157.56.93.153 - - [28/Apr/2013:04:34:32 +0200] "GET / HTTP/1.1" 200 1229 "-" "Mozilla/5.0 (compatible; bingbot/2.0; +http://www.bing.com/bingbot.htm)"
157.56.93.153 - - [28/Apr/2013:04:59:23 +0200] "GET / HTTP/1.1" 304 - "-" "Mozilla/5.0 (compatible; bingbot/2.0; +http://www.bing.com/bingbot.htm)"
94.102.51.246 - - [28/Apr/2013:05:09:10 +0200] "GET http://24x7-allrequestsallowed.com/?PHPSESSID=7jy745aa00143SSQJ_W_EFBF%5CE HTTP/1.1" 200 1229 "-" "Mozilla/5.0 (Windows NT 6.1; rv:16.0) Gecko/20100101 Firefox/16.0"
5.9.7.208 - - [28/Apr/2013:05:33:39 +0200] "GET /robots.txt HTTP/1.0" 404 320 "-" "Mozilla/5.0 (compatible; MJ12bot/v1.4.3; http://www.majestic12.co.uk/bot.php?+)"
5.9.7.208 - - [28/Apr/2013:05:33:43 +0200] "GET / HTTP/1.0" 200 1229 "-" "Mozilla/5.0 (compatible; MJ12bot/v1.4.3; http://www.majestic12.co.uk/bot.php?+)"
188.165.248.204 - - [28/Apr/2013:05:44:21 +0200] "GET /robots.txt HTTP/1.0" 404 320 "-" "Mozilla/5.0 (compatible; MJ12bot/v1.4.3; http://www.majestic12.co.uk/bot.php?+)"
188.165.248.204 - - [28/Apr/2013:05:44:24 +0200] "GET / HTTP/1.0" 200 1229 "-" "Mozilla/5.0 (compatible; MJ12bot/v1.4.3; http://www.majestic12.co.uk/bot.php?+)"
173.208.165.194 - - [28/Apr/2013:05:53:12 +0200] "GET /robots.txt HTTP/1.0" 404 320 "-" "Mozilla/5.0 (compatible; MJ12bot/v1.4.3; http://www.majestic12.co.uk/bot.php?+)"
173.208.165.194 - - [28/Apr/2013:05:53:15 +0200] "GET / HTTP/1.0" 200 1229 "-" "Mozilla/5.0 (compatible; MJ12bot/v1.4.3; http://www.majestic12.co.uk/bot.php?+)"
65.55.52.86 - - [28/Apr/2013:07:08:25 +0200] "GET /robots.txt HTTP/1.1" 404 337 "-" "Mozilla/5.0 (compatible; bingbot/2.0; +http://www.bing.com/bingbot.htm)"
182.221.246.212 - - [28/Apr/2013:07:09:12 +0200] "HEAD /manager/status HTTP/1.1" 404 - "-" "Java/1.6.0_13"
182.221.246.212 - - [28/Apr/2013:07:09:14 +0200] "HEAD /manager/status HTTP/1.1" 404 - "-" "Java/1.6.0_13"
182.221.246.212 - - [28/Apr/2013:07:09:17 +0200] "HEAD /manager/status HTTP/1.1" 404 - "-" "Java/1.6.0_13"
182.221.246.212 - - [28/Apr/2013:07:09:19 +0200] "HEAD /manager/status HTTP/1.1" 404 - "-" "Java/1.6.0_13"
182.221.246.212 - - [28/Apr/2013:07:09:22 +0200] "HEAD /manager/status HTTP/1.1" 404 - "-" "Java/1.6.0_13"
182.221.246.212 - - [28/Apr/2013:07:09:25 +0200] "HEAD /manager/status HTTP/1.1" 404 - "-" "Java/1.6.0_13"
182.221.246.212 - - [28/Apr/2013:07:09:27 +0200] "HEAD /manager/status HTTP/1.1" 404 - "-" "Java/1.6.0_13"
182.221.246.212 - - [28/Apr/2013:07:09:30 +0200] "HEAD /manager/status HTTP/1.1" 404 - "-" "Java/1.6.0_13"
182.221.246.212 - - [28/Apr/2013:07:09:33 +0200] "HEAD /manager/status HTTP/1.1" 404 - "-" "Java/1.6.0_13"
182.221.246.212 - - [28/Apr/2013:07:09:35 +0200] "HEAD /manager/status HTTP/1.1" 404 - "-" "Java/1.6.0_13"
65.55.52.86 - - [28/Apr/2013:07:10:28 +0200] "GET / HTTP/1.1" 200 1229 "-" "Mozilla/5.0 (compatible; bingbot/2.0; +http://www.bing.com/bingbot.htm)"
173.208.165.90 - - [28/Apr/2013:07:34:34 +0200] "GET /robots.txt HTTP/1.0" 404 320 "-" "Mozilla/5.0 (compatible; MJ12bot/v1.4.3; http://www.majestic12.co.uk/bot.php?+)"
173.208.165.90 - - [28/Apr/2013:07:34:35 +0200] "GET / HTTP/1.0" 200 1229 "-" "Mozilla/5.0 (compatible; MJ12bot/v1.4.3; http://www.majestic12.co.uk/bot.php?+)"
69.30.238.18 - - [28/Apr/2013:08:30:45 +0200] "GET /robots.txt HTTP/1.0" 404 320 "-" "Mozilla/5.0 (compatible; MJ12bot/v1.4.3; http://www.majestic12.co.uk/bot.php?+)"
69.30.238.18 - - [28/Apr/2013:08:30:47 +0200] "GET / HTTP/1.0" 200 1229 "-" "Mozilla/5.0 (compatible; MJ12bot/v1.4.3; http://www.majestic12.co.uk/bot.php?+)"
65.55.24.239 - - [28/Apr/2013:09:20:03 +0200] "GET /robots.txt HTTP/1.1" 404 320 "-" "Mozilla/5.0 (compatible; bingbot/2.0; +http://www.bing.com/bingbot.htm)"
65.55.24.239 - - [28/Apr/2013:09:21:22 +0200] "GET / HTTP/1.1" 200 1229 "-" "Mozilla/5.0 (compatible; bingbot/2.0; +http://www.bing.com/bingbot.htm)"
173.208.180.58 - - [28/Apr/2013:09:49:21 +0200] "GET /robots.txt HTTP/1.0" 404 320 "-" "Mozilla/5.0 (compatible; MJ12bot/v1.4.3; http://www.majestic12.co.uk/bot.php?+)"
173.208.180.58 - - [28/Apr/2013:09:49:23 +0200] "GET / HTTP/1.0" 200 1229 "-" "Mozilla/5.0 (compatible; MJ12bot/v1.4.3; http://www.majestic12.co.uk/bot.php?+)"
157.56.93.153 - - [28/Apr/2013:11:47:50 +0200] "GET /robots.txt HTTP/1.1" 404 322 "-" "Mozilla/5.0 (compatible; bingbot/2.0; +http://www.bing.com/bingbot.htm)"
157.56.93.153 - - [28/Apr/2013:11:49:33 +0200] "GET / HTTP/1.1" 200 1229 "-" "Mozilla/5.0 (compatible; bingbot/2.0; +http://www.bing.com/bingbot.htm)"
5.9.7.208 - - [28/Apr/2013:13:33:48 +0200] "GET /robots.txt HTTP/1.0" 404 320 "-" "Mozilla/5.0 (compatible; MJ12bot/v1.4.3; http://www.majestic12.co.uk/bot.php?+)"
5.9.7.208 - - [28/Apr/2013:13:34:00 +0200] "GET / HTTP/1.0" 200 1229 "-" "Mozilla/5.0 (compatible; MJ12bot/v1.4.3; http://www.majestic12.co.uk/bot.php?+)"
