37.221.162.29 - - [09/Apr/2013:08:15:39 +0200] "GET /" 200 1229 "-" "-"
37.221.162.29 - - [09/Apr/2013:08:15:39 +0200] "GET /" 200 1229 "-" "-"
37.221.162.29 - - [09/Apr/2013:08:15:39 +0200] "GET /" 200 1229 "-" "-"
37.221.162.29 - - [09/Apr/2013:08:15:39 +0200] "GET /" 200 1229 "-" "-"
37.221.162.29 - - [09/Apr/2013:08:15:39 +0200] "GET /" 200 1229 "-" "-"
37.221.162.29 - - [09/Apr/2013:08:15:39 +0200] "GET /" 200 1229 "-" "-"
37.221.162.29 - - [09/Apr/2013:08:15:39 +0200] "GET /" 200 1229 "-" "-"
37.221.162.29 - - [09/Apr/2013:08:15:39 +0200] "GET /" 200 1229 "-" "-"
37.221.162.29 - - [09/Apr/2013:08:15:40 +0200] "GET /" 200 1229 "-" "-"
37.221.162.29 - - [09/Apr/2013:08:15:40 +0200] "GET /" 200 1229 "-" "-"
37.221.162.29 - - [09/Apr/2013:08:15:40 +0200] "GET /" 200 1229 "-" "-"
37.221.162.29 - - [09/Apr/2013:08:15:40 +0200] "GET /" 200 1229 "-" "-"
37.221.162.29 - - [09/Apr/2013:08:15:40 +0200] "GET /" 200 1229 "-" "-"
37.221.162.29 - - [09/Apr/2013:08:15:40 +0200] "GET /" 200 1229 "-" "-"
37.221.162.29 - - [09/Apr/2013:08:15:40 +0200] "GET /" 200 1229 "-" "-"
37.221.162.29 - - [09/Apr/2013:08:15:40 +0200] "GET /" 200 1229 "-" "-"
37.221.162.29 - - [09/Apr/2013:08:15:40 +0200] "GET /" 200 1229 "-" "-"
37.221.162.29 - - [09/Apr/2013:08:15:40 +0200] "GET /" 200 1229 "-" "-"
37.221.162.29 - - [09/Apr/2013:08:15:41 +0200] "GET /" 200 1229 "-" "-"
37.221.162.29 - - [09/Apr/2013:08:15:41 +0200] "GET /" 200 1229 "-" "-"
37.221.162.29 - - [09/Apr/2013:08:15:41 +0200] "GET /" 200 1229 "-" "-"
37.221.162.29 - - [09/Apr/2013:08:15:41 +0200] "GET /" 200 1229 "-" "-"
37.221.162.29 - - [09/Apr/2013:08:15:41 +0200] "GET /" 200 1229 "-" "-"
37.221.162.29 - - [09/Apr/2013:08:15:41 +0200] "GET /" 200 1229 "-" "-"
37.221.162.29 - - [09/Apr/2013:08:15:41 +0200] "GET /" 200 1229 "-" "-"
37.221.162.29 - - [09/Apr/2013:08:15:41 +0200] "GET /" 200 1229 "-" "-"
37.221.162.29 - - [09/Apr/2013:08:15:41 +0200] "GET /" 200 1229 "-" "-"
37.221.162.29 - - [09/Apr/2013:08:15:42 +0200] "GET /" 200 1229 "-" "-"
37.221.162.29 - - [09/Apr/2013:08:15:42 +0200] "GET /" 200 1229 "-" "-"
37.221.162.29 - - [09/Apr/2013:08:15:42 +0200] "GET /" 200 1229 "-" "-"
37.221.162.29 - - [09/Apr/2013:08:15:42 +0200] "GET /" 200 1229 "-" "-"
37.221.162.29 - - [09/Apr/2013:08:15:42 +0200] "GET /" 200 1229 "-" "-"
37.221.162.29 - - [09/Apr/2013:08:15:42 +0200] "GET /" 200 1229 "-" "-"
37.221.162.29 - - [09/Apr/2013:08:15:42 +0200] "GET /" 200 1229 "-" "-"
37.221.162.29 - - [09/Apr/2013:08:15:42 +0200] "GET /" 200 1229 "-" "-"
37.221.162.29 - - [09/Apr/2013:08:15:42 +0200] "GET /" 200 1229 "-" "-"
37.221.162.29 - - [09/Apr/2013:08:15:43 +0200] "GET /" 200 1229 "-" "-"
37.221.162.29 - - [09/Apr/2013:08:15:43 +0200] "GET /" 200 1229 "-" "-"
37.221.162.29 - - [09/Apr/2013:08:15:43 +0200] "GET /" 200 1229 "-" "-"
37.221.162.29 - - [09/Apr/2013:08:15:43 +0200] "GET /" 200 1229 "-" "-"
37.221.162.29 - - [09/Apr/2013:08:15:43 +0200] "GET /" 200 1229 "-" "-"
37.221.162.29 - - [09/Apr/2013:08:15:43 +0200] "GET /" 200 1229 "-" "-"
37.221.162.29 - - [09/Apr/2013:08:15:43 +0200] "GET /" 200 1229 "-" "-"
37.221.162.29 - - [09/Apr/2013:08:15:43 +0200] "GET /" 200 1229 "-" "-"
37.221.162.29 - - [09/Apr/2013:08:15:43 +0200] "GET /" 200 1229 "-" "-"
37.221.162.29 - - [09/Apr/2013:08:15:43 +0200] "GET /" 200 1229 "-" "-"
37.221.162.29 - - [09/Apr/2013:08:15:44 +0200] "GET /" 200 1229 "-" "-"
37.221.162.29 - - [09/Apr/2013:08:15:44 +0200] "GET /" 200 1229 "-" "-"
37.221.162.29 - - [09/Apr/2013:08:15:44 +0200] "GET /" 200 1229 "-" "-"
37.221.162.29 - - [09/Apr/2013:08:15:44 +0200] "GET /" 200 1229 "-" "-"
37.221.162.29 - - [09/Apr/2013:08:15:44 +0200] "GET /" 200 1229 "-" "-"
37.221.162.29 - - [09/Apr/2013:08:15:44 +0200] "GET /" 200 1229 "-" "-"
37.221.162.29 - - [09/Apr/2013:08:15:44 +0200] "GET /" 200 1229 "-" "-"
37.221.162.29 - - [09/Apr/2013:08:15:44 +0200] "GET /" 200 1229 "-" "-"
37.221.162.29 - - [09/Apr/2013:08:15:44 +0200] "GET /" 200 1229 "-" "-"
37.221.162.29 - - [09/Apr/2013:08:15:45 +0200] "GET /" 200 1229 "-" "-"
64.246.165.140 - - [09/Apr/2013:13:11:22 +0200] "GET /robots.txt HTTP/1.0" 404 334 "-" "Mozilla/5.0 (Windows; U; Windows NT 5.1; en; rv:1.9.0.13) Gecko/2009073022 Firefox/3.5.2 (.NET CLR 3.5.30729) SurveyBot/2.3 (DomainTools)"
64.246.165.140 - - [09/Apr/2013:13:11:22 +0200] "GET / HTTP/1.1" 200 1229 "http://whois.domaintools.com/schraeg-senkrechtaufzuege.de" "Mozilla/5.0 (Windows; U; Windows NT 5.1; en; rv:1.9.0.13) Gecko/2009073022 Firefox/3.5.2 (.NET CLR 3.5.30729) SurveyBot/2.3 (DomainTools)"
198.20.69.74 - - [09/Apr/2013:16:35:48 +0200] "GET / HTTP/1.1" 200 1229 "-" "-"
198.20.69.74 - - [09/Apr/2013:16:35:48 +0200] "GET /robots.txt HTTP/1.1" 404 315 "-" "-"
66.193.171.245 - - [09/Apr/2013:18:09:01 +0200] "GET /user/soapCaller.bs HTTP/1.1" 404 323 "-" "Morfeus Fucking Scanner"
66.193.171.245 - - [09/Apr/2013:18:09:01 +0200] "GET /user/soapCaller.bs HTTP/1.1" 404 323 "-" "Morfeus Fucking Scanner"
66.193.171.245 - - [09/Apr/2013:18:09:01 +0200] "GET /user/soapCaller.bs HTTP/1.1" 404 323 "-" "Morfeus Fucking Scanner"
66.193.171.245 - - [09/Apr/2013:18:09:01 +0200] "GET /user/soapCaller.bs HTTP/1.1" 404 323 "-" "Morfeus Fucking Scanner"
66.193.171.245 - - [09/Apr/2013:18:09:01 +0200] "GET /user/soapCaller.bs HTTP/1.1" 404 323 "-" "Morfeus Fucking Scanner"
66.193.171.245 - - [09/Apr/2013:18:09:01 +0200] "GET /user/soapCaller.bs HTTP/1.1" 404 323 "-" "Morfeus Fucking Scanner"
66.193.171.245 - - [09/Apr/2013:18:09:01 +0200] "GET /user/soapCaller.bs HTTP/1.1" 404 323 "-" "Morfeus Fucking Scanner"
66.193.171.245 - - [09/Apr/2013:18:09:01 +0200] "GET /user/soapCaller.bs HTTP/1.1" 404 323 "-" "Morfeus Fucking Scanner"
66.193.171.245 - - [09/Apr/2013:18:09:01 +0200] "GET /user/soapCaller.bs HTTP/1.1" 404 323 "-" "Morfeus Fucking Scanner"
66.193.171.245 - - [09/Apr/2013:18:09:01 +0200] "GET /user/soapCaller.bs HTTP/1.1" 404 323 "-" "Morfeus Fucking Scanner"
178.255.215.64 - - [09/Apr/2013:18:36:46 +0200] "GET /robots.txt HTTP/1.1" 404 322 "-" "Mozilla/5.0 (compatible; Exabot/3.0; +http://www.exabot.com/go/robot)"
178.255.215.64 - - [09/Apr/2013:18:36:46 +0200] "GET / HTTP/1.1" 304 - "-" "Mozilla/5.0 (compatible; Exabot/3.0; +http://www.exabot.com/go/robot)"
157.55.32.223 - - [09/Apr/2013:18:44:33 +0200] "GET /robots.txt HTTP/1.1" 404 320 "-" "Mozilla/5.0 (compatible; bingbot/2.0; +http://www.bing.com/bingbot.htm)"
157.55.32.223 - - [09/Apr/2013:18:46:36 +0200] "GET / HTTP/1.1" 200 1229 "-" "Mozilla/5.0 (compatible; bingbot/2.0; +http://www.bing.com/bingbot.htm)"
157.55.35.44 - - [09/Apr/2013:22:12:21 +0200] "GET /robots.txt HTTP/1.1" 404 327 "-" "Mozilla/5.0 (compatible; bingbot/2.0; +http://www.bing.com/bingbot.htm)"
84.239.131.21 - - [09/Apr/2013:22:14:05 +0200] "HEAD / HTTP/1.0" 200 - "-" "-"
84.239.131.21 - - [09/Apr/2013:22:14:05 +0200] "HEAD / HTTP/1.0" 200 - "-" "-"
84.239.131.21 - - [09/Apr/2013:22:14:05 +0200] "HEAD / HTTP/1.0" 200 - "-" "-"
84.239.131.21 - - [09/Apr/2013:22:14:05 +0200] "HEAD / HTTP/1.0" 200 - "-" "-"
84.239.131.21 - - [09/Apr/2013:22:14:05 +0200] "HEAD / HTTP/1.0" 200 - "-" "-"
84.239.131.21 - - [09/Apr/2013:22:14:05 +0200] "HEAD / HTTP/1.0" 200 - "-" "-"
84.239.131.21 - - [09/Apr/2013:22:14:05 +0200] "HEAD / HTTP/1.0" 200 - "-" "-"
84.239.131.21 - - [09/Apr/2013:22:14:05 +0200] "HEAD / HTTP/1.0" 200 - "-" "-"
84.239.131.21 - - [09/Apr/2013:22:14:05 +0200] "HEAD / HTTP/1.0" 200 - "-" "-"
84.239.131.21 - - [09/Apr/2013:22:14:05 +0200] "HEAD / HTTP/1.0" 200 - "-" "-"
157.55.35.44 - - [09/Apr/2013:22:14:36 +0200] "GET / HTTP/1.1" 200 1229 "-" "Mozilla/5.0 (compatible; bingbot/2.0; +http://www.bing.com/bingbot.htm)"
198.20.69.74 - - [10/Apr/2013:01:04:19 +0200] "GET / HTTP/1.1" 200 1229 "-" "-"
198.20.69.74 - - [10/Apr/2013:01:04:20 +0200] "GET /robots.txt HTTP/1.1" 404 315 "-" "-"
178.77.126.55 - - [10/Apr/2013:01:24:05 +0200] "GET /robots.txt HTTP/1.1" 404 320 "-" "Mozilla/5.0 (compatible; CareerBot/1.1; +http://www.career-x.de/bot.html)"
178.77.126.55 - - [10/Apr/2013:01:24:05 +0200] "GET / HTTP/1.1" 200 1229 "-" "Mozilla/5.0 (compatible; CareerBot/1.1; +http://www.career-x.de/bot.html)"
198.20.69.74 - - [10/Apr/2013:02:48:05 +0200] "GET / HTTP/1.1" 200 1229 "-" "-"
198.20.69.74 - - [10/Apr/2013:02:48:05 +0200] "GET /robots.txt HTTP/1.1" 404 315 "-" "-"
94.102.51.246 - - [10/Apr/2013:04:08:18 +0200] "GET http://24x7-allrequestsallowed.com/?PHPSESSID=7jy745aa00143SSQJ_W_EFBF%5CF HTTP/1.1" 200 1229 "-" "Mozilla/5.0 (Windows NT 6.1; rv:16.0) Gecko/20100101 Firefox/16.0"
157.55.32.223 - - [10/Apr/2013:07:40:59 +0200] "GET /robots.txt HTTP/1.1" 404 320 "-" "Mozilla/5.0 (compatible; bingbot/2.0; +http://www.bing.com/bingbot.htm)"
157.55.32.223 - - [10/Apr/2013:07:42:29 +0200] "GET / HTTP/1.1" 200 1229 "-" "Mozilla/5.0 (compatible; bingbot/2.0; +http://www.bing.com/bingbot.htm)"
217.253.158.146 - - [10/Apr/2013:10:15:21 +0200] "GET /favicon.ico HTTP/1.1" 404 316 "-" "Mozilla/5.0 (Windows NT 6.1; WOW64; rv:19.0) Gecko/20100101 Firefox/19.0"
54.246.138.57 - - [10/Apr/2013:11:39:52 +0200] "HEAD / HTTP/1.0" 200 - "-" "-"
54.246.138.57 - - [10/Apr/2013:11:39:52 +0200] "HEAD / HTTP/1.0" 200 - "-" "-"
54.246.138.57 - - [10/Apr/2013:11:39:52 +0200] "HEAD / HTTP/1.0" 200 - "-" "-"
54.246.138.57 - - [10/Apr/2013:11:39:52 +0200] "HEAD / HTTP/1.0" 200 - "-" "-"
54.246.138.57 - - [10/Apr/2013:11:39:52 +0200] "HEAD / HTTP/1.0" 200 - "-" "-"
54.246.138.57 - - [10/Apr/2013:11:39:52 +0200] "HEAD / HTTP/1.0" 200 - "-" "-"
54.246.138.57 - - [10/Apr/2013:11:39:52 +0200] "HEAD / HTTP/1.0" 200 - "-" "-"
54.246.138.57 - - [10/Apr/2013:11:39:52 +0200] "HEAD / HTTP/1.0" 200 - "-" "-"
54.246.138.57 - - [10/Apr/2013:11:39:52 +0200] "HEAD / HTTP/1.0" 200 - "-" "-"
54.246.138.57 - - [10/Apr/2013:11:39:52 +0200] "HEAD / HTTP/1.0" 200 - "-" "-"
54.224.141.210 - - [10/Apr/2013:12:07:20 +0200] "GET / HTTP/1.0" 200 1229 "-" "Mozilla/5.0 (compatible; NetcraftSurveyAgent/1.0; +info@netcraft.com)"
23.22.97.13 - - [10/Apr/2013:12:23:38 +0200] "GET / HTTP/1.0" 200 1229 "-" "Mozilla/5.0 (compatible; NetcraftSurveyAgent/1.0; +info@netcraft.com)"
50.19.71.100 - - [10/Apr/2013:12:25:15 +0200] "GET / HTTP/1.0" 200 1229 "-" "Mozilla/5.0 (compatible; NetcraftSurveyAgent/1.0; +info@netcraft.com)"
50.19.3.67 - - [10/Apr/2013:12:43:59 +0200] "GET / HTTP/1.0" 200 1229 "-" "Mozilla/5.0 (compatible; NetcraftSurveyAgent/1.0; +info@netcraft.com)"
54.234.154.17 - - [10/Apr/2013:12:48:04 +0200] "GET / HTTP/1.0" 200 1229 "-" "Mozilla/5.0 (compatible; NetcraftSurveyAgent/1.0; +info@netcraft.com)"
54.224.108.246 - - [10/Apr/2013:12:50:32 +0200] "GET / HTTP/1.0" 200 1229 "-" "Mozilla/5.0 (compatible; NetcraftSurveyAgent/1.0; +info@netcraft.com)"
184.73.138.159 - - [10/Apr/2013:13:10:12 +0200] "GET / HTTP/1.0" 200 1229 "-" "Mozilla/5.0 (compatible; NetcraftSurveyAgent/1.0; +info@netcraft.com)"
23.20.234.202 - - [10/Apr/2013:14:31:16 +0200] "GET / HTTP/1.0" 200 1229 "-" "Mozilla/5.0 (compatible; NetcraftSurveyAgent/1.0; +info@netcraft.com)"
141.8.147.12 - - [10/Apr/2013:15:15:24 +0200] "GET /robots.txt HTTP/1.1" 404 328 "-" "Mozilla/5.0 (compatible; YandexBot/3.0; +http://yandex.com/bots)"
50.19.157.196 - - [10/Apr/2013:16:12:28 +0200] "GET / HTTP/1.0" 200 1229 "-" "Mozilla/5.0 (compatible; NetcraftSurveyAgent/1.0; +info@netcraft.com)"
194.153.113.35 - - [10/Apr/2013:17:16:50 +0200] "HEAD / HTTP/1.1" 200 - "-" "Mozilla/5.0 (compatible; oBot/2.3.1; +http://filterdb.iss.net/crawler/)"
194.153.113.7 - - [10/Apr/2013:18:13:59 +0200] "HEAD / HTTP/1.1" 200 - "-" "Mozilla/5.0 (compatible; oBot/2.3.1; +http://filterdb.iss.net/crawler/)"
107.21.171.37 - - [10/Apr/2013:18:27:38 +0200] "HEAD / HTTP/1.0" 200 - "-" "-"
107.21.171.37 - - [10/Apr/2013:18:27:38 +0200] "HEAD / HTTP/1.0" 200 - "-" "-"
107.21.171.37 - - [10/Apr/2013:18:27:38 +0200] "HEAD / HTTP/1.0" 200 - "-" "-"
107.21.171.37 - - [10/Apr/2013:18:27:39 +0200] "HEAD / HTTP/1.0" 200 - "-" "-"
107.21.171.37 - - [10/Apr/2013:18:27:39 +0200] "HEAD / HTTP/1.0" 200 - "-" "-"
107.21.171.37 - - [10/Apr/2013:18:27:39 +0200] "HEAD / HTTP/1.0" 200 - "-" "-"
107.21.171.37 - - [10/Apr/2013:18:27:39 +0200] "HEAD / HTTP/1.0" 200 - "-" "-"
107.21.171.37 - - [10/Apr/2013:18:27:39 +0200] "HEAD / HTTP/1.0" 200 - "-" "-"
107.21.171.37 - - [10/Apr/2013:18:27:39 +0200] "HEAD / HTTP/1.0" 200 - "-" "-"
107.21.171.37 - - [10/Apr/2013:18:27:39 +0200] "HEAD / HTTP/1.0" 200 - "-" "-"
141.8.147.12 - - [10/Apr/2013:18:33:27 +0200] "GET / HTTP/1.1" 200 1229 "-" "Mozilla/5.0 (compatible; YandexBot/3.0; +http://yandex.com/bots)"
157.55.32.223 - - [10/Apr/2013:19:29:02 +0200] "GET /robots.txt HTTP/1.1" 404 320 "-" "Mozilla/5.0 (compatible; bingbot/2.0; +http://www.bing.com/bingbot.htm)"
157.55.32.223 - - [10/Apr/2013:19:31:12 +0200] "GET / HTTP/1.1" 200 1229 "-" "Mozilla/5.0 (compatible; bingbot/2.0; +http://www.bing.com/bingbot.htm)"
141.8.147.12 - - [10/Apr/2013:21:36:10 +0200] "GET /robots.txt HTTP/1.1" 404 327 "-" "Mozilla/5.0 (compatible; YandexBot/3.0; +http://yandex.com/bots)"
141.8.147.12 - - [10/Apr/2013:21:40:15 +0200] "GET /robots.txt HTTP/1.1" 404 337 "-" "Mozilla/5.0 (compatible; YandexBot/3.0; +http://yandex.com/bots)"
141.8.147.12 - - [10/Apr/2013:21:40:21 +0200] "GET / HTTP/1.1" 200 1229 "-" "Mozilla/5.0 (compatible; YandexBot/3.0; +http://yandex.com/bots)"
141.8.147.12 - - [11/Apr/2013:00:01:46 +0200] "GET / HTTP/1.1" 200 1229 "-" "Mozilla/5.0 (compatible; YandexBot/3.0; +http://yandex.com/bots)"
64.246.161.42 - - [11/Apr/2013:00:36:26 +0200] "GET /robots.txt HTTP/1.0" 404 334 "-" "Mozilla/5.0 (Windows; U; Windows NT 5.1; en; rv:1.9.0.13) Gecko/2009073022 Firefox/3.5.2 (.NET CLR 3.5.30729) SurveyBot/2.3 (DomainTools)"
64.246.161.42 - - [11/Apr/2013:00:36:26 +0200] "GET / HTTP/1.1" 200 1229 "http://whois.domaintools.com/xn--heizlpreiseberlin-2zb.de" "Mozilla/5.0 (Windows; U; Windows NT 5.1; en; rv:1.9.0.13) Gecko/2009073022 Firefox/3.5.2 (.NET CLR 3.5.30729) SurveyBot/2.3 (DomainTools)"
173.208.165.178 - - [11/Apr/2013:00:59:01 +0200] "GET /robots.txt HTTP/1.0" 404 320 "-" "Mozilla/5.0 (compatible; MJ12bot/v1.4.3; http://www.majestic12.co.uk/bot.php?+)"
69.30.238.26 - - [11/Apr/2013:00:59:02 +0200] "GET /robots.txt HTTP/1.0" 404 320 "-" "Mozilla/5.0 (compatible; MJ12bot/v1.4.3; http://www.majestic12.co.uk/bot.php?+)"
173.208.165.178 - - [11/Apr/2013:00:59:04 +0200] "GET / HTTP/1.0" 200 1229 "-" "Mozilla/5.0 (compatible; MJ12bot/v1.4.3; http://www.majestic12.co.uk/bot.php?+)"
69.30.238.26 - - [11/Apr/2013:00:59:04 +0200] "GET / HTTP/1.0" 200 1229 "-" "Mozilla/5.0 (compatible; MJ12bot/v1.4.3; http://www.majestic12.co.uk/bot.php?+)"
176.9.148.197 - - [11/Apr/2013:01:04:56 +0200] "GET /robots.txt HTTP/1.1" 404 333 "-" "Mozilla/5.0 (compatible; SISTRIX Crawler; http://crawler.sistrix.net/)"
176.9.148.197 - - [11/Apr/2013:01:04:57 +0200] "GET / HTTP/1.1" 200 1229 "-" "Mozilla/5.0 (compatible; SISTRIX Crawler; http://crawler.sistrix.net/)"
5.9.7.208 - - [11/Apr/2013:02:00:39 +0200] "GET /robots.txt HTTP/1.0" 404 320 "-" "Mozilla/5.0 (compatible; MJ12bot/v1.4.3; http://www.majestic12.co.uk/bot.php?+)"
5.9.7.208 - - [11/Apr/2013:02:00:41 +0200] "GET / HTTP/1.0" 200 1229 "-" "Mozilla/5.0 (compatible; MJ12bot/v1.4.3; http://www.majestic12.co.uk/bot.php?+)"
198.20.69.74 - - [11/Apr/2013:02:15:42 +0200] "GET / HTTP/1.1" 200 1229 "-" "-"
198.20.69.74 - - [11/Apr/2013:02:15:42 +0200] "GET /robots.txt HTTP/1.1" 404 315 "-" "-"
5.9.7.208 - - [11/Apr/2013:02:20:28 +0200] "GET /robots.txt HTTP/1.0" 404 320 "-" "Mozilla/5.0 (compatible; MJ12bot/v1.4.3; http://www.majestic12.co.uk/bot.php?+)"
5.9.7.208 - - [11/Apr/2013:02:20:30 +0200] "GET / HTTP/1.0" 200 1229 "-" "Mozilla/5.0 (compatible; MJ12bot/v1.4.3; http://www.majestic12.co.uk/bot.php?+)"
176.9.120.195 - - [11/Apr/2013:02:37:29 +0200] "GET /robots.txt HTTP/1.1" 404 322 "-" "Mozilla/5.0 (compatible; SearchmetricsBot; http://www.searchmetrics.com/en/searchmetrics-bot/)"
176.9.120.195 - - [11/Apr/2013:02:37:29 +0200] "GET / HTTP/1.1" 200 1229 "-" "Mozilla/5.0 (compatible; SearchmetricsBot; http://www.searchmetrics.com/en/searchmetrics-bot/)"
157.56.229.87 - - [11/Apr/2013:02:39:47 +0200] "GET /robots.txt HTTP/1.1" 404 322 "-" "Mozilla/5.0 (compatible; bingbot/2.0; +http://www.bing.com/bingbot.htm)"
157.56.229.87 - - [11/Apr/2013:02:41:16 +0200] "GET / HTTP/1.1" 304 - "-" "Mozilla/5.0 (compatible; bingbot/2.0; +http://www.bing.com/bingbot.htm)"
94.102.51.246 - - [11/Apr/2013:03:09:07 +0200] "GET http://24x7-allrequestsallowed.com/?PHPSESSID=7jy745aa00143SSQJ_W_EFBF%5CA HTTP/1.1" 200 1229 "-" "Mozilla/5.0 (Windows NT 6.1; rv:16.0) Gecko/20100101 Firefox/16.0"
64.246.165.180 - - [11/Apr/2013:03:13:29 +0200] "GET /robots.txt HTTP/1.0" 404 337 "-" "Mozilla/5.0 (Windows; U; Windows NT 5.1; en; rv:1.9.0.13) Gecko/2009073022 Firefox/3.5.2 (.NET CLR 3.5.30729) SurveyBot/2.3 (DomainTools)"
64.246.165.180 - - [11/Apr/2013:03:13:29 +0200] "GET / HTTP/1.1" 200 1229 "http://whois.domaintools.com/xn--heizllieferantberlin-69b.de" "Mozilla/5.0 (Windows; U; Windows NT 5.1; en; rv:1.9.0.13) Gecko/2009073022 Firefox/3.5.2 (.NET CLR 3.5.30729) SurveyBot/2.3 (DomainTools)"
64.246.165.180 - - [11/Apr/2013:03:28:29 +0200] "GET /robots.txt HTTP/1.0" 404 327 "-" "Mozilla/5.0 (Windows; U; Windows NT 5.1; en; rv:1.9.0.13) Gecko/2009073022 Firefox/3.5.2 (.NET CLR 3.5.30729) SurveyBot/2.3 (DomainTools)"
64.246.165.180 - - [11/Apr/2013:03:28:30 +0200] "GET / HTTP/1.1" 200 1229 "http://whois.domaintools.com/xn--essohndler-u5a.de" "Mozilla/5.0 (Windows; U; Windows NT 5.1; en; rv:1.9.0.13) Gecko/2009073022 Firefox/3.5.2 (.NET CLR 3.5.30729) SurveyBot/2.3 (DomainTools)"
64.246.165.210 - - [11/Apr/2013:03:29:08 +0200] "GET /robots.txt HTTP/1.0" 404 333 "-" "Mozilla/5.0 (Windows; U; Windows NT 5.1; en; rv:1.9.0.13) Gecko/2009073022 Firefox/3.5.2 (.NET CLR 3.5.30729) SurveyBot/2.3 (DomainTools)"
64.246.165.210 - - [11/Apr/2013:03:29:08 +0200] "GET / HTTP/1.1" 200 1229 "http://whois.domaintools.com/xn--heizllieferungen-pwb.de" "Mozilla/5.0 (Windows; U; Windows NT 5.1; en; rv:1.9.0.13) Gecko/2009073022 Firefox/3.5.2 (.NET CLR 3.5.30729) SurveyBot/2.3 (DomainTools)"
204.12.208.218 - - [11/Apr/2013:04:10:31 +0200] "GET /robots.txt HTTP/1.0" 404 320 "-" "Mozilla/5.0 (compatible; MJ12bot/v1.4.3; http://www.majestic12.co.uk/bot.php?+)"
204.12.208.218 - - [11/Apr/2013:04:10:35 +0200] "GET / HTTP/1.0" 200 1229 "-" "Mozilla/5.0 (compatible; MJ12bot/v1.4.3; http://www.majestic12.co.uk/bot.php?+)"
64.246.165.10 - - [11/Apr/2013:04:19:02 +0200] "GET /robots.txt HTTP/1.0" 404 325 "-" "Mozilla/5.0 (Windows; U; Windows NT 5.1; en; rv:1.9.0.13) Gecko/2009073022 Firefox/3.5.2 (.NET CLR 3.5.30729) SurveyBot/2.3 (DomainTools)"
64.246.165.10 - - [11/Apr/2013:04:19:03 +0200] "GET / HTTP/1.1" 200 1229 "http://whois.domaintools.com/xn--premiuml-t4a.de" "Mozilla/5.0 (Windows; U; Windows NT 5.1; en; rv:1.9.0.13) Gecko/2009073022 Firefox/3.5.2 (.NET CLR 3.5.30729) SurveyBot/2.3 (DomainTools)"
5.9.7.208 - - [11/Apr/2013:05:02:36 +0200] "GET /robots.txt HTTP/1.0" 404 320 "-" "Mozilla/5.0 (compatible; MJ12bot/v1.4.3; http://www.majestic12.co.uk/bot.php?+)"
5.9.7.208 - - [11/Apr/2013:05:02:41 +0200] "GET / HTTP/1.0" 200 1229 "-" "Mozilla/5.0 (compatible; MJ12bot/v1.4.3; http://www.majestic12.co.uk/bot.php?+)"
41.129.13.126 - - [11/Apr/2013:05:25:53 +0200] "OPTIONS * HTTP/1.0" 200 - "-" "-"
41.129.13.126 - - [11/Apr/2013:05:25:53 +0200] "OPTIONS * HTTP/1.0" 200 - "-" "-"
41.129.13.126 - - [11/Apr/2013:05:25:53 +0200] "OPTIONS * HTTP/1.0" 200 - "-" "-"
41.129.13.126 - - [11/Apr/2013:05:25:53 +0200] "OPTIONS * HTTP/1.0" 200 - "-" "-"
41.129.13.126 - - [11/Apr/2013:05:25:53 +0200] "OPTIONS * HTTP/1.0" 200 - "-" "-"
41.129.13.126 - - [11/Apr/2013:05:25:53 +0200] "OPTIONS * HTTP/1.0" 200 - "-" "-"
41.129.13.126 - - [11/Apr/2013:05:25:53 +0200] "OPTIONS * HTTP/1.0" 200 - "-" "-"
41.129.13.126 - - [11/Apr/2013:05:25:53 +0200] "OPTIONS * HTTP/1.0" 200 - "-" "-"
41.129.13.126 - - [11/Apr/2013:05:25:53 +0200] "OPTIONS * HTTP/1.0" 200 - "-" "-"
41.129.13.126 - - [11/Apr/2013:05:25:53 +0200] "OPTIONS * HTTP/1.0" 200 - "-" "-"
93.63.195.11 - - [11/Apr/2013:05:32:00 +0200] "GET /robots.txt HTTP/1.0" 404 320 "-" "Mozilla/5.0 (compatible; MJ12bot/v1.4.3; http://www.majestic12.co.uk/bot.php?+)"
93.63.195.11 - - [11/Apr/2013:05:32:21 +0200] "GET / HTTP/1.1" 200 1229 "-" "Mozilla/5.0 (compatible; MJ12bot/v1.4.3; http://www.majestic12.co.uk/bot.php?+)"
216.145.17.190 - - [11/Apr/2013:06:18:20 +0200] "GET /robots.txt HTTP/1.0" 404 328 "-" "Mozilla/5.0 (Windows; U; Windows NT 5.1; en; rv:1.9.0.13) Gecko/2009073022 Firefox/3.5.2 (.NET CLR 3.5.30729) SurveyBot/2.3 (DomainTools)"
216.145.17.190 - - [11/Apr/2013:06:18:21 +0200] "GET / HTTP/1.1" 200 1229 "http://whois.domaintools.com/xn--heizlberlin-ufb.de" "Mozilla/5.0 (Windows; U; Windows NT 5.1; en; rv:1.9.0.13) Gecko/2009073022 Firefox/3.5.2 (.NET CLR 3.5.30729) SurveyBot/2.3 (DomainTools)"
157.55.32.223 - - [11/Apr/2013:08:15:57 +0200] "GET /robots.txt HTTP/1.1" 404 320 "-" "Mozilla/5.0 (compatible; bingbot/2.0; +http://www.bing.com/bingbot.htm)"
157.55.32.223 - - [11/Apr/2013:08:18:30 +0200] "GET / HTTP/1.1" 200 1229 "-" "Mozilla/5.0 (compatible; bingbot/2.0; +http://www.bing.com/bingbot.htm)"
157.56.93.51 - - [11/Apr/2013:08:40:04 +0200] "GET /robots.txt HTTP/1.1" 404 328 "-" "Mozilla/5.0 (compatible; bingbot/2.0; +http://www.bing.com/bingbot.htm)"
157.56.93.51 - - [11/Apr/2013:08:42:20 +0200] "GET / HTTP/1.1" 304 - "-" "Mozilla/5.0 (compatible; bingbot/2.0; +http://www.bing.com/bingbot.htm)"
204.12.208.218 - - [11/Apr/2013:08:49:12 +0200] "GET /robots.txt HTTP/1.0" 404 320 "-" "Mozilla/5.0 (compatible; MJ12bot/v1.4.3; http://www.majestic12.co.uk/bot.php?+)"
204.12.208.218 - - [11/Apr/2013:08:49:15 +0200] "GET / HTTP/1.0" 200 1229 "-" "Mozilla/5.0 (compatible; MJ12bot/v1.4.3; http://www.majestic12.co.uk/bot.php?+)"
69.30.238.18 - - [11/Apr/2013:09:14:09 +0200] "GET /robots.txt HTTP/1.0" 404 320 "-" "Mozilla/5.0 (compatible; MJ12bot/v1.4.3; http://www.majestic12.co.uk/bot.php?+)"
69.30.238.18 - - [11/Apr/2013:09:14:12 +0200] "GET / HTTP/1.0" 200 1229 "-" "Mozilla/5.0 (compatible; MJ12bot/v1.4.3; http://www.majestic12.co.uk/bot.php?+)"
5.9.107.48 - - [11/Apr/2013:09:29:49 +0200] "GET /robots.txt HTTP/1.0" 404 320 "-" "Mozilla/5.0 (compatible; MJ12bot/v1.4.3; http://www.majestic12.co.uk/bot.php?+)"
5.9.107.48 - - [11/Apr/2013:09:29:51 +0200] "GET / HTTP/1.0" 200 1229 "-" "Mozilla/5.0 (compatible; MJ12bot/v1.4.3; http://www.majestic12.co.uk/bot.php?+)"
157.56.229.87 - - [11/Apr/2013:11:00:06 +0200] "GET /robots.txt HTTP/1.1" 404 322 "-" "Mozilla/5.0 (compatible; bingbot/2.0; +http://www.bing.com/bingbot.htm)"
157.56.229.87 - - [11/Apr/2013:11:01:47 +0200] "GET / HTTP/1.1" 304 - "-" "Mozilla/5.0 (compatible; bingbot/2.0; +http://www.bing.com/bingbot.htm)"
141.8.147.12 - - [11/Apr/2013:13:22:11 +0200] "GET /robots.txt HTTP/1.1" 404 333 "-" "Mozilla/5.0 (compatible; YandexBot/3.0; +http://yandex.com/bots)"
62.141.45.101 - - [11/Apr/2013:14:46:56 +0200] "GET /robots.txt HTTP/1.0" 404 320 "-" "Mozilla/5.0 (compatible; MJ12bot/v1.4.3; http://www.majestic12.co.uk/bot.php?+)"
62.141.45.101 - - [11/Apr/2013:14:47:00 +0200] "GET / HTTP/1.0" 200 1229 "-" "Mozilla/5.0 (compatible; MJ12bot/v1.4.3; http://www.majestic12.co.uk/bot.php?+)"
204.12.208.218 - - [11/Apr/2013:15:14:27 +0200] "GET /robots.txt HTTP/1.0" 404 320 "-" "Mozilla/5.0 (compatible; MJ12bot/v1.4.3; http://www.majestic12.co.uk/bot.php?+)"
204.12.208.218 - - [11/Apr/2013:15:14:31 +0200] "GET / HTTP/1.0" 200 1229 "-" "Mozilla/5.0 (compatible; MJ12bot/v1.4.3; http://www.majestic12.co.uk/bot.php?+)"
141.8.147.12 - - [11/Apr/2013:15:24:15 +0200] "GET /robots.txt HTTP/1.1" 404 328 "-" "Mozilla/5.0 (compatible; YandexBot/3.0; +http://yandex.com/bots)"
141.8.147.12 - - [11/Apr/2013:15:43:23 +0200] "GET / HTTP/1.1" 200 1229 "-" "Mozilla/5.0 (compatible; YandexBot/3.0; +http://yandex.com/bots)"
173.208.165.194 - - [11/Apr/2013:15:55:13 +0200] "GET /robots.txt HTTP/1.0" 404 320 "-" "Mozilla/5.0 (compatible; MJ12bot/v1.4.3; http://www.majestic12.co.uk/bot.php?+)"
173.208.165.194 - - [11/Apr/2013:15:55:17 +0200] "GET / HTTP/1.0" 200 1229 "-" "Mozilla/5.0 (compatible; MJ12bot/v1.4.3; http://www.majestic12.co.uk/bot.php?+)"
46.4.100.231 - - [11/Apr/2013:16:48:47 +0200] "GET /robots.txt HTTP/1.1" 404 320 "-" "BacklinkCrawler (http://www.backlinktest.com/crawler.html)"
46.4.100.231 - - [11/Apr/2013:16:48:53 +0200] "GET /sitemap.xml HTTP/1.1" 404 321 "-" "BacklinkCrawler (http://www.backlinktest.com/crawler.html)"
46.4.100.231 - - [11/Apr/2013:16:48:55 +0200] "GET / HTTP/1.1" 200 1229 "-" "BacklinkCrawler (http://www.backlinktest.com/crawler.html)"
141.8.147.12 - - [11/Apr/2013:20:21:14 +0200] "GET / HTTP/1.1" 200 1229 "-" "Mozilla/5.0 (compatible; YandexBot/3.0; +http://yandex.com/bots)"
157.55.32.223 - - [11/Apr/2013:20:25:46 +0200] "GET /robots.txt HTTP/1.1" 404 320 "-" "Mozilla/5.0 (compatible; bingbot/2.0; +http://www.bing.com/bingbot.htm)"
157.55.32.223 - - [11/Apr/2013:20:27:28 +0200] "GET / HTTP/1.1" 200 1229 "-" "Mozilla/5.0 (compatible; bingbot/2.0; +http://www.bing.com/bingbot.htm)"
65.55.52.86 - - [11/Apr/2013:22:49:05 +0200] "GET /robots.txt HTTP/1.1" 404 337 "-" "Mozilla/5.0 (compatible; bingbot/2.0; +http://www.bing.com/bingbot.htm)"
65.55.52.86 - - [11/Apr/2013:22:50:25 +0200] "GET / HTTP/1.1" 304 - "-" "Mozilla/5.0 (compatible; bingbot/2.0; +http://www.bing.com/bingbot.htm)"
198.20.69.74 - - [12/Apr/2013:01:22:19 +0200] "GET / HTTP/1.1" 200 1229 "-" "-"
198.20.69.74 - - [12/Apr/2013:01:22:20 +0200] "GET /robots.txt HTTP/1.1" 404 315 "-" "-"
94.23.45.14 - - [12/Apr/2013:03:51:44 +0200] "HEAD / HTTP/1.0" 200 - "-" "-"
141.8.147.12 - - [12/Apr/2013:05:36:26 +0200] "GET /robots.txt HTTP/1.1" 404 320 "-" "Mozilla/5.0 (compatible; YandexBot/3.0; +http://yandex.com/bots)"
114.202.2.33 - - [12/Apr/2013:05:59:50 +0200] "HEAD /manager/status HTTP/1.1" 404 - "-" "Java/1.6.0_21"
114.202.2.33 - - [12/Apr/2013:05:59:52 +0200] "HEAD /manager/status HTTP/1.1" 404 - "-" "Java/1.6.0_21"
114.202.2.33 - - [12/Apr/2013:05:59:55 +0200] "HEAD /manager/status HTTP/1.1" 404 - "-" "Java/1.6.0_21"
114.202.2.33 - - [12/Apr/2013:05:59:58 +0200] "HEAD /manager/status HTTP/1.1" 404 - "-" "Java/1.6.0_21"
114.202.2.33 - - [12/Apr/2013:06:00:00 +0200] "HEAD /manager/status HTTP/1.1" 404 - "-" "Java/1.6.0_21"
114.202.2.33 - - [12/Apr/2013:06:00:03 +0200] "HEAD /manager/status HTTP/1.1" 404 - "-" "Java/1.6.0_21"
114.202.2.33 - - [12/Apr/2013:06:00:06 +0200] "HEAD /manager/status HTTP/1.1" 404 - "-" "Java/1.6.0_21"
114.202.2.33 - - [12/Apr/2013:06:00:08 +0200] "HEAD /manager/status HTTP/1.1" 404 - "-" "Java/1.6.0_21"
114.202.2.33 - - [12/Apr/2013:06:00:11 +0200] "HEAD /manager/status HTTP/1.1" 404 - "-" "Java/1.6.0_21"
114.202.2.33 - - [12/Apr/2013:06:00:14 +0200] "HEAD /manager/status HTTP/1.1" 404 - "-" "Java/1.6.0_21"
84.239.131.21 - - [12/Apr/2013:08:37:19 +0200] "HEAD / HTTP/1.0" 200 - "-" "-"
84.239.131.21 - - [12/Apr/2013:08:37:19 +0200] "HEAD / HTTP/1.0" 200 - "-" "-"
84.239.131.21 - - [12/Apr/2013:08:37:19 +0200] "HEAD / HTTP/1.0" 200 - "-" "-"
84.239.131.21 - - [12/Apr/2013:08:37:19 +0200] "HEAD / HTTP/1.0" 200 - "-" "-"
65.55.52.86 - - [12/Apr/2013:08:41:13 +0200] "GET /robots.txt HTTP/1.1" 404 337 "-" "Mozilla/5.0 (compatible; bingbot/2.0; +http://www.bing.com/bingbot.htm)"
65.55.52.86 - - [12/Apr/2013:08:43:38 +0200] "GET / HTTP/1.1" 304 - "-" "Mozilla/5.0 (compatible; bingbot/2.0; +http://www.bing.com/bingbot.htm)"
141.8.147.12 - - [12/Apr/2013:11:38:18 +0200] "GET /robots.txt HTTP/1.1" 404 328 "-" "Mozilla/5.0 (compatible; YandexBot/3.0; +http://yandex.com/bots)"
173.199.118.35 - - [12/Apr/2013:12:55:26 +0200] "GET /robots.txt HTTP/1.1" 404 328 "-" "Mozilla/5.0 (compatible; AhrefsBot/4.0; +http://ahrefs.com/robot/)"
173.199.118.35 - - [12/Apr/2013:12:55:36 +0200] "GET /robots.txt HTTP/1.1" 404 327 "-" "Mozilla/5.0 (compatible; AhrefsBot/4.0; +http://ahrefs.com/robot/)"
141.8.147.12 - - [12/Apr/2013:14:10:28 +0200] "GET / HTTP/1.1" 200 1229 "-" "Mozilla/5.0 (compatible; YandexBot/3.0; +http://yandex.com/bots)"
198.20.69.74 - - [12/Apr/2013:15:09:33 +0200] "GET / HTTP/1.1" 200 1229 "-" "-"
198.20.69.74 - - [12/Apr/2013:15:09:33 +0200] "GET /robots.txt HTTP/1.1" 404 315 "-" "-"
141.8.147.12 - - [12/Apr/2013:15:17:32 +0200] "GET /robots.txt HTTP/1.1" 404 333 "-" "Mozilla/5.0 (compatible; YandexBot/3.0; +http://yandex.com/bots)"
141.8.147.12 - - [12/Apr/2013:15:34:22 +0200] "GET / HTTP/1.1" 200 1229 "-" "Mozilla/5.0 (compatible; YandexBot/3.0; +http://yandex.com/bots)"
157.56.92.153 - - [12/Apr/2013:15:59:03 +0200] "GET /robots.txt HTTP/1.1" 404 320 "-" "Mozilla/5.0 (compatible; bingbot/2.0; +http://www.bing.com/bingbot.htm)"
157.56.92.153 - - [12/Apr/2013:16:00:40 +0200] "GET / HTTP/1.1" 200 1229 "-" "Mozilla/5.0 (compatible; bingbot/2.0; +http://www.bing.com/bingbot.htm)"
141.8.147.12 - - [12/Apr/2013:16:23:38 +0200] "GET / HTTP/1.1" 200 1229 "-" "Mozilla/5.0 (compatible; YandexBot/3.0; +http://yandex.com/bots)"
178.77.126.55 - - [12/Apr/2013:16:46:38 +0200] "GET /robots.txt HTTP/1.1" 404 320 "-" "Mozilla/5.0 (compatible; CareerBot/1.1; +http://www.career-x.de/bot.html)"
178.77.126.55 - - [12/Apr/2013:16:46:38 +0200] "GET / HTTP/1.1" 200 1229 "-" "Mozilla/5.0 (compatible; CareerBot/1.1; +http://www.career-x.de/bot.html)"
141.8.147.12 - - [12/Apr/2013:17:08:29 +0200] "GET /robots.txt HTTP/1.1" 404 327 "-" "Mozilla/5.0 (compatible; YandexBot/3.0; +http://yandex.com/bots)"
5.9.107.48 - - [12/Apr/2013:17:13:18 +0200] "GET /robots.txt HTTP/1.0" 404 320 "-" "Mozilla/5.0 (compatible; MJ12bot/v1.4.3; http://www.majestic12.co.uk/bot.php?+)"
5.9.107.48 - - [12/Apr/2013:17:13:20 +0200] "GET / HTTP/1.0" 200 1229 "-" "Mozilla/5.0 (compatible; MJ12bot/v1.4.3; http://www.majestic12.co.uk/bot.php?+)"
178.24.57.138 - - [12/Apr/2013:17:14:02 +0200] "GET /robots.txt HTTP/1.0" 404 320 "-" "Mozilla/5.0 (compatible; MJ12bot/v1.4.3; http://www.majestic12.co.uk/bot.php?+)"
178.24.57.138 - - [12/Apr/2013:17:14:04 +0200] "GET / HTTP/1.1" 200 1229 "-" "Mozilla/5.0 (compatible; MJ12bot/v1.4.3; http://www.majestic12.co.uk/bot.php?+)"
204.12.214.162 - - [12/Apr/2013:17:27:37 +0200] "GET /robots.txt HTTP/1.0" 404 320 "-" "Mozilla/5.0 (compatible; MJ12bot/v1.4.3; http://www.majestic12.co.uk/bot.php?+)"
204.12.214.162 - - [12/Apr/2013:17:27:39 +0200] "GET / HTTP/1.0" 200 1229 "-" "Mozilla/5.0 (compatible; MJ12bot/v1.4.3; http://www.majestic12.co.uk/bot.php?+)"
178.25.80.224 - - [12/Apr/2013:17:29:22 +0200] "GET /robots.txt HTTP/1.0" 404 320 "-" "Mozilla/5.0 (compatible; MJ12bot/v1.4.3; http://www.majestic12.co.uk/bot.php?+)"
178.25.80.224 - - [12/Apr/2013:17:29:24 +0200] "GET / HTTP/1.1" 200 1229 "-" "Mozilla/5.0 (compatible; MJ12bot/v1.4.3; http://www.majestic12.co.uk/bot.php?+)"
78.30.254.75 - - [12/Apr/2013:17:46:56 +0200] "GET /robots.txt HTTP/1.0" 404 320 "-" "Mozilla/5.0 (compatible; MJ12bot/v1.4.3; http://www.majestic12.co.uk/bot.php?+)"
78.30.254.75 - - [12/Apr/2013:17:46:57 +0200] "GET / HTTP/1.0" 200 1229 "-" "Mozilla/5.0 (compatible; MJ12bot/v1.4.3; http://www.majestic12.co.uk/bot.php?+)"
178.25.80.224 - - [12/Apr/2013:17:47:05 +0200] "GET /robots.txt HTTP/1.0" 404 320 "-" "Mozilla/5.0 (compatible; MJ12bot/v1.4.3; http://www.majestic12.co.uk/bot.php?+)"
178.25.80.224 - - [12/Apr/2013:17:47:06 +0200] "GET / HTTP/1.1" 200 1229 "-" "Mozilla/5.0 (compatible; MJ12bot/v1.4.3; http://www.majestic12.co.uk/bot.php?+)"
5.9.7.208 - - [12/Apr/2013:18:41:10 +0200] "GET /robots.txt HTTP/1.0" 404 320 "-" "Mozilla/5.0 (compatible; MJ12bot/v1.4.3; http://www.majestic12.co.uk/bot.php?+)"
5.9.7.208 - - [12/Apr/2013:18:41:17 +0200] "GET / HTTP/1.0" 200 1229 "-" "Mozilla/5.0 (compatible; MJ12bot/v1.4.3; http://www.majestic12.co.uk/bot.php?+)"
204.12.214.170 - - [12/Apr/2013:18:48:13 +0200] "GET /robots.txt HTTP/1.0" 404 320 "-" "Mozilla/5.0 (compatible; MJ12bot/v1.4.3; http://www.majestic12.co.uk/bot.php?+)"
204.12.214.170 - - [12/Apr/2013:18:48:16 +0200] "GET / HTTP/1.0" 200 1229 "-" "Mozilla/5.0 (compatible; MJ12bot/v1.4.3; http://www.majestic12.co.uk/bot.php?+)"
5.9.127.154 - - [12/Apr/2013:21:45:28 +0200] "GET /robots.txt HTTP/1.1" 404 327 "-" "Mozilla/5.0 (compatible; SISTRIX Crawler; http://crawler.sistrix.net/)"
5.9.127.154 - - [12/Apr/2013:21:45:28 +0200] "GET / HTTP/1.1" 200 1229 "-" "Mozilla/5.0 (compatible; SISTRIX Crawler; http://crawler.sistrix.net/)"
141.8.147.12 - - [12/Apr/2013:22:24:26 +0200] "GET /robots.txt HTTP/1.1" 404 320 "-" "Mozilla/5.0 (compatible; YandexBot/3.0; +http://yandex.com/bots)"
141.8.147.12 - - [13/Apr/2013:00:20:28 +0200] "GET / HTTP/1.1" 200 1229 "-" "Mozilla/5.0 (compatible; YandexBot/3.0; +http://yandex.com/bots)"
5.9.6.231 - - [13/Apr/2013:01:00:53 +0200] "GET / HTTP/1.1" 200 1229 "-" "Mozilla/5.0 (X11; Ubuntu; Linux x86_64; rv:19.0) Gecko/20100101 Firefox/19.0"
5.9.6.231 - - [13/Apr/2013:01:00:59 +0200] "GET / HTTP/1.1" 200 1229 "-" "Mozilla/5.0 (iPhone; U; CPU iPhone OS 3_0 like Mac OS X; en-us) AppleWebKit/528.18 (KHTML, like Gecko) Version/4.0 Mobile/7A341 Safari/528.16"
80.82.215.163 - - [13/Apr/2013:01:01:02 +0200] "GET / HTTP/1.0" 200 1229 "-" "Mozilla/5.0 (Windows NT 6.1; rv:8.0) Gecko/20100101 Firefox/8.0"
198.20.69.74 - - [13/Apr/2013:01:22:06 +0200] "GET / HTTP/1.1" 200 1229 "-" "-"
198.20.69.74 - - [13/Apr/2013:01:22:06 +0200] "GET /robots.txt HTTP/1.1" 404 315 "-" "-"
198.20.69.74 - - [13/Apr/2013:01:49:26 +0200] "GET / HTTP/1.1" 200 1229 "-" "-"
198.20.69.74 - - [13/Apr/2013:01:49:26 +0200] "GET /robots.txt HTTP/1.1" 404 315 "-" "-"
209.190.1.134 - - [13/Apr/2013:02:41:37 +0200] "GET / HTTP/1.1" 200 1229 "-" "Mozilla/5.0 (compatible; MSIE 8.0; Windows NT 5.1) KomodiaBot/1.0"
176.9.155.226 - - [13/Apr/2013:02:51:07 +0200] "GET /robots.txt HTTP/1.1" 404 322 "-" "Mozilla/5.0 (compatible; SISTRIX Crawler; http://crawler.sistrix.net/)"
176.9.155.226 - - [13/Apr/2013:02:51:07 +0200] "GET / HTTP/1.1" 200 1229 "-" "Mozilla/5.0 (compatible; SISTRIX Crawler; http://crawler.sistrix.net/)"
141.8.147.12 - - [13/Apr/2013:03:16:26 +0200] "GET /robots.txt HTTP/1.1" 404 322 "-" "Mozilla/5.0 (compatible; YandexBot/3.0; +http://yandex.com/bots)"
157.56.92.153 - - [13/Apr/2013:03:28:34 +0200] "GET /robots.txt HTTP/1.1" 404 320 "-" "Mozilla/5.0 (compatible; bingbot/2.0; +http://www.bing.com/bingbot.htm)"
157.56.92.153 - - [13/Apr/2013:03:30:17 +0200] "GET / HTTP/1.1" 200 1229 "-" "Mozilla/5.0 (compatible; bingbot/2.0; +http://www.bing.com/bingbot.htm)"
157.55.33.123 - - [13/Apr/2013:05:22:00 +0200] "GET /robots.txt HTTP/1.1" 404 320 "-" "Mozilla/5.0 (compatible; bingbot/2.0; +http://www.bing.com/bingbot.htm)"
157.55.33.123 - - [13/Apr/2013:05:23:46 +0200] "GET /Heizoel-Berlin.html HTTP/1.1" 404 329 "-" "Mozilla/5.0 (compatible; bingbot/2.0; +http://www.bing.com/bingbot.htm)"
157.56.92.153 - - [13/Apr/2013:05:24:46 +0200] "GET / HTTP/1.1" 200 1229 "-" "Mozilla/5.0 (compatible; bingbot/2.0; +http://www.bing.com/bingbot.htm)"
94.23.45.14 - - [13/Apr/2013:05:32:16 +0200] "HEAD / HTTP/1.0" 200 - "-" "-"
141.8.147.12 - - [13/Apr/2013:06:08:53 +0200] "GET /robots.txt HTTP/1.1" 404 327 "-" "Mozilla/5.0 (compatible; YandexBot/3.0; +http://yandex.com/bots)"
141.8.147.12 - - [13/Apr/2013:06:13:06 +0200] "GET /robots.txt HTTP/1.1" 404 337 "-" "Mozilla/5.0 (compatible; YandexBot/3.0; +http://yandex.com/bots)"
198.20.69.74 - - [13/Apr/2013:06:40:33 +0200] "GET / HTTP/1.1" 200 1229 "-" "-"
198.20.69.74 - - [13/Apr/2013:06:40:33 +0200] "GET /robots.txt HTTP/1.1" 404 315 "-" "-"
141.8.147.12 - - [13/Apr/2013:08:37:25 +0200] "GET / HTTP/1.1" 200 1229 "-" "Mozilla/5.0 (compatible; YandexBot/3.0; +http://yandex.com/bots)"
141.8.147.12 - - [13/Apr/2013:10:19:37 +0200] "GET / HTTP/1.1" 200 1229 "-" "Mozilla/5.0 (compatible; YandexBot/3.0; +http://yandex.com/bots)"
209.190.1.131 - - [13/Apr/2013:12:05:24 +0200] "GET / HTTP/1.1" 200 1229 "-" "Mozilla/5.0 (compatible; MSIE 8.0; Windows NT 5.1) KomodiaBot/1.0"
198.20.69.74 - - [13/Apr/2013:14:19:06 +0200] "GET / HTTP/1.1" 200 1229 "-" "-"
198.20.69.74 - - [13/Apr/2013:14:19:06 +0200] "GET /robots.txt HTTP/1.1" 404 315 "-" "-"
85.23.163.182 - - [13/Apr/2013:15:24:52 +0200] "GET /robots.txt HTTP/1.0" 404 322 "-" "Mozilla/5.0 (compatible; MJ12bot/v1.4.3; http://www.majestic12.co.uk/bot.php?+)"
85.23.163.182 - - [13/Apr/2013:15:24:55 +0200] "GET / HTTP/1.0" 200 1229 "-" "Mozilla/5.0 (compatible; MJ12bot/v1.4.3; http://www.majestic12.co.uk/bot.php?+)"
141.8.147.12 - - [13/Apr/2013:17:37:43 +0200] "GET /robots.txt HTTP/1.1" 404 320 "-" "Mozilla/5.0 (compatible; YandexBot/3.0; +http://yandex.com/bots)"
141.8.147.12 - - [13/Apr/2013:17:59:59 +0200] "GET /robots.txt HTTP/1.1" 404 328 "-" "Mozilla/5.0 (compatible; YandexBot/3.0; +http://yandex.com/bots)"
141.8.147.12 - - [13/Apr/2013:18:19:21 +0200] "GET /robots.txt HTTP/1.1" 404 337 "-" "Mozilla/5.0 (compatible; YandexBot/3.0; +http://yandex.com/bots)"
69.30.238.18 - - [13/Apr/2013:19:03:42 +0200] "GET /robots.txt HTTP/1.0" 404 320 "-" "Mozilla/5.0 (compatible; MJ12bot/v1.4.3; http://www.majestic12.co.uk/bot.php?+)"
69.30.238.18 - - [13/Apr/2013:19:03:45 +0200] "GET / HTTP/1.0" 200 1229 "-" "Mozilla/5.0 (compatible; MJ12bot/v1.4.3; http://www.majestic12.co.uk/bot.php?+)"
46.118.158.87 - - [13/Apr/2013:19:17:49 +0200] "GET /robots.txt HTTP/1.0" 404 320 "-" "Mozilla/5.0 (compatible; MJ12bot/v1.4.3; http://www.majestic12.co.uk/bot.php?+)"
46.118.158.87 - - [13/Apr/2013:19:17:51 +0200] "GET / HTTP/1.1" 200 1229 "-" "Mozilla/5.0 (compatible; MJ12bot/v1.4.3; http://www.majestic12.co.uk/bot.php?+)"
5.9.7.208 - - [13/Apr/2013:21:01:32 +0200] "GET /robots.txt HTTP/1.0" 404 320 "-" "Mozilla/5.0 (compatible; MJ12bot/v1.4.3; http://www.majestic12.co.uk/bot.php?+)"
5.9.7.208 - - [13/Apr/2013:21:01:49 +0200] "GET / HTTP/1.0" 200 1229 "-" "Mozilla/5.0 (compatible; MJ12bot/v1.4.3; http://www.majestic12.co.uk/bot.php?+)"
5.9.7.208 - - [13/Apr/2013:21:19:08 +0200] "GET /robots.txt HTTP/1.0" 404 320 "-" "Mozilla/5.0 (compatible; MJ12bot/v1.4.3; http://www.majestic12.co.uk/bot.php?+)"
5.9.7.208 - - [13/Apr/2013:21:19:28 +0200] "GET / HTTP/1.0" 200 1229 "-" "Mozilla/5.0 (compatible; MJ12bot/v1.4.3; http://www.majestic12.co.uk/bot.php?+)"
157.56.229.87 - - [13/Apr/2013:21:57:54 +0200] "GET /robots.txt HTTP/1.1" 404 322 "-" "Mozilla/5.0 (compatible; bingbot/2.0; +http://www.bing.com/bingbot.htm)"
157.56.229.87 - - [13/Apr/2013:21:59:28 +0200] "GET / HTTP/1.1" 304 - "-" "Mozilla/5.0 (compatible; bingbot/2.0; +http://www.bing.com/bingbot.htm)"
194.150.168.162 - - [13/Apr/2013:23:11:00 +0200] "GET /.svn/entries HTTP/1.1" 404 322 "-" "-"
69.30.238.18 - - [14/Apr/2013:01:22:56 +0200] "GET /robots.txt HTTP/1.0" 404 320 "-" "Mozilla/5.0 (compatible; MJ12bot/v1.4.3; http://www.majestic12.co.uk/bot.php?+)"
69.30.238.18 - - [14/Apr/2013:01:22:58 +0200] "GET / HTTP/1.0" 200 1229 "-" "Mozilla/5.0 (compatible; MJ12bot/v1.4.3; http://www.majestic12.co.uk/bot.php?+)"
141.8.147.12 - - [14/Apr/2013:02:24:35 +0200] "GET / HTTP/1.1" 200 1229 "-" "Mozilla/5.0 (compatible; YandexBot/3.0; +http://yandex.com/bots)"
141.8.147.12 - - [14/Apr/2013:02:51:36 +0200] "GET / HTTP/1.1" 200 1229 "-" "Mozilla/5.0 (compatible; YandexBot/3.0; +http://yandex.com/bots)"
5.9.7.208 - - [14/Apr/2013:03:36:08 +0200] "GET /robots.txt HTTP/1.0" 404 320 "-" "Mozilla/5.0 (compatible; MJ12bot/v1.4.3; http://www.majestic12.co.uk/bot.php?+)"
5.9.7.208 - - [14/Apr/2013:03:36:21 +0200] "GET / HTTP/1.0" 200 1229 "-" "Mozilla/5.0 (compatible; MJ12bot/v1.4.3; http://www.majestic12.co.uk/bot.php?+)"
204.12.214.170 - - [14/Apr/2013:04:35:36 +0200] "GET /robots.txt HTTP/1.0" 404 320 "-" "Mozilla/5.0 (compatible; MJ12bot/v1.4.3; http://www.majestic12.co.uk/bot.php?+)"
204.12.214.170 - - [14/Apr/2013:04:35:39 +0200] "GET / HTTP/1.0" 200 1229 "-" "Mozilla/5.0 (compatible; MJ12bot/v1.4.3; http://www.majestic12.co.uk/bot.php?+)"
5.9.107.48 - - [14/Apr/2013:04:53:22 +0200] "GET /robots.txt HTTP/1.0" 404 320 "-" "Mozilla/5.0 (compatible; MJ12bot/v1.4.3; http://www.majestic12.co.uk/bot.php?+)"
5.9.107.48 - - [14/Apr/2013:04:53:23 +0200] "GET / HTTP/1.0" 200 1229 "-" "Mozilla/5.0 (compatible; MJ12bot/v1.4.3; http://www.majestic12.co.uk/bot.php?+)"
198.20.69.74 - - [14/Apr/2013:05:06:25 +0200] "GET / HTTP/1.1" 200 1229 "-" "-"
198.20.69.74 - - [14/Apr/2013:05:06:26 +0200] "GET /robots.txt HTTP/1.1" 404 315 "-" "-"
46.118.158.87 - - [14/Apr/2013:06:37:25 +0200] "GET /robots.txt HTTP/1.0" 404 320 "-" "Mozilla/5.0 (compatible; MJ12bot/v1.4.3; http://www.majestic12.co.uk/bot.php?+)"
46.118.158.87 - - [14/Apr/2013:06:37:26 +0200] "GET / HTTP/1.1" 200 1229 "-" "Mozilla/5.0 (compatible; MJ12bot/v1.4.3; http://www.majestic12.co.uk/bot.php?+)"
204.12.214.170 - - [14/Apr/2013:06:53:25 +0200] "GET /robots.txt HTTP/1.0" 404 320 "-" "Mozilla/5.0 (compatible; MJ12bot/v1.4.3; http://www.majestic12.co.uk/bot.php?+)"
204.12.214.170 - - [14/Apr/2013:06:53:27 +0200] "GET / HTTP/1.0" 200 1229 "-" "Mozilla/5.0 (compatible; MJ12bot/v1.4.3; http://www.majestic12.co.uk/bot.php?+)"
5.9.7.208 - - [14/Apr/2013:08:53:01 +0200] "GET /robots.txt HTTP/1.0" 404 320 "-" "Mozilla/5.0 (compatible; MJ12bot/v1.4.3; http://www.majestic12.co.uk/bot.php?+)"
5.9.7.208 - - [14/Apr/2013:08:53:03 +0200] "GET / HTTP/1.0" 200 1229 "-" "Mozilla/5.0 (compatible; MJ12bot/v1.4.3; http://www.majestic12.co.uk/bot.php?+)"
65.55.24.218 - - [14/Apr/2013:09:19:29 +0200] "GET /robots.txt HTTP/1.1" 404 322 "-" "Mozilla/5.0 (compatible; bingbot/2.0; +http://www.bing.com/bingbot.htm)"
65.55.24.218 - - [14/Apr/2013:09:21:05 +0200] "GET /impressum.htm HTTP/1.1" 404 325 "-" "Mozilla/5.0 (compatible; bingbot/2.0; +http://www.bing.com/bingbot.htm)"
46.4.120.2 - - [14/Apr/2013:10:22:47 +0200] "GET / HTTP/1.0" 200 1229 "-" "-"
46.4.120.2 - - [14/Apr/2013:10:22:47 +0200] "GET / HTTP/1.0" 200 1229 "-" "-"
94.102.51.246 - - [14/Apr/2013:10:37:17 +0200] "GET http://24x7-allrequestsallowed.com/?PHPSESSID=7jy745aa00143SSQJ_W_EFBF%5CG HTTP/1.1" 200 1229 "-" "Mozilla/5.0 (Windows NT 6.1; rv:16.0) Gecko/20100101 Firefox/16.0"
194.153.113.35 - - [14/Apr/2013:12:33:32 +0200] "HEAD / HTTP/1.1" 200 - "-" "Mozilla/5.0 (compatible; oBot/2.3.1; +http://filterdb.iss.net/crawler/)"
173.208.150.250 - - [14/Apr/2013:12:56:09 +0200] "GET /robots.txt HTTP/1.0" 404 320 "-" "Mozilla/5.0 (compatible; MJ12bot/v1.4.3; http://www.majestic12.co.uk/bot.php?+)"
173.208.150.250 - - [14/Apr/2013:12:56:11 +0200] "GET / HTTP/1.0" 200 1229 "-" "Mozilla/5.0 (compatible; MJ12bot/v1.4.3; http://www.majestic12.co.uk/bot.php?+)"
198.20.69.74 - - [14/Apr/2013:13:49:48 +0200] "GET / HTTP/1.1" 200 1229 "-" "-"
198.20.69.74 - - [14/Apr/2013:13:49:49 +0200] "GET /robots.txt HTTP/1.1" 404 315 "-" "-"
173.208.180.58 - - [14/Apr/2013:13:50:20 +0200] "GET /robots.txt HTTP/1.0" 404 320 "-" "Mozilla/5.0 (compatible; MJ12bot/v1.4.3; http://www.majestic12.co.uk/bot.php?+)"
173.208.180.58 - - [14/Apr/2013:13:50:22 +0200] "GET / HTTP/1.0" 200 1229 "-" "Mozilla/5.0 (compatible; MJ12bot/v1.4.3; http://www.majestic12.co.uk/bot.php?+)"
198.20.69.74 - - [14/Apr/2013:16:31:18 +0200] "GET / HTTP/1.1" 200 1229 "-" "-"
198.20.69.74 - - [14/Apr/2013:16:31:18 +0200] "GET /robots.txt HTTP/1.1" 404 315 "-" "-"
141.8.147.12 - - [14/Apr/2013:17:19:42 +0200] "GET /robots.txt HTTP/1.1" 404 333 "-" "Mozilla/5.0 (compatible; YandexBot/3.0; +http://yandex.com/bots)"
141.8.147.12 - - [14/Apr/2013:18:06:30 +0200] "GET /robots.txt HTTP/1.1" 404 322 "-" "Mozilla/5.0 (compatible; YandexBot/3.0; +http://yandex.com/bots)"
198.20.69.74 - - [14/Apr/2013:19:12:57 +0200] "GET / HTTP/1.1" 200 1229 "-" "-"
198.20.69.74 - - [14/Apr/2013:19:12:57 +0200] "GET /robots.txt HTTP/1.1" 404 315 "-" "-"
141.8.147.12 - - [14/Apr/2013:22:04:07 +0200] "GET / HTTP/1.1" 200 1229 "-" "Mozilla/5.0 (compatible; YandexBot/3.0; +http://yandex.com/bots)"
217.225.174.24 - - [14/Apr/2013:22:31:49 +0200] "GET / HTTP/1.1" 200 1229 "http://www.bigfinder.de/online-11.html" "Mozilla/5.0 (Windows; U; Windows NT 6.0; en-US) AppleWebKit/533.4 (KHTML, like Gecko) Chrome/5.0.375.126 Safari/533.4"
178.77.126.55 - - [15/Apr/2013:00:03:11 +0200] "GET /robots.txt HTTP/1.1" 404 320 "-" "Mozilla/5.0 (compatible; CareerBot/1.1; +http://www.career-x.de/bot.html)"
178.77.126.55 - - [15/Apr/2013:00:03:11 +0200] "GET / HTTP/1.1" 200 1229 "-" "Mozilla/5.0 (compatible; CareerBot/1.1; +http://www.career-x.de/bot.html)"
50.59.209.20 - - [15/Apr/2013:00:50:18 +0200] "GET /user/soapCaller.bs HTTP/1.1" 404 323 "-" "Morfeus Fucking Scanner"
50.59.209.20 - - [15/Apr/2013:00:50:18 +0200] "GET /user/soapCaller.bs HTTP/1.1" 404 323 "-" "Morfeus Fucking Scanner"
50.59.209.20 - - [15/Apr/2013:00:50:18 +0200] "GET /user/soapCaller.bs HTTP/1.1" 404 323 "-" "Morfeus Fucking Scanner"
50.59.209.20 - - [15/Apr/2013:00:50:18 +0200] "GET /user/soapCaller.bs HTTP/1.1" 404 323 "-" "Morfeus Fucking Scanner"
50.59.209.20 - - [15/Apr/2013:00:50:18 +0200] "GET /user/soapCaller.bs HTTP/1.1" 404 323 "-" "Morfeus Fucking Scanner"
50.59.209.20 - - [15/Apr/2013:00:50:18 +0200] "GET /user/soapCaller.bs HTTP/1.1" 404 323 "-" "Morfeus Fucking Scanner"
50.59.209.20 - - [15/Apr/2013:00:50:18 +0200] "GET /user/soapCaller.bs HTTP/1.1" 404 323 "-" "Morfeus Fucking Scanner"
50.59.209.20 - - [15/Apr/2013:00:50:18 +0200] "GET /user/soapCaller.bs HTTP/1.1" 404 323 "-" "Morfeus Fucking Scanner"
50.59.209.20 - - [15/Apr/2013:00:50:18 +0200] "GET /user/soapCaller.bs HTTP/1.1" 404 323 "-" "Morfeus Fucking Scanner"
50.59.209.20 - - [15/Apr/2013:00:50:18 +0200] "GET /user/soapCaller.bs HTTP/1.1" 404 323 "-" "Morfeus Fucking Scanner"
141.8.147.12 - - [15/Apr/2013:01:07:19 +0200] "GET / HTTP/1.1" 200 1229 "-" "Mozilla/5.0 (compatible; YandexBot/3.0; +http://yandex.com/bots)"
78.46.109.71 - - [15/Apr/2013:02:03:01 +0200] "GET / HTTP/1.1" 200 1229 "-" "-"
94.23.45.14 - - [15/Apr/2013:07:15:50 +0200] "HEAD / HTTP/1.0" 200 - "-" "-"
141.8.147.12 - - [15/Apr/2013:07:28:12 +0200] "GET /robots.txt HTTP/1.1" 404 327 "-" "Mozilla/5.0 (compatible; YandexBot/3.0; +http://yandex.com/bots)"
141.8.147.12 - - [15/Apr/2013:08:01:38 +0200] "GET /robots.txt HTTP/1.1" 404 328 "-" "Mozilla/5.0 (compatible; YandexBot/3.0; +http://yandex.com/bots)"
141.8.147.12 - - [15/Apr/2013:09:26:30 +0200] "GET /robots.txt HTTP/1.1" 404 320 "-" "Mozilla/5.0 (compatible; YandexBot/3.0; +http://yandex.com/bots)"
94.102.51.246 - - [15/Apr/2013:09:29:50 +0200] "GET http://24x7-allrequestsallowed.com/?PHPSESSID=7jy745aa00143SSQJ_W_EFBF%5CB HTTP/1.1" 200 1229 "-" "Mozilla/5.0 (Windows NT 6.1; rv:16.0) Gecko/20100101 Firefox/16.0"
198.20.69.74 - - [15/Apr/2013:09:33:50 +0200] "GET / HTTP/1.1" 200 1229 "-" "-"
198.20.69.74 - - [15/Apr/2013:09:33:50 +0200] "GET /robots.txt HTTP/1.1" 404 315 "-" "-"
141.8.147.12 - - [15/Apr/2013:11:26:07 +0200] "GET / HTTP/1.1" 200 1229 "-" "Mozilla/5.0 (compatible; YandexBot/3.0; +http://yandex.com/bots)"
157.56.92.172 - - [15/Apr/2013:11:49:24 +0200] "GET /robots.txt HTTP/1.1" 404 320 "-" "Mozilla/5.0 (compatible; bingbot/2.0; +http://www.bing.com/bingbot.htm)"
157.56.92.172 - - [15/Apr/2013:11:57:10 +0200] "GET /seiten/kontakt.php HTTP/1.1" 404 328 "-" "Mozilla/5.0 (compatible; bingbot/2.0; +http://www.bing.com/bingbot.htm)"
141.8.147.12 - - [15/Apr/2013:13:01:24 +0200] "GET / HTTP/1.1" 200 1229 "-" "Mozilla/5.0 (compatible; YandexBot/3.0; +http://yandex.com/bots)"
141.8.147.12 - - [15/Apr/2013:13:01:37 +0200] "GET / HTTP/1.1" 200 1229 "-" "Mozilla/5.0 (compatible; YandexBot/3.0; +http://yandex.com/bots)"
141.8.147.12 - - [15/Apr/2013:14:25:03 +0200] "GET /robots.txt HTTP/1.1" 404 337 "-" "Mozilla/5.0 (compatible; YandexBot/3.0; +http://yandex.com/bots)"
66.249.73.179 - - [15/Apr/2013:16:59:11 +0200] "GET /robots.txt HTTP/1.1" 404 322 "-" "Mozilla/5.0 (compatible; Googlebot/2.1; +http://www.google.com/bot.html)"
66.249.73.179 - - [15/Apr/2013:16:59:11 +0200] "GET / HTTP/1.1" 200 1229 "-" "Mozilla/5.0 (compatible; Googlebot/2.1; +http://www.google.com/bot.html)"
64.246.165.190 - - [15/Apr/2013:19:26:47 +0200] "GET /robots.txt HTTP/1.0" 404 328 "-" "Mozilla/5.0 (Windows; U; Windows NT 5.1; en; rv:1.9.0.13) Gecko/2009073022 Firefox/3.5.2 (.NET CLR 3.5.30729) SurveyBot/2.3 (DomainTools)"
64.246.165.190 - - [15/Apr/2013:19:26:47 +0200] "GET / HTTP/1.1" 200 1229 "http://whois.domaintools.com/aufzugs-hebetechnik.de" "Mozilla/5.0 (Windows; U; Windows NT 5.1; en; rv:1.9.0.13) Gecko/2009073022 Firefox/3.5.2 (.NET CLR 3.5.30729) SurveyBot/2.3 (DomainTools)"
66.249.73.7 - - [15/Apr/2013:19:42:15 +0200] "GET /robots.txt HTTP/1.1" 404 315 "-" "Mozilla/5.0 (compatible; Googlebot/2.1; +http://www.google.com/bot.html)"
66.249.73.7 - - [15/Apr/2013:19:42:15 +0200] "GET / HTTP/1.1" 200 1229 "-" "Mozilla/5.0 (compatible; Googlebot/2.1; +http://www.google.com/bot.html)"
216.145.5.42 - - [15/Apr/2013:22:44:04 +0200] "GET /robots.txt HTTP/1.0" 404 332 "-" "Mozilla/5.0 (Windows; U; Windows NT 5.1; en; rv:1.9.0.13) Gecko/2009073022 Firefox/3.5.2 (.NET CLR 3.5.30729) SurveyBot/2.3 (DomainTools)"
216.145.5.42 - - [15/Apr/2013:22:44:04 +0200] "GET / HTTP/1.1" 200 1229 "http://whois.domaintools.com/bauaufzuege-hebetechnik.de" "Mozilla/5.0 (Windows; U; Windows NT 5.1; en; rv:1.9.0.13) Gecko/2009073022 Firefox/3.5.2 (.NET CLR 3.5.30729) SurveyBot/2.3 (DomainTools)"
141.8.147.12 - - [15/Apr/2013:23:00:54 +0200] "GET / HTTP/1.1" 200 1229 "-" "Mozilla/5.0 (compatible; YandexBot/3.0; +http://yandex.com/bots)"
66.249.73.153 - - [16/Apr/2013:02:11:32 +0200] "GET /robots.txt HTTP/1.1" 404 320 "-" "Mozilla/5.0 (compatible; Googlebot/2.1; +http://www.google.com/bot.html)"
66.249.73.153 - - [16/Apr/2013:02:11:32 +0200] "GET / HTTP/1.1" 200 1229 "-" "Mozilla/5.0 (compatible; Googlebot/2.1; +http://www.google.com/bot.html)"
66.249.73.13 - - [16/Apr/2013:02:24:31 +0200] "GET /robots.txt HTTP/1.1" 404 337 "-" "Mozilla/5.0 (compatible; Googlebot/2.1; +http://www.google.com/bot.html)"
66.249.73.13 - - [16/Apr/2013:02:24:32 +0200] "GET / HTTP/1.1" 200 1229 "-" "Mozilla/5.0 (compatible; Googlebot/2.1; +http://www.google.com/bot.html)"
66.249.73.101 - - [16/Apr/2013:02:57:00 +0200] "GET /robots.txt HTTP/1.1" 404 328 "-" "Mozilla/5.0 (compatible; Googlebot/2.1; +http://www.google.com/bot.html)"
