178.77.126.55 - - [26/Sep/2013:17:55:26 +0200] "GET / HTTP/1.1" 200 1229 "-" "Mozilla/5.0 (compatible; CareerBot/1.1; +http://www.career-x.de/bot.html)"
157.56.93.103 - - [26/Sep/2013:22:13:59 +0200] "GET /robots.txt HTTP/1.1" 404 320 "-" "Mozilla/5.0 (compatible; bingbot/2.0; +http://www.bing.com/bingbot.htm)"
157.56.93.103 - - [26/Sep/2013:22:14:28 +0200] "GET / HTTP/1.1" 304 - "-" "Mozilla/5.0 (compatible; bingbot/2.0; +http://www.bing.com/bingbot.htm)"
81.169.211.231 - - [26/Sep/2013:23:50:54 +0200] "GET / HTTP/1.1" 200 1229 "-" "Mozilla/5.0 (Windows NT 6.1; de;rv:12.0) Gecko/20120403211507 Firefox/12.0"
81.169.211.231 - - [27/Sep/2013:00:23:04 +0200] "GET / HTTP/1.1" 200 1229 "-" "Mozilla/5.0 (Windows NT 6.1; de;rv:12.0) Gecko/20120403211507 Firefox/12.0"
81.169.211.231 - - [27/Sep/2013:00:24:19 +0200] "GET / HTTP/1.1" 200 1229 "-" "Mozilla/5.0 (Windows NT 6.1; de;rv:12.0) Gecko/20120403211507 Firefox/12.0"
81.169.211.231 - - [27/Sep/2013:00:30:46 +0200] "GET / HTTP/1.1" 200 1229 "-" "Mozilla/5.0 (Windows NT 6.1; de;rv:12.0) Gecko/20120403211507 Firefox/12.0"
81.169.211.231 - - [27/Sep/2013:00:30:49 +0200] "GET / HTTP/1.1" 200 1229 "-" "Mozilla/5.0 (Windows NT 6.1; de;rv:12.0) Gecko/20120403211507 Firefox/12.0"
81.169.211.231 - - [27/Sep/2013:00:56:14 +0200] "GET / HTTP/1.1" 200 1229 "-" "Mozilla/5.0 (Windows NT 6.1; de;rv:12.0) Gecko/20120403211507 Firefox/12.0"
67.19.79.218 - - [27/Sep/2013:02:34:05 +0200] "GET /robots.txt HTTP/1.0" 404 311 "-" "Mozilla/4.0 (compatible; MSIE 5.01; Windows NT)"
65.55.213.73 - - [27/Sep/2013:04:32:34 +0200] "GET / HTTP/1.1" 200 1229 "-" "msnbot/2.0b (+http://search.msn.com/msnbot.htm)"
192.99.9.164 - - [27/Sep/2013:04:50:32 +0200] "GET / HTTP/1.1" 200 1229 "-" "Mozilla/5.0 (Macintosh; Intel Mac OS X 10_8_4) AppleWebKit/537.36 (KHTML, like Gecko) Chrome/27.0.1453.110 Safari/537.36"
206.253.226.22 - - [27/Sep/2013:05:02:00 +0200] "HEAD / HTTP/1.1" 200 - "-" "Mozilla/5.0 (compatible; oBot/2.3.1; +http://filterdb.iss.net/crawler/)"
192.99.9.164 - - [27/Sep/2013:06:13:35 +0200] "GET / HTTP/1.1" 200 1229 "-" "Mozilla/5.0 (Macintosh; Intel Mac OS X 10_8_4) AppleWebKit/537.36 (KHTML, like Gecko) Chrome/27.0.1453.110 Safari/537.36"
192.99.9.164 - - [27/Sep/2013:06:13:35 +0200] "GET / HTTP/1.1" 200 1229 "-" "Mozilla/5.0 (Macintosh; Intel Mac OS X 10_8_4) AppleWebKit/537.36 (KHTML, like Gecko) Chrome/27.0.1453.110 Safari/537.36"
192.99.9.164 - - [27/Sep/2013:06:13:36 +0200] "GET / HTTP/1.1" 200 1229 "-" "Mozilla/5.0 (Macintosh; Intel Mac OS X 10_8_4) AppleWebKit/537.36 (KHTML, like Gecko) Chrome/27.0.1453.110 Safari/537.36"
198.20.69.74 - - [27/Sep/2013:08:45:12 +0200] "GET / HTTP/1.1" 200 1229 "-" "-"
198.20.69.74 - - [27/Sep/2013:08:45:12 +0200] "GET /robots.txt HTTP/1.1" 404 315 "-" "-"
87.106.244.167 - - [27/Sep/2013:09:22:02 +0200] "GET /phppath/php HTTP/1.0" 404 312 "-" "-"
87.106.244.167 - - [27/Sep/2013:09:22:02 +0200] "GET /phppath/php HTTP/1.0" 404 312 "-" "-"
87.106.244.167 - - [27/Sep/2013:09:22:02 +0200] "GET /phppath/php HTTP/1.0" 404 312 "-" "-"
87.106.244.167 - - [27/Sep/2013:09:22:02 +0200] "GET /phppath/php HTTP/1.0" 404 312 "-" "-"
87.106.244.167 - - [27/Sep/2013:09:22:02 +0200] "GET /phppath/php HTTP/1.0" 404 312 "-" "-"
87.106.244.167 - - [27/Sep/2013:09:22:02 +0200] "GET /phppath/php HTTP/1.0" 404 312 "-" "-"
87.106.244.167 - - [27/Sep/2013:09:22:02 +0200] "GET /phppath/php HTTP/1.0" 404 312 "-" "-"
87.106.244.167 - - [27/Sep/2013:09:22:02 +0200] "GET /phppath/php HTTP/1.0" 404 312 "-" "-"
87.106.244.167 - - [27/Sep/2013:09:22:02 +0200] "GET /phppath/php HTTP/1.0" 404 312 "-" "-"
87.106.244.167 - - [27/Sep/2013:09:22:02 +0200] "GET /phppath/php HTTP/1.0" 404 312 "-" "-"
82.221.105.7 - - [27/Sep/2013:12:05:29 +0200] "GET / HTTP/1.1" 200 1229 "-" "-"
82.221.105.7 - - [27/Sep/2013:12:05:29 +0200] "GET /robots.txt HTTP/1.1" 404 315 "-" "-"
82.221.105.7 - - [27/Sep/2013:12:05:30 +0200] "GET / HTTP/1.1" 200 1229 "-" "WhatWeb/0.4.8-dev"
141.8.147.12 - - [27/Sep/2013:12:16:29 +0200] "GET /robots.txt HTTP/1.1" 404 333 "-" "Mozilla/5.0 (compatible; YandexBot/3.0; +http://yandex.com/bots)"
84.190.173.16 - - [27/Sep/2013:12:24:16 +0200] "GET / HTTP/1.1" 200 1229 "-" "Mozilla/5.0 (compatible; MSIE 10.0; Windows NT 6.1; Trident/6.0; MAMD)"
141.8.147.12 - - [27/Sep/2013:13:04:27 +0200] "GET / HTTP/1.1" 200 1229 "-" "Mozilla/5.0 (compatible; YandexBot/3.0; +http://yandex.com/bots)"
94.23.45.14 - - [27/Sep/2013:13:58:46 +0200] "HEAD / HTTP/1.0" 200 - "-" "-"
81.88.234.243 - - [27/Sep/2013:15:22:55 +0200] "GET / HTTP/1.1" 200 1229 "-" "Python-urllib/2.7"
81.88.234.243 - - [27/Sep/2013:15:22:55 +0200] "GET / HTTP/1.1" 200 1229 "-" "Python-urllib/2.7"
81.88.234.243 - - [27/Sep/2013:15:22:55 +0200] "GET / HTTP/1.1" 200 1229 "-" "Python-urllib/2.7"
81.88.234.243 - - [27/Sep/2013:15:22:55 +0200] "GET / HTTP/1.1" 200 1229 "-" "Python-urllib/2.7"
81.88.234.243 - - [27/Sep/2013:15:22:55 +0200] "GET /admin/config.php HTTP/1.1" 404 321 "-" "Python-urllib/2.7"
81.88.234.243 - - [27/Sep/2013:15:22:55 +0200] "GET /admin/config.php HTTP/1.1" 404 321 "-" "Python-urllib/2.7"
81.88.234.243 - - [27/Sep/2013:15:22:55 +0200] "GET / HTTP/1.1" 200 1229 "-" "Python-urllib/2.7"
81.88.234.243 - - [27/Sep/2013:15:22:55 +0200] "GET /admin/config.php HTTP/1.1" 404 321 "-" "Python-urllib/2.7"
81.88.234.243 - - [27/Sep/2013:15:22:55 +0200] "GET / HTTP/1.1" 200 1229 "-" "Python-urllib/2.7"
81.88.234.243 - - [27/Sep/2013:15:22:55 +0200] "GET / HTTP/1.1" 200 1229 "-" "Python-urllib/2.7"
81.88.234.243 - - [27/Sep/2013:15:22:55 +0200] "GET /admin/config.php HTTP/1.1" 404 321 "-" "Python-urllib/2.7"
81.88.234.243 - - [27/Sep/2013:15:22:55 +0200] "GET /admin/config.php HTTP/1.1" 404 321 "-" "Python-urllib/2.7"
81.88.234.243 - - [27/Sep/2013:15:22:55 +0200] "GET /admin/config.php HTTP/1.1" 404 321 "-" "Python-urllib/2.7"
81.88.234.243 - - [27/Sep/2013:15:22:55 +0200] "GET /admin/config.php HTTP/1.1" 404 321 "-" "Python-urllib/2.7"
198.20.69.74 - - [27/Sep/2013:18:38:01 +0200] "GET / HTTP/1.1" 200 1229 "-" "-"
198.20.69.74 - - [27/Sep/2013:18:38:01 +0200] "GET /robots.txt HTTP/1.1" 404 315 "-" "-"
141.8.147.12 - - [28/Sep/2013:00:51:46 +0200] "GET /robots.txt HTTP/1.1" 404 320 "-" "Mozilla/5.0 (compatible; YandexBot/3.0; +http://yandex.com/bots)"
141.8.147.12 - - [28/Sep/2013:02:42:11 +0200] "GET / HTTP/1.1" 200 1229 "-" "Mozilla/5.0 (compatible; YandexBot/3.0; +http://yandex.com/bots)"
198.20.69.74 - - [28/Sep/2013:03:12:02 +0200] "GET / HTTP/1.1" 200 1229 "-" "-"
198.20.69.74 - - [28/Sep/2013:03:12:03 +0200] "GET /robots.txt HTTP/1.1" 404 315 "-" "-"
157.56.92.164 - - [28/Sep/2013:03:56:44 +0200] "GET /robots.txt HTTP/1.1" 404 320 "-" "Mozilla/5.0 (compatible; bingbot/2.0; +http://www.bing.com/bingbot.htm)"
157.56.92.164 - - [28/Sep/2013:03:57:55 +0200] "GET /Heizoel-Berlin.htm HTTP/1.1" 404 328 "-" "Mozilla/5.0 (compatible; bingbot/2.0; +http://www.bing.com/bingbot.htm)"
217.230.150.156 - - [28/Sep/2013:04:49:58 +0200] "GET / HTTP/1.1" 200 1229 "http://www.bigfinder.de/online-11.html" "Mozilla/5.0 (Macintosh; U; Intel Mac OS X 10.6; de-DE; rv:1.9.2.8) Gecko/20100722 Firefox/3.6.8"
65.55.213.73 - - [28/Sep/2013:05:05:00 +0200] "GET /robots.txt HTTP/1.1" 404 320 "-" "msnbot/2.0b (+http://search.msn.com/msnbot.htm)"
65.55.213.73 - - [28/Sep/2013:05:05:00 +0200] "GET / HTTP/1.1" 200 1229 "-" "msnbot/2.0b (+http://search.msn.com/msnbot.htm)"
209.190.1.133 - - [28/Sep/2013:06:03:49 +0200] "GET / HTTP/1.1" 200 1229 "-" "Mozilla/5.0 (compatible; MSIE 8.0; Windows NT 5.1) KomodiaBot/1.0"
141.8.147.12 - - [28/Sep/2013:06:12:28 +0200] "GET /robots.txt HTTP/1.1" 404 337 "-" "Mozilla/5.0 (compatible; YandexBot/3.0; +http://yandex.com/bots)"
198.20.69.74 - - [28/Sep/2013:09:23:06 +0200] "GET / HTTP/1.1" 200 1229 "-" "-"
198.20.69.74 - - [28/Sep/2013:09:23:06 +0200] "GET /robots.txt HTTP/1.1" 404 315 "-" "-"
141.8.147.12 - - [28/Sep/2013:09:31:12 +0200] "GET /robots.txt HTTP/1.1" 404 327 "-" "Mozilla/5.0 (compatible; YandexBot/3.0; +http://yandex.com/bots)"
209.190.1.134 - - [28/Sep/2013:10:32:13 +0200] "GET / HTTP/1.1" 200 1229 "-" "Mozilla/5.0 (compatible; MSIE 8.0; Windows NT 5.1) KomodiaBot/1.0"
141.8.147.12 - - [28/Sep/2013:10:59:09 +0200] "GET / HTTP/1.1" 200 1229 "-" "Mozilla/5.0 (compatible; YandexBot/3.0; +http://yandex.com/bots)"
198.20.69.74 - - [28/Sep/2013:14:21:08 +0200] "GET / HTTP/1.1" 200 1229 "-" "-"
198.20.69.74 - - [28/Sep/2013:14:21:08 +0200] "GET /robots.txt HTTP/1.1" 404 315 "-" "-"
61.231.82.186 - - [28/Sep/2013:17:27:15 +0200] "GET http://www.google.com/intl/zh-CN/ HTTP/1.1" 404 317 "-" "Mozilla/5.0 (compatible; MSIE 9.0; Windows NT 6.1; Trident/5.0)"
61.231.82.186 - - [28/Sep/2013:17:27:16 +0200] "CONNECT mx0.mail2000.com.tw:25 HTTP/1.0" 405 348 "-" "-"
141.8.147.12 - - [28/Sep/2013:18:20:25 +0200] "GET / HTTP/1.1" 200 1229 "-" "Mozilla/5.0 (compatible; YandexBot/3.0; +http://yandex.com/bots)"
157.55.32.81 - - [28/Sep/2013:19:53:53 +0200] "GET /robots.txt HTTP/1.1" 404 320 "-" "Mozilla/5.0 (compatible; bingbot/2.0; +http://www.bing.com/bingbot.htm)"
157.55.32.81 - - [28/Sep/2013:19:54:37 +0200] "GET /seiten/produkte_hzoel.php HTTP/1.1" 404 335 "-" "Mozilla/5.0 (compatible; bingbot/2.0; +http://www.bing.com/bingbot.htm)"
141.8.147.12 - - [28/Sep/2013:20:21:50 +0200] "GET /robots.txt HTTP/1.1" 404 322 "-" "Mozilla/5.0 (compatible; YandexBot/3.0; +http://yandex.com/bots)"
217.69.133.218 - - [28/Sep/2013:20:24:53 +0200] "GET /robots.txt HTTP/1.0" 404 320 "-" "Mozilla/5.0 (compatible; Linux x86_64; Mail.RU_Bot/2.0; +http://go.mail.ru/help/robots)"
217.69.133.216 - - [28/Sep/2013:20:24:55 +0200] "GET / HTTP/1.0" 200 1229 "-" "Mozilla/5.0 (compatible; Linux x86_64; Mail.RU_Bot/2.0; +http://go.mail.ru/help/robots)"
198.20.69.74 - - [28/Sep/2013:21:21:17 +0200] "GET / HTTP/1.1" 200 1229 "-" "-"
198.20.69.74 - - [28/Sep/2013:21:21:18 +0200] "GET /robots.txt HTTP/1.1" 404 315 "-" "-"
141.8.147.12 - - [28/Sep/2013:23:02:48 +0200] "GET / HTTP/1.1" 200 1229 "-" "Mozilla/5.0 (compatible; YandexBot/3.0; +http://yandex.com/bots)"
144.76.71.146 - - [29/Sep/2013:01:24:11 +0200] "GET /robots.txt HTTP/1.1" 404 322 "-" "Mozilla/5.0 (compatible; SISTRIX Crawler; http://crawler.sistrix.net/)"
144.76.71.146 - - [29/Sep/2013:01:24:11 +0200] "GET / HTTP/1.1" 206 1229 "-" "Mozilla/5.0 (compatible; SISTRIX Crawler; http://crawler.sistrix.net/)"
157.55.33.86 - - [29/Sep/2013:03:38:30 +0200] "GET /robots.txt HTTP/1.1" 404 322 "-" "Mozilla/5.0 (compatible; bingbot/2.0; +http://www.bing.com/bingbot.htm)"
157.55.33.86 - - [29/Sep/2013:03:38:59 +0200] "GET /impressum.htm HTTP/1.1" 404 325 "-" "Mozilla/5.0 (compatible; bingbot/2.0; +http://www.bing.com/bingbot.htm)"
94.23.45.14 - - [29/Sep/2013:05:48:17 +0200] "HEAD / HTTP/1.0" 200 - "-" "-"
176.9.139.112 - - [29/Sep/2013:05:50:08 +0200] "GET /robots.txt HTTP/1.1" 404 327 "-" "Mozilla/5.0 (compatible; SISTRIX Crawler; http://crawler.sistrix.net/)"
176.9.139.112 - - [29/Sep/2013:05:50:08 +0200] "GET / HTTP/1.1" 206 1229 "-" "Mozilla/5.0 (compatible; SISTRIX Crawler; http://crawler.sistrix.net/)"
180.76.5.53 - - [29/Sep/2013:06:11:26 +0200] "GET /robots.txt HTTP/1.1" 404 320 "-" "Mozilla/5.0 (Windows NT 5.1; rv:6.0.2) Gecko/20100101 Firefox/6.0.2"
217.230.190.145 - - [29/Sep/2013:06:41:39 +0200] "GET / HTTP/1.1" 200 1229 "http://www.bigfinder.de/online-11.html" "T-Online Browser (Windows NT 6.1; de)"
204.118.31.2 - - [29/Sep/2013:06:50:47 +0200] "GET / HTTP/1.1" 200 1229 "-" "Mozilla/4.0 (compatible; MSIE 8.0; Windows NT 6.1; Trident/4.0)"
65.55.213.73 - - [29/Sep/2013:06:51:35 +0200] "GET /robots.txt HTTP/1.1" 404 320 "-" "msnbot/2.0b (+http://search.msn.com/msnbot.htm)"
65.55.213.73 - - [29/Sep/2013:06:51:36 +0200] "GET / HTTP/1.1" 200 1229 "-" "msnbot/2.0b (+http://search.msn.com/msnbot.htm)"
66.249.78.98 - - [29/Sep/2013:15:07:58 +0200] "GET /robots.txt HTTP/1.1" 404 322 "-" "Mozilla/5.0 (compatible; Googlebot/2.1; +http://www.google.com/bot.html)"
66.249.78.98 - - [29/Sep/2013:15:07:58 +0200] "GET / HTTP/1.1" 200 1229 "-" "Mozilla/5.0 (compatible; Googlebot/2.1; +http://www.google.com/bot.html)"
66.249.78.40 - - [29/Sep/2013:15:27:25 +0200] "GET /robots.txt HTTP/1.1" 404 320 "-" "Mozilla/5.0 (compatible; Googlebot/2.1; +http://www.google.com/bot.html)"
66.249.78.40 - - [29/Sep/2013:15:27:26 +0200] "GET / HTTP/1.1" 200 1229 "-" "Mozilla/5.0 (compatible; Googlebot/2.1; +http://www.google.com/bot.html)"
157.55.32.39 - - [29/Sep/2013:16:00:59 +0200] "GET /robots.txt HTTP/1.1" 404 320 "-" "Mozilla/5.0 (compatible; bingbot/2.0; +http://www.bing.com/bingbot.htm)"
157.55.32.39 - - [29/Sep/2013:16:06:57 +0200] "GET / HTTP/1.1" 304 - "-" "Mozilla/5.0 (compatible; bingbot/2.0; +http://www.bing.com/bingbot.htm)"
178.77.126.55 - - [29/Sep/2013:17:36:21 +0200] "GET /robots.txt HTTP/1.1" 404 320 "-" "Mozilla/5.0 (compatible; CareerBot/1.1; +http://www.career-x.de/bot.html)"
178.77.126.55 - - [29/Sep/2013:17:36:21 +0200] "GET / HTTP/1.1" 200 1229 "-" "Mozilla/5.0 (compatible; CareerBot/1.1; +http://www.career-x.de/bot.html)"
198.20.69.98 - - [29/Sep/2013:17:47:31 +0200] "GET / HTTP/1.1" 200 1229 "-" "-"
198.20.69.98 - - [29/Sep/2013:17:47:31 +0200] "GET /robots.txt HTTP/1.1" 404 315 "-" "-"
94.102.49.150 - - [29/Sep/2013:18:32:13 +0200] "GET /phppath/php HTTP/1.0" 404 312 "-" "-"
94.102.49.150 - - [29/Sep/2013:18:32:13 +0200] "GET /phppath/php HTTP/1.0" 404 312 "-" "-"
94.102.49.150 - - [29/Sep/2013:18:32:13 +0200] "GET /phppath/php HTTP/1.0" 404 312 "-" "-"
94.102.49.150 - - [29/Sep/2013:18:32:13 +0200] "GET /phppath/php HTTP/1.0" 404 312 "-" "-"
94.102.49.150 - - [29/Sep/2013:18:32:13 +0200] "GET /phppath/php HTTP/1.0" 404 312 "-" "-"
94.102.49.150 - - [29/Sep/2013:18:32:13 +0200] "GET /phppath/php HTTP/1.0" 404 312 "-" "-"
94.102.49.150 - - [29/Sep/2013:18:32:13 +0200] "GET /phppath/php HTTP/1.0" 404 312 "-" "-"
94.102.49.150 - - [29/Sep/2013:18:32:13 +0200] "GET /phppath/php HTTP/1.0" 404 312 "-" "-"
94.102.49.150 - - [29/Sep/2013:18:32:13 +0200] "GET /phppath/php HTTP/1.0" 404 312 "-" "-"
94.102.49.150 - - [29/Sep/2013:18:32:13 +0200] "GET /phppath/php HTTP/1.0" 404 312 "-" "-"
66.249.78.171 - - [29/Sep/2013:19:42:49 +0200] "GET /robots.txt HTTP/1.1" 404 332 "-" "Mozilla/5.0 (compatible; Googlebot/2.1; +http://www.google.com/bot.html)"
66.249.78.171 - - [29/Sep/2013:19:42:49 +0200] "GET / HTTP/1.1" 200 1229 "-" "Mozilla/5.0 (compatible; Googlebot/2.1; +http://www.google.com/bot.html)"
111.241.36.83 - - [29/Sep/2013:19:48:10 +0200] "GET http://www.google.com/ HTTP/1.1" 200 1229 "-" "Mozilla/5.0 (compatible; MSIE 9.0; Windows NT 6.1; Trident/5.0)"
111.241.36.83 - - [29/Sep/2013:19:48:11 +0200] "CONNECT mx3.mail2000.com.tw:25 HTTP/1.0" 405 348 "-" "-"
5.9.112.67 - - [29/Sep/2013:20:36:27 +0200] "GET /robots.txt HTTP/1.1" 404 333 "-" "Mozilla/5.0 (compatible; SISTRIX Crawler; http://crawler.sistrix.net/)"
5.9.112.67 - - [29/Sep/2013:20:36:28 +0200] "GET / HTTP/1.1" 206 1229 "-" "Mozilla/5.0 (compatible; SISTRIX Crawler; http://crawler.sistrix.net/)"
5.9.125.26 - - [29/Sep/2013:22:43:18 +0200] "GET /robots.txt HTTP/1.1" 404 322 "-" "Mozilla/5.0 (compatible; SISTRIX Crawler; http://crawler.sistrix.net/)"
5.9.125.26 - - [29/Sep/2013:22:43:18 +0200] "GET / HTTP/1.1" 206 1229 "-" "Mozilla/5.0 (compatible; SISTRIX Crawler; http://crawler.sistrix.net/)"
65.55.24.243 - - [30/Sep/2013:00:02:43 +0200] "GET /robots.txt HTTP/1.1" 404 320 "-" "Mozilla/5.0 (compatible; bingbot/2.0; +http://www.bing.com/bingbot.htm)"
111.241.42.213 - - [30/Sep/2013:00:11:21 +0200] "GET http://www.google.com/intl/zh-CN/ HTTP/1.1" 404 317 "-" "Mozilla/5.0 (compatible; MSIE 9.0; Windows NT 6.1; Trident/5.0)"
111.241.42.213 - - [30/Sep/2013:00:11:21 +0200] "CONNECT mx0.mail2000.com.tw:25 HTTP/1.0" 405 348 "-" "-"
65.55.24.243 - - [30/Sep/2013:00:15:38 +0200] "GET /Heizoel.htm HTTP/1.1" 404 321 "-" "Mozilla/5.0 (compatible; bingbot/2.0; +http://www.bing.com/bingbot.htm)"
222.103.190.147 - - [30/Sep/2013:04:07:37 +0200] "GET /phpmyadmin/translators.html HTTP/1.1" 404 332 "-" "Mozilla/4.0 (compatible; MSIE 6.0; MSIE 5.5; Windows NT 5.1) Opera 7.01 [en]"
222.103.190.147 - - [30/Sep/2013:04:07:45 +0200] "GET /phpmyadmin/translators.html HTTP/1.1" 404 332 "-" "Mozilla/4.0 (compatible; MSIE 6.0; MSIE 5.5; Windows NT 5.1) Opera 7.01 [en]"
222.103.190.147 - - [30/Sep/2013:04:07:45 +0200] "GET /phpmyadmin/translators.html HTTP/1.1" 404 332 "-" "Mozilla/4.0 (compatible; MSIE 6.0; MSIE 5.5; Windows NT 5.1) Opera 7.01 [en]"
222.103.190.147 - - [30/Sep/2013:04:07:46 +0200] "GET /phpmyadmin/translators.html HTTP/1.1" 404 332 "-" "Mozilla/4.0 (compatible; MSIE 6.0; MSIE 5.5; Windows NT 5.1) Opera 7.01 [en]"
222.103.190.147 - - [30/Sep/2013:04:07:46 +0200] "GET /phpmyadmin/translators.html HTTP/1.1" 404 332 "-" "Mozilla/4.0 (compatible; MSIE 6.0; MSIE 5.5; Windows NT 5.1) Opera 7.01 [en]"
222.103.190.147 - - [30/Sep/2013:04:07:46 +0200] "GET /phpmyadmin/translators.html HTTP/1.1" 404 332 "-" "Mozilla/4.0 (compatible; MSIE 6.0; MSIE 5.5; Windows NT 5.1) Opera 7.01 [en]"
222.103.190.147 - - [30/Sep/2013:04:07:46 +0200] "GET /phpmyadmin/translators.html HTTP/1.1" 404 332 "-" "Mozilla/4.0 (compatible; MSIE 6.0; MSIE 5.5; Windows NT 5.1) Opera 7.01 [en]"
222.103.190.147 - - [30/Sep/2013:04:07:46 +0200] "GET /phpmyadmin/translators.html HTTP/1.1" 404 332 "-" "Mozilla/4.0 (compatible; MSIE 6.0; MSIE 5.5; Windows NT 5.1) Opera 7.01 [en]"
222.103.190.147 - - [30/Sep/2013:04:07:46 +0200] "GET /phpmyadmin/translators.html HTTP/1.1" 404 332 "-" "Mozilla/4.0 (compatible; MSIE 6.0; MSIE 5.5; Windows NT 5.1) Opera 7.01 [en]"
66.249.78.171 - - [30/Sep/2013:04:36:01 +0200] "GET /robots.txt HTTP/1.1" 404 332 "-" "Mozilla/5.0 (compatible; Googlebot/2.1; +http://www.google.com/bot.html)"
66.249.78.171 - - [30/Sep/2013:04:36:01 +0200] "GET / HTTP/1.1" 200 1229 "-" "Mozilla/5.0 (compatible; Googlebot/2.1; +http://www.google.com/bot.html)"
111.248.58.49 - - [30/Sep/2013:04:40:18 +0200] "GET http://www.google.com/ HTTP/1.1" 200 1229 "-" "Mozilla/5.0 (compatible; MSIE 9.0; Windows NT 6.1; Trident/5.0)"
111.248.58.49 - - [30/Sep/2013:04:40:19 +0200] "CONNECT mx0.mail2000.com.tw:25 HTTP/1.0" 405 348 "-" "-"
222.103.190.147 - - [30/Sep/2013:05:39:01 +0200] "GET /phpMyAdmin/translators.html HTTP/1.1" 404 332 "-" "Mozilla/4.0 (compatible; MSIE 6.0; MSIE 5.5; Windows NT 5.1) Opera 7.01 [en]"
222.103.190.147 - - [30/Sep/2013:05:39:01 +0200] "GET /phpMyAdmin/translators.html HTTP/1.1" 404 332 "-" "Mozilla/4.0 (compatible; MSIE 6.0; MSIE 5.5; Windows NT 5.1) Opera 7.01 [en]"
222.103.190.147 - - [30/Sep/2013:05:39:02 +0200] "GET /phpMyAdmin/translators.html HTTP/1.1" 404 332 "-" "Mozilla/4.0 (compatible; MSIE 6.0; MSIE 5.5; Windows NT 5.1) Opera 7.01 [en]"
222.103.190.147 - - [30/Sep/2013:05:39:02 +0200] "GET /phpMyAdmin/translators.html HTTP/1.1" 404 332 "-" "Mozilla/4.0 (compatible; MSIE 6.0; MSIE 5.5; Windows NT 5.1) Opera 7.01 [en]"
222.103.190.147 - - [30/Sep/2013:05:39:03 +0200] "GET /phpMyAdmin/translators.html HTTP/1.1" 404 332 "-" "Mozilla/4.0 (compatible; MSIE 6.0; MSIE 5.5; Windows NT 5.1) Opera 7.01 [en]"
222.103.190.147 - - [30/Sep/2013:05:39:03 +0200] "GET /phpMyAdmin/translators.html HTTP/1.1" 404 332 "-" "Mozilla/4.0 (compatible; MSIE 6.0; MSIE 5.5; Windows NT 5.1) Opera 7.01 [en]"
222.103.190.147 - - [30/Sep/2013:05:39:03 +0200] "GET /phpMyAdmin/translators.html HTTP/1.1" 404 332 "-" "Mozilla/4.0 (compatible; MSIE 6.0; MSIE 5.5; Windows NT 5.1) Opera 7.01 [en]"
222.103.190.147 - - [30/Sep/2013:05:39:03 +0200] "GET /phpMyAdmin/translators.html HTTP/1.1" 404 332 "-" "Mozilla/4.0 (compatible; MSIE 6.0; MSIE 5.5; Windows NT 5.1) Opera 7.01 [en]"
222.103.190.147 - - [30/Sep/2013:05:39:03 +0200] "GET /phpMyAdmin/translators.html HTTP/1.1" 404 332 "-" "Mozilla/4.0 (compatible; MSIE 6.0; MSIE 5.5; Windows NT 5.1) Opera 7.01 [en]"
65.55.213.73 - - [30/Sep/2013:05:44:20 +0200] "GET /robots.txt HTTP/1.1" 404 320 "-" "msnbot/2.0b (+http://search.msn.com/msnbot.htm)"
65.55.213.73 - - [30/Sep/2013:05:44:20 +0200] "GET / HTTP/1.1" 200 1229 "-" "msnbot/2.0b (+http://search.msn.com/msnbot.htm)"
206.253.226.23 - - [30/Sep/2013:06:19:33 +0200] "HEAD / HTTP/1.1" 200 - "-" "Mozilla/5.0 (compatible; oBot/2.3.1; +http://filterdb.iss.net/crawler/)"
206.253.226.23 - - [30/Sep/2013:11:03:13 +0200] "HEAD / HTTP/1.1" 200 - "-" "Mozilla/5.0 (compatible; oBot/2.3.1; +http://filterdb.iss.net/crawler/)"
217.231.169.147 - - [30/Sep/2013:11:51:37 +0200] "GET / HTTP/1.1" 200 1229 "http://www.bing.com/search?q=esso+berlin+heiz%C3%B6l&qs=n&form=QBRE&filt=all&pq=esso+berlin+heiz%C3%B6l&sc=0-12&sp=-1&sk=" "Mozilla/5.0 (Windows NT 6.2; WOW64; rv:23.0) Gecko/20100101 Firefox/23.0"
217.231.169.147 - - [30/Sep/2013:11:51:37 +0200] "GET /favicon.ico HTTP/1.1" 404 321 "-" "Mozilla/5.0 (Windows NT 6.2; WOW64; rv:23.0) Gecko/20100101 Firefox/23.0"
217.230.152.167 - - [30/Sep/2013:14:30:36 +0200] "GET / HTTP/1.1" 200 1229 "http://www.bigfinder.de/online-11.html" "Mozilla/5.0 (Windows; U; Windows NT 6.0; en-US) AppleWebKit/533.4 (KHTML, like Gecko) Chrome/5.0.375.126 Safari/533.4"
188.165.195.156 - - [30/Sep/2013:15:13:30 +0200] "HEAD / HTTP/1.1" 200 - "-" "Mozilla/4.0 (compatible; MSIE 5.01; Windows NT 5.0)"
94.23.45.14 - - [30/Sep/2013:15:57:09 +0200] "HEAD / HTTP/1.0" 200 - "-" "-"
66.249.78.154 - - [30/Sep/2013:16:59:58 +0200] "GET /robots.txt HTTP/1.1" 404 337 "-" "Mozilla/5.0 (compatible; Googlebot/2.1; +http://www.google.com/bot.html)"
66.249.78.154 - - [30/Sep/2013:16:59:58 +0200] "GET / HTTP/1.1" 200 1229 "-" "Mozilla/5.0 (compatible; Googlebot/2.1; +http://www.google.com/bot.html)"
66.249.78.36 - - [30/Sep/2013:17:09:36 +0200] "GET /robots.txt HTTP/1.1" 404 333 "-" "Mozilla/5.0 (compatible; Googlebot/2.1; +http://www.google.com/bot.html)"
66.249.78.36 - - [30/Sep/2013:17:09:48 +0200] "GET / HTTP/1.1" 200 1229 "-" "Mozilla/5.0 (compatible; Googlebot/2.1; +http://www.google.com/bot.html)"
66.249.78.193 - - [30/Sep/2013:17:38:41 +0200] "GET /robots.txt HTTP/1.1" 404 327 "-" "Mozilla/5.0 (compatible; Googlebot/2.1; +http://www.google.com/bot.html)"
66.249.78.193 - - [30/Sep/2013:17:38:41 +0200] "GET / HTTP/1.1" 200 1229 "-" "Mozilla/5.0 (compatible; Googlebot/2.1; +http://www.google.com/bot.html)"
141.8.147.12 - - [30/Sep/2013:19:52:21 +0200] "GET /robots.txt HTTP/1.1" 404 322 "-" "Mozilla/5.0 (compatible; YandexBot/3.0; +http://yandex.com/bots)"
141.8.147.12 - - [30/Sep/2013:19:52:21 +0200] "GET /robots.txt HTTP/1.1" 404 333 "-" "Mozilla/5.0 (compatible; YandexBot/3.0; +http://yandex.com/bots)"
141.8.147.12 - - [30/Sep/2013:21:58:03 +0200] "GET / HTTP/1.1" 200 1229 "-" "Mozilla/5.0 (compatible; YandexBot/3.0; +http://yandex.com/bots)"
66.249.78.103 - - [30/Sep/2013:22:59:27 +0200] "GET /robots.txt HTTP/1.1" 404 329 "-" "Mozilla/5.0 (compatible; Googlebot/2.1; +http://www.google.com/bot.html)"
66.249.78.103 - - [30/Sep/2013:22:59:27 +0200] "GET / HTTP/1.1" 200 1229 "-" "Mozilla/5.0 (compatible; Googlebot/2.1; +http://www.google.com/bot.html)"
66.249.78.111 - - [30/Sep/2013:23:10:45 +0200] "GET /robots.txt HTTP/1.1" 404 328 "-" "Mozilla/5.0 (compatible; Googlebot/2.1; +http://www.google.com/bot.html)"
66.249.78.111 - - [30/Sep/2013:23:10:45 +0200] "GET / HTTP/1.1" 200 1229 "-" "Mozilla/5.0 (compatible; Googlebot/2.1; +http://www.google.com/bot.html)"