211.157.227.4 - - [04/Sep/2013:11:34:59 +0200] "GET /phpMyAdmin/scripts/setup.php HTTP/1.1" 404 333 "-" "ZmEu"
211.157.227.4 - - [04/Sep/2013:11:34:59 +0200] "GET /phpMyAdmin/scripts/setup.php HTTP/1.1" 404 333 "-" "ZmEu"
211.157.227.4 - - [04/Sep/2013:11:35:05 +0200] "GET /phpmyadmin/scripts/setup.php HTTP/1.1" 404 333 "-" "ZmEu"
211.157.227.4 - - [04/Sep/2013:11:35:05 +0200] "GET /phpmyadmin/scripts/setup.php HTTP/1.1" 404 333 "-" "ZmEu"
211.157.227.4 - - [04/Sep/2013:11:35:05 +0200] "GET /phpmyadmin/scripts/setup.php HTTP/1.1" 404 333 "-" "ZmEu"
211.157.227.4 - - [04/Sep/2013:11:35:05 +0200] "GET /phpmyadmin/scripts/setup.php HTTP/1.1" 404 333 "-" "ZmEu"
211.157.227.4 - - [04/Sep/2013:11:35:05 +0200] "GET /phpmyadmin/scripts/setup.php HTTP/1.1" 404 333 "-" "ZmEu"
211.157.227.4 - - [04/Sep/2013:11:35:05 +0200] "GET /phpmyadmin/scripts/setup.php HTTP/1.1" 404 333 "-" "ZmEu"
211.157.227.4 - - [04/Sep/2013:11:35:05 +0200] "GET /phpmyadmin/scripts/setup.php HTTP/1.1" 404 333 "-" "ZmEu"
211.157.227.4 - - [04/Sep/2013:11:35:05 +0200] "GET /phpmyadmin/scripts/setup.php HTTP/1.1" 404 333 "-" "ZmEu"
211.157.227.4 - - [04/Sep/2013:11:35:05 +0200] "GET /phpmyadmin/scripts/setup.php HTTP/1.1" 404 333 "-" "ZmEu"
211.157.227.4 - - [04/Sep/2013:11:35:05 +0200] "GET /phpmyadmin/scripts/setup.php HTTP/1.1" 404 333 "-" "ZmEu"
211.157.227.4 - - [04/Sep/2013:11:35:11 +0200] "GET /pma/scripts/setup.php HTTP/1.1" 404 326 "-" "ZmEu"
211.157.227.4 - - [04/Sep/2013:11:35:11 +0200] "GET /pma/scripts/setup.php HTTP/1.1" 404 326 "-" "ZmEu"
211.157.227.4 - - [04/Sep/2013:11:35:11 +0200] "GET /pma/scripts/setup.php HTTP/1.1" 404 326 "-" "ZmEu"
211.157.227.4 - - [04/Sep/2013:11:35:11 +0200] "GET /pma/scripts/setup.php HTTP/1.1" 404 326 "-" "ZmEu"
211.157.227.4 - - [04/Sep/2013:11:35:11 +0200] "GET /pma/scripts/setup.php HTTP/1.1" 404 326 "-" "ZmEu"
211.157.227.4 - - [04/Sep/2013:11:35:11 +0200] "GET /pma/scripts/setup.php HTTP/1.1" 404 326 "-" "ZmEu"
211.157.227.4 - - [04/Sep/2013:11:35:11 +0200] "GET /pma/scripts/setup.php HTTP/1.1" 404 326 "-" "ZmEu"
211.157.227.4 - - [04/Sep/2013:11:35:11 +0200] "GET /pma/scripts/setup.php HTTP/1.1" 404 326 "-" "ZmEu"
211.157.227.4 - - [04/Sep/2013:11:35:11 +0200] "GET /pma/scripts/setup.php HTTP/1.1" 404 326 "-" "ZmEu"
211.157.227.4 - - [04/Sep/2013:11:35:11 +0200] "GET /pma/scripts/setup.php HTTP/1.1" 404 326 "-" "ZmEu"
211.157.227.4 - - [04/Sep/2013:11:35:17 +0200] "GET /myadmin/scripts/setup.php HTTP/1.1" 404 330 "-" "ZmEu"
211.157.227.4 - - [04/Sep/2013:11:35:17 +0200] "GET /myadmin/scripts/setup.php HTTP/1.1" 404 330 "-" "ZmEu"
211.157.227.4 - - [04/Sep/2013:11:35:17 +0200] "GET /myadmin/scripts/setup.php HTTP/1.1" 404 330 "-" "ZmEu"
211.157.227.4 - - [04/Sep/2013:11:35:17 +0200] "GET /myadmin/scripts/setup.php HTTP/1.1" 404 330 "-" "ZmEu"
211.157.227.4 - - [04/Sep/2013:11:35:17 +0200] "GET /myadmin/scripts/setup.php HTTP/1.1" 404 330 "-" "ZmEu"
211.157.227.4 - - [04/Sep/2013:11:35:17 +0200] "GET /myadmin/scripts/setup.php HTTP/1.1" 404 330 "-" "ZmEu"
211.157.227.4 - - [04/Sep/2013:11:35:17 +0200] "GET /myadmin/scripts/setup.php HTTP/1.1" 404 330 "-" "ZmEu"
211.157.227.4 - - [04/Sep/2013:11:35:17 +0200] "GET /myadmin/scripts/setup.php HTTP/1.1" 404 330 "-" "ZmEu"
211.157.227.4 - - [04/Sep/2013:11:35:17 +0200] "GET /myadmin/scripts/setup.php HTTP/1.1" 404 330 "-" "ZmEu"
211.157.227.4 - - [04/Sep/2013:11:35:17 +0200] "GET /myadmin/scripts/setup.php HTTP/1.1" 404 330 "-" "ZmEu"
211.157.227.4 - - [04/Sep/2013:11:35:23 +0200] "GET /MyAdmin/scripts/setup.php HTTP/1.1" 404 330 "-" "ZmEu"
211.157.227.4 - - [04/Sep/2013:11:35:23 +0200] "GET /MyAdmin/scripts/setup.php HTTP/1.1" 404 330 "-" "ZmEu"
211.157.227.4 - - [04/Sep/2013:11:35:23 +0200] "GET /MyAdmin/scripts/setup.php HTTP/1.1" 404 330 "-" "ZmEu"
211.157.227.4 - - [04/Sep/2013:11:35:23 +0200] "GET /MyAdmin/scripts/setup.php HTTP/1.1" 404 330 "-" "ZmEu"
211.157.227.4 - - [04/Sep/2013:11:35:23 +0200] "GET /MyAdmin/scripts/setup.php HTTP/1.1" 404 330 "-" "ZmEu"
211.157.227.4 - - [04/Sep/2013:11:35:23 +0200] "GET /MyAdmin/scripts/setup.php HTTP/1.1" 404 330 "-" "ZmEu"
211.157.227.4 - - [04/Sep/2013:11:35:23 +0200] "GET /MyAdmin/scripts/setup.php HTTP/1.1" 404 330 "-" "ZmEu"
211.157.227.4 - - [04/Sep/2013:11:35:23 +0200] "GET /MyAdmin/scripts/setup.php HTTP/1.1" 404 330 "-" "ZmEu"
211.157.227.4 - - [04/Sep/2013:11:35:23 +0200] "GET /MyAdmin/scripts/setup.php HTTP/1.1" 404 330 "-" "ZmEu"
211.157.227.4 - - [04/Sep/2013:11:35:23 +0200] "GET /MyAdmin/scripts/setup.php HTTP/1.1" 404 330 "-" "ZmEu"
91.220.131.72 - - [04/Sep/2013:11:52:44 +0200] "GET / HTTP/1.1" 200 1229 "-" "-"
81.169.188.167 - - [04/Sep/2013:12:13:26 +0200] "GET / HTTP/1.1" 200 1229 "-" "Mozilla/5.0 (compatible; MSIE 9.0; Windows NT 6.1; de) Opera 11.51"
91.220.131.72 - - [04/Sep/2013:12:59:22 +0200] "GET / HTTP/1.1" 200 1229 "-" "-"
91.220.131.72 - - [04/Sep/2013:13:22:35 +0200] "GET / HTTP/1.1" 200 1229 "-" "-"
176.9.148.197 - - [04/Sep/2013:13:47:53 +0200] "GET /robots.txt HTTP/1.1" 404 333 "-" "Mozilla/5.0 (compatible; SISTRIX Crawler; http://crawler.sistrix.net/)"
176.9.148.197 - - [04/Sep/2013:13:47:53 +0200] "GET / HTTP/1.1" 206 1229 "-" "Mozilla/5.0 (compatible; SISTRIX Crawler; http://crawler.sistrix.net/)"
65.55.213.73 - - [04/Sep/2013:13:59:25 +0200] "GET /robots.txt HTTP/1.1" 404 320 "-" "msnbot/2.0b (+http://search.msn.com/msnbot.htm)"
65.55.213.73 - - [04/Sep/2013:13:59:25 +0200] "GET / HTTP/1.1" 200 1229 "-" "msnbot/2.0b (+http://search.msn.com/msnbot.htm)"
91.220.131.72 - - [04/Sep/2013:15:02:37 +0200] "GET / HTTP/1.1" 200 1229 "-" "-"
157.56.92.175 - - [04/Sep/2013:15:02:51 +0200] "GET /robots.txt HTTP/1.1" 404 320 "-" "Mozilla/5.0 (compatible; bingbot/2.0; +http://www.bing.com/bingbot.htm)"
157.56.92.175 - - [04/Sep/2013:15:06:19 +0200] "GET / HTTP/1.1" 304 - "-" "Mozilla/5.0 (compatible; bingbot/2.0; +http://www.bing.com/bingbot.htm)"
157.56.92.162 - - [04/Sep/2013:15:19:39 +0200] "GET /robots.txt HTTP/1.1" 404 322 "-" "Mozilla/5.0 (compatible; bingbot/2.0; +http://www.bing.com/bingbot.htm)"
157.56.92.162 - - [04/Sep/2013:15:20:39 +0200] "GET / HTTP/1.1" 200 1229 "-" "Mozilla/5.0 (compatible; bingbot/2.0; +http://www.bing.com/bingbot.htm)"
141.8.147.12 - - [04/Sep/2013:17:11:50 +0200] "GET /robots.txt HTTP/1.1" 404 327 "-" "Mozilla/5.0 (compatible; YandexBot/3.0; +http://yandex.com/bots)"
157.56.92.162 - - [05/Sep/2013:02:58:50 +0200] "GET /robots.txt HTTP/1.1" 404 322 "-" "Mozilla/5.0 (compatible; bingbot/2.0; +http://www.bing.com/bingbot.htm)"
157.56.92.162 - - [05/Sep/2013:02:59:30 +0200] "GET /referenzen.htm HTTP/1.1" 404 326 "-" "Mozilla/5.0 (compatible; bingbot/2.0; +http://www.bing.com/bingbot.htm)"
157.56.92.162 - - [05/Sep/2013:07:30:27 +0200] "GET /robots.txt HTTP/1.1" 404 322 "-" "Mozilla/5.0 (compatible; bingbot/2.0; +http://www.bing.com/bingbot.htm)"
157.56.92.162 - - [05/Sep/2013:07:30:54 +0200] "GET / HTTP/1.1" 200 1229 "-" "Mozilla/5.0 (compatible; bingbot/2.0; +http://www.bing.com/bingbot.htm)"
83.133.125.202 - - [05/Sep/2013:08:10:02 +0200] "GET / HTTP/1.1" 200 1229 "http://www.sumaja.de/?such_wert=berlin" "Mozilla/4.0 (compatible; MSIE 7.0; Windows NT 6.0; GTB6; SLCC1; .NET CLR 2.0.50727; Media Center PC 5.0; eSobiSubscriber 2.0.4.16; .NET CLR 3.5.30729; .NET CLR 3.0.30729; .NET4.0C)"
157.56.92.146 - - [05/Sep/2013:08:22:25 +0200] "GET /robots.txt HTTP/1.1" 404 320 "-" "Mozilla/5.0 (compatible; bingbot/2.0; +http://www.bing.com/bingbot.htm)"
157.56.92.146 - - [05/Sep/2013:08:25:28 +0200] "GET / HTTP/1.1" 304 - "-" "Mozilla/5.0 (compatible; bingbot/2.0; +http://www.bing.com/bingbot.htm)"
144.76.42.76 - - [05/Sep/2013:08:41:31 +0200] "GET /robots.txt HTTP/1.1" 404 320 "-" "Java/1.7.0_25"
194.153.113.35 - - [05/Sep/2013:09:17:47 +0200] "HEAD / HTTP/1.1" 200 - "-" "Mozilla/5.0 (compatible; oBot/2.3.1; +http://filterdb.iss.net/crawler/)"
176.9.148.194 - - [05/Sep/2013:10:02:02 +0200] "GET /robots.txt HTTP/1.1" 404 320 "-" "Mozilla/5.0 (compatible; SISTRIX Crawler; http://crawler.sistrix.net/)"
176.9.148.194 - - [05/Sep/2013:10:02:02 +0200] "GET / HTTP/1.1" 206 1229 "-" "Mozilla/5.0 (compatible; SISTRIX Crawler; http://crawler.sistrix.net/)"
206.253.226.23 - - [05/Sep/2013:10:07:10 +0200] "HEAD / HTTP/1.1" 200 - "-" "Mozilla/5.0 (compatible; oBot/2.3.1; +http://filterdb.iss.net/crawler/)"
183.60.48.25 - - [05/Sep/2013:11:52:52 +0200] "CONNECT tcpconn2.tencent.com:443 HTTP/1.1" 405 350 "-" "-"
183.60.48.25 - - [05/Sep/2013:11:52:52 +0200] "CONNECT tcpconn2.tencent.com:443 HTTP/1.1" 405 350 "-" "-"
183.60.48.25 - - [05/Sep/2013:11:52:52 +0200] "CONNECT tcpconn2.tencent.com:443 HTTP/1.1" 405 350 "-" "-"
183.60.48.25 - - [05/Sep/2013:11:52:52 +0200] "CONNECT tcpconn2.tencent.com:443 HTTP/1.1" 405 350 "-" "-"
183.60.48.25 - - [05/Sep/2013:11:52:53 +0200] "CONNECT tcpconn2.tencent.com:443 HTTP/1.1" 405 350 "-" "-"
141.8.147.12 - - [05/Sep/2013:11:58:55 +0200] "GET /robots.txt HTTP/1.1" 404 320 "-" "Mozilla/5.0 (compatible; YandexBot/3.0; +http://yandex.com/bots)"
141.8.147.12 - - [05/Sep/2013:12:01:51 +0200] "GET / HTTP/1.1" 200 1229 "-" "Mozilla/5.0 (compatible; YandexBot/3.0; +http://yandex.com/bots)"
50.31.96.8 - - [05/Sep/2013:12:10:24 +0200] "GET / HTTP/1.1" 200 1229 "-" "Mozilla/5.0 (X11; U; Linux x86_64; en-US) AppleWebKit/534.3 (KHTML, like Gecko) Qt/4.7.4 Safari/534.3"
65.55.213.73 - - [05/Sep/2013:14:00:19 +0200] "GET /robots.txt HTTP/1.1" 404 320 "-" "msnbot/2.0b (+http://search.msn.com/msnbot.htm)"
65.55.213.73 - - [05/Sep/2013:14:00:19 +0200] "GET / HTTP/1.1" 200 1229 "-" "msnbot/2.0b (+http://search.msn.com/msnbot.htm)"
141.8.147.12 - - [05/Sep/2013:18:44:14 +0200] "GET /robots.txt HTTP/1.1" 404 337 "-" "Mozilla/5.0 (compatible; YandexBot/3.0; +http://yandex.com/bots)"
157.56.92.162 - - [05/Sep/2013:19:18:51 +0200] "GET /robots.txt HTTP/1.1" 404 322 "-" "Mozilla/5.0 (compatible; bingbot/2.0; +http://www.bing.com/bingbot.htm)"
157.56.92.162 - - [05/Sep/2013:19:19:27 +0200] "GET / HTTP/1.1" 200 1229 "-" "Mozilla/5.0 (compatible; bingbot/2.0; +http://www.bing.com/bingbot.htm)"
144.76.85.241 - - [05/Sep/2013:20:42:23 +0200] "GET / HTTP/1.1" 200 1229 "-" "Mozilla/5.0 (compatible; SISTRIX Crawler; http://crawler.sistrix.net/)"
144.76.85.241 - - [05/Sep/2013:20:42:24 +0200] "GET /robots.txt HTTP/1.1" 404 320 "-" "Mozilla/5.0 (compatible; SISTRIX Crawler; http://crawler.sistrix.net/)"
144.76.85.241 - - [05/Sep/2013:20:42:24 +0200] "GET / HTTP/1.1" 200 1229 "-" "Mozilla/5.0 (compatible; SISTRIX Crawler; http://crawler.sistrix.net/)"
157.55.32.184 - - [05/Sep/2013:20:58:21 +0200] "GET /robots.txt HTTP/1.1" 404 320 "-" "Mozilla/5.0 (compatible; bingbot/2.0; +http://www.bing.com/bingbot.htm)"
157.55.32.184 - - [05/Sep/2013:20:58:45 +0200] "GET /seiten/datenschutz.php HTTP/1.1" 404 332 "-" "Mozilla/5.0 (compatible; bingbot/2.0; +http://www.bing.com/bingbot.htm)"
141.8.147.12 - - [05/Sep/2013:22:36:07 +0200] "GET / HTTP/1.1" 200 1229 "-" "Mozilla/5.0 (compatible; YandexBot/3.0; +http://yandex.com/bots)"
141.8.147.12 - - [06/Sep/2013:00:55:21 +0200] "GET /robots.txt HTTP/1.1" 404 328 "-" "Mozilla/5.0 (compatible; YandexBot/3.0; +http://yandex.com/bots)"
141.8.147.12 - - [06/Sep/2013:00:55:22 +0200] "GET /robots.txt HTTP/1.1" 404 327 "-" "Mozilla/5.0 (compatible; YandexBot/3.0; +http://yandex.com/bots)"
141.8.147.12 - - [06/Sep/2013:01:40:27 +0200] "GET / HTTP/1.1" 200 1229 "-" "Mozilla/5.0 (compatible; YandexBot/3.0; +http://yandex.com/bots)"
141.8.147.12 - - [06/Sep/2013:05:54:03 +0200] "GET /robots.txt HTTP/1.1" 404 320 "-" "Mozilla/5.0 (compatible; YandexBot/3.0; +http://yandex.com/bots)"
141.8.147.12 - - [06/Sep/2013:06:14:56 +0200] "GET / HTTP/1.1" 200 1229 "-" "Mozilla/5.0 (compatible; YandexBot/3.0; +http://yandex.com/bots)"
157.55.32.186 - - [06/Sep/2013:07:53:10 +0200] "GET /robots.txt HTTP/1.1" 404 322 "-" "Mozilla/5.0 (compatible; bingbot/2.0; +http://www.bing.com/bingbot.htm)"
157.55.32.186 - - [06/Sep/2013:07:55:49 +0200] "GET /fotoshow/fotoshow.htm HTTP/1.1" 404 333 "-" "Mozilla/5.0 (compatible; bingbot/2.0; +http://www.bing.com/bingbot.htm)"
141.8.147.12 - - [06/Sep/2013:10:08:09 +0200] "GET / HTTP/1.1" 200 1229 "-" "Mozilla/5.0 (compatible; YandexBot/3.0; +http://yandex.com/bots)"
141.8.147.12 - - [06/Sep/2013:12:34:44 +0200] "GET /robots.txt HTTP/1.1" 404 337 "-" "Mozilla/5.0 (compatible; YandexBot/3.0; +http://yandex.com/bots)"
113.162.101.225 - - [06/Sep/2013:13:46:59 +0200] "GET / HTTP/1.1" 200 1229 "-" "Mozilla/5.0 (Windows; U; Windows NT 5.1; en-US; rv:1.9.2.12) Gecko/20101026 Firefox/3.6.12 ( .NET CLR 3.5.30729)"
113.162.101.225 - - [06/Sep/2013:13:47:01 +0200] "GET / HTTP/1.1" 200 1229 "-" "Mozilla/5.0 (Windows; U; Windows NT 5.1; en-US; rv:1.9.2.12) Gecko/20101026 Firefox/3.6.12 ( .NET CLR 3.5.30729)"
113.162.101.225 - - [06/Sep/2013:13:47:01 +0200] "GET / HTTP/1.1" 200 1229 "-" "Mozilla/5.0 (Windows; U; Windows NT 5.1; en-US; rv:1.9.2.12) Gecko/20101026 Firefox/3.6.12 ( .NET CLR 3.5.30729)"
113.162.101.225 - - [06/Sep/2013:13:47:01 +0200] "GET / HTTP/1.1" 200 1229 "-" "Mozilla/5.0 (Windows; U; Windows NT 5.1; en-US; rv:1.9.2.12) Gecko/20101026 Firefox/3.6.12 ( .NET CLR 3.5.30729)"
113.162.101.225 - - [06/Sep/2013:13:47:01 +0200] "GET / HTTP/1.1" 200 1229 "-" "Mozilla/5.0 (Windows; U; Windows NT 5.1; en-US; rv:1.9.2.12) Gecko/20101026 Firefox/3.6.12 ( .NET CLR 3.5.30729)"
113.162.101.225 - - [06/Sep/2013:13:47:02 +0200] "GET / HTTP/1.1" 200 1229 "-" "Mozilla/5.0 (Windows; U; Windows NT 5.1; en-US; rv:1.9.2.12) Gecko/20101026 Firefox/3.6.12 ( .NET CLR 3.5.30729)"
113.162.101.225 - - [06/Sep/2013:13:47:04 +0200] "GET / HTTP/1.1" 200 1229 "-" "Mozilla/5.0 (Windows; U; Windows NT 5.1; en-US; rv:1.9.2.12) Gecko/20101026 Firefox/3.6.12 ( .NET CLR 3.5.30729)"
113.162.101.225 - - [06/Sep/2013:13:47:04 +0200] "GET / HTTP/1.1" 200 1229 "-" "Mozilla/5.0 (Windows; U; Windows NT 5.1; en-US; rv:1.9.2.12) Gecko/20101026 Firefox/3.6.12 ( .NET CLR 3.5.30729)"
113.162.101.225 - - [06/Sep/2013:13:47:04 +0200] "GET / HTTP/1.1" 200 1229 "-" "Mozilla/5.0 (Windows; U; Windows NT 5.1; en-US; rv:1.9.2.12) Gecko/20101026 Firefox/3.6.12 ( .NET CLR 3.5.30729)"
113.162.101.225 - - [06/Sep/2013:13:47:04 +0200] "GET / HTTP/1.1" 200 1229 "-" "Mozilla/5.0 (Windows; U; Windows NT 5.1; en-US; rv:1.9.2.12) Gecko/20101026 Firefox/3.6.12 ( .NET CLR 3.5.30729)"
144.76.95.231 - - [06/Sep/2013:14:03:44 +0200] "GET /robots.txt HTTP/1.0" 404 327 "-" "Mozilla/5.0 (compatible; MJ12bot/v1.4.4; http://www.majestic12.co.uk/bot.php?+)"
144.76.95.231 - - [06/Sep/2013:14:03:46 +0200] "GET / HTTP/1.0" 200 1229 "-" "Mozilla/5.0 (compatible; MJ12bot/v1.4.4; http://www.majestic12.co.uk/bot.php?+)"
217.230.145.158 - - [06/Sep/2013:16:33:14 +0200] "GET / HTTP/1.1" 200 1229 "http://www.bigfinder.de/online-11.html" "Mozilla/5.0 (Windows NT 6.1; WOW64; rv:19.0) Gecko/20100101 Firefox/19.0"
141.8.147.12 - - [06/Sep/2013:20:03:58 +0200] "GET / HTTP/1.1" 200 1229 "-" "Mozilla/5.0 (compatible; YandexBot/3.0; +http://yandex.com/bots)"
217.230.145.158 - - [06/Sep/2013:20:05:37 +0200] "GET / HTTP/1.1" 200 1229 "http://www.bigfinder.de/online-11.html" "Mozilla/5.0 (Windows; U; Windows NT 6.0; en-US) AppleWebKit/533.4 (KHTML, like Gecko) Chrome/5.0.375.126 Safari/533.4"
66.206.58.116 - - [06/Sep/2013:20:44:36 +0200] "\x80w\x01\x03\x01" 501 320 "-" "-"
66.206.58.116 - - [06/Sep/2013:20:44:37 +0200] "GET /HNAP1/ HTTP/1.1" 404 311 "http://212.91.246.80/" "Mozilla/4.0 (compatible; MSIE 5.5; Windows NT 5.0; .NET CLR 1.0.3705)"
66.206.58.116 - - [06/Sep/2013:20:44:39 +0200] "\x80w\x01\x03\x01" 501 320 "-" "-"
66.206.58.116 - - [06/Sep/2013:20:44:39 +0200] "GET /HNAP1/ HTTP/1.1" 404 311 "http://212.91.246.81/" "Mozilla/5.0 (Macintosh; U; PPC Mac OS X Mach-O; en-US; rv:1.0.1) Gecko/20030306 Camino/0.7"
66.206.58.116 - - [06/Sep/2013:20:44:39 +0200] "\x80w\x01\x03\x01" 501 320 "-" "-"
66.206.58.116 - - [06/Sep/2013:20:44:40 +0200] "GET /HNAP1/ HTTP/1.1" 404 311 "http://212.91.246.82/" "Mozilla/5.0 (Macintosh; U; PPC Mac OS X; en-us) AppleWebKit/xxx.x (KHTML like Gecko) Safari/12x.x"
66.206.58.116 - - [06/Sep/2013:20:44:49 +0200] "\x80w\x01\x03\x01" 501 320 "-" "-"
66.206.58.116 - - [06/Sep/2013:20:44:49 +0200] "GET /HNAP1/ HTTP/1.1" 404 311 "http://212.91.246.83/" "Mozilla/5.0 (Macintosh; U; PPC Mac OS X; en-us) AppleWebKit/xxx.x (KHTML like Gecko) Safari/12x.x"
66.206.58.116 - - [06/Sep/2013:20:44:51 +0200] "\x80w\x01\x03\x01" 501 320 "-" "-"
66.206.58.116 - - [06/Sep/2013:20:44:51 +0200] "GET /HNAP1/ HTTP/1.1" 404 311 "http://212.91.246.84/" "Mozilla/5.0 Galeon/1.0.2 (X11; Linux i686; U;) Gecko/20011224"
66.206.58.116 - - [06/Sep/2013:20:44:52 +0200] "\x80w\x01\x03\x01" 501 320 "-" "-"
66.206.58.116 - - [06/Sep/2013:20:44:52 +0200] "GET /HNAP1/ HTTP/1.1" 404 311 "http://212.91.246.85/" "Mozilla/5.0 (Macintosh; U; PPC Mac OS X; en-us) AppleWebKit/xxx.x (KHTML like Gecko) Safari/12x.x"
66.206.58.116 - - [06/Sep/2013:20:45:01 +0200] "\x80w\x01\x03\x01" 501 320 "-" "-"
66.206.58.116 - - [06/Sep/2013:20:45:02 +0200] "GET /HNAP1/ HTTP/1.1" 404 311 "http://212.91.246.86/" "Mozilla/5.0 (Windows; U; Windows NT 5.1; de; rv:1.9.2.3) Gecko/20100401 Firefox/3.6.3 (FM Scene 4.6.1)"
66.206.58.116 - - [06/Sep/2013:20:45:04 +0200] "\x80w\x01\x03\x01" 501 320 "-" "-"
66.206.58.116 - - [06/Sep/2013:20:45:04 +0200] "GET /HNAP1/ HTTP/1.1" 404 311 "http://212.91.246.87/" "Mozilla/5.0 (X11; Linux i686; U;rv: 1.7.13) Gecko/20070322 Kazehakase/0.4.4.1"
66.206.58.116 - - [06/Sep/2013:20:45:04 +0200] "\x80w\x01\x03\x01" 501 320 "-" "-"
66.206.58.116 - - [06/Sep/2013:20:45:05 +0200] "GET /HNAP1/ HTTP/1.1" 404 311 "http://212.91.246.88/" "Mozilla/5.0 (compatible; Konqueror/2.2.2; Linux 2.4.14-xfs; X11; i686)"
66.206.58.116 - - [06/Sep/2013:20:45:14 +0200] "\x80w\x01\x03\x01" 501 320 "-" "-"
66.206.58.116 - - [06/Sep/2013:20:45:14 +0200] "GET /HNAP1/ HTTP/1.1" 404 311 "http://212.91.246.89/" "Mozilla/5.0 (compatible; Konqueror/2.2.2; Linux 2.4.14-xfs; X11; i686)"
81.169.188.167 - - [06/Sep/2013:22:07:57 +0200] "GET / HTTP/1.1" 200 1229 "-" "Mozilla/5.0 (compatible; MSIE 9.0; Windows NT 6.1; de) Opera 11.51"
66.206.53.251 - - [06/Sep/2013:22:20:38 +0200] "\x80w\x01\x03\x01" 501 320 "-" "-"
66.206.53.251 - - [06/Sep/2013:22:20:38 +0200] "GET /HNAP1/ HTTP/1.1" 404 311 "http://212.91.246.80/" "Mozilla/5.0 (compatible; SnapPreviewBot; en-US; rv:1.8.0.9) Gecko/20061206 Firefox/1.5.0.9"
66.206.53.251 - - [06/Sep/2013:22:20:42 +0200] "\x80w\x01\x03\x01" 501 320 "-" "-"
66.206.53.251 - - [06/Sep/2013:22:20:42 +0200] "GET /HNAP1/ HTTP/1.1" 404 311 "http://212.91.246.81/" "Mozilla/5.0 (Windows; U; Windows NT 5.1; en-US; rv:1.9.0.1) Gecko/2008092215 Firefox/3.0.1 Orca/1.1 beta 3"
66.206.53.251 - - [06/Sep/2013:22:20:43 +0200] "\x80w\x01\x03\x01" 501 320 "-" "-"
66.206.53.251 - - [06/Sep/2013:22:20:43 +0200] "GET /HNAP1/ HTTP/1.1" 404 311 "http://212.91.246.82/" "Opera/9.0 (Windows NT 5.1; U; en)"
66.206.53.251 - - [06/Sep/2013:22:20:50 +0200] "\x80w\x01\x03\x01" 501 320 "-" "-"
66.206.53.251 - - [06/Sep/2013:22:20:51 +0200] "GET /HNAP1/ HTTP/1.1" 404 311 "http://212.91.246.83/" "Opera/9.0 (Windows NT 5.1; U; en)"
66.206.53.251 - - [06/Sep/2013:22:20:54 +0200] "\x80w\x01\x03\x01" 501 320 "-" "-"
66.206.53.251 - - [06/Sep/2013:22:20:54 +0200] "GET /HNAP1/ HTTP/1.1" 404 311 "http://212.91.246.84/" "Mozilla/5.0 (Windows; U; Windows NT 5.1; de; rv:1.9.2.3) Gecko/20100401 Firefox/3.6.3 (FM Scene 4.6.1)"
66.206.53.251 - - [06/Sep/2013:22:20:56 +0200] "\x80w\x01\x03\x01" 501 320 "-" "-"
66.206.53.251 - - [06/Sep/2013:22:20:56 +0200] "GET /HNAP1/ HTTP/1.1" 404 311 "http://212.91.246.85/" "Opera/9.60 (Windows NT 5.1; U; de) Presto/2.1.1"
66.206.53.251 - - [06/Sep/2013:22:21:03 +0200] "\x80w\x01\x03\x01" 501 320 "-" "-"
66.206.53.251 - - [06/Sep/2013:22:21:03 +0200] "GET /HNAP1/ HTTP/1.1" 404 311 "http://212.91.246.86/" "Mozilla/5.0 (Windows; U; Windows NT 5.1; de; rv:1.9.2.3) Gecko/20100401 Firefox/3.6.3 (FM Scene 4.6.1)"
66.206.53.251 - - [06/Sep/2013:22:21:07 +0200] "\x80w\x01\x03\x01" 501 320 "-" "-"
66.206.53.251 - - [06/Sep/2013:22:21:07 +0200] "GET /HNAP1/ HTTP/1.1" 404 311 "http://212.91.246.87/" "Mozilla/5.0 Galeon/1.0.2 (X11; Linux i686; U;) Gecko/20011224"
66.206.53.251 - - [06/Sep/2013:22:21:08 +0200] "\x80w\x01\x03\x01" 501 320 "-" "-"
66.206.53.251 - - [06/Sep/2013:22:21:08 +0200] "GET /HNAP1/ HTTP/1.1" 404 311 "http://212.91.246.88/" "Mozilla/4.0 (compatible; Opera/3.0; Windows 4.10) 3.51 [en]"
66.206.53.251 - - [06/Sep/2013:22:21:16 +0200] "\x80w\x01\x03\x01" 501 320 "-" "-"
66.206.53.251 - - [06/Sep/2013:22:21:16 +0200] "GET /HNAP1/ HTTP/1.1" 404 311 "http://212.91.246.89/" "Mozilla/5.0 (compatible; SnapPreviewBot; en-US; rv:1.8.0.9) Gecko/20061206 Firefox/1.5.0.9"
81.169.188.167 - - [06/Sep/2013:22:49:42 +0200] "GET / HTTP/1.1" 200 1229 "-" "Mozilla/5.0 (compatible; MSIE 9.0; Windows NT 6.1; de) Opera 11.51"
178.77.126.55 - - [07/Sep/2013:03:01:06 +0200] "GET /robots.txt HTTP/1.1" 404 320 "-" "Mozilla/5.0 (compatible; CareerBot/1.1; +http://www.career-x.de/bot.html)"
178.77.126.55 - - [07/Sep/2013:03:01:06 +0200] "GET / HTTP/1.1" 200 1229 "-" "Mozilla/5.0 (compatible; CareerBot/1.1; +http://www.career-x.de/bot.html)"
198.20.69.98 - - [07/Sep/2013:04:57:33 +0200] "GET / HTTP/1.1" 200 1229 "-" "-"
198.20.69.98 - - [07/Sep/2013:04:57:33 +0200] "GET /robots.txt HTTP/1.1" 404 315 "-" "-"
8.26.191.44 - - [07/Sep/2013:06:14:56 +0200] "GET /user/soapCaller.bs HTTP/1.1" 404 323 "-" "Morfeus Fucking Scanner"
8.26.191.44 - - [07/Sep/2013:06:15:00 +0200] "GET /user/soapCaller.bs HTTP/1.1" 404 323 "-" "Morfeus Fucking Scanner"
8.26.191.44 - - [07/Sep/2013:06:15:00 +0200] "GET /user/soapCaller.bs HTTP/1.1" 404 323 "-" "Morfeus Fucking Scanner"
8.26.191.44 - - [07/Sep/2013:06:15:00 +0200] "GET /user/soapCaller.bs HTTP/1.1" 404 323 "-" "Morfeus Fucking Scanner"
8.26.191.44 - - [07/Sep/2013:06:15:00 +0200] "GET /user/soapCaller.bs HTTP/1.1" 404 323 "-" "Morfeus Fucking Scanner"
8.26.191.44 - - [07/Sep/2013:06:15:00 +0200] "GET /user/soapCaller.bs HTTP/1.1" 404 323 "-" "Morfeus Fucking Scanner"
8.26.191.44 - - [07/Sep/2013:06:15:00 +0200] "GET /user/soapCaller.bs HTTP/1.1" 404 323 "-" "Morfeus Fucking Scanner"
8.26.191.44 - - [07/Sep/2013:06:15:00 +0200] "GET /user/soapCaller.bs HTTP/1.1" 404 323 "-" "Morfeus Fucking Scanner"
8.26.191.44 - - [07/Sep/2013:06:15:00 +0200] "GET /user/soapCaller.bs HTTP/1.1" 404 323 "-" "Morfeus Fucking Scanner"
8.26.191.44 - - [07/Sep/2013:06:15:00 +0200] "GET /user/soapCaller.bs HTTP/1.1" 404 323 "-" "Morfeus Fucking Scanner"
91.194.254.79 - - [07/Sep/2013:06:42:34 +0200] "GET / HTTP/1.1" 200 1229 "http://www.mink-berlin.de/" "Mozilla/5.0 (Windows NT 5.1; rv:11.0) Gecko Firefox/11.0"
91.194.254.79 - - [07/Sep/2013:06:42:34 +0200] "GET /wp-login.php HTTP/1.1" 404 322 "http://www.mink-berlin.de/" "Mozilla/5.0 (Windows NT 5.1; rv:11.0) Gecko Firefox/11.0"
188.138.109.147 - - [07/Sep/2013:10:21:50 +0200] "GET / HTTP/1.0" 200 1229 "-" "Lynx/2.8.8dev.5 libwww-FM/2.14 SSL-MM/1.4.1 GNUTLS/2.8.6"
145.228.143.223 - - [07/Sep/2013:11:04:06 +0200] "GET / HTTP/1.1" 200 1229 "-" "Mozilla/4.0 (compatible; MSIE 7.0; Windows NT 5.1; GTB7.0; .NET CLR 1.1.4322; .NET CLR 2.0.50727; .NET CLR 3.0.04506.30; .NET CLR 3.0.04506.648; InfoPath.2)"
81.169.188.167 - - [07/Sep/2013:11:28:14 +0200] "GET / HTTP/1.1" 200 1229 "-" "Mozilla/5.0 (compatible; MSIE 9.0; Windows NT 6.1; de) Opera 11.51"
81.169.188.167 - - [07/Sep/2013:11:57:18 +0200] "GET / HTTP/1.1" 200 1229 "-" "Mozilla/5.0 (compatible; MSIE 9.0; Windows NT 6.1; de) Opera 11.51"
144.76.42.76 - - [07/Sep/2013:12:52:31 +0200] "GET / HTTP/1.1" 200 1229 "-" "Mozilla/5.0 (Macintosh; Intel Mac OS X 10_8_2) AppleWebKit/537.17 (KHTML, like Gecko) Chrome/24.0.1312.52 Safari/537.17"
66.249.78.171 - - [07/Sep/2013:12:54:03 +0200] "GET /robots.txt HTTP/1.1" 404 332 "-" "Mozilla/5.0 (compatible; Googlebot/2.1; +http://www.google.com/bot.html)"
66.249.78.171 - - [07/Sep/2013:12:54:03 +0200] "GET / HTTP/1.1" 200 1229 "-" "Mozilla/5.0 (compatible; Googlebot/2.1; +http://www.google.com/bot.html)"
64.246.161.42 - - [07/Sep/2013:13:43:58 +0200] "GET /robots.txt HTTP/1.0" 404 328 "-" "Mozilla/5.0 (Windows; U; Windows NT 5.1; en; rv:1.9.0.13) Gecko/2009073022 Firefox/3.5.2 (.NET CLR 3.5.30729) SurveyBot/2.3 (DomainTools)"
64.246.161.42 - - [07/Sep/2013:13:43:59 +0200] "GET / HTTP/1.1" 200 1229 "http://whois.domaintools.com/aufzugs-hebetechnik.de" "Mozilla/5.0 (Windows; U; Windows NT 5.1; en; rv:1.9.0.13) Gecko/2009073022 Firefox/3.5.2 (.NET CLR 3.5.30729) SurveyBot/2.3 (DomainTools)"
65.55.213.79 - - [07/Sep/2013:14:49:52 +0200] "GET /robots.txt HTTP/1.1" 404 320 "-" "msnbot/2.0b (+http://search.msn.com/msnbot.htm)"
65.55.213.79 - - [07/Sep/2013:14:49:52 +0200] "GET / HTTP/1.1" 200 1229 "-" "msnbot/2.0b (+http://search.msn.com/msnbot.htm)"
91.226.212.41 - - [07/Sep/2013:16:01:43 +0200] "GET http://www.proxy-alert.com/remote.php HTTP/1.1" 404 321 "-" "-"
91.226.212.41 - - [07/Sep/2013:16:24:32 +0200] "GET http://www.proxy-alert.com/remote.php HTTP/1.1" 404 321 "-" "-"
91.226.212.41 - - [07/Sep/2013:16:49:05 +0200] "GET http://www.proxy-alert.com/remote.php HTTP/1.1" 404 321 "-" "-"
64.246.161.30 - - [07/Sep/2013:17:16:43 +0200] "GET /robots.txt HTTP/1.0" 404 332 "-" "Mozilla/5.0 (Windows; U; Windows NT 5.1; en; rv:1.9.0.13) Gecko/2009073022 Firefox/3.5.2 (.NET CLR 3.5.30729) SurveyBot/2.3 (DomainTools)"
64.246.161.30 - - [07/Sep/2013:17:16:43 +0200] "GET / HTTP/1.1" 200 1229 "http://whois.domaintools.com/bauaufzuege-hebetechnik.de" "Mozilla/5.0 (Windows; U; Windows NT 5.1; en; rv:1.9.0.13) Gecko/2009073022 Firefox/3.5.2 (.NET CLR 3.5.30729) SurveyBot/2.3 (DomainTools)"
91.226.212.41 - - [07/Sep/2013:17:49:33 +0200] "GET http://www.proxy-alert.com/remote.php HTTP/1.1" 404 321 "-" "-"
198.20.69.98 - - [07/Sep/2013:17:57:38 +0200] "GET / HTTP/1.1" 200 1229 "-" "-"
198.20.69.98 - - [07/Sep/2013:17:57:38 +0200] "GET /robots.txt HTTP/1.1" 404 315 "-" "-"
91.226.212.41 - - [07/Sep/2013:18:00:59 +0200] "GET http://www.proxy-alert.com/remote.php HTTP/1.1" 404 321 "-" "-"
91.226.212.41 - - [07/Sep/2013:18:15:48 +0200] "GET http://www.proxy-alert.com/remote.php HTTP/1.1" 404 321 "-" "-"
91.226.212.41 - - [07/Sep/2013:18:28:15 +0200] "GET http://www.proxy-alert.com/remote.php HTTP/1.1" 404 321 "-" "-"
91.226.212.41 - - [07/Sep/2013:18:28:43 +0200] "GET http://www.proxy-alert.com/remote.php HTTP/1.1" 404 321 "-" "-"
141.8.147.12 - - [07/Sep/2013:18:56:56 +0200] "GET /robots.txt HTTP/1.1" 404 322 "-" "Mozilla/5.0 (compatible; YandexBot/3.0; +http://yandex.com/bots)"
91.226.212.41 - - [07/Sep/2013:19:11:24 +0200] "GET http://www.proxy-alert.com/remote.php HTTP/1.1" 404 321 "-" "-"
91.226.212.41 - - [07/Sep/2013:19:36:57 +0200] "GET http://www.proxy-alert.com/remote.php HTTP/1.1" 404 321 "-" "-"
64.246.161.30 - - [07/Sep/2013:21:49:07 +0200] "GET /robots.txt HTTP/1.0" 404 315 "-" "Mozilla/5.0 (Windows; U; Windows NT 5.1; en; rv:1.9.0.13) Gecko/2009073022 Firefox/3.5.2 (.NET CLR 3.5.30729) SurveyBot/2.3 (DomainTools)"
64.246.161.30 - - [07/Sep/2013:21:49:08 +0200] "GET / HTTP/1.1" 200 1229 "http://whois.domaintools.com/bmt-it.de" "Mozilla/5.0 (Windows; U; Windows NT 5.1; en; rv:1.9.0.13) Gecko/2009073022 Firefox/3.5.2 (.NET CLR 3.5.30729) SurveyBot/2.3 (DomainTools)"
46.4.27.145 - - [07/Sep/2013:21:53:38 +0200] "GET / HTTP/1.1" 200 1229 "http://www.webwiki.de/www.mink-berlin.de" "Mozilla/5.0 (Windows NT 6.1; WOW64; rv:18.0) Gecko/20100101 Firefox/18.0"
64.246.161.190 - - [07/Sep/2013:22:08:21 +0200] "GET /robots.txt HTTP/1.0" 404 322 "-" "Mozilla/5.0 (Windows; U; Windows NT 5.1; en; rv:1.9.0.13) Gecko/2009073022 Firefox/3.5.2 (.NET CLR 3.5.30729) SurveyBot/2.3 (DomainTools)"
64.246.161.190 - - [07/Sep/2013:22:08:22 +0200] "GET / HTTP/1.1" 200 1229 "http://whois.domaintools.com/boedenundmehr.de" "Mozilla/5.0 (Windows; U; Windows NT 5.1; en; rv:1.9.0.13) Gecko/2009073022 Firefox/3.5.2 (.NET CLR 3.5.30729) SurveyBot/2.3 (DomainTools)"
141.8.147.12 - - [07/Sep/2013:23:38:10 +0200] "GET / HTTP/1.1" 200 1229 "-" "Mozilla/5.0 (compatible; YandexBot/3.0; +http://yandex.com/bots)"
66.249.78.171 - - [07/Sep/2013:23:47:42 +0200] "GET /robots.txt HTTP/1.1" 404 332 "-" "Mozilla/5.0 (compatible; Googlebot/2.1; +http://www.google.com/bot.html)"
66.249.78.171 - - [07/Sep/2013:23:47:43 +0200] "GET / HTTP/1.1" 200 1229 "-" "Mozilla/5.0 (compatible; Googlebot/2.1; +http://www.google.com/bot.html)"
141.8.147.12 - - [08/Sep/2013:00:14:50 +0200] "GET /robots.txt HTTP/1.1" 404 333 "-" "Mozilla/5.0 (compatible; YandexBot/3.0; +http://yandex.com/bots)"
141.8.147.12 - - [08/Sep/2013:01:14:28 +0200] "GET /robots.txt HTTP/1.1" 404 328 "-" "Mozilla/5.0 (compatible; YandexBot/3.0; +http://yandex.com/bots)"
209.190.1.131 - - [08/Sep/2013:02:58:42 +0200] "GET / HTTP/1.1" 200 1229 "-" "Mozilla/5.0 (compatible; MSIE 8.0; Windows NT 5.1) KomodiaBot/1.0"
61.175.100.53 - - [08/Sep/2013:03:29:17 +0200] "GET /manager/html HTTP/1.1" 404 317 "-" "Mozilla/3.0 (compatible; Indy Library)"
61.175.100.53 - - [08/Sep/2013:03:29:17 +0200] "GET /manager/html HTTP/1.1" 404 317 "-" "Mozilla/3.0 (compatible; Indy Library)"
61.175.100.53 - - [08/Sep/2013:03:29:18 +0200] "GET /manager/html HTTP/1.1" 404 317 "-" "Mozilla/3.0 (compatible; Indy Library)"
61.175.100.53 - - [08/Sep/2013:03:29:22 +0200] "GET /manager/html HTTP/1.1" 404 317 "-" "Mozilla/3.0 (compatible; Indy Library)"
61.175.100.53 - - [08/Sep/2013:03:29:23 +0200] "GET /manager/html HTTP/1.1" 404 317 "-" "Mozilla/3.0 (compatible; Indy Library)"
61.175.100.53 - - [08/Sep/2013:03:29:24 +0200] "GET /manager/html HTTP/1.1" 404 317 "-" "Mozilla/3.0 (compatible; Indy Library)"
141.8.147.12 - - [08/Sep/2013:04:00:25 +0200] "GET / HTTP/1.1" 200 1229 "-" "Mozilla/5.0 (compatible; YandexBot/3.0; +http://yandex.com/bots)"
66.249.78.98 - - [08/Sep/2013:04:13:36 +0200] "GET /robots.txt HTTP/1.1" 404 322 "-" "Mozilla/5.0 (compatible; Googlebot/2.1; +http://www.google.com/bot.html)"
66.249.78.98 - - [08/Sep/2013:04:13:36 +0200] "GET / HTTP/1.1" 200 1229 "-" "Mozilla/5.0 (compatible; Googlebot/2.1; +http://www.google.com/bot.html)"
195.243.143.77 - - [08/Sep/2013:06:39:53 +0200] "GET /templates/gk_penguinmail/fonts/PT-Seans/stylesheet.css HTTP/1.1" 400 329 "http://www.straman.de/servicebereiche/winterdienst.html" "Mozilla/4.0 (compatible; MSIE 8.0; Windows NT 5.1; Trident/4.0; .NET CLR 1.1.4322; .NET CLR 2.0.50727; InfoPath.1; .NET CLR 3.0.4506.2152; .NET CLR 3.5.30729; .NET4.0C; .NET4.0E)"
209.190.1.132 - - [08/Sep/2013:07:28:56 +0200] "GET / HTTP/1.1" 200 1229 "-" "Mozilla/5.0 (compatible; MSIE 8.0; Windows NT 5.1) KomodiaBot/1.0"
141.8.147.12 - - [08/Sep/2013:08:18:09 +0200] "GET / HTTP/1.1" 200 1229 "-" "Mozilla/5.0 (compatible; YandexBot/3.0; +http://yandex.com/bots)"
141.8.147.12 - - [08/Sep/2013:08:37:18 +0200] "GET /robots.txt HTTP/1.1" 404 327 "-" "Mozilla/5.0 (compatible; YandexBot/3.0; +http://yandex.com/bots)"
66.249.78.40 - - [08/Sep/2013:10:55:56 +0200] "GET /robots.txt HTTP/1.1" 404 320 "-" "Mozilla/5.0 (compatible; Googlebot/2.1; +http://www.google.com/bot.html)"
66.249.78.40 - - [08/Sep/2013:10:55:56 +0200] "GET / HTTP/1.1" 200 1229 "-" "Mozilla/5.0 (compatible; Googlebot/2.1; +http://www.google.com/bot.html)"
178.255.215.64 - - [08/Sep/2013:11:24:13 +0200] "GET /robots.txt HTTP/1.1" 404 322 "-" "Mozilla/5.0 (compatible; Exabot/3.0; +http://www.exabot.com/go/robot)"
178.255.215.64 - - [08/Sep/2013:11:24:13 +0200] "GET / HTTP/1.1" 304 - "-" "Mozilla/5.0 (compatible; Exabot/3.0; +http://www.exabot.com/go/robot)"
198.20.69.74 - - [08/Sep/2013:11:45:26 +0200] "GET / HTTP/1.1" 200 1229 "-" "-"
198.20.69.74 - - [08/Sep/2013:11:45:26 +0200] "GET /robots.txt HTTP/1.1" 404 315 "-" "-"
65.55.213.73 - - [08/Sep/2013:14:05:15 +0200] "GET / HTTP/1.1" 200 1229 "-" "msnbot/2.0b (+http://search.msn.com/msnbot.htm)"
81.169.188.167 - - [08/Sep/2013:14:26:03 +0200] "GET / HTTP/1.1" 200 1229 "-" "Mozilla/5.0 (compatible; MSIE 9.0; Windows NT 6.1; de) Opera 11.51"
141.8.147.12 - - [08/Sep/2013:14:39:46 +0200] "GET / HTTP/1.1" 200 1229 "-" "Mozilla/5.0 (compatible; YandexBot/3.0; +http://yandex.com/bots)"
157.56.93.37 - - [08/Sep/2013:14:54:11 +0200] "GET /robots.txt HTTP/1.1" 404 322 "-" "Mozilla/5.0 (compatible; bingbot/2.0; +http://www.bing.com/bingbot.htm)"
157.56.93.37 - - [08/Sep/2013:14:55:13 +0200] "GET / HTTP/1.1" 304 - "-" "Mozilla/5.0 (compatible; bingbot/2.0; +http://www.bing.com/bingbot.htm)"
1.163.192.249 - - [08/Sep/2013:15:24:31 +0200] "GET http://www.google.com.tw HTTP/1.1" 200 1229 "-" "Mozilla/5.0 (compatible; MSIE 9.0; Windows NT 6.1; Trident/5.0)"
1.163.192.249 - - [08/Sep/2013:15:24:35 +0200] "CONNECT mx3.mail2000.com.tw:25 HTTP/1.0" 405 348 "-" "-"
1.163.199.128 - - [08/Sep/2013:16:20:45 +0200] "GET http://www.google.com.hk HTTP/1.1" 200 1229 "-" "Mozilla/5.0 (compatible; MSIE 9.0; Windows NT 6.1; Trident/5.0)"
1.163.199.128 - - [08/Sep/2013:16:20:45 +0200] "CONNECT mx3.mail2000.com.tw:25 HTTP/1.0" 405 348 "-" "-"
66.249.78.98 - - [08/Sep/2013:16:27:00 +0200] "GET /robots.txt HTTP/1.1" 404 322 "-" "Mozilla/5.0 (compatible; Googlebot/2.1; +http://www.google.com/bot.html)"
64.246.165.160 - - [08/Sep/2013:17:43:21 +0200] "GET /leer.htm HTTP/1.1" 404 313 "http://whois.domaintools.com/dialyse-schoenebeck.de" "Mozilla/5.0 (Windows; U; Windows NT 5.1; en; rv:1.9.0.13) Gecko/2009073022 Firefox/3.5.2 (.NET CLR 3.5.30729) SurveyBot/2.3 (DomainTools)"
64.246.165.160 - - [08/Sep/2013:17:43:21 +0200] "GET /leer.htm HTTP/1.1" 404 313 "http://whois.domaintools.com/dialyse-schoenebeck.de" "Mozilla/5.0 (Windows; U; Windows NT 5.1; en; rv:1.9.0.13) Gecko/2009073022 Firefox/3.5.2 (.NET CLR 3.5.30729) SurveyBot/2.3 (DomainTools)"
64.246.165.160 - - [08/Sep/2013:17:43:22 +0200] "GET /leer.htm HTTP/1.1" 404 313 "http://whois.domaintools.com/dialyse-schoenebeck.de" "Mozilla/5.0 (Windows; U; Windows NT 5.1; en; rv:1.9.0.13) Gecko/2009073022 Firefox/3.5.2 (.NET CLR 3.5.30729) SurveyBot/2.3 (DomainTools)"
64.246.165.140 - - [08/Sep/2013:18:14:36 +0200] "GET /frameset/left.htm HTTP/1.1" 404 322 "http://whois.domaintools.com/die-sehnsucht.com" "Mozilla/5.0 (Windows; U; Windows NT 5.1; en; rv:1.9.0.13) Gecko/2009073022 Firefox/3.5.2 (.NET CLR 3.5.30729) SurveyBot/2.3 (DomainTools)"
64.246.165.140 - - [08/Sep/2013:18:14:36 +0200] "GET /frameset/top.htm HTTP/1.1" 404 321 "http://whois.domaintools.com/die-sehnsucht.com" "Mozilla/5.0 (Windows; U; Windows NT 5.1; en; rv:1.9.0.13) Gecko/2009073022 Firefox/3.5.2 (.NET CLR 3.5.30729) SurveyBot/2.3 (DomainTools)"
64.246.165.140 - - [08/Sep/2013:18:14:37 +0200] "GET /neue_seite_1.htm HTTP/1.1" 404 321 "http://whois.domaintools.com/die-sehnsucht.com" "Mozilla/5.0 (Windows; U; Windows NT 5.1; en; rv:1.9.0.13) Gecko/2009073022 Firefox/3.5.2 (.NET CLR 3.5.30729) SurveyBot/2.3 (DomainTools)"
111.248.115.228 - - [08/Sep/2013:18:45:35 +0200] "CONNECT mx3.mail2000.com.tw:25 HTTP/1.0" 405 348 "-" "-"
50.31.96.16 - - [08/Sep/2013:23:00:19 +0200] "GET / HTTP/1.1" 200 1229 "-" "Mozilla/5.0 (X11; U; Linux x86_64; en-US) AppleWebKit/534.3 (KHTML, like Gecko) Qt/4.7.4 Safari/534.3"
81.169.188.167 - - [08/Sep/2013:23:29:59 +0200] "GET / HTTP/1.1" 200 1229 "-" "Mozilla/5.0 (compatible; MSIE 9.0; Windows NT 6.1; de) Opera 11.51"
61.228.22.204 - - [08/Sep/2013:23:48:43 +0200] "GET http://www.google.com/ HTTP/1.1" 200 1229 "-" "Mozilla/5.0 (compatible; MSIE 9.0; Windows NT 6.1; Trident/5.0)"
61.228.22.204 - - [08/Sep/2013:23:48:50 +0200] "CONNECT mx2.mail2000.com.tw:25 HTTP/1.0" 405 348 "-" "-"
141.8.147.12 - - [09/Sep/2013:00:34:34 +0200] "GET /robots.txt HTTP/1.1" 404 320 "-" "Mozilla/5.0 (compatible; YandexBot/3.0; +http://yandex.com/bots)"
66.249.78.40 - - [09/Sep/2013:01:08:10 +0200] "GET /robots.txt HTTP/1.1" 404 320 "-" "Mozilla/5.0 (compatible; Googlebot/2.1; +http://www.google.com/bot.html)"
188.165.195.156 - - [09/Sep/2013:02:28:20 +0200] "HEAD / HTTP/1.1" 200 - "-" "Mozilla/4.0 (compatible; MSIE 5.01; Windows NT 5.0)"
111.241.36.22 - - [09/Sep/2013:04:06:42 +0200] "GET http://www.google.com/intl/zh-CN/ HTTP/1.1" 404 317 "-" "Mozilla/5.0 (compatible; MSIE 9.0; Windows NT 6.1; Trident/5.0)"
111.241.36.22 - - [09/Sep/2013:04:06:43 +0200] "CONNECT mx0.mail2000.com.tw:25 HTTP/1.0" 405 348 "-" "-"
141.8.147.12 - - [09/Sep/2013:04:11:49 +0200] "GET / HTTP/1.1" 200 1229 "-" "Mozilla/5.0 (compatible; YandexBot/3.0; +http://yandex.com/bots)"
24.113.128.155 - - [09/Sep/2013:04:59:40 +0200] "\x80w\x01\x03\x01" 501 320 "-" "-"
24.113.128.155 - - [09/Sep/2013:04:59:40 +0200] "GET /HNAP1/ HTTP/1.1" 404 311 "http://212.91.246.80/" "Mozilla/2.0 (compatible; MSIE 3.0B; Win32)"
24.113.128.155 - - [09/Sep/2013:04:59:41 +0200] "\x80w\x01\x03\x01" 501 320 "-" "-"
24.113.128.155 - - [09/Sep/2013:04:59:42 +0200] "GET /HNAP1/ HTTP/1.1" 404 311 "http://212.91.246.81/" "Mozilla/5.0 (compatible; Konqueror/2.2.2; Linux 2.4.14-xfs; X11; i686)"
24.113.128.155 - - [09/Sep/2013:04:59:42 +0200] "\x80w\x01\x03\x01" 501 320 "-" "-"
24.113.128.155 - - [09/Sep/2013:04:59:43 +0200] "GET /HNAP1/ HTTP/1.1" 404 311 "http://212.91.246.82/" "Mozilla/5.0 Galeon/1.0.2 (X11; Linux i686; U;) Gecko/20011224"
24.113.128.155 - - [09/Sep/2013:04:59:45 +0200] "\x80w\x01\x03\x01" 501 320 "-" "-"
24.113.128.155 - - [09/Sep/2013:04:59:45 +0200] "\x80w\x01\x03\x01" 501 320 "-" "-"
24.113.128.155 - - [09/Sep/2013:04:59:45 +0200] "GET /HNAP1/ HTTP/1.1" 404 311 "http://212.91.246.83/" "Mozilla/5.0 Galeon/1.0.2 (X11; Linux i686; U;) Gecko/20011224"
24.113.128.155 - - [09/Sep/2013:04:59:45 +0200] "\x80w\x01\x03\x01" 501 320 "-" "-"
24.113.128.155 - - [09/Sep/2013:04:59:45 +0200] "GET /HNAP1/ HTTP/1.1" 404 311 "http://212.91.246.84/" "Mozilla/5.0 (Macintosh; U; PPC Mac OS X Mach-O; en-US; rv:1.0.1) Gecko/20030306 Camino/0.7"
24.113.128.155 - - [09/Sep/2013:04:59:46 +0200] "GET /HNAP1/ HTTP/1.1" 404 311 "http://212.91.246.85/" "Mozilla/5.0 (Macintosh; U; PPC Mac OS X Mach-O; en-US; rv:1.0.1) Gecko/20030306 Camino/0.7"
24.113.128.155 - - [09/Sep/2013:04:59:54 +0200] "\x80w\x01\x03\x01" 501 320 "-" "-"
24.113.128.155 - - [09/Sep/2013:04:59:54 +0200] "GET /HNAP1/ HTTP/1.1" 404 311 "http://212.91.246.86/" "Mozilla/5.0 (Macintosh; U; PPC Mac OS X Mach-O; en-US; rv:1.0.1) Gecko/20030306 Camino/0.7"
24.113.128.155 - - [09/Sep/2013:04:59:55 +0200] "\x80w\x01\x03\x01" 501 320 "-" "-"
24.113.128.155 - - [09/Sep/2013:04:59:56 +0200] "GET /HNAP1/ HTTP/1.1" 404 311 "http://212.91.246.87/" "Mozilla/5.0 Galeon/1.0.2 (X11; Linux i686; U;) Gecko/20011224"
24.113.128.155 - - [09/Sep/2013:04:59:58 +0200] "\x80w\x01\x03\x01" 501 320 "-" "-"
24.113.128.155 - - [09/Sep/2013:04:59:58 +0200] "\x80w\x01\x03\x01" 501 320 "-" "-"
24.113.128.155 - - [09/Sep/2013:04:59:58 +0200] "GET /HNAP1/ HTTP/1.1" 404 311 "http://212.91.246.88/" "Mozilla/4.0 (compatible; MSIE 6.0; Win32) WebWasher 3.0"
24.113.128.155 - - [09/Sep/2013:04:59:58 +0200] "GET /HNAP1/ HTTP/1.1" 404 311 "http://212.91.246.89/" "Opera/9.60 (Windows NT 5.1; U; de) Presto/2.1.1"
81.169.188.167 - - [09/Sep/2013:05:21:00 +0200] "GET / HTTP/1.1" 200 1229 "-" "Mozilla/5.0 (compatible; MSIE 9.0; Windows NT 6.1; de) Opera 11.51"
81.169.188.167 - - [09/Sep/2013:05:25:20 +0200] "GET / HTTP/1.1" 200 1229 "-" "Mozilla/5.0 (compatible; MSIE 9.0; Windows NT 6.1; de) Opera 11.51"
81.169.188.167 - - [09/Sep/2013:05:25:51 +0200] "GET / HTTP/1.1" 200 1229 "-" "Mozilla/5.0 (compatible; MSIE 9.0; Windows NT 6.1; de) Opera 11.51"
81.169.188.167 - - [09/Sep/2013:05:29:45 +0200] "GET / HTTP/1.1" 200 1229 "-" "Mozilla/5.0 (compatible; MSIE 9.0; Windows NT 6.1; de) Opera 11.51"
81.169.188.167 - - [09/Sep/2013:05:29:48 +0200] "GET / HTTP/1.1" 200 1229 "-" "Mozilla/5.0 (compatible; MSIE 9.0; Windows NT 6.1; de) Opera 11.51"
81.169.188.167 - - [09/Sep/2013:05:48:31 +0200] "GET / HTTP/1.1" 200 1229 "-" "Mozilla/5.0 (compatible; MSIE 9.0; Windows NT 6.1; de) Opera 11.51"
23.22.190.197 - - [09/Sep/2013:05:56:43 +0200] "HEAD /robots.txt HTTP/1.1" 404 - "http://netcomber.com/xn--heizlpreiseberlin-2zb.de?st=br2" "xn--heizlpreiseberlin-2zb.de"
23.22.190.197 - - [09/Sep/2013:05:56:43 +0200] "GET /robots.txt HTTP/1.1" 404 334 "http://netcomber.com/xn--heizlpreiseberlin-2zb.de?st=br2" "xn--heizlpreiseberlin-2zb.de"
23.22.190.197 - - [09/Sep/2013:05:56:45 +0200] "HEAD / HTTP/1.1" 200 - "http://netcomber.com/xn--heizlpreiseberlin-2zb.de?st=br2" "xn--heizlpreiseberlin-2zb.de"
23.22.190.197 - - [09/Sep/2013:05:56:45 +0200] "GET / HTTP/1.1" 200 1229 "http://netcomber.com/xn--heizlpreiseberlin-2zb.de?st=br2" "xn--heizlpreiseberlin-2zb.de"
66.249.78.157 - - [09/Sep/2013:07:36:14 +0200] "GET /robots.txt HTTP/1.1" 404 315 "-" "Mozilla/5.0 (compatible; Googlebot/2.1; +http://www.google.com/bot.html)"
66.249.78.157 - - [09/Sep/2013:07:36:14 +0200] "GET / HTTP/1.1" 200 1229 "-" "Mozilla/5.0 (compatible; Googlebot/2.1; +http://www.google.com/bot.html)"
84.38.65.176 - - [09/Sep/2013:07:38:28 +0200] "GET / HTTP/1.0" 200 1229 "http://www.domain-reputation.de/www.mink-berlin.de" "Mozilla/4.0 (compatible; MSIE 8.0; Windows NT 5.1; Trident/4.0; FBSMTWB; ATC/1.0; .NET CLR 1.1.4322; ATC/1.0; .NET CLR 2.0.50727; .NET CLR 3.0.4506.2152; .NET CLR 3.5.30729)"
61.231.3.180 - - [09/Sep/2013:08:15:39 +0200] "GET http://www.google.com/intl/zh-CN/ HTTP/1.1" 404 317 "-" "Mozilla/5.0 (compatible; MSIE 9.0; Windows NT 6.1; Trident/5.0)"
61.231.3.180 - - [09/Sep/2013:08:15:40 +0200] "CONNECT mx3.mail2000.com.tw:25 HTTP/1.0" 405 348 "-" "-"
157.55.32.61 - - [09/Sep/2013:08:29:07 +0200] "GET /robots.txt HTTP/1.1" 404 320 "-" "Mozilla/5.0 (compatible; bingbot/2.0; +http://www.bing.com/bingbot.htm)"
157.55.32.61 - - [09/Sep/2013:08:30:09 +0200] "GET / HTTP/1.1" 304 - "-" "Mozilla/5.0 (compatible; bingbot/2.0; +http://www.bing.com/bingbot.htm)"
141.8.147.12 - - [09/Sep/2013:08:41:16 +0200] "GET /robots.txt HTTP/1.1" 404 337 "-" "Mozilla/5.0 (compatible; YandexBot/3.0; +http://yandex.com/bots)"
141.8.147.12 - - [09/Sep/2013:10:47:33 +0200] "GET / HTTP/1.1" 200 1229 "-" "Mozilla/5.0 (compatible; YandexBot/3.0; +http://yandex.com/bots)"
65.55.52.111 - - [09/Sep/2013:11:22:21 +0200] "GET /robots.txt HTTP/1.1" 404 328 "-" "Mozilla/5.0 (compatible; bingbot/2.0; +http://www.bing.com/bingbot.htm)"
65.55.52.111 - - [09/Sep/2013:11:26:12 +0200] "GET / HTTP/1.1" 304 - "-" "Mozilla/5.0 (compatible; bingbot/2.0; +http://www.bing.com/bingbot.htm)"
66.249.78.103 - - [09/Sep/2013:12:12:15 +0200] "GET /robots.txt HTTP/1.1" 404 329 "-" "Mozilla/5.0 (compatible; Googlebot/2.1; +http://www.google.com/bot.html)"
66.249.78.103 - - [09/Sep/2013:12:12:16 +0200] "GET / HTTP/1.1" 200 1229 "-" "Mozilla/5.0 (compatible; Googlebot/2.1; +http://www.google.com/bot.html)"
95.168.138.255 - - [09/Sep/2013:12:17:04 +0200] "GET / HTTP/1.1" 200 1229 "http://berlin.kauperts.de/eintrag/Herbert-Mink-GmbH-Mariendorfer-Damm-161A-12107-Berlin" "Mozilla/5.0 (Windows NT 6.1; rv:23.0) Gecko/20100101 Firefox/23.0"
95.168.138.255 - - [09/Sep/2013:12:17:04 +0200] "GET /favicon.ico HTTP/1.1" 404 321 "-" "Mozilla/5.0 (Windows NT 6.1; rv:23.0) Gecko/20100101 Firefox/23.0"
54.211.203.178 - - [09/Sep/2013:12:24:07 +0200] "GET / HTTP/1.0" 200 1229 "-" "Mozilla/5.0 (compatible; NetcraftSurveyAgent/1.0; +info@netcraft.com)"
141.8.147.12 - - [09/Sep/2013:12:33:35 +0200] "GET /robots.txt HTTP/1.1" 404 333 "-" "Mozilla/5.0 (compatible; YandexBot/3.0; +http://yandex.com/bots)"
141.8.147.12 - - [09/Sep/2013:12:34:07 +0200] "GET / HTTP/1.1" 200 1229 "-" "Mozilla/5.0 (compatible; YandexBot/3.0; +http://yandex.com/bots)"
157.55.32.102 - - [09/Sep/2013:12:50:46 +0200] "GET /robots.txt HTTP/1.1" 404 337 "-" "Mozilla/5.0 (compatible; bingbot/2.0; +http://www.bing.com/bingbot.htm)"
157.55.32.102 - - [09/Sep/2013:12:51:30 +0200] "GET / HTTP/1.1" 304 - "-" "Mozilla/5.0 (compatible; bingbot/2.0; +http://www.bing.com/bingbot.htm)"
54.227.143.23 - - [09/Sep/2013:12:52:24 +0200] "GET / HTTP/1.0" 200 1229 "-" "Mozilla/5.0 (compatible; NetcraftSurveyAgent/1.0; +info@netcraft.com)"
141.8.147.12 - - [09/Sep/2013:12:55:39 +0200] "GET /robots.txt HTTP/1.1" 404 320 "-" "Mozilla/5.0 (compatible; YandexBot/3.0; +http://yandex.com/bots)"
141.8.147.12 - - [09/Sep/2013:13:08:56 +0200] "GET / HTTP/1.1" 200 1229 "-" "Mozilla/5.0 (compatible; YandexBot/3.0; +http://yandex.com/bots)"
66.249.78.36 - - [09/Sep/2013:13:13:13 +0200] "GET /robots.txt HTTP/1.1" 404 333 "-" "Mozilla/5.0 (compatible; Googlebot/2.1; +http://www.google.com/bot.html)"
66.249.78.36 - - [09/Sep/2013:13:13:14 +0200] "GET / HTTP/1.1" 200 1229 "-" "Mozilla/5.0 (compatible; Googlebot/2.1; +http://www.google.com/bot.html)"
66.249.78.154 - - [09/Sep/2013:13:29:26 +0200] "GET /robots.txt HTTP/1.1" 404 337 "-" "Mozilla/5.0 (compatible; Googlebot/2.1; +http://www.google.com/bot.html)"
66.249.78.154 - - [09/Sep/2013:13:29:26 +0200] "GET / HTTP/1.1" 200 1229 "-" "Mozilla/5.0 (compatible; Googlebot/2.1; +http://www.google.com/bot.html)"
66.249.78.111 - - [09/Sep/2013:13:37:26 +0200] "GET /robots.txt HTTP/1.1" 404 328 "-" "Mozilla/5.0 (compatible; Googlebot/2.1; +http://www.google.com/bot.html)"
66.249.78.111 - - [09/Sep/2013:13:37:26 +0200] "GET / HTTP/1.1" 200 1229 "-" "Mozilla/5.0 (compatible; Googlebot/2.1; +http://www.google.com/bot.html)"
65.55.213.73 - - [09/Sep/2013:14:01:18 +0200] "GET /robots.txt HTTP/1.1" 404 320 "-" "msnbot/2.0b (+http://search.msn.com/msnbot.htm)"
65.55.213.73 - - [09/Sep/2013:14:01:18 +0200] "GET / HTTP/1.1" 200 1229 "-" "msnbot/2.0b (+http://search.msn.com/msnbot.htm)"
54.234.176.32 - - [09/Sep/2013:14:05:07 +0200] "GET / HTTP/1.0" 200 1229 "-" "Mozilla/5.0 (compatible; NetcraftSurveyAgent/1.0; +info@netcraft.com)"
66.249.78.193 - - [09/Sep/2013:14:10:09 +0200] "GET /robots.txt HTTP/1.1" 404 327 "-" "Mozilla/5.0 (compatible; Googlebot/2.1; +http://www.google.com/bot.html)"
66.249.78.193 - - [09/Sep/2013:14:10:09 +0200] "GET / HTTP/1.1" 200 1229 "-" "Mozilla/5.0 (compatible; Googlebot/2.1; +http://www.google.com/bot.html)"
61.228.94.68 - - [09/Sep/2013:14:54:53 +0200] "GET http://www.google.com.tw HTTP/1.1" 200 1229 "-" "Mozilla/5.0 (compatible; MSIE 9.0; Windows NT 6.1; Trident/5.0)"
61.228.94.68 - - [09/Sep/2013:14:54:57 +0200] "CONNECT mx0.mail2000.com.tw:25 HTTP/1.0" 405 348 "-" "-"
23.22.189.52 - - [09/Sep/2013:14:55:21 +0200] "GET / HTTP/1.0" 200 1229 "-" "Mozilla/5.0 (compatible; NetcraftSurveyAgent/1.0; +info@netcraft.com)"
54.227.57.61 - - [09/Sep/2013:14:59:39 +0200] "GET / HTTP/1.0" 200 1229 "-" "Mozilla/5.0 (compatible; NetcraftSurveyAgent/1.0; +info@netcraft.com)"
107.22.53.109 - - [09/Sep/2013:16:27:21 +0200] "GET / HTTP/1.0" 200 1229 "-" "Mozilla/5.0 (compatible; NetcraftSurveyAgent/1.0; +info@netcraft.com)"
107.22.128.197 - - [09/Sep/2013:16:53:33 +0200] "GET / HTTP/1.0" 200 1229 "-" "Mozilla/5.0 (compatible; NetcraftSurveyAgent/1.0; +info@netcraft.com)"
23.20.158.229 - - [09/Sep/2013:17:18:45 +0200] "GET / HTTP/1.0" 200 1229 "-" "Mozilla/5.0 (compatible; NetcraftSurveyAgent/1.0; +info@netcraft.com)"
36.230.254.147 - - [09/Sep/2013:17:32:44 +0200] "GET http://www.google.com.hk HTTP/1.1" 200 1229 "-" "Mozilla/5.0 (compatible; MSIE 9.0; Windows NT 6.1; Trident/5.0)"
36.230.254.147 - - [09/Sep/2013:17:32:45 +0200] "CONNECT mx0.mail2000.com.tw:25 HTTP/1.0" 405 348 "-" "-"
23.22.149.46 - - [09/Sep/2013:17:39:51 +0200] "GET / HTTP/1.0" 200 1229 "-" "Mozilla/5.0 (compatible; NetcraftSurveyAgent/1.0; +info@netcraft.com)"
23.20.43.235 - - [09/Sep/2013:17:40:11 +0200] "GET / HTTP/1.0" 200 1229 "-" "Mozilla/5.0 (compatible; NetcraftSurveyAgent/1.0; +info@netcraft.com)"
54.227.108.9 - - [09/Sep/2013:17:44:26 +0200] "GET / HTTP/1.0" 200 1229 "-" "Mozilla/5.0 (compatible; NetcraftSurveyAgent/1.0; +info@netcraft.com)"
198.20.69.74 - - [09/Sep/2013:17:50:04 +0200] "GET / HTTP/1.1" 200 1229 "-" "-"
198.20.69.74 - - [09/Sep/2013:17:50:05 +0200] "GET /robots.txt HTTP/1.1" 404 315 "-" "-"
61.231.95.175 - - [09/Sep/2013:19:55:43 +0200] "GET http://www.google.com/ HTTP/1.1" 200 1229 "-" "Mozilla/5.0 (compatible; MSIE 9.0; Windows NT 6.1; Trident/5.0)"
61.231.95.175 - - [09/Sep/2013:19:55:44 +0200] "CONNECT mx3.mail2000.com.tw:25 HTTP/1.0" 405 348 "-" "-"
217.225.174.180 - - [09/Sep/2013:20:14:41 +0200] "GET / HTTP/1.1" 200 1229 "http://www.bigfinder.de/online-11.html" "Mozilla/5.0 (Windows; U; Windows NT 6.1; de; rv:1.9.2.8) Gecko/20100722 Firefox/3.6.8 GTB7.1"
66.249.78.111 - - [09/Sep/2013:21:34:47 +0200] "GET /robots.txt HTTP/1.1" 404 328 "-" "Mozilla/5.0 (compatible; Googlebot/2.1; +http://www.google.com/bot.html)"
61.228.20.118 - - [09/Sep/2013:22:32:52 +0200] "GET http://www.google.com.tw HTTP/1.1" 200 1229 "-" "Mozilla/5.0 (compatible; MSIE 9.0; Windows NT 6.1; Trident/5.0)"
61.228.20.118 - - [09/Sep/2013:22:32:53 +0200] "CONNECT mx2.mail2000.com.tw:25 HTTP/1.0" 405 348 "-" "-"
178.77.126.55 - - [10/Sep/2013:00:56:45 +0200] "GET /robots.txt HTTP/1.1" 404 320 "-" "Mozilla/5.0 (compatible; CareerBot/1.1; +http://www.career-x.de/bot.html)"
178.77.126.55 - - [10/Sep/2013:00:56:45 +0200] "GET / HTTP/1.1" 200 1229 "-" "Mozilla/5.0 (compatible; CareerBot/1.1; +http://www.career-x.de/bot.html)"
141.8.147.12 - - [10/Sep/2013:02:52:55 +0200] "GET /robots.txt HTTP/1.1" 404 327 "-" "Mozilla/5.0 (compatible; YandexBot/3.0; +http://yandex.com/bots)"
38.111.147.84 - - [10/Sep/2013:05:54:43 +0200] "GET /robots.txt HTTP/1.0" 404 320 "-" "TurnitinBot/2.1 (http://www.turnitin.com/robot/crawlerinfo.html)"
38.111.147.84 - - [10/Sep/2013:05:54:47 +0200] "GET / HTTP/1.0" 304 - "-" "TurnitinBot/2.1 (http://www.turnitin.com/robot/crawlerinfo.html)"
61.228.31.143 - - [10/Sep/2013:05:59:38 +0200] "GET http://www.google.com/intl/zh-CN/ HTTP/1.1" 404 317 "-" "Mozilla/5.0 (compatible; MSIE 9.0; Windows NT 6.1; Trident/5.0)"
61.228.31.143 - - [10/Sep/2013:05:59:39 +0200] "CONNECT mx0.mail2000.com.tw:25 HTTP/1.0" 405 348 "-" "-"
198.20.70.114 - - [10/Sep/2013:06:14:07 +0200] "GET / HTTP/1.1" 200 1229 "-" "-"
198.20.70.114 - - [10/Sep/2013:06:14:08 +0200] "GET /robots.txt HTTP/1.1" 404 315 "-" "-"
61.175.100.53 - - [10/Sep/2013:06:47:46 +0200] "GET /manager/html HTTP/1.1" 404 317 "-" "Mozilla/3.0 (compatible; Indy Library)"
61.175.100.53 - - [10/Sep/2013:06:47:46 +0200] "GET /manager/html HTTP/1.1" 404 317 "-" "Mozilla/3.0 (compatible; Indy Library)"
