202.191.215.3 - - [13/Apr/2016:21:17:07 +0200] "GET /manager/html HTTP/1.1" 404 317 "-" "Mozilla/5.0 (Windows NT 5.1; rv:5.0) Gecko/20100101 Firefox/5.0"
202.191.215.3 - - [13/Apr/2016:21:17:07 +0200] "GET /manager/html HTTP/1.1" 404 317 "-" "Mozilla/5.0 (Windows NT 5.1; rv:5.0) Gecko/20100101 Firefox/5.0"
202.191.215.3 - - [13/Apr/2016:21:17:07 +0200] "GET /manager/html HTTP/1.1" 404 317 "-" "Mozilla/5.0 (Windows NT 5.1; rv:5.0) Gecko/20100101 Firefox/5.0"
202.191.215.3 - - [13/Apr/2016:21:17:07 +0200] "GET /manager/html HTTP/1.1" 404 317 "-" "Mozilla/5.0 (Windows NT 5.1; rv:5.0) Gecko/20100101 Firefox/5.0"
202.191.215.3 - - [13/Apr/2016:21:17:07 +0200] "GET /manager/html HTTP/1.1" 404 317 "-" "Mozilla/5.0 (Windows NT 5.1; rv:5.0) Gecko/20100101 Firefox/5.0"
202.191.215.3 - - [13/Apr/2016:21:17:07 +0200] "GET /manager/html HTTP/1.1" 404 317 "-" "Mozilla/5.0 (Windows NT 5.1; rv:5.0) Gecko/20100101 Firefox/5.0"
202.191.215.3 - - [13/Apr/2016:21:17:07 +0200] "GET /manager/html HTTP/1.1" 404 317 "-" "Mozilla/5.0 (Windows NT 5.1; rv:5.0) Gecko/20100101 Firefox/5.0"
115.231.222.14 - - [13/Apr/2016:21:44:43 +0200] "GET http://zc.qq.com/cgi-bin/common/attr?id=260714&r=0.1588519478801855 HTTP/1.1" 404 320 "-" "Mozilla/5.0 (compatible; MSIE 9.0; Windows NT 6.1; Trident/5.0; 360SE)"
115.231.222.14 - - [13/Apr/2016:21:44:43 +0200] "GET http://zc.qq.com/cgi-bin/common/attr?id=260714&r=0.5851956298035451 HTTP/1.1" 404 320 "-" "Mozilla/5.0 (compatible; MSIE 9.0; Windows NT 6.1; Trident/5.0; 360SE)"
115.231.222.14 - - [13/Apr/2016:21:44:43 +0200] "GET http://zc.qq.com/cgi-bin/common/attr?id=260714&r=0.0600745926816239 HTTP/1.1" 404 320 "-" "Mozilla/5.0 (compatible; MSIE 9.0; Windows NT 6.1; Trident/5.0; 360SE)"
115.231.222.14 - - [13/Apr/2016:21:44:43 +0200] "GET http://zc.qq.com/cgi-bin/common/attr?id=260714&r=0.3415313311301667 HTTP/1.1" 404 320 "-" "Mozilla/5.0 (compatible; MSIE 9.0; Windows NT 6.1; Trident/5.0; 360SE)"
115.231.222.14 - - [13/Apr/2016:21:44:44 +0200] "GET http://zc.qq.com/cgi-bin/common/attr?id=260714&r=0.3486741817971426 HTTP/1.1" 404 320 "-" "Mozilla/5.0 (compatible; MSIE 9.0; Windows NT 6.1; Trident/5.0; 360SE)"
167.114.246.112 - - [13/Apr/2016:22:18:55 +0200] "GET /xmlrpc.php HTTP/1.1" 404 315 "-" "-"
81.94.192.168 - - [13/Apr/2016:22:39:18 +0200] "GET / HTTP/1.0" 200 1229 "-" "-"
81.94.192.168 - - [13/Apr/2016:22:39:18 +0200] "GET / HTTP/1.0" 200 1229 "-" "-"
81.94.192.168 - - [13/Apr/2016:22:39:18 +0200] "GET / HTTP/1.1" 200 1229 "-" "Mozilla/5.0 (Windows; U; Windows NT 5.0; en-US; rv:1.7.12) Gecko/20050915 Firefox/1.0.7"
81.94.192.168 - - [13/Apr/2016:22:39:19 +0200] "GET / HTTP/1.0" 200 1229 "-" "-"
81.94.192.168 - - [13/Apr/2016:22:39:19 +0200] "GET / HTTP/1.0" 200 1229 "-" "-"
81.94.192.168 - - [13/Apr/2016:22:39:19 +0200] "GET / HTTP/1.1" 200 1229 "-" "Mozilla/5.0 (Windows; U; Windows NT 5.0; en-US; rv:1.7.12) Gecko/20050915 Firefox/1.0.7"
81.94.192.168 - - [13/Apr/2016:22:39:19 +0200] "GET / HTTP/1.0" 200 1229 "-" "-"
81.94.192.168 - - [13/Apr/2016:22:39:19 +0200] "GET / HTTP/1.1" 200 1229 "-" "Mozilla/5.0 (Windows; U; Windows NT 5.0; en-US; rv:1.7.12) Gecko/20050915 Firefox/1.0.7"
81.94.192.168 - - [13/Apr/2016:22:39:19 +0200] "GET / HTTP/1.0" 200 1229 "-" "-"
81.94.192.168 - - [13/Apr/2016:22:39:19 +0200] "GET / HTTP/1.0" 200 1229 "-" "-"
81.94.192.168 - - [13/Apr/2016:22:39:19 +0200] "GET / HTTP/1.0" 200 1229 "-" "-"
81.94.192.168 - - [13/Apr/2016:22:39:19 +0200] "GET / HTTP/1.1" 200 1229 "-" "Mozilla/5.0 (Windows; U; Windows NT 5.0; en-US; rv:1.7.12) Gecko/20050915 Firefox/1.0.7"
81.94.192.168 - - [13/Apr/2016:22:39:19 +0200] "GET / HTTP/1.1" 200 1229 "-" "Mozilla/5.0 (Windows; U; Windows NT 5.0; en-US; rv:1.7.12) Gecko/20050915 Firefox/1.0.7"
81.94.192.168 - - [13/Apr/2016:22:39:19 +0200] "GET / HTTP/1.0" 200 1229 "-" "-"
81.94.192.168 - - [13/Apr/2016:22:39:19 +0200] "GET / HTTP/1.0" 200 1229 "-" "-"
81.94.192.168 - - [13/Apr/2016:22:39:19 +0200] "GET / HTTP/1.1" 200 1229 "-" "Mozilla/5.0 (Windows; U; Windows NT 5.0; en-US; rv:1.7.12) Gecko/20050915 Firefox/1.0.7"
81.94.192.168 - - [13/Apr/2016:22:39:19 +0200] "GET / HTTP/1.1" 200 1229 "-" "Mozilla/5.0 (Windows; U; Windows NT 5.0; en-US; rv:1.7.12) Gecko/20050915 Firefox/1.0.7"
81.94.192.168 - - [13/Apr/2016:22:39:19 +0200] "GET / HTTP/1.1" 200 1229 "-" "Mozilla/5.0 (Windows; U; Windows NT 5.0; en-US; rv:1.7.12) Gecko/20050915 Firefox/1.0.7"
81.94.192.168 - - [13/Apr/2016:22:39:19 +0200] "GET / HTTP/1.1" 200 1229 "-" "Mozilla/5.0 (Windows; U; Windows NT 5.0; en-US; rv:1.7.12) Gecko/20050915 Firefox/1.0.7"
81.94.192.168 - - [13/Apr/2016:22:39:19 +0200] "GET / HTTP/1.1" 200 1229 "-" "Mozilla/5.0 (Windows; U; Windows NT 5.0; en-US; rv:1.7.12) Gecko/20050915 Firefox/1.0.7"
61.228.91.177 - - [13/Apr/2016:22:54:30 +0200] "CONNECT vip163mx00.mxmail.netease.com:25 HTTP/1.0" 405 358 "-" "-"
45.32.239.214 - - [13/Apr/2016:23:03:00 +0200] "GET /jpg/image.jpg HTTP/1.1" 404 318 "-" "Wget/1.16 (linux-gnu)"
195.154.184.40 - - [14/Apr/2016:00:00:01 +0200] "GET / HTTP/1.1" 200 1229 "-" "Mozilla/5.0 (Windows NT 6.1; rv:34.0) Gecko/20100101 Firefox/34.0"
5.39.216.131 - - [14/Apr/2016:00:52:25 +0200] "GET / HTTP/1.1" 200 1229 "-" "Mozilla/5.0 (Windows NT 6.1; rv:38.0) Gecko/20100101 Firefox/38.0"
5.39.216.131 - - [14/Apr/2016:00:52:25 +0200] "GET / HTTP/1.1" 200 1229 "-" "Mozilla/5.0 (Windows NT 6.1; rv:38.0) Gecko/20100101 Firefox/38.0"
5.39.216.131 - - [14/Apr/2016:00:52:25 +0200] "GET / HTTP/1.1" 200 1229 "-" "Mozilla/5.0 (Windows NT 6.1; rv:38.0) Gecko/20100101 Firefox/38.0"
5.39.216.131 - - [14/Apr/2016:00:52:25 +0200] "GET / HTTP/1.1" 200 1229 "-" "Mozilla/5.0 (Windows NT 6.1; rv:38.0) Gecko/20100101 Firefox/38.0"
5.39.216.131 - - [14/Apr/2016:00:52:25 +0200] "GET / HTTP/1.1" 200 1229 "-" "Mozilla/5.0 (Windows NT 6.1; rv:38.0) Gecko/20100101 Firefox/38.0"
5.39.216.131 - - [14/Apr/2016:00:52:25 +0200] "GET / HTTP/1.1" 200 1229 "-" "Mozilla/5.0 (Windows NT 6.1; rv:38.0) Gecko/20100101 Firefox/38.0"
5.39.216.131 - - [14/Apr/2016:00:52:25 +0200] "GET / HTTP/1.1" 200 1229 "-" "Mozilla/5.0 (Windows NT 6.1; rv:38.0) Gecko/20100101 Firefox/38.0"
5.39.216.131 - - [14/Apr/2016:00:52:25 +0200] "GET / HTTP/1.1" 200 1229 "-" "Mozilla/5.0 (Windows NT 6.1; rv:38.0) Gecko/20100101 Firefox/38.0"
5.39.216.131 - - [14/Apr/2016:00:52:26 +0200] "GET / HTTP/1.1" 200 1229 "-" "Mozilla/5.0 (Windows NT 6.1; rv:38.0) Gecko/20100101 Firefox/38.0"
5.39.216.131 - - [14/Apr/2016:00:52:26 +0200] "GET / HTTP/1.1" 200 1229 "-" "Mozilla/5.0 (Windows NT 6.1; rv:38.0) Gecko/20100101 Firefox/38.0"
195.154.184.40 - - [14/Apr/2016:01:16:20 +0200] "GET / HTTP/1.1" 200 1229 "-" "Mozilla/5.0 (Windows NT 6.1; rv:34.0) Gecko/20100101 Firefox/34.0"
5.39.222.159 - - [14/Apr/2016:02:03:12 +0200] "GET / HTTP/1.1" 200 1229 "-" "Mozilla/5.0 zgrab/0.x"
115.231.222.14 - - [14/Apr/2016:02:03:18 +0200] "GET http://zc.qq.com/cgi-bin/common/attr?id=260714&r=0.8422767690470298 HTTP/1.1" 404 320 "-" "Mozilla/5.0 (compatible; MSIE 9.0; Windows NT 6.1; Trident/5.0; 360SE)"
5.39.222.159 - - [14/Apr/2016:02:06:33 +0200] "GET / HTTP/1.1" 200 1229 "-" "Mozilla/5.0 zgrab/0.x"
157.55.39.211 - - [14/Apr/2016:03:45:54 +0200] "GET / HTTP/1.1" 200 1229 "-" "Mozilla/5.0 (compatible; bingbot/2.0; +http://www.bing.com/bingbot.htm)"
115.231.222.14 - - [14/Apr/2016:04:13:02 +0200] "GET http://zc.qq.com/cgi-bin/common/attr?id=260714&r=0.6272886518760821 HTTP/1.1" 404 320 "-" "Mozilla/5.0 (compatible; MSIE 9.0; Windows NT 6.1; Trident/5.0; 360SE)"
115.231.222.14 - - [14/Apr/2016:04:13:02 +0200] "GET http://zc.qq.com/cgi-bin/common/attr?id=260714&r=0.5242606409818437 HTTP/1.1" 404 320 "-" "Mozilla/5.0 (compatible; MSIE 9.0; Windows NT 6.1; Trident/5.0; 360SE)"
54.193.110.113 - - [14/Apr/2016:06:54:04 +0200] "GET / HTTP/1.0" 200 1229 "-" "Mozilla/5.0 (Windows NT 6.3; rv:36.0 Gecko/20100101 Firefox/36.0"
123.59.59.52 - - [14/Apr/2016:07:28:02 +0200] "GET http://www.mafengwo.cn/ HTTP/1.1" 200 1229 "-" "Mozilla/5.0 (Windows NT 6.1; WOW64; rv:29.0) Gecko/20100101 Firefox/29.0"
194.153.113.35 - - [14/Apr/2016:07:38:51 +0200] "GET /robots.txt HTTP/1.1" 404 315 "-" "Mozilla/5.0 (compatible; oBot/2.3.1; http://filterdb.iss.net/crawler/)"
194.153.113.35 - - [14/Apr/2016:07:38:51 +0200] "HEAD / HTTP/1.1" 200 - "-" "Mozilla/5.0 (compatible; oBot/2.3.1; http://filterdb.iss.net/crawler/)"
45.32.239.214 - - [14/Apr/2016:08:37:47 +0200] "GET /jpg/image.jpg HTTP/1.1" 404 318 "-" "Wget/1.16 (linux-gnu)"
167.114.246.112 - - [14/Apr/2016:08:44:59 +0200] "GET /xmlrpc.php HTTP/1.1" 404 315 "-" "-"
157.55.39.211 - - [14/Apr/2016:09:02:53 +0200] "GET /service-frankfurt.html HTTP/1.1" 404 335 "-" "Mozilla/5.0 (compatible; bingbot/2.0; +http://www.bing.com/bingbot.htm)"
74.93.128.228 - - [14/Apr/2016:09:07:08 +0200] "\x16\x03\x01" 501 318 "-" "-"
74.93.128.228 - - [14/Apr/2016:09:07:17 +0200] "GET / HTTP/1.0" 200 1229 "-" "-"
74.93.128.228 - - [14/Apr/2016:09:07:25 +0200] "GET / HTTP/1.1" 200 1229 "-" "Mozilla/5.0 (Windows NT 10.0; WOW64; rv:43.0) Gecko/20100101 Firefox/43.0"
74.93.128.228 - - [14/Apr/2016:09:07:34 +0200] "GET /CHANGELOG.txt HTTP/1.1" 404 318 "-" "Mozilla/5.0 (Windows NT 10.0; WOW64; rv:43.0) Gecko/20100101 Firefox/43.0"
74.93.128.228 - - [14/Apr/2016:09:07:43 +0200] "GET /joomla.xml HTTP/1.1" 404 315 "-" "Mozilla/5.0 (Macintosh; Intel Mac OS X 10_10_5) AppleWebKit/537.36 (KHTML, like Gecko) Chrome/48.0.2564.97 Safari/537.36"
74.93.128.228 - - [14/Apr/2016:09:07:51 +0200] "GET /administrator/manifests/libraries/joomla.xml HTTP/1.1" 404 349 "-" "Mozilla/5.0 (Macintosh; Intel Mac OS X 10_10_5) AppleWebKit/537.36 (KHTML, like Gecko) Chrome/48.0.2564.97 Safari/537.36"
74.93.128.228 - - [14/Apr/2016:09:08:00 +0200] "GET / HTTP/1.1" 200 1229 "-" "Mozilla/5.0 (Windows NT 6.1) AppleWebKit/537.36 (KHTML, like Gecko) Chrome/47.0.2526.111 Safari/537.36"
74.93.128.228 - - [14/Apr/2016:09:08:09 +0200] "GET /readme.html HTTP/1.1" 404 316 "-" "Mozilla/5.0 (Windows NT 6.1) AppleWebKit/537.36 (KHTML, like Gecko) Chrome/47.0.2526.111 Safari/537.36"
74.93.128.228 - - [14/Apr/2016:09:08:17 +0200] "GET / HTTP/1.1" 200 1229 "-" "Mozilla/5.0 (Windows NT 6.1; WOW64) AppleWebKit/537.36 (KHTML, like Gecko) Chrome/47.0.2526.111 Safari/537.36"
74.93.128.228 - - [14/Apr/2016:09:08:26 +0200] "GET /language/Swedish$%7BIFS%7D&&echo$%7BIFS%7DZ6ZA%3EPdQ9&&tar$%7BIFS%7D/string.js HTTP/1.1" 404 388 "-" "Mozilla/5.0 (Windows NT 6.1) AppleWebKit/537.36 (KHTML, like Gecko) Chrome/48.0.2564.109 Safari/537.36"
74.93.128.228 - - [14/Apr/2016:09:08:35 +0200] "GET /../../../../../../../mnt/mtd/PdQ9 HTTP/1.1" 400 333 "-" "Mozilla/5.0 (Windows NT 6.1) AppleWebKit/537.36 (KHTML, like Gecko) Chrome/48.0.2564.109 Safari/537.36"
74.93.128.228 - - [14/Apr/2016:09:08:43 +0200] "GET / HTTP/1.1" 200 1229 "-" "Mozilla/5.0 (Windows NT 6.1; WOW64) AppleWebKit/537.36 (KHTML, like Gecko) Chrome/47.0.2526.106 Safari/537.36"
5.39.222.159 - - [14/Apr/2016:09:23:00 +0200] "GET / HTTP/1.1" 200 1229 "-" "Mozilla/5.0 zgrab/0.x"
115.231.222.14 - - [14/Apr/2016:10:41:26 +0200] "GET http://zc.qq.com/cgi-bin/common/attr?id=260714&r=0.8681265891075723 HTTP/1.1" 404 320 "-" "Mozilla/5.0 (compatible; MSIE 9.0; Windows NT 6.1; Trident/5.0; 360SE)"
125.27.24.174 - - [14/Apr/2016:10:45:37 +0200] "GET /phpMyAdmin/scripts/setup.php HTTP/1.1" 404 333 "-" "-"
125.27.24.174 - - [14/Apr/2016:10:45:59 +0200] "GET /pma/scripts/setup.php HTTP/1.1" 404 326 "-" "-"
125.27.24.174 - - [14/Apr/2016:10:46:09 +0200] "GET /myadmin/scripts/setup.php HTTP/1.1" 404 330 "-" "-"
84.201.153.7 - - [14/Apr/2016:11:11:12 +0200] "GET /robots.txt HTTP/1.1" 404 318 "-" "Mozilla/5.0 (compatible; YandexBot/3.0; +http://yandex.com/bots)"
111.248.62.152 - - [14/Apr/2016:11:39:23 +0200] "CONNECT 163mx02.mxmail.netease.com:25 HTTP/1.0" 405 355 "-" "-"
185.106.92.47 - - [14/Apr/2016:12:32:00 +0200] "GET /muieblackcat HTTP/1.1" 404 317 "-" "-"
115.231.222.14 - - [14/Apr/2016:12:51:06 +0200] "GET http://zc.qq.com/cgi-bin/common/attr?id=260714&r=0.0902382053435920 HTTP/1.1" 404 320 "-" "Mozilla/5.0 (compatible; MSIE 9.0; Windows NT 6.1; Trident/5.0; 360SE)"
115.231.222.14 - - [14/Apr/2016:12:51:06 +0200] "GET http://zc.qq.com/cgi-bin/common/attr?id=260714&r=0.7316400102828860 HTTP/1.1" 404 320 "-" "Mozilla/5.0 (compatible; MSIE 9.0; Windows NT 6.1; Trident/5.0; 360SE)"
115.231.222.14 - - [14/Apr/2016:12:51:06 +0200] "GET http://zc.qq.com/cgi-bin/common/attr?id=260714&r=0.8253607093376083 HTTP/1.1" 404 320 "-" "Mozilla/5.0 (compatible; MSIE 9.0; Windows NT 6.1; Trident/5.0; 360SE)"
115.231.222.14 - - [14/Apr/2016:12:51:07 +0200] "GET http://zc.qq.com/cgi-bin/common/attr?id=260714&r=0.3907979147220546 HTTP/1.1" 404 320 "-" "Mozilla/5.0 (compatible; MSIE 9.0; Windows NT 6.1; Trident/5.0; 360SE)"
206.253.226.22 - - [14/Apr/2016:13:24:52 +0200] "GET /robots.txt HTTP/1.1" 404 315 "-" "Mozilla/5.0 (compatible; oBot/2.3.1; http://filterdb.iss.net/crawler/)"
206.253.226.22 - - [14/Apr/2016:13:24:52 +0200] "HEAD / HTTP/1.1" 200 - "-" "Mozilla/5.0 (compatible; oBot/2.3.1; http://filterdb.iss.net/crawler/)"
66.249.66.22 - - [14/Apr/2016:13:46:37 +0200] "GET /robots.txt HTTP/1.1" 404 332 "-" "Mozilla/5.0 (compatible; Googlebot/2.1; +http://www.google.com/bot.html)"
66.249.78.228 - - [14/Apr/2016:13:46:37 +0200] "GET / HTTP/1.1" 200 1229 "-" "Mozilla/5.0 (iPhone; CPU iPhone OS 8_3 like Mac OS X) AppleWebKit/600.1.4 (KHTML, like Gecko) Version/8.0 Mobile/12F70 Safari/600.1.4 (compatible; Googlebot/2.1; +http://www.google.com/bot.html)"
101.201.147.32 - - [14/Apr/2016:14:11:19 +0200] "GET /bbs/qalist.do HTTP/1.1" 400 329 "-" "-"
115.231.222.14 - - [14/Apr/2016:15:00:39 +0200] "GET http://zc.qq.com/cgi-bin/common/attr?id=260714&r=0.2976847325942440 HTTP/1.1" 404 320 "-" "Mozilla/5.0 (compatible; MSIE 9.0; Windows NT 6.1; Trident/5.0; 360SE)"
5.39.222.159 - - [14/Apr/2016:15:09:01 +0200] "GET / HTTP/1.1" 200 1229 "-" "Mozilla/5.0 zgrab/0.x"
66.240.192.138 - - [14/Apr/2016:15:32:31 +0200] "GET / HTTP/1.1" 200 1229 "-" "-"
66.240.192.138 - - [14/Apr/2016:15:32:31 +0200] "GET /robots.txt HTTP/1.1" 404 315 "-" "-"
66.240.192.138 - - [14/Apr/2016:15:32:31 +0200] "GET /sitemap.xml HTTP/1.1" 404 316 "-" "-"
169.229.3.91 - - [14/Apr/2016:16:10:14 +0200] "\xb7\xfd" 501 317 "-" "-"
169.229.3.91 - - [14/Apr/2016:16:14:23 +0200] "\"\x05<\xe9\xdd\xfa\xc3\x16" 501 331 "-" "-"
128.232.110.28 - - [14/Apr/2016:17:02:08 +0200] "GET / HTTP/1.1" 200 1229 "-" "Go http package"
66.249.78.50 - - [14/Apr/2016:17:03:25 +0200] "GET /robots.txt HTTP/1.1" 404 315 "-" "Mozilla/5.0 (compatible; Googlebot/2.1; +http://www.google.com/bot.html)"
66.249.78.50 - - [14/Apr/2016:17:03:25 +0200] "GET / HTTP/1.1" 200 1229 "-" "Mozilla/5.0 (iPhone; CPU iPhone OS 8_3 like Mac OS X) AppleWebKit/600.1.4 (KHTML, like Gecko) Version/8.0 Mobile/12F70 Safari/600.1.4 (compatible; Googlebot/2.1; +http://www.google.com/bot.html)"
5.39.222.159 - - [14/Apr/2016:17:08:20 +0200] "GET / HTTP/1.1" 200 1229 "-" "Mozilla/5.0 zgrab/0.x"
115.231.222.14 - - [14/Apr/2016:17:09:52 +0200] "GET http://zc.qq.com/cgi-bin/common/attr?id=260714&r=0.9586510970231354 HTTP/1.1" 404 320 "-" "Mozilla/5.0 (compatible; MSIE 9.0; Windows NT 6.1; Trident/5.0; 360SE)"
115.231.222.14 - - [14/Apr/2016:17:09:52 +0200] "GET http://zc.qq.com/cgi-bin/common/attr?id=260714&r=0.0063468867895334 HTTP/1.1" 404 320 "-" "Mozilla/5.0 (compatible; MSIE 9.0; Windows NT 6.1; Trident/5.0; 360SE)"
115.231.222.14 - - [14/Apr/2016:17:09:52 +0200] "GET http://zc.qq.com/cgi-bin/common/attr?id=260714&r=0.9561619199985061 HTTP/1.1" 404 320 "-" "Mozilla/5.0 (compatible; MSIE 9.0; Windows NT 6.1; Trident/5.0; 360SE)"
115.231.222.14 - - [14/Apr/2016:17:09:52 +0200] "GET http://zc.qq.com/cgi-bin/common/attr?id=260714&r=0.4372394980962861 HTTP/1.1" 404 320 "-" "Mozilla/5.0 (compatible; MSIE 9.0; Windows NT 6.1; Trident/5.0; 360SE)"
128.232.110.28 - - [14/Apr/2016:18:01:26 +0200] "GET / HTTP/1.1" 200 1229 "-" "Go http package"
195.154.184.40 - - [14/Apr/2016:18:47:11 +0200] "GET / HTTP/1.1" 200 1229 "-" "Mozilla/5.0 (Windows NT 6.1; rv:34.0) Gecko/20100101 Firefox/34.0"
93.159.230.89 - - [14/Apr/2016:18:51:56 +0200] "GET / HTTP/1.1" 200 1229 "-" "Mozilla/4.0 (compatible; MSIE 8.0; Windows NT 6.0; Trident/4.0; GTB6.6; SLCC1; .NET CLR 2.0.50727; .NET CLR 3.0.04506; .NET CLR 3.5.21022)"
81.94.192.168 - - [14/Apr/2016:18:56:27 +0200] "GET / HTTP/1.0" 200 1229 "-" "-"
81.94.192.168 - - [14/Apr/2016:18:56:27 +0200] "GET / HTTP/1.0" 200 1229 "-" "-"
81.94.192.168 - - [14/Apr/2016:18:56:28 +0200] "GET / HTTP/1.0" 200 1229 "-" "-"
81.94.192.168 - - [14/Apr/2016:18:56:28 +0200] "GET / HTTP/1.0" 200 1229 "-" "-"
81.94.192.168 - - [14/Apr/2016:18:56:28 +0200] "GET / HTTP/1.0" 200 1229 "-" "-"
81.94.192.168 - - [14/Apr/2016:18:56:28 +0200] "GET / HTTP/1.1" 200 1229 "-" "Mozilla/5.0 (Windows; U; Windows NT 5.0; en-US; rv:1.7.12) Gecko/20050915 Firefox/1.0.7"
81.94.192.168 - - [14/Apr/2016:18:56:28 +0200] "GET / HTTP/1.0" 200 1229 "-" "-"
81.94.192.168 - - [14/Apr/2016:18:56:28 +0200] "GET / HTTP/1.0" 200 1229 "-" "-"
81.94.192.168 - - [14/Apr/2016:18:56:28 +0200] "GET / HTTP/1.1" 200 1229 "-" "Mozilla/5.0 (Windows; U; Windows NT 5.0; en-US; rv:1.7.12) Gecko/20050915 Firefox/1.0.7"
81.94.192.168 - - [14/Apr/2016:18:56:28 +0200] "GET / HTTP/1.1" 200 1229 "-" "Mozilla/5.0 (Windows; U; Windows NT 5.0; en-US; rv:1.7.12) Gecko/20050915 Firefox/1.0.7"
81.94.192.168 - - [14/Apr/2016:18:56:28 +0200] "GET / HTTP/1.1" 200 1229 "-" "Mozilla/5.0 (Windows; U; Windows NT 5.0; en-US; rv:1.7.12) Gecko/20050915 Firefox/1.0.7"
81.94.192.168 - - [14/Apr/2016:18:56:29 +0200] "GET / HTTP/1.1" 200 1229 "-" "Mozilla/5.0 (Windows; U; Windows NT 5.0; en-US; rv:1.7.12) Gecko/20050915 Firefox/1.0.7"
81.94.192.168 - - [14/Apr/2016:18:56:29 +0200] "GET / HTTP/1.1" 200 1229 "-" "Mozilla/5.0 (Windows; U; Windows NT 5.0; en-US; rv:1.7.12) Gecko/20050915 Firefox/1.0.7"
81.94.192.168 - - [14/Apr/2016:18:56:29 +0200] "GET / HTTP/1.1" 200 1229 "-" "Mozilla/5.0 (Windows; U; Windows NT 5.0; en-US; rv:1.7.12) Gecko/20050915 Firefox/1.0.7"
81.94.192.168 - - [14/Apr/2016:18:56:28 +0200] "GET / HTTP/1.0" 200 1229 "-" "-"
81.94.192.168 - - [14/Apr/2016:18:56:29 +0200] "GET / HTTP/1.0" 200 1229 "-" "-"
81.94.192.168 - - [14/Apr/2016:18:56:29 +0200] "GET / HTTP/1.0" 200 1229 "-" "-"
81.94.192.168 - - [14/Apr/2016:18:56:29 +0200] "GET / HTTP/1.1" 200 1229 "-" "Mozilla/5.0 (Windows; U; Windows NT 5.0; en-US; rv:1.7.12) Gecko/20050915 Firefox/1.0.7"
81.94.192.168 - - [14/Apr/2016:18:56:29 +0200] "GET / HTTP/1.1" 200 1229 "-" "Mozilla/5.0 (Windows; U; Windows NT 5.0; en-US; rv:1.7.12) Gecko/20050915 Firefox/1.0.7"
81.94.192.168 - - [14/Apr/2016:18:56:29 +0200] "GET / HTTP/1.1" 200 1229 "-" "Mozilla/5.0 (Windows; U; Windows NT 5.0; en-US; rv:1.7.12) Gecko/20050915 Firefox/1.0.7"
81.94.192.168 - - [14/Apr/2016:18:58:38 +0200] "GET / HTTP/1.0" 200 1229 "-" "-"
81.94.192.168 - - [14/Apr/2016:18:58:38 +0200] "GET / HTTP/1.0" 200 1229 "-" "-"
81.94.192.168 - - [14/Apr/2016:18:58:38 +0200] "GET / HTTP/1.1" 200 1229 "-" "Mozilla/5.0 (Windows; U; Windows NT 5.0; en-US; rv:1.7.12) Gecko/20050915 Firefox/1.0.7"
81.94.192.168 - - [14/Apr/2016:18:58:38 +0200] "GET / HTTP/1.0" 200 1229 "-" "-"
81.94.192.168 - - [14/Apr/2016:18:58:38 +0200] "GET / HTTP/1.0" 200 1229 "-" "-"
81.94.192.168 - - [14/Apr/2016:18:58:38 +0200] "GET / HTTP/1.1" 200 1229 "-" "Mozilla/5.0 (Windows; U; Windows NT 5.0; en-US; rv:1.7.12) Gecko/20050915 Firefox/1.0.7"
81.94.192.168 - - [14/Apr/2016:18:58:39 +0200] "GET / HTTP/1.0" 200 1229 "-" "-"
81.94.192.168 - - [14/Apr/2016:18:58:39 +0200] "GET / HTTP/1.0" 200 1229 "-" "-"
81.94.192.168 - - [14/Apr/2016:18:58:39 +0200] "GET / HTTP/1.1" 200 1229 "-" "Mozilla/5.0 (Windows; U; Windows NT 5.0; en-US; rv:1.7.12) Gecko/20050915 Firefox/1.0.7"
81.94.192.168 - - [14/Apr/2016:18:58:39 +0200] "GET / HTTP/1.1" 200 1229 "-" "Mozilla/5.0 (Windows; U; Windows NT 5.0; en-US; rv:1.7.12) Gecko/20050915 Firefox/1.0.7"
81.94.192.168 - - [14/Apr/2016:18:58:39 +0200] "GET / HTTP/1.0" 200 1229 "-" "-"
81.94.192.168 - - [14/Apr/2016:18:58:39 +0200] "GET / HTTP/1.1" 200 1229 "-" "Mozilla/5.0 (Windows; U; Windows NT 5.0; en-US; rv:1.7.12) Gecko/20050915 Firefox/1.0.7"
81.94.192.168 - - [14/Apr/2016:18:58:39 +0200] "GET / HTTP/1.1" 200 1229 "-" "Mozilla/5.0 (Windows; U; Windows NT 5.0; en-US; rv:1.7.12) Gecko/20050915 Firefox/1.0.7"
81.94.192.168 - - [14/Apr/2016:18:58:39 +0200] "GET / HTTP/1.0" 200 1229 "-" "-"
81.94.192.168 - - [14/Apr/2016:18:58:39 +0200] "GET / HTTP/1.0" 200 1229 "-" "-"
81.94.192.168 - - [14/Apr/2016:18:58:39 +0200] "GET / HTTP/1.1" 200 1229 "-" "Mozilla/5.0 (Windows; U; Windows NT 5.0; en-US; rv:1.7.12) Gecko/20050915 Firefox/1.0.7"
81.94.192.168 - - [14/Apr/2016:18:58:39 +0200] "GET / HTTP/1.0" 200 1229 "-" "-"
81.94.192.168 - - [14/Apr/2016:18:58:39 +0200] "GET / HTTP/1.1" 200 1229 "-" "Mozilla/5.0 (Windows; U; Windows NT 5.0; en-US; rv:1.7.12) Gecko/20050915 Firefox/1.0.7"
81.94.192.168 - - [14/Apr/2016:18:58:39 +0200] "GET / HTTP/1.1" 200 1229 "-" "Mozilla/5.0 (Windows; U; Windows NT 5.0; en-US; rv:1.7.12) Gecko/20050915 Firefox/1.0.7"
81.94.192.168 - - [14/Apr/2016:18:58:40 +0200] "GET / HTTP/1.1" 200 1229 "-" "Mozilla/5.0 (Windows; U; Windows NT 5.0; en-US; rv:1.7.12) Gecko/20050915 Firefox/1.0.7"
101.201.147.32 - - [14/Apr/2016:19:02:03 +0200] "GET /bbs/qalist.do HTTP/1.1" 400 329 "-" "-"
81.94.192.168 - - [14/Apr/2016:19:08:17 +0200] "GET / HTTP/1.0" 200 1229 "-" "-"
81.94.192.168 - - [14/Apr/2016:19:08:17 +0200] "GET / HTTP/1.1" 200 1229 "-" "Mozilla/5.0 (Windows; U; Windows NT 5.0; en-US; rv:1.7.12) Gecko/20050915 Firefox/1.0.7"
81.94.192.168 - - [14/Apr/2016:19:08:17 +0200] "GET / HTTP/1.0" 200 1229 "-" "-"
81.94.192.168 - - [14/Apr/2016:19:08:17 +0200] "GET / HTTP/1.0" 200 1229 "-" "-"
81.94.192.168 - - [14/Apr/2016:19:08:17 +0200] "GET / HTTP/1.0" 200 1229 "-" "-"
81.94.192.168 - - [14/Apr/2016:19:08:17 +0200] "GET / HTTP/1.0" 200 1229 "-" "-"
81.94.192.168 - - [14/Apr/2016:19:08:17 +0200] "GET / HTTP/1.1" 200 1229 "-" "Mozilla/5.0 (Windows; U; Windows NT 5.0; en-US; rv:1.7.12) Gecko/20050915 Firefox/1.0.7"
81.94.192.168 - - [14/Apr/2016:19:08:18 +0200] "GET / HTTP/1.0" 200 1229 "-" "-"
81.94.192.168 - - [14/Apr/2016:19:08:18 +0200] "GET / HTTP/1.0" 200 1229 "-" "-"
81.94.192.168 - - [14/Apr/2016:19:08:18 +0200] "GET / HTTP/1.0" 200 1229 "-" "-"
81.94.192.168 - - [14/Apr/2016:19:08:18 +0200] "GET / HTTP/1.0" 200 1229 "-" "-"
81.94.192.168 - - [14/Apr/2016:19:08:18 +0200] "GET / HTTP/1.1" 200 1229 "-" "Mozilla/5.0 (Windows; U; Windows NT 5.0; en-US; rv:1.7.12) Gecko/20050915 Firefox/1.0.7"
81.94.192.168 - - [14/Apr/2016:19:08:18 +0200] "GET / HTTP/1.1" 200 1229 "-" "Mozilla/5.0 (Windows; U; Windows NT 5.0; en-US; rv:1.7.12) Gecko/20050915 Firefox/1.0.7"
81.94.192.168 - - [14/Apr/2016:19:08:18 +0200] "GET / HTTP/1.0" 200 1229 "-" "-"
81.94.192.168 - - [14/Apr/2016:19:08:18 +0200] "GET / HTTP/1.1" 200 1229 "-" "Mozilla/5.0 (Windows; U; Windows NT 5.0; en-US; rv:1.7.12) Gecko/20050915 Firefox/1.0.7"
81.94.192.168 - - [14/Apr/2016:19:08:18 +0200] "GET / HTTP/1.1" 200 1229 "-" "Mozilla/5.0 (Windows; U; Windows NT 5.0; en-US; rv:1.7.12) Gecko/20050915 Firefox/1.0.7"
81.94.192.168 - - [14/Apr/2016:19:08:18 +0200] "GET / HTTP/1.1" 200 1229 "-" "Mozilla/5.0 (Windows; U; Windows NT 5.0; en-US; rv:1.7.12) Gecko/20050915 Firefox/1.0.7"
81.94.192.168 - - [14/Apr/2016:19:08:18 +0200] "GET / HTTP/1.1" 200 1229 "-" "Mozilla/5.0 (Windows; U; Windows NT 5.0; en-US; rv:1.7.12) Gecko/20050915 Firefox/1.0.7"
81.94.192.168 - - [14/Apr/2016:19:08:18 +0200] "GET / HTTP/1.1" 200 1229 "-" "Mozilla/5.0 (Windows; U; Windows NT 5.0; en-US; rv:1.7.12) Gecko/20050915 Firefox/1.0.7"
81.94.192.168 - - [14/Apr/2016:19:08:18 +0200] "GET / HTTP/1.1" 200 1229 "-" "Mozilla/5.0 (Windows; U; Windows NT 5.0; en-US; rv:1.7.12) Gecko/20050915 Firefox/1.0.7"
81.94.192.168 - - [14/Apr/2016:19:13:13 +0200] "GET / HTTP/1.0" 200 1229 "-" "-"
81.94.192.168 - - [14/Apr/2016:19:13:13 +0200] "GET / HTTP/1.0" 200 1229 "-" "-"
81.94.192.168 - - [14/Apr/2016:19:13:13 +0200] "GET / HTTP/1.1" 200 1229 "-" "Mozilla/5.0 (Windows; U; Windows NT 5.0; en-US; rv:1.7.12) Gecko/20050915 Firefox/1.0.7"
81.94.192.168 - - [14/Apr/2016:19:13:13 +0200] "GET / HTTP/1.0" 200 1229 "-" "-"
81.94.192.168 - - [14/Apr/2016:19:13:13 +0200] "GET / HTTP/1.1" 200 1229 "-" "Mozilla/5.0 (Windows; U; Windows NT 5.0; en-US; rv:1.7.12) Gecko/20050915 Firefox/1.0.7"
81.94.192.168 - - [14/Apr/2016:19:13:13 +0200] "GET / HTTP/1.1" 200 1229 "-" "Mozilla/5.0 (Windows; U; Windows NT 5.0; en-US; rv:1.7.12) Gecko/20050915 Firefox/1.0.7"
81.94.192.168 - - [14/Apr/2016:19:13:13 +0200] "GET / HTTP/1.0" 200 1229 "-" "-"
81.94.192.168 - - [14/Apr/2016:19:13:13 +0200] "GET / HTTP/1.1" 200 1229 "-" "Mozilla/5.0 (Windows; U; Windows NT 5.0; en-US; rv:1.7.12) Gecko/20050915 Firefox/1.0.7"
81.94.192.168 - - [14/Apr/2016:19:13:13 +0200] "GET / HTTP/1.0" 200 1229 "-" "-"
81.94.192.168 - - [14/Apr/2016:19:13:13 +0200] "GET / HTTP/1.1" 200 1229 "-" "Mozilla/5.0 (Windows; U; Windows NT 5.0; en-US; rv:1.7.12) Gecko/20050915 Firefox/1.0.7"
81.94.192.168 - - [14/Apr/2016:19:13:13 +0200] "GET / HTTP/1.0" 200 1229 "-" "-"
81.94.192.168 - - [14/Apr/2016:19:13:13 +0200] "GET / HTTP/1.0" 200 1229 "-" "-"
81.94.192.168 - - [14/Apr/2016:19:13:14 +0200] "GET / HTTP/1.0" 200 1229 "-" "-"
81.94.192.168 - - [14/Apr/2016:19:13:14 +0200] "GET / HTTP/1.1" 200 1229 "-" "Mozilla/5.0 (Windows; U; Windows NT 5.0; en-US; rv:1.7.12) Gecko/20050915 Firefox/1.0.7"
81.94.192.168 - - [14/Apr/2016:19:13:14 +0200] "GET / HTTP/1.1" 200 1229 "-" "Mozilla/5.0 (Windows; U; Windows NT 5.0; en-US; rv:1.7.12) Gecko/20050915 Firefox/1.0.7"
81.94.192.168 - - [14/Apr/2016:19:13:14 +0200] "GET / HTTP/1.1" 200 1229 "-" "Mozilla/5.0 (Windows; U; Windows NT 5.0; en-US; rv:1.7.12) Gecko/20050915 Firefox/1.0.7"
81.94.192.168 - - [14/Apr/2016:19:13:15 +0200] "GET / HTTP/1.0" 200 1229 "-" "-"
81.94.192.168 - - [14/Apr/2016:19:13:15 +0200] "GET / HTTP/1.0" 200 1229 "-" "-"
81.94.192.168 - - [14/Apr/2016:19:13:15 +0200] "GET / HTTP/1.1" 200 1229 "-" "Mozilla/5.0 (Windows; U; Windows NT 5.0; en-US; rv:1.7.12) Gecko/20050915 Firefox/1.0.7"
81.94.192.168 - - [14/Apr/2016:19:13:15 +0200] "GET / HTTP/1.1" 200 1229 "-" "Mozilla/5.0 (Windows; U; Windows NT 5.0; en-US; rv:1.7.12) Gecko/20050915 Firefox/1.0.7"
81.94.192.168 - - [14/Apr/2016:19:13:42 +0200] "GET / HTTP/1.0" 200 1229 "-" "-"
81.94.192.168 - - [14/Apr/2016:19:13:42 +0200] "GET / HTTP/1.1" 200 1229 "-" "Mozilla/5.0 (Windows; U; Windows NT 5.0; en-US; rv:1.7.12) Gecko/20050915 Firefox/1.0.7"
81.94.192.168 - - [14/Apr/2016:19:13:42 +0200] "GET / HTTP/1.0" 200 1229 "-" "-"
81.94.192.168 - - [14/Apr/2016:19:13:42 +0200] "GET / HTTP/1.0" 200 1229 "-" "-"
81.94.192.168 - - [14/Apr/2016:19:13:42 +0200] "GET / HTTP/1.1" 200 1229 "-" "Mozilla/5.0 (Windows; U; Windows NT 5.0; en-US; rv:1.7.12) Gecko/20050915 Firefox/1.0.7"
81.94.192.168 - - [14/Apr/2016:19:13:42 +0200] "GET / HTTP/1.0" 200 1229 "-" "-"
81.94.192.168 - - [14/Apr/2016:19:13:42 +0200] "GET / HTTP/1.1" 200 1229 "-" "Mozilla/5.0 (Windows; U; Windows NT 5.0; en-US; rv:1.7.12) Gecko/20050915 Firefox/1.0.7"
81.94.192.168 - - [14/Apr/2016:19:13:42 +0200] "GET / HTTP/1.1" 200 1229 "-" "Mozilla/5.0 (Windows; U; Windows NT 5.0; en-US; rv:1.7.12) Gecko/20050915 Firefox/1.0.7"
81.94.192.168 - - [14/Apr/2016:19:13:42 +0200] "GET / HTTP/1.0" 200 1229 "-" "-"
81.94.192.168 - - [14/Apr/2016:19:13:42 +0200] "GET / HTTP/1.0" 200 1229 "-" "-"
81.94.192.168 - - [14/Apr/2016:19:13:42 +0200] "GET / HTTP/1.1" 200 1229 "-" "Mozilla/5.0 (Windows; U; Windows NT 5.0; en-US; rv:1.7.12) Gecko/20050915 Firefox/1.0.7"
81.94.192.168 - - [14/Apr/2016:19:13:42 +0200] "GET / HTTP/1.1" 200 1229 "-" "Mozilla/5.0 (Windows; U; Windows NT 5.0; en-US; rv:1.7.12) Gecko/20050915 Firefox/1.0.7"
81.94.192.168 - - [14/Apr/2016:19:13:42 +0200] "GET / HTTP/1.0" 200 1229 "-" "-"
81.94.192.168 - - [14/Apr/2016:19:13:42 +0200] "GET / HTTP/1.1" 200 1229 "-" "Mozilla/5.0 (Windows; U; Windows NT 5.0; en-US; rv:1.7.12) Gecko/20050915 Firefox/1.0.7"
81.94.192.168 - - [14/Apr/2016:19:13:42 +0200] "GET / HTTP/1.0" 200 1229 "-" "-"
81.94.192.168 - - [14/Apr/2016:19:13:42 +0200] "GET / HTTP/1.1" 200 1229 "-" "Mozilla/5.0 (Windows; U; Windows NT 5.0; en-US; rv:1.7.12) Gecko/20050915 Firefox/1.0.7"
81.94.192.168 - - [14/Apr/2016:19:13:42 +0200] "GET / HTTP/1.0" 200 1229 "-" "-"
81.94.192.168 - - [14/Apr/2016:19:13:42 +0200] "GET / HTTP/1.1" 200 1229 "-" "Mozilla/5.0 (Windows; U; Windows NT 5.0; en-US; rv:1.7.12) Gecko/20050915 Firefox/1.0.7"
81.94.192.168 - - [14/Apr/2016:19:13:43 +0200] "GET / HTTP/1.0" 200 1229 "-" "-"
81.94.192.168 - - [14/Apr/2016:19:13:43 +0200] "GET / HTTP/1.1" 200 1229 "-" "Mozilla/5.0 (Windows; U; Windows NT 5.0; en-US; rv:1.7.12) Gecko/20050915 Firefox/1.0.7"
115.231.222.14 - - [14/Apr/2016:19:19:47 +0200] "GET http://zc.qq.com/cgi-bin/common/attr?id=260714&r=0.7808551533255058 HTTP/1.1" 404 320 "-" "Mozilla/5.0 (compatible; MSIE 9.0; Windows NT 6.1; Trident/5.0; 360SE)"
115.231.222.14 - - [14/Apr/2016:19:19:47 +0200] "GET http://zc.qq.com/cgi-bin/common/attr?id=260714&r=0.4949834525962174 HTTP/1.1" 404 320 "-" "Mozilla/5.0 (compatible; MSIE 9.0; Windows NT 6.1; Trident/5.0; 360SE)"
115.231.222.14 - - [14/Apr/2016:19:19:50 +0200] "GET http://zc.qq.com/cgi-bin/common/attr?id=260714&r=0.3335795576986683 HTTP/1.1" 404 320 "-" "Mozilla/5.0 (compatible; MSIE 9.0; Windows NT 6.1; Trident/5.0; 360SE)"
115.231.222.14 - - [14/Apr/2016:19:19:50 +0200] "GET http://zc.qq.com/cgi-bin/common/attr?id=260714&r=0.8934132642313180 HTTP/1.1" 404 320 "-" "Mozilla/5.0 (compatible; MSIE 9.0; Windows NT 6.1; Trident/5.0; 360SE)"
115.231.222.14 - - [14/Apr/2016:19:19:51 +0200] "GET http://zc.qq.com/cgi-bin/common/attr?id=260714&r=0.4323270877231011 HTTP/1.1" 404 320 "-" "Mozilla/5.0 (compatible; MSIE 9.0; Windows NT 6.1; Trident/5.0; 360SE)"
107.170.190.113 - - [14/Apr/2016:19:28:45 +0200] "GET / HTTP/1.0" 200 1229 "-" "-"
107.170.190.113 - - [14/Apr/2016:19:28:57 +0200] "GET / HTTP/1.1" 200 1229 "-" "Mozilla/5.0 (Windows NT 6.1) AppleWebKit/537.36 (KHTML, like Gecko) Chrome/47.0.2526.111 Safari/537.36"
107.170.190.113 - - [14/Apr/2016:19:29:08 +0200] "GET /CHANGELOG.txt HTTP/1.1" 404 318 "-" "Mozilla/5.0 (Windows NT 6.1) AppleWebKit/537.36 (KHTML, like Gecko) Chrome/47.0.2526.111 Safari/537.36"
107.170.190.113 - - [14/Apr/2016:19:29:20 +0200] "GET /joomla.xml HTTP/1.1" 404 315 "-" "Mozilla/5.0 (Windows NT 6.1) AppleWebKit/537.36 (KHTML, like Gecko) Chrome/47.0.2526.111 Safari/537.36"
107.170.190.113 - - [14/Apr/2016:19:29:31 +0200] "GET /administrator/manifests/libraries/joomla.xml HTTP/1.1" 404 349 "-" "Mozilla/5.0 (Windows NT 6.1) AppleWebKit/537.36 (KHTML, like Gecko) Chrome/47.0.2526.111 Safari/537.36"
107.170.190.113 - - [14/Apr/2016:19:29:43 +0200] "GET / HTTP/1.1" 200 1229 "-" "Mozilla/5.0 (Windows NT 10.0; WOW64; rv:44.0) Gecko/20100101 Firefox/44.0"
180.97.106.161 - - [14/Apr/2016:20:01:18 +0200] "GET http://www.baidu.com/robots.txt HTTP/1.1" 404 315 "-" "-"
180.97.106.36 - - [14/Apr/2016:20:05:18 +0200] "GET http://www.baidu.com/robots.txt HTTP/1.1" 404 315 "-" "-"
180.97.106.161 - - [14/Apr/2016:20:11:37 +0200] "GET http://www.baidu.com/robots.txt HTTP/1.1" 404 315 "-" "-"
180.97.106.162 - - [14/Apr/2016:20:12:45 +0200] "GET http://www.baidu.com/robots.txt HTTP/1.1" 404 315 "-" "-"
180.97.106.37 - - [14/Apr/2016:20:15:43 +0200] "GET http://www.baidu.com/robots.txt HTTP/1.1" 404 315 "-" "-"
115.231.222.14 - - [14/Apr/2016:21:29:15 +0200] "GET http://zc.qq.com/cgi-bin/common/attr?id=260714&r=0.3041081972504364 HTTP/1.1" 404 320 "-" "Mozilla/5.0 (compatible; MSIE 9.0; Windows NT 6.1; Trident/5.0; 360SE)"
115.231.222.14 - - [14/Apr/2016:21:29:15 +0200] "GET http://zc.qq.com/cgi-bin/common/attr?id=260714&r=0.0829285888136324 HTTP/1.1" 404 320 "-" "Mozilla/5.0 (compatible; MSIE 9.0; Windows NT 6.1; Trident/5.0; 360SE)"
115.231.222.14 - - [14/Apr/2016:21:29:15 +0200] "GET http://zc.qq.com/cgi-bin/common/attr?id=260714&r=0.5306234905116121 HTTP/1.1" 404 320 "-" "Mozilla/5.0 (compatible; MSIE 9.0; Windows NT 6.1; Trident/5.0; 360SE)"
5.39.222.159 - - [14/Apr/2016:21:51:13 +0200] "GET / HTTP/1.1" 200 1229 "-" "Mozilla/5.0 zgrab/0.x"
36.229.236.126 - - [14/Apr/2016:22:10:34 +0200] "CONNECT vip163mx01.mxmail.netease.com:25 HTTP/1.0" 405 358 "-" "-"
66.249.66.10 - - [14/Apr/2016:22:20:09 +0200] "GET /robots.txt HTTP/1.1" 404 327 "-" "Mozilla/5.0 (compatible; Googlebot/2.1; +http://www.google.com/bot.html)"
66.249.66.13 - - [14/Apr/2016:22:20:09 +0200] "GET / HTTP/1.1" 200 1229 "-" "Mozilla/5.0 (iPhone; CPU iPhone OS 8_3 like Mac OS X) AppleWebKit/600.1.4 (KHTML, like Gecko) Version/8.0 Mobile/12F70 Safari/600.1.4 (compatible; Googlebot/2.1; +http://www.google.com/bot.html)"
66.249.78.116 - - [14/Apr/2016:22:44:23 +0200] "GET /robots.txt HTTP/1.1" 404 325 "-" "Mozilla/5.0 (compatible; Googlebot/2.1; +http://www.google.com/bot.html)"
66.249.66.29 - - [14/Apr/2016:22:44:23 +0200] "GET / HTTP/1.1" 200 1229 "-" "Mozilla/5.0 (iPhone; CPU iPhone OS 8_3 like Mac OS X) AppleWebKit/600.1.4 (KHTML, like Gecko) Version/8.0 Mobile/12F70 Safari/600.1.4 (compatible; Googlebot/2.1; +http://www.google.com/bot.html)"
115.231.222.14 - - [14/Apr/2016:23:39:30 +0200] "GET http://zc.qq.com/cgi-bin/common/attr?id=260714&r=0.3795431645030413 HTTP/1.1" 404 320 "-" "Mozilla/5.0 (compatible; MSIE 9.0; Windows NT 6.1; Trident/5.0; 360SE)"
115.231.222.14 - - [14/Apr/2016:23:39:34 +0200] "GET http://zc.qq.com/cgi-bin/common/attr?id=260714&r=0.0955357212262450 HTTP/1.1" 404 320 "-" "Mozilla/5.0 (compatible; MSIE 9.0; Windows NT 6.1; Trident/5.0; 360SE)"
66.249.78.10 - - [15/Apr/2016:00:21:44 +0200] "GET /robots.txt HTTP/1.1" 404 318 "-" "Mozilla/5.0 (compatible; Googlebot/2.1; +http://www.google.com/bot.html)"
66.249.78.249 - - [15/Apr/2016:00:21:44 +0200] "GET / HTTP/1.1" 200 1229 "-" "Mozilla/5.0 (iPhone; CPU iPhone OS 8_3 like Mac OS X) AppleWebKit/600.1.4 (KHTML, like Gecko) Version/8.0 Mobile/12F70 Safari/600.1.4 (compatible; Googlebot/2.1; +http://www.google.com/bot.html)"
195.154.184.40 - - [15/Apr/2016:00:31:00 +0200] "GET / HTTP/1.1" 200 1229 "-" "Mozilla/5.0 (Windows NT 6.1; rv:34.0) Gecko/20100101 Firefox/34.0"
195.154.184.40 - - [15/Apr/2016:00:41:06 +0200] "GET / HTTP/1.1" 200 1229 "-" "Mozilla/5.0 (Windows NT 6.1; rv:34.0) Gecko/20100101 Firefox/34.0"
195.154.184.40 - - [15/Apr/2016:00:41:06 +0200] "GET / HTTP/1.1" 200 1229 "-" "Mozilla/5.0 (Windows NT 6.1; rv:34.0) Gecko/20100101 Firefox/34.0"
195.154.184.40 - - [15/Apr/2016:00:41:06 +0200] "GET / HTTP/1.1" 200 1229 "-" "Mozilla/5.0 (Windows NT 6.1; rv:34.0) Gecko/20100101 Firefox/34.0"
195.154.184.40 - - [15/Apr/2016:00:41:06 +0200] "GET / HTTP/1.1" 200 1229 "-" "Mozilla/5.0 (Windows NT 6.1; rv:34.0) Gecko/20100101 Firefox/34.0"
195.154.184.40 - - [15/Apr/2016:00:58:44 +0200] "GET / HTTP/1.1" 200 1229 "-" "Mozilla/5.0 (Windows NT 6.1; rv:34.0) Gecko/20100101 Firefox/34.0"
66.249.78.69 - - [15/Apr/2016:01:34:20 +0200] "GET /robots.txt HTTP/1.1" 404 323 "-" "Mozilla/5.0 (compatible; Googlebot/2.1; +http://www.google.com/bot.html)"
66.249.66.50 - - [15/Apr/2016:01:34:20 +0200] "GET / HTTP/1.1" 200 1229 "-" "Mozilla/5.0 (iPhone; CPU iPhone OS 8_3 like Mac OS X) AppleWebKit/600.1.4 (KHTML, like Gecko) Version/8.0 Mobile/12F70 Safari/600.1.4 (compatible; Googlebot/2.1; +http://www.google.com/bot.html)"
115.231.222.14 - - [15/Apr/2016:01:48:45 +0200] "GET http://zc.qq.com/cgi-bin/common/attr?id=260714&r=0.1638035160931117 HTTP/1.1" 404 320 "-" "Mozilla/5.0 (compatible; MSIE 9.0; Windows NT 6.1; Trident/5.0; 360SE)"
115.231.222.14 - - [15/Apr/2016:01:48:45 +0200] "GET http://zc.qq.com/cgi-bin/common/attr?id=260714&r=0.3399775606247731 HTTP/1.1" 404 320 "-" "Mozilla/5.0 (compatible; MSIE 9.0; Windows NT 6.1; Trident/5.0; 360SE)"
37.187.56.81 - - [15/Apr/2016:02:07:33 +0200] "GET /robots.txt HTTP/1.0" 404 333 "-" ""
37.187.56.81 - - [15/Apr/2016:02:07:33 +0200] "GET / HTTP/1.1" 206 1229 "-" "Mozilla/5.0 (X11; Ubuntu; Linux x86_64; rv:21.0) Gecko/20100101 Firefox/21.0"
212.83.144.173 - - [15/Apr/2016:03:54:32 +0200] "GET / HTTP/1.1" 200 1229 "-" "-"
212.83.144.173 - - [15/Apr/2016:03:54:33 +0200] "GET / HTTP/1.1" 200 1229 "-" "-"
212.83.144.173 - - [15/Apr/2016:03:54:33 +0200] "GET / HTTP/1.1" 200 1229 "-" "-"
212.83.144.173 - - [15/Apr/2016:03:54:33 +0200] "GET / HTTP/1.1" 200 1229 "-" "-"
212.83.144.173 - - [15/Apr/2016:03:54:33 +0200] "GET / HTTP/1.1" 200 1229 "-" "-"
212.83.144.173 - - [15/Apr/2016:03:54:33 +0200] "GET / HTTP/1.1" 200 1229 "-" "-"
212.83.144.173 - - [15/Apr/2016:03:58:47 +0200] "GET / HTTP/1.1" 200 1229 "-" "-"
212.83.144.173 - - [15/Apr/2016:03:58:47 +0200] "GET / HTTP/1.1" 200 1229 "-" "-"
212.83.144.173 - - [15/Apr/2016:03:58:47 +0200] "GET / HTTP/1.1" 200 1229 "-" "-"
212.83.144.173 - - [15/Apr/2016:03:58:47 +0200] "GET / HTTP/1.1" 200 1229 "-" "-"
115.231.222.14 - - [15/Apr/2016:08:10:12 +0200] "GET http://zc.qq.com/cgi-bin/common/attr?id=260714&r=0.0008934958425729 HTTP/1.1" 404 320 "-" "Mozilla/5.0 (compatible; MSIE 9.0; Windows NT 6.1; Trident/5.0; 360SE)"
115.231.222.14 - - [15/Apr/2016:08:10:16 +0200] "GET http://zc.qq.com/cgi-bin/common/attr?id=260714&r=0.3686615262862579 HTTP/1.1" 404 320 "-" "Mozilla/5.0 (compatible; MSIE 9.0; Windows NT 6.1; Trident/5.0; 360SE)"
120.132.50.135 - - [15/Apr/2016:08:58:13 +0200] "GET http://www.elong.com/ HTTP/1.1" 200 1229 "-" "Mozilla/5.0 (Windows NT 6.1; WOW64; rv:29.0) Gecko/20100101 Firefox/29.0"
91.65.245.212 - - [15/Apr/2016:09:00:44 +0200] "GET / HTTP/1.1" 200 1229 "-" "Mozilla/5.0 (X11; Linux x86_64; rv:6.0) Gecko/20100101 Firefox/6.0"
115.231.222.14 - - [15/Apr/2016:10:16:23 +0200] "GET http://zc.qq.com/cgi-bin/common/attr?id=260714&r=0.8450717744227678 HTTP/1.1" 404 320 "-" "Mozilla/5.0 (compatible; MSIE 9.0; Windows NT 6.1; Trident/5.0; 360SE)"
115.231.222.14 - - [15/Apr/2016:10:16:24 +0200] "GET http://zc.qq.com/cgi-bin/common/attr?id=260714&r=0.9475090139747005 HTTP/1.1" 404 320 "-" "Mozilla/5.0 (compatible; MSIE 9.0; Windows NT 6.1; Trident/5.0; 360SE)"
115.231.222.14 - - [15/Apr/2016:10:17:08 +0200] "GET http://zc.qq.com/cgi-bin/common/attr?id=260714&r=0.9316029394475515 HTTP/1.1" 404 320 "-" "Mozilla/5.0 (compatible; MSIE 9.0; Windows NT 6.1; Trident/5.0; 360SE)"
169.229.3.91 - - [15/Apr/2016:10:27:27 +0200] "\xd7\xe8]\xc7\r\x1a-\\\xd1\x1c{`(\x17\xa28&fb\x9a@\x05\x80\xb4<\xf4\x91\x8e\x01(>\x86\xd1\xbb\x8e\xaf0" 400 329 "-" "-"
185.103.252.98 - - [15/Apr/2016:11:05:00 +0200] "GET /muieblackcat HTTP/1.1" 404 317 "-" "-"
185.103.252.98 - - [15/Apr/2016:11:05:12 +0200] "GET //pma/scripts/setup.php HTTP/1.1" 404 326 "-" "-"
185.103.252.98 - - [15/Apr/2016:11:05:12 +0200] "GET //myadmin/scripts/setup.php HTTP/1.1" 404 330 "-" "-"
185.103.252.98 - - [15/Apr/2016:11:05:12 +0200] "GET //MyAdmin/scripts/setup.php HTTP/1.1" 404 330 "-" "-"
185.103.252.98 - - [15/Apr/2016:11:18:10 +0200] "GET //pma/scripts/setup.php HTTP/1.1" 404 326 "-" "-"
185.103.252.98 - - [15/Apr/2016:11:18:11 +0200] "GET //myadmin/scripts/setup.php HTTP/1.1" 404 330 "-" "-"
185.103.252.98 - - [15/Apr/2016:11:18:11 +0200] "GET //MyAdmin/scripts/setup.php HTTP/1.1" 404 330 "-" "-"
185.103.252.98 - - [15/Apr/2016:11:20:47 +0200] "GET //myadmin/scripts/setup.php HTTP/1.1" 404 330 "-" "-"
185.103.252.98 - - [15/Apr/2016:11:20:47 +0200] "GET //MyAdmin/scripts/setup.php HTTP/1.1" 404 330 "-" "-"
185.103.252.98 - - [15/Apr/2016:11:21:31 +0200] "GET /muieblackcat HTTP/1.1" 404 317 "-" "-"
185.103.252.98 - - [15/Apr/2016:11:26:03 +0200] "GET //myadmin/scripts/setup.php HTTP/1.1" 404 330 "-" "-"
185.103.252.98 - - [15/Apr/2016:11:29:51 +0200] "GET /muieblackcat HTTP/1.1" 404 317 "-" "-"
185.103.252.98 - - [15/Apr/2016:11:29:56 +0200] "GET //phpMyAdmin/scripts/setup.php HTTP/1.1" 404 333 "-" "-"
185.103.252.98 - - [15/Apr/2016:11:29:56 +0200] "GET //phpmyadmin/scripts/setup.php HTTP/1.1" 404 333 "-" "-"
185.103.252.98 - - [15/Apr/2016:11:29:57 +0200] "GET //pma/scripts/setup.php HTTP/1.1" 404 326 "-" "-"
185.103.252.98 - - [15/Apr/2016:11:29:57 +0200] "GET //myadmin/scripts/setup.php HTTP/1.1" 404 330 "-" "-"
185.103.252.98 - - [15/Apr/2016:11:29:57 +0200] "GET //MyAdmin/scripts/setup.php HTTP/1.1" 404 330 "-" "-"
169.229.3.91 - - [15/Apr/2016:11:31:52 +0200] "\xed?\"|" 501 324 "-" "-"
123.59.59.52 - - [15/Apr/2016:11:54:34 +0200] "GET http://www.mafengwo.cn/ HTTP/1.1" 200 1229 "-" "Mozilla/5.0 (Windows NT 6.1; WOW64; rv:29.0) Gecko/20100101 Firefox/29.0"
185.81.158.95 - - [15/Apr/2016:11:58:22 +0200] "GET /phpMyAdmin/scripts/setup.php HTTP/1.1" 404 333 "-" "-"
185.81.158.95 - - [15/Apr/2016:11:59:40 +0200] "GET /pma/scripts/setup.php HTTP/1.1" 404 326 "-" "-"
185.81.158.95 - - [15/Apr/2016:12:00:58 +0200] "GET /myadmin/scripts/setup.php HTTP/1.1" 404 330 "-" "-"
141.212.122.161 - - [15/Apr/2016:12:16:31 +0200] "GET / HTTP/1.1" 200 1229 "-" "Go http package"
115.231.222.14 - - [15/Apr/2016:12:22:11 +0200] "GET http://zc.qq.com/cgi-bin/common/attr?id=260714&r=0.7018979464495731 HTTP/1.1" 404 320 "-" "Mozilla/5.0 (compatible; MSIE 9.0; Windows NT 6.1; Trident/5.0; 360SE)"
115.231.222.14 - - [15/Apr/2016:12:22:15 +0200] "GET http://zc.qq.com/cgi-bin/common/attr?id=260714&r=0.5921329608393314 HTTP/1.1" 404 320 "-" "Mozilla/5.0 (compatible; MSIE 9.0; Windows NT 6.1; Trident/5.0; 360SE)"
111.248.101.112 - - [15/Apr/2016:13:04:39 +0200] "CONNECT vip163mx01.mxmail.netease.com:25 HTTP/1.0" 405 358 "-" "-"
95.110.231.235 - - [15/Apr/2016:13:22:53 +0200] "\x16\x03\x01" 501 318 "-" "-"
95.110.231.235 - - [15/Apr/2016:13:22:55 +0200] "GET / HTTP/1.0" 200 1229 "-" "-"
95.110.231.235 - - [15/Apr/2016:13:22:56 +0200] "GET / HTTP/1.1" 200 1229 "-" "Mozilla/5.0 (Macintosh; Intel Mac OS X 10_11_3) AppleWebKit/537.36 (KHTML, like Gecko) Chrome/47.0.2526.111 Safari/537.36"
95.110.231.235 - - [15/Apr/2016:13:22:57 +0200] "GET /CHANGELOG.txt HTTP/1.1" 404 318 "-" "Mozilla/5.0 (Macintosh; Intel Mac OS X 10_11_3) AppleWebKit/537.36 (KHTML, like Gecko) Chrome/47.0.2526.111 Safari/537.36"
95.110.231.235 - - [15/Apr/2016:13:22:58 +0200] "GET /joomla.xml HTTP/1.1" 404 315 "-" "Mozilla/5.0 (Windows NT 10.0; Win64; x64) AppleWebKit/537.36 (KHTML, like Gecko) Chrome/46.0.2486.0 Safari/537.36 Edge/13.10586"
95.110.231.235 - - [15/Apr/2016:13:23:00 +0200] "GET /administrator/manifests/libraries/joomla.xml HTTP/1.1" 404 349 "-" "Mozilla/5.0 (Windows NT 10.0; Win64; x64) AppleWebKit/537.36 (KHTML, like Gecko) Chrome/46.0.2486.0 Safari/537.36 Edge/13.10586"
95.110.231.235 - - [15/Apr/2016:13:23:01 +0200] "GET / HTTP/1.1" 200 1229 "-" "Mozilla/5.0 (Windows NT 6.3; WOW64) AppleWebKit/537.36 (KHTML, like Gecko) Chrome/47.0.2526.111 Safari/537.36"
95.110.231.235 - - [15/Apr/2016:13:23:02 +0200] "GET /readme.html HTTP/1.1" 404 316 "-" "Mozilla/5.0 (Windows NT 6.3; WOW64) AppleWebKit/537.36 (KHTML, like Gecko) Chrome/47.0.2526.111 Safari/537.36"
95.110.231.235 - - [15/Apr/2016:13:23:04 +0200] "GET / HTTP/1.1" 200 1229 "-" "Mozilla/5.0 (X11; Ubuntu; Linux x86_64; rv:43.0) Gecko/20100101 Firefox/43.0"
95.110.231.235 - - [15/Apr/2016:13:23:05 +0200] "GET /language/Swedish$%7BIFS%7D&&echo$%7BIFS%7Dg2k3%3EagOf&&tar$%7BIFS%7D/string.js HTTP/1.1" 404 388 "-" "Mozilla/5.0 (Macintosh; Intel Mac OS X 10_10_5) AppleWebKit/537.36 (KHTML, like Gecko) Chrome/48.0.2564.109 Safari/537.36"
95.110.231.235 - - [15/Apr/2016:13:23:06 +0200] "GET /../../../../../../../mnt/mtd/agOf HTTP/1.1" 400 333 "-" "Mozilla/5.0 (Macintosh; Intel Mac OS X 10_10_5) AppleWebKit/537.36 (KHTML, like Gecko) Chrome/48.0.2564.109 Safari/537.36"
95.110.231.235 - - [15/Apr/2016:13:23:07 +0200] "GET / HTTP/1.1" 200 1229 "-" "Mozilla/5.0 (Macintosh; Intel Mac OS X 10_11_1) AppleWebKit/601.2.7 (KHTML, like Gecko) Version/9.0.1 Safari/601.2.7"
141.212.122.161 - - [15/Apr/2016:13:31:58 +0200] "GET / HTTP/1.1" 200 1229 "-" "Go http package"
111.248.62.124 - - [15/Apr/2016:13:55:10 +0200] "CONNECT vip163mx00.mxmail.netease.com:25 HTTP/1.0" 405 358 "-" "-"
66.249.78.187 - - [15/Apr/2016:14:18:36 +0200] "GET /robots.txt HTTP/1.1" 404 334 "-" "Mozilla/5.0 (compatible; Googlebot/2.1; +http://www.google.com/bot.html)"
66.249.78.194 - - [15/Apr/2016:14:18:36 +0200] "GET / HTTP/1.1" 200 1229 "-" "Mozilla/5.0 (iPhone; CPU iPhone OS 8_3 like Mac OS X) AppleWebKit/600.1.4 (KHTML, like Gecko) Version/8.0 Mobile/12F70 Safari/600.1.4 (compatible; Googlebot/2.1; +http://www.google.com/bot.html)"
115.231.222.14 - - [15/Apr/2016:14:28:01 +0200] "GET http://zc.qq.com/cgi-bin/common/attr?id=260714&r=0.3955699959764030 HTTP/1.1" 404 320 "-" "Mozilla/5.0 (compatible; MSIE 9.0; Windows NT 6.1; Trident/5.0; 360SE)"
169.229.3.91 - - [15/Apr/2016:15:43:59 +0200] "\xa7\xb8\xf82\x17\x91\xa0\xc1\xdfF\xc3\xefXG\x07\xcd\x88\x83\xb3\xff\xdc\x96\x13y\xc8\xe0\x9d\xe0\x06\xe1\xf2Cq\xf1eN/\xbd\x9dX\x13\x8f\x83^(" 501 360 "-" "-"
115.231.222.14 - - [15/Apr/2016:16:33:36 +0200] "GET http://zc.qq.com/cgi-bin/common/attr?id=260714&r=0.5422326884953546 HTTP/1.1" 404 320 "-" "Mozilla/5.0 (compatible; MSIE 9.0; Windows NT 6.1; Trident/5.0; 360SE)"
115.231.222.14 - - [15/Apr/2016:16:33:37 +0200] "GET http://zc.qq.com/cgi-bin/common/attr?id=260714&r=0.5835331598745646 HTTP/1.1" 404 320 "-" "Mozilla/5.0 (compatible; MSIE 9.0; Windows NT 6.1; Trident/5.0; 360SE)"
157.55.39.83 - - [15/Apr/2016:16:52:10 +0200] "GET /robots.txt HTTP/1.1" 404 323 "-" "Mozilla/5.0 (compatible; bingbot/2.0; +http://www.bing.com/bingbot.htm)"
93.174.93.156 - - [15/Apr/2016:18:14:37 +0200] "GET / HTTP/1.1" 200 1229 "-" "libwww-perl/6.15"
93.174.93.156 - - [15/Apr/2016:18:14:53 +0200] "GET / HTTP/1.1" 200 1229 "-" "libwww-perl/6.15"
93.174.93.156 - - [15/Apr/2016:18:14:59 +0200] "GET / HTTP/1.1" 200 1229 "-" "libwww-perl/6.15"
93.174.93.156 - - [15/Apr/2016:18:15:08 +0200] "GET / HTTP/1.1" 200 1229 "-" "libwww-perl/6.15"
93.174.93.156 - - [15/Apr/2016:18:15:15 +0200] "GET / HTTP/1.1" 200 1229 "-" "libwww-perl/6.15"
93.174.93.156 - - [15/Apr/2016:18:16:07 +0200] "GET / HTTP/1.1" 200 1229 "-" "libwww-perl/6.15"
115.231.222.14 - - [15/Apr/2016:18:39:37 +0200] "GET http://zc.qq.com/cgi-bin/common/attr?id=260714&r=0.9130505901816535 HTTP/1.1" 404 320 "-" "Mozilla/5.0 (compatible; MSIE 9.0; Windows NT 6.1; Trident/5.0; 360SE)"
93.174.93.156 - - [15/Apr/2016:18:46:37 +0200] "GET / HTTP/1.1" 200 1229 "-" "libwww-perl/6.15"
93.174.93.156 - - [15/Apr/2016:18:48:05 +0200] "GET / HTTP/1.1" 200 1229 "-" "libwww-perl/6.15"
93.174.93.156 - - [15/Apr/2016:18:48:16 +0200] "GET / HTTP/1.1" 200 1229 "-" "libwww-perl/6.15"
93.174.93.156 - - [15/Apr/2016:19:00:43 +0200] "GET / HTTP/1.1" 200 1229 "-" "libwww-perl/6.15"
111.248.118.7 - - [15/Apr/2016:19:01:20 +0200] "CONNECT 163mx00.mxmail.netease.com:25 HTTP/1.0" 405 355 "-" "-"
69.197.163.195 - - [15/Apr/2016:20:30:13 +0200] "GET /robots.txt HTTP/1.0" 404 334 "-" "Mozilla/5.0 (compatible; MJ12bot/v1.4.5; http://www.majestic12.co.uk/bot.php?+)"
69.197.163.195 - - [15/Apr/2016:20:30:14 +0200] "GET / HTTP/1.0" 200 1229 "-" "Mozilla/5.0 (compatible; MJ12bot/v1.4.5; http://www.majestic12.co.uk/bot.php?+)"
193.92.3.66 - - [15/Apr/2016:20:40:13 +0200] "GET / HTTP/1.0" 200 1229 "-" "-"
193.92.3.66 - - [15/Apr/2016:20:41:10 +0200] "GET / HTTP/1.0" 200 1229 "-" "-"
193.92.3.66 - - [15/Apr/2016:20:45:25 +0200] "GET / HTTP/1.0" 200 1229 "-" "-"
115.231.222.14 - - [15/Apr/2016:20:45:30 +0200] "GET http://zc.qq.com/cgi-bin/common/attr?id=260714&r=0.6209052235760157 HTTP/1.1" 404 320 "-" "Mozilla/5.0 (compatible; MSIE 9.0; Windows NT 6.1; Trident/5.0; 360SE)"
115.231.222.14 - - [15/Apr/2016:20:45:36 +0200] "GET http://zc.qq.com/cgi-bin/common/attr?id=260714&r=0.0738930305953023 HTTP/1.1" 404 320 "-" "Mozilla/5.0 (compatible; MSIE 9.0; Windows NT 6.1; Trident/5.0; 360SE)"
115.231.222.14 - - [15/Apr/2016:20:45:40 +0200] "GET http://zc.qq.com/cgi-bin/common/attr?id=260714&r=0.2248846428073335 HTTP/1.1" 404 320 "-" "Mozilla/5.0 (compatible; MSIE 9.0; Windows NT 6.1; Trident/5.0; 360SE)"
193.92.3.66 - - [15/Apr/2016:20:46:55 +0200] "GET / HTTP/1.0" 200 1229 "-" "-"
193.92.3.66 - - [15/Apr/2016:20:47:54 +0200] "GET / HTTP/1.0" 200 1229 "-" "-"
193.92.3.66 - - [15/Apr/2016:20:49:03 +0200] "GET / HTTP/1.0" 200 1229 "-" "-"
193.92.3.66 - - [15/Apr/2016:20:49:51 +0200] "GET / HTTP/1.0" 200 1229 "-" "-"
193.92.3.66 - - [15/Apr/2016:20:54:07 +0200] "GET / HTTP/1.0" 200 1229 "-" "-"
193.92.3.66 - - [15/Apr/2016:20:56:24 +0200] "GET / HTTP/1.0" 200 1229 "-" "-"
193.92.3.66 - - [15/Apr/2016:20:56:51 +0200] "GET / HTTP/1.0" 200 1229 "-" "-"
157.55.39.83 - - [15/Apr/2016:21:14:31 +0200] "GET / HTTP/1.1" 200 1229 "-" "Mozilla/5.0 (compatible; bingbot/2.0; +http://www.bing.com/bingbot.htm)"
46.4.123.172 - - [15/Apr/2016:21:23:32 +0200] "GET /robots.txt HTTP/1.0" 404 323 "-" "Mozilla/5.0 (compatible; MJ12bot/v1.4.5; http://www.majestic12.co.uk/bot.php?+)"
46.4.123.172 - - [15/Apr/2016:21:23:33 +0200] "GET /index.html HTTP/1.0" 200 1229 "-" "Mozilla/5.0 (compatible; MJ12bot/v1.4.5; http://www.majestic12.co.uk/bot.php?+)"
213.239.205.207 - - [15/Apr/2016:21:34:29 +0200] "GET /robots.txt HTTP/1.0" 404 323 "-" "Mozilla/5.0 (compatible; MJ12bot/v1.4.5; http://www.majestic12.co.uk/bot.php?+)"
213.239.205.207 - - [15/Apr/2016:21:34:30 +0200] "GET / HTTP/1.0" 200 1229 "-" "Mozilla/5.0 (compatible; MJ12bot/v1.4.5; http://www.majestic12.co.uk/bot.php?+)"
66.249.78.69 - - [15/Apr/2016:22:40:09 +0200] "GET /robots.txt HTTP/1.1" 404 323 "-" "Mozilla/5.0 (compatible; Googlebot/2.1; +http://www.google.com/bot.html)"
66.249.78.62 - - [15/Apr/2016:22:40:09 +0200] "GET /service-frankfurt.html HTTP/1.1" 404 335 "-" "Mozilla/5.0 (compatible; Googlebot/2.1; +http://www.google.com/bot.html)"
115.231.222.14 - - [15/Apr/2016:22:51:26 +0200] "GET http://zc.qq.com/cgi-bin/common/attr?id=260714&r=0.1601670890167404 HTTP/1.1" 404 320 "-" "Mozilla/5.0 (compatible; MSIE 9.0; Windows NT 6.1; Trident/5.0; 360SE)"
101.201.147.32 - - [15/Apr/2016:22:53:45 +0200] "GET /bbs/qalist.do HTTP/1.1" 400 329 "-" "-"
128.232.110.28 - - [15/Apr/2016:22:57:52 +0200] "GET / HTTP/1.1" 200 1229 "-" "Go http package"
