69.30.202.229 - - [18/Apr/2016:13:17:03 +0200] "GET / HTTP/1.1" 200 1229 "-" "Mozilla/4.0 (compatible; MSIE 8.0; Windows NT 6.1; Trident/4.0; SLCC2; .NET CLR 2.0.50727; .NET CLR 3.5.30729; .NET CLR 3.0.30729; Media Center PC 6.0)"
107.150.32.60 - - [18/Apr/2016:13:26:33 +0200] "GET / HTTP/1.1" 200 1229 "-" "Mozilla/4.0 (compatible; MSIE 8.0; Windows NT 6.1; Trident/4.0; SLCC2; .NET CLR 2.0.50727; .NET CLR 3.5.30729; .NET CLR 3.0.30729; Media Center PC 6.0)"
107.150.46.34 - - [18/Apr/2016:14:17:27 +0200] "GET / HTTP/1.1" 200 1229 "-" "Mozilla/4.0 (compatible; MSIE 8.0; Windows NT 6.1; Trident/4.0; SLCC2; .NET CLR 2.0.50727; .NET CLR 3.5.30729; .NET CLR 3.0.30729; Media Center PC 6.0)"
115.231.222.14 - - [18/Apr/2016:14:20:02 +0200] "GET http://zc.qq.com/cgi-bin/common/attr?id=260714&r=0.7536635029268726 HTTP/1.1" 404 320 "-" "Mozilla/5.0 (compatible; MSIE 9.0; Windows NT 6.1; Trident/5.0; 360SE)"
107.150.32.58 - - [18/Apr/2016:14:34:53 +0200] "GET / HTTP/1.1" 200 1229 "-" "Mozilla/4.0 (compatible; MSIE 8.0; Windows NT 6.1; Trident/4.0; SLCC2; .NET CLR 2.0.50727; .NET CLR 3.5.30729; .NET CLR 3.0.30729; Media Center PC 6.0)"
185.103.252.5 - - [18/Apr/2016:14:52:16 +0200] "GET / HTTP/1.1" 200 1229 "-" "-"
74.91.23.109 - - [18/Apr/2016:15:41:45 +0200] "GET / HTTP/1.1" 200 1229 "-" "Mozilla/4.0 (compatible; MSIE 8.0; Windows NT 6.1; Trident/4.0; SLCC2; .NET CLR 2.0.50727; .NET CLR 3.5.30729; .NET CLR 3.0.30729; Media Center PC 6.0)"
169.229.3.91 - - [18/Apr/2016:15:56:58 +0200] "<\x85\xbe>\xc3zA\xc1" 501 329 "-" "-"
107.150.46.37 - - [18/Apr/2016:16:15:54 +0200] "GET / HTTP/1.1" 200 1229 "-" "Mozilla/4.0 (compatible; MSIE 8.0; Windows NT 6.1; Trident/4.0; SLCC2; .NET CLR 2.0.50727; .NET CLR 3.5.30729; .NET CLR 3.0.30729; Media Center PC 6.0)"
208.100.26.231 - - [18/Apr/2016:16:19:18 +0200] "GET / HTTP/1.0" 200 1229 "-" "-"
208.100.26.232 - - [18/Apr/2016:16:19:22 +0200] "GET / HTTP/1.0" 200 1229 "-" "-"
208.100.26.230 - - [18/Apr/2016:16:19:47 +0200] "GET / HTTP/1.0" 200 1229 "-" "-"
208.100.26.230 - - [18/Apr/2016:16:20:14 +0200] "HEAD / HTTP/1.1" 200 - "-" "Mozilla/5.0 (compatible; Nmap Scripting Engine; http://nmap.org/book/nse.html)"
208.100.26.231 - - [18/Apr/2016:16:20:41 +0200] "HEAD / HTTP/1.1" 200 - "-" "Mozilla/5.0 (compatible; Nmap Scripting Engine; http://nmap.org/book/nse.html)"
208.100.26.232 - - [18/Apr/2016:16:20:56 +0200] "HEAD / HTTP/1.1" 200 - "-" "Mozilla/5.0 (compatible; Nmap Scripting Engine; http://nmap.org/book/nse.html)"
169.229.3.91 - - [18/Apr/2016:16:23:31 +0200] "\xad\x19\b" 501 318 "-" "-"
69.30.226.218 - - [18/Apr/2016:16:26:17 +0200] "GET / HTTP/1.1" 200 1229 "-" "Mozilla/4.0 (compatible; MSIE 8.0; Windows NT 6.1; Trident/4.0; SLCC2; .NET CLR 2.0.50727; .NET CLR 3.5.30729; .NET CLR 3.0.30729; Media Center PC 6.0)"
115.231.222.14 - - [18/Apr/2016:16:28:48 +0200] "GET http://zc.qq.com/cgi-bin/common/attr?id=260714&r=0.0175693592010186 HTTP/1.1" 404 320 "-" "Mozilla/5.0 (compatible; MSIE 9.0; Windows NT 6.1; Trident/5.0; 360SE)"
115.231.222.14 - - [18/Apr/2016:16:28:49 +0200] "GET http://zc.qq.com/cgi-bin/common/attr?id=260714&r=0.1062566164546524 HTTP/1.1" 404 320 "-" "Mozilla/5.0 (compatible; MSIE 9.0; Windows NT 6.1; Trident/5.0; 360SE)"
208.100.26.230 - - [18/Apr/2016:16:31:06 +0200] "GET / HTTP/1.0" 200 1229 "-" "-"
208.100.26.229 - - [18/Apr/2016:16:31:27 +0200] "GET / HTTP/1.0" 200 1229 "-" "-"
208.100.26.229 - - [18/Apr/2016:16:31:30 +0200] "HEAD / HTTP/1.1" 200 - "-" "Mozilla/5.0 (compatible; Nmap Scripting Engine; http://nmap.org/book/nse.html)"
208.100.26.231 - - [18/Apr/2016:16:32:16 +0200] "GET / HTTP/1.0" 200 1229 "-" "-"
208.100.26.230 - - [18/Apr/2016:16:32:46 +0200] "HEAD / HTTP/1.1" 200 - "-" "Mozilla/5.0 (compatible; Nmap Scripting Engine; http://nmap.org/book/nse.html)"
208.100.26.231 - - [18/Apr/2016:16:33:28 +0200] "HEAD / HTTP/1.1" 200 - "-" "Mozilla/5.0 (compatible; Nmap Scripting Engine; http://nmap.org/book/nse.html)"
208.100.26.232 - - [18/Apr/2016:16:37:28 +0200] "GET / HTTP/1.0" 200 1229 "-" "-"
208.100.26.229 - - [18/Apr/2016:16:37:43 +0200] "GET / HTTP/1.0" 200 1229 "-" "-"
208.100.26.232 - - [18/Apr/2016:16:39:34 +0200] "HEAD / HTTP/1.1" 200 - "-" "Mozilla/5.0 (compatible; Nmap Scripting Engine; http://nmap.org/book/nse.html)"
208.100.26.229 - - [18/Apr/2016:16:39:55 +0200] "HEAD / HTTP/1.1" 200 - "-" "Mozilla/5.0 (compatible; Nmap Scripting Engine; http://nmap.org/book/nse.html)"
74.91.23.109 - - [18/Apr/2016:16:42:38 +0200] "GET / HTTP/1.1" 200 1229 "-" "Mozilla/4.0 (compatible; MSIE 8.0; Windows NT 6.1; Trident/4.0; SLCC2; .NET CLR 2.0.50727; .NET CLR 3.5.30729; .NET CLR 3.0.30729; Media Center PC 6.0)"
74.91.18.43 - - [18/Apr/2016:16:45:10 +0200] "GET / HTTP/1.1" 200 1229 "-" "Mozilla/4.0 (compatible; MSIE 8.0; Windows NT 6.1; Trident/4.0; SLCC2; .NET CLR 2.0.50727; .NET CLR 3.5.30729; .NET CLR 3.0.30729; Media Center PC 6.0)"
69.30.202.230 - - [18/Apr/2016:16:54:08 +0200] "GET / HTTP/1.1" 200 1229 "-" "Mozilla/4.0 (compatible; MSIE 8.0; Windows NT 6.1; Trident/4.0; SLCC2; .NET CLR 2.0.50727; .NET CLR 3.5.30729; .NET CLR 3.0.30729; Media Center PC 6.0)"
169.229.3.91 - - [18/Apr/2016:16:59:49 +0200] "E\x0e\xba\xa3\xba\xf1E\\\x1ctG\x8b\xad(\x07\xf0\x12\xb3\xcc\x16\x03Q\x01\xccf\x98Go\x8a@\xd8\xb94-\x86\x84RW" 501 353 "-" "-"
69.197.185.21 - - [18/Apr/2016:17:04:25 +0200] "GET / HTTP/1.1" 200 1229 "-" "Mozilla/4.0 (compatible; MSIE 8.0; Windows NT 6.1; Trident/4.0; SLCC2; .NET CLR 2.0.50727; .NET CLR 3.5.30729; .NET CLR 3.0.30729; Media Center PC 6.0)"
69.30.202.228 - - [18/Apr/2016:17:19:12 +0200] "GET / HTTP/1.1" 200 1229 "-" "Mozilla/4.0 (compatible; MSIE 8.0; Windows NT 6.1; Trident/4.0; SLCC2; .NET CLR 2.0.50727; .NET CLR 3.5.30729; .NET CLR 3.0.30729; Media Center PC 6.0)"
69.30.198.148 - - [18/Apr/2016:17:21:25 +0200] "GET / HTTP/1.1" 200 1229 "-" "Mozilla/4.0 (compatible; MSIE 8.0; Windows NT 6.1; Trident/4.0; SLCC2; .NET CLR 2.0.50727; .NET CLR 3.5.30729; .NET CLR 3.0.30729; Media Center PC 6.0)"
208.100.26.232 - - [18/Apr/2016:17:23:22 +0200] "GET / HTTP/1.0" 200 1229 "-" "-"
208.100.26.230 - - [18/Apr/2016:17:24:53 +0200] "GET / HTTP/1.0" 200 1229 "-" "-"
208.100.26.232 - - [18/Apr/2016:17:25:32 +0200] "HEAD / HTTP/1.1" 200 - "-" "Mozilla/5.0 (compatible; Nmap Scripting Engine; http://nmap.org/book/nse.html)"
208.100.26.230 - - [18/Apr/2016:17:26:35 +0200] "HEAD / HTTP/1.1" 200 - "-" "Mozilla/5.0 (compatible; Nmap Scripting Engine; http://nmap.org/book/nse.html)"
74.91.18.43 - - [18/Apr/2016:17:28:10 +0200] "GET / HTTP/1.1" 200 1229 "-" "Mozilla/4.0 (compatible; MSIE 8.0; Windows NT 6.1; Trident/4.0; SLCC2; .NET CLR 2.0.50727; .NET CLR 3.5.30729; .NET CLR 3.0.30729; Media Center PC 6.0)"
69.30.202.118 - - [18/Apr/2016:17:38:51 +0200] "GET / HTTP/1.1" 200 1229 "-" "Mozilla/4.0 (compatible; MSIE 8.0; Windows NT 6.1; Trident/4.0; SLCC2; .NET CLR 2.0.50727; .NET CLR 3.5.30729; .NET CLR 3.0.30729; Media Center PC 6.0)"
74.91.17.182 - - [18/Apr/2016:17:40:38 +0200] "GET / HTTP/1.1" 200 1229 "-" "Mozilla/4.0 (compatible; MSIE 8.0; Windows NT 6.1; Trident/4.0; SLCC2; .NET CLR 2.0.50727; .NET CLR 3.5.30729; .NET CLR 3.0.30729; Media Center PC 6.0)"
74.91.17.182 - - [18/Apr/2016:17:42:33 +0200] "GET / HTTP/1.1" 200 1229 "-" "Mozilla/4.0 (compatible; MSIE 8.0; Windows NT 6.1; Trident/4.0; SLCC2; .NET CLR 2.0.50727; .NET CLR 3.5.30729; .NET CLR 3.0.30729; Media Center PC 6.0)"
173.208.197.254 - - [18/Apr/2016:18:04:48 +0200] "GET / HTTP/1.1" 200 1229 "-" "Mozilla/4.0 (compatible; MSIE 8.0; Windows NT 6.1; Trident/4.0; SLCC2; .NET CLR 2.0.50727; .NET CLR 3.5.30729; .NET CLR 3.0.30729; Media Center PC 6.0)"
185.103.252.5 - - [18/Apr/2016:18:25:34 +0200] "GET / HTTP/1.1" 200 1229 "-" "-"
69.30.226.101 - - [18/Apr/2016:18:32:34 +0200] "GET / HTTP/1.1" 200 1229 "-" "Mozilla/4.0 (compatible; MSIE 8.0; Windows NT 6.1; Trident/4.0; SLCC2; .NET CLR 2.0.50727; .NET CLR 3.5.30729; .NET CLR 3.0.30729; Media Center PC 6.0)"
115.231.222.14 - - [18/Apr/2016:18:38:45 +0200] "GET http://zc.qq.com/cgi-bin/common/attr?id=260714&r=0.4297093443028224 HTTP/1.1" 404 320 "-" "Mozilla/5.0 (compatible; MSIE 9.0; Windows NT 6.1; Trident/5.0; 360SE)"
115.231.222.14 - - [18/Apr/2016:18:38:45 +0200] "GET http://zc.qq.com/cgi-bin/common/attr?id=260714&r=0.3285241917246594 HTTP/1.1" 404 320 "-" "Mozilla/5.0 (compatible; MSIE 9.0; Windows NT 6.1; Trident/5.0; 360SE)"
169.229.3.91 - - [18/Apr/2016:19:47:11 +0200] "\xf5\x93\xf5Z" 501 319 "-" "-"
89.163.145.224 - - [18/Apr/2016:20:26:43 +0200] "HEAD /robots.txt HTTP/1.0" 404 - "-" "-"
89.163.145.224 - - [18/Apr/2016:20:26:43 +0200] "HEAD /robots.txt HTTP/1.0" 404 - "-" "-"
89.163.145.224 - - [18/Apr/2016:20:26:43 +0200] "HEAD /robots.txt HTTP/1.0" 404 - "-" "-"
89.163.145.224 - - [18/Apr/2016:20:26:43 +0200] "HEAD /robots.txt HTTP/1.0" 404 - "-" "-"
89.163.145.224 - - [18/Apr/2016:20:26:43 +0200] "HEAD /robots.txt HTTP/1.0" 404 - "-" "-"
89.163.145.224 - - [18/Apr/2016:20:26:43 +0200] "HEAD /robots.txt HTTP/1.0" 404 - "-" "-"
89.163.145.224 - - [18/Apr/2016:20:26:43 +0200] "HEAD /robots.txt HTTP/1.0" 404 - "-" "-"
89.163.145.224 - - [18/Apr/2016:20:26:43 +0200] "HEAD /robots.txt HTTP/1.0" 404 - "-" "-"
89.163.145.224 - - [18/Apr/2016:20:26:43 +0200] "HEAD /robots.txt HTTP/1.0" 404 - "-" "-"
89.163.145.224 - - [18/Apr/2016:20:26:43 +0200] "HEAD /robots.txt HTTP/1.0" 404 - "-" "-"
59.46.12.208 - - [18/Apr/2016:20:30:01 +0200] "POST /index.action HTTP/1.1" 404 317 "-" "Mozilla/5.0"
59.46.12.208 - - [18/Apr/2016:20:30:02 +0200] "POST /index.action HTTP/1.1" 404 317 "-" "Mozilla/5.0"
59.46.12.208 - - [18/Apr/2016:20:30:04 +0200] "POST /index.action HTTP/1.1" 404 317 "-" "Mozilla/5.0"
59.46.12.208 - - [18/Apr/2016:20:30:04 +0200] "POST /index.action HTTP/1.1" 404 317 "-" "Mozilla/5.0"
59.46.12.208 - - [18/Apr/2016:20:30:04 +0200] "POST /index.action HTTP/1.1" 404 317 "-" "Mozilla/5.0"
59.46.12.208 - - [18/Apr/2016:20:30:05 +0200] "POST /index.action HTTP/1.1" 404 317 "-" "Mozilla/5.0"
59.46.12.208 - - [18/Apr/2016:20:30:07 +0200] "POST /index.action HTTP/1.1" 404 317 "-" "Mozilla/5.0"
115.231.222.14 - - [18/Apr/2016:20:48:12 +0200] "GET http://zc.qq.com/cgi-bin/common/attr?id=260714&r=0.1735752286627178 HTTP/1.1" 404 320 "-" "Mozilla/5.0 (compatible; MSIE 9.0; Windows NT 6.1; Trident/5.0; 360SE)"
115.231.222.14 - - [18/Apr/2016:20:48:12 +0200] "GET http://zc.qq.com/cgi-bin/common/attr?id=260714&r=0.8150487836469337 HTTP/1.1" 404 320 "-" "Mozilla/5.0 (compatible; MSIE 9.0; Windows NT 6.1; Trident/5.0; 360SE)"
157.55.39.59 - - [18/Apr/2016:20:58:11 +0200] "GET /service-bochum.html HTTP/1.1" 404 332 "-" "Mozilla/5.0 (compatible; bingbot/2.0; +http://www.bing.com/bingbot.htm)"
157.55.39.59 - - [18/Apr/2016:21:06:41 +0200] "GET /service-bochum.html HTTP/1.1" 404 332 "-" "Mozilla/5.0 (compatible; bingbot/2.0; +http://www.bing.com/bingbot.htm)"
185.103.252.5 - - [18/Apr/2016:21:21:11 +0200] "GET / HTTP/1.1" 200 1229 "-" "-"
52.38.192.53 - - [18/Apr/2016:22:40:01 +0200] "GET / HTTP/1.1" 200 1229 "-" "WWW-Mechanize/1.73"
36.229.81.30 - - [18/Apr/2016:22:51:14 +0200] "CONNECT 163mx02.mxmail.netease.com:25 HTTP/1.0" 405 355 "-" "-"
115.231.222.14 - - [18/Apr/2016:22:57:27 +0200] "GET http://zc.qq.com/cgi-bin/common/attr?id=260714&r=0.1841995371892639 HTTP/1.1" 404 320 "-" "Mozilla/5.0 (compatible; MSIE 9.0; Windows NT 6.1; Trident/5.0; 360SE)"
114.113.234.62 - - [18/Apr/2016:23:01:20 +0200] "GET /phpMyAdmin/scripts/setup.php HTTP/1.1" 404 333 "-" "-"
114.113.234.62 - - [18/Apr/2016:23:01:30 +0200] "GET /pma/scripts/setup.php HTTP/1.1" 404 326 "-" "-"
114.113.234.62 - - [18/Apr/2016:23:01:41 +0200] "GET /myadmin/scripts/setup.php HTTP/1.1" 404 330 "-" "-"
157.55.39.236 - - [18/Apr/2016:23:30:20 +0200] "GET /index.html HTTP/1.1" 200 1229 "-" "Mozilla/5.0 (iPhone; CPU iPhone OS 7_0 like Mac OS X) AppleWebKit/537.51.1 (KHTML, like Gecko) Version/7.0 Mobile/11A465 Safari/9537.53 (compatible; bingbot/2.0; +http://www.bing.com/bingbot.htm)"
157.55.39.236 - - [18/Apr/2016:23:30:24 +0200] "GET /robots.txt HTTP/1.1" 404 323 "-" "Mozilla/5.0 (compatible; bingbot/2.0; +http://www.bing.com/bingbot.htm)"
123.59.59.52 - - [19/Apr/2016:00:37:22 +0200] "GET http://www.mafengwo.cn/ HTTP/1.1" 200 1229 "-" "Mozilla/5.0 (Windows NT 6.1; WOW64; rv:29.0) Gecko/20100101 Firefox/29.0"
61.231.1.227 - - [19/Apr/2016:00:49:09 +0200] "CONNECT 163mx01.mxmail.netease.com:25 HTTP/1.0" 405 355 "-" "-"
71.6.165.200 - - [19/Apr/2016:01:13:17 +0200] "GET / HTTP/1.1" 200 1229 "-" "-"
71.6.165.200 - - [19/Apr/2016:01:13:18 +0200] "GET /robots.txt HTTP/1.1" 404 315 "-" "-"
71.6.165.200 - - [19/Apr/2016:01:13:18 +0200] "GET /sitemap.xml HTTP/1.1" 404 316 "-" "-"
111.248.62.210 - - [19/Apr/2016:02:19:40 +0200] "CONNECT vip163mx00.mxmail.netease.com:25 HTTP/1.0" 405 358 "-" "-"
190.66.10.152 - - [19/Apr/2016:02:22:00 +0200] "GET /phpMyAdmin/scripts/setup.php HTTP/1.1" 404 333 "-" "-"
190.66.10.152 - - [19/Apr/2016:02:22:10 +0200] "GET /pma/scripts/setup.php HTTP/1.1" 404 326 "-" "-"
190.66.10.152 - - [19/Apr/2016:02:22:20 +0200] "GET /myadmin/scripts/setup.php HTTP/1.1" 404 330 "-" "-"
115.231.222.14 - - [19/Apr/2016:03:16:01 +0200] "GET http://zc.qq.com/cgi-bin/common/attr?id=260714&r=0.5892288413976007 HTTP/1.1" 404 320 "-" "Mozilla/5.0 (compatible; MSIE 9.0; Windows NT 6.1; Trident/5.0; 360SE)"
115.231.222.14 - - [19/Apr/2016:03:16:01 +0200] "GET http://zc.qq.com/cgi-bin/common/attr?id=260714&r=0.4436452222546427 HTTP/1.1" 404 320 "-" "Mozilla/5.0 (compatible; MSIE 9.0; Windows NT 6.1; Trident/5.0; 360SE)"
66.249.78.10 - - [19/Apr/2016:03:24:02 +0200] "GET /robots.txt HTTP/1.1" 404 318 "-" "Mozilla/5.0 (compatible; Googlebot/2.1; +http://www.google.com/bot.html)"
66.249.78.249 - - [19/Apr/2016:03:24:02 +0200] "GET / HTTP/1.1" 200 1229 "-" "Mozilla/5.0 (compatible; Googlebot/2.1; +http://www.google.com/bot.html)"
66.249.78.234 - - [19/Apr/2016:03:33:00 +0200] "GET /robots.txt HTTP/1.1" 404 327 "-" "Mozilla/5.0 (compatible; Googlebot/2.1; +http://www.google.com/bot.html)"
66.249.78.240 - - [19/Apr/2016:03:33:00 +0200] "GET / HTTP/1.1" 200 1229 "-" "Mozilla/5.0 (compatible; Googlebot/2.1; +http://www.google.com/bot.html)"
66.249.78.230 - - [19/Apr/2016:04:29:00 +0200] "GET /robots.txt HTTP/1.1" 404 334 "-" "Mozilla/5.0 (compatible; Googlebot/2.1; +http://www.google.com/bot.html)"
66.249.78.230 - - [19/Apr/2016:04:29:00 +0200] "GET / HTTP/1.1" 200 1229 "-" "Mozilla/5.0 (compatible; Googlebot/2.1; +http://www.google.com/bot.html)"
202.112.51.96 - - [19/Apr/2016:04:33:58 +0200] "GET / HTTP/1.1" 200 1229 "-" "-"
202.112.51.96 - - [19/Apr/2016:04:38:23 +0200] "GET / HTTP/1.1" 200 1229 "-" "-"
202.112.51.96 - - [19/Apr/2016:04:49:17 +0200] "GET / HTTP/1.1" 200 1229 "-" "-"
202.112.51.96 - - [19/Apr/2016:04:50:08 +0200] "GET / HTTP/1.1" 200 1229 "-" "-"
202.112.51.96 - - [19/Apr/2016:04:53:38 +0200] "GET / HTTP/1.1" 200 1229 "-" "-"
202.112.51.96 - - [19/Apr/2016:04:54:20 +0200] "GET / HTTP/1.1" 200 1229 "-" "-"
202.112.51.96 - - [19/Apr/2016:04:58:44 +0200] "GET / HTTP/1.1" 200 1229 "-" "-"
59.46.12.201 - - [19/Apr/2016:04:59:11 +0200] "POST /login.action HTTP/1.1" 404 317 "-" "Mozilla/5.0"
59.46.12.201 - - [19/Apr/2016:04:59:12 +0200] "POST /login.action HTTP/1.1" 404 317 "-" "Mozilla/5.0"
59.46.12.201 - - [19/Apr/2016:04:59:13 +0200] "POST /login.action HTTP/1.1" 404 317 "-" "Mozilla/5.0"
59.46.12.201 - - [19/Apr/2016:04:59:14 +0200] "POST /login.action HTTP/1.1" 404 317 "-" "Mozilla/5.0"
59.46.12.201 - - [19/Apr/2016:04:59:14 +0200] "POST /login.action HTTP/1.1" 404 317 "-" "Mozilla/5.0"
59.46.12.201 - - [19/Apr/2016:04:59:16 +0200] "POST /login.action HTTP/1.1" 404 317 "-" "Mozilla/5.0"
59.46.12.201 - - [19/Apr/2016:04:59:14 +0200] "POST /login.action HTTP/1.1" 404 317 "-" "Mozilla/5.0"
202.112.51.96 - - [19/Apr/2016:05:10:18 +0200] "GET / HTTP/1.1" 200 1229 "-" "-"
115.231.222.14 - - [19/Apr/2016:05:24:47 +0200] "GET http://zc.qq.com/cgi-bin/common/attr?id=260714&r=0.1911224225293850 HTTP/1.1" 404 320 "-" "Mozilla/5.0 (compatible; MSIE 9.0; Windows NT 6.1; Trident/5.0; 360SE)"
202.112.51.96 - - [19/Apr/2016:05:29:28 +0200] "GET / HTTP/1.1" 200 1229 "-" "-"
120.132.50.135 - - [19/Apr/2016:05:39:14 +0200] "GET http://www.elong.com/ HTTP/1.1" 200 1229 "-" "Mozilla/5.0 (Windows NT 6.1; WOW64; rv:29.0) Gecko/20100101 Firefox/29.0"
120.132.50.135 - - [19/Apr/2016:05:39:22 +0200] "GET http://www.ctrip.com/ HTTP/1.1" 200 1229 "-" "Mozilla/5.0 (Windows NT 6.1; WOW64; rv:29.0) Gecko/20100101 Firefox/29.0"
66.249.78.199 - - [19/Apr/2016:06:20:11 +0200] "GET /robots.txt HTTP/1.1" 404 333 "-" "Mozilla/5.0 (compatible; Googlebot/2.1; +http://www.google.com/bot.html)"
66.249.78.199 - - [19/Apr/2016:06:20:11 +0200] "GET / HTTP/1.1" 200 1229 "-" "Mozilla/5.0 (compatible; Googlebot/2.1; +http://www.google.com/bot.html)"
66.249.78.215 - - [19/Apr/2016:07:33:41 +0200] "GET / HTTP/1.1" 200 1229 "-" "Mozilla/5.0 (Linux; Android 6.0.1; Nexus 5X Build/MMB29P) AppleWebKit/537.36 (KHTML, like Gecko) Chrome/41.0.2272.96 Mobile Safari/537.36 (compatible; Googlebot/2.1; +http://www.google.com/bot.html)"
115.231.222.14 - - [19/Apr/2016:07:35:22 +0200] "GET http://zc.qq.com/cgi-bin/common/attr?id=260714&r=0.2554766301632486 HTTP/1.1" 404 320 "-" "Mozilla/5.0 (compatible; MSIE 9.0; Windows NT 6.1; Trident/5.0; 360SE)"
115.231.222.14 - - [19/Apr/2016:07:35:25 +0200] "GET http://zc.qq.com/cgi-bin/common/attr?id=260714&r=0.9516795483233277 HTTP/1.1" 404 320 "-" "Mozilla/5.0 (compatible; MSIE 9.0; Windows NT 6.1; Trident/5.0; 360SE)"
120.132.50.135 - - [19/Apr/2016:07:50:17 +0200] "GET http://www.qunar.com/ HTTP/1.1" 200 1229 "-" "Mozilla/5.0 (Windows NT 6.1; WOW64; rv:29.0) Gecko/20100101 Firefox/29.0"
59.46.12.213 - - [19/Apr/2016:08:31:02 +0200] "POST / HTTP/1.1" 200 1229 "-" "Mozilla/5.0"
59.46.12.213 - - [19/Apr/2016:08:31:03 +0200] "POST / HTTP/1.1" 200 1229 "-" "Mozilla/5.0"
59.46.12.213 - - [19/Apr/2016:08:31:04 +0200] "POST / HTTP/1.1" 200 1229 "-" "Mozilla/5.0"
59.46.12.213 - - [19/Apr/2016:08:31:06 +0200] "POST / HTTP/1.1" 200 1229 "-" "Mozilla/5.0"
59.46.12.213 - - [19/Apr/2016:08:31:06 +0200] "POST / HTTP/1.1" 200 1229 "-" "Mozilla/5.0"
59.46.12.213 - - [19/Apr/2016:08:31:07 +0200] "POST / HTTP/1.1" 200 1229 "-" "Mozilla/5.0"
59.46.12.213 - - [19/Apr/2016:08:31:07 +0200] "POST / HTTP/1.1" 200 1229 "-" "Mozilla/5.0"
59.46.12.213 - - [19/Apr/2016:08:31:08 +0200] "POST / HTTP/1.1" 200 1229 "-" "Mozilla/5.0"
111.248.99.25 - - [19/Apr/2016:08:54:01 +0200] "CONNECT vip163mx01.mxmail.netease.com:25 HTTP/1.0" 405 358 "-" "-"
54.157.10.203 - - [19/Apr/2016:09:17:13 +0200] "GET / HTTP/1.1" 200 1229 "-" "Mozilla/5.0 (Windows NT 6.1; WOW64; rv:28.0) Gecko/20100101 Firefox/28.0"
115.231.222.14 - - [19/Apr/2016:09:45:40 +0200] "GET http://zc.qq.com/cgi-bin/common/attr?id=260714&r=0.3252343307489832 HTTP/1.1" 404 320 "-" "Mozilla/5.0 (compatible; MSIE 9.0; Windows NT 6.1; Trident/5.0; 360SE)"
115.231.222.14 - - [19/Apr/2016:09:45:44 +0200] "GET http://zc.qq.com/cgi-bin/common/attr?id=260714&r=0.8523940958103962 HTTP/1.1" 404 320 "-" "Mozilla/5.0 (compatible; MSIE 9.0; Windows NT 6.1; Trident/5.0; 360SE)"
185.103.252.98 - - [19/Apr/2016:10:21:22 +0200] "GET //myadmin/scripts/setup.php HTTP/1.1" 404 330 "-" "-"
185.103.252.98 - - [19/Apr/2016:10:21:22 +0200] "GET //MyAdmin/scripts/setup.php HTTP/1.1" 404 330 "-" "-"
185.103.252.98 - - [19/Apr/2016:10:24:35 +0200] "GET //phpmyadmin/scripts/setup.php HTTP/1.1" 404 333 "-" "-"
185.103.252.98 - - [19/Apr/2016:10:24:39 +0200] "GET //myadmin/scripts/setup.php HTTP/1.1" 404 330 "-" "-"
66.249.78.69 - - [19/Apr/2016:10:40:02 +0200] "GET /robots.txt HTTP/1.1" 404 323 "-" "Mozilla/5.0 (compatible; Googlebot/2.1; +http://www.google.com/bot.html)"
66.249.78.69 - - [19/Apr/2016:10:40:03 +0200] "GET /service-frankfurt.html HTTP/1.1" 404 335 "-" "Mozilla/5.0 (compatible; Googlebot/2.1; +http://www.google.com/bot.html)"
80.82.78.38 - - [19/Apr/2016:10:41:43 +0200] "GET http://www.baidu.com/cache/global/img/gs.gif HTTP/1.1" 404 328 "-" "Mozilla"
169.229.3.91 - - [19/Apr/2016:10:42:17 +0200] "\xfdN\xaf\xfd\x89\b1\xc0\x1c\xf1|\x80\x02\xb1P\x02.\xdf\xcf\xcb\xd9\xac\x94\xf3\xc44f\b\xbb\x1c\xbf\xca\x9d^\xfb\xfb\xf2\xad" 501 353 "-" "-"
80.82.78.38 - - [19/Apr/2016:10:44:56 +0200] "GET http://www.baidu.com/cache/global/img/gs.gif HTTP/1.1" 404 328 "-" "Mozilla"
80.82.78.38 - - [19/Apr/2016:10:46:29 +0200] "GET http://www.baidu.com/cache/global/img/gs.gif HTTP/1.1" 404 328 "-" "Mozilla"
80.82.78.38 - - [19/Apr/2016:10:47:31 +0200] "GET http://www.baidu.com/cache/global/img/gs.gif HTTP/1.1" 404 328 "-" "Mozilla"
14.29.84.252 - - [19/Apr/2016:11:57:24 +0200] "GET /manager/html HTTP/1.1" 404 317 "-" "Mozilla/3.0 (compatible; Indy Library)"
14.29.84.252 - - [19/Apr/2016:11:57:28 +0200] "GET /manager/html HTTP/1.1" 404 317 "-" "Mozilla/3.0 (compatible; Indy Library)"
169.229.3.91 - - [19/Apr/2016:12:18:19 +0200] "\x88\x98\xc4\xab\x1c\xd97\xee\x9e2b\x9ewg;T\xb5\xcc\xee\xef\xfc" 501 336 "-" "-"
111.248.102.219 - - [19/Apr/2016:12:46:14 +0200] "CONNECT vip163mx00.mxmail.netease.com:25 HTTP/1.0" 405 358 "-" "-"
212.108.212.239 - - [19/Apr/2016:12:47:24 +0200] "GET / HTTP/1.1" 200 1229 "-" "Mozilla/5.0 (X11; Linux x86_64) AppleWebKit/537.36 (KHTML, like Gecko) Chrome/28.0.1500.71 Safari/537.36"
212.108.212.239 - - [19/Apr/2016:12:47:30 +0200] "HEAD / HTTP/1.1" 200 - "-" "curl/7.35.0"
123.59.59.52 - - [19/Apr/2016:12:48:33 +0200] "GET http://www.mafengwo.cn/ HTTP/1.1" 200 1229 "-" "Mozilla/5.0 (Windows NT 6.1; WOW64; rv:29.0) Gecko/20100101 Firefox/29.0"
115.231.222.14 - - [19/Apr/2016:12:51:17 +0200] "GET http://zc.qq.com/cgi-bin/common/attr?id=260714&r=0.8051246406577492 HTTP/1.1" 404 320 "-" "Mozilla/5.0 (compatible; MSIE 9.0; Windows NT 6.1; Trident/5.0; 360SE)"
84.201.153.7 - - [19/Apr/2016:13:18:38 +0200] "GET /robots.txt HTTP/1.1" 404 318 "-" "Mozilla/5.0 (compatible; YandexBot/3.0; +http://yandex.com/bots)"
111.248.96.241 - - [19/Apr/2016:13:27:01 +0200] "CONNECT vip163mx01.mxmail.netease.com:25 HTTP/1.0" 405 358 "-" "-"
111.248.96.241 - - [19/Apr/2016:13:27:14 +0200] "CONNECT vip163mx01.mxmail.netease.com:25 HTTP/1.0" 405 358 "-" "-"
207.46.13.16 - - [19/Apr/2016:13:28:07 +0200] "GET /robots.txt HTTP/1.1" 404 328 "-" "Mozilla/5.0 (compatible; bingbot/2.0; +http://www.bing.com/bingbot.htm)"
88.151.140.210 - - [19/Apr/2016:13:40:43 +0200] "GET / HTTP/1.1" 200 1229 "-" "curl/7.38.0"
207.46.228.208 - - [19/Apr/2016:13:59:10 +0200] "GET / HTTP/1.1" 200 1229 "-" "-"
207.46.228.208 - - [19/Apr/2016:13:59:11 +0200] "OPTIONS / HTTP/1.1" 200 - "-" "-"
207.46.228.208 - - [19/Apr/2016:13:59:11 +0200] "GET /Robots.txt HTTP/1.1" 404 315 "-" "-"
207.46.228.208 - - [19/Apr/2016:13:59:12 +0200] "GET /SiteMap.xml HTTP/1.1" 404 316 "-" "-"
207.46.228.208 - - [19/Apr/2016:13:59:13 +0200] "POST / HTTP/1.1" 200 1229 "-" "-"
104.128.144.131 - - [19/Apr/2016:14:06:57 +0200] "GET / HTTP/1.0" 200 1229 "-" "www.probethenet.com scanner"
104.128.144.131 - - [19/Apr/2016:14:06:57 +0200] "HEAD /redirect.php HTTP/1.0" 404 - "-" "www.probethenet.com scanner"
115.231.222.14 - - [19/Apr/2016:14:57:08 +0200] "GET http://zc.qq.com/cgi-bin/common/attr?id=260714&r=0.0960017037554296 HTTP/1.1" 404 320 "-" "Mozilla/5.0 (compatible; MSIE 9.0; Windows NT 6.1; Trident/5.0; 360SE)"
115.231.222.14 - - [19/Apr/2016:14:57:08 +0200] "GET http://zc.qq.com/cgi-bin/common/attr?id=260714&r=0.6035231567945387 HTTP/1.1" 404 320 "-" "Mozilla/5.0 (compatible; MSIE 9.0; Windows NT 6.1; Trident/5.0; 360SE)"
115.231.222.14 - - [19/Apr/2016:14:57:08 +0200] "GET http://zc.qq.com/cgi-bin/common/attr?id=260714&r=0.8461042483187693 HTTP/1.1" 404 320 "-" "Mozilla/5.0 (compatible; MSIE 9.0; Windows NT 6.1; Trident/5.0; 360SE)"
115.231.222.14 - - [19/Apr/2016:14:57:09 +0200] "GET http://zc.qq.com/cgi-bin/common/attr?id=260714&r=0.3860121379408897 HTTP/1.1" 404 320 "-" "Mozilla/5.0 (compatible; MSIE 9.0; Windows NT 6.1; Trident/5.0; 360SE)"
104.128.144.131 - - [19/Apr/2016:15:17:57 +0200] "GET / HTTP/1.0" 200 1229 "-" "www.probethenet.com scanner"
104.128.144.131 - - [19/Apr/2016:15:17:58 +0200] "HEAD /redirect.php HTTP/1.0" 404 - "-" "www.probethenet.com scanner"
169.229.3.91 - - [19/Apr/2016:15:24:36 +0200] "\xd21\xd5\xec^\xbb\r\xac\xc7q\x93\x06-\xce*\x13m\xd0I\x82.N*!#\xd2\b\xd5U" 400 329 "-" "-"
111.248.102.219 - - [19/Apr/2016:15:24:38 +0200] "CONNECT vip163mx00.mxmail.netease.com:25 HTTP/1.0" 405 358 "-" "-"
141.212.122.161 - - [19/Apr/2016:16:39:11 +0200] "GET / HTTP/1.1" 200 1229 "-" "Go http package"
115.231.222.14 - - [19/Apr/2016:17:03:16 +0200] "GET http://zc.qq.com/cgi-bin/common/attr?id=260714&r=0.8814467144879912 HTTP/1.1" 404 320 "-" "Mozilla/5.0 (compatible; MSIE 9.0; Windows NT 6.1; Trident/5.0; 360SE)"
115.231.222.14 - - [19/Apr/2016:17:03:16 +0200] "GET http://zc.qq.com/cgi-bin/common/attr?id=260714&r=0.8463228792254936 HTTP/1.1" 404 320 "-" "Mozilla/5.0 (compatible; MSIE 9.0; Windows NT 6.1; Trident/5.0; 360SE)"
104.128.144.131 - - [19/Apr/2016:18:21:21 +0200] "GET / HTTP/1.0" 200 1229 "-" "www.probethenet.com scanner"
104.128.144.131 - - [19/Apr/2016:18:21:21 +0200] "HEAD /redirect.php HTTP/1.0" 404 - "-" "www.probethenet.com scanner"
104.128.144.131 - - [19/Apr/2016:18:26:08 +0200] "GET / HTTP/1.0" 200 1229 "-" "www.probethenet.com scanner"
104.128.144.131 - - [19/Apr/2016:18:26:08 +0200] "HEAD /redirect.php HTTP/1.0" 404 - "-" "www.probethenet.com scanner"
115.231.222.14 - - [19/Apr/2016:19:09:20 +0200] "GET http://zc.qq.com/cgi-bin/common/attr?id=260714&r=0.5500122398776855 HTTP/1.1" 404 320 "-" "Mozilla/5.0 (compatible; MSIE 9.0; Windows NT 6.1; Trident/5.0; 360SE)"
141.212.122.161 - - [19/Apr/2016:19:10:15 +0200] "GET / HTTP/1.1" 200 1229 "-" "Go http package"
141.212.122.161 - - [19/Apr/2016:19:22:03 +0200] "GET / HTTP/1.1" 200 1229 "-" "Go http package"
194.153.113.35 - - [19/Apr/2016:19:36:41 +0200] "GET /robots.txt HTTP/1.1" 404 315 "-" "Mozilla/5.0 (compatible; oBot/2.3.1; http://filterdb.iss.net/crawler/)"
194.153.113.35 - - [19/Apr/2016:19:36:41 +0200] "HEAD / HTTP/1.1" 200 - "-" "Mozilla/5.0 (compatible; oBot/2.3.1; http://filterdb.iss.net/crawler/)"
80.82.78.38 - - [19/Apr/2016:19:58:41 +0200] "GET http://www.baidu.com/cache/global/img/gs.gif HTTP/1.1" 404 328 "-" "Mozilla"
80.82.78.38 - - [19/Apr/2016:19:59:43 +0200] "GET http://www.baidu.com/cache/global/img/gs.gif HTTP/1.1" 404 328 "-" "Mozilla"
80.82.78.38 - - [19/Apr/2016:19:59:55 +0200] "GET http://www.baidu.com/cache/global/img/gs.gif HTTP/1.1" 404 328 "-" "Mozilla"
80.82.78.38 - - [19/Apr/2016:20:00:51 +0200] "GET http://www.baidu.com/cache/global/img/gs.gif HTTP/1.1" 404 328 "-" "Mozilla"
80.82.78.38 - - [19/Apr/2016:20:03:18 +0200] "GET http://www.baidu.com/cache/global/img/gs.gif HTTP/1.1" 404 328 "-" "Mozilla"
80.82.78.38 - - [19/Apr/2016:20:03:19 +0200] "GET http://www.baidu.com/cache/global/img/gs.gif HTTP/1.1" 404 328 "-" "Mozilla"
206.253.224.14 - - [19/Apr/2016:20:44:22 +0200] "GET /robots.txt HTTP/1.1" 404 315 "-" "Mozilla/5.0 (compatible; oBot/2.3.1; http://filterdb.iss.net/crawler/)"
206.253.224.14 - - [19/Apr/2016:20:44:22 +0200] "HEAD / HTTP/1.1" 200 - "-" "Mozilla/5.0 (compatible; oBot/2.3.1; http://filterdb.iss.net/crawler/)"
82.193.127.15 - - [19/Apr/2016:21:11:44 +0200] "GET /robots.txt HTTP/1.0" 404 334 "-" "Mozilla/5.0 (compatible; MJ12bot/v1.4.5; http://www.majestic12.co.uk/bot.php?+)"
82.193.127.15 - - [19/Apr/2016:21:11:45 +0200] "GET / HTTP/1.1" 200 1229 "-" "Mozilla/5.0 (compatible; MJ12bot/v1.4.5; http://www.majestic12.co.uk/bot.php?+)"
115.231.222.14 - - [19/Apr/2016:21:15:04 +0200] "GET http://zc.qq.com/cgi-bin/common/attr?id=260714&r=0.2281121976319792 HTTP/1.1" 404 320 "-" "Mozilla/5.0 (compatible; MSIE 9.0; Windows NT 6.1; Trident/5.0; 360SE)"
115.231.222.14 - - [19/Apr/2016:21:15:05 +0200] "GET http://zc.qq.com/cgi-bin/common/attr?id=260714&r=0.6900632385408409 HTTP/1.1" 404 320 "-" "Mozilla/5.0 (compatible; MSIE 9.0; Windows NT 6.1; Trident/5.0; 360SE)"
141.212.122.161 - - [19/Apr/2016:22:07:31 +0200] "GET / HTTP/1.1" 200 1229 "-" "Go http package"
194.153.113.35 - - [19/Apr/2016:22:15:52 +0200] "GET /robots.txt HTTP/1.1" 404 315 "-" "Mozilla/5.0 (compatible; oBot/2.3.1; http://filterdb.iss.net/crawler/)"
194.153.113.35 - - [19/Apr/2016:22:15:52 +0200] "HEAD / HTTP/1.1" 200 - "-" "Mozilla/5.0 (compatible; oBot/2.3.1; http://filterdb.iss.net/crawler/)"
61.231.7.101 - - [19/Apr/2016:22:19:26 +0200] "CONNECT vip163mx01.mxmail.netease.com:25 HTTP/1.0" 405 358 "-" "-"
61.231.7.101 - - [19/Apr/2016:22:19:27 +0200] "CONNECT vip163mx01.mxmail.netease.com:25 HTTP/1.0" 405 358 "-" "-"
61.231.7.101 - - [19/Apr/2016:22:19:30 +0200] "CONNECT vip163mx01.mxmail.netease.com:25 HTTP/1.0" 405 358 "-" "-"
61.231.7.101 - - [19/Apr/2016:22:19:31 +0200] "CONNECT vip163mx01.mxmail.netease.com:25 HTTP/1.0" 405 358 "-" "-"
61.231.7.101 - - [19/Apr/2016:22:19:35 +0200] "CONNECT vip163mx01.mxmail.netease.com:25 HTTP/1.0" 405 358 "-" "-"
61.231.7.101 - - [19/Apr/2016:22:19:37 +0200] "CONNECT vip163mx01.mxmail.netease.com:25 HTTP/1.0" 405 358 "-" "-"
61.231.7.101 - - [19/Apr/2016:22:19:37 +0200] "CONNECT vip163mx01.mxmail.netease.com:25 HTTP/1.0" 405 358 "-" "-"
61.231.7.101 - - [19/Apr/2016:22:19:40 +0200] "CONNECT vip163mx01.mxmail.netease.com:25 HTTP/1.0" 405 358 "-" "-"
61.231.7.101 - - [19/Apr/2016:22:19:41 +0200] "CONNECT vip163mx01.mxmail.netease.com:25 HTTP/1.0" 405 358 "-" "-"
61.231.7.101 - - [19/Apr/2016:22:19:44 +0200] "CONNECT vip163mx01.mxmail.netease.com:25 HTTP/1.0" 405 358 "-" "-"
106.184.3.122 - - [19/Apr/2016:22:36:07 +0200] "GET / HTTP/1.1" 200 1229 "-" "Mozilla/4.0 (compatible; MSIE 4.01; Windows 98)"
36.226.246.72 - - [19/Apr/2016:23:03:21 +0200] "CONNECT vip163mx00.mxmail.netease.com:25 HTTP/1.0" 405 358 "-" "-"
115.231.222.14 - - [19/Apr/2016:23:20:44 +0200] "GET http://zc.qq.com/cgi-bin/common/attr?id=260714&r=0.0004137569489187 HTTP/1.1" 404 320 "-" "Mozilla/5.0 (compatible; MSIE 9.0; Windows NT 6.1; Trident/5.0; 360SE)"
115.231.222.14 - - [19/Apr/2016:23:20:44 +0200] "GET http://zc.qq.com/cgi-bin/common/attr?id=260714&r=0.8810112706194815 HTTP/1.1" 404 320 "-" "Mozilla/5.0 (compatible; MSIE 9.0; Windows NT 6.1; Trident/5.0; 360SE)"
91.121.221.15 - - [19/Apr/2016:23:28:04 +0200] "GET /robots.txt HTTP/1.0" 404 323 "-" "Mozilla/5.0 (compatible; MJ12bot/v1.4.5; http://www.majestic12.co.uk/bot.php?+)"
91.121.221.15 - - [19/Apr/2016:23:28:05 +0200] "GET / HTTP/1.0" 200 1229 "-" "Mozilla/5.0 (compatible; MJ12bot/v1.4.5; http://www.majestic12.co.uk/bot.php?+)"
104.128.144.131 - - [20/Apr/2016:00:12:01 +0200] "GET / HTTP/1.0" 200 1229 "-" "www.probethenet.com scanner"
104.128.144.131 - - [20/Apr/2016:00:12:02 +0200] "HEAD /redirect.php HTTP/1.0" 404 - "-" "www.probethenet.com scanner"
106.184.3.122 - - [20/Apr/2016:00:32:32 +0200] "" 501 315 "-" "-"
157.55.39.177 - - [20/Apr/2016:00:37:42 +0200] "GET /service-pankow.html HTTP/1.1" 404 332 "-" "Mozilla/5.0 (compatible; bingbot/2.0; +http://www.bing.com/bingbot.htm)"
178.63.13.15 - - [20/Apr/2016:01:04:50 +0200] "GET /robots.txt HTTP/1.0" 404 323 "-" "Mozilla/5.0 (compatible; MJ12bot/v1.4.5; http://www.majestic12.co.uk/bot.php?+)"
178.63.13.15 - - [20/Apr/2016:01:04:52 +0200] "GET /index.html HTTP/1.0" 200 1229 "-" "Mozilla/5.0 (compatible; MJ12bot/v1.4.5; http://www.majestic12.co.uk/bot.php?+)"
109.65.196.166 - - [20/Apr/2016:01:17:57 +0200] "GET / HTTP/1.0" 200 1229 "-" "masscan/1.0 (https://github.com/robertdavidgraham/masscan)"
109.65.196.166 - - [20/Apr/2016:01:18:03 +0200] "GET / HTTP/1.0" 200 1229 "-" "masscan/1.0 (https://github.com/robertdavidgraham/masscan)"
109.65.196.166 - - [20/Apr/2016:01:18:24 +0200] "GET / HTTP/1.0" 200 1229 "-" "masscan/1.0 (https://github.com/robertdavidgraham/masscan)"
109.65.196.166 - - [20/Apr/2016:01:19:02 +0200] "GET / HTTP/1.0" 200 1229 "-" "masscan/1.0 (https://github.com/robertdavidgraham/masscan)"
109.65.196.166 - - [20/Apr/2016:01:19:10 +0200] "GET / HTTP/1.0" 200 1229 "-" "masscan/1.0 (https://github.com/robertdavidgraham/masscan)"
115.231.222.14 - - [20/Apr/2016:01:26:23 +0200] "GET http://zc.qq.com/cgi-bin/common/attr?id=260714&r=0.2175424829189221 HTTP/1.1" 404 320 "-" "Mozilla/5.0 (compatible; MSIE 9.0; Windows NT 6.1; Trident/5.0; 360SE)"
115.231.222.14 - - [20/Apr/2016:01:26:27 +0200] "GET http://zc.qq.com/cgi-bin/common/attr?id=260714&r=0.4295963564245666 HTTP/1.1" 404 320 "-" "Mozilla/5.0 (compatible; MSIE 9.0; Windows NT 6.1; Trident/5.0; 360SE)"
92.236.71.145 - - [20/Apr/2016:01:42:09 +0200] "GET /robots.txt HTTP/1.0" 404 323 "-" "Mozilla/5.0 (compatible; MJ12bot/v1.4.5; http://www.majestic12.co.uk/bot.php?+)"
92.236.71.145 - - [20/Apr/2016:01:42:10 +0200] "GET /index.html HTTP/1.0" 200 1229 "-" "Mozilla/5.0 (compatible; MJ12bot/v1.4.5; http://www.majestic12.co.uk/bot.php?+)"
5.9.85.4 - - [20/Apr/2016:01:54:30 +0200] "GET /robots.txt HTTP/1.0" 404 327 "-" "Mozilla/5.0 (compatible; MJ12bot/v1.4.5; http://www.majestic12.co.uk/bot.php?+)"
5.9.85.4 - - [20/Apr/2016:01:54:31 +0200] "GET / HTTP/1.0" 200 1229 "-" "Mozilla/5.0 (compatible; MJ12bot/v1.4.5; http://www.majestic12.co.uk/bot.php?+)"
104.128.144.131 - - [20/Apr/2016:03:07:43 +0200] "GET / HTTP/1.0" 200 1229 "-" "www.probethenet.com scanner"
104.128.144.131 - - [20/Apr/2016:03:07:44 +0200] "HEAD /redirect.php HTTP/1.0" 404 - "-" "www.probethenet.com scanner"
115.231.222.14 - - [20/Apr/2016:03:32:15 +0200] "GET http://zc.qq.com/cgi-bin/common/attr?id=260714&r=0.5660673592073429 HTTP/1.1" 404 320 "-" "Mozilla/5.0 (compatible; MSIE 9.0; Windows NT 6.1; Trident/5.0; 360SE)"
115.231.222.14 - - [20/Apr/2016:03:32:18 +0200] "GET http://zc.qq.com/cgi-bin/common/attr?id=260714&r=0.9308009514918875 HTTP/1.1" 404 320 "-" "Mozilla/5.0 (compatible; MSIE 9.0; Windows NT 6.1; Trident/5.0; 360SE)"
141.212.122.161 - - [20/Apr/2016:04:22:35 +0200] "GET / HTTP/1.1" 200 1229 "-" "Go http package"
85.25.211.229 - - [20/Apr/2016:05:02:11 +0200] "GET / HTTP/1.1" 200 1229 "-" "Mozilla/5.0 (compatible; MSIE 10.0; Windows NT 6.2; WOW64; Trident/6.0)"
120.132.50.135 - - [20/Apr/2016:05:29:45 +0200] "GET http://www.qunar.com/ HTTP/1.1" 200 1229 "-" "Mozilla/5.0 (Windows NT 6.1; WOW64; rv:29.0) Gecko/20100101 Firefox/29.0"
115.231.222.14 - - [20/Apr/2016:05:38:00 +0200] "GET http://zc.qq.com/cgi-bin/common/attr?id=260714&r=0.9308514717517661 HTTP/1.1" 404 320 "-" "Mozilla/5.0 (compatible; MSIE 9.0; Windows NT 6.1; Trident/5.0; 360SE)"
115.231.222.14 - - [20/Apr/2016:05:38:01 +0200] "GET http://zc.qq.com/cgi-bin/common/attr?id=260714&r=0.4348030793573327 HTTP/1.1" 404 320 "-" "Mozilla/5.0 (compatible; MSIE 9.0; Windows NT 6.1; Trident/5.0; 360SE)"
115.231.222.14 - - [20/Apr/2016:05:38:01 +0200] "GET http://zc.qq.com/cgi-bin/common/attr?id=260714&r=0.6842017911472231 HTTP/1.1" 404 320 "-" "Mozilla/5.0 (compatible; MSIE 9.0; Windows NT 6.1; Trident/5.0; 360SE)"
64.246.187.42 - - [20/Apr/2016:05:45:02 +0200] "GET /robots.txt HTTP/1.0" 404 328 "-" "Mozilla/5.0 (Windows; U; Windows NT 5.1; en; rv:1.9.0.13) Gecko/2009073022 Firefox/3.5.2 (.NET CLR 3.5.30729) SurveyBot/2.3 (DomainTools)"
64.246.187.42 - - [20/Apr/2016:05:45:02 +0200] "GET / HTTP/1.1" 200 1229 "http://whois.domaintools.com/aufzugs-hebetechnik.de" "Mozilla/5.0 (Windows; U; Windows NT 5.1; en; rv:1.9.0.13) Gecko/2009073022 Firefox/3.5.2 (.NET CLR 3.5.30729) SurveyBot/2.3 (DomainTools)"
173.195.176.19 - - [20/Apr/2016:05:55:59 +0200] "GET /manager/html HTTP/1.1" 404 317 "-" "Mozilla/4.0 (compatible; MSIE 8.0; Windows NT 5.2; Trident/4.0; .NET CLR 1.1.4322; .NET4.0C; .NET4.0E; .NET CLR 2.0.50727; .NET CLR 3.0.4506.2152; .NET CLR 3.5.30729)"
173.195.176.19 - - [20/Apr/2016:05:55:59 +0200] "GET /manager/html HTTP/1.1" 404 317 "-" "Mozilla/4.0 (compatible; MSIE 8.0; Windows NT 5.2; Trident/4.0; .NET CLR 1.1.4322; .NET4.0C; .NET4.0E; .NET CLR 2.0.50727; .NET CLR 3.0.4506.2152; .NET CLR 3.5.30729)"
173.195.176.19 - - [20/Apr/2016:05:56:00 +0200] "GET /manager/html HTTP/1.1" 404 317 "-" "Mozilla/4.0 (compatible; MSIE 8.0; Windows NT 5.2; Trident/4.0; .NET CLR 1.1.4322; .NET4.0C; .NET4.0E; .NET CLR 2.0.50727; .NET CLR 3.0.4506.2152; .NET CLR 3.5.30729)"
173.195.176.19 - - [20/Apr/2016:05:56:00 +0200] "GET /manager/html HTTP/1.1" 404 317 "-" "Mozilla/4.0 (compatible; MSIE 8.0; Windows NT 5.2; Trident/4.0; .NET CLR 1.1.4322; .NET4.0C; .NET4.0E; .NET CLR 2.0.50727; .NET CLR 3.0.4506.2152; .NET CLR 3.5.30729)"
173.195.176.19 - - [20/Apr/2016:05:56:00 +0200] "GET /manager/html HTTP/1.1" 404 317 "-" "Mozilla/4.0 (compatible; MSIE 8.0; Windows NT 5.2; Trident/4.0; .NET CLR 1.1.4322; .NET4.0C; .NET4.0E; .NET CLR 2.0.50727; .NET CLR 3.0.4506.2152; .NET CLR 3.5.30729)"
173.195.176.19 - - [20/Apr/2016:05:56:00 +0200] "GET /manager/html HTTP/1.1" 404 317 "-" "Mozilla/4.0 (compatible; MSIE 8.0; Windows NT 5.2; Trident/4.0; .NET CLR 1.1.4322; .NET4.0C; .NET4.0E; .NET CLR 2.0.50727; .NET CLR 3.0.4506.2152; .NET CLR 3.5.30729)"
173.195.176.19 - - [20/Apr/2016:05:56:01 +0200] "GET /manager/html HTTP/1.1" 404 317 "-" "Mozilla/4.0 (compatible; MSIE 8.0; Windows NT 5.2; Trident/4.0; .NET CLR 1.1.4322; .NET4.0C; .NET4.0E; .NET CLR 2.0.50727; .NET CLR 3.0.4506.2152; .NET CLR 3.5.30729)"
173.195.176.19 - - [20/Apr/2016:05:56:01 +0200] "GET /manager/html HTTP/1.1" 404 317 "-" "Mozilla/4.0 (compatible; MSIE 8.0; Windows NT 5.2; Trident/4.0; .NET CLR 1.1.4322; .NET4.0C; .NET4.0E; .NET CLR 2.0.50727; .NET CLR 3.0.4506.2152; .NET CLR 3.5.30729)"
173.195.176.19 - - [20/Apr/2016:05:56:01 +0200] "GET /manager/html HTTP/1.1" 404 317 "-" "Mozilla/4.0 (compatible; MSIE 8.0; Windows NT 5.2; Trident/4.0; .NET CLR 1.1.4322; .NET4.0C; .NET4.0E; .NET CLR 2.0.50727; .NET CLR 3.0.4506.2152; .NET CLR 3.5.30729)"
173.195.176.19 - - [20/Apr/2016:05:56:02 +0200] "GET /manager/html HTTP/1.1" 404 317 "-" "Mozilla/4.0 (compatible; MSIE 8.0; Windows NT 5.2; Trident/4.0; .NET CLR 1.1.4322; .NET4.0C; .NET4.0E; .NET CLR 2.0.50727; .NET CLR 3.0.4506.2152; .NET CLR 3.5.30729)"
104.128.144.131 - - [20/Apr/2016:06:46:06 +0200] "GET / HTTP/1.0" 200 1229 "-" "www.probethenet.com scanner"
104.128.144.131 - - [20/Apr/2016:06:46:06 +0200] "HEAD /redirect.php HTTP/1.0" 404 - "-" "www.probethenet.com scanner"
141.212.122.161 - - [20/Apr/2016:06:51:28 +0200] "GET / HTTP/1.1" 200 1229 "-" "Go http package"
82.80.249.211 - - [20/Apr/2016:07:30:28 +0200] "GET / HTTP/1.1" 200 1229 "-" "Mozilla/5.0 (Windows NT 6.1; rv:25.0) Gecko/20100101 Firefox/25.0"
82.80.230.228 - - [20/Apr/2016:07:30:29 +0200] "GET / HTTP/1.1" 200 1229 "-" "Mozilla/5.0 (Macintosh; Intel Mac OS X 10_6_8) AppleWebKit/534.59.10 (KHTML, like Gecko) Version/5.1.9 Safari/534.59.10"
115.231.222.14 - - [20/Apr/2016:07:43:47 +0200] "GET http://zc.qq.com/cgi-bin/common/attr?id=260714&r=0.7709554078756064 HTTP/1.1" 404 320 "-" "Mozilla/5.0 (compatible; MSIE 9.0; Windows NT 6.1; Trident/5.0; 360SE)"
115.231.222.14 - - [20/Apr/2016:07:43:48 +0200] "GET http://zc.qq.com/cgi-bin/common/attr?id=260714&r=0.7493561552126867 HTTP/1.1" 404 320 "-" "Mozilla/5.0 (compatible; MSIE 9.0; Windows NT 6.1; Trident/5.0; 360SE)"
119.9.25.204 - - [20/Apr/2016:08:20:15 +0200] "GET /zecmd/zecmd.jsp?comment=id HTTP/1.0" 404 316 "-" "-"
119.9.25.204 - - [20/Apr/2016:08:20:15 +0200] "GET /zecmd/zecmd.jsp?comment=id HTTP/1.0" 404 316 "-" "-"
119.9.25.204 - - [20/Apr/2016:08:20:15 +0200] "GET /zecmd/zecmd.jsp?comment=id HTTP/1.0" 404 316 "-" "-"
119.9.25.204 - - [20/Apr/2016:08:20:15 +0200] "GET /zecmd/zecmd.jsp?comment=id HTTP/1.0" 404 316 "-" "-"
119.9.25.204 - - [20/Apr/2016:08:20:15 +0200] "GET /zecmd/zecmd.jsp?comment=id HTTP/1.0" 404 316 "-" "-"
119.9.25.204 - - [20/Apr/2016:08:20:15 +0200] "GET /zecmd/zecmd.jsp?comment=id HTTP/1.0" 404 316 "-" "-"
119.9.25.204 - - [20/Apr/2016:08:20:15 +0200] "GET /zecmd/zecmd.jsp?comment=id HTTP/1.0" 404 316 "-" "-"
119.9.25.204 - - [20/Apr/2016:08:20:15 +0200] "GET /zecmd/zecmd.jsp?comment=id HTTP/1.0" 404 316 "-" "-"
119.9.25.204 - - [20/Apr/2016:08:20:15 +0200] "GET /zecmd/zecmd.jsp?comment=id HTTP/1.0" 404 316 "-" "-"
119.9.25.204 - - [20/Apr/2016:08:20:15 +0200] "GET /zecmd/zecmd.jsp?comment=id HTTP/1.0" 404 316 "-" "-"
104.128.144.131 - - [20/Apr/2016:08:47:44 +0200] "GET / HTTP/1.0" 200 1229 "-" "www.probethenet.com scanner"
104.128.144.131 - - [20/Apr/2016:08:47:45 +0200] "HEAD /redirect.php HTTP/1.0" 404 - "-" "www.probethenet.com scanner"
66.249.65.142 - - [20/Apr/2016:09:23:33 +0200] "GET /robots.txt HTTP/1.1" 404 328 "-" "Mozilla/5.0 (compatible; Googlebot/2.1; +http://www.google.com/bot.html)"
66.249.65.142 - - [20/Apr/2016:09:23:33 +0200] "GET / HTTP/1.1" 200 1229 "-" "Mozilla/5.0 (compatible; Googlebot/2.1; +http://www.google.com/bot.html)"
64.246.165.180 - - [20/Apr/2016:09:27:01 +0200] "GET /robots.txt HTTP/1.0" 404 332 "-" "Mozilla/5.0 (Windows; U; Windows NT 5.1; en; rv:1.9.0.13) Gecko/2009073022 Firefox/3.5.2 (.NET CLR 3.5.30729) SurveyBot/2.3 (DomainTools)"
64.246.165.180 - - [20/Apr/2016:09:27:01 +0200] "GET / HTTP/1.1" 200 1229 "http://whois.domaintools.com/bauaufzuege-hebetechnik.de" "Mozilla/5.0 (Windows; U; Windows NT 5.1; en; rv:1.9.0.13) Gecko/2009073022 Firefox/3.5.2 (.NET CLR 3.5.30729) SurveyBot/2.3 (DomainTools)"
111.248.99.5 - - [20/Apr/2016:09:43:03 +0200] "CONNECT 126mx01.mxmail.netease.com:25 HTTP/1.0" 405 355 "-" "-"
115.231.222.14 - - [20/Apr/2016:09:52:59 +0200] "GET http://zc.qq.com/cgi-bin/common/attr?id=260714&r=0.7016358243107811 HTTP/1.1" 404 320 "-" "Mozilla/5.0 (compatible; MSIE 9.0; Windows NT 6.1; Trident/5.0; 360SE)"
115.231.222.14 - - [20/Apr/2016:09:53:00 +0200] "GET http://zc.qq.com/cgi-bin/common/attr?id=260714&r=0.4122918847922961 HTTP/1.1" 404 320 "-" "Mozilla/5.0 (compatible; MSIE 9.0; Windows NT 6.1; Trident/5.0; 360SE)"
115.231.222.14 - - [20/Apr/2016:09:53:20 +0200] "GET http://zc.qq.com/cgi-bin/common/attr?id=260714&r=0.1381233802669523 HTTP/1.1" 404 320 "-" "Mozilla/5.0 (compatible; MSIE 9.0; Windows NT 6.1; Trident/5.0; 360SE)"
40.77.167.14 - - [20/Apr/2016:10:12:17 +0200] "GET /dienstkleidung-image-to-wear.html HTTP/1.1" 404 346 "-" "Mozilla/5.0 (compatible; bingbot/2.0; +http://www.bing.com/bingbot.htm)"
82.220.38.188 - - [20/Apr/2016:10:56:40 +0200] "GET /zecmd/zecmd.jsp?comment=id HTTP/1.0" 404 316 "-" "-"
82.220.38.188 - - [20/Apr/2016:10:56:40 +0200] "GET /zecmd/zecmd.jsp?comment=id HTTP/1.0" 404 316 "-" "-"
82.220.38.188 - - [20/Apr/2016:10:56:40 +0200] "GET /zecmd/zecmd.jsp?comment=id HTTP/1.0" 404 316 "-" "-"
82.220.38.188 - - [20/Apr/2016:10:56:40 +0200] "GET /zecmd/zecmd.jsp?comment=id HTTP/1.0" 404 316 "-" "-"
82.220.38.188 - - [20/Apr/2016:10:56:40 +0200] "GET /zecmd/zecmd.jsp?comment=id HTTP/1.0" 404 316 "-" "-"
82.220.38.188 - - [20/Apr/2016:10:56:40 +0200] "GET /zecmd/zecmd.jsp?comment=id HTTP/1.0" 404 316 "-" "-"
82.220.38.188 - - [20/Apr/2016:10:56:40 +0200] "GET /zecmd/zecmd.jsp?comment=id HTTP/1.0" 404 316 "-" "-"
82.220.38.188 - - [20/Apr/2016:10:56:40 +0200] "GET /zecmd/zecmd.jsp?comment=id HTTP/1.0" 404 316 "-" "-"
82.220.38.188 - - [20/Apr/2016:10:56:40 +0200] "GET /zecmd/zecmd.jsp?comment=id HTTP/1.0" 404 316 "-" "-"
82.220.38.188 - - [20/Apr/2016:10:56:40 +0200] "GET /zecmd/zecmd.jsp?comment=id HTTP/1.0" 404 316 "-" "-"
66.249.65.149 - - [20/Apr/2016:10:58:32 +0200] "GET / HTTP/1.1" 200 1229 "-" "Mozilla/5.0 (compatible; Googlebot/2.1; +http://www.google.com/bot.html)"
111.248.101.134 - - [20/Apr/2016:11:33:47 +0200] "CONNECT vip163mx00.mxmail.netease.com:25 HTTP/1.0" 405 358 "-" "-"
115.231.222.14 - - [20/Apr/2016:12:01:05 +0200] "GET http://zc.qq.com/cgi-bin/common/attr?id=260714&r=0.4359092310614542 HTTP/1.1" 404 320 "-" "Mozilla/5.0 (compatible; MSIE 9.0; Windows NT 6.1; Trident/5.0; 360SE)"
115.231.222.14 - - [20/Apr/2016:12:01:05 +0200] "GET http://zc.qq.com/cgi-bin/common/attr?id=260714&r=0.4655557327968980 HTTP/1.1" 404 320 "-" "Mozilla/5.0 (compatible; MSIE 9.0; Windows NT 6.1; Trident/5.0; 360SE)"
115.231.222.14 - - [20/Apr/2016:12:01:05 +0200] "GET http://zc.qq.com/cgi-bin/common/attr?id=260714&r=0.8069216466113491 HTTP/1.1" 404 320 "-" "Mozilla/5.0 (compatible; MSIE 9.0; Windows NT 6.1; Trident/5.0; 360SE)"
104.148.71.133 - - [20/Apr/2016:12:16:44 +0200] "GET http://www.mesregies.com/azz.php HTTP/1.0" 404 316 "-" "Mozilla/5.0 (compatible; MSIE 6.0; Windows NT 5.1; Trident/5.0)"
104.148.71.133 - - [20/Apr/2016:12:16:44 +0200] "GET http://proxyjudge.us/ HTTP/1.0" 200 1229 "-" "Mozilla/5.0 (compatible; MSIE 6.0; Windows NT 5.1; Trident/5.0)"
104.148.71.133 - - [20/Apr/2016:12:16:45 +0200] "GET http://www.proxyjudge.biz/ HTTP/1.0" 200 1229 "-" "Mozilla/5.0 (compatible; MSIE 6.0; Windows NT 5.1; Trident/5.0)"
104.148.71.133 - - [20/Apr/2016:12:16:45 +0200] "GET http://www.mesregies.com/azz.php HTTP/1.0" 404 316 "-" "Mozilla/5.0 (compatible; MSIE 6.0; Windows NT 5.1; Trident/5.0)"
104.148.71.133 - - [20/Apr/2016:12:16:45 +0200] "GET http://www.proxyjudge.info/azenv.php HTTP/1.0" 404 320 "-" "Mozilla/5.0 (compatible; MSIE 6.0; Windows NT 5.1; Trident/5.0)"
104.148.71.133 - - [20/Apr/2016:12:16:45 +0200] "GET http://www.mesregies.com/azz.php HTTP/1.0" 404 316 "-" "Mozilla/5.0 (compatible; MSIE 6.0; Windows NT 5.1; Trident/5.0)"
104.148.71.133 - - [20/Apr/2016:12:16:45 +0200] "GET http://domkrim.com/av.php HTTP/1.0" 404 309 "-" "Mozilla/5.0 (compatible; MSIE 6.0; Windows NT 5.1; Trident/5.0)"
104.148.71.133 - - [20/Apr/2016:12:16:45 +0200] "GET http://www.mesregies.com/azz.php HTTP/1.0" 404 316 "-" "Mozilla/5.0 (compatible; MSIE 6.0; Windows NT 5.1; Trident/5.0)"
104.148.71.133 - - [20/Apr/2016:12:16:45 +0200] "GET http://domkrim.com/av.php HTTP/1.0" 404 309 "-" "Mozilla/5.0 (compatible; MSIE 6.0; Windows NT 5.1; Trident/5.0)"
104.148.71.133 - - [20/Apr/2016:12:16:45 +0200] "GET http://www. HTTP/1.0" 200 1229 "-" "Mozilla/5.0 (compatible; MSIE 6.0; Windows NT 5.1; Trident/5.0)"
104.148.71.133 - - [20/Apr/2016:12:16:45 +0200] "CONNECT www.alipay.com:443 HTTP/1.0" 405 344 "-" "-"
104.148.71.133 - - [20/Apr/2016:12:16:45 +0200] "CONNECT www.alipay.com:443 HTTP/1.0" 405 344 "-" "-"
104.148.71.133 - - [20/Apr/2016:12:16:45 +0200] "CONNECT www.baidu.com:443 HTTP/1.0" 405 343 "-" "-"
104.148.71.133 - - [20/Apr/2016:12:16:45 +0200] "CONNECT www.baidu.com:443 HTTP/1.0" 405 343 "-" "-"
104.148.71.133 - - [20/Apr/2016:12:16:45 +0200] "CONNECT www.alipay.com:443 HTTP/1.0" 405 344 "-" "-"
104.148.71.133 - - [20/Apr/2016:12:16:45 +0200] "CONNECT www.baidu.com:443 HTTP/1.0" 405 343 "-" "-"
104.148.71.133 - - [20/Apr/2016:12:16:45 +0200] "CONNECT www.baidu.com:443 HTTP/1.0" 405 343 "-" "-"
104.148.71.133 - - [20/Apr/2016:12:16:45 +0200] "CONNECT www.baidu.com:443 HTTP/1.0" 405 343 "-" "-"
104.148.71.133 - - [20/Apr/2016:12:16:46 +0200] "CONNECT www.baidu.com:443 HTTP/1.0" 405 343 "-" "-"
104.148.71.133 - - [20/Apr/2016:12:16:46 +0200] "CONNECT www.baidu.com:443 HTTP/1.0" 405 343 "-" "-"
54.152.25.27 - - [20/Apr/2016:13:01:49 +0200] "GET / HTTP/1.1" 400 6212 "-" "-"
82.220.38.188 - - [20/Apr/2016:13:54:01 +0200] "GET /zecmd/zecmd.jsp?comment=id HTTP/1.0" 404 316 "-" "-"
82.220.38.188 - - [20/Apr/2016:13:54:01 +0200] "GET /zecmd/zecmd.jsp?comment=id HTTP/1.0" 404 316 "-" "-"
82.220.38.188 - - [20/Apr/2016:13:54:01 +0200] "GET /zecmd/zecmd.jsp?comment=id HTTP/1.0" 404 316 "-" "-"
82.220.38.188 - - [20/Apr/2016:13:54:01 +0200] "GET /zecmd/zecmd.jsp?comment=id HTTP/1.0" 404 316 "-" "-"
82.220.38.188 - - [20/Apr/2016:13:54:01 +0200] "GET /zecmd/zecmd.jsp?comment=id HTTP/1.0" 404 316 "-" "-"
82.220.38.188 - - [20/Apr/2016:13:54:01 +0200] "GET /zecmd/zecmd.jsp?comment=id HTTP/1.0" 404 316 "-" "-"
82.220.38.188 - - [20/Apr/2016:13:54:01 +0200] "GET /zecmd/zecmd.jsp?comment=id HTTP/1.0" 404 316 "-" "-"
82.220.38.188 - - [20/Apr/2016:13:54:01 +0200] "GET /zecmd/zecmd.jsp?comment=id HTTP/1.0" 404 316 "-" "-"
82.220.38.188 - - [20/Apr/2016:13:54:01 +0200] "GET /zecmd/zecmd.jsp?comment=id HTTP/1.0" 404 316 "-" "-"
82.220.38.188 - - [20/Apr/2016:13:54:01 +0200] "GET /zecmd/zecmd.jsp?comment=id HTTP/1.0" 404 316 "-" "-"
115.231.222.14 - - [20/Apr/2016:14:10:01 +0200] "GET http://zc.qq.com/cgi-bin/common/attr?id=260714&r=0.9796691542606217 HTTP/1.1" 404 320 "-" "Mozilla/5.0 (compatible; MSIE 9.0; Windows NT 6.1; Trident/5.0; 360SE)"
115.231.222.14 - - [20/Apr/2016:14:10:04 +0200] "GET http://zc.qq.com/cgi-bin/common/attr?id=260714&r=0.8074365799284007 HTTP/1.1" 404 320 "-" "Mozilla/5.0 (compatible; MSIE 9.0; Windows NT 6.1; Trident/5.0; 360SE)"
169.229.3.91 - - [20/Apr/2016:14:25:35 +0200] "\\V\x101\xa3\xa9\xef\xce\xac b\xb8\x8b\x99\x83\xc5\xc0\x89eD4~\xce\xa2\xca\"-\xd0\x87\xe1\xec\xb2\x82O\x9f\x02_6<\xa0\x07S\xbc\x98\x05\xaa\xa9\x81\xed=q\xbe." 400 329 "-" "-"
54.152.25.27 - - [20/Apr/2016:14:32:04 +0200] "GET / HTTP/1.1" 400 7650 "-" "-"
52.90.126.130 - - [20/Apr/2016:14:34:38 +0200] "GET / HTTP/1.1" 400 7664 "-" "-"
54.164.162.136 - - [20/Apr/2016:14:41:05 +0200] "GET / HTTP/1.1" 400 7650 "-" "-"
169.229.3.91 - - [20/Apr/2016:15:15:50 +0200] "\xa4\x1f|l[\xe0\x83\x93?\xf8\xd8H\x9d>\xaf\xc78\x9bir\xe0\x92\x03\x04*\x17\xf3" 501 345 "-" "-"
54.164.162.136 - - [20/Apr/2016:15:23:11 +0200] "GET / HTTP/1.1" 400 6192 "-" "-"
54.152.25.27 - - [20/Apr/2016:15:30:20 +0200] "GET / HTTP/1.1" 400 7640 "-" "-"
216.145.14.142 - - [20/Apr/2016:15:49:45 +0200] "GET /robots.txt HTTP/1.0" 404 315 "-" "Mozilla/5.0 (Windows; U; Windows NT 5.1; en; rv:1.9.0.13) Gecko/2009073022 Firefox/3.5.2 (.NET CLR 3.5.30729) SurveyBot/2.3 (DomainTools)"
216.145.14.142 - - [20/Apr/2016:15:49:45 +0200] "GET / HTTP/1.1" 200 1229 "http://whois.domaintools.com/bmt-it.de" "Mozilla/5.0 (Windows; U; Windows NT 5.1; en; rv:1.9.0.13) Gecko/2009073022 Firefox/3.5.2 (.NET CLR 3.5.30729) SurveyBot/2.3 (DomainTools)"
52.201.239.26 - - [20/Apr/2016:15:57:56 +0200] "GET / HTTP/1.1" 400 7860 "-" "-"
52.201.239.26 - - [20/Apr/2016:16:02:58 +0200] "GET / HTTP/1.1" 400 7640 "-" "-"
52.90.126.130 - - [20/Apr/2016:16:16:21 +0200] "GET / HTTP/1.1" 400 7640 "-" "-"
115.231.222.14 - - [20/Apr/2016:16:18:02 +0200] "GET http://zc.qq.com/cgi-bin/common/attr?id=260714&r=0.0344527072680410 HTTP/1.1" 404 320 "-" "Mozilla/5.0 (compatible; MSIE 9.0; Windows NT 6.1; Trident/5.0; 360SE)"
52.90.126.130 - - [20/Apr/2016:16:41:25 +0200] "GET / HTTP/1.1" 400 7672 "-" "-"
