115.231.222.14 - - [23/Apr/2016:01:39:30 +0200] "GET http://zc.qq.com/cgi-bin/common/attr?id=260714&r=0.1693825973085940 HTTP/1.1" 404 320 "-" "Mozilla/5.0 (compatible; MSIE 9.0; Windows NT 6.1; Trident/5.0; 360SE)"
115.231.222.14 - - [23/Apr/2016:01:39:30 +0200] "GET http://zc.qq.com/cgi-bin/common/attr?id=260714&r=0.2399216044422214 HTTP/1.1" 404 320 "-" "Mozilla/5.0 (compatible; MSIE 9.0; Windows NT 6.1; Trident/5.0; 360SE)"
115.231.222.14 - - [23/Apr/2016:01:39:31 +0200] "GET http://zc.qq.com/cgi-bin/common/attr?id=260714&r=0.7159921729140151 HTTP/1.1" 404 320 "-" "Mozilla/5.0 (compatible; MSIE 9.0; Windows NT 6.1; Trident/5.0; 360SE)"
123.59.59.52 - - [23/Apr/2016:02:07:39 +0200] "GET http://www.ctrip.com/ HTTP/1.1" 200 1229 "-" "Mozilla/5.0 (Windows NT 6.1; WOW64; rv:29.0) Gecko/20100101 Firefox/29.0"
141.212.122.161 - - [23/Apr/2016:02:47:34 +0200] "GET / HTTP/1.1" 200 1229 "-" "Go http package"
46.105.98.166 - - [23/Apr/2016:02:48:52 +0200] "GET /robots.txt HTTP/1.0" 404 337 "-" ""
46.105.98.166 - - [23/Apr/2016:02:48:53 +0200] "GET / HTTP/1.1" 206 1229 "-" "Mozilla/5.0 (X11; U; Linux i586; de; rv:5.0) Gecko/20100101 Firefox/5.0"
115.231.222.14 - - [23/Apr/2016:03:49:48 +0200] "GET http://zc.qq.com/cgi-bin/common/attr?id=260714&r=0.4031453650963728 HTTP/1.1" 404 320 "-" "Mozilla/5.0 (compatible; MSIE 9.0; Windows NT 6.1; Trident/5.0; 360SE)"
115.231.222.14 - - [23/Apr/2016:03:49:48 +0200] "GET http://zc.qq.com/cgi-bin/common/attr?id=260714&r=0.2827804296395813 HTTP/1.1" 404 320 "-" "Mozilla/5.0 (compatible; MSIE 9.0; Windows NT 6.1; Trident/5.0; 360SE)"
115.231.222.14 - - [23/Apr/2016:03:49:48 +0200] "GET http://zc.qq.com/cgi-bin/common/attr?id=260714&r=0.0494779050075467 HTTP/1.1" 404 320 "-" "Mozilla/5.0 (compatible; MSIE 9.0; Windows NT 6.1; Trident/5.0; 360SE)"
71.6.146.185 - - [23/Apr/2016:04:16:26 +0200] "GET / HTTP/1.1" 200 1229 "-" "-"
71.6.146.185 - - [23/Apr/2016:04:16:31 +0200] "GET /robots.txt HTTP/1.1" 404 315 "-" "-"
71.6.146.185 - - [23/Apr/2016:04:16:31 +0200] "GET /sitemap.xml HTTP/1.1" 404 316 "-" "-"
89.248.160.136 - - [23/Apr/2016:05:34:13 +0200] "GET /xmlrpc.php" 404 311 "-" "-"
115.231.222.14 - - [23/Apr/2016:05:59:34 +0200] "GET http://zc.qq.com/cgi-bin/common/attr?id=260714&r=0.6358024095776760 HTTP/1.1" 404 320 "-" "Mozilla/5.0 (compatible; MSIE 9.0; Windows NT 6.1; Trident/5.0; 360SE)"
115.231.222.14 - - [23/Apr/2016:05:59:34 +0200] "GET http://zc.qq.com/cgi-bin/common/attr?id=260714&r=0.0376196466642687 HTTP/1.1" 404 320 "-" "Mozilla/5.0 (compatible; MSIE 9.0; Windows NT 6.1; Trident/5.0; 360SE)"
115.231.222.14 - - [23/Apr/2016:05:59:35 +0200] "GET http://zc.qq.com/cgi-bin/common/attr?id=260714&r=0.2316215234506265 HTTP/1.1" 404 320 "-" "Mozilla/5.0 (compatible; MSIE 9.0; Windows NT 6.1; Trident/5.0; 360SE)"
141.212.122.161 - - [23/Apr/2016:06:05:48 +0200] "GET / HTTP/1.1" 200 1229 "-" "Go http package"
89.248.160.136 - - [23/Apr/2016:07:07:50 +0200] "GET /xmlrpc.php" 404 311 "-" "-"
45.32.239.214 - - [23/Apr/2016:08:02:03 +0200] "GET /jpg/image.jpg HTTP/1.1" 404 318 "-" "Wget/1.16 (linux-gnu)"
115.231.222.14 - - [23/Apr/2016:08:08:53 +0200] "GET http://zc.qq.com/cgi-bin/common/attr?id=260714&r=0.9073399783181276 HTTP/1.1" 404 320 "-" "Mozilla/5.0 (compatible; MSIE 9.0; Windows NT 6.1; Trident/5.0; 360SE)"
115.231.222.14 - - [23/Apr/2016:08:08:53 +0200] "GET http://zc.qq.com/cgi-bin/common/attr?id=260714&r=0.6373546329299009 HTTP/1.1" 404 320 "-" "Mozilla/5.0 (compatible; MSIE 9.0; Windows NT 6.1; Trident/5.0; 360SE)"
64.246.165.210 - - [23/Apr/2016:10:01:03 +0200] "GET /robots.txt HTTP/1.0" 404 323 "-" "Mozilla/5.0 (Windows; U; Windows NT 5.1; en; rv:1.9.0.13) Gecko/2009073022 Firefox/3.5.2 (.NET CLR 3.5.30729) SurveyBot/2.3 (DomainTools)"
64.246.165.210 - - [23/Apr/2016:10:01:03 +0200] "GET / HTTP/1.1" 200 1229 "http://whois.domaintools.com/hotelkleidung.com" "Mozilla/5.0 (Windows; U; Windows NT 5.1; en; rv:1.9.0.13) Gecko/2009073022 Firefox/3.5.2 (.NET CLR 3.5.30729) SurveyBot/2.3 (DomainTools)"
115.231.222.14 - - [23/Apr/2016:10:17:50 +0200] "GET http://zc.qq.com/cgi-bin/common/attr?id=260714&r=0.9795345664007855 HTTP/1.1" 404 320 "-" "Mozilla/5.0 (compatible; MSIE 9.0; Windows NT 6.1; Trident/5.0; 360SE)"
169.229.3.91 - - [23/Apr/2016:10:37:50 +0200] "\x10f:\x8f\xf8\xd2\x16)\xaa\xee\xf7\xa5\xef\x99\xc5p\x84Xs\xeb\x90\x8fc1\xc7\\\x17\x87\x1c\x86\x99\x14\xcct\x1e!\xcf\xbbOS\x11\x0c" 501 356 "-" "-"
5.206.88.106 - - [23/Apr/2016:11:56:37 +0200] "GET http://env.darkbyte.ru/?s212.91.246.88 HTTP/1.0" 400 335 "-" "Mozilla/5.0 (Windows NT 6.3; WOW64) AppleWebKit/537.36 (KHTML, like Gecko) Chrome/49.0.2623.87 Safari/537.36"
115.231.222.14 - - [23/Apr/2016:12:26:45 +0200] "GET http://zc.qq.com/cgi-bin/common/attr?id=260714&r=0.8386567511920607 HTTP/1.1" 404 320 "-" "Mozilla/5.0 (compatible; MSIE 9.0; Windows NT 6.1; Trident/5.0; 360SE)"
115.231.222.14 - - [23/Apr/2016:12:26:47 +0200] "GET http://zc.qq.com/cgi-bin/common/attr?id=260714&r=0.2110995170303477 HTTP/1.1" 404 320 "-" "Mozilla/5.0 (compatible; MSIE 9.0; Windows NT 6.1; Trident/5.0; 360SE)"
115.231.222.14 - - [23/Apr/2016:12:26:50 +0200] "GET http://zc.qq.com/cgi-bin/common/attr?id=260714&r=0.6279798277059131 HTTP/1.1" 404 320 "-" "Mozilla/5.0 (compatible; MSIE 9.0; Windows NT 6.1; Trident/5.0; 360SE)"
141.212.122.161 - - [23/Apr/2016:13:14:08 +0200] "GET / HTTP/1.1" 200 1229 "-" "Go http package"
74.91.20.195 - - [23/Apr/2016:13:17:41 +0200] "GET / HTTP/1.1" 200 1229 "-" "Mozilla/4.0 (compatible; MSIE 8.0; Windows NT 6.1; Trident/4.0; SLCC2; .NET CLR 2.0.50727; .NET CLR 3.5.30729; .NET CLR 3.0.30729; Media Center PC 6.0)"
115.231.222.14 - - [23/Apr/2016:13:53:04 +0200] "GET http://zc.qq.com/cgi-bin/common/attr?id=260714&r=0.6070951784606438 HTTP/1.1" 404 320 "-" "Mozilla/5.0 (compatible; MSIE 9.0; Windows NT 6.1; Trident/5.0; 360SE)"
115.231.222.14 - - [23/Apr/2016:13:53:07 +0200] "GET http://zc.qq.com/cgi-bin/common/attr?id=260714&r=0.8838515808647506 HTTP/1.1" 404 320 "-" "Mozilla/5.0 (compatible; MSIE 9.0; Windows NT 6.1; Trident/5.0; 360SE)"
115.231.222.14 - - [23/Apr/2016:13:53:07 +0200] "GET http://zc.qq.com/cgi-bin/common/attr?id=260714&r=0.0616181739634400 HTTP/1.1" 404 320 "-" "Mozilla/5.0 (compatible; MSIE 9.0; Windows NT 6.1; Trident/5.0; 360SE)"
169.229.3.91 - - [23/Apr/2016:14:19:21 +0200] "P\x96\x14\xd6C\xb6\xb1\x1dx\x83\"D\xafi\xeb)^W\x8d\xd1\x1c\x8aqr,\xdd\xd2\x95-U9\x9c,)\xac\xa1\x13\x06\xbf\x18 \xed\xca\xccy\xac\r\x87\xc7\xcaB\xcc\x9e/\xc9\xea,zc" 400 329 "-" "-"
61.231.6.44 - - [23/Apr/2016:15:01:44 +0200] "CONNECT 163mx01.mxmail.netease.com:25 HTTP/1.0" 405 355 "-" "-"
169.229.3.91 - - [23/Apr/2016:15:06:20 +0200] "AC\x9ey{ e\x05\xefD\xe8]\xbe\xbca\x86\xd0c\x87o-A\x91Ts\x88b\xd2\xd1u\xceG\x86<\xf3\x82\x8a\xa4\xe4^E\xa3\x03\x15\x991\xaa" 400 329 "-" "-"
93.174.93.218 - - [23/Apr/2016:15:16:03 +0200] "GET http://httpheader.net/ HTTP/1.1" 200 1229 "-" "Mozilla/5.0 (Windows; U; Windows NT 6.1; en-US; rv:1.9.2.28) Gecko/20120306 Firefox/3.6.28 (.NET CLR 3.5.30729)"
169.229.3.91 - - [23/Apr/2016:15:20:13 +0200] "\xd5\x8a\xfdsZg\xcd d\x0e\xb5\x85*u\x02\x8cp\xcePVS\x11K\xde 2\xebC3$k\x01\x15\xfb\xe7\xaam;\x8b2w/<5\xaf\xbdl\x8a*\xb6E\x0e\x19\xe0\x07" 400 329 "-" "-"
74.91.20.195 - - [23/Apr/2016:15:26:59 +0200] "GET / HTTP/1.1" 200 1229 "-" "Mozilla/4.0 (compatible; MSIE 8.0; Windows NT 6.1; Trident/4.0; SLCC2; .NET CLR 2.0.50727; .NET CLR 3.5.30729; .NET CLR 3.0.30729; Media Center PC 6.0)"
141.212.122.161 - - [23/Apr/2016:15:30:19 +0200] "GET / HTTP/1.1" 200 1229 "-" "Go http package"
141.212.122.161 - - [23/Apr/2016:15:32:55 +0200] "GET / HTTP/1.1" 200 1229 "-" "Go http package"
115.231.222.14 - - [23/Apr/2016:16:00:06 +0200] "GET http://zc.qq.com/cgi-bin/common/attr?id=260714&r=0.7493117750708598 HTTP/1.1" 404 320 "-" "Mozilla/5.0 (compatible; MSIE 9.0; Windows NT 6.1; Trident/5.0; 360SE)"
115.231.222.14 - - [23/Apr/2016:16:00:08 +0200] "GET http://zc.qq.com/cgi-bin/common/attr?id=260714&r=0.6463971840531304 HTTP/1.1" 404 320 "-" "Mozilla/5.0 (compatible; MSIE 9.0; Windows NT 6.1; Trident/5.0; 360SE)"
74.91.20.194 - - [23/Apr/2016:16:10:10 +0200] "GET / HTTP/1.1" 200 1229 "-" "Mozilla/4.0 (compatible; MSIE 8.0; Windows NT 6.1; Trident/4.0; SLCC2; .NET CLR 2.0.50727; .NET CLR 3.5.30729; .NET CLR 3.0.30729; Media Center PC 6.0)"
74.91.20.194 - - [23/Apr/2016:16:23:16 +0200] "GET / HTTP/1.1" 200 1229 "-" "Mozilla/4.0 (compatible; MSIE 8.0; Windows NT 6.1; Trident/4.0; SLCC2; .NET CLR 2.0.50727; .NET CLR 3.5.30729; .NET CLR 3.0.30729; Media Center PC 6.0)"
107.150.46.38 - - [23/Apr/2016:16:33:05 +0200] "GET / HTTP/1.1" 200 1229 "-" "Mozilla/4.0 (compatible; MSIE 8.0; Windows NT 6.1; Trident/4.0; SLCC2; .NET CLR 2.0.50727; .NET CLR 3.5.30729; .NET CLR 3.0.30729; Media Center PC 6.0)"
74.91.20.197 - - [23/Apr/2016:16:39:51 +0200] "GET / HTTP/1.1" 200 1229 "-" "Mozilla/4.0 (compatible; MSIE 8.0; Windows NT 6.1; Trident/4.0; SLCC2; .NET CLR 2.0.50727; .NET CLR 3.5.30729; .NET CLR 3.0.30729; Media Center PC 6.0)"
107.150.46.35 - - [23/Apr/2016:17:14:45 +0200] "GET / HTTP/1.1" 200 1229 "-" "Mozilla/4.0 (compatible; MSIE 8.0; Windows NT 6.1; Trident/4.0; SLCC2; .NET CLR 2.0.50727; .NET CLR 3.5.30729; .NET CLR 3.0.30729; Media Center PC 6.0)"
107.150.46.35 - - [23/Apr/2016:17:31:28 +0200] "GET / HTTP/1.1" 200 1229 "-" "Mozilla/4.0 (compatible; MSIE 8.0; Windows NT 6.1; Trident/4.0; SLCC2; .NET CLR 2.0.50727; .NET CLR 3.5.30729; .NET CLR 3.0.30729; Media Center PC 6.0)"
115.231.222.14 - - [23/Apr/2016:18:07:32 +0200] "GET http://zc.qq.com/cgi-bin/common/attr?id=260714&r=0.1589214552693874 HTTP/1.1" 404 320 "-" "Mozilla/5.0 (compatible; MSIE 9.0; Windows NT 6.1; Trident/5.0; 360SE)"
115.231.222.14 - - [23/Apr/2016:18:07:32 +0200] "GET http://zc.qq.com/cgi-bin/common/attr?id=260714&r=0.7676163180526124 HTTP/1.1" 404 320 "-" "Mozilla/5.0 (compatible; MSIE 9.0; Windows NT 6.1; Trident/5.0; 360SE)"
69.197.185.19 - - [23/Apr/2016:18:49:23 +0200] "GET / HTTP/1.1" 200 1229 "-" "Mozilla/4.0 (compatible; MSIE 8.0; Windows NT 6.1; Trident/4.0; SLCC2; .NET CLR 2.0.50727; .NET CLR 3.5.30729; .NET CLR 3.0.30729; Media Center PC 6.0)"
74.91.23.107 - - [23/Apr/2016:18:56:25 +0200] "GET / HTTP/1.1" 200 1229 "-" "Mozilla/4.0 (compatible; MSIE 8.0; Windows NT 6.1; Trident/4.0; SLCC2; .NET CLR 2.0.50727; .NET CLR 3.5.30729; .NET CLR 3.0.30729; Media Center PC 6.0)"
5.206.88.106 - - [23/Apr/2016:18:57:14 +0200] "GET http://env.darkbyte.ru/?s212.91.246.85 HTTP/1.0" 400 335 "-" "Mozilla/5.0 (Windows NT 6.3; WOW64) AppleWebKit/537.36 (KHTML, like Gecko) Chrome/49.0.2623.87 Safari/537.36"
5.206.88.106 - - [23/Apr/2016:19:06:29 +0200] "GET http://env.darkbyte.ru/?uUABU9lvU HTTP/1.1" 200 1229 "-" "Mozilla/5.0 (Windows NT 6.3; WOW64) AppleWebKit/537.36 (KHTML, like Gecko) Chrome/49.0.2623.87 Safari/537.36"
173.234.153.122 - - [23/Apr/2016:19:21:44 +0200] "GET /robots.txt HTTP/1.0" 404 328 "-" "Mozilla/5.0 (compatible; MJ12bot/v1.4.5; http://www.majestic12.co.uk/bot.php?+)"
173.234.153.122 - - [23/Apr/2016:19:21:45 +0200] "GET / HTTP/1.0" 200 1229 "-" "Mozilla/5.0 (compatible; MJ12bot/v1.4.5; http://www.majestic12.co.uk/bot.php?+)"
111.248.99.53 - - [23/Apr/2016:19:25:21 +0200] "CONNECT vip163mx00.mxmail.netease.com:25 HTTP/1.0" 405 358 "-" "-"
5.206.88.106 - - [23/Apr/2016:19:30:50 +0200] "GET http://env.darkbyte.ru/?s212.91.246.89 HTTP/1.0" 400 335 "-" "Mozilla/5.0 (Windows NT 6.3; WOW64) AppleWebKit/537.36 (KHTML, like Gecko) Chrome/49.0.2623.87 Safari/537.36"
173.208.197.250 - - [23/Apr/2016:19:38:29 +0200] "GET / HTTP/1.1" 200 1229 "-" "Mozilla/4.0 (compatible; MSIE 8.0; Windows NT 6.1; Trident/4.0; SLCC2; .NET CLR 2.0.50727; .NET CLR 3.5.30729; .NET CLR 3.0.30729; Media Center PC 6.0)"
115.231.222.14 - - [23/Apr/2016:20:15:26 +0200] "GET http://zc.qq.com/cgi-bin/common/attr?id=260714&r=0.2853912747706599 HTTP/1.1" 404 320 "-" "Mozilla/5.0 (compatible; MSIE 9.0; Windows NT 6.1; Trident/5.0; 360SE)"
115.231.222.14 - - [23/Apr/2016:20:15:26 +0200] "GET http://zc.qq.com/cgi-bin/common/attr?id=260714&r=0.2293596526815584 HTTP/1.1" 404 320 "-" "Mozilla/5.0 (compatible; MSIE 9.0; Windows NT 6.1; Trident/5.0; 360SE)"
115.231.222.14 - - [23/Apr/2016:20:15:30 +0200] "GET http://zc.qq.com/cgi-bin/common/attr?id=260714&r=0.3430590750465732 HTTP/1.1" 404 320 "-" "Mozilla/5.0 (compatible; MSIE 9.0; Windows NT 6.1; Trident/5.0; 360SE)"
115.231.222.14 - - [23/Apr/2016:20:15:30 +0200] "GET http://zc.qq.com/cgi-bin/common/attr?id=260714&r=0.8257463642839436 HTTP/1.1" 404 320 "-" "Mozilla/5.0 (compatible; MSIE 9.0; Windows NT 6.1; Trident/5.0; 360SE)"
69.30.202.227 - - [23/Apr/2016:20:22:19 +0200] "GET / HTTP/1.1" 200 1229 "-" "Mozilla/4.0 (compatible; MSIE 8.0; Windows NT 6.1; Trident/4.0; SLCC2; .NET CLR 2.0.50727; .NET CLR 3.5.30729; .NET CLR 3.0.30729; Media Center PC 6.0)"
199.115.117.88 - - [23/Apr/2016:20:47:13 +0200] "GET /recordings/theme/iefixes.css HTTP/1.1" 404 333 "-" "python-requests/2.8.0"
199.115.117.88 - - [23/Apr/2016:20:47:13 +0200] "GET /recordings/theme/iefixes.css HTTP/1.1" 404 333 "-" "python-requests/2.8.0"
199.115.117.88 - - [23/Apr/2016:20:47:13 +0200] "GET /recordings/theme/iefixes.css HTTP/1.1" 404 333 "-" "python-requests/2.8.0"
199.115.117.88 - - [23/Apr/2016:20:47:13 +0200] "GET /recordings/theme/iefixes.css HTTP/1.1" 404 333 "-" "python-requests/2.8.0"
199.115.117.88 - - [23/Apr/2016:20:47:13 +0200] "GET /recordings/theme/iefixes.css HTTP/1.1" 404 333 "-" "python-requests/2.8.0"
199.115.117.88 - - [23/Apr/2016:20:47:13 +0200] "GET /recordings/theme/iefixes.css HTTP/1.1" 404 333 "-" "python-requests/2.8.0"
199.115.117.88 - - [23/Apr/2016:20:47:13 +0200] "GET /recordings/theme/iefixes.css HTTP/1.1" 404 333 "-" "python-requests/2.8.0"
199.115.117.88 - - [23/Apr/2016:20:47:13 +0200] "GET /recordings/theme/iefixes.css HTTP/1.1" 404 333 "-" "python-requests/2.8.0"
199.115.117.88 - - [23/Apr/2016:20:47:13 +0200] "GET /recordings/theme/iefixes.css HTTP/1.1" 404 333 "-" "python-requests/2.8.0"
199.115.117.88 - - [23/Apr/2016:20:47:13 +0200] "GET /recordings/theme/iefixes.css HTTP/1.1" 404 333 "-" "python-requests/2.8.0"
69.30.202.228 - - [23/Apr/2016:21:28:42 +0200] "GET / HTTP/1.1" 200 1229 "-" "Mozilla/4.0 (compatible; MSIE 8.0; Windows NT 6.1; Trident/4.0; SLCC2; .NET CLR 2.0.50727; .NET CLR 3.5.30729; .NET CLR 3.0.30729; Media Center PC 6.0)"
74.91.17.181 - - [23/Apr/2016:21:41:09 +0200] "GET / HTTP/1.1" 200 1229 "-" "Mozilla/4.0 (compatible; MSIE 8.0; Windows NT 6.1; Trident/4.0; SLCC2; .NET CLR 2.0.50727; .NET CLR 3.5.30729; .NET CLR 3.0.30729; Media Center PC 6.0)"
66.109.50.38 - - [23/Apr/2016:21:55:03 +0200] "\x16\x03\x01" 501 318 "-" "-"
66.109.50.38 - - [23/Apr/2016:21:55:34 +0200] "GET / HTTP/1.0" 200 1229 "-" "-"
66.109.50.38 - - [23/Apr/2016:21:57:03 +0200] "GET /joomla.xml HTTP/1.1" 404 315 "-" "Mozilla/5.0 (Windows NT 6.1) AppleWebKit/537.36 (KHTML, like Gecko) Chrome/48.0.2564.109 Safari/537.36"
66.109.50.38 - - [23/Apr/2016:22:00:05 +0200] "GET / HTTP/1.1" 200 1229 "-" "Mozilla/5.0 (Windows NT 10.0; Win64; x64) AppleWebKit/537.36 (KHTML, like Gecko) Chrome/46.0.2486.0 Safari/537.36 Edge/13.10586"
140.137.132.42 - - [23/Apr/2016:22:02:11 +0200] "GET /phpMyAdmin/scripts/setup.php HTTP/1.1" 404 333 "-" "-"
140.137.132.42 - - [23/Apr/2016:22:02:16 +0200] "GET /pma/scripts/setup.php HTTP/1.1" 404 326 "-" "-"
140.137.132.42 - - [23/Apr/2016:22:02:22 +0200] "GET /myadmin/scripts/setup.php HTTP/1.1" 404 330 "-" "-"
115.231.222.14 - - [23/Apr/2016:22:25:01 +0200] "GET http://zc.qq.com/cgi-bin/common/attr?id=260714&r=0.0685063956688887 HTTP/1.1" 404 320 "-" "Mozilla/5.0 (compatible; MSIE 9.0; Windows NT 6.1; Trident/5.0; 360SE)"
63.85.168.52 - - [23/Apr/2016:23:02:41 +0200] "\x16\x03\x01" 501 318 "-" "-"
63.85.168.52 - - [23/Apr/2016:23:02:49 +0200] "GET / HTTP/1.0" 200 1229 "-" "-"
63.85.168.52 - - [23/Apr/2016:23:02:57 +0200] "GET / HTTP/1.1" 200 1229 "-" "Mozilla/5.0 (Windows NT 6.3; WOW64) AppleWebKit/537.36 (KHTML, like Gecko) Chrome/48.0.2564.103 Safari/537.36"
63.85.168.52 - - [23/Apr/2016:23:03:05 +0200] "GET /CHANGELOG.txt HTTP/1.1" 404 318 "-" "Mozilla/5.0 (Windows NT 6.3; WOW64) AppleWebKit/537.36 (KHTML, like Gecko) Chrome/48.0.2564.103 Safari/537.36"
63.85.168.52 - - [23/Apr/2016:23:03:13 +0200] "GET / HTTP/1.1" 200 1229 "-" "Mozilla/5.0 (Macintosh; Intel Mac OS X 10_10_5) AppleWebKit/537.36 (KHTML, like Gecko) Chrome/48.0.2564.109 Safari/537.36"
63.85.168.52 - - [23/Apr/2016:23:03:21 +0200] "GET /readme.html HTTP/1.1" 404 316 "-" "Mozilla/5.0 (Macintosh; Intel Mac OS X 10_10_5) AppleWebKit/537.36 (KHTML, like Gecko) Chrome/48.0.2564.109 Safari/537.36"
63.85.168.52 - - [23/Apr/2016:23:03:29 +0200] "GET / HTTP/1.1" 200 1229 "-" "Mozilla/5.0 (Macintosh; Intel Mac OS X 10_10_5) AppleWebKit/601.4.4 (KHTML, like Gecko) Version/9.0.3 Safari/601.4.4"
63.85.168.52 - - [23/Apr/2016:23:03:37 +0200] "GET /language/Swedish$%7BIFS%7D&&echo$%7BIFS%7DX0oY%3Eaxvh&&tar$%7BIFS%7D/string.js HTTP/1.1" 404 388 "-" "Mozilla/5.0 (Windows NT 6.1; WOW64) AppleWebKit/537.36 (KHTML, like Gecko) Chrome/48.0.2564.103 Safari/537.36"
63.85.168.52 - - [23/Apr/2016:23:03:45 +0200] "GET /../../../../../../../mnt/mtd/axvh HTTP/1.1" 400 333 "-" "Mozilla/5.0 (Windows NT 6.1; WOW64) AppleWebKit/537.36 (KHTML, like Gecko) Chrome/48.0.2564.103 Safari/537.36"
63.85.168.52 - - [23/Apr/2016:23:03:53 +0200] "GET / HTTP/1.1" 200 1229 "-" "Mozilla/5.0 (Windows NT 6.1) AppleWebKit/537.36 (KHTML, like Gecko) Chrome/47.0.2526.111 Safari/537.36"
71.6.146.185 - - [24/Apr/2016:00:27:24 +0200] "GET / HTTP/1.1" 200 1229 "-" "-"
71.6.146.185 - - [24/Apr/2016:00:27:24 +0200] "GET /robots.txt HTTP/1.1" 404 315 "-" "-"
71.6.146.185 - - [24/Apr/2016:00:27:24 +0200] "GET /sitemap.xml HTTP/1.1" 404 316 "-" "-"
115.231.222.14 - - [24/Apr/2016:00:34:11 +0200] "GET http://zc.qq.com/cgi-bin/common/attr?id=260714&r=0.2769289237151659 HTTP/1.1" 404 320 "-" "Mozilla/5.0 (compatible; MSIE 9.0; Windows NT 6.1; Trident/5.0; 360SE)"
74.91.23.107 - - [24/Apr/2016:00:55:35 +0200] "GET / HTTP/1.1" 200 1229 "-" "Mozilla/4.0 (compatible; MSIE 8.0; Windows NT 6.1; Trident/4.0; SLCC2; .NET CLR 2.0.50727; .NET CLR 3.5.30729; .NET CLR 3.0.30729; Media Center PC 6.0)"
74.91.17.181 - - [24/Apr/2016:01:26:00 +0200] "GET / HTTP/1.1" 200 1229 "-" "Mozilla/4.0 (compatible; MSIE 8.0; Windows NT 6.1; Trident/4.0; SLCC2; .NET CLR 2.0.50727; .NET CLR 3.5.30729; .NET CLR 3.0.30729; Media Center PC 6.0)"
173.208.197.253 - - [24/Apr/2016:01:58:51 +0200] "GET / HTTP/1.1" 200 1229 "-" "Mozilla/4.0 (compatible; MSIE 8.0; Windows NT 6.1; Trident/4.0; SLCC2; .NET CLR 2.0.50727; .NET CLR 3.5.30729; .NET CLR 3.0.30729; Media Center PC 6.0)"
69.30.198.149 - - [24/Apr/2016:02:01:26 +0200] "GET / HTTP/1.1" 200 1229 "-" "Mozilla/4.0 (compatible; MSIE 8.0; Windows NT 6.1; Trident/4.0; SLCC2; .NET CLR 2.0.50727; .NET CLR 3.5.30729; .NET CLR 3.0.30729; Media Center PC 6.0)"
173.208.197.253 - - [24/Apr/2016:02:14:08 +0200] "GET / HTTP/1.1" 200 1229 "-" "Mozilla/4.0 (compatible; MSIE 8.0; Windows NT 6.1; Trident/4.0; SLCC2; .NET CLR 2.0.50727; .NET CLR 3.5.30729; .NET CLR 3.0.30729; Media Center PC 6.0)"
69.30.202.230 - - [24/Apr/2016:02:14:59 +0200] "GET / HTTP/1.1" 200 1229 "-" "Mozilla/4.0 (compatible; MSIE 8.0; Windows NT 6.1; Trident/4.0; SLCC2; .NET CLR 2.0.50727; .NET CLR 3.5.30729; .NET CLR 3.0.30729; Media Center PC 6.0)"
69.30.198.149 - - [24/Apr/2016:02:27:27 +0200] "GET / HTTP/1.1" 200 1229 "-" "Mozilla/4.0 (compatible; MSIE 8.0; Windows NT 6.1; Trident/4.0; SLCC2; .NET CLR 2.0.50727; .NET CLR 3.5.30729; .NET CLR 3.0.30729; Media Center PC 6.0)"
115.231.222.14 - - [24/Apr/2016:02:44:01 +0200] "GET http://zc.qq.com/cgi-bin/common/attr?id=260714&r=0.1374841339664993 HTTP/1.1" 404 320 "-" "Mozilla/5.0 (compatible; MSIE 9.0; Windows NT 6.1; Trident/5.0; 360SE)"
74.91.17.182 - - [24/Apr/2016:03:01:48 +0200] "GET / HTTP/1.1" 200 1229 "-" "Mozilla/4.0 (compatible; MSIE 8.0; Windows NT 6.1; Trident/4.0; SLCC2; .NET CLR 2.0.50727; .NET CLR 3.5.30729; .NET CLR 3.0.30729; Media Center PC 6.0)"
74.91.17.182 - - [24/Apr/2016:03:05:50 +0200] "GET / HTTP/1.1" 200 1229 "-" "Mozilla/4.0 (compatible; MSIE 8.0; Windows NT 6.1; Trident/4.0; SLCC2; .NET CLR 2.0.50727; .NET CLR 3.5.30729; .NET CLR 3.0.30729; Media Center PC 6.0)"
199.115.117.88 - - [24/Apr/2016:03:18:19 +0200] "GET /recordings/theme/iefixes.css HTTP/1.1" 404 333 "-" "python-requests/2.8.0"
199.115.117.88 - - [24/Apr/2016:03:18:19 +0200] "GET /recordings/theme/iefixes.css HTTP/1.1" 404 333 "-" "python-requests/2.8.0"
199.115.117.88 - - [24/Apr/2016:03:18:19 +0200] "GET /recordings/theme/iefixes.css HTTP/1.1" 404 333 "-" "python-requests/2.8.0"
199.115.117.88 - - [24/Apr/2016:03:18:19 +0200] "GET /recordings/theme/iefixes.css HTTP/1.1" 404 333 "-" "python-requests/2.8.0"
199.115.117.88 - - [24/Apr/2016:03:18:19 +0200] "GET /recordings/theme/iefixes.css HTTP/1.1" 404 333 "-" "python-requests/2.8.0"
199.115.117.88 - - [24/Apr/2016:03:18:19 +0200] "GET /recordings/theme/iefixes.css HTTP/1.1" 404 333 "-" "python-requests/2.8.0"
199.115.117.88 - - [24/Apr/2016:03:18:19 +0200] "GET /recordings/theme/iefixes.css HTTP/1.1" 404 333 "-" "python-requests/2.8.0"
199.115.117.88 - - [24/Apr/2016:03:18:19 +0200] "GET /recordings/theme/iefixes.css HTTP/1.1" 404 333 "-" "python-requests/2.8.0"
199.115.117.88 - - [24/Apr/2016:03:18:19 +0200] "GET /recordings/theme/iefixes.css HTTP/1.1" 404 333 "-" "python-requests/2.8.0"
199.115.117.88 - - [24/Apr/2016:03:18:19 +0200] "GET /recordings/theme/iefixes.css HTTP/1.1" 404 333 "-" "python-requests/2.8.0"
69.30.198.148 - - [24/Apr/2016:03:36:58 +0200] "GET / HTTP/1.1" 200 1229 "-" "Mozilla/4.0 (compatible; MSIE 8.0; Windows NT 6.1; Trident/4.0; SLCC2; .NET CLR 2.0.50727; .NET CLR 3.5.30729; .NET CLR 3.0.30729; Media Center PC 6.0)"
69.30.202.228 - - [24/Apr/2016:04:13:51 +0200] "GET / HTTP/1.1" 200 1229 "-" "Mozilla/4.0 (compatible; MSIE 8.0; Windows NT 6.1; Trident/4.0; SLCC2; .NET CLR 2.0.50727; .NET CLR 3.5.30729; .NET CLR 3.0.30729; Media Center PC 6.0)"
173.12.115.229 - - [24/Apr/2016:04:28:57 +0200] "GET /manager/html HTTP/1.1" 404 317 "-" "Mozilla/5.0 (Windows NT 5.1; rv:5.0) Gecko/20100101 Firefox/5.0"
173.12.115.229 - - [24/Apr/2016:04:28:57 +0200] "GET /manager/html HTTP/1.1" 404 317 "-" "Mozilla/5.0 (Windows NT 5.1; rv:5.0) Gecko/20100101 Firefox/5.0"
173.12.115.229 - - [24/Apr/2016:04:28:57 +0200] "GET /manager/html HTTP/1.1" 404 317 "-" "Mozilla/5.0 (Windows NT 5.1; rv:5.0) Gecko/20100101 Firefox/5.0"
173.12.115.229 - - [24/Apr/2016:04:28:57 +0200] "GET /manager/html HTTP/1.1" 404 317 "-" "Mozilla/5.0 (Windows NT 5.1; rv:5.0) Gecko/20100101 Firefox/5.0"
173.12.115.229 - - [24/Apr/2016:04:28:57 +0200] "GET /manager/html HTTP/1.1" 404 317 "-" "Mozilla/5.0 (Windows NT 5.1; rv:5.0) Gecko/20100101 Firefox/5.0"
173.12.115.229 - - [24/Apr/2016:04:28:57 +0200] "GET /manager/html HTTP/1.1" 404 317 "-" "Mozilla/5.0 (Windows NT 5.1; rv:5.0) Gecko/20100101 Firefox/5.0"
173.12.115.229 - - [24/Apr/2016:04:28:57 +0200] "GET /manager/html HTTP/1.1" 404 317 "-" "Mozilla/5.0 (Windows NT 5.1; rv:5.0) Gecko/20100101 Firefox/5.0"
173.12.115.229 - - [24/Apr/2016:04:28:57 +0200] "GET /manager/html HTTP/1.1" 404 317 "-" "Mozilla/5.0 (Windows NT 5.1; rv:5.0) Gecko/20100101 Firefox/5.0"
173.12.115.229 - - [24/Apr/2016:04:28:57 +0200] "GET /manager/html HTTP/1.1" 404 317 "-" "Mozilla/5.0 (Windows NT 5.1; rv:5.0) Gecko/20100101 Firefox/5.0"
173.12.115.229 - - [24/Apr/2016:04:28:57 +0200] "GET /manager/html HTTP/1.1" 404 317 "-" "Mozilla/5.0 (Windows NT 5.1; rv:5.0) Gecko/20100101 Firefox/5.0"
173.208.197.251 - - [24/Apr/2016:04:39:41 +0200] "GET / HTTP/1.1" 200 1229 "-" "Mozilla/4.0 (compatible; MSIE 8.0; Windows NT 6.1; Trident/4.0; SLCC2; .NET CLR 2.0.50727; .NET CLR 3.5.30729; .NET CLR 3.0.30729; Media Center PC 6.0)"
115.231.222.14 - - [24/Apr/2016:04:52:30 +0200] "GET http://zc.qq.com/cgi-bin/common/attr?id=260714&r=0.7828792553076038 HTTP/1.1" 404 320 "-" "Mozilla/5.0 (compatible; MSIE 9.0; Windows NT 6.1; Trident/5.0; 360SE)"
115.231.222.14 - - [24/Apr/2016:04:52:30 +0200] "GET http://zc.qq.com/cgi-bin/common/attr?id=260714&r=0.4102682353114041 HTTP/1.1" 404 320 "-" "Mozilla/5.0 (compatible; MSIE 9.0; Windows NT 6.1; Trident/5.0; 360SE)"
115.231.222.14 - - [24/Apr/2016:04:52:30 +0200] "GET http://zc.qq.com/cgi-bin/common/attr?id=260714&r=0.6029994313560735 HTTP/1.1" 404 320 "-" "Mozilla/5.0 (compatible; MSIE 9.0; Windows NT 6.1; Trident/5.0; 360SE)"
173.208.197.250 - - [24/Apr/2016:05:58:43 +0200] "GET / HTTP/1.1" 200 1229 "-" "Mozilla/4.0 (compatible; MSIE 8.0; Windows NT 6.1; Trident/4.0; SLCC2; .NET CLR 2.0.50727; .NET CLR 3.5.30729; .NET CLR 3.0.30729; Media Center PC 6.0)"
5.206.88.106 - - [24/Apr/2016:06:32:52 +0200] "GET http://env.darkbyte.ru/?s212.91.246.84 HTTP/1.0" 400 335 "-" "Mozilla/5.0 (Windows NT 6.3; WOW64) AppleWebKit/537.36 (KHTML, like Gecko) Chrome/49.0.2623.87 Safari/537.36"
115.231.222.14 - - [24/Apr/2016:07:00:49 +0200] "GET http://zc.qq.com/cgi-bin/common/attr?id=260714&r=0.3890980713493211 HTTP/1.1" 404 320 "-" "Mozilla/5.0 (compatible; MSIE 9.0; Windows NT 6.1; Trident/5.0; 360SE)"
115.231.222.14 - - [24/Apr/2016:07:00:50 +0200] "GET http://zc.qq.com/cgi-bin/common/attr?id=260714&r=0.0615535410603610 HTTP/1.1" 404 320 "-" "Mozilla/5.0 (compatible; MSIE 9.0; Windows NT 6.1; Trident/5.0; 360SE)"
115.231.222.14 - - [24/Apr/2016:07:00:53 +0200] "GET http://zc.qq.com/cgi-bin/common/attr?id=260714&r=0.6497368831581394 HTTP/1.1" 404 320 "-" "Mozilla/5.0 (compatible; MSIE 9.0; Windows NT 6.1; Trident/5.0; 360SE)"
115.231.222.14 - - [24/Apr/2016:07:00:53 +0200] "GET http://zc.qq.com/cgi-bin/common/attr?id=260714&r=0.7870002598429653 HTTP/1.1" 404 320 "-" "Mozilla/5.0 (compatible; MSIE 9.0; Windows NT 6.1; Trident/5.0; 360SE)"
115.231.222.14 - - [24/Apr/2016:07:00:56 +0200] "GET http://zc.qq.com/cgi-bin/common/attr?id=260714&r=0.8763561334244352 HTTP/1.1" 404 320 "-" "Mozilla/5.0 (compatible; MSIE 9.0; Windows NT 6.1; Trident/5.0; 360SE)"
115.231.222.14 - - [24/Apr/2016:07:00:59 +0200] "GET http://zc.qq.com/cgi-bin/common/attr?id=260714&r=0.4571447510826390 HTTP/1.1" 404 320 "-" "Mozilla/5.0 (compatible; MSIE 9.0; Windows NT 6.1; Trident/5.0; 360SE)"
91.121.221.15 - - [24/Apr/2016:07:21:33 +0200] "GET /robots.txt HTTP/1.0" 404 318 "-" "Mozilla/5.0 (compatible; MJ12bot/v1.4.5; http://www.majestic12.co.uk/bot.php?+)"
91.121.221.15 - - [24/Apr/2016:07:21:34 +0200] "GET / HTTP/1.0" 200 1229 "-" "Mozilla/5.0 (compatible; MJ12bot/v1.4.5; http://www.majestic12.co.uk/bot.php?+)"
111.248.102.194 - - [24/Apr/2016:07:27:05 +0200] "CONNECT 163mx02.mxmail.netease.com:25 HTTP/1.0" 405 355 "-" "-"
92.236.71.145 - - [24/Apr/2016:08:04:16 +0200] "GET /robots.txt HTTP/1.0" 404 334 "-" "Mozilla/5.0 (compatible; MJ12bot/v1.4.5; http://www.majestic12.co.uk/bot.php?+)"
92.236.71.145 - - [24/Apr/2016:08:04:18 +0200] "GET / HTTP/1.0" 200 1229 "-" "Mozilla/5.0 (compatible; MJ12bot/v1.4.5; http://www.majestic12.co.uk/bot.php?+)"
92.236.71.145 - - [24/Apr/2016:08:46:42 +0200] "GET /robots.txt HTTP/1.0" 404 323 "-" "Mozilla/5.0 (compatible; MJ12bot/v1.4.5; http://www.majestic12.co.uk/bot.php?+)"
92.236.71.145 - - [24/Apr/2016:08:46:43 +0200] "GET / HTTP/1.0" 200 1229 "-" "Mozilla/5.0 (compatible; MJ12bot/v1.4.5; http://www.majestic12.co.uk/bot.php?+)"
115.231.222.14 - - [24/Apr/2016:09:08:52 +0200] "GET http://zc.qq.com/cgi-bin/common/attr?id=260714&r=0.8497738555450646 HTTP/1.1" 404 320 "-" "Mozilla/5.0 (compatible; MSIE 9.0; Windows NT 6.1; Trident/5.0; 360SE)"
133.242.52.175 - - [24/Apr/2016:10:00:05 +0200] "\x16\x03\x01" 501 318 "-" "-"
133.242.52.175 - - [24/Apr/2016:10:00:07 +0200] "GET / HTTP/1.0" 200 1229 "-" "-"
133.242.52.175 - - [24/Apr/2016:10:00:09 +0200] "GET / HTTP/1.1" 200 1229 "-" "Mozilla/5.0 (Windows NT 10.0; WOW64) AppleWebKit/537.36 (KHTML, like Gecko) Chrome/47.0.2526.111 Safari/537.36"
133.242.52.175 - - [24/Apr/2016:10:00:10 +0200] "GET /CHANGELOG.txt HTTP/1.1" 404 318 "-" "Mozilla/5.0 (Windows NT 10.0; WOW64) AppleWebKit/537.36 (KHTML, like Gecko) Chrome/47.0.2526.111 Safari/537.36"
133.242.52.175 - - [24/Apr/2016:10:00:12 +0200] "GET / HTTP/1.1" 200 1229 "-" "Mozilla/5.0 (Macintosh; Intel Mac OS X 10_10_5) AppleWebKit/537.36 (KHTML, like Gecko) Chrome/48.0.2564.103 Safari/537.36"
133.242.52.175 - - [24/Apr/2016:10:00:14 +0200] "GET /readme.html HTTP/1.1" 404 316 "-" "Mozilla/5.0 (Macintosh; Intel Mac OS X 10_10_5) AppleWebKit/537.36 (KHTML, like Gecko) Chrome/48.0.2564.103 Safari/537.36"
133.242.52.175 - - [24/Apr/2016:10:00:16 +0200] "GET / HTTP/1.1" 200 1229 "-" "Mozilla/5.0 (Macintosh; Intel Mac OS X 10_11_3) AppleWebKit/537.36 (KHTML, like Gecko) Chrome/48.0.2564.103 Safari/537.36"
133.242.52.175 - - [24/Apr/2016:10:00:17 +0200] "GET /language/Swedish$%7BIFS%7D&&echo$%7BIFS%7DxmfO%3EBAxY&&tar$%7BIFS%7D/string.js HTTP/1.1" 404 388 "-" "Mozilla/5.0 (Windows NT 6.3; WOW64) AppleWebKit/537.36 (KHTML, like Gecko) Chrome/48.0.2564.103 Safari/537.36"
222.85.138.75 - - [24/Apr/2016:10:00:19 +0200] "HEAD http://www.sina.com.cn HTTP/1.1" 200 - "-" "Mozilla/5.0 (Windows NT 10.0; WOW64) AppleWebKit/537.36 (KHTML, like Gecko) Chrome/46.0.2490.86 Safari/537.36"
222.85.138.75 - - [24/Apr/2016:10:00:19 +0200] "HEAD http://www.sina.com.cn HTTP/1.1" 200 - "-" "Mozilla/5.0 (Windows NT 10.0; WOW64) AppleWebKit/537.36 (KHTML, like Gecko) Chrome/46.0.2490.86 Safari/537.36"
222.85.138.75 - - [24/Apr/2016:10:00:19 +0200] "HEAD http://www.sina.com.cn HTTP/1.1" 200 - "-" "Mozilla/5.0 (Windows NT 10.0; WOW64) AppleWebKit/537.36 (KHTML, like Gecko) Chrome/46.0.2490.86 Safari/537.36"
222.85.138.75 - - [24/Apr/2016:10:00:19 +0200] "HEAD http://www.sina.com.cn HTTP/1.1" 200 - "-" "Mozilla/5.0 (Windows NT 10.0; WOW64) AppleWebKit/537.36 (KHTML, like Gecko) Chrome/46.0.2490.86 Safari/537.36"
133.242.52.175 - - [24/Apr/2016:10:00:19 +0200] "GET /../../../../../../../mnt/mtd/BAxY HTTP/1.1" 400 333 "-" "Mozilla/5.0 (Windows NT 6.3; WOW64) AppleWebKit/537.36 (KHTML, like Gecko) Chrome/48.0.2564.103 Safari/537.36"
222.85.138.75 - - [24/Apr/2016:10:00:20 +0200] "HEAD http://www.sina.com.cn HTTP/1.1" 200 - "-" "Mozilla/5.0 (Windows NT 10.0; WOW64) AppleWebKit/537.36 (KHTML, like Gecko) Chrome/46.0.2490.86 Safari/537.36"
222.85.138.75 - - [24/Apr/2016:10:00:20 +0200] "HEAD http://www.sina.com.cn HTTP/1.1" 200 - "-" "Mozilla/5.0 (Windows NT 10.0; WOW64) AppleWebKit/537.36 (KHTML, like Gecko) Chrome/46.0.2490.86 Safari/537.36"
222.85.138.75 - - [24/Apr/2016:10:00:20 +0200] "HEAD http://www.sina.com.cn HTTP/1.1" 200 - "-" "Mozilla/5.0 (Windows NT 10.0; WOW64) AppleWebKit/537.36 (KHTML, like Gecko) Chrome/46.0.2490.86 Safari/537.36"
222.85.138.75 - - [24/Apr/2016:10:00:20 +0200] "HEAD http://www.sina.com.cn HTTP/1.1" 200 - "-" "Mozilla/5.0 (Windows NT 10.0; WOW64) AppleWebKit/537.36 (KHTML, like Gecko) Chrome/46.0.2490.86 Safari/537.36"
133.242.52.175 - - [24/Apr/2016:10:00:21 +0200] "GET / HTTP/1.1" 200 1229 "-" "Mozilla/5.0 (Windows NT 6.1) AppleWebKit/537.36 (KHTML, like Gecko) Chrome/48.0.2564.109 Safari/537.36"
169.229.3.91 - - [24/Apr/2016:10:22:32 +0200] "\v\xdf!\xf9\xf4 \xde\x06\xbeC\xf2\x17\x1d\vu\xc6\xee\xba\x19\xe9\xeaB\x93\x03\x80m\x92\x1d\xc4\v\xe1" 400 329 "-" "-"
115.231.222.14 - - [24/Apr/2016:11:16:46 +0200] "GET http://zc.qq.com/cgi-bin/common/attr?id=260714&r=0.3593108774933298 HTTP/1.1" 404 320 "-" "Mozilla/5.0 (compatible; MSIE 9.0; Windows NT 6.1; Trident/5.0; 360SE)"
115.231.222.14 - - [24/Apr/2016:11:16:47 +0200] "GET http://zc.qq.com/cgi-bin/common/attr?id=260714&r=0.4313865614790046 HTTP/1.1" 404 320 "-" "Mozilla/5.0 (compatible; MSIE 9.0; Windows NT 6.1; Trident/5.0; 360SE)"
169.229.3.91 - - [24/Apr/2016:11:29:24 +0200] "\x0f+\xcdz\xf0\xd42\x85V\x9a\xf5\x1e\x13\xecxoc\xa2`\x11=\xe3\xb6\x92kv\xa8\xd7\x02\x8b+\xc9sgV\x8fy$\x91\xbb;\xc6\xa5\xaa\xb1\xc6lG\xef\x7fGS:\x80-\xd5" 501 371 "-" "-"
178.164.248.173 - - [24/Apr/2016:11:52:59 +0200] "GET /phpMyAdmin/scripts/setup.php HTTP/1.1" 404 333 "-" "-"
178.164.248.173 - - [24/Apr/2016:11:53:04 +0200] "GET /pma/scripts/setup.php HTTP/1.1" 404 326 "-" "-"
178.164.248.173 - - [24/Apr/2016:11:53:09 +0200] "GET /myadmin/scripts/setup.php HTTP/1.1" 404 330 "-" "-"
169.229.3.91 - - [24/Apr/2016:12:11:50 +0200] "|N\xbc\xd1\x83\xb1C.\x9cx\xa3\xf9" 501 327 "-" "-"
144.76.195.75 - - [24/Apr/2016:12:13:43 +0200] "GET / HTTP/1.1" 200 1229 "-" "Mozilla/5.0 (compatible; 007ac9 Crawler; http://crawler.007ac9.net/)"
144.76.195.75 - - [24/Apr/2016:12:13:43 +0200] "GET /robots.txt HTTP/1.1" 404 328 "-" "Mozilla/5.0 (compatible; 007ac9 Crawler; http://crawler.007ac9.net/)"
144.76.195.75 - - [24/Apr/2016:12:13:43 +0200] "GET / HTTP/1.1" 200 1229 "-" "Mozilla/5.0 (compatible; 007ac9 Crawler; http://crawler.007ac9.net/)"
94.23.214.33 - - [24/Apr/2016:13:03:31 +0200] "GET /robots.txt HTTP/1.0" 404 327 "-" "Mozilla/5.0 (compatible; MJ12bot/v1.4.5; http://www.majestic12.co.uk/bot.php?+)"
94.23.214.33 - - [24/Apr/2016:13:03:33 +0200] "GET / HTTP/1.0" 200 1229 "-" "Mozilla/5.0 (compatible; MJ12bot/v1.4.5; http://www.majestic12.co.uk/bot.php?+)"
5.206.88.106 - - [24/Apr/2016:13:09:26 +0200] "GET http://env.darkbyte.ru/?uUABQ9lvU HTTP/1.1" 200 1229 "-" "Mozilla/5.0 (Windows NT 6.3; WOW64) AppleWebKit/537.36 (KHTML, like Gecko) Chrome/49.0.2623.87 Safari/537.36"
115.231.222.14 - - [24/Apr/2016:13:23:59 +0200] "GET http://zc.qq.com/cgi-bin/common/attr?id=260714&r=0.1511237124734745 HTTP/1.1" 404 320 "-" "Mozilla/5.0 (compatible; MSIE 9.0; Windows NT 6.1; Trident/5.0; 360SE)"
193.92.3.66 - - [24/Apr/2016:14:30:09 +0200] "GET / HTTP/1.0" 200 1229 "-" "-"
193.92.3.66 - - [24/Apr/2016:14:30:47 +0200] "GET / HTTP/1.0" 200 1229 "-" "-"
193.92.3.66 - - [24/Apr/2016:14:33:15 +0200] "GET / HTTP/1.0" 200 1229 "-" "-"
193.92.3.66 - - [24/Apr/2016:14:33:49 +0200] "GET / HTTP/1.0" 200 1229 "-" "-"
193.92.3.66 - - [24/Apr/2016:14:36:26 +0200] "GET / HTTP/1.0" 200 1229 "-" "-"
46.4.32.75 - - [24/Apr/2016:14:37:48 +0200] "GET /robots.txt HTTP/1.0" 404 323 "-" "Mozilla/5.0 (compatible; MJ12bot/v1.4.5; http://www.majestic12.co.uk/bot.php?+)"
46.4.32.75 - - [24/Apr/2016:14:37:49 +0200] "GET /index.html HTTP/1.0" 200 1229 "-" "Mozilla/5.0 (compatible; MJ12bot/v1.4.5; http://www.majestic12.co.uk/bot.php?+)"
193.92.3.66 - - [24/Apr/2016:14:41:38 +0200] "GET / HTTP/1.0" 200 1229 "-" "-"
193.92.3.66 - - [24/Apr/2016:14:41:47 +0200] "GET / HTTP/1.0" 200 1229 "-" "-"
193.92.3.66 - - [24/Apr/2016:14:42:29 +0200] "GET / HTTP/1.0" 200 1229 "-" "-"
193.92.3.66 - - [24/Apr/2016:14:48:08 +0200] "GET / HTTP/1.0" 200 1229 "-" "-"
193.92.3.66 - - [24/Apr/2016:14:48:18 +0200] "GET / HTTP/1.0" 200 1229 "-" "-"
46.4.120.3 - - [24/Apr/2016:15:11:16 +0200] "GET /robots.txt HTTP/1.0" 404 323 "-" "Mozilla/5.0 (compatible; MJ12bot/v1.4.5; http://www.majestic12.co.uk/bot.php?+)"
46.4.120.3 - - [24/Apr/2016:15:11:18 +0200] "GET /index.html HTTP/1.0" 200 1229 "-" "Mozilla/5.0 (compatible; MJ12bot/v1.4.5; http://www.majestic12.co.uk/bot.php?+)"
115.231.222.14 - - [24/Apr/2016:15:31:31 +0200] "GET http://zc.qq.com/cgi-bin/common/attr?id=260714&r=0.5614440412945531 HTTP/1.1" 404 320 "-" "Mozilla/5.0 (compatible; MSIE 9.0; Windows NT 6.1; Trident/5.0; 360SE)"
111.248.103.86 - - [24/Apr/2016:16:04:19 +0200] "CONNECT 163mx03.mxmail.netease.com:25 HTTP/1.0" 405 355 "-" "-"
141.212.122.129 - - [24/Apr/2016:16:05:10 +0200] "GET /x HTTP/1.1" 400 329 "-" "Telesphoreo"
111.248.114.188 - - [24/Apr/2016:16:17:02 +0200] "CONNECT 163mx02.mxmail.netease.com:25 HTTP/1.0" 405 355 "-" "-"
141.212.122.129 - - [24/Apr/2016:16:26:52 +0200] "GET /x HTTP/1.1" 400 329 "-" "Telesphoreo"
185.103.252.98 - - [24/Apr/2016:17:22:11 +0200] "GET //cgi-bin/php5 HTTP/1.1" 404 317 "-" "Mozilla/4.0 (compatible; MSIE 6.0; Windows 98)"
185.103.252.98 - - [24/Apr/2016:17:22:11 +0200] "GET //cgi-bin/php-cgi HTTP/1.1" 404 320 "-" "Mozilla/4.0 (compatible; MSIE 6.0; Windows 98)"
185.103.252.98 - - [24/Apr/2016:17:22:11 +0200] "GET //cgi-bin/php.cgi HTTP/1.1" 404 320 "-" "Mozilla/4.0 (compatible; MSIE 6.0; Windows 98)"
185.103.252.98 - - [24/Apr/2016:17:22:11 +0200] "GET //cgi-bin/php4 HTTP/1.1" 404 317 "-" "Mozilla/4.0 (compatible; MSIE 6.0; Windows 98)"
115.231.222.14 - - [24/Apr/2016:17:39:00 +0200] "GET http://zc.qq.com/cgi-bin/common/attr?id=260714&r=0.0297172089880036 HTTP/1.1" 404 320 "-" "Mozilla/5.0 (compatible; MSIE 9.0; Windows NT 6.1; Trident/5.0; 360SE)"
115.231.222.14 - - [24/Apr/2016:17:39:00 +0200] "GET http://zc.qq.com/cgi-bin/common/attr?id=260714&r=0.5351461566629467 HTTP/1.1" 404 320 "-" "Mozilla/5.0 (compatible; MSIE 9.0; Windows NT 6.1; Trident/5.0; 360SE)"
115.231.222.14 - - [24/Apr/2016:17:39:07 +0200] "GET http://zc.qq.com/cgi-bin/common/attr?id=260714&r=0.9519410792120727 HTTP/1.1" 404 320 "-" "Mozilla/5.0 (compatible; MSIE 9.0; Windows NT 6.1; Trident/5.0; 360SE)"
185.103.252.98 - - [24/Apr/2016:17:46:38 +0200] "GET //cgi-bin/php HTTP/1.1" 404 316 "-" "Mozilla/4.0 (compatible; MSIE 6.0; Windows 98)"
185.103.252.98 - - [24/Apr/2016:17:46:47 +0200] "GET //cgi-bin/php4 HTTP/1.1" 404 317 "-" "Mozilla/4.0 (compatible; MSIE 6.0; Windows 98)"
185.103.252.98 - - [24/Apr/2016:17:51:41 +0200] "GET //cgi-bin/php HTTP/1.1" 404 316 "-" "Mozilla/4.0 (compatible; MSIE 6.0; Windows 98)"
185.103.252.98 - - [24/Apr/2016:17:51:41 +0200] "GET //cgi-bin/php5 HTTP/1.1" 404 317 "-" "Mozilla/4.0 (compatible; MSIE 6.0; Windows 98)"
185.103.252.98 - - [24/Apr/2016:17:51:45 +0200] "GET //cgi-bin/php.cgi HTTP/1.1" 404 320 "-" "Mozilla/4.0 (compatible; MSIE 6.0; Windows 98)"
185.103.252.98 - - [24/Apr/2016:17:53:35 +0200] "GET //cgi-bin/php.cgi HTTP/1.1" 404 320 "-" "Mozilla/4.0 (compatible; MSIE 6.0; Windows 98)"
185.103.252.98 - - [24/Apr/2016:18:01:51 +0200] "GET //cgi-bin/php HTTP/1.1" 404 316 "-" "Mozilla/4.0 (compatible; MSIE 6.0; Windows 98)"
185.103.252.98 - - [24/Apr/2016:18:01:52 +0200] "GET //cgi-bin/php5 HTTP/1.1" 404 317 "-" "Mozilla/4.0 (compatible; MSIE 6.0; Windows 98)"
185.103.252.98 - - [24/Apr/2016:18:01:52 +0200] "GET //cgi-bin/php-cgi HTTP/1.1" 404 320 "-" "Mozilla/4.0 (compatible; MSIE 6.0; Windows 98)"
185.103.252.98 - - [24/Apr/2016:18:01:56 +0200] "GET //cgi-bin/php4 HTTP/1.1" 404 317 "-" "Mozilla/4.0 (compatible; MSIE 6.0; Windows 98)"
74.91.18.44 - - [24/Apr/2016:18:03:41 +0200] "GET / HTTP/1.1" 200 1229 "-" "Mozilla/4.0 (compatible; MSIE 8.0; Windows NT 6.1; Trident/4.0; SLCC2; .NET CLR 2.0.50727; .NET CLR 3.5.30729; .NET CLR 3.0.30729; Media Center PC 6.0)"
173.208.197.254 - - [24/Apr/2016:18:33:56 +0200] "GET / HTTP/1.1" 200 1229 "-" "Mozilla/4.0 (compatible; MSIE 8.0; Windows NT 6.1; Trident/4.0; SLCC2; .NET CLR 2.0.50727; .NET CLR 3.5.30729; .NET CLR 3.0.30729; Media Center PC 6.0)"
107.150.32.59 - - [24/Apr/2016:18:37:15 +0200] "GET / HTTP/1.1" 200 1229 "-" "Mozilla/4.0 (compatible; MSIE 8.0; Windows NT 6.1; Trident/4.0; SLCC2; .NET CLR 2.0.50727; .NET CLR 3.5.30729; .NET CLR 3.0.30729; Media Center PC 6.0)"
69.30.198.146 - - [24/Apr/2016:19:10:12 +0200] "GET / HTTP/1.1" 200 1229 "-" "Mozilla/4.0 (compatible; MSIE 8.0; Windows NT 6.1; Trident/4.0; SLCC2; .NET CLR 2.0.50727; .NET CLR 3.5.30729; .NET CLR 3.0.30729; Media Center PC 6.0)"
141.212.122.129 - - [24/Apr/2016:19:25:16 +0200] "GET /x HTTP/1.1" 400 329 "-" "Telesphoreo"
115.231.222.14 - - [24/Apr/2016:19:46:55 +0200] "GET http://zc.qq.com/cgi-bin/common/attr?id=260714&r=0.0366565530790665 HTTP/1.1" 404 320 "-" "Mozilla/5.0 (compatible; MSIE 9.0; Windows NT 6.1; Trident/5.0; 360SE)"
115.231.222.14 - - [24/Apr/2016:19:46:55 +0200] "GET http://zc.qq.com/cgi-bin/common/attr?id=260714&r=0.1611299613367085 HTTP/1.1" 404 320 "-" "Mozilla/5.0 (compatible; MSIE 9.0; Windows NT 6.1; Trident/5.0; 360SE)"
115.231.222.14 - - [24/Apr/2016:19:46:55 +0200] "GET http://zc.qq.com/cgi-bin/common/attr?id=260714&r=0.7540284543297995 HTTP/1.1" 404 320 "-" "Mozilla/5.0 (compatible; MSIE 9.0; Windows NT 6.1; Trident/5.0; 360SE)"
74.91.17.181 - - [24/Apr/2016:20:01:27 +0200] "GET / HTTP/1.1" 200 1229 "-" "Mozilla/4.0 (compatible; MSIE 8.0; Windows NT 6.1; Trident/4.0; SLCC2; .NET CLR 2.0.50727; .NET CLR 3.5.30729; .NET CLR 3.0.30729; Media Center PC 6.0)"
144.76.30.236 - - [24/Apr/2016:20:03:56 +0200] "GET /robots.txt HTTP/1.0" 404 323 "-" "Mozilla/5.0 (compatible; MJ12bot/v1.4.5; http://www.majestic12.co.uk/bot.php?+)"
144.76.30.236 - - [24/Apr/2016:20:03:58 +0200] "GET / HTTP/1.0" 200 1229 "-" "Mozilla/5.0 (compatible; MJ12bot/v1.4.5; http://www.majestic12.co.uk/bot.php?+)"
111.248.57.187 - - [24/Apr/2016:20:11:19 +0200] "CONNECT vip163mx01.mxmail.netease.com:25 HTTP/1.0" 405 358 "-" "-"
5.9.151.22 - - [24/Apr/2016:20:19:30 +0200] "GET /robots.txt HTTP/1.0" 404 327 "-" "Mozilla/5.0 (compatible; MJ12bot/v1.4.5; http://www.majestic12.co.uk/bot.php?+)"
5.9.151.22 - - [24/Apr/2016:20:19:32 +0200] "GET / HTTP/1.0" 200 1229 "-" "Mozilla/5.0 (compatible; MJ12bot/v1.4.5; http://www.majestic12.co.uk/bot.php?+)"
141.212.122.129 - - [24/Apr/2016:20:22:40 +0200] "GET /x HTTP/1.1" 400 329 "-" "Telesphoreo"
45.32.239.214 - - [24/Apr/2016:20:34:13 +0200] "GET /jpg/image.jpg HTTP/1.1" 404 318 "-" "Wget/1.16 (linux-gnu)"
74.91.20.197 - - [24/Apr/2016:20:47:16 +0200] "GET / HTTP/1.1" 200 1229 "-" "Mozilla/4.0 (compatible; MSIE 8.0; Windows NT 6.1; Trident/4.0; SLCC2; .NET CLR 2.0.50727; .NET CLR 3.5.30729; .NET CLR 3.0.30729; Media Center PC 6.0)"
36.231.254.5 - - [24/Apr/2016:20:47:46 +0200] "CONNECT 163mx00.mxmail.netease.com:25 HTTP/1.0" 405 355 "-" "-"
107.150.46.35 - - [24/Apr/2016:21:30:23 +0200] "GET / HTTP/1.1" 200 1229 "-" "Mozilla/4.0 (compatible; MSIE 8.0; Windows NT 6.1; Trident/4.0; SLCC2; .NET CLR 2.0.50727; .NET CLR 3.5.30729; .NET CLR 3.0.30729; Media Center PC 6.0)"
115.231.222.14 - - [24/Apr/2016:21:54:53 +0200] "GET http://zc.qq.com/cgi-bin/common/attr?id=260714&r=0.6479645036879770 HTTP/1.1" 404 320 "-" "Mozilla/5.0 (compatible; MSIE 9.0; Windows NT 6.1; Trident/5.0; 360SE)"
5.28.165.42 - - [24/Apr/2016:21:59:33 +0200] "GET / HTTP/1.0" 200 1229 "-" "masscan/1.0 (https://github.com/robertdavidgraham/masscan)"
5.28.165.42 - - [24/Apr/2016:22:00:06 +0200] "GET / HTTP/1.0" 200 1229 "-" "masscan/1.0 (https://github.com/robertdavidgraham/masscan)"
5.28.165.42 - - [24/Apr/2016:22:00:11 +0200] "GET / HTTP/1.0" 200 1229 "-" "masscan/1.0 (https://github.com/robertdavidgraham/masscan)"
5.28.165.42 - - [24/Apr/2016:22:00:11 +0200] "GET / HTTP/1.0" 200 1229 "-" "masscan/1.0 (https://github.com/robertdavidgraham/masscan)"
5.28.165.42 - - [24/Apr/2016:22:00:15 +0200] "GET / HTTP/1.0" 200 1229 "-" "masscan/1.0 (https://github.com/robertdavidgraham/masscan)"
5.28.165.42 - - [24/Apr/2016:22:00:25 +0200] "GET / HTTP/1.0" 200 1229 "-" "masscan/1.0 (https://github.com/robertdavidgraham/masscan)"
5.28.165.42 - - [24/Apr/2016:22:00:48 +0200] "GET / HTTP/1.0" 200 1229 "-" "masscan/1.0 (https://github.com/robertdavidgraham/masscan)"
5.28.165.42 - - [24/Apr/2016:22:00:50 +0200] "GET / HTTP/1.0" 200 1229 "-" "masscan/1.0 (https://github.com/robertdavidgraham/masscan)"
5.28.165.42 - - [24/Apr/2016:22:00:54 +0200] "GET / HTTP/1.0" 200 1229 "-" "masscan/1.0 (https://github.com/robertdavidgraham/masscan)"
87.6.103.75 - - [24/Apr/2016:22:06:21 +0200] "GET / HTTP/1.1" 200 1229 "-" "-"
107.150.32.61 - - [24/Apr/2016:22:26:54 +0200] "GET / HTTP/1.1" 200 1229 "-" "Mozilla/4.0 (compatible; MSIE 8.0; Windows NT 6.1; Trident/4.0; SLCC2; .NET CLR 2.0.50727; .NET CLR 3.5.30729; .NET CLR 3.0.30729; Media Center PC 6.0)"
141.212.122.129 - - [24/Apr/2016:22:29:27 +0200] "GET /x HTTP/1.1" 400 329 "-" "Telesphoreo"
193.169.52.116 - - [24/Apr/2016:22:34:28 +0200] "GET HTTP/1.0" 400 329 "-" "-"
141.212.122.129 - - [24/Apr/2016:22:35:59 +0200] "GET /x HTTP/1.1" 400 329 "-" "Telesphoreo"
107.150.32.60 - - [24/Apr/2016:22:43:55 +0200] "GET / HTTP/1.1" 200 1229 "-" "Mozilla/4.0 (compatible; MSIE 8.0; Windows NT 6.1; Trident/4.0; SLCC2; .NET CLR 2.0.50727; .NET CLR 3.5.30729; .NET CLR 3.0.30729; Media Center PC 6.0)"
107.150.32.60 - - [24/Apr/2016:22:55:44 +0200] "GET / HTTP/1.1" 200 1229 "-" "Mozilla/4.0 (compatible; MSIE 8.0; Windows NT 6.1; Trident/4.0; SLCC2; .NET CLR 2.0.50727; .NET CLR 3.5.30729; .NET CLR 3.0.30729; Media Center PC 6.0)"
173.208.197.251 - - [24/Apr/2016:23:05:43 +0200] "GET / HTTP/1.1" 200 1229 "-" "Mozilla/4.0 (compatible; MSIE 8.0; Windows NT 6.1; Trident/4.0; SLCC2; .NET CLR 2.0.50727; .NET CLR 3.5.30729; .NET CLR 3.0.30729; Media Center PC 6.0)"
107.150.32.60 - - [24/Apr/2016:23:05:44 +0200] "GET / HTTP/1.1" 200 1229 "-" "Mozilla/4.0 (compatible; MSIE 8.0; Windows NT 6.1; Trident/4.0; SLCC2; .NET CLR 2.0.50727; .NET CLR 3.5.30729; .NET CLR 3.0.30729; Media Center PC 6.0)"
74.91.17.179 - - [24/Apr/2016:23:15:16 +0200] "GET / HTTP/1.1" 200 1229 "-" "Mozilla/4.0 (compatible; MSIE 8.0; Windows NT 6.1; Trident/4.0; SLCC2; .NET CLR 2.0.50727; .NET CLR 3.5.30729; .NET CLR 3.0.30729; Media Center PC 6.0)"
74.91.17.179 - - [24/Apr/2016:23:16:06 +0200] "GET / HTTP/1.1" 200 1229 "-" "Mozilla/4.0 (compatible; MSIE 8.0; Windows NT 6.1; Trident/4.0; SLCC2; .NET CLR 2.0.50727; .NET CLR 3.5.30729; .NET CLR 3.0.30729; Media Center PC 6.0)"
107.150.32.60 - - [24/Apr/2016:23:54:26 +0200] "GET / HTTP/1.1" 200 1229 "-" "Mozilla/4.0 (compatible; MSIE 8.0; Windows NT 6.1; Trident/4.0; SLCC2; .NET CLR 2.0.50727; .NET CLR 3.5.30729; .NET CLR 3.0.30729; Media Center PC 6.0)"
115.231.222.14 - - [25/Apr/2016:00:03:28 +0200] "GET http://zc.qq.com/cgi-bin/common/attr?id=260714&r=0.5014591120711856 HTTP/1.1" 404 320 "-" "Mozilla/5.0 (compatible; MSIE 9.0; Windows NT 6.1; Trident/5.0; 360SE)"
74.91.20.198 - - [25/Apr/2016:00:04:37 +0200] "GET / HTTP/1.1" 200 1229 "-" "Mozilla/4.0 (compatible; MSIE 8.0; Windows NT 6.1; Trident/4.0; SLCC2; .NET CLR 2.0.50727; .NET CLR 3.5.30729; .NET CLR 3.0.30729; Media Center PC 6.0)"
107.150.32.59 - - [25/Apr/2016:00:15:22 +0200] "GET / HTTP/1.1" 200 1229 "-" "Mozilla/4.0 (compatible; MSIE 8.0; Windows NT 6.1; Trident/4.0; SLCC2; .NET CLR 2.0.50727; .NET CLR 3.5.30729; .NET CLR 3.0.30729; Media Center PC 6.0)"
74.91.23.106 - - [25/Apr/2016:00:34:52 +0200] "GET / HTTP/1.1" 200 1229 "-" "Mozilla/4.0 (compatible; MSIE 8.0; Windows NT 6.1; Trident/4.0; SLCC2; .NET CLR 2.0.50727; .NET CLR 3.5.30729; .NET CLR 3.0.30729; Media Center PC 6.0)"
69.30.198.149 - - [25/Apr/2016:00:37:03 +0200] "GET / HTTP/1.1" 200 1229 "-" "Mozilla/4.0 (compatible; MSIE 8.0; Windows NT 6.1; Trident/4.0; SLCC2; .NET CLR 2.0.50727; .NET CLR 3.5.30729; .NET CLR 3.0.30729; Media Center PC 6.0)"
173.208.197.253 - - [25/Apr/2016:00:54:26 +0200] "GET / HTTP/1.1" 200 1229 "-" "Mozilla/4.0 (compatible; MSIE 8.0; Windows NT 6.1; Trident/4.0; SLCC2; .NET CLR 2.0.50727; .NET CLR 3.5.30729; .NET CLR 3.0.30729; Media Center PC 6.0)"
157.55.39.161 - - [25/Apr/2016:01:05:18 +0200] "GET /robots.txt HTTP/1.1" 404 328 "-" "Mozilla/5.0 (compatible; bingbot/2.0; +http://www.bing.com/bingbot.htm)"
157.55.39.161 - - [25/Apr/2016:01:05:30 +0200] "GET / HTTP/1.1" 304 - "-" "Mozilla/5.0 (compatible; bingbot/2.0; +http://www.bing.com/bingbot.htm)"
74.91.18.42 - - [25/Apr/2016:01:10:49 +0200] "GET / HTTP/1.1" 200 1229 "-" "Mozilla/4.0 (compatible; MSIE 8.0; Windows NT 6.1; Trident/4.0; SLCC2; .NET CLR 2.0.50727; .NET CLR 3.5.30729; .NET CLR 3.0.30729; Media Center PC 6.0)"
74.91.18.43 - - [25/Apr/2016:01:36:05 +0200] "GET / HTTP/1.1" 200 1229 "-" "Mozilla/4.0 (compatible; MSIE 8.0; Windows NT 6.1; Trident/4.0; SLCC2; .NET CLR 2.0.50727; .NET CLR 3.5.30729; .NET CLR 3.0.30729; Media Center PC 6.0)"
74.91.17.179 - - [25/Apr/2016:01:47:15 +0200] "GET / HTTP/1.1" 200 1229 "-" "Mozilla/4.0 (compatible; MSIE 8.0; Windows NT 6.1; Trident/4.0; SLCC2; .NET CLR 2.0.50727; .NET CLR 3.5.30729; .NET CLR 3.0.30729; Media Center PC 6.0)"
107.150.46.37 - - [25/Apr/2016:01:50:40 +0200] "GET / HTTP/1.1" 200 1229 "-" "Mozilla/4.0 (compatible; MSIE 8.0; Windows NT 6.1; Trident/4.0; SLCC2; .NET CLR 2.0.50727; .NET CLR 3.5.30729; .NET CLR 3.0.30729; Media Center PC 6.0)"
144.76.172.177 - - [25/Apr/2016:02:06:06 +0200] "GET /robots.txt HTTP/1.1" 404 334 "http://www.sitedomain.de/" "Sitedomain-Bot(Sitedomain-Bot 1.0, http://www.sitedomain.de/sitedomain-bot/)"
74.91.18.46 - - [25/Apr/2016:02:12:08 +0200] "GET / HTTP/1.1" 200 1229 "-" "Mozilla/4.0 (compatible; MSIE 8.0; Windows NT 6.1; Trident/4.0; SLCC2; .NET CLR 2.0.50727; .NET CLR 3.5.30729; .NET CLR 3.0.30729; Media Center PC 6.0)"
115.231.222.14 - - [25/Apr/2016:02:12:39 +0200] "GET http://zc.qq.com/cgi-bin/common/attr?id=260714&r=0.4965241090493266 HTTP/1.1" 404 320 "-" "Mozilla/5.0 (compatible; MSIE 9.0; Windows NT 6.1; Trident/5.0; 360SE)"
115.231.222.14 - - [25/Apr/2016:02:12:39 +0200] "GET http://zc.qq.com/cgi-bin/common/attr?id=260714&r=0.1377992765631060 HTTP/1.1" 404 320 "-" "Mozilla/5.0 (compatible; MSIE 9.0; Windows NT 6.1; Trident/5.0; 360SE)"
74.91.18.44 - - [25/Apr/2016:02:16:10 +0200] "GET / HTTP/1.1" 200 1229 "-" "Mozilla/4.0 (compatible; MSIE 8.0; Windows NT 6.1; Trident/4.0; SLCC2; .NET CLR 2.0.50727; .NET CLR 3.5.30729; .NET CLR 3.0.30729; Media Center PC 6.0)"
74.91.23.109 - - [25/Apr/2016:02:47:48 +0200] "GET / HTTP/1.1" 200 1229 "-" "Mozilla/4.0 (compatible; MSIE 8.0; Windows NT 6.1; Trident/4.0; SLCC2; .NET CLR 2.0.50727; .NET CLR 3.5.30729; .NET CLR 3.0.30729; Media Center PC 6.0)"
193.146.132.42 - - [25/Apr/2016:02:58:31 +0200] "HEAD / HTTP/1.0" 200 - "-" "-"
193.146.132.42 - - [25/Apr/2016:02:58:31 +0200] "HEAD / HTTP/1.0" 200 - "-" "-"
193.146.132.42 - - [25/Apr/2016:02:58:31 +0200] "HEAD / HTTP/1.0" 200 - "-" "-"
193.146.132.42 - - [25/Apr/2016:02:58:31 +0200] "HEAD / HTTP/1.0" 200 - "-" "-"
193.146.132.42 - - [25/Apr/2016:02:58:31 +0200] "HEAD / HTTP/1.0" 200 - "-" "-"
193.146.132.42 - - [25/Apr/2016:02:58:31 +0200] "HEAD / HTTP/1.0" 200 - "-" "-"
193.146.132.42 - - [25/Apr/2016:02:58:31 +0200] "HEAD / HTTP/1.0" 200 - "-" "-"
193.146.132.42 - - [25/Apr/2016:02:58:31 +0200] "HEAD / HTTP/1.0" 200 - "-" "-"
193.146.132.42 - - [25/Apr/2016:02:58:31 +0200] "HEAD / HTTP/1.0" 200 - "-" "-"
193.146.132.42 - - [25/Apr/2016:02:58:31 +0200] "HEAD / HTTP/1.0" 200 - "-" "-"
111.248.96.223 - - [25/Apr/2016:03:05:37 +0200] "CONNECT 163mx03.mxmail.netease.com:25 HTTP/1.0" 405 355 "-" "-"
