74.91.17.182 - - [10/Apr/2016:10:37:21 +0200] "GET / HTTP/1.1" 200 1229 "-" "Mozilla/4.0 (compatible; MSIE 8.0; Windows NT 6.1; Trident/4.0; SLCC2; .NET CLR 2.0.50727; .NET CLR 3.5.30729; .NET CLR 3.0.30729; Media Center PC 6.0)"
74.91.18.45 - - [10/Apr/2016:10:39:00 +0200] "GET / HTTP/1.1" 200 1229 "-" "Mozilla/4.0 (compatible; MSIE 8.0; Windows NT 6.1; Trident/4.0; SLCC2; .NET CLR 2.0.50727; .NET CLR 3.5.30729; .NET CLR 3.0.30729; Media Center PC 6.0)"
115.231.222.14 - - [10/Apr/2016:10:39:25 +0200] "GET http://zc.qq.com/cgi-bin/common/attr?id=260714&r=0.5655787267633815 HTTP/1.1" 404 320 "-" "Mozilla/5.0 (compatible; MSIE 9.0; Windows NT 6.1; Trident/5.0; 360SE)"
115.231.222.14 - - [10/Apr/2016:10:39:25 +0200] "GET http://zc.qq.com/cgi-bin/common/attr?id=260714&r=0.2108365932058036 HTTP/1.1" 404 320 "-" "Mozilla/5.0 (compatible; MSIE 9.0; Windows NT 6.1; Trident/5.0; 360SE)"
115.231.222.14 - - [10/Apr/2016:10:39:25 +0200] "GET http://zc.qq.com/cgi-bin/common/attr?id=260714&r=0.7974168922284774 HTTP/1.1" 404 320 "-" "Mozilla/5.0 (compatible; MSIE 9.0; Windows NT 6.1; Trident/5.0; 360SE)"
74.91.23.106 - - [10/Apr/2016:10:48:20 +0200] "GET / HTTP/1.1" 200 1229 "-" "Mozilla/4.0 (compatible; MSIE 8.0; Windows NT 6.1; Trident/4.0; SLCC2; .NET CLR 2.0.50727; .NET CLR 3.5.30729; .NET CLR 3.0.30729; Media Center PC 6.0)"
169.229.3.91 - - [10/Apr/2016:10:58:03 +0200] "G\xa5\xd3\xa6\xb8Z,YJ\xa7M\x8f\xcc\x1b\x80\xd51\x90\xca\x94\xe4*\xc6\"X\xcf\xf5\x04\x8d7\x93P\xd3\xc3\x95\xae\x9c\xe4f<\xd2\xe2\x90u\xc0\\\xe0\x8al\xf6" 501 373 "-" "-"
120.132.50.135 - - [10/Apr/2016:11:01:51 +0200] "GET http://www.elong.com/ HTTP/1.1" 200 1229 "-" "Mozilla/5.0 (Windows NT 6.1; WOW64; rv:29.0) Gecko/20100101 Firefox/29.0"
204.12.196.238 - - [10/Apr/2016:11:02:04 +0200] "GET / HTTP/1.1" 200 1229 "-" "Mozilla/4.0 (compatible; MSIE 8.0; Windows NT 6.1; Trident/4.0; SLCC2; .NET CLR 2.0.50727; .NET CLR 3.5.30729; .NET CLR 3.0.30729; Media Center PC 6.0)"
74.91.23.106 - - [10/Apr/2016:11:03:40 +0200] "GET / HTTP/1.1" 200 1229 "-" "Mozilla/4.0 (compatible; MSIE 8.0; Windows NT 6.1; Trident/4.0; SLCC2; .NET CLR 2.0.50727; .NET CLR 3.5.30729; .NET CLR 3.0.30729; Media Center PC 6.0)"
69.30.202.229 - - [10/Apr/2016:11:23:12 +0200] "GET / HTTP/1.1" 200 1229 "-" "Mozilla/4.0 (compatible; MSIE 8.0; Windows NT 6.1; Trident/4.0; SLCC2; .NET CLR 2.0.50727; .NET CLR 3.5.30729; .NET CLR 3.0.30729; Media Center PC 6.0)"
74.91.17.178 - - [10/Apr/2016:11:30:36 +0200] "GET / HTTP/1.1" 200 1229 "-" "Mozilla/4.0 (compatible; MSIE 8.0; Windows NT 6.1; Trident/4.0; SLCC2; .NET CLR 2.0.50727; .NET CLR 3.5.30729; .NET CLR 3.0.30729; Media Center PC 6.0)"
120.132.50.135 - - [10/Apr/2016:11:39:03 +0200] "GET http://www.qyer.com/ HTTP/1.1" 200 1229 "-" "Mozilla/5.0 (Windows NT 6.1; WOW64; rv:29.0) Gecko/20100101 Firefox/29.0"
107.150.32.59 - - [10/Apr/2016:11:39:28 +0200] "GET / HTTP/1.1" 200 1229 "-" "Mozilla/4.0 (compatible; MSIE 8.0; Windows NT 6.1; Trident/4.0; SLCC2; .NET CLR 2.0.50727; .NET CLR 3.5.30729; .NET CLR 3.0.30729; Media Center PC 6.0)"
54.153.33.145 - - [10/Apr/2016:11:49:51 +0200] "GET / HTTP/1.1" 200 1229 "-" "Mozilla/5.0 (Windows NT 6.1) AppleWebKit/537.36 (KHTML, like Gecko) Chrome/41.0.2228.0 Safari/537.36"
54.153.33.233 - - [10/Apr/2016:12:04:57 +0200] "GET / HTTP/1.1" 200 1229 "-" "Mozilla/5.0 (Windows NT 6.1) AppleWebKit/537.36 (KHTML, like Gecko) Chrome/41.0.2228.0 Safari/537.36"
69.30.226.219 - - [10/Apr/2016:12:07:19 +0200] "GET / HTTP/1.1" 200 1229 "-" "Mozilla/4.0 (compatible; MSIE 8.0; Windows NT 6.1; Trident/4.0; SLCC2; .NET CLR 2.0.50727; .NET CLR 3.5.30729; .NET CLR 3.0.30729; Media Center PC 6.0)"
69.30.202.226 - - [10/Apr/2016:12:13:48 +0200] "GET / HTTP/1.1" 200 1229 "-" "Mozilla/4.0 (compatible; MSIE 8.0; Windows NT 6.1; Trident/4.0; SLCC2; .NET CLR 2.0.50727; .NET CLR 3.5.30729; .NET CLR 3.0.30729; Media Center PC 6.0)"
107.150.32.61 - - [10/Apr/2016:12:16:55 +0200] "GET / HTTP/1.1" 200 1229 "-" "Mozilla/4.0 (compatible; MSIE 8.0; Windows NT 6.1; Trident/4.0; SLCC2; .NET CLR 2.0.50727; .NET CLR 3.5.30729; .NET CLR 3.0.30729; Media Center PC 6.0)"
74.91.23.109 - - [10/Apr/2016:12:19:52 +0200] "GET / HTTP/1.1" 200 1229 "-" "Mozilla/4.0 (compatible; MSIE 8.0; Windows NT 6.1; Trident/4.0; SLCC2; .NET CLR 2.0.50727; .NET CLR 3.5.30729; .NET CLR 3.0.30729; Media Center PC 6.0)"
111.248.117.218 - - [10/Apr/2016:12:28:32 +0200] "CONNECT 163mx01.mxmail.netease.com:25 HTTP/1.0" 405 355 "-" "-"
173.208.197.253 - - [10/Apr/2016:12:28:55 +0200] "GET / HTTP/1.1" 200 1229 "-" "Mozilla/4.0 (compatible; MSIE 8.0; Windows NT 6.1; Trident/4.0; SLCC2; .NET CLR 2.0.50727; .NET CLR 3.5.30729; .NET CLR 3.0.30729; Media Center PC 6.0)"
115.231.222.14 - - [10/Apr/2016:12:49:36 +0200] "GET http://zc.qq.com/cgi-bin/common/attr?id=260714&r=0.3650973522958251 HTTP/1.1" 404 320 "-" "Mozilla/5.0 (compatible; MSIE 9.0; Windows NT 6.1; Trident/5.0; 360SE)"
115.231.222.14 - - [10/Apr/2016:12:49:43 +0200] "GET http://zc.qq.com/cgi-bin/common/attr?id=260714&r=0.1595252456189683 HTTP/1.1" 404 320 "-" "Mozilla/5.0 (compatible; MSIE 9.0; Windows NT 6.1; Trident/5.0; 360SE)"
192.99.0.141 - - [10/Apr/2016:12:50:45 +0200] "GET /xmlrpc.php HTTP/1.1" 404 315 "-" "-"
192.99.0.141 - - [10/Apr/2016:13:05:35 +0200] "GET /xmlrpc.php HTTP/1.1" 404 315 "-" "-"
141.212.122.129 - - [10/Apr/2016:13:11:27 +0200] "GET /x HTTP/1.1" 400 329 "-" "Telesphoreo"
74.91.18.42 - - [10/Apr/2016:13:11:30 +0200] "GET / HTTP/1.1" 200 1229 "-" "Mozilla/4.0 (compatible; MSIE 8.0; Windows NT 6.1; Trident/4.0; SLCC2; .NET CLR 2.0.50727; .NET CLR 3.5.30729; .NET CLR 3.0.30729; Media Center PC 6.0)"
94.102.52.41 - - [10/Apr/2016:13:14:48 +0200] "GET / HTTP/1.1" 200 1229 "-" "Mozilla/5.0 (Windows NT 6.1; WOW64) AppleWebKit/537.36 (KHTML, like Gecko) Chrome/46.0.2490.80 Safari/537.36"
94.102.52.41 - - [10/Apr/2016:13:14:48 +0200] "GET / HTTP/1.1" 200 1229 "-" "Mozilla/5.0 (Windows NT 6.1; WOW64) AppleWebKit/537.36 (KHTML, like Gecko) Chrome/46.0.2490.80 Safari/537.36"
94.102.52.41 - - [10/Apr/2016:13:14:48 +0200] "GET / HTTP/1.1" 200 1229 "-" "Mozilla/5.0 (Windows NT 6.1; WOW64) AppleWebKit/537.36 (KHTML, like Gecko) Chrome/46.0.2490.80 Safari/537.36"
94.102.52.41 - - [10/Apr/2016:13:14:48 +0200] "GET / HTTP/1.1" 200 1229 "-" "Mozilla/5.0 (Windows NT 6.1; WOW64) AppleWebKit/537.36 (KHTML, like Gecko) Chrome/46.0.2490.80 Safari/537.36"
94.102.52.41 - - [10/Apr/2016:13:14:48 +0200] "GET / HTTP/1.1" 200 1229 "-" "Mozilla/5.0 (Windows NT 6.1; WOW64) AppleWebKit/537.36 (KHTML, like Gecko) Chrome/46.0.2490.80 Safari/537.36"
94.102.52.41 - - [10/Apr/2016:13:14:48 +0200] "GET / HTTP/1.1" 200 1229 "-" "Mozilla/5.0 (Windows NT 6.1; WOW64) AppleWebKit/537.36 (KHTML, like Gecko) Chrome/46.0.2490.80 Safari/537.36"
94.102.52.41 - - [10/Apr/2016:13:14:48 +0200] "GET / HTTP/1.1" 200 1229 "-" "Mozilla/5.0 (Windows NT 6.1; WOW64) AppleWebKit/537.36 (KHTML, like Gecko) Chrome/46.0.2490.80 Safari/537.36"
94.102.52.41 - - [10/Apr/2016:13:14:48 +0200] "GET / HTTP/1.1" 200 1229 "-" "Mozilla/5.0 (Windows NT 6.1; WOW64) AppleWebKit/537.36 (KHTML, like Gecko) Chrome/46.0.2490.80 Safari/537.36"
94.102.52.41 - - [10/Apr/2016:13:14:48 +0200] "GET / HTTP/1.1" 200 1229 "-" "Mozilla/5.0 (Windows NT 6.1; WOW64) AppleWebKit/537.36 (KHTML, like Gecko) Chrome/46.0.2490.80 Safari/537.36"
94.102.52.41 - - [10/Apr/2016:13:14:48 +0200] "GET / HTTP/1.1" 200 1229 "-" "Mozilla/5.0 (Windows NT 6.1; WOW64) AppleWebKit/537.36 (KHTML, like Gecko) Chrome/46.0.2490.80 Safari/537.36"
120.132.50.135 - - [10/Apr/2016:13:30:51 +0200] "GET http://www.mafengwo.cn/ HTTP/1.1" 200 1229 "-" "Mozilla/5.0 (Windows NT 6.1; WOW64; rv:29.0) Gecko/20100101 Firefox/29.0"
66.249.78.254 - - [10/Apr/2016:13:33:33 +0200] "GET /robots.txt HTTP/1.1" 404 337 "-" "Mozilla/5.0 (compatible; Googlebot/2.1; +http://www.google.com/bot.html)"
66.249.78.254 - - [10/Apr/2016:13:33:33 +0200] "GET / HTTP/1.1" 200 1229 "-" "Mozilla/5.0 (compatible; Googlebot/2.1; +http://www.google.com/bot.html)"
69.197.185.18 - - [10/Apr/2016:14:02:52 +0200] "GET / HTTP/1.1" 200 1229 "-" "Mozilla/4.0 (compatible; MSIE 8.0; Windows NT 6.1; Trident/4.0; SLCC2; .NET CLR 2.0.50727; .NET CLR 3.5.30729; .NET CLR 3.0.30729; Media Center PC 6.0)"
69.197.185.19 - - [10/Apr/2016:14:40:20 +0200] "GET / HTTP/1.1" 200 1229 "-" "Mozilla/4.0 (compatible; MSIE 8.0; Windows NT 6.1; Trident/4.0; SLCC2; .NET CLR 2.0.50727; .NET CLR 3.5.30729; .NET CLR 3.0.30729; Media Center PC 6.0)"
14.29.84.252 - - [10/Apr/2016:14:48:52 +0200] "GET /manager/html HTTP/1.1" 404 317 "-" "Mozilla/3.0 (compatible; Indy Library)"
14.29.84.252 - - [10/Apr/2016:14:49:10 +0200] "GET /manager/html HTTP/1.1" 404 317 "-" "Mozilla/3.0 (compatible; Indy Library)"
14.29.84.252 - - [10/Apr/2016:14:49:12 +0200] "GET /manager/html HTTP/1.1" 404 317 "-" "Mozilla/3.0 (compatible; Indy Library)"
14.29.84.252 - - [10/Apr/2016:14:49:13 +0200] "GET /manager/html HTTP/1.1" 404 317 "-" "Mozilla/3.0 (compatible; Indy Library)"
115.231.222.14 - - [10/Apr/2016:14:59:15 +0200] "GET http://zc.qq.com/cgi-bin/common/attr?id=260714&r=0.2921471728155461 HTTP/1.1" 404 320 "-" "Mozilla/5.0 (compatible; MSIE 9.0; Windows NT 6.1; Trident/5.0; 360SE)"
115.231.222.14 - - [10/Apr/2016:14:59:18 +0200] "GET http://zc.qq.com/cgi-bin/common/attr?id=260714&r=0.0055127609502725 HTTP/1.1" 404 320 "-" "Mozilla/5.0 (compatible; MSIE 9.0; Windows NT 6.1; Trident/5.0; 360SE)"
115.231.222.14 - - [10/Apr/2016:14:59:19 +0200] "GET http://zc.qq.com/cgi-bin/common/attr?id=260714&r=0.7808254376816988 HTTP/1.1" 404 320 "-" "Mozilla/5.0 (compatible; MSIE 9.0; Windows NT 6.1; Trident/5.0; 360SE)"
107.150.46.34 - - [10/Apr/2016:15:04:51 +0200] "GET / HTTP/1.1" 200 1229 "-" "Mozilla/4.0 (compatible; MSIE 8.0; Windows NT 6.1; Trident/4.0; SLCC2; .NET CLR 2.0.50727; .NET CLR 3.5.30729; .NET CLR 3.0.30729; Media Center PC 6.0)"
69.30.226.100 - - [10/Apr/2016:15:16:29 +0200] "GET / HTTP/1.1" 200 1229 "-" "Mozilla/4.0 (compatible; MSIE 8.0; Windows NT 6.1; Trident/4.0; SLCC2; .NET CLR 2.0.50727; .NET CLR 3.5.30729; .NET CLR 3.0.30729; Media Center PC 6.0)"
204.12.196.234 - - [10/Apr/2016:15:27:22 +0200] "GET / HTTP/1.1" 200 1229 "-" "Mozilla/4.0 (compatible; MSIE 8.0; Windows NT 6.1; Trident/4.0; SLCC2; .NET CLR 2.0.50727; .NET CLR 3.5.30729; .NET CLR 3.0.30729; Media Center PC 6.0)"
45.79.200.35 - - [10/Apr/2016:15:35:53 +0200] "GET / HTTP/1.1" 200 1229 "-" "Mozilla/5.0 (Windows NT 10.0; WOW64) AppleWebKit/537.36 (KHTML, like Gecko) Chrome/48.0.2564.116 Safari/537.36"
111.248.58.15 - - [10/Apr/2016:15:39:57 +0200] "CONNECT vip163mx00.mxmail.netease.com:25 HTTP/1.0" 405 358 "-" "-"
66.249.78.187 - - [10/Apr/2016:15:50:52 +0200] "GET /robots.txt HTTP/1.1" 404 334 "-" "Mozilla/5.0 (compatible; Googlebot/2.1; +http://www.google.com/bot.html)"
66.249.78.201 - - [10/Apr/2016:15:50:52 +0200] "GET / HTTP/1.1" 200 1229 "-" "Mozilla/5.0 (compatible; Googlebot/2.1; +http://www.google.com/bot.html)"
115.231.222.14 - - [10/Apr/2016:17:09:12 +0200] "GET http://zc.qq.com/cgi-bin/common/attr?id=260714&r=0.3005974292274786 HTTP/1.1" 404 320 "-" "Mozilla/5.0 (compatible; MSIE 9.0; Windows NT 6.1; Trident/5.0; 360SE)"
46.102.243.236 - - [10/Apr/2016:17:10:09 +0200] "GET / HTTP/1.0" 200 1229 "-" "-"
46.102.243.236 - - [10/Apr/2016:17:10:10 +0200] "GET / HTTP/1.1" 200 1229 "-" "Mozilla/5.0 (Windows NT 6.1; WOW64) AppleWebKit/537.36 (KHTML, like Gecko) Chrome/47.0.2526.111 Safari/537.36"
46.102.243.236 - - [10/Apr/2016:17:10:11 +0200] "GET /CHANGELOG.txt HTTP/1.1" 404 318 "-" "Mozilla/5.0 (Windows NT 6.1; WOW64) AppleWebKit/537.36 (KHTML, like Gecko) Chrome/47.0.2526.111 Safari/537.36"
46.102.243.236 - - [10/Apr/2016:17:10:13 +0200] "GET /joomla.xml HTTP/1.1" 404 315 "-" "Mozilla/5.0 (Windows NT 6.1; WOW64) AppleWebKit/537.36 (KHTML, like Gecko) Chrome/47.0.2526.111 Safari/537.36"
46.102.243.236 - - [10/Apr/2016:17:10:14 +0200] "GET /administrator/manifests/libraries/joomla.xml HTTP/1.1" 404 349 "-" "Mozilla/5.0 (Windows NT 6.1; WOW64) AppleWebKit/537.36 (KHTML, like Gecko) Chrome/47.0.2526.111 Safari/537.36"
46.102.243.236 - - [10/Apr/2016:17:10:16 +0200] "GET / HTTP/1.1" 200 1229 "-" "Mozilla/5.0 (Windows NT 10.0; WOW64; rv:43.0) Gecko/20100101 Firefox/43.0"
123.59.59.52 - - [10/Apr/2016:18:56:11 +0200] "GET http://www.ctrip.com/ HTTP/1.1" 200 1229 "-" "Mozilla/5.0 (Windows NT 6.1; WOW64; rv:29.0) Gecko/20100101 Firefox/29.0"
193.92.3.66 - - [10/Apr/2016:19:01:14 +0200] "GET / HTTP/1.0" 200 1229 "-" "-"
193.92.3.66 - - [10/Apr/2016:19:03:08 +0200] "GET / HTTP/1.0" 200 1229 "-" "-"
193.92.3.66 - - [10/Apr/2016:19:06:36 +0200] "GET / HTTP/1.0" 200 1229 "-" "-"
193.92.3.66 - - [10/Apr/2016:19:09:09 +0200] "GET / HTTP/1.0" 200 1229 "-" "-"
193.92.3.66 - - [10/Apr/2016:19:10:27 +0200] "GET / HTTP/1.0" 200 1229 "-" "-"
193.92.3.66 - - [10/Apr/2016:19:11:42 +0200] "GET / HTTP/1.0" 200 1229 "-" "-"
193.92.3.66 - - [10/Apr/2016:19:14:41 +0200] "GET / HTTP/1.0" 200 1229 "-" "-"
193.92.3.66 - - [10/Apr/2016:19:17:49 +0200] "GET / HTTP/1.0" 200 1229 "-" "-"
193.92.3.66 - - [10/Apr/2016:19:19:45 +0200] "GET / HTTP/1.0" 200 1229 "-" "-"
193.92.3.66 - - [10/Apr/2016:19:19:52 +0200] "GET / HTTP/1.0" 200 1229 "-" "-"
61.231.3.172 - - [10/Apr/2016:19:24:17 +0200] "CONNECT 163mx02.mxmail.netease.com:25 HTTP/1.0" 405 355 "-" "-"
141.212.122.129 - - [10/Apr/2016:19:44:28 +0200] "GET /x HTTP/1.1" 400 329 "-" "Telesphoreo"
141.212.122.129 - - [10/Apr/2016:20:05:05 +0200] "GET /x HTTP/1.1" 400 329 "-" "Telesphoreo"
104.245.235.99 - - [10/Apr/2016:20:29:28 +0200] "GET / HTTP/1.0" 200 1229 "-" "masscan/1.0 (https://github.com/robertdavidgraham/masscan)"
104.245.235.99 - - [10/Apr/2016:20:29:44 +0200] "GET / HTTP/1.0" 200 1229 "-" "masscan/1.0 (https://github.com/robertdavidgraham/masscan)"
141.212.122.129 - - [10/Apr/2016:20:49:50 +0200] "GET /x HTTP/1.1" 400 329 "-" "Telesphoreo"
192.99.0.141 - - [10/Apr/2016:21:20:57 +0200] "GET /xmlrpc.php HTTP/1.1" 404 315 "-" "-"
123.59.59.52 - - [10/Apr/2016:21:26:07 +0200] "GET http://www.elong.com/ HTTP/1.1" 200 1229 "-" "Mozilla/5.0 (Windows NT 6.1; WOW64; rv:29.0) Gecko/20100101 Firefox/29.0"
5.28.181.17 - - [10/Apr/2016:21:34:00 +0200] "GET / HTTP/1.0" 200 1229 "-" "masscan/1.0 (https://github.com/robertdavidgraham/masscan)"
5.28.181.17 - - [10/Apr/2016:21:34:02 +0200] "GET / HTTP/1.0" 200 1229 "-" "masscan/1.0 (https://github.com/robertdavidgraham/masscan)"
5.28.181.17 - - [10/Apr/2016:21:34:18 +0200] "GET / HTTP/1.0" 200 1229 "-" "masscan/1.0 (https://github.com/robertdavidgraham/masscan)"
5.28.181.17 - - [10/Apr/2016:21:34:24 +0200] "GET / HTTP/1.0" 200 1229 "-" "masscan/1.0 (https://github.com/robertdavidgraham/masscan)"
5.28.181.17 - - [10/Apr/2016:21:34:27 +0200] "GET / HTTP/1.0" 200 1229 "-" "masscan/1.0 (https://github.com/robertdavidgraham/masscan)"
5.28.181.17 - - [10/Apr/2016:21:34:34 +0200] "GET / HTTP/1.0" 200 1229 "-" "masscan/1.0 (https://github.com/robertdavidgraham/masscan)"
5.28.181.17 - - [10/Apr/2016:21:34:41 +0200] "GET / HTTP/1.0" 200 1229 "-" "masscan/1.0 (https://github.com/robertdavidgraham/masscan)"
5.28.181.17 - - [10/Apr/2016:21:34:41 +0200] "GET / HTTP/1.0" 200 1229 "-" "masscan/1.0 (https://github.com/robertdavidgraham/masscan)"
5.28.181.17 - - [10/Apr/2016:21:35:12 +0200] "GET / HTTP/1.0" 200 1229 "-" "masscan/1.0 (https://github.com/robertdavidgraham/masscan)"
5.28.181.17 - - [10/Apr/2016:21:35:15 +0200] "GET / HTTP/1.0" 200 1229 "-" "masscan/1.0 (https://github.com/robertdavidgraham/masscan)"
192.99.0.141 - - [10/Apr/2016:21:39:10 +0200] "GET /xmlrpc.php HTTP/1.1" 404 315 "-" "-"
180.250.68.154 - - [10/Apr/2016:21:45:03 +0200] "GET /user/soapCaller.bs HTTP/1.1" 404 323 "-" "Morfeus Fucking Scanner"
180.250.68.154 - - [10/Apr/2016:21:45:03 +0200] "GET /user/soapCaller.bs HTTP/1.1" 404 323 "-" "Morfeus Fucking Scanner"
180.250.68.154 - - [10/Apr/2016:21:45:03 +0200] "GET /user/soapCaller.bs HTTP/1.1" 404 323 "-" "Morfeus Fucking Scanner"
180.250.68.154 - - [10/Apr/2016:21:45:03 +0200] "GET /user/soapCaller.bs HTTP/1.1" 404 323 "-" "Morfeus Fucking Scanner"
180.250.68.154 - - [10/Apr/2016:21:45:03 +0200] "GET /user/soapCaller.bs HTTP/1.1" 404 323 "-" "Morfeus Fucking Scanner"
180.250.68.154 - - [10/Apr/2016:21:45:03 +0200] "GET /user/soapCaller.bs HTTP/1.1" 404 323 "-" "Morfeus Fucking Scanner"
180.250.68.154 - - [10/Apr/2016:21:45:03 +0200] "GET /user/soapCaller.bs HTTP/1.1" 404 323 "-" "Morfeus Fucking Scanner"
180.250.68.154 - - [10/Apr/2016:21:45:03 +0200] "GET /user/soapCaller.bs HTTP/1.1" 404 323 "-" "Morfeus Fucking Scanner"
180.250.68.154 - - [10/Apr/2016:21:45:03 +0200] "GET /user/soapCaller.bs HTTP/1.1" 404 323 "-" "Morfeus Fucking Scanner"
54.153.33.152 - - [10/Apr/2016:21:55:13 +0200] "GET / HTTP/1.1" 200 1229 "-" "Mozilla/5.0 (Windows NT 6.1) AppleWebKit/537.36 (KHTML, like Gecko) Chrome/41.0.2228.0 Safari/537.36"
141.212.122.129 - - [10/Apr/2016:22:17:00 +0200] "GET /x HTTP/1.1" 400 329 "-" "Telesphoreo"
141.212.122.129 - - [10/Apr/2016:22:23:22 +0200] "GET /x HTTP/1.1" 400 329 "-" "Telesphoreo"
141.212.122.129 - - [10/Apr/2016:22:25:28 +0200] "GET /x HTTP/1.1" 400 329 "-" "Telesphoreo"
157.55.39.32 - - [10/Apr/2016:22:31:19 +0200] "GET /index.html HTTP/1.1" 200 1229 "-" "Mozilla/5.0 (iPhone; CPU iPhone OS 7_0 like Mac OS X) AppleWebKit/537.51.1 (KHTML, like Gecko) Version/7.0 Mobile/11A465 Safari/9537.53 (compatible; bingbot/2.0; +http://www.bing.com/bingbot.htm)"
157.55.39.32 - - [10/Apr/2016:22:31:23 +0200] "GET /robots.txt HTTP/1.1" 404 323 "-" "Mozilla/5.0 (compatible; bingbot/2.0; +http://www.bing.com/bingbot.htm)"
54.153.33.145 - - [10/Apr/2016:22:32:16 +0200] "GET / HTTP/1.1" 200 1229 "-" "Mozilla/5.0 (Windows NT 6.1) AppleWebKit/537.36 (KHTML, like Gecko) Chrome/41.0.2228.0 Safari/537.36"
54.153.33.233 - - [10/Apr/2016:23:12:05 +0200] "GET / HTTP/1.1" 200 1229 "-" "Mozilla/5.0 (Windows NT 6.1) AppleWebKit/537.36 (KHTML, like Gecko) Chrome/41.0.2228.0 Safari/537.36"
37.187.114.171 - - [10/Apr/2016:23:23:06 +0200] "HEAD /irj/portal HTTP/1.0" 404 - "-" "-"
123.59.59.52 - - [10/Apr/2016:23:29:53 +0200] "GET http://www.mafengwo.cn/ HTTP/1.1" 200 1229 "-" "Mozilla/5.0 (Windows NT 6.1; WOW64; rv:29.0) Gecko/20100101 Firefox/29.0"
115.231.222.14 - - [10/Apr/2016:23:38:38 +0200] "GET http://zc.qq.com/cgi-bin/common/attr?id=260714&r=0.7863268199325991 HTTP/1.1" 404 320 "-" "Mozilla/5.0 (compatible; MSIE 9.0; Windows NT 6.1; Trident/5.0; 360SE)"
115.231.222.14 - - [10/Apr/2016:23:38:39 +0200] "GET http://zc.qq.com/cgi-bin/common/attr?id=260714&r=0.0897586241412880 HTTP/1.1" 404 320 "-" "Mozilla/5.0 (compatible; MSIE 9.0; Windows NT 6.1; Trident/5.0; 360SE)"
115.231.222.14 - - [10/Apr/2016:23:38:39 +0200] "GET http://zc.qq.com/cgi-bin/common/attr?id=260714&r=0.0344977771610324 HTTP/1.1" 404 320 "-" "Mozilla/5.0 (compatible; MSIE 9.0; Windows NT 6.1; Trident/5.0; 360SE)"
185.106.92.47 - - [11/Apr/2016:00:34:54 +0200] "GET /muieblackcat HTTP/1.1" 404 317 "-" "-"
185.106.92.47 - - [11/Apr/2016:00:34:59 +0200] "GET //phpMyAdmin/scripts/setup.php HTTP/1.1" 404 333 "-" "-"
185.106.92.47 - - [11/Apr/2016:00:35:00 +0200] "GET //phpmyadmin/scripts/setup.php HTTP/1.1" 404 333 "-" "-"
185.106.92.47 - - [11/Apr/2016:00:35:01 +0200] "GET //pma/scripts/setup.php HTTP/1.1" 404 326 "-" "-"
185.106.92.47 - - [11/Apr/2016:00:35:01 +0200] "GET //myadmin/scripts/setup.php HTTP/1.1" 404 330 "-" "-"
185.106.92.47 - - [11/Apr/2016:00:35:01 +0200] "GET //MyAdmin/scripts/setup.php HTTP/1.1" 404 330 "-" "-"
138.201.89.242 - - [11/Apr/2016:01:30:08 +0200] "\x16\x03\x01" 501 318 "-" "-"
138.201.89.242 - - [11/Apr/2016:01:30:14 +0200] "GET / HTTP/1.0" 200 1229 "-" "-"
138.201.89.242 - - [11/Apr/2016:01:30:19 +0200] "GET / HTTP/1.1" 200 1229 "-" "Mozilla/5.0 (Windows NT 6.1) AppleWebKit/537.36 (KHTML, like Gecko) Chrome/47.0.2526.111 Safari/537.36"
138.201.89.242 - - [11/Apr/2016:01:30:25 +0200] "GET /CHANGELOG.txt HTTP/1.1" 404 318 "-" "Mozilla/5.0 (Windows NT 6.1) AppleWebKit/537.36 (KHTML, like Gecko) Chrome/47.0.2526.111 Safari/537.36"
138.201.89.242 - - [11/Apr/2016:01:30:31 +0200] "GET /joomla.xml HTTP/1.1" 404 315 "-" "Mozilla/5.0 (Windows NT 6.3; WOW64) AppleWebKit/537.36 (KHTML, like Gecko) Chrome/48.0.2564.109 Safari/537.36"
138.201.89.242 - - [11/Apr/2016:01:30:36 +0200] "GET /administrator/manifests/libraries/joomla.xml HTTP/1.1" 404 349 "-" "Mozilla/5.0 (Windows NT 6.3; WOW64) AppleWebKit/537.36 (KHTML, like Gecko) Chrome/48.0.2564.109 Safari/537.36"
138.201.89.242 - - [11/Apr/2016:01:30:42 +0200] "GET / HTTP/1.1" 200 1229 "-" "Mozilla/5.0 (Windows NT 6.1; WOW64) AppleWebKit/537.36 (KHTML, like Gecko) Chrome/48.0.2564.109 Safari/537.36"
138.201.89.242 - - [11/Apr/2016:01:30:48 +0200] "GET / HTTP/1.1" 200 1229 "-" "Mozilla/5.0 (Windows NT 6.1; WOW64) AppleWebKit/537.36 (KHTML, like Gecko) Chrome/48.0.2564.97 Safari/537.36"
138.201.89.242 - - [11/Apr/2016:01:30:54 +0200] "GET /readme.html HTTP/1.1" 404 316 "-" "Mozilla/5.0 (Windows NT 6.1; WOW64) AppleWebKit/537.36 (KHTML, like Gecko) Chrome/48.0.2564.97 Safari/537.36"
115.231.222.14 - - [11/Apr/2016:01:48:21 +0200] "GET http://zc.qq.com/cgi-bin/common/attr?id=260714&r=0.0861613919744511 HTTP/1.1" 404 320 "-" "Mozilla/5.0 (compatible; MSIE 9.0; Windows NT 6.1; Trident/5.0; 360SE)"
13.82.58.15 - - [11/Apr/2016:01:55:01 +0200] "GET /xmlrpc.php HTTP/1.1" 404 315 "-" "-"
66.240.213.93 - - [11/Apr/2016:02:18:35 +0200] "GET / HTTP/1.0" 200 1229 "-" "masscan/1.0 (https://github.com/robertdavidgraham/masscan)"
37.187.114.171 - - [11/Apr/2016:02:31:28 +0200] "HEAD /irj/portal HTTP/1.0" 404 - "-" "-"
66.240.213.93 - - [11/Apr/2016:02:32:57 +0200] "GET / HTTP/1.0" 200 1229 "-" "masscan/1.0 (https://github.com/robertdavidgraham/masscan)"
66.240.213.93 - - [11/Apr/2016:02:39:06 +0200] "GET / HTTP/1.0" 200 1229 "-" "masscan/1.0 (https://github.com/robertdavidgraham/masscan)"
54.153.33.233 - - [11/Apr/2016:03:04:16 +0200] "GET / HTTP/1.1" 200 1229 "-" "Mozilla/5.0 (Windows NT 6.1) AppleWebKit/537.36 (KHTML, like Gecko) Chrome/41.0.2228.0 Safari/537.36"
141.212.122.129 - - [11/Apr/2016:03:17:17 +0200] "GET /x HTTP/1.1" 400 329 "-" "Telesphoreo"
54.153.32.246 - - [11/Apr/2016:03:25:57 +0200] "GET / HTTP/1.1" 200 1229 "-" "Mozilla/5.0 (Windows NT 6.1) AppleWebKit/537.36 (KHTML, like Gecko) Chrome/41.0.2228.0 Safari/537.36"
54.153.33.152 - - [11/Apr/2016:03:28:49 +0200] "GET / HTTP/1.1" 200 1229 "-" "Mozilla/5.0 (Windows NT 6.1) AppleWebKit/537.36 (KHTML, like Gecko) Chrome/41.0.2228.0 Safari/537.36"
120.132.50.135 - - [11/Apr/2016:03:29:59 +0200] "GET http://www.ctrip.com/ HTTP/1.1" 200 1229 "-" "Mozilla/5.0 (Windows NT 6.1; WOW64; rv:29.0) Gecko/20100101 Firefox/29.0"
13.82.58.15 - - [11/Apr/2016:03:30:31 +0200] "GET /xmlrpc.php HTTP/1.1" 404 315 "-" "-"
111.248.97.44 - - [11/Apr/2016:03:49:21 +0200] "CONNECT vip163mx00.mxmail.netease.com:25 HTTP/1.0" 405 358 "-" "-"
61.231.2.205 - - [11/Apr/2016:03:50:29 +0200] "CONNECT 163mx00.mxmail.netease.com:25 HTTP/1.0" 405 355 "-" "-"
115.231.222.14 - - [11/Apr/2016:03:58:07 +0200] "GET http://zc.qq.com/cgi-bin/common/attr?id=260714&r=0.5535692302455955 HTTP/1.1" 404 320 "-" "Mozilla/5.0 (compatible; MSIE 9.0; Windows NT 6.1; Trident/5.0; 360SE)"
94.102.49.164 - - [11/Apr/2016:04:25:55 +0200] "GET / HTTP/1.1" 200 1229 "-" "libwww-perl/6.05"
94.102.49.164 - - [11/Apr/2016:04:26:28 +0200] "GET / HTTP/1.1" 200 1229 "-" "libwww-perl/6.05"
94.102.49.164 - - [11/Apr/2016:04:26:40 +0200] "GET / HTTP/1.1" 200 1229 "-" "libwww-perl/6.05"
94.102.49.164 - - [11/Apr/2016:04:26:52 +0200] "GET / HTTP/1.1" 200 1229 "-" "libwww-perl/6.05"
94.102.49.164 - - [11/Apr/2016:04:27:01 +0200] "GET / HTTP/1.1" 200 1229 "-" "libwww-perl/6.05"
209.114.36.145 - - [11/Apr/2016:04:30:03 +0200] "\x16\x03\x01" 501 318 "-" "-"
209.114.36.145 - - [11/Apr/2016:04:30:12 +0200] "GET / HTTP/1.0" 200 1229 "-" "-"
209.114.36.145 - - [11/Apr/2016:04:30:21 +0200] "GET / HTTP/1.1" 200 1229 "-" "Mozilla/5.0 (Windows NT 6.3; WOW64) AppleWebKit/537.36 (KHTML, like Gecko) Chrome/47.0.2526.111 Safari/537.36"
209.114.36.145 - - [11/Apr/2016:04:30:30 +0200] "GET /CHANGELOG.txt HTTP/1.1" 404 318 "-" "Mozilla/5.0 (Windows NT 6.3; WOW64) AppleWebKit/537.36 (KHTML, like Gecko) Chrome/47.0.2526.111 Safari/537.36"
209.114.36.145 - - [11/Apr/2016:04:30:39 +0200] "GET /joomla.xml HTTP/1.1" 404 315 "-" "Mozilla/5.0 (Macintosh; Intel Mac OS X 10_10_5) AppleWebKit/537.36 (KHTML, like Gecko) Chrome/48.0.2564.103 Safari/537.36"
209.114.36.145 - - [11/Apr/2016:04:30:48 +0200] "GET /administrator/manifests/libraries/joomla.xml HTTP/1.1" 404 349 "-" "Mozilla/5.0 (Macintosh; Intel Mac OS X 10_10_5) AppleWebKit/537.36 (KHTML, like Gecko) Chrome/48.0.2564.103 Safari/537.36"
209.114.36.145 - - [11/Apr/2016:04:30:57 +0200] "GET / HTTP/1.1" 200 1229 "-" "Mozilla/5.0 (Macintosh; Intel Mac OS X 10_10_5) AppleWebKit/537.36 (KHTML, like Gecko) Chrome/47.0.2526.111 Safari/537.36"
209.114.36.145 - - [11/Apr/2016:04:31:06 +0200] "GET / HTTP/1.1" 200 1229 "-" "Mozilla/5.0 (Windows NT 10.0; WOW64; rv:43.0) Gecko/20100101 Firefox/43.0"
209.114.36.145 - - [11/Apr/2016:04:31:15 +0200] "GET /readme.html HTTP/1.1" 404 316 "-" "Mozilla/5.0 (Windows NT 10.0; WOW64; rv:43.0) Gecko/20100101 Firefox/43.0"
54.153.32.246 - - [11/Apr/2016:04:50:41 +0200] "GET / HTTP/1.1" 200 1229 "-" "Mozilla/5.0 (Windows NT 6.1) AppleWebKit/537.36 (KHTML, like Gecko) Chrome/41.0.2228.0 Safari/537.36"
94.102.49.164 - - [11/Apr/2016:04:55:16 +0200] "GET / HTTP/1.1" 200 1229 "-" "libwww-perl/6.05"
94.102.49.164 - - [11/Apr/2016:04:56:31 +0200] "GET / HTTP/1.1" 200 1229 "-" "libwww-perl/6.05"
54.153.32.246 - - [11/Apr/2016:04:57:25 +0200] "GET / HTTP/1.1" 200 1229 "-" "Mozilla/5.0 (Windows NT 6.1) AppleWebKit/537.36 (KHTML, like Gecko) Chrome/41.0.2228.0 Safari/537.36"
94.102.49.164 - - [11/Apr/2016:04:58:11 +0200] "GET / HTTP/1.1" 200 1229 "-" "libwww-perl/6.05"
94.102.49.164 - - [11/Apr/2016:04:58:24 +0200] "GET / HTTP/1.1" 200 1229 "-" "libwww-perl/6.05"
94.102.49.164 - - [11/Apr/2016:04:58:44 +0200] "GET / HTTP/1.1" 200 1229 "-" "libwww-perl/6.05"
120.132.50.135 - - [11/Apr/2016:04:59:30 +0200] "GET http://www.ctrip.com/ HTTP/1.1" 200 1229 "-" "Mozilla/5.0 (Windows NT 6.1; WOW64; rv:29.0) Gecko/20100101 Firefox/29.0"
64.246.165.10 - - [11/Apr/2016:05:12:12 +0200] "GET /robots.txt HTTP/1.0" 404 334 "-" "Mozilla/5.0 (Windows; U; Windows NT 5.1; en; rv:1.9.0.13) Gecko/2009073022 Firefox/3.5.2 (.NET CLR 3.5.30729) SurveyBot/2.3 (DomainTools)"
64.246.165.10 - - [11/Apr/2016:05:12:12 +0200] "GET / HTTP/1.1" 200 1229 "http://whois.domaintools.com/schraeg-senkrechtaufzuege.de" "Mozilla/5.0 (Windows; U; Windows NT 5.1; en; rv:1.9.0.13) Gecko/2009073022 Firefox/3.5.2 (.NET CLR 3.5.30729) SurveyBot/2.3 (DomainTools)"
36.231.254.136 - - [11/Apr/2016:06:07:09 +0200] "CONNECT 163mx01.mxmail.netease.com:25 HTTP/1.0" 405 355 "-" "-"
115.231.222.14 - - [11/Apr/2016:06:07:29 +0200] "GET http://zc.qq.com/cgi-bin/common/attr?id=260714&r=0.3805473126016953 HTTP/1.1" 404 320 "-" "Mozilla/5.0 (compatible; MSIE 9.0; Windows NT 6.1; Trident/5.0; 360SE)"
54.153.33.145 - - [11/Apr/2016:06:29:00 +0200] "GET / HTTP/1.1" 200 1229 "-" "Mozilla/5.0 (Windows NT 6.1) AppleWebKit/537.36 (KHTML, like Gecko) Chrome/41.0.2228.0 Safari/537.36"
54.153.33.233 - - [11/Apr/2016:06:41:05 +0200] "GET / HTTP/1.1" 200 1229 "-" "Mozilla/5.0 (Windows NT 6.1) AppleWebKit/537.36 (KHTML, like Gecko) Chrome/41.0.2228.0 Safari/537.36"
111.248.62.161 - - [11/Apr/2016:06:42:09 +0200] "CONNECT 163mx02.mxmail.netease.com:25 HTTP/1.0" 405 355 "-" "-"
192.99.0.141 - - [11/Apr/2016:07:47:55 +0200] "GET /xmlrpc.php HTTP/1.1" 404 315 "-" "-"
123.110.238.132 - - [11/Apr/2016:07:51:35 +0200] "GET /phpMyAdmin/scripts/setup.php HTTP/1.1" 404 333 "-" "-"
123.110.238.132 - - [11/Apr/2016:07:51:45 +0200] "GET /pma/scripts/setup.php HTTP/1.1" 404 326 "-" "-"
123.110.238.132 - - [11/Apr/2016:07:51:56 +0200] "GET /myadmin/scripts/setup.php HTTP/1.1" 404 330 "-" "-"
115.231.222.14 - - [11/Apr/2016:08:17:56 +0200] "GET http://zc.qq.com/cgi-bin/common/attr?id=260714&r=0.2561373565288837 HTTP/1.1" 404 320 "-" "Mozilla/5.0 (compatible; MSIE 9.0; Windows NT 6.1; Trident/5.0; 360SE)"
115.231.222.14 - - [11/Apr/2016:08:17:57 +0200] "GET http://zc.qq.com/cgi-bin/common/attr?id=260714&r=0.4525390535715224 HTTP/1.1" 404 320 "-" "Mozilla/5.0 (compatible; MSIE 9.0; Windows NT 6.1; Trident/5.0; 360SE)"
192.99.0.141 - - [11/Apr/2016:08:22:43 +0200] "GET /xmlrpc.php HTTP/1.1" 404 315 "-" "-"
112.4.91.202 - - [11/Apr/2016:08:26:23 +0200] "GET /phpMyAdmin/scripts/setup.php HTTP/1.1" 404 333 "-" "-"
112.4.91.202 - - [11/Apr/2016:08:27:41 +0200] "GET /pma/scripts/setup.php HTTP/1.1" 404 326 "-" "-"
112.4.91.202 - - [11/Apr/2016:08:28:59 +0200] "GET /myadmin/scripts/setup.php HTTP/1.1" 404 330 "-" "-"
66.249.78.185 - - [11/Apr/2016:08:36:57 +0200] "GET /robots.txt HTTP/1.1" 404 333 "-" "Mozilla/5.0 (compatible; Googlebot/2.1; +http://www.google.com/bot.html)"
66.249.78.199 - - [11/Apr/2016:08:36:58 +0200] "GET / HTTP/1.1" 200 1229 "-" "Mozilla/5.0 (iPhone; CPU iPhone OS 8_3 like Mac OS X) AppleWebKit/600.1.4 (KHTML, like Gecko) Version/8.0 Mobile/12F70 Safari/600.1.4 (compatible; Googlebot/2.1; +http://www.google.com/bot.html)"
111.248.98.27 - - [11/Apr/2016:09:16:03 +0200] "CONNECT vip163mx01.mxmail.netease.com:25 HTTP/1.0" 405 358 "-" "-"
111.248.100.48 - - [11/Apr/2016:09:24:27 +0200] "CONNECT vip163mx00.mxmail.netease.com:25 HTTP/1.0" 405 358 "-" "-"
185.106.92.47 - - [11/Apr/2016:09:26:23 +0200] "GET /muieblackcat HTTP/1.1" 404 317 "-" "-"
185.106.92.47 - - [11/Apr/2016:09:26:28 +0200] "GET //phpMyAdmin/scripts/setup.php HTTP/1.1" 404 333 "-" "-"
185.106.92.47 - - [11/Apr/2016:09:26:28 +0200] "GET //phpmyadmin/scripts/setup.php HTTP/1.1" 404 333 "-" "-"
185.106.92.47 - - [11/Apr/2016:09:26:28 +0200] "GET //pma/scripts/setup.php HTTP/1.1" 404 326 "-" "-"
185.106.92.47 - - [11/Apr/2016:09:26:28 +0200] "GET //myadmin/scripts/setup.php HTTP/1.1" 404 330 "-" "-"
185.106.92.47 - - [11/Apr/2016:09:26:29 +0200] "GET //MyAdmin/scripts/setup.php HTTP/1.1" 404 330 "-" "-"
104.148.71.133 - - [11/Apr/2016:10:23:47 +0200] "GET http://www.proxy-listen.de/azenv.php HTTP/1.0" 404 320 "-" "Mozilla/5.0 (compatible; MSIE 6.0; Windows NT 5.1; Trident/5.0)"
104.148.71.133 - - [11/Apr/2016:10:23:47 +0200] "GET http://domkrim.com/av.php HTTP/1.0" 404 309 "-" "Mozilla/5.0 (compatible; MSIE 6.0; Windows NT 5.1; Trident/5.0)"
104.148.71.133 - - [11/Apr/2016:10:23:47 +0200] "GET http://domkrim.com/av.php HTTP/1.0" 404 309 "-" "Mozilla/5.0 (compatible; MSIE 6.0; Windows NT 5.1; Trident/5.0)"
104.148.71.133 - - [11/Apr/2016:10:23:47 +0200] "GET http://azenv.net/ HTTP/1.0" 200 1229 "-" "Mozilla/5.0 (compatible; MSIE 6.0; Windows NT 5.1; Trident/5.0)"
104.148.71.133 - - [11/Apr/2016:10:23:47 +0200] "GET http://proxyjudge.us/ HTTP/1.0" 200 1229 "-" "Mozilla/5.0 (compatible; MSIE 6.0; Windows NT 5.1; Trident/5.0)"
104.148.71.133 - - [11/Apr/2016:10:23:47 +0200] "GET http://domkrim.com/av.php HTTP/1.0" 404 309 "-" "Mozilla/5.0 (compatible; MSIE 6.0; Windows NT 5.1; Trident/5.0)"
104.148.71.133 - - [11/Apr/2016:10:23:47 +0200] "GET http://www.proxy-listen.de/azenv.php HTTP/1.0" 404 320 "-" "Mozilla/5.0 (compatible; MSIE 6.0; Windows NT 5.1; Trident/5.0)"
104.148.71.133 - - [11/Apr/2016:10:23:47 +0200] "GET http://www.mesregies.com/azz.php HTTP/1.0" 404 316 "-" "Mozilla/5.0 (compatible; MSIE 6.0; Windows NT 5.1; Trident/5.0)"
104.148.71.133 - - [11/Apr/2016:10:23:47 +0200] "GET http://azenv.net/ HTTP/1.0" 200 1229 "-" "Mozilla/5.0 (compatible; MSIE 6.0; Windows NT 5.1; Trident/5.0)"
104.148.71.133 - - [11/Apr/2016:10:23:47 +0200] "CONNECT www.baidu.com:443 HTTP/1.0" 405 343 "-" "-"
104.148.71.133 - - [11/Apr/2016:10:23:47 +0200] "CONNECT www.alipay.com:443 HTTP/1.0" 405 344 "-" "-"
104.148.71.133 - - [11/Apr/2016:10:23:47 +0200] "CONNECT www.alipay.com:443 HTTP/1.0" 405 344 "-" "-"
104.148.71.133 - - [11/Apr/2016:10:23:47 +0200] "CONNECT www.baidu.com:443 HTTP/1.0" 405 343 "-" "-"
104.148.71.133 - - [11/Apr/2016:10:23:48 +0200] "CONNECT www.baidu.com:443 HTTP/1.0" 405 343 "-" "-"
104.148.71.133 - - [11/Apr/2016:10:23:48 +0200] "CONNECT www.baidu.com:443 HTTP/1.0" 405 343 "-" "-"
104.148.71.133 - - [11/Apr/2016:10:23:48 +0200] "CONNECT www.baidu.com:443 HTTP/1.0" 405 343 "-" "-"
104.148.71.133 - - [11/Apr/2016:10:23:48 +0200] "CONNECT www.alipay.com:443 HTTP/1.0" 405 344 "-" "-"
104.148.71.133 - - [11/Apr/2016:10:23:48 +0200] "CONNECT www.alipay.com:443 HTTP/1.0" 405 344 "-" "-"
123.59.59.52 - - [11/Apr/2016:10:27:39 +0200] "GET http://www.qyer.com/ HTTP/1.1" 200 1229 "-" "Mozilla/5.0 (Windows NT 6.1; WOW64; rv:29.0) Gecko/20100101 Firefox/29.0"
157.55.39.178 - - [11/Apr/2016:10:36:00 +0200] "GET / HTTP/1.1" 200 1229 "-" "Mozilla/5.0 (compatible; bingbot/2.0; +http://www.bing.com/bingbot.htm)"
66.240.213.93 - - [11/Apr/2016:10:42:35 +0200] "GET / HTTP/1.0" 200 1229 "-" "masscan/1.0 (https://github.com/robertdavidgraham/masscan)"
66.240.213.93 - - [11/Apr/2016:10:45:23 +0200] "GET / HTTP/1.0" 200 1229 "-" "masscan/1.0 (https://github.com/robertdavidgraham/masscan)"
66.249.78.254 - - [11/Apr/2016:11:13:53 +0200] "GET /robots.txt HTTP/1.1" 404 337 "-" "Mozilla/5.0 (compatible; Googlebot/2.1; +http://www.google.com/bot.html)"
66.249.78.248 - - [11/Apr/2016:11:13:54 +0200] "GET / HTTP/1.1" 200 1229 "-" "Mozilla/5.0 (iPhone; CPU iPhone OS 8_3 like Mac OS X) AppleWebKit/600.1.4 (KHTML, like Gecko) Version/8.0 Mobile/12F70 Safari/600.1.4 (compatible; Googlebot/2.1; +http://www.google.com/bot.html)"
169.229.3.91 - - [11/Apr/2016:11:18:13 +0200] "M\xde\x01\x17\x83\x11\xbc\xcf\xc1\xda%\xa2\xb2!\xfe\xe8\xa2\xe9\xc4\xd1\x9a4O\xcdZz\xf6" 501 342 "-" "-"
169.229.3.91 - - [11/Apr/2016:11:44:16 +0200] "\x06\xac\xbas\xb5z\xcbg\x8c\xb0\x9d+\xf9SE\x8c\x9b\x86\x07\xfc3hv\xa9x\xfe&0\xc6oLxXu\xe7\x0c\xa8\x96\x97N\xc5\xd8" 400 329 "-" "-"
13.82.58.15 - - [11/Apr/2016:12:11:41 +0200] "GET /xmlrpc.php HTTP/1.1" 404 315 "-" "-"
66.249.78.187 - - [11/Apr/2016:12:20:17 +0200] "GET /robots.txt HTTP/1.1" 404 334 "-" "Mozilla/5.0 (compatible; Googlebot/2.1; +http://www.google.com/bot.html)"
66.249.78.201 - - [11/Apr/2016:12:20:17 +0200] "GET / HTTP/1.1" 200 1229 "-" "Mozilla/5.0 (compatible; Googlebot/2.1; +http://www.google.com/bot.html)"
13.82.58.15 - - [11/Apr/2016:12:45:06 +0200] "GET /xmlrpc.php HTTP/1.1" 404 315 "-" "-"
36.229.233.29 - - [11/Apr/2016:13:07:40 +0200] "CONNECT 163mx02.mxmail.netease.com:25 HTTP/1.0" 405 355 "-" "-"
123.59.59.52 - - [11/Apr/2016:13:18:07 +0200] "GET http://www.mafengwo.cn/ HTTP/1.1" 200 1229 "-" "Mozilla/5.0 (Windows NT 6.1; WOW64; rv:29.0) Gecko/20100101 Firefox/29.0"
88.150.240.102 - - [11/Apr/2016:13:46:11 +0200] "GET /phpMyAdmin/scripts/setup.php HTTP/1.1" 404 333 "-" "-"
88.150.240.102 - - [11/Apr/2016:13:46:16 +0200] "GET /pma/scripts/setup.php HTTP/1.1" 404 326 "-" "-"
88.150.240.102 - - [11/Apr/2016:13:46:21 +0200] "GET /myadmin/scripts/setup.php HTTP/1.1" 404 330 "-" "-"
169.229.3.91 - - [11/Apr/2016:13:58:08 +0200] "\xdf!\x11\xaf\xf5\x90\x13\xfcp\xb0\xdaf \xde\xeeP\x7ft\\x\xb4\xf6\x81\xa2\xef)\xd3\xadu\xa4\x87" 400 329 "-" "-"
150.70.173.56 - - [11/Apr/2016:14:46:48 +0200] "GET / HTTP/1.1" 200 1229 "-" "Mozilla/4.0 (compatible; MSIE 8.0; Windows NT 5.1; Trident/4.0)"
115.231.222.14 - - [11/Apr/2016:14:48:27 +0200] "GET http://zc.qq.com/cgi-bin/common/attr?id=260714&r=0.4693057658291256 HTTP/1.1" 404 320 "-" "Mozilla/5.0 (compatible; MSIE 9.0; Windows NT 6.1; Trident/5.0; 360SE)"
115.231.222.14 - - [11/Apr/2016:14:48:27 +0200] "GET http://zc.qq.com/cgi-bin/common/attr?id=260714&r=0.7586114183573479 HTTP/1.1" 404 320 "-" "Mozilla/5.0 (compatible; MSIE 9.0; Windows NT 6.1; Trident/5.0; 360SE)"
38.100.21.61 - - [11/Apr/2016:14:55:00 +0200] "GET / HTTP/1.1" 200 1229 "-" "Mozilla/4.0 (compatible; MSIE 7.0; Windows NT 5.2)"
111.248.97.12 - - [11/Apr/2016:15:30:46 +0200] "CONNECT 163mx03.mxmail.netease.com:25 HTTP/1.0" 405 355 "-" "-"
111.248.97.12 - - [11/Apr/2016:15:30:52 +0200] "CONNECT 163mx03.mxmail.netease.com:25 HTTP/1.0" 405 355 "-" "-"
173.208.155.34 - - [11/Apr/2016:15:33:29 +0200] "GET /robots.txt HTTP/1.0" 404 327 "-" "Mozilla/5.0 (compatible; MJ12bot/v1.4.5; http://www.majestic12.co.uk/bot.php?+)"
173.208.155.34 - - [11/Apr/2016:15:33:31 +0200] "GET / HTTP/1.0" 200 1229 "-" "Mozilla/5.0 (compatible; MJ12bot/v1.4.5; http://www.majestic12.co.uk/bot.php?+)"
123.59.59.52 - - [11/Apr/2016:15:37:36 +0200] "GET http://www.ctrip.com/ HTTP/1.1" 200 1229 "-" "Mozilla/5.0 (Windows NT 6.1; WOW64; rv:29.0) Gecko/20100101 Firefox/29.0"
37.187.114.171 - - [11/Apr/2016:15:54:41 +0200] "HEAD /irj/portal HTTP/1.0" 404 - "-" "-"
66.249.79.49 - - [11/Apr/2016:16:29:22 +0200] "GET / HTTP/1.1" 200 1229 "-" "Mozilla/5.0 (iPhone; CPU iPhone OS 8_3 like Mac OS X) AppleWebKit/600.1.4 (KHTML, like Gecko) Version/8.0 Mobile/12F70 Safari/600.1.4 (compatible; Googlebot/2.1; +http://www.google.com/bot.html)"
120.132.50.135 - - [11/Apr/2016:16:54:26 +0200] "GET http://www.elong.com/ HTTP/1.1" 200 1229 "-" "Mozilla/5.0 (Windows NT 6.1; WOW64; rv:29.0) Gecko/20100101 Firefox/29.0"
120.132.50.135 - - [11/Apr/2016:16:54:35 +0200] "GET http://www.qunar.com/ HTTP/1.1" 200 1229 "-" "Mozilla/5.0 (Windows NT 6.1; WOW64; rv:29.0) Gecko/20100101 Firefox/29.0"
115.231.222.14 - - [11/Apr/2016:16:58:18 +0200] "GET http://zc.qq.com/cgi-bin/common/attr?id=260714&r=0.5439402013331953 HTTP/1.1" 404 320 "-" "Mozilla/5.0 (compatible; MSIE 9.0; Windows NT 6.1; Trident/5.0; 360SE)"
115.231.222.14 - - [11/Apr/2016:16:58:22 +0200] "GET http://zc.qq.com/cgi-bin/common/attr?id=260714&r=0.5501023510024848 HTTP/1.1" 404 320 "-" "Mozilla/5.0 (compatible; MSIE 9.0; Windows NT 6.1; Trident/5.0; 360SE)"
115.231.222.14 - - [11/Apr/2016:16:58:59 +0200] "GET http://zc.qq.com/cgi-bin/common/attr?id=260714&r=0.3294445918871409 HTTP/1.1" 404 320 "-" "Mozilla/5.0 (compatible; MSIE 9.0; Windows NT 6.1; Trident/5.0; 360SE)"
54.153.33.145 - - [11/Apr/2016:18:18:20 +0200] "GET / HTTP/1.1" 200 1229 "-" "Mozilla/5.0 (Windows NT 6.1) AppleWebKit/537.36 (KHTML, like Gecko) Chrome/41.0.2228.0 Safari/537.36"
51.254.215.143 - - [11/Apr/2016:18:19:08 +0200] "GET /robots.txt HTTP/1.0" 404 323 "-" "Mozilla/5.0 (compatible; MJ12bot/v1.4.5; http://www.majestic12.co.uk/bot.php?+)"
51.254.215.143 - - [11/Apr/2016:18:19:10 +0200] "GET / HTTP/1.0" 200 1229 "-" "Mozilla/5.0 (compatible; MJ12bot/v1.4.5; http://www.majestic12.co.uk/bot.php?+)"
203.130.44.115 - - [11/Apr/2016:18:21:34 +0200] "GET / HTTP/1.0" 200 1229 "-" "-"
54.153.33.152 - - [11/Apr/2016:18:27:23 +0200] "GET / HTTP/1.1" 200 1229 "-" "Mozilla/5.0 (Windows NT 6.1) AppleWebKit/537.36 (KHTML, like Gecko) Chrome/41.0.2228.0 Safari/537.36"
101.201.147.32 - - [11/Apr/2016:18:38:34 +0200] "GET /bbs/qalist.do HTTP/1.1" 400 329 "-" "-"
13.82.58.15 - - [11/Apr/2016:19:02:28 +0200] "GET /xmlrpc.php HTTP/1.1" 404 315 "-" "-"
54.153.33.233 - - [11/Apr/2016:19:03:10 +0200] "GET / HTTP/1.1" 200 1229 "-" "Mozilla/5.0 (Windows NT 6.1) AppleWebKit/537.36 (KHTML, like Gecko) Chrome/41.0.2228.0 Safari/537.36"
115.231.222.14 - - [11/Apr/2016:19:07:56 +0200] "GET http://zc.qq.com/cgi-bin/common/attr?id=260714&r=0.3039382345619661 HTTP/1.1" 404 320 "-" "Mozilla/5.0 (compatible; MSIE 9.0; Windows NT 6.1; Trident/5.0; 360SE)"
115.231.222.14 - - [11/Apr/2016:19:07:57 +0200] "GET http://zc.qq.com/cgi-bin/common/attr?id=260714&r=0.6110328220329155 HTTP/1.1" 404 320 "-" "Mozilla/5.0 (compatible; MSIE 9.0; Windows NT 6.1; Trident/5.0; 360SE)"
37.187.114.171 - - [11/Apr/2016:19:58:12 +0200] "HEAD /irj/portal HTTP/1.0" 404 - "-" "-"
61.228.90.228 - - [11/Apr/2016:20:05:47 +0200] "CONNECT vip163mx01.mxmail.netease.com:25 HTTP/1.0" 405 358 "-" "-"
115.231.222.14 - - [11/Apr/2016:21:17:10 +0200] "GET http://zc.qq.com/cgi-bin/common/attr?id=260714&r=0.3426293619399245 HTTP/1.1" 404 320 "-" "Mozilla/5.0 (compatible; MSIE 9.0; Windows NT 6.1; Trident/5.0; 360SE)"
115.231.222.14 - - [11/Apr/2016:21:17:10 +0200] "GET http://zc.qq.com/cgi-bin/common/attr?id=260714&r=0.7939839614323095 HTTP/1.1" 404 320 "-" "Mozilla/5.0 (compatible; MSIE 9.0; Windows NT 6.1; Trident/5.0; 360SE)"
115.231.222.14 - - [11/Apr/2016:21:17:10 +0200] "GET http://zc.qq.com/cgi-bin/common/attr?id=260714&r=0.3473252390380318 HTTP/1.1" 404 320 "-" "Mozilla/5.0 (compatible; MSIE 9.0; Windows NT 6.1; Trident/5.0; 360SE)"
115.231.222.14 - - [11/Apr/2016:21:17:10 +0200] "GET http://zc.qq.com/cgi-bin/common/attr?id=260714&r=0.4644534374247367 HTTP/1.1" 404 320 "-" "Mozilla/5.0 (compatible; MSIE 9.0; Windows NT 6.1; Trident/5.0; 360SE)"
123.59.59.52 - - [11/Apr/2016:22:52:23 +0200] "GET http://www.elong.com/ HTTP/1.1" 200 1229 "-" "Mozilla/5.0 (Windows NT 6.1; WOW64; rv:29.0) Gecko/20100101 Firefox/29.0"
120.132.50.135 - - [11/Apr/2016:22:52:28 +0200] "GET http://www.qunar.com/ HTTP/1.1" 200 1229 "-" "Mozilla/5.0 (Windows NT 6.1; WOW64; rv:29.0) Gecko/20100101 Firefox/29.0"
54.153.33.233 - - [11/Apr/2016:22:53:20 +0200] "GET / HTTP/1.1" 200 1229 "-" "Mozilla/5.0 (Windows NT 6.1) AppleWebKit/537.36 (KHTML, like Gecko) Chrome/41.0.2228.0 Safari/537.36"
185.106.92.47 - - [11/Apr/2016:23:14:22 +0200] "GET /muieblackcat HTTP/1.1" 404 317 "-" "-"
185.106.92.47 - - [11/Apr/2016:23:14:30 +0200] "GET //phpmyadmin/scripts/setup.php HTTP/1.1" 404 333 "-" "-"
185.106.92.47 - - [11/Apr/2016:23:14:30 +0200] "GET //pma/scripts/setup.php HTTP/1.1" 404 326 "-" "-"
185.106.92.47 - - [11/Apr/2016:23:14:31 +0200] "GET //myadmin/scripts/setup.php HTTP/1.1" 404 330 "-" "-"
185.106.92.47 - - [11/Apr/2016:23:14:31 +0200] "GET //MyAdmin/scripts/setup.php HTTP/1.1" 404 330 "-" "-"
36.229.235.30 - - [11/Apr/2016:23:15:54 +0200] "CONNECT vip163mx00.mxmail.netease.com:25 HTTP/1.0" 405 358 "-" "-"
115.231.222.14 - - [11/Apr/2016:23:27:07 +0200] "GET http://zc.qq.com/cgi-bin/common/attr?id=260714&r=0.3320338149083202 HTTP/1.1" 404 320 "-" "Mozilla/5.0 (compatible; MSIE 9.0; Windows NT 6.1; Trident/5.0; 360SE)"
115.231.222.14 - - [11/Apr/2016:23:27:07 +0200] "GET http://zc.qq.com/cgi-bin/common/attr?id=260714&r=0.0076216206073314 HTTP/1.1" 404 320 "-" "Mozilla/5.0 (compatible; MSIE 9.0; Windows NT 6.1; Trident/5.0; 360SE)"
115.231.222.14 - - [11/Apr/2016:23:27:08 +0200] "GET http://zc.qq.com/cgi-bin/common/attr?id=260714&r=0.9693606621693716 HTTP/1.1" 404 320 "-" "Mozilla/5.0 (compatible; MSIE 9.0; Windows NT 6.1; Trident/5.0; 360SE)"
54.153.32.246 - - [11/Apr/2016:23:41:42 +0200] "GET / HTTP/1.1" 200 1229 "-" "Mozilla/5.0 (Windows NT 6.1) AppleWebKit/537.36 (KHTML, like Gecko) Chrome/41.0.2228.0 Safari/537.36"
54.153.33.152 - - [11/Apr/2016:23:58:48 +0200] "GET / HTTP/1.1" 200 1229 "-" "Mozilla/5.0 (Windows NT 6.1) AppleWebKit/537.36 (KHTML, like Gecko) Chrome/41.0.2228.0 Safari/537.36"
36.229.237.118 - - [12/Apr/2016:00:03:04 +0200] "CONNECT 163mx01.mxmail.netease.com:25 HTTP/1.0" 405 355 "-" "-"
54.153.32.246 - - [12/Apr/2016:01:07:55 +0200] "GET / HTTP/1.1" 200 1229 "-" "Mozilla/5.0 (Windows NT 6.1) AppleWebKit/537.36 (KHTML, like Gecko) Chrome/41.0.2228.0 Safari/537.36"
54.153.32.246 - - [12/Apr/2016:01:14:47 +0200] "GET / HTTP/1.1" 200 1229 "-" "Mozilla/5.0 (Windows NT 6.1) AppleWebKit/537.36 (KHTML, like Gecko) Chrome/41.0.2228.0 Safari/537.36"
115.231.222.14 - - [12/Apr/2016:01:36:48 +0200] "GET http://zc.qq.com/cgi-bin/common/attr?id=260714&r=0.9998068928086336 HTTP/1.1" 404 320 "-" "Mozilla/5.0 (compatible; MSIE 9.0; Windows NT 6.1; Trident/5.0; 360SE)"
115.231.222.14 - - [12/Apr/2016:01:36:48 +0200] "GET http://zc.qq.com/cgi-bin/common/attr?id=260714&r=0.1142820980935987 HTTP/1.1" 404 320 "-" "Mozilla/5.0 (compatible; MSIE 9.0; Windows NT 6.1; Trident/5.0; 360SE)"
115.231.222.14 - - [12/Apr/2016:01:36:49 +0200] "GET http://zc.qq.com/cgi-bin/common/attr?id=260714&r=0.5351283599444454 HTTP/1.1" 404 320 "-" "Mozilla/5.0 (compatible; MSIE 9.0; Windows NT 6.1; Trident/5.0; 360SE)"
115.231.222.14 - - [12/Apr/2016:01:36:49 +0200] "GET http://zc.qq.com/cgi-bin/common/attr?id=260714&r=0.8083629460509798 HTTP/1.1" 404 320 "-" "Mozilla/5.0 (compatible; MSIE 9.0; Windows NT 6.1; Trident/5.0; 360SE)"
54.153.33.145 - - [12/Apr/2016:02:15:50 +0200] "GET / HTTP/1.1" 200 1229 "-" "Mozilla/5.0 (Windows NT 6.1) AppleWebKit/537.36 (KHTML, like Gecko) Chrome/41.0.2228.0 Safari/537.36"
36.229.237.118 - - [12/Apr/2016:02:24:37 +0200] "CONNECT 163mx03.mxmail.netease.com:25 HTTP/1.0" 405 355 "-" "-"
54.153.33.233 - - [12/Apr/2016:02:34:27 +0200] "GET / HTTP/1.1" 200 1229 "-" "Mozilla/5.0 (Windows NT 6.1) AppleWebKit/537.36 (KHTML, like Gecko) Chrome/41.0.2228.0 Safari/537.36"
13.82.58.15 - - [12/Apr/2016:02:57:25 +0200] "GET /xmlrpc.php HTTP/1.1" 404 315 "-" "-"
115.231.222.14 - - [12/Apr/2016:03:46:02 +0200] "GET http://zc.qq.com/cgi-bin/common/attr?id=260714&r=0.2772498570515809 HTTP/1.1" 404 320 "-" "Mozilla/5.0 (compatible; MSIE 9.0; Windows NT 6.1; Trident/5.0; 360SE)"
101.201.147.32 - - [12/Apr/2016:04:50:42 +0200] "GET /bbs/qalist.do HTTP/1.1" 400 329 "-" "-"
111.248.62.171 - - [12/Apr/2016:05:19:52 +0200] "CONNECT vip163mx01.mxmail.netease.com:25 HTTP/1.0" 405 358 "-" "-"
111.248.98.25 - - [12/Apr/2016:06:41:36 +0200] "CONNECT 126mx02.mxmail.netease.com:25 HTTP/1.0" 405 355 "-" "-"
52.8.82.27 - - [12/Apr/2016:06:58:03 +0200] "\x16\x03\x01" 501 318 "-" "-"
52.8.82.27 - - [12/Apr/2016:06:58:06 +0200] "GET / HTTP/1.0" 200 1229 "-" "-"
52.8.82.27 - - [12/Apr/2016:06:58:09 +0200] "GET / HTTP/1.1" 200 1229 "-" "Mozilla/5.0 (Macintosh; Intel Mac OS X 10_11_2) AppleWebKit/601.3.9 (KHTML, like Gecko) Version/9.0.2 Safari/601.3.9"
52.8.82.27 - - [12/Apr/2016:06:58:12 +0200] "GET /CHANGELOG.txt HTTP/1.1" 404 318 "-" "Mozilla/5.0 (Macintosh; Intel Mac OS X 10_11_2) AppleWebKit/601.3.9 (KHTML, like Gecko) Version/9.0.2 Safari/601.3.9"
52.8.82.27 - - [12/Apr/2016:06:58:15 +0200] "GET /joomla.xml HTTP/1.1" 404 315 "-" "Mozilla/5.0 (X11; Linux x86_64) AppleWebKit/537.36 (KHTML, like Gecko) Chrome/48.0.2564.82 Safari/537.36"
52.8.82.27 - - [12/Apr/2016:06:58:17 +0200] "GET /administrator/manifests/libraries/joomla.xml HTTP/1.1" 404 349 "-" "Mozilla/5.0 (X11; Linux x86_64) AppleWebKit/537.36 (KHTML, like Gecko) Chrome/48.0.2564.82 Safari/537.36"
52.8.82.27 - - [12/Apr/2016:06:58:20 +0200] "GET / HTTP/1.1" 200 1229 "-" "Mozilla/5.0 (Windows NT 6.1; WOW64) AppleWebKit/537.36 (KHTML, like Gecko) Chrome/48.0.2564.103 Safari/537.36"
52.8.82.27 - - [12/Apr/2016:06:58:23 +0200] "GET / HTTP/1.1" 200 1229 "-" "Mozilla/5.0 (Macintosh; Intel Mac OS X 10_10_5) AppleWebKit/537.36 (KHTML, like Gecko) Chrome/48.0.2564.109 Safari/537.36"
52.8.82.27 - - [12/Apr/2016:06:58:26 +0200] "GET /readme.html HTTP/1.1" 404 316 "-" "Mozilla/5.0 (Macintosh; Intel Mac OS X 10_10_5) AppleWebKit/537.36 (KHTML, like Gecko) Chrome/48.0.2564.109 Safari/537.36"
111.248.62.131 - - [12/Apr/2016:07:39:16 +0200] "CONNECT vip163mx01.mxmail.netease.com:25 HTTP/1.0" 405 358 "-" "-"
115.231.222.14 - - [12/Apr/2016:08:03:37 +0200] "GET http://zc.qq.com/cgi-bin/common/attr?id=260714&r=0.3601511914899828 HTTP/1.1" 404 320 "-" "Mozilla/5.0 (compatible; MSIE 9.0; Windows NT 6.1; Trident/5.0; 360SE)"
115.231.222.14 - - [12/Apr/2016:08:03:41 +0200] "GET http://zc.qq.com/cgi-bin/common/attr?id=260714&r=0.5462981195189326 HTTP/1.1" 404 320 "-" "Mozilla/5.0 (compatible; MSIE 9.0; Windows NT 6.1; Trident/5.0; 360SE)"
54.67.54.15 - - [12/Apr/2016:10:17:22 +0200] "GET / HTTP/1.1" 200 1229 "-" "Mozilla/4.0 (compatible; MSIE 6.0; Windows NT 5.1; SV1; InfoPath.2)"
54.213.220.179 - - [12/Apr/2016:10:24:20 +0200] "GET / HTTP/1.1" 200 1229 "-" "Mozilla/4.0 (compatible; MSIE 6.0; Windows NT 5.1; SV1; InfoPath.2)"
141.212.122.161 - - [12/Apr/2016:11:01:39 +0200] "GET / HTTP/1.1" 200 1229 "-" "Go http package"
169.229.3.91 - - [12/Apr/2016:11:33:49 +0200] "\x8e\xcf'\xc1q0\xd8>\x9fO\x82\x1d;R\xc6B]\x8ae5\x1b\xe8\x9f\xeaal{R\xf5\xb5\xc6\xda\x18w*^\xcb^\xe5r\xcexAE\x98" 501 363 "-" "-"
78.39.133.5 - - [12/Apr/2016:11:35:18 +0200] "GET / HTTP/1.1" 200 1229 "-" "Mozilla/5.0 (Windows; U; Windows NT 6.1; en-US; rv:1.9.2.16) Gecko/20110319 Firefox/40"
111.248.102.177 - - [12/Apr/2016:11:52:30 +0200] "CONNECT vip163mx01.mxmail.netease.com:25 HTTP/1.0" 405 358 "-" "-"
54.160.83.139 - - [12/Apr/2016:12:11:00 +0200] "GET / HTTP/1.1" 200 1229 "-" "Mozilla/4.0 (compatible; MSIE 6.0; Windows NT 5.1; SV1; InfoPath.2)"
78.39.133.5 - - [12/Apr/2016:12:12:46 +0200] "GET / HTTP/1.1" 200 1229 "-" "Mozilla/5.0 (Windows; U; Windows NT 6.1; en-US; rv:1.9.2.16) Gecko/20110319 Firefox/40"
54.224.232.126 - - [12/Apr/2016:12:15:46 +0200] "GET / HTTP/1.1" 200 1229 "-" "Mozilla/4.0 (compatible; MSIE 6.0; Windows NT 5.1; SV1; InfoPath.2)"
54.206.99.179 - - [12/Apr/2016:12:27:57 +0200] "GET / HTTP/1.1" 200 1229 "-" "Mozilla/4.0 (compatible; MSIE 6.0; Windows NT 5.1; SV1; InfoPath.2)"
78.39.133.5 - - [12/Apr/2016:12:39:59 +0200] "GET / HTTP/1.1" 200 1229 "-" "Mozilla/5.0 (Windows; U; Windows NT 6.1; en-US; rv:1.9.2.16) Gecko/20110319 Firefox/40"
13.82.58.15 - - [12/Apr/2016:12:45:36 +0200] "GET /xmlrpc.php HTTP/1.1" 404 315 "-" "-"
54.224.232.126 - - [12/Apr/2016:12:47:54 +0200] "GET / HTTP/1.1" 200 1229 "-" "Mozilla/4.0 (compatible; MSIE 6.0; Windows NT 5.1; SV1; InfoPath.2)"
54.200.251.199 - - [12/Apr/2016:12:53:43 +0200] "GET / HTTP/1.1" 200 1229 "-" "Mozilla/4.0 (compatible; MSIE 6.0; Windows NT 5.1; SV1; InfoPath.2)"
78.39.133.5 - - [12/Apr/2016:12:54:06 +0200] "GET / HTTP/1.1" 200 1229 "-" "Mozilla/5.0 (Windows; U; Windows NT 6.1; en-US; rv:1.9.2.16) Gecko/20110319 Firefox/40"
54.200.120.218 - - [12/Apr/2016:13:34:59 +0200] "GET / HTTP/1.1" 200 1229 "-" "Mozilla/4.0 (compatible; MSIE 6.0; Windows NT 5.1; SV1; InfoPath.2)"
113.35.251.98 - - [12/Apr/2016:13:39:58 +0200] "GET / HTTP/1.1" 200 1229 "-" "Mozilla/4.0 (compatible; MSIE 9.0; Windows NT 6.1; Trident/5.0)"
78.39.133.5 - - [12/Apr/2016:14:03:09 +0200] "GET / HTTP/1.1" 200 1229 "-" "Mozilla/5.0 (Windows; U; Windows NT 6.1; en-US; rv:1.9.2.16) Gecko/20110319 Firefox/40"
169.229.3.91 - - [12/Apr/2016:14:12:25 +0200] "l9\xc1L\x93\xc6>\xb3r\x82\x99\xd8#bu\xc3\x18\xed\x13\xc2\x149\xf3I\xdf_\r\xc2\xe0\x87\x06\xb7@)\xac\xbf\xd4b" 400 329 "-" "-"
