38.99.13.116 - - [01/Jun/2009:09:08:24 +0200] "GET /robots.txt HTTP/1.0" 404 1256 "-" "Mozilla/5.0 (Twiceler-0.9 http://www.cuil.com/twiceler/robot.html)"
82.163.163.33 - - [01/Jun/2009:11:39:02 +0200] "GET / HTTP/1.1" 200 1219 "-" "Mozilla/4.0 (compatible; MSIE 7.0; Windows NT 5.1)"
82.163.163.33 - - [01/Jun/2009:11:39:02 +0200] "GET /favicon.ico HTTP/1.1" 404 1256 "-" "Mozilla/4.0 (compatible; MSIE 7.0; Windows NT 5.1)"
74.6.8.110 - - [01/Jun/2009:16:17:29 +0200] "GET /robots.txt HTTP/1.0" 404 1256 "-" "Mozilla/5.0 (compatible; Yahoo! Slurp; http://help.yahoo.com/help/us/ysearch/slurp)"
74.6.8.110 - - [01/Jun/2009:16:17:29 +0200] "GET / HTTP/1.0" 304 - "-" "Mozilla/5.0 (compatible; Yahoo! Slurp/3.0; http://help.yahoo.com/help/us/ysearch/slurp)"
85.178.16.236 - - [01/Jun/2009:17:36:36 +0200] "GET / HTTP/1.1" 200 1219 "-" "Mozilla/5.0 (Windows; U; Windows NT 5.1; de; rv:1.9.0.10) Gecko/2009042316 Firefox/3.0.10"
85.178.16.236 - - [01/Jun/2009:17:36:36 +0200] "GET /favicon.ico HTTP/1.1" 404 1256 "-" "Mozilla/5.0 (Windows; U; Windows NT 5.1; de; rv:1.9.0.10) Gecko/2009042316 Firefox/3.0.10"
85.178.16.236 - - [01/Jun/2009:17:36:44 +0200] "GET /favicon.ico HTTP/1.1" 404 1256 "-" "Mozilla/5.0 (Windows; U; Windows NT 5.1; de; rv:1.9.0.10) Gecko/2009042316 Firefox/3.0.10"
77.188.87.145 - - [01/Jun/2009:17:39:01 +0200] "GET / HTTP/1.1" 200 1219 "http://www.berlin.de/sen/bildung/fort_und_weiterbildung/weiterbildungseinrichtungen/wegweiser_zur_weiterbildung/anwendung/EinrichtungDetails.aspx?ID=136" "Mozilla/4.0 (compatible; MSIE 7.0; Windows NT 6.0; GTB6; SLCC1; .NET CLR 2.0.50727; .NET CLR 3.0.04506)"
77.188.87.145 - - [01/Jun/2009:17:39:01 +0200] "GET /favicon.ico HTTP/1.1" 404 1256 "-" "Mozilla/4.0 (compatible; MSIE 7.0; Windows NT 6.0; GTB6; SLCC1; .NET CLR 2.0.50727; .NET CLR 3.0.04506)"
87.123.66.229 - - [01/Jun/2009:20:40:45 +0200] "GET / HTTP/1.1" 200 1219 "http://www.friedrich-list-schule.com/" "Mozilla/5.0 (Windows; U; Windows NT 6.0; de; rv:1.9.0.10) Gecko/2009042316 Firefox/3.0.10 (.NET CLR 3.5.30729)"
87.123.66.229 - - [01/Jun/2009:20:40:45 +0200] "GET /favicon.ico HTTP/1.1" 404 1256 "-" "Mozilla/5.0 (Windows; U; Windows NT 6.0; de; rv:1.9.0.10) Gecko/2009042316 Firefox/3.0.10 (.NET CLR 3.5.30729)"
87.123.66.229 - - [01/Jun/2009:20:40:57 +0200] "GET /favicon.ico HTTP/1.1" 404 1256 "-" "Mozilla/5.0 (Windows; U; Windows NT 6.0; de; rv:1.9.0.10) Gecko/2009042316 Firefox/3.0.10 (.NET CLR 3.5.30729)"
193.47.80.40 - - [01/Jun/2009:21:05:16 +0200] "GET /robots.txt HTTP/1.1" 404 1256 "-" "Mozilla/5.0 (compatible; Exabot/3.0; +http://www.exabot.com/go/robot)"
193.47.80.40 - - [01/Jun/2009:21:05:17 +0200] "GET / HTTP/1.1" 304 - "-" "Mozilla/5.0 (compatible; Exabot/3.0; +http://www.exabot.com/go/robot)"
208.80.195.34 - - [01/Jun/2009:21:37:11 +0200] "GET / HTTP/1.0" 200 1219 "-" "Mozilla/4.0 (compatible; MSIE 6.0; Windows NT 5.1; SV1; (R1 1.5); .NET CLR 1.0.3705; Media Center PC 3.1; .NET CLR 1.1.4322)"
87.149.36.104 - - [01/Jun/2009:22:06:28 +0200] "GET / HTTP/1.1" 200 1219 "-" "Mozilla/5.0 (Windows; U; Windows NT 5.1; de; rv:1.9.0.10) Gecko/2009042316 Firefox/3.0.10"
87.149.36.104 - - [01/Jun/2009:22:06:28 +0200] "GET /favicon.ico HTTP/1.1" 404 1256 "-" "Mozilla/5.0 (Windows; U; Windows NT 5.1; de; rv:1.9.0.10) Gecko/2009042316 Firefox/3.0.10"
87.149.36.104 - - [01/Jun/2009:22:06:31 +0200] "GET /favicon.ico HTTP/1.1" 404 1256 "-" "Mozilla/5.0 (Windows; U; Windows NT 5.1; de; rv:1.9.0.10) Gecko/2009042316 Firefox/3.0.10"
212.34.175.73 - - [02/Jun/2009:00:44:40 +0200] "GET /robots.txt HTTP/1.1" 404 1256 "-" "gonzo1[P] +http://www.suchen.de/faq.html"
212.34.175.73 - - [02/Jun/2009:00:44:40 +0200] "GET / HTTP/1.1" 304 - "-" "gonzo1[P] +http://www.suchen.de/faq.html"
67.16.94.2 - - [02/Jun/2009:02:34:51 +0200] "GET /robots.txt HTTP/1.0" 404 1256 "-" "Gigabot/3.0 (http://www.gigablast.com/spider.html)"
67.16.94.2 - - [02/Jun/2009:02:34:51 +0200] "GET / HTTP/1.0" 200 1219 "-" "Gigabot/3.0 (http://www.gigablast.com/spider.html)"
65.55.106.165 - - [02/Jun/2009:04:45:00 +0200] "GET /robots.txt HTTP/1.1" 404 1256 "-" "msnbot/2.0b (+http://search.msn.com/msnbot.htm)"
65.55.106.165 - - [02/Jun/2009:04:50:41 +0200] "GET / HTTP/1.1" 304 - "-" "msnbot/2.0b (+http://search.msn.com/msnbot.htm)"
38.99.13.116 - - [02/Jun/2009:09:13:24 +0200] "GET /robots.txt HTTP/1.0" 404 1256 "-" "Mozilla/5.0 (Twiceler-0.9 http://www.cuil.com/twiceler/robot.html)"
65.55.232.19 - - [02/Jun/2009:09:35:41 +0200] "GET /robots.txt HTTP/1.1" 404 1256 "-" "msnbot/1.1 (+http://search.msn.com/msnbot.htm)"
65.55.232.19 - - [02/Jun/2009:09:35:42 +0200] "GET / HTTP/1.1" 304 - "-" "msnbot/1.1 (+http://search.msn.com/msnbot.htm)"
64.246.165.170 - - [02/Jun/2009:14:51:56 +0200] "GET /robots.txt HTTP/1.0" 404 1256 "http://www.whois.sc/" "SurveyBot/2.3 (Whois Source)"
64.246.165.170 - - [02/Jun/2009:14:51:56 +0200] "GET / HTTP/1.1" 206 1219 "http://whois.domaintools.com/friedrich-list-berlin.de" "SurveyBot/2.3 (Whois Source)"
77.185.193.12 - - [02/Jun/2009:16:07:40 +0200] "GET / HTTP/1.1" 200 1219 "http://www.google.de/search?q=osz+wirtschaftssprachen+berlin&ie=utf-8&oe=utf-8&aq=t&rls=org.mozilla:de:official&client=firefox-a" "Mozilla/5.0 (Windows; U; Windows NT 5.1; de; rv:1.9.0.10) Gecko/2009042316 Firefox/3.0.10"
77.185.193.12 - - [02/Jun/2009:16:07:40 +0200] "GET /favicon.ico HTTP/1.1" 404 1256 "-" "Mozilla/5.0 (Windows; U; Windows NT 5.1; de; rv:1.9.0.10) Gecko/2009042316 Firefox/3.0.10"
77.185.193.12 - - [02/Jun/2009:16:07:40 +0200] "GET /favicon.ico HTTP/1.1" 404 1256 "-" "Mozilla/5.0 (Windows; U; Windows NT 5.1; de; rv:1.9.0.10) Gecko/2009042316 Firefox/3.0.10"
89.247.194.167 - - [02/Jun/2009:16:27:03 +0200] "GET /favicon.ico HTTP/1.1" 404 1256 "-" "Mozilla/5.0 (Windows; U; Windows NT 5.1; de; rv:1.9.0.10) Gecko/2009042316 Firefox/3.0.10"
89.247.194.167 - - [02/Jun/2009:16:27:06 +0200] "GET /favicon.ico HTTP/1.1" 404 1256 "-" "Mozilla/5.0 (Windows; U; Windows NT 5.1; de; rv:1.9.0.10) Gecko/2009042316 Firefox/3.0.10"
89.247.194.167 - - [02/Jun/2009:16:27:07 +0200] "GET /favicon.ico HTTP/1.1" 404 1256 "-" "Mozilla/5.0 (Windows; U; Windows NT 5.1; de; rv:1.9.0.10) Gecko/2009042316 Firefox/3.0.10"
89.16.140.197 - - [02/Jun/2009:16:43:13 +0200] "GET / HTTP/1.1" 200 1219 "http://www.berlin.de/sen/bildung/schulverzeichnis_und_portraets/anwendung/Schulportrait.aspx?ID=1113101331" "Mozilla/5.0 (Windows; U; Windows NT 6.0; de; rv:1.9.0.10) Gecko/2009042316 Firefox/3.0.10"
89.16.140.197 - - [02/Jun/2009:16:43:13 +0200] "GET /favicon.ico HTTP/1.1" 404 1256 "-" "Mozilla/5.0 (Windows; U; Windows NT 6.0; de; rv:1.9.0.10) Gecko/2009042316 Firefox/3.0.10"
89.16.140.197 - - [02/Jun/2009:16:47:52 +0200] "GET / HTTP/1.1" 200 1219 "-" "Mozilla/5.0 (Windows; U; Windows NT 6.0; de; rv:1.9.0.10) Gecko/2009042316 Firefox/3.0.10"
89.16.140.197 - - [02/Jun/2009:16:47:52 +0200] "GET /favicon.ico HTTP/1.1" 404 1256 "-" "Mozilla/5.0 (Windows; U; Windows NT 6.0; de; rv:1.9.0.10) Gecko/2009042316 Firefox/3.0.10"
212.112.231.105 - - [02/Jun/2009:16:50:30 +0200] "GET / HTTP/1.1" 200 1219 "-" "Mozilla/5.0 (X11; U; Linux i686; en-US; rv:1.8.1.5) Gecko/20060911 SUSE/2.0.0.5-1.2 Firefox/2.0.0.5"
212.112.231.105 - - [02/Jun/2009:16:50:30 +0200] "GET /favicon.ico HTTP/1.1" 404 1256 "-" "Mozilla/5.0 (X11; U; Linux i686; en-US; rv:1.8.1.5) Gecko/20060911 SUSE/2.0.0.5-1.2 Firefox/2.0.0.5"
212.112.231.105 - - [02/Jun/2009:16:50:30 +0200] "GET /favicon.ico HTTP/1.1" 404 1256 "-" "Mozilla/5.0 (X11; U; Linux i686; en-US; rv:1.8.1.5) Gecko/20060911 SUSE/2.0.0.5-1.2 Firefox/2.0.0.5"
212.112.231.105 - - [02/Jun/2009:16:50:34 +0200] "GET / HTTP/1.1" 200 1219 "-" "Mozilla/5.0 (X11; U; Linux i686; en-US; rv:1.8.1.5) Gecko/20060911 SUSE/2.0.0.5-1.2 Firefox/2.0.0.5"
212.112.231.105 - - [02/Jun/2009:16:50:34 +0200] "GET /favicon.ico HTTP/1.1" 404 1256 "-" "Mozilla/5.0 (X11; U; Linux i686; en-US; rv:1.8.1.5) Gecko/20060911 SUSE/2.0.0.5-1.2 Firefox/2.0.0.5"
212.112.231.105 - - [02/Jun/2009:16:50:34 +0200] "GET /favicon.ico HTTP/1.1" 404 1256 "-" "Mozilla/5.0 (X11; U; Linux i686; en-US; rv:1.8.1.5) Gecko/20060911 SUSE/2.0.0.5-1.2 Firefox/2.0.0.5"
212.112.231.105 - - [02/Jun/2009:16:50:38 +0200] "GET / HTTP/1.1" 200 1219 "-" "Mozilla/5.0 (X11; U; Linux i686; en-US; rv:1.8.1.5) Gecko/20060911 SUSE/2.0.0.5-1.2 Firefox/2.0.0.5"
212.112.231.105 - - [02/Jun/2009:16:50:40 +0200] "GET / HTTP/1.1" 200 1219 "-" "Mozilla/5.0 (X11; U; Linux i686; en-US; rv:1.8.1.5) Gecko/20060911 SUSE/2.0.0.5-1.2 Firefox/2.0.0.5"
212.112.231.105 - - [02/Jun/2009:16:50:41 +0200] "GET / HTTP/1.1" 200 1219 "-" "Mozilla/5.0 (X11; U; Linux i686; en-US; rv:1.8.1.5) Gecko/20060911 SUSE/2.0.0.5-1.2 Firefox/2.0.0.5"
212.112.231.105 - - [02/Jun/2009:16:50:46 +0200] "GET / HTTP/1.1" 200 1219 "-" "Mozilla/5.0 (X11; U; Linux i686; en-US; rv:1.8.1.5) Gecko/20060911 SUSE/2.0.0.5-1.2 Firefox/2.0.0.5"
212.112.231.105 - - [02/Jun/2009:16:50:46 +0200] "GET /favicon.ico HTTP/1.1" 404 1256 "-" "Mozilla/5.0 (X11; U; Linux i686; en-US; rv:1.8.1.5) Gecko/20060911 SUSE/2.0.0.5-1.2 Firefox/2.0.0.5"
212.112.231.105 - - [02/Jun/2009:17:18:35 +0200] "GET / HTTP/1.1" 200 1219 "-" "Mozilla/5.0 (X11; U; Linux i686; en-US; rv:1.8.1.5) Gecko/20060911 SUSE/2.0.0.5-1.2 Firefox/2.0.0.5"
212.112.231.105 - - [02/Jun/2009:17:18:35 +0200] "GET /favicon.ico HTTP/1.1" 404 1256 "-" "Mozilla/5.0 (X11; U; Linux i686; en-US; rv:1.8.1.5) Gecko/20060911 SUSE/2.0.0.5-1.2 Firefox/2.0.0.5"
212.112.231.105 - - [02/Jun/2009:17:18:35 +0200] "GET /favicon.ico HTTP/1.1" 404 1256 "-" "Mozilla/5.0 (X11; U; Linux i686; en-US; rv:1.8.1.5) Gecko/20060911 SUSE/2.0.0.5-1.2 Firefox/2.0.0.5"
212.112.231.105 - - [02/Jun/2009:18:18:05 +0200] "GET / HTTP/1.1" 200 1219 "-" "Mozilla/5.0 (X11; U; Linux i686; en-US; rv:1.8.1.5) Gecko/20060911 SUSE/2.0.0.5-1.2 Firefox/2.0.0.5"
212.112.231.105 - - [02/Jun/2009:18:18:05 +0200] "GET /favicon.ico HTTP/1.1" 404 1256 "-" "Mozilla/5.0 (X11; U; Linux i686; en-US; rv:1.8.1.5) Gecko/20060911 SUSE/2.0.0.5-1.2 Firefox/2.0.0.5"
212.112.231.105 - - [02/Jun/2009:18:18:05 +0200] "GET /favicon.ico HTTP/1.1" 404 1256 "-" "Mozilla/5.0 (X11; U; Linux i686; en-US; rv:1.8.1.5) Gecko/20060911 SUSE/2.0.0.5-1.2 Firefox/2.0.0.5"
212.112.231.105 - - [02/Jun/2009:19:18:14 +0200] "GET / HTTP/1.1" 200 1219 "-" "Mozilla/5.0 (X11; U; Linux i686; en-US; rv:1.8.1.5) Gecko/20060911 SUSE/2.0.0.5-1.2 Firefox/2.0.0.5"
212.112.231.105 - - [02/Jun/2009:19:18:14 +0200] "GET /favicon.ico HTTP/1.1" 404 1256 "-" "Mozilla/5.0 (X11; U; Linux i686; en-US; rv:1.8.1.5) Gecko/20060911 SUSE/2.0.0.5-1.2 Firefox/2.0.0.5"
212.112.231.105 - - [02/Jun/2009:19:18:14 +0200] "GET /favicon.ico HTTP/1.1" 404 1256 "-" "Mozilla/5.0 (X11; U; Linux i686; en-US; rv:1.8.1.5) Gecko/20060911 SUSE/2.0.0.5-1.2 Firefox/2.0.0.5"
77.24.64.115 - - [02/Jun/2009:20:35:40 +0200] "GET / HTTP/1.1" 200 1219 "http://www.google.de/search?hl=de&q=business+administration+schule+in+berlin&meta=" "Mozilla/4.0 (compatible; MSIE 6.0; Windows NT 5.1; SV1; Mozilla/4.0 (compatible; MSIE 6.0; Windows NT 5.1; SV1) ; .NET CLR 1.1.4322; .NET CLR 2.0.50727)"
212.112.231.105 - - [02/Jun/2009:21:18:57 +0200] "GET / HTTP/1.1" 200 1219 "-" "Mozilla/5.0 (X11; U; Linux i686; en-US; rv:1.8.1.5) Gecko/20060911 SUSE/2.0.0.5-1.2 Firefox/2.0.0.5"
212.112.231.105 - - [02/Jun/2009:22:19:17 +0200] "GET / HTTP/1.1" 200 1219 "-" "Mozilla/5.0 (X11; U; Linux i686; en-US; rv:1.8.1.5) Gecko/20060911 SUSE/2.0.0.5-1.2 Firefox/2.0.0.5"
212.112.231.105 - - [02/Jun/2009:22:19:17 +0200] "GET /favicon.ico HTTP/1.1" 404 1256 "-" "Mozilla/5.0 (X11; U; Linux i686; en-US; rv:1.8.1.5) Gecko/20060911 SUSE/2.0.0.5-1.2 Firefox/2.0.0.5"
212.112.231.105 - - [02/Jun/2009:22:19:17 +0200] "GET /favicon.ico HTTP/1.1" 404 1256 "-" "Mozilla/5.0 (X11; U; Linux i686; en-US; rv:1.8.1.5) Gecko/20060911 SUSE/2.0.0.5-1.2 Firefox/2.0.0.5"
208.80.195.39 - - [02/Jun/2009:22:21:27 +0200] "GET / HTTP/1.0" 200 1219 "-" "Mozilla/4.0 (compatible; MSIE 6.0; Windows NT 5.1; Q312461; SV1; compaq)"
212.112.231.105 - - [02/Jun/2009:23:19:30 +0200] "GET / HTTP/1.1" 200 1219 "-" "Mozilla/5.0 (X11; U; Linux i686; en-US; rv:1.8.1.5) Gecko/20060911 SUSE/2.0.0.5-1.2 Firefox/2.0.0.5"
212.112.231.105 - - [02/Jun/2009:23:19:30 +0200] "GET /favicon.ico HTTP/1.1" 404 1256 "-" "Mozilla/5.0 (X11; U; Linux i686; en-US; rv:1.8.1.5) Gecko/20060911 SUSE/2.0.0.5-1.2 Firefox/2.0.0.5"
212.112.231.105 - - [02/Jun/2009:23:19:30 +0200] "GET /favicon.ico HTTP/1.1" 404 1256 "-" "Mozilla/5.0 (X11; U; Linux i686; en-US; rv:1.8.1.5) Gecko/20060911 SUSE/2.0.0.5-1.2 Firefox/2.0.0.5"
212.112.231.105 - - [03/Jun/2009:01:19:45 +0200] "GET / HTTP/1.1" 200 1219 "-" "Mozilla/5.0 (X11; U; Linux i686; en-US; rv:1.8.1.5) Gecko/20060911 SUSE/2.0.0.5-1.2 Firefox/2.0.0.5"
212.112.231.105 - - [03/Jun/2009:01:19:45 +0200] "GET /favicon.ico HTTP/1.1" 404 1256 "-" "Mozilla/5.0 (X11; U; Linux i686; en-US; rv:1.8.1.5) Gecko/20060911 SUSE/2.0.0.5-1.2 Firefox/2.0.0.5"
212.112.231.105 - - [03/Jun/2009:01:19:45 +0200] "GET /favicon.ico HTTP/1.1" 404 1256 "-" "Mozilla/5.0 (X11; U; Linux i686; en-US; rv:1.8.1.5) Gecko/20060911 SUSE/2.0.0.5-1.2 Firefox/2.0.0.5"
65.55.106.209 - - [03/Jun/2009:02:43:10 +0200] "GET /robots.txt HTTP/1.1" 404 1256 "-" "msnbot/2.0b (+http://search.msn.com/msnbot.htm)"
65.55.106.209 - - [03/Jun/2009:02:44:17 +0200] "GET / HTTP/1.1" 304 - "-" "msnbot/2.0b (+http://search.msn.com/msnbot.htm)"
66.249.71.1 - - [03/Jun/2009:02:49:41 +0200] "GET /robots.txt HTTP/1.1" 404 1256 "-" "Mozilla/5.0 (compatible; Googlebot/2.1; +http://www.google.com/bot.html)"
66.249.71.1 - - [03/Jun/2009:02:49:41 +0200] "GET / HTTP/1.1" 200 1219 "-" "Mozilla/5.0 (compatible; Googlebot/2.1; +http://www.google.com/bot.html)"
212.112.231.105 - - [03/Jun/2009:03:20:14 +0200] "GET / HTTP/1.1" 200 1219 "-" "Mozilla/5.0 (X11; U; Linux i686; en-US; rv:1.8.1.5) Gecko/20060911 SUSE/2.0.0.5-1.2 Firefox/2.0.0.5"
212.112.231.105 - - [03/Jun/2009:03:20:14 +0200] "GET /favicon.ico HTTP/1.1" 404 1256 "-" "Mozilla/5.0 (X11; U; Linux i686; en-US; rv:1.8.1.5) Gecko/20060911 SUSE/2.0.0.5-1.2 Firefox/2.0.0.5"
212.112.231.105 - - [03/Jun/2009:03:20:14 +0200] "GET /favicon.ico HTTP/1.1" 404 1256 "-" "Mozilla/5.0 (X11; U; Linux i686; en-US; rv:1.8.1.5) Gecko/20060911 SUSE/2.0.0.5-1.2 Firefox/2.0.0.5"
85.4.106.220 - - [03/Jun/2009:06:51:23 +0200] "GET / HTTP/1.1" 200 1219 "-" "Java/1.6.0_13"
65.55.217.44 - - [03/Jun/2009:07:37:53 +0200] "GET /robots.txt HTTP/1.1" 404 1256 "-" "msnbot-media/1.1 (+http://search.msn.com/msnbot.htm)"
65.55.217.44 - - [03/Jun/2009:07:37:54 +0200] "GET / HTTP/1.1" 304 - "-" "msnbot-media/1.1 (+http://search.msn.com/msnbot.htm)"
88.72.197.194 - - [03/Jun/2009:07:41:48 +0200] "GET / HTTP/1.1" 200 1219 "-" "Mozilla/5.0 (Macintosh; U; Intel Mac OS X 10.5; de; rv:1.9.0.10) Gecko/2009042315 Firefox/3.0.10"
88.72.197.194 - - [03/Jun/2009:07:41:48 +0200] "GET /favicon.ico HTTP/1.1" 404 1256 "-" "Mozilla/5.0 (Macintosh; U; Intel Mac OS X 10.5; de; rv:1.9.0.10) Gecko/2009042315 Firefox/3.0.10"
88.72.197.194 - - [03/Jun/2009:07:41:53 +0200] "GET /favicon.ico HTTP/1.1" 404 1256 "-" "Mozilla/5.0 (Macintosh; U; Intel Mac OS X 10.5; de; rv:1.9.0.10) Gecko/2009042315 Firefox/3.0.10"
85.179.11.17 - - [03/Jun/2009:09:02:46 +0200] "GET / HTTP/1.1" 200 1219 "http://www.google.de/search?hl=de&q=osz+wilmersdorf&meta=" "Mozilla/4.0 (compatible; MSIE 6.0; Windows NT 5.1; SV1; .NET CLR 2.0.50727; OfficeLiveConnector.1.3; OfficeLivePatch.0.0)"
38.99.13.116 - - [03/Jun/2009:09:28:36 +0200] "GET /robots.txt HTTP/1.0" 404 1256 "-" "Mozilla/5.0 (Twiceler-0.9 http://www.cuil.com/twiceler/robot.html)"
85.178.25.127 - - [03/Jun/2009:10:04:33 +0200] "GET / HTTP/1.1" 200 1219 "http://infobub.arbeitsagentur.de/kurs/advancedSearch.do;jsessionid=000000000000001a49444c3a687474702f52657150726f636573736f723a312e30000000000000010000000000000124000102000000000973303230303032310000eace0000004d00504d43000000000000001a49444c3a687474702f52657150726f636573736f723a312e300020200000000d6b7572735f636c7573746572002020200000000d2f746f6d636174345f706f6100000000000000045649530300000005000507017f00000000000000000000080000000056495300000000010000001800000000000100010000000105010001000101090000000000000021000000700001000000000001000000000000002200000000004000000000000806066781020101010000001904010008060667810201010100000009557365725265616c6d00040000000000000000015642210100000007426f726c616e6400000000010000000806066781020101010000000f_4FAD93C37AEFF347F5596987DB429855?resultShortItemsValues=B+7815-902&resultShortItemsName=systematikNrn&suchVariante=ResultShort&doNext=forwardToResultShort" "Mozilla/5.0 (Macintosh; U; Intel Mac OS X 10_4_11; de-de) AppleWebKit/525.18 (KHTML, like Gecko) Version/3.1.2 Safari/525.22"
85.178.25.127 - - [03/Jun/2009:10:04:33 +0200] "GET /favicon.ico HTTP/1.1" 404 1256 "http://www.friedrich-list-berlin.de/" "Mozilla/5.0 (Macintosh; U; Intel Mac OS X 10_4_11; de-de) AppleWebKit/525.18 (KHTML, like Gecko) Version/3.1.2 Safari/525.22"
89.247.194.167 - - [03/Jun/2009:10:06:07 +0200] "GET / HTTP/1.0" 304 - "-" "Mozilla/4.0 (compatible; MSIE 6.0; Windows NT 5.1; SV1; DigExt)"
88.207.30.183 - - [03/Jun/2009:10:09:06 +0200] "GET / HTTP/1.1" 200 1219 "http://www.google.hr/search?hl=en&rlz=1T4TSEA_en-GBHR294HR294&q=language+courses+in+berlin&btnG=Search" "Mozilla/4.0 (compatible; MSIE 7.0; Windows NT 6.0; GTB6; SLCC1; .NET CLR 2.0.50727; Media Center PC 5.0; .NET CLR 3.0.04506)"
88.207.30.183 - - [03/Jun/2009:10:09:06 +0200] "GET /favicon.ico HTTP/1.1" 404 1256 "-" "Mozilla/4.0 (compatible; MSIE 7.0; Windows NT 6.0; GTB6; SLCC1; .NET CLR 2.0.50727; Media Center PC 5.0; .NET CLR 3.0.04506)"
89.247.194.167 - - [03/Jun/2009:10:16:52 +0200] "GET / HTTP/1.0" 304 - "-" "Mozilla/4.0 (compatible; MSIE 6.0; Windows NT 5.1; SV1; DigExt)"
89.247.194.167 - - [03/Jun/2009:10:53:49 +0200] "GET / HTTP/1.0" 304 - "-" "Mozilla/4.0 (compatible; MSIE 6.0; Windows NT 5.1; SV1; DigExt)"
141.15.31.1 - - [03/Jun/2009:10:56:28 +0200] "GET / HTTP/1.0" 200 1219 "-" "Mozilla/4.0 (compatible; MSIE 6.0; Windows NT 5.1; SV1; .NET CLR 1.1.4322; .NET CLR 2.0.50727)"
89.247.194.167 - - [03/Jun/2009:11:04:49 +0200] "GET / HTTP/1.0" 304 - "-" "Mozilla/4.0 (compatible; MSIE 6.0; Windows NT 5.1; SV1; DigExt)"
89.247.194.167 - - [03/Jun/2009:11:17:54 +0200] "GET / HTTP/1.0" 304 - "-" "Mozilla/4.0 (compatible; MSIE 6.0; Windows NT 5.1; SV1; DigExt)"
89.247.194.167 - - [03/Jun/2009:11:30:50 +0200] "GET / HTTP/1.0" 304 - "-" "Mozilla/4.0 (compatible; MSIE 6.0; Windows NT 5.1; SV1; DigExt)"
84.190.199.112 - - [03/Jun/2009:13:43:35 +0200] "GET / HTTP/1.1" 200 1219 "http://www.google.de/search?hl=de&q=osz+wirtschaftssprachen+berlin&meta=&aq=0&oq=OSZ+Wirtschaftssprachen" "Mozilla/4.0 (compatible; MSIE 8.0; Windows NT 5.1; Trident/4.0; .NET CLR 1.1.4322; InfoPath.2; yie8)"
84.190.199.112 - - [03/Jun/2009:13:43:35 +0200] "GET /favicon.ico HTTP/1.1" 404 1256 "-" "Mozilla/4.0 (compatible; MSIE 8.0; Windows NT 5.1; Trident/4.0; .NET CLR 1.1.4322; InfoPath.2; yie8)"
212.112.231.105 - - [03/Jun/2009:14:21:49 +0200] "GET / HTTP/1.1" 200 1219 "-" "Mozilla/5.0 (X11; U; Linux i686; en-US; rv:1.8.1.5) Gecko/20060911 SUSE/2.0.0.5-1.2 Firefox/2.0.0.5"
212.112.231.105 - - [03/Jun/2009:14:21:49 +0200] "GET /favicon.ico HTTP/1.1" 404 1256 "-" "Mozilla/5.0 (X11; U; Linux i686; en-US; rv:1.8.1.5) Gecko/20060911 SUSE/2.0.0.5-1.2 Firefox/2.0.0.5"
212.112.231.105 - - [03/Jun/2009:14:21:49 +0200] "GET /favicon.ico HTTP/1.1" 404 1256 "-" "Mozilla/5.0 (X11; U; Linux i686; en-US; rv:1.8.1.5) Gecko/20060911 SUSE/2.0.0.5-1.2 Firefox/2.0.0.5"
92.225.109.252 - - [03/Jun/2009:15:20:24 +0200] "GET / HTTP/1.1" 200 1219 "-" "Mozilla/5.0 (Windows; U; Windows NT 6.0; de; rv:1.9.0.10) Gecko/2009042316 Firefox/3.0.10"
92.225.109.252 - - [03/Jun/2009:15:20:24 +0200] "GET /favicon.ico HTTP/1.1" 404 1256 "-" "Mozilla/5.0 (Windows; U; Windows NT 6.0; de; rv:1.9.0.10) Gecko/2009042316 Firefox/3.0.10"
92.225.109.252 - - [03/Jun/2009:15:20:34 +0200] "GET /favicon.ico HTTP/1.1" 404 1256 "-" "Mozilla/5.0 (Windows; U; Windows NT 6.0; de; rv:1.9.0.10) Gecko/2009042316 Firefox/3.0.10"
79.193.249.252 - - [03/Jun/2009:16:25:11 +0200] "GET / HTTP/1.1" 200 1219 "http://www.google.de/search?hl=de&q=osz+wirtschaftssprachen+berlin&meta=&aq=5&oq=osz+wirts" "Mozilla/4.0 (compatible; MSIE 7.0; Windows NT 6.0; GTB6; SIMBAR={2023EA80-FCCB-468E-925B-556B4B5D77EE}; SLCC1; .NET CLR 2.0.50727; Media Center PC 5.0; .NET CLR 3.0.04506; InfoPath.2; OfficeLiveConnector.1.3; OfficeLivePatch.0.0)"
79.193.249.252 - - [03/Jun/2009:16:25:11 +0200] "GET /favicon.ico HTTP/1.1" 404 1256 "-" "Mozilla/4.0 (compatible; MSIE 7.0; Windows NT 6.0; GTB6; SIMBAR={2023EA80-FCCB-468E-925B-556B4B5D77EE}; SLCC1; .NET CLR 2.0.50727; Media Center PC 5.0; .NET CLR 3.0.04506; InfoPath.2; OfficeLiveConnector.1.3; OfficeLivePatch.0.0)"
195.6.82.104 - - [03/Jun/2009:16:53:55 +0200] "GET / HTTP/1.1" 200 1219 "-" "Mozilla/4.0 (compatible; MSIE 6.0; Windows NT 5.1; SV1; .NET CLR 1.1.4322; .NET CLR 2.0.50727; InfoPath.1)"
65.55.104.162 - - [03/Jun/2009:16:55:49 +0200] "GET /robots.txt HTTP/1.1" 404 1256 "-" "msnbot/1.1 (+http://search.msn.com/msnbot.htm)"
65.55.104.162 - - [03/Jun/2009:16:55:49 +0200] "GET / HTTP/1.1" 304 - "-" "msnbot/1.1 (+http://search.msn.com/msnbot.htm)"
38.99.13.116 - - [03/Jun/2009:17:54:24 +0200] "GET / HTTP/1.0" 200 1219 "-" "Mozilla/5.0 (Twiceler-0.9 http://www.cuil.com/twiceler/robot.html)"
87.187.104.197 - - [03/Jun/2009:18:11:46 +0200] "GET / HTTP/1.0" 200 1219 "-" "Mozilla/4.0 (compatible; MSIE 8.0; Windows NT 5.1; Trident/4.0; .NET CLR 2.0.50727; .NET CLR 3.0.4506.2152; .NET CLR 3.5.30729)"
87.187.104.197 - - [03/Jun/2009:18:11:46 +0200] "GET /favicon.ico HTTP/1.0" 404 1256 "-" "Mozilla/4.0 (compatible; MSIE 8.0; Windows NT 5.1; Trident/4.0; .NET CLR 2.0.50727; .NET CLR 3.0.4506.2152; .NET CLR 3.5.30729)"
77.137.94.232 - - [03/Jun/2009:18:45:14 +0200] "GET / HTTP/1.1" 200 1219 "http://maps.google.de/maps?hl=de&um=1&ie=UTF-8&q=friedlich+list+schule+berlin&fb=1&split=1&gl=de&ei=JKImSqDAKs60sgaXwbTVBQ&sa=X&oi=local_group&ct=image&resnum=1" "Mozilla/4.0 (compatible; MSIE 7.0; Windows NT 6.0; SLCC1; .NET CLR 2.0.50727; Media Center PC 5.0; .NET CLR 3.0.04506)"
77.137.94.232 - - [03/Jun/2009:18:45:14 +0200] "GET /favicon.ico HTTP/1.1" 404 1256 "-" "Mozilla/4.0 (compatible; MSIE 7.0; Windows NT 6.0; SLCC1; .NET CLR 2.0.50727; Media Center PC 5.0; .NET CLR 3.0.04506)"
95.88.4.108 - - [03/Jun/2009:18:59:00 +0200] "GET / HTTP/1.1" 200 1219 "-" "Opera/9.64 (Windows NT 5.1; U; de) Presto/2.1.1"
95.88.4.108 - - [03/Jun/2009:18:59:00 +0200] "GET /favicon.ico HTTP/1.1" 404 1256 "http://www.friedrich-list-berlin.de/" "Opera/9.64 (Windows NT 5.1; U; de) Presto/2.1.1"
95.88.4.108 - - [03/Jun/2009:19:03:42 +0200] "GET / HTTP/1.1" 304 - "-" "Opera/9.64 (Windows NT 5.1; U; de) Presto/2.1.1"
66.249.71.1 - - [03/Jun/2009:21:41:22 +0200] "GET /robots.txt HTTP/1.1" 404 1256 "-" "Mozilla/5.0 (compatible; Googlebot/2.1; +http://www.google.com/bot.html)"
208.80.195.56 - - [03/Jun/2009:22:11:57 +0200] "GET / HTTP/1.0" 200 1219 "-" "Mozilla/4.0 (compatible; MSIE 6.0; Windows NT 5.1; SV1; .NET CLR 1.0.3705; .NET CLR 1.1.4322; Media Center PC 4.0; yplus 5.3.04b)"
77.22.124.230 - - [03/Jun/2009:23:07:34 +0200] "GET / HTTP/1.1" 200 1219 "http://www.stayfriends.de/j/ViewController?action=classlist&scid=106649&type=30&from=1990&to=2010&crc=15115290" "Mozilla/4.0 (compatible; MSIE 7.0; Windows NT 5.1; GTB6; SIMBAR={A36AF816-1B40-4E78-A41E-EAA7EBEBE2A1}; .NET CLR 2.0.50727)"
77.22.124.230 - - [03/Jun/2009:23:07:34 +0200] "GET /favicon.ico HTTP/1.1" 404 1256 "-" "Mozilla/4.0 (compatible; MSIE 7.0; Windows NT 5.1; GTB6; SIMBAR={A36AF816-1B40-4E78-A41E-EAA7EBEBE2A1}; .NET CLR 2.0.50727)"
92.82.231.7 - - [03/Jun/2009:23:51:07 +0200] "GET / HTTP/1.1" 200 1219 "-" "Java/1.6.0_04"
212.112.231.105 - - [04/Jun/2009:00:24:11 +0200] "GET / HTTP/1.1" 200 1219 "-" "Mozilla/5.0 (X11; U; Linux i686; en-US; rv:1.8.1.5) Gecko/20060911 SUSE/2.0.0.5-1.2 Firefox/2.0.0.5"
212.112.231.105 - - [04/Jun/2009:00:24:11 +0200] "GET /favicon.ico HTTP/1.1" 404 1256 "-" "Mozilla/5.0 (X11; U; Linux i686; en-US; rv:1.8.1.5) Gecko/20060911 SUSE/2.0.0.5-1.2 Firefox/2.0.0.5"
212.112.231.105 - - [04/Jun/2009:00:24:11 +0200] "GET /favicon.ico HTTP/1.1" 404 1256 "-" "Mozilla/5.0 (X11; U; Linux i686; en-US; rv:1.8.1.5) Gecko/20060911 SUSE/2.0.0.5-1.2 Firefox/2.0.0.5"
67.16.94.2 - - [04/Jun/2009:02:35:44 +0200] "GET /robots.txt HTTP/1.0" 404 1256 "-" "Gigabot/3.0 (http://www.gigablast.com/spider.html)"
67.16.94.2 - - [04/Jun/2009:02:35:45 +0200] "GET / HTTP/1.0" 200 1219 "-" "Gigabot/3.0 (http://www.gigablast.com/spider.html)"
38.99.13.116 - - [04/Jun/2009:05:13:01 +0200] "GET /robots.txt HTTP/1.0" 404 1256 "-" "Mozilla/5.0 (Twiceler-0.9 http://www.cuil.com/twiceler/robot.html)"
212.112.231.105 - - [04/Jun/2009:05:23:49 +0200] "GET / HTTP/1.1" 200 1219 "-" "Mozilla/5.0 (X11; U; Linux i686; en-US; rv:1.8.1.5) Gecko/20060911 SUSE/2.0.0.5-1.2 Firefox/2.0.0.5"
212.112.231.105 - - [04/Jun/2009:05:23:49 +0200] "GET /favicon.ico HTTP/1.1" 404 1256 "-" "Mozilla/5.0 (X11; U; Linux i686; en-US; rv:1.8.1.5) Gecko/20060911 SUSE/2.0.0.5-1.2 Firefox/2.0.0.5"
212.112.231.105 - - [04/Jun/2009:05:23:49 +0200] "GET /favicon.ico HTTP/1.1" 404 1256 "-" "Mozilla/5.0 (X11; U; Linux i686; en-US; rv:1.8.1.5) Gecko/20060911 SUSE/2.0.0.5-1.2 Firefox/2.0.0.5"
88.131.106.3 - - [04/Jun/2009:08:31:39 +0200] "GET /robots.txt HTTP/1.0" 404 1256 "-" "Speedy Spider (http://www.entireweb.com/about/search_tech/speedy_spider/)"
88.131.106.3 - - [04/Jun/2009:08:31:41 +0200] "GET / HTTP/1.0" 200 1219 "-" "Speedy Spider (http://www.entireweb.com/about/search_tech/speedy_spider/)"
84.191.160.125 - - [04/Jun/2009:10:13:24 +0200] "GET / HTTP/1.0" 200 1219 "http://www.kursnet.arbeitsagentur.de/kurs/advancedSearch.do;jsessionid=000000000000001a49444c3a687474702f52657150726f636573736f723a312e30000000000000010000000000000124000102000000000973303230303032310000eae20000004d00504d43000000000000001a49444c3a687474702f52657150726f636573736f723a312e300020200000000d6b7572735f636c7573746572002020200000000d2f746f6d636174345f706f6100000000000000045649530300000005000507017f00000000000000000000080000000056495300000000010000001800000000000100010000000105010001000101090000000000000021000000700001000000000001000000000000002200000000004000000000000806066781020101010000001904010008060667810201010100000009557365725265616c6d00040000000000000000015642210100000007426f726c616e6400000000010000000806066781020101010000000f_70C4E90F4795362466F0D12F84BE41AF" "Mozilla/4.0 (compatible; MSIE 7.0; Windows NT 5.1; InfoPath.1; .NET CLR 2.0.50727; .NET CLR 3.0.04506.30; .NET CLR 3.0.04506.648)"
84.191.160.125 - - [04/Jun/2009:10:13:24 +0200] "GET /favicon.ico HTTP/1.0" 404 1256 "-" "Mozilla/4.0 (compatible; MSIE 7.0; Windows NT 5.1; InfoPath.1; .NET CLR 2.0.50727; .NET CLR 3.0.04506.30; .NET CLR 3.0.04506.648)"
212.204.77.32 - - [04/Jun/2009:10:59:28 +0200] "GET / HTTP/1.0" 200 1219 "http://www.kursnet.arbeitsagentur.de/kurs/advancedSearch.do;jsessionid=000000000000001a49444c3a687474702f52657150726f636573736f723a312e30000000000000010000000000000124000102000000000973303230323032310000ead80000004d00504d43000000000000001a49444c3a687474702f52657150726f636573736f723a312e300020200000000d6b7572735f636c7573746572002020200000000d2f746f6d636174345f706f6100000000000000045649530300000005000507017f00000000000000000000080000000056495300000000010000001800000000000100010000000105010001000101090000000000000021000000700001000000000001000000000000002200000000004000000000000806066781020101010000001904010008060667810201010100000009557365725265616c6d00040000000000000000015642210100000007426f726c616e6400000000010000000806066781020101010000000f_2761526DA4D5AFF0DC1A199F180138C3" "Mozilla/4.0 (compatible; MSIE 7.0; Windows NT 5.1; .NET CLR 1.1.4322; .NET CLR 2.0.50727; .NET CLR 3.0.4506.2152; .NET CLR 3.5.30729)"
212.204.77.32 - - [04/Jun/2009:10:59:28 +0200] "GET /favicon.ico HTTP/1.0" 404 1256 "-" "Mozilla/4.0 (compatible; MSIE 7.0; Windows NT 5.1; .NET CLR 1.1.4322; .NET CLR 2.0.50727; .NET CLR 3.0.4506.2152; .NET CLR 3.5.30729)"
89.247.234.63 - - [04/Jun/2009:11:02:03 +0200] "GET / HTTP/1.0" 304 - "-" "Mozilla/4.0 (compatible; MSIE 6.0; Windows NT 5.1; SV1; DigExt)"
94.222.241.81 - - [04/Jun/2009:13:20:30 +0200] "GET / HTTP/1.1" 200 1219 "http://www.friedrich-list-schule.com/index2.htm" "Mozilla/5.0 (Windows; U; Windows NT 6.0; de; rv:1.9) Gecko/2008052906 Firefox/3.0"
94.222.241.81 - - [04/Jun/2009:13:20:30 +0200] "GET /favicon.ico HTTP/1.1" 404 1256 "-" "Mozilla/5.0 (Windows; U; Windows NT 6.0; de; rv:1.9) Gecko/2008052906 Firefox/3.0"
212.112.231.105 - - [04/Jun/2009:16:20:01 +0200] "GET / HTTP/1.1" 200 1219 "-" "Mozilla/5.0 (X11; U; Linux i686; en-US; rv:1.8.1.5) Gecko/20060911 SUSE/2.0.0.5-1.2 Firefox/2.0.0.5"
212.112.231.105 - - [04/Jun/2009:16:20:01 +0200] "GET /favicon.ico HTTP/1.1" 404 1256 "-" "Mozilla/5.0 (X11; U; Linux i686; en-US; rv:1.8.1.5) Gecko/20060911 SUSE/2.0.0.5-1.2 Firefox/2.0.0.5"
212.112.231.105 - - [04/Jun/2009:16:20:01 +0200] "GET /favicon.ico HTTP/1.1" 404 1256 "-" "Mozilla/5.0 (X11; U; Linux i686; en-US; rv:1.8.1.5) Gecko/20060911 SUSE/2.0.0.5-1.2 Firefox/2.0.0.5"
79.194.19.31 - - [04/Jun/2009:17:45:56 +0200] "GET / HTTP/1.1" 200 1219 "http://www.berlin.de/sen/bildung/schulverzeichnis_und_portraets/anwendung/Schulportrait.aspx?ID=1113101331" "Mozilla/5.0 (Windows; U; Windows NT 5.1; es-ES; rv:1.9.0.10) Gecko/2009042316 Firefox/3.0.10"
79.194.19.31 - - [04/Jun/2009:17:45:56 +0200] "GET /favicon.ico HTTP/1.1" 404 1256 "-" "Mozilla/5.0 (Windows; U; Windows NT 5.1; es-ES; rv:1.9.0.10) Gecko/2009042316 Firefox/3.0.10"
79.194.19.31 - - [04/Jun/2009:17:46:02 +0200] "GET /favicon.ico HTTP/1.1" 404 1256 "-" "Mozilla/5.0 (Windows; U; Windows NT 5.1; es-ES; rv:1.9.0.10) Gecko/2009042316 Firefox/3.0.10"
88.73.44.136 - - [04/Jun/2009:17:58:35 +0200] "GET / HTTP/1.1" 200 1219 "-" "Mozilla/5.0 (Windows; U; Windows NT 5.1; de; rv:1.9.0.10) Gecko/2009042316 Firefox/3.0.10"
88.73.44.136 - - [04/Jun/2009:17:58:35 +0200] "GET /favicon.ico HTTP/1.1" 404 1256 "-" "Mozilla/5.0 (Windows; U; Windows NT 5.1; de; rv:1.9.0.10) Gecko/2009042316 Firefox/3.0.10"
88.73.44.136 - - [04/Jun/2009:17:58:38 +0200] "GET /favicon.ico HTTP/1.1" 404 1256 "-" "Mozilla/5.0 (Windows; U; Windows NT 5.1; de; rv:1.9.0.10) Gecko/2009042316 Firefox/3.0.10"
87.187.113.209 - - [04/Jun/2009:18:20:28 +0200] "GET / HTTP/1.1" 200 1219 "http://domino2.berufsschulen.de/berufsschulen.nsf/Berlin?OpenView&Start=1" "Mozilla/5.0 (Windows; U; Windows NT 6.0; de; rv:1.9.0.10) Gecko/2009042316 Firefox/3.0.10"
88.73.44.136 - - [04/Jun/2009:19:47:48 +0200] "GET / HTTP/1.1" 200 1219 "-" "Mozilla/5.0 (Windows; U; Windows NT 5.1; de; rv:1.9.0.10) Gecko/2009042316 Firefox/3.0.10"
88.73.44.136 - - [04/Jun/2009:19:47:48 +0200] "GET /favicon.ico HTTP/1.1" 404 1256 "-" "Mozilla/5.0 (Windows; U; Windows NT 5.1; de; rv:1.9.0.10) Gecko/2009042316 Firefox/3.0.10"
88.73.44.136 - - [04/Jun/2009:19:47:55 +0200] "GET /favicon.ico HTTP/1.1" 404 1256 "-" "Mozilla/5.0 (Windows; U; Windows NT 5.1; de; rv:1.9.0.10) Gecko/2009042316 Firefox/3.0.10"
212.112.231.105 - - [04/Jun/2009:21:17:49 +0200] "GET / HTTP/1.1" 200 1219 "-" "Mozilla/5.0 (X11; U; Linux i686; en-US; rv:1.8.1.5) Gecko/20060911 SUSE/2.0.0.5-1.2 Firefox/2.0.0.5"
212.112.231.105 - - [04/Jun/2009:21:17:49 +0200] "GET /favicon.ico HTTP/1.1" 404 1256 "-" "Mozilla/5.0 (X11; U; Linux i686; en-US; rv:1.8.1.5) Gecko/20060911 SUSE/2.0.0.5-1.2 Firefox/2.0.0.5"
212.112.231.105 - - [04/Jun/2009:21:17:49 +0200] "GET /favicon.ico HTTP/1.1" 404 1256 "-" "Mozilla/5.0 (X11; U; Linux i686; en-US; rv:1.8.1.5) Gecko/20060911 SUSE/2.0.0.5-1.2 Firefox/2.0.0.5"
208.80.195.44 - - [04/Jun/2009:21:26:27 +0200] "GET / HTTP/1.0" 200 1219 "-" "Mozilla/4.0 (compatible; MSIE 6.0; Windows NT 5.1; SV1; FunWebProducts; .NET CLR 1.1.4322; ZangoToolbar 4.8.2; yplus 4.1.00b)"
212.112.231.105 - - [04/Jun/2009:23:18:01 +0200] "GET / HTTP/1.1" 200 1219 "-" "Mozilla/5.0 (X11; U; Linux i686; en-US; rv:1.8.1.5) Gecko/20060911 SUSE/2.0.0.5-1.2 Firefox/2.0.0.5"
212.112.231.105 - - [04/Jun/2009:23:18:01 +0200] "GET /favicon.ico HTTP/1.1" 404 1256 "-" "Mozilla/5.0 (X11; U; Linux i686; en-US; rv:1.8.1.5) Gecko/20060911 SUSE/2.0.0.5-1.2 Firefox/2.0.0.5"
212.112.231.105 - - [05/Jun/2009:00:18:44 +0200] "GET / HTTP/1.1" 200 1219 "-" "Mozilla/5.0 (X11; U; Linux i686; en-US; rv:1.8.1.5) Gecko/20060911 SUSE/2.0.0.5-1.2 Firefox/2.0.0.5"
212.112.231.105 - - [05/Jun/2009:00:18:44 +0200] "GET /favicon.ico HTTP/1.1" 404 1256 "-" "Mozilla/5.0 (X11; U; Linux i686; en-US; rv:1.8.1.5) Gecko/20060911 SUSE/2.0.0.5-1.2 Firefox/2.0.0.5"
212.112.231.105 - - [05/Jun/2009:00:18:44 +0200] "GET /favicon.ico HTTP/1.1" 404 1256 "-" "Mozilla/5.0 (X11; U; Linux i686; en-US; rv:1.8.1.5) Gecko/20060911 SUSE/2.0.0.5-1.2 Firefox/2.0.0.5"
193.175.194.33 - - [05/Jun/2009:02:35:42 +0200] "GET / HTTP/1.1" 200 1219 "-" "Bildungsserver-Linkchecker DBS 0.9 (http://www.bildungsserver.de)"
38.99.13.116 - - [05/Jun/2009:05:16:48 +0200] "GET /robots.txt HTTP/1.0" 404 1256 "-" "Mozilla/5.0 (Twiceler-0.9 http://www.cuil.com/twiceler/robot.html)"
212.112.231.105 - - [05/Jun/2009:06:18:39 +0200] "GET / HTTP/1.1" 200 1219 "-" "Mozilla/5.0 (X11; U; Linux i686; en-US; rv:1.8.1.5) Gecko/20060911 SUSE/2.0.0.5-1.2 Firefox/2.0.0.5"
212.112.231.105 - - [05/Jun/2009:06:18:40 +0200] "GET /favicon.ico HTTP/1.1" 404 1256 "-" "Mozilla/5.0 (X11; U; Linux i686; en-US; rv:1.8.1.5) Gecko/20060911 SUSE/2.0.0.5-1.2 Firefox/2.0.0.5"
212.112.231.105 - - [05/Jun/2009:06:18:40 +0200] "GET /favicon.ico HTTP/1.1" 404 1256 "-" "Mozilla/5.0 (X11; U; Linux i686; en-US; rv:1.8.1.5) Gecko/20060911 SUSE/2.0.0.5-1.2 Firefox/2.0.0.5"
212.112.231.105 - - [05/Jun/2009:07:18:25 +0200] "GET / HTTP/1.1" 200 1219 "-" "Mozilla/5.0 (X11; U; Linux i686; en-US; rv:1.8.1.5) Gecko/20060911 SUSE/2.0.0.5-1.2 Firefox/2.0.0.5"
212.112.231.105 - - [05/Jun/2009:07:18:26 +0200] "GET /favicon.ico HTTP/1.1" 404 1256 "-" "Mozilla/5.0 (X11; U; Linux i686; en-US; rv:1.8.1.5) Gecko/20060911 SUSE/2.0.0.5-1.2 Firefox/2.0.0.5"
212.112.231.105 - - [05/Jun/2009:07:18:26 +0200] "GET /favicon.ico HTTP/1.1" 404 1256 "-" "Mozilla/5.0 (X11; U; Linux i686; en-US; rv:1.8.1.5) Gecko/20060911 SUSE/2.0.0.5-1.2 Firefox/2.0.0.5"
85.25.120.198 - - [05/Jun/2009:07:49:14 +0200] "GET /robots.txt HTTP/1.1" 404 1256 "-" "Mozilla/5.0 (compatible; iCcrawler - iCjobs Stellenangebote Jobs; http://www.icjobs.de)"
85.25.120.198 - - [05/Jun/2009:07:49:15 +0200] "GET / HTTP/1.1" 200 1219 "-" "Mozilla/5.0 (compatible; iCcrawler - iCjobs Stellenangebote Jobs; http://www.icjobs.de)"
62.96.13.214 - - [05/Jun/2009:09:16:21 +0200] "GET / HTTP/1.1" 200 1219 "http://www.berlin.de/sen/bildung/schulverzeichnis_und_portraets/anwendung/Schulportrait.aspx?ID=1113101331" "Mozilla/5.0 (Windows; U; Windows NT 6.0; de; rv:1.9.0.10) Gecko/2009042316 Firefox/3.0.10"
62.96.13.214 - - [05/Jun/2009:09:16:21 +0200] "GET /favicon.ico HTTP/1.1" 404 1256 "-" "Mozilla/5.0 (Windows; U; Windows NT 6.0; de; rv:1.9.0.10) Gecko/2009042316 Firefox/3.0.10"
62.96.13.214 - - [05/Jun/2009:09:16:25 +0200] "GET /favicon.ico HTTP/1.1" 404 1256 "-" "Mozilla/5.0 (Windows; U; Windows NT 6.0; de; rv:1.9.0.10) Gecko/2009042316 Firefox/3.0.10"
87.123.85.94 - - [05/Jun/2009:10:45:13 +0200] "GET / HTTP/1.0" 304 - "-" "Mozilla/4.0 (compatible; MSIE 6.0; Windows NT 5.1; SV1; DigExt)"
212.112.231.105 - - [05/Jun/2009:11:18:16 +0200] "GET / HTTP/1.1" 200 1219 "-" "Mozilla/5.0 (X11; U; Linux i686; en-US; rv:1.8.1.5) Gecko/20060911 SUSE/2.0.0.5-1.2 Firefox/2.0.0.5"
212.112.231.105 - - [05/Jun/2009:11:18:16 +0200] "GET /favicon.ico HTTP/1.1" 404 1256 "-" "Mozilla/5.0 (X11; U; Linux i686; en-US; rv:1.8.1.5) Gecko/20060911 SUSE/2.0.0.5-1.2 Firefox/2.0.0.5"
212.112.231.105 - - [05/Jun/2009:11:18:16 +0200] "GET /favicon.ico HTTP/1.1" 404 1256 "-" "Mozilla/5.0 (X11; U; Linux i686; en-US; rv:1.8.1.5) Gecko/20060911 SUSE/2.0.0.5-1.2 Firefox/2.0.0.5"
87.123.64.47 - - [05/Jun/2009:12:08:28 +0200] "GET / HTTP/1.1" 304 - "-" "Mozilla/4.0 (compatible; MSIE 5.01; Windows NT 5.0; DigExt)"
194.8.221.210 - - [05/Jun/2009:12:51:18 +0200] "GET / HTTP/1.1" 200 1219 "-" "Mozilla/5.0 (Macintosh; U; Intel Mac OS X 10_5_5; en-us) AppleWebKit/525.18 (KHTML, like Gecko) Version/3.1.2 Safari/525.20.1"
194.8.221.210 - - [05/Jun/2009:12:51:18 +0200] "GET /favicon.ico HTTP/1.1" 404 1256 "http://www.friedrich-list-berlin.de/" "Mozilla/5.0 (Macintosh; U; Intel Mac OS X 10_5_5; en-us) AppleWebKit/525.18 (KHTML, like Gecko) Version/3.1.2 Safari/525.20.1"
145.253.232.10 - - [05/Jun/2009:12:54:35 +0200] "GET / HTTP/1.1" 200 1219 "-" "Mozilla/4.0 (compatible; MSIE 6.0; Windows NT 5.0)"
212.112.231.105 - - [05/Jun/2009:13:18:21 +0200] "GET / HTTP/1.1" 200 1219 "-" "Mozilla/5.0 (X11; U; Linux i686; en-US; rv:1.8.1.5) Gecko/20060911 SUSE/2.0.0.5-1.2 Firefox/2.0.0.5"
212.112.231.105 - - [05/Jun/2009:14:19:52 +0200] "GET / HTTP/1.1" 200 1219 "-" "Mozilla/5.0 (X11; U; Linux i686; en-US; rv:1.8.1.5) Gecko/20060911 SUSE/2.0.0.5-1.2 Firefox/2.0.0.5"
212.112.231.105 - - [05/Jun/2009:14:19:52 +0200] "GET /favicon.ico HTTP/1.1" 404 1256 "-" "Mozilla/5.0 (X11; U; Linux i686; en-US; rv:1.8.1.5) Gecko/20060911 SUSE/2.0.0.5-1.2 Firefox/2.0.0.5"
212.112.231.105 - - [05/Jun/2009:14:19:52 +0200] "GET /favicon.ico HTTP/1.1" 404 1256 "-" "Mozilla/5.0 (X11; U; Linux i686; en-US; rv:1.8.1.5) Gecko/20060911 SUSE/2.0.0.5-1.2 Firefox/2.0.0.5"
65.55.106.136 - - [05/Jun/2009:15:12:27 +0200] "GET /robots.txt HTTP/1.1" 404 1256 "-" "msnbot/2.0b (+http://search.msn.com/msnbot.htm)"
65.55.106.136 - - [05/Jun/2009:15:14:30 +0200] "GET / HTTP/1.1" 304 - "-" "msnbot/2.0b (+http://search.msn.com/msnbot.htm)"
65.55.106.124 - - [05/Jun/2009:15:50:33 +0200] "GET / HTTP/1.1" 304 - "-" "msnbot/2.0b (+http://search.msn.com/msnbot.htm)"
212.112.231.105 - - [05/Jun/2009:16:18:48 +0200] "GET / HTTP/1.1" 200 1219 "-" "Mozilla/5.0 (X11; U; Linux i686; en-US; rv:1.8.1.5) Gecko/20060911 SUSE/2.0.0.5-1.2 Firefox/2.0.0.5"
212.112.231.105 - - [05/Jun/2009:16:18:48 +0200] "GET /favicon.ico HTTP/1.1" 404 1256 "-" "Mozilla/5.0 (X11; U; Linux i686; en-US; rv:1.8.1.5) Gecko/20060911 SUSE/2.0.0.5-1.2 Firefox/2.0.0.5"
212.112.231.105 - - [05/Jun/2009:16:18:48 +0200] "GET /favicon.ico HTTP/1.1" 404 1256 "-" "Mozilla/5.0 (X11; U; Linux i686; en-US; rv:1.8.1.5) Gecko/20060911 SUSE/2.0.0.5-1.2 Firefox/2.0.0.5"
65.55.106.141 - - [05/Jun/2009:16:35:40 +0200] "GET / HTTP/1.1" 304 - "-" "msnbot/2.0b (+http://search.msn.com/msnbot.htm)"
94.219.74.182 - - [05/Jun/2009:17:06:24 +0200] "GET / HTTP/1.1" 200 1219 "-" "Mozilla/4.0 (compatible; MSIE 6.0; Windows NT 5.1; SV1)"
212.112.231.105 - - [05/Jun/2009:19:19:54 +0200] "GET / HTTP/1.1" 200 1219 "-" "Mozilla/5.0 (X11; U; Linux i686; en-US; rv:1.8.1.5) Gecko/20060911 SUSE/2.0.0.5-1.2 Firefox/2.0.0.5"
212.112.231.105 - - [05/Jun/2009:19:19:54 +0200] "GET /favicon.ico HTTP/1.1" 404 1256 "-" "Mozilla/5.0 (X11; U; Linux i686; en-US; rv:1.8.1.5) Gecko/20060911 SUSE/2.0.0.5-1.2 Firefox/2.0.0.5"
212.112.231.105 - - [05/Jun/2009:19:19:54 +0200] "GET /favicon.ico HTTP/1.1" 404 1256 "-" "Mozilla/5.0 (X11; U; Linux i686; en-US; rv:1.8.1.5) Gecko/20060911 SUSE/2.0.0.5-1.2 Firefox/2.0.0.5"
208.80.195.56 - - [05/Jun/2009:19:41:41 +0200] "GET / HTTP/1.0" 200 1219 "-" "Mozilla/4.0 (compatible; MSIE 7.0; Windows NT 5.1; FunWebProducts; .NET CLR 1.0.3705; .NET CLR 1.1.4322; Media Center PC 3.1; HbTools 4.7.0; IEMB3; IEMB3)"
212.112.231.105 - - [05/Jun/2009:20:18:10 +0200] "GET / HTTP/1.1" 200 1219 "-" "Mozilla/5.0 (X11; U; Linux i686; en-US; rv:1.8.1.5) Gecko/20060911 SUSE/2.0.0.5-1.2 Firefox/2.0.0.5"
212.112.231.105 - - [05/Jun/2009:20:18:10 +0200] "GET /favicon.ico HTTP/1.1" 404 1256 "-" "Mozilla/5.0 (X11; U; Linux i686; en-US; rv:1.8.1.5) Gecko/20060911 SUSE/2.0.0.5-1.2 Firefox/2.0.0.5"
212.112.231.105 - - [05/Jun/2009:20:18:10 +0200] "GET /favicon.ico HTTP/1.1" 404 1256 "-" "Mozilla/5.0 (X11; U; Linux i686; en-US; rv:1.8.1.5) Gecko/20060911 SUSE/2.0.0.5-1.2 Firefox/2.0.0.5"
80.153.170.129 - - [05/Jun/2009:21:18:34 +0200] "GET / HTTP/1.0" 200 1219 "http://www.friedrich-list-schule.com/index3.htm" "Mozilla/4.0 (compatible; MSIE 8.0; Windows NT 5.2; Trident/4.0; .NET CLR 1.1.4322)"
80.153.170.129 - - [05/Jun/2009:21:18:34 +0200] "GET /favicon.ico HTTP/1.0" 404 1256 "-" "Mozilla/4.0 (compatible; MSIE 8.0; Windows NT 5.2; Trident/4.0; .NET CLR 1.1.4322)"
212.112.231.105 - - [05/Jun/2009:22:19:00 +0200] "GET / HTTP/1.1" 200 1219 "-" "Mozilla/5.0 (X11; U; Linux i686; en-US; rv:1.8.1.5) Gecko/20060911 SUSE/2.0.0.5-1.2 Firefox/2.0.0.5"
212.112.231.105 - - [05/Jun/2009:22:19:01 +0200] "GET /favicon.ico HTTP/1.1" 404 1256 "-" "Mozilla/5.0 (X11; U; Linux i686; en-US; rv:1.8.1.5) Gecko/20060911 SUSE/2.0.0.5-1.2 Firefox/2.0.0.5"
212.112.231.105 - - [05/Jun/2009:22:19:01 +0200] "GET /favicon.ico HTTP/1.1" 404 1256 "-" "Mozilla/5.0 (X11; U; Linux i686; en-US; rv:1.8.1.5) Gecko/20060911 SUSE/2.0.0.5-1.2 Firefox/2.0.0.5"
212.112.231.105 - - [06/Jun/2009:00:18:29 +0200] "GET / HTTP/1.1" 200 1219 "-" "Mozilla/5.0 (X11; U; Linux i686; en-US; rv:1.8.1.5) Gecko/20060911 SUSE/2.0.0.5-1.2 Firefox/2.0.0.5"
212.112.231.105 - - [06/Jun/2009:01:18:28 +0200] "GET / HTTP/1.1" 200 1219 "-" "Mozilla/5.0 (X11; U; Linux i686; en-US; rv:1.8.1.5) Gecko/20060911 SUSE/2.0.0.5-1.2 Firefox/2.0.0.5"
212.112.231.105 - - [06/Jun/2009:01:18:28 +0200] "GET /favicon.ico HTTP/1.1" 404 1256 "-" "Mozilla/5.0 (X11; U; Linux i686; en-US; rv:1.8.1.5) Gecko/20060911 SUSE/2.0.0.5-1.2 Firefox/2.0.0.5"
212.112.231.105 - - [06/Jun/2009:01:18:28 +0200] "GET /favicon.ico HTTP/1.1" 404 1256 "-" "Mozilla/5.0 (X11; U; Linux i686; en-US; rv:1.8.1.5) Gecko/20060911 SUSE/2.0.0.5-1.2 Firefox/2.0.0.5"
67.16.94.2 - - [06/Jun/2009:02:53:08 +0200] "GET /robots.txt HTTP/1.0" 404 1256 "-" "Gigabot/3.0 (http://www.gigablast.com/spider.html)"
67.16.94.2 - - [06/Jun/2009:02:53:09 +0200] "GET / HTTP/1.0" 200 1219 "-" "Gigabot/3.0 (http://www.gigablast.com/spider.html)"
212.112.231.105 - - [06/Jun/2009:03:19:15 +0200] "GET / HTTP/1.1" 200 1219 "-" "Mozilla/5.0 (X11; U; Linux i686; en-US; rv:1.8.1.5) Gecko/20060911 SUSE/2.0.0.5-1.2 Firefox/2.0.0.5"
212.112.231.105 - - [06/Jun/2009:04:18:59 +0200] "GET / HTTP/1.1" 200 1219 "-" "Mozilla/5.0 (X11; U; Linux i686; en-US; rv:1.8.1.5) Gecko/20060911 SUSE/2.0.0.5-1.2 Firefox/2.0.0.5"
212.112.231.105 - - [06/Jun/2009:04:19:00 +0200] "GET /favicon.ico HTTP/1.1" 404 1256 "-" "Mozilla/5.0 (X11; U; Linux i686; en-US; rv:1.8.1.5) Gecko/20060911 SUSE/2.0.0.5-1.2 Firefox/2.0.0.5"
212.112.231.105 - - [06/Jun/2009:04:19:00 +0200] "GET /favicon.ico HTTP/1.1" 404 1256 "-" "Mozilla/5.0 (X11; U; Linux i686; en-US; rv:1.8.1.5) Gecko/20060911 SUSE/2.0.0.5-1.2 Firefox/2.0.0.5"
38.99.13.116 - - [06/Jun/2009:05:18:02 +0200] "GET /robots.txt HTTP/1.0" 404 1256 "-" "Mozilla/5.0 (Twiceler-0.9 http://www.cuil.com/twiceler/robot.html)"
212.112.231.105 - - [06/Jun/2009:06:18:08 +0200] "GET / HTTP/1.1" 200 1219 "-" "Mozilla/5.0 (X11; U; Linux i686; en-US; rv:1.8.1.5) Gecko/20060911 SUSE/2.0.0.5-1.2 Firefox/2.0.0.5"
212.112.231.105 - - [06/Jun/2009:07:18:28 +0200] "GET / HTTP/1.1" 200 1219 "-" "Mozilla/5.0 (X11; U; Linux i686; en-US; rv:1.8.1.5) Gecko/20060911 SUSE/2.0.0.5-1.2 Firefox/2.0.0.5"
212.112.231.105 - - [06/Jun/2009:07:18:28 +0200] "GET /favicon.ico HTTP/1.1" 404 1256 "-" "Mozilla/5.0 (X11; U; Linux i686; en-US; rv:1.8.1.5) Gecko/20060911 SUSE/2.0.0.5-1.2 Firefox/2.0.0.5"
212.112.231.105 - - [06/Jun/2009:07:18:28 +0200] "GET /favicon.ico HTTP/1.1" 404 1256 "-" "Mozilla/5.0 (X11; U; Linux i686; en-US; rv:1.8.1.5) Gecko/20060911 SUSE/2.0.0.5-1.2 Firefox/2.0.0.5"
212.112.231.105 - - [06/Jun/2009:10:18:33 +0200] "GET / HTTP/1.1" 200 1219 "-" "Mozilla/5.0 (X11; U; Linux i686; en-US; rv:1.8.1.5) Gecko/20060911 SUSE/2.0.0.5-1.2 Firefox/2.0.0.5"
212.112.231.105 - - [06/Jun/2009:10:18:33 +0200] "GET /favicon.ico HTTP/1.1" 404 1256 "-" "Mozilla/5.0 (X11; U; Linux i686; en-US; rv:1.8.1.5) Gecko/20060911 SUSE/2.0.0.5-1.2 Firefox/2.0.0.5"
212.112.231.105 - - [06/Jun/2009:10:18:33 +0200] "GET /favicon.ico HTTP/1.1" 404 1256 "-" "Mozilla/5.0 (X11; U; Linux i686; en-US; rv:1.8.1.5) Gecko/20060911 SUSE/2.0.0.5-1.2 Firefox/2.0.0.5"
92.225.35.111 - - [06/Jun/2009:11:47:04 +0200] "GET / HTTP/1.1" 200 1219 "http://www.yellowmap.de/YM/DetailInfo/Info.aspx?Ebinr=XRP021F114RGM32&SessionGuid=3b86aaa2-fa45-4223-9a08-ef03c91514c8&NewSession=Clone&ClearGroups=Route,MapNav,GeoMap,Couponing&ClearParas=RouteDescription,Print&YMCL-newHierarchyLevel&DetailInfoView=1" "Mozilla/4.0 (compatible; MSIE 7.0; Windows NT 5.1; Mozilla/4.0 (compatible; MSIE 6.0; Windows NT 5.1; SV1) ; .NET CLR 1.1.4322; InfoPath.2; .NET CLR 2.0.50727)"
92.225.35.111 - - [06/Jun/2009:11:47:04 +0200] "GET /favicon.ico HTTP/1.1" 404 1256 "-" "Mozilla/4.0 (compatible; MSIE 7.0; Windows NT 5.1; Mozilla/4.0 (compatible; MSIE 6.0; Windows NT 5.1; SV1) ; .NET CLR 1.1.4322; InfoPath.2; .NET CLR 2.0.50727)"
92.225.35.111 - - [06/Jun/2009:11:48:06 +0200] "GET / HTTP/1.1" 304 - "http://www.yellowmap.de/YM/DetailInfo/Info.aspx?Ebinr=XRP021F114RGM32&SessionGuid=3b86aaa2-fa45-4223-9a08-ef03c91514c8&NewSession=Clone&ClearGroups=Route,MapNav,GeoMap,Couponing&ClearParas=RouteDescription,Print&YMCL-newHierarchyLevel&DetailInfoView=1" "Mozilla/4.0 (compatible; MSIE 7.0; Windows NT 5.1; Mozilla/4.0 (compatible; MSIE 6.0; Windows NT 5.1; SV1) ; .NET CLR 1.1.4322; InfoPath.2; .NET CLR 2.0.50727)"
212.112.231.105 - - [06/Jun/2009:12:18:29 +0200] "GET / HTTP/1.1" 200 1219 "-" "Mozilla/5.0 (X11; U; Linux i686; en-US; rv:1.8.1.5) Gecko/20060911 SUSE/2.0.0.5-1.2 Firefox/2.0.0.5"
212.112.231.105 - - [06/Jun/2009:12:18:29 +0200] "GET /favicon.ico HTTP/1.1" 404 1256 "-" "Mozilla/5.0 (X11; U; Linux i686; en-US; rv:1.8.1.5) Gecko/20060911 SUSE/2.0.0.5-1.2 Firefox/2.0.0.5"
212.112.231.105 - - [06/Jun/2009:13:18:25 +0200] "GET / HTTP/1.1" 200 1219 "-" "Mozilla/5.0 (X11; U; Linux i686; en-US; rv:1.8.1.5) Gecko/20060911 SUSE/2.0.0.5-1.2 Firefox/2.0.0.5"
77.132.137.116 - - [06/Jun/2009:13:42:28 +0200] "GET / HTTP/1.1" 200 1219 "http://www.berlin.de/sen/bildung/schulverzeichnis_und_portraets/anwendung/Schulportrait.aspx?ID=1113101331" "Mozilla/5.0 (Macintosh; U; Intel Mac OS X 10.4; en-US; rv:1.9.0.10) Gecko/2009042315 Firefox/3.0.10"
77.132.137.116 - - [06/Jun/2009:13:42:28 +0200] "GET /favicon.ico HTTP/1.1" 404 1256 "-" "Mozilla/5.0 (Macintosh; U; Intel Mac OS X 10.4; en-US; rv:1.9.0.10) Gecko/2009042315 Firefox/3.0.10"
77.132.137.116 - - [06/Jun/2009:13:42:37 +0200] "GET /favicon.ico HTTP/1.1" 404 1256 "-" "Mozilla/5.0 (Macintosh; U; Intel Mac OS X 10.4; en-US; rv:1.9.0.10) Gecko/2009042315 Firefox/3.0.10"
77.132.137.116 - - [06/Jun/2009:13:42:47 +0200] "GET / HTTP/1.1" 200 1219 "http://www.berlin.de/sen/bildung/schulverzeichnis_und_portraets/anwendung/Schulportrait.aspx?ID=1113101331" "Mozilla/5.0 (Macintosh; U; Intel Mac OS X 10.4; en-US; rv:1.9.0.10) Gecko/2009042315 Firefox/3.0.10"
65.55.104.19 - - [06/Jun/2009:14:08:25 +0200] "GET /robots.txt HTTP/1.1" 404 1256 "-" "msnbot/1.1 (+http://search.msn.com/msnbot.htm)"
65.55.104.19 - - [06/Jun/2009:14:08:25 +0200] "GET / HTTP/1.1" 200 1219 "-" "msnbot/1.1 (+http://search.msn.com/msnbot.htm)"
212.112.231.105 - - [06/Jun/2009:15:18:28 +0200] "GET / HTTP/1.1" 200 1219 "-" "Mozilla/5.0 (X11; U; Linux i686; en-US; rv:1.8.1.5) Gecko/20060911 SUSE/2.0.0.5-1.2 Firefox/2.0.0.5"
212.112.231.105 - - [06/Jun/2009:15:18:28 +0200] "GET /favicon.ico HTTP/1.1" 404 1256 "-" "Mozilla/5.0 (X11; U; Linux i686; en-US; rv:1.8.1.5) Gecko/20060911 SUSE/2.0.0.5-1.2 Firefox/2.0.0.5"
212.112.231.105 - - [06/Jun/2009:15:18:29 +0200] "GET /favicon.ico HTTP/1.1" 404 1256 "-" "Mozilla/5.0 (X11; U; Linux i686; en-US; rv:1.8.1.5) Gecko/20060911 SUSE/2.0.0.5-1.2 Firefox/2.0.0.5"
208.80.195.39 - - [06/Jun/2009:17:14:33 +0200] "GET / HTTP/1.0" 200 1219 "-" "Mozilla/4.0 (compatible; MSIE 7.0; Windows NT 5.1; SIMBAR Enabled; SIMBAR={6D2BC267-98BD-42c2-A455-6CCA84CDCD74}; SIMBAR=0; .NET CLR 2.0.50727)"
88.73.72.216 - - [06/Jun/2009:19:56:22 +0200] "GET / HTTP/1.1" 200 1219 "-" "Mozilla/4.0 (compatible; MSIE 7.0; Windows NT 6.0; SLCC1; .NET CLR 2.0.50727; Media Center PC 5.0; .NET CLR 3.0.04506)"
88.73.72.216 - - [06/Jun/2009:19:56:22 +0200] "GET /favicon.ico HTTP/1.1" 404 1256 "-" "Mozilla/4.0 (compatible; MSIE 7.0; Windows NT 6.0; SLCC1; .NET CLR 2.0.50727; Media Center PC 5.0; .NET CLR 3.0.04506)"
212.112.231.105 - - [06/Jun/2009:22:19:02 +0200] "GET / HTTP/1.1" 200 1219 "-" "Mozilla/5.0 (X11; U; Linux i686; en-US; rv:1.8.1.5) Gecko/20060911 SUSE/2.0.0.5-1.2 Firefox/2.0.0.5"
212.112.231.105 - - [06/Jun/2009:22:19:02 +0200] "GET /favicon.ico HTTP/1.1" 404 1256 "-" "Mozilla/5.0 (X11; U; Linux i686; en-US; rv:1.8.1.5) Gecko/20060911 SUSE/2.0.0.5-1.2 Firefox/2.0.0.5"
212.112.231.105 - - [06/Jun/2009:22:19:02 +0200] "GET /favicon.ico HTTP/1.1" 404 1256 "-" "Mozilla/5.0 (X11; U; Linux i686; en-US; rv:1.8.1.5) Gecko/20060911 SUSE/2.0.0.5-1.2 Firefox/2.0.0.5"
212.112.231.105 - - [06/Jun/2009:23:19:03 +0200] "GET / HTTP/1.1" 200 1219 "-" "Mozilla/5.0 (X11; U; Linux i686; en-US; rv:1.8.1.5) Gecko/20060911 SUSE/2.0.0.5-1.2 Firefox/2.0.0.5"
212.112.231.105 - - [06/Jun/2009:23:19:03 +0200] "GET /favicon.ico HTTP/1.1" 404 1256 "-" "Mozilla/5.0 (X11; U; Linux i686; en-US; rv:1.8.1.5) Gecko/20060911 SUSE/2.0.0.5-1.2 Firefox/2.0.0.5"
212.112.231.105 - - [06/Jun/2009:23:19:03 +0200] "GET /favicon.ico HTTP/1.1" 404 1256 "-" "Mozilla/5.0 (X11; U; Linux i686; en-US; rv:1.8.1.5) Gecko/20060911 SUSE/2.0.0.5-1.2 Firefox/2.0.0.5"
85.178.230.120 - - [07/Jun/2009:00:17:21 +0200] "GET / HTTP/1.1" 200 1219 "http://www.bebis.de/themen/schulzeit_vorbei/schulausbildung/adressen/berufsfeld_sozial/print_all" "Mozilla/4.0 (compatible; MSIE 7.0; Windows NT 5.1; GTB5; Mozilla/4.0 (compatible; MSIE 6.0; Windows NT 5.1; SV1) ; .NET CLR 1.1.4322; Dealio Toolbar 3.4; .NET CLR 2.0.50727)"
85.178.230.120 - - [07/Jun/2009:00:17:21 +0200] "GET /favicon.ico HTTP/1.1" 404 1256 "-" "Mozilla/4.0 (compatible; MSIE 7.0; Windows NT 5.1; GTB5; Mozilla/4.0 (compatible; MSIE 6.0; Windows NT 5.1; SV1) ; .NET CLR 1.1.4322; Dealio Toolbar 3.4; .NET CLR 2.0.50727)"
