139.18.2.209 - - [01/Jul/2012:00:40:58 +0200] "GET / HTTP/1.1" 302 - "-" "findlinks/2.6 (+http://wortschatz.uni-leipzig.de/findlinks/)"
91.66.184.220 - - [01/Jul/2012:00:43:22 +0200] "GET / HTTP/1.1" 302 - "-" "-"
217.235.97.80 - - [01/Jul/2012:02:15:20 +0200] "GET / HTTP/1.1" 302 - "http://domino2.berufsschulen.de/db/berufsschulen.nsf/Berlin?OpenView" "Mozilla/5.0 (Windows NT 6.0; rv:13.0) Gecko/20100101 Firefox/13.0.1"
207.241.224.42 - - [01/Jul/2012:05:43:10 +0200] "GET /robots.txt HTTP/1.1" 404 1256 "-" "ia_archiver(OS-Wayback)"
207.241.224.41 - - [01/Jul/2012:05:43:11 +0200] "GET /robots.txt HTTP/1.1" 404 1256 "-" "ia_archiver(OS-Wayback)"
66.249.66.217 - - [01/Jul/2012:09:11:50 +0200] "GET /robots.txt HTTP/1.1" 404 1256 "-" "Mozilla/5.0 (compatible; Googlebot/2.1; +http://www.google.com/bot.html)"
66.249.66.217 - - [01/Jul/2012:09:11:50 +0200] "GET / HTTP/1.1" 302 - "-" "Mozilla/5.0 (iPhone; U; CPU iPhone OS 4_1 like Mac OS X; en-us) AppleWebKit/532.9 (KHTML, like Gecko) Version/4.0.5 Mobile/8B117 Safari/6531.22.7 (compatible; Googlebot-Mobile/2.1; +http://www.google.com/bot.html)"
85.25.71.106 - - [01/Jul/2012:16:48:51 +0200] "GET /robots.txt HTTP/1.1" 404 1256 "-" "Mozilla/5.0 (X11; U; Linux i686; de; rv:1.9.0.1; compatible; iCjobs Stellenangebote Jobs; http://www.icjobs.de) Gecko/20100401 iCjobs/3.2.3"
85.25.71.106 - - [01/Jul/2012:16:48:52 +0200] "GET / HTTP/1.1" 302 - "-" "Mozilla/5.0 (X11; U; Linux i686; de; rv:1.9.0.1; compatible; iCjobs Stellenangebote Jobs; http://www.icjobs.de) Gecko/20100401 iCjobs/3.2.3"
31.184.238.13 - - [02/Jul/2012:03:12:17 +0200] "GET / HTTP/1.0" 302 - "http://www.friedrich-list-berlin.de/" "Mozilla/4.0 (compatible; MSIE 5.0; Windows 95) Opera 6.01 [en]"
217.69.133.29 - - [02/Jul/2012:17:28:56 +0200] "GET /robots.txt HTTP/1.0" 404 1256 "-" "Mozilla/5.0 (compatible; Mail.RU/2.0)"
85.25.120.69 - - [02/Jul/2012:17:44:32 +0200] "GET /robots.txt HTTP/1.1" 404 1256 "-" "Mozilla/5.0 (X11; U; Linux i686; de; rv:1.9.0.1; compatible; iCjobs Stellenangebote Jobs; http://www.icjobs.de) Gecko/20100401 iCjobs/3.2.3"
85.25.120.69 - - [02/Jul/2012:17:44:32 +0200] "GET / HTTP/1.1" 302 - "-" "Mozilla/5.0 (X11; U; Linux i686; de; rv:1.9.0.1; compatible; iCjobs Stellenangebote Jobs; http://www.icjobs.de) Gecko/20100401 iCjobs/3.2.3"
85.25.120.69 - - [02/Jul/2012:17:44:33 +0200] "GET / HTTP/1.1" 302 - "-" "Mozilla/5.0 (X11; U; Linux i686; de; rv:1.9.0.1; compatible; iCjobs Stellenangebote Jobs; http://www.icjobs.de) Gecko/20100401 iCjobs/3.2.3"
128.131.102.100 - - [02/Jul/2012:19:43:45 +0200] "GET / HTTP/1.0" 302 - "-" "KeepRightBot/0.2 (KeepRight OpenStreetMap Checker; http://keepright.ipax.at)"
88.73.11.83 - - [02/Jul/2012:21:04:07 +0200] "GET /favicon.ico HTTP/1.1" 404 1256 "-" "Mozilla/5.0 (compatible; MSIE 9.0; Windows NT 6.1; WOW64; Trident/5.0)"
88.73.11.83 - - [02/Jul/2012:21:04:07 +0200] "GET / HTTP/1.1" 302 - "http://vlw-berlin.de/web/schulen.html" "Mozilla/5.0 (compatible; MSIE 9.0; Windows NT 6.1; WOW64; Trident/5.0)"
80.226.1.7 - - [02/Jul/2012:21:28:24 +0200] "GET / HTTP/1.1" 302 - "http://www.facebook.com/l.php?u=http%3A%2F%2Fwww.friedrich-list-berlin.de%2F&h=kAQGkKzIs" "Mozilla/5.0 (compatible; MSIE 9.0; Windows NT 6.0; Trident/5.0)"
93.206.15.216 - - [03/Jul/2012:11:58:24 +0200] "GET / HTTP/1.1" 302 - "http://www.berlin.de/sen/bildung/schulverzeichnis_und_portraets/anwendung/Schulportrait.aspx?IDSchulzweig=10226" "Mozilla/5.0 (Macintosh; Intel Mac OS X 10.7; rv:13.0) Gecko/20100101 Firefox/13.0.1"
93.228.71.149 - - [03/Jul/2012:12:22:01 +0200] "GET / HTTP/1.1" 302 - "-" "Mozilla/4.0 (compatible; MSIE 8.0; Windows NT 6.0; .NET CLR 1.0.3705; .NET CLR 1.1.4322; Media Center PC 4.0; .NET CLR 2.0.50727)"
95.108.150.235 - - [03/Jul/2012:12:26:57 +0200] "GET /robots.txt HTTP/1.1" 404 1256 "-" "Mozilla/5.0 (compatible; YandexBot/3.0; +http://yandex.com/bots)"
95.108.150.235 - - [03/Jul/2012:12:26:58 +0200] "GET / HTTP/1.1" 302 - "-" "Mozilla/5.0 (compatible; YandexBot/3.0; +http://yandex.com/bots)"
176.74.192.86 - - [03/Jul/2012:12:51:34 +0200] "GET /robots.txt HTTP/1.0" 404 1256 "-" "-"
65.52.110.147 - - [04/Jul/2012:01:31:15 +0200] "GET /robots.txt HTTP/1.1" 404 1256 "-" "Mozilla/5.0 (compatible; bingbot/2.0; +http://www.bing.com/bingbot.htm)"
65.52.110.147 - - [04/Jul/2012:01:32:16 +0200] "GET / HTTP/1.1" 302 - "-" "Mozilla/5.0 (compatible; bingbot/2.0; +http://www.bing.com/bingbot.htm)"
176.9.139.113 - - [04/Jul/2012:04:18:15 +0200] "GET /robots.txt HTTP/1.1" 404 1256 "-" "Mozilla/5.0 (compatible; SISTRIX Crawler; http://crawler.sistrix.net/)"
176.9.139.113 - - [04/Jul/2012:04:18:15 +0200] "GET / HTTP/1.1" 302 - "-" "Mozilla/5.0 (compatible; SISTRIX Crawler; http://crawler.sistrix.net/)"
66.249.72.182 - - [04/Jul/2012:05:41:40 +0200] "GET /robots.txt HTTP/1.1" 404 1256 "-" "Mozilla/5.0 (compatible; Googlebot/2.1; +http://www.google.com/bot.html)"
66.249.66.217 - - [04/Jul/2012:05:41:40 +0200] "GET / HTTP/1.1" 302 - "-" "Mozilla/5.0 (compatible; Googlebot/2.1; +http://www.google.com/bot.html)"
130.83.167.153 - - [04/Jul/2012:05:55:14 +0200] "GET / HTTP/1.1" 302 - "-" "findlinks/2.6 (+http://wortschatz.uni-leipzig.de/findlinks/)"
199.58.86.206 - - [04/Jul/2012:09:19:48 +0200] "GET /robots.txt HTTP/1.0" 404 1256 "-" "Mozilla/5.0 (compatible; MJ12bot/v1.4.3; http://www.majestic12.co.uk/bot.php?+)"
199.58.86.206 - - [04/Jul/2012:09:19:54 +0200] "GET / HTTP/1.0" 302 - "-" "Mozilla/5.0 (compatible; MJ12bot/v1.4.3; http://www.majestic12.co.uk/bot.php?+)"
91.61.87.156 - - [04/Jul/2012:10:29:34 +0200] "GET / HTTP/1.1" 302 - "-" "Mozilla/5.0 /Windows; U; Windows NT 6.1; de; rv:1.9.1.5) Gecko/20091102 Firefox/3.5.5"
176.9.139.112 - - [04/Jul/2012:10:50:44 +0200] "GET /robots.txt HTTP/1.1" 404 1256 "-" "Mozilla/5.0 (compatible; SISTRIX Crawler; http://crawler.sistrix.net/)"
176.9.139.112 - - [04/Jul/2012:10:50:44 +0200] "GET / HTTP/1.1" 302 - "-" "Mozilla/5.0 (compatible; SISTRIX Crawler; http://crawler.sistrix.net/)"
85.108.69.184 - - [04/Jul/2012:11:52:19 +0200] "GET / HTTP/1.1" 302 - "-" "Mozilla/5.0 (compatible; MSIE 9.0; Windows NT 6.1; Trident/5.0)"
79.214.247.161 - - [04/Jul/2012:14:20:58 +0200] "GET / HTTP/1.1" 302 - "-" "-"
176.74.192.86 - - [04/Jul/2012:14:31:32 +0200] "GET /robots.txt HTTP/1.0" 404 1256 "-" "-"
79.195.231.188 - - [04/Jul/2012:16:10:50 +0200] "GET / HTTP/1.1" 302 - "http://by152w.bay152.mail.live.com/mail/InboxLight.aspx?n=25130517" "Mozilla/5.0 (Windows NT 5.1) AppleWebKit/536.11 (KHTML, like Gecko) Chrome/20.0.1132.47 Safari/536.11"
109.46.38.179 - - [04/Jul/2012:23:36:44 +0200] "GET / HTTP/1.1" 302 - "http://www.friedrich-list-berlin.eu/fls_4_impressum.php" "Mozilla/5.0 (Windows NT 6.1; WOW64) AppleWebKit/536.11 (KHTML, like Gecko) Chrome/20.0.1132.47 Safari/536.11"
64.246.165.210 - - [05/Jul/2012:04:22:07 +0200] "GET /robots.txt HTTP/1.0" 404 1256 "-" "Mozilla/5.0 (Windows; U; Windows NT 5.1; en; rv:1.9.0.13) Gecko/2009073022 Firefox/3.5.2 (.NET CLR 3.5.30729) SurveyBot/2.3 (DomainTools)"
64.246.165.210 - - [05/Jul/2012:04:22:07 +0200] "GET / HTTP/1.1" 302 - "http://whois.domaintools.com/friedrich-list-berlin.de" "Mozilla/5.0 (Windows; U; Windows NT 5.1; en; rv:1.9.0.13) Gecko/2009073022 Firefox/3.5.2 (.NET CLR 3.5.30729) SurveyBot/2.3 (DomainTools)"
188.165.195.156 - - [05/Jul/2012:07:14:26 +0200] "HEAD / HTTP/1.1" 302 - "-" "Mozilla/4.0 (compatible; MSIE 5.01; Windows NT 5.0)"
81.9.158.112 - - [05/Jul/2012:10:30:32 +0200] "GET / HTTP/1.1" 302 - "-" "Mozilla/4.0 (compatible; MSIE 8.0; Windows NT 5.1; Trident/4.0; GTB7.3; .NET CLR 1.1.4322; .NET CLR 2.0.50727; .NET CLR 3.0.04506.30)"
65.52.110.147 - - [05/Jul/2012:10:57:15 +0200] "GET /robots.txt HTTP/1.1" 404 1256 "-" "Mozilla/5.0 (compatible; bingbot/2.0; +http://www.bing.com/bingbot.htm)"
65.52.110.147 - - [05/Jul/2012:10:59:48 +0200] "GET / HTTP/1.1" 302 - "-" "Mozilla/5.0 (compatible; bingbot/2.0; +http://www.bing.com/bingbot.htm)"
65.52.110.147 - - [05/Jul/2012:12:02:01 +0200] "GET /robots.txt HTTP/1.1" 404 1256 "-" "Mozilla/5.0 (compatible; bingbot/2.0; +http://www.bing.com/bingbot.htm)"
65.52.110.147 - - [05/Jul/2012:12:07:24 +0200] "GET / HTTP/1.1" 302 - "-" "Mozilla/5.0 (compatible; bingbot/2.0; +http://www.bing.com/bingbot.htm)"
85.183.32.189 - - [05/Jul/2012:15:59:22 +0200] "GET / HTTP/1.1" 302 - "-" "Mozilla/5.0 (Macintosh; Intel Mac OS X 10.6; rv:13.0) Gecko/20100101 Firefox/13.0.1"
128.131.102.100 - - [05/Jul/2012:20:01:44 +0200] "GET / HTTP/1.0" 302 - "-" "KeepRightBot/0.2 (KeepRight OpenStreetMap Checker; http://keepright.ipax.at)"
89.107.127.43 - - [05/Jul/2012:20:35:26 +0200] "GET / HTTP/1.0" 302 - "-" "-"
178.77.126.55 - - [05/Jul/2012:22:55:41 +0200] "GET /robots.txt HTTP/1.1" 404 1256 "-" "Mozilla/5.0 (compatible; CareerBot/1.1; +http://www.career-x.de/bot.html)"
178.77.126.55 - - [05/Jul/2012:22:55:41 +0200] "GET / HTTP/1.1" 302 - "-" "Mozilla/5.0 (compatible; CareerBot/1.1; +http://www.career-x.de/bot.html)"
193.175.194.33 - - [06/Jul/2012:02:22:56 +0200] "GET / HTTP/1.1" 302 - "-" "Bildungsserver-Linkchecker DBS 0.9 (http://www.bildungsserver.de)"
93.220.38.123 - - [06/Jul/2012:12:25:38 +0200] "GET / HTTP/1.1" 302 - "-" "Mozilla/5.0 (Windows NT 6.1; WOW64) AppleWebKit/536.11 (KHTML, like Gecko) Chrome/20.0.1132.47 Safari/536.11"
178.16.217.98 - - [06/Jul/2012:13:34:09 +0200] "GET / HTTP/1.0" 302 - "-" "-"
50.17.122.197 - - [06/Jul/2012:17:21:52 +0200] "GET / HTTP/1.0" 302 - "http://www.campingplatz-reinhof.info" "Mozilla/4.0 (compatible; MSIE 7.0; Windows NT 6.0; Trident/4.0)"
107.20.105.128 - - [06/Jul/2012:17:50:19 +0200] "GET / HTTP/1.0" 302 - "-" "Mozilla/5.0 (compatible; NetcraftSurveyAgent/1.0; +info@netcraft.com)"
31.153.72.219 - - [06/Jul/2012:18:07:21 +0200] "GET / HTTP/1.1" 302 - "http://www.facebook.com/l/MAQF3JxQTAQERBs_vFbKfEN6uxmIG4LTFYY40zTZlAORhtA/www.friedrich-list-berlin.de" "Mozilla/5.0 (Windows NT 6.1) AppleWebKit/536.11 (KHTML, like Gecko) Chrome/20.0.1132.47 Safari/536.11"
31.151.118.40 - - [07/Jul/2012:02:14:47 +0200] "GET / HTTP/1.1" 302 - "-" "Java/1.6.0_20"
31.151.118.40 - - [07/Jul/2012:02:14:48 +0200] "GET /fls_1_aktuelles.php HTTP/1.1" 404 1256 "-" "Java/1.6.0_20"
31.151.118.40 - - [07/Jul/2012:02:14:48 +0200] "GET /fls_2_fremdsprachensekr.php HTTP/1.1" 404 1256 "-" "Java/1.6.0_20"
31.151.118.40 - - [07/Jul/2012:02:14:48 +0200] "GET /fls_3_fls_international.php HTTP/1.1" 404 1256 "-" "Java/1.6.0_20"
31.151.118.40 - - [07/Jul/2012:02:14:48 +0200] "GET /fls_4_faq.php HTTP/1.1" 404 1256 "-" "Java/1.6.0_20"
31.151.118.40 - - [07/Jul/2012:02:14:48 +0200] "GET /fls_4_impressum.php HTTP/1.1" 404 1256 "-" "Java/1.6.0_20"
31.151.118.40 - - [07/Jul/2012:02:14:48 +0200] "GET /fls_4_kontakt_anmeldung.php HTTP/1.1" 404 1256 "-" "Java/1.6.0_20"
31.151.118.40 - - [07/Jul/2012:02:14:48 +0200] "GET /index.php HTTP/1.1" 302 - "-" "Java/1.6.0_20"
31.151.118.40 - - [07/Jul/2012:02:14:48 +0200] "GET /ddlevelsfiles/ddlevelsmenu.js HTTP/1.1" 404 1256 "-" "Java/1.6.0_20"
31.151.118.40 - - [07/Jul/2012:02:14:49 +0200] "GET /js/lightwindow.js HTTP/1.1" 404 1256 "-" "Java/1.6.0_20"
31.151.118.40 - - [07/Jul/2012:02:14:49 +0200] "GET /js/prototype.js HTTP/1.1" 404 1256 "-" "Java/1.6.0_20"
31.151.118.40 - - [07/Jul/2012:02:14:49 +0200] "GET /js/scriptaculous.js?load=effects HTTP/1.1" 404 1256 "-" "Java/1.6.0_20"
85.25.120.73 - - [07/Jul/2012:07:30:09 +0200] "GET /robots.txt HTTP/1.1" 404 1256 "-" "Mozilla/5.0 (X11; U; Linux i686; de; rv:1.9.0.1; compatible; iCjobs Stellenangebote Jobs; http://www.icjobs.de) Gecko/20100401 iCjobs/3.2.3"
85.25.120.73 - - [07/Jul/2012:07:30:09 +0200] "GET / HTTP/1.1" 302 - "-" "Mozilla/5.0 (X11; U; Linux i686; de; rv:1.9.0.1; compatible; iCjobs Stellenangebote Jobs; http://www.icjobs.de) Gecko/20100401 iCjobs/3.2.3"
85.25.120.73 - - [07/Jul/2012:07:30:11 +0200] "GET / HTTP/1.1" 302 - "-" "Mozilla/5.0 (X11; U; Linux i686; de; rv:1.9.0.1; compatible; iCjobs Stellenangebote Jobs; http://www.icjobs.de) Gecko/20100401 iCjobs/3.2.3"
93.220.212.140 - - [07/Jul/2012:07:40:16 +0200] "GET / HTTP/1.1" 302 - "-" "Mozilla/4.0 (compatible; MSIE 7.0; Windows NT 6.0; WOW64; SLCC1; .NET CLR 2.0.50727)"
87.181.158.248 - - [07/Jul/2012:08:34:35 +0200] "GET /robots.txt HTTP/1.1" 404 1256 "-" "findlinks/2.5 (+http://wortschatz.uni-leipzig.de/findlinks/)"
88.78.9.39 - - [07/Jul/2012:10:02:32 +0200] "GET / HTTP/1.1" 302 - "-" "Java/1.6.0_06"
88.78.9.39 - - [07/Jul/2012:10:02:33 +0200] "GET /fls_1_aktuelles.php HTTP/1.1" 404 1256 "-" "Java/1.6.0_06"
88.78.9.39 - - [07/Jul/2012:10:02:33 +0200] "GET /fls_2_fremdsprachensekr.php HTTP/1.1" 404 1256 "-" "Java/1.6.0_06"
88.78.9.39 - - [07/Jul/2012:10:02:33 +0200] "GET /fls_3_fls_international.php HTTP/1.1" 404 1256 "-" "Java/1.6.0_06"
88.78.9.39 - - [07/Jul/2012:10:02:33 +0200] "GET /fls_4_faq.php HTTP/1.1" 404 1256 "-" "Java/1.6.0_06"
88.78.9.39 - - [07/Jul/2012:10:02:33 +0200] "GET /fls_4_impressum.php HTTP/1.1" 404 1256 "-" "Java/1.6.0_06"
88.78.9.39 - - [07/Jul/2012:10:02:33 +0200] "GET /fls_4_kontakt_anmeldung.php HTTP/1.1" 404 1256 "-" "Java/1.6.0_06"
88.78.9.39 - - [07/Jul/2012:10:02:33 +0200] "GET /index.php HTTP/1.1" 302 - "-" "Java/1.6.0_06"
88.78.9.39 - - [07/Jul/2012:10:02:34 +0200] "GET /ddlevelsfiles/ddlevelsmenu.js HTTP/1.1" 404 1256 "-" "Java/1.6.0_06"
88.78.9.39 - - [07/Jul/2012:10:02:34 +0200] "GET /js/lightwindow.js HTTP/1.1" 404 1256 "-" "Java/1.6.0_06"
88.78.9.39 - - [07/Jul/2012:10:02:34 +0200] "GET /js/prototype.js HTTP/1.1" 404 1256 "-" "Java/1.6.0_06"
88.78.9.39 - - [07/Jul/2012:10:02:34 +0200] "GET /js/scriptaculous.js?load=effects HTTP/1.1" 404 1256 "-" "Java/1.6.0_06"
139.18.2.209 - - [07/Jul/2012:10:10:51 +0200] "GET /robots.txt HTTP/1.1" 404 1256 "-" "findlinks/2.6 (+http://wortschatz.uni-leipzig.de/findlinks/)"
85.214.127.10 - - [07/Jul/2012:11:25:37 +0200] "GET / HTTP/1.0" 302 - "-" "Mozilla"
85.214.127.10 - - [07/Jul/2012:11:25:37 +0200] "GET /index.php HTTP/1.0" 302 - "-" "Mozilla"
85.214.127.10 - - [07/Jul/2012:11:25:37 +0200] "GET /fls_1_aktuelles.php HTTP/1.0" 404 1256 "-" "Mozilla"
85.214.127.10 - - [07/Jul/2012:11:25:37 +0200] "GET /fls_2_fremdsprachensekr.php HTTP/1.0" 404 1256 "-" "Mozilla"
85.214.127.10 - - [07/Jul/2012:11:25:37 +0200] "GET /fls_3_fls_international.php HTTP/1.0" 404 1256 "-" "Mozilla"
85.214.127.10 - - [07/Jul/2012:11:25:37 +0200] "GET /fls_4_kontakt_anmeldung.php HTTP/1.0" 404 1256 "-" "Mozilla"
85.214.127.10 - - [07/Jul/2012:11:25:37 +0200] "GET /fls_1_aktuelles.php?artid=26 HTTP/1.0" 404 1256 "-" "Mozilla"
85.214.127.10 - - [07/Jul/2012:11:25:37 +0200] "GET /fls_2_fremdsprachensekr.php HTTP/1.0" 404 1256 "-" "Mozilla"
85.214.127.10 - - [07/Jul/2012:11:25:37 +0200] "GET /fls_2_fremdsprachenkorr.php HTTP/1.0" 404 1256 "-" "Mozilla"
85.214.127.10 - - [07/Jul/2012:11:25:37 +0200] "GET /fls_4_faq.php HTTP/1.0" 404 1256 "-" "Mozilla"
85.214.127.10 - - [07/Jul/2012:11:25:37 +0200] "GET /fls_4_kontakt_anmeldung.php HTTP/1.0" 404 1256 "-" "Mozilla"
85.214.127.10 - - [07/Jul/2012:11:25:37 +0200] "GET /fls_4_impressum.php HTTP/1.0" 404 1256 "-" "Mozilla"
213.186.119.144 - - [07/Jul/2012:15:54:02 +0200] "GET /robots.txt HTTP/1.1" 404 1256 "-" "Mozilla/5.0 (compatible; AhrefsBot/3.1; +http://ahrefs.com/robot/)"
95.108.150.235 - - [07/Jul/2012:21:52:00 +0200] "GET /robots.txt HTTP/1.1" 404 1256 "-" "Mozilla/5.0 (compatible; YandexBot/3.0; +http://yandex.com/bots)"
95.108.150.235 - - [07/Jul/2012:21:52:01 +0200] "GET / HTTP/1.1" 302 - "-" "Mozilla/5.0 (compatible; YandexBot/3.0; +http://yandex.com/bots)"
65.52.110.147 - - [07/Jul/2012:22:44:10 +0200] "GET /robots.txt HTTP/1.1" 404 1256 "-" "Mozilla/5.0 (compatible; bingbot/2.0; +http://www.bing.com/bingbot.htm)"
65.52.110.147 - - [07/Jul/2012:22:49:54 +0200] "GET / HTTP/1.1" 302 - "-" "Mozilla/5.0 (compatible; bingbot/2.0; +http://www.bing.com/bingbot.htm)"
85.25.71.106 - - [08/Jul/2012:03:39:29 +0200] "GET /robots.txt HTTP/1.1" 404 1256 "-" "Mozilla/5.0 (X11; U; Linux i686; de; rv:1.9.0.1; compatible; iCjobs Stellenangebote Jobs; http://www.icjobs.de) Gecko/20100401 iCjobs/3.2.3"
85.25.71.106 - - [08/Jul/2012:03:39:30 +0200] "GET / HTTP/1.1" 302 - "-" "Mozilla/5.0 (X11; U; Linux i686; de; rv:1.9.0.1; compatible; iCjobs Stellenangebote Jobs; http://www.icjobs.de) Gecko/20100401 iCjobs/3.2.3"
130.83.167.153 - - [08/Jul/2012:06:50:48 +0200] "GET /robots.txt HTTP/1.1" 404 1256 "-" "findlinks/2.6 (+http://wortschatz.uni-leipzig.de/findlinks/)"
93.191.177.188 - - [08/Jul/2012:10:54:03 +0200] "GET / HTTP/1.1" 302 - "-" "Java/1.7.0_05"
93.191.177.188 - - [08/Jul/2012:10:54:09 +0200] "GET /fls_1_aktuelles.php HTTP/1.1" 404 1256 "-" "Java/1.7.0_05"
93.191.177.188 - - [08/Jul/2012:10:54:10 +0200] "GET /fls_2_fremdsprachensekr.php HTTP/1.1" 404 1256 "-" "Java/1.7.0_05"
93.191.177.188 - - [08/Jul/2012:10:54:10 +0200] "GET /fls_3_fls_international.php HTTP/1.1" 404 1256 "-" "Java/1.7.0_05"
93.191.177.188 - - [08/Jul/2012:10:54:11 +0200] "GET /fls_4_faq.php HTTP/1.1" 404 1256 "-" "Java/1.7.0_05"
93.191.177.188 - - [08/Jul/2012:10:54:11 +0200] "GET /fls_4_impressum.php HTTP/1.1" 404 1256 "-" "Java/1.7.0_05"
93.191.177.188 - - [08/Jul/2012:10:54:12 +0200] "GET /fls_4_kontakt_anmeldung.php HTTP/1.1" 404 1256 "-" "Java/1.7.0_05"
93.191.177.188 - - [08/Jul/2012:10:54:12 +0200] "GET /index.php HTTP/1.1" 302 - "-" "Java/1.7.0_05"
93.191.177.188 - - [08/Jul/2012:10:54:14 +0200] "GET /ddlevelsfiles/ddlevelsmenu.js HTTP/1.1" 404 1256 "-" "Java/1.7.0_05"
93.191.177.188 - - [08/Jul/2012:10:54:14 +0200] "GET /js/lightwindow.js HTTP/1.1" 404 1256 "-" "Java/1.7.0_05"
93.191.177.188 - - [08/Jul/2012:10:54:15 +0200] "GET /js/prototype.js HTTP/1.1" 404 1256 "-" "Java/1.7.0_05"
93.191.177.188 - - [08/Jul/2012:10:54:15 +0200] "GET /js/scriptaculous.js?load=effects HTTP/1.1" 404 1256 "-" "Java/1.7.0_05"
217.69.133.29 - - [08/Jul/2012:11:35:30 +0200] "GET / HTTP/1.0" 302 - "-" "Mozilla/5.0 (compatible; Mail.RU/2.0)"
79.193.23.173 - - [09/Jul/2012:00:43:36 +0200] "GET / HTTP/1.1" 302 - "http://www.facebook.com/l.php?u=http%3A%2F%2Fwww.friedrich-list-berlin.de%2F&h=3AQEToOLj" "Mozilla/4.0 (compatible; MSIE 8.0; Windows NT 5.1; Trident/4.0; .NET CLR 2.0.50727; .NET CLR 3.0.4506.2152; .NET CLR 3.5.30729; FDM; .NET CLR 1.1.4322; InfoPath.2)"
69.171.247.3 - - [09/Jul/2012:00:43:36 +0200] "GET / HTTP/1.1" 302 - "-" "facebookexternalhit/1.1 (+http://www.facebook.com/externalhit_uatext.php)"
94.23.42.135 - - [09/Jul/2012:06:39:22 +0200] "GET /robots.txt HTTP/1.0" 404 1256 "-" "Mozilla/5.0 (compatible; MJ12bot/v1.4.3; http://www.majestic12.co.uk/bot.php?+)"
94.23.42.135 - - [09/Jul/2012:06:39:24 +0200] "GET / HTTP/1.0" 302 - "-" "Mozilla/5.0 (compatible; MJ12bot/v1.4.3; http://www.majestic12.co.uk/bot.php?+)"
178.2.194.168 - - [09/Jul/2012:09:26:41 +0200] "GET / HTTP/1.1" 302 - "http://www.berlin.de/sen/bildung/schulverzeichnis_und_portraets/anwendung/Schulportrait.aspx?IDSchulzweig=10225" "Mozilla/5.0 (compatible; MSIE 9.0; Windows NT 6.1; WOW64; Trident/5.0)"
178.2.194.168 - - [09/Jul/2012:09:28:55 +0200] "GET / HTTP/1.1" 302 - "http://www.berlin.de/sen/bildung/schulverzeichnis_und_portraets/anwendung/Schulportrait.aspx?IDSchulzweig=10226" "Mozilla/5.0 (compatible; MSIE 9.0; Windows NT 6.1; WOW64; Trident/5.0)"
176.74.192.86 - - [09/Jul/2012:14:41:15 +0200] "GET /robots.txt HTTP/1.0" 404 1256 "-" "-"
176.74.192.86 - - [09/Jul/2012:15:57:49 +0200] "GET /robots.txt HTTP/1.0" 404 1256 "-" "-"
82.113.121.28 - - [09/Jul/2012:16:12:49 +0200] "GET / HTTP/1.1" 302 - "-" "Mozilla/5.0 (Linux; U; Android 2.3.6; de-de; GT-I8160 Build/GINGERBREAD) AppleWebKit/533.1 (KHTML, like Gecko) Version/4.0 Mobile Safari/533.1"
178.16.217.114 - - [09/Jul/2012:16:32:23 +0200] "GET / HTTP/1.0" 302 - "-" "-"
85.178.94.194 - - [09/Jul/2012:20:17:41 +0200] "GET / HTTP/1.1" 302 - "-" "Mozilla/5.0 (Windows NT 5.1; rv:13.0) Gecko/20100101 Firefox/13.0.1"
74.118.192.202 - - [09/Jul/2012:21:14:06 +0200] "GET /robots.txt HTTP/1.0" 404 1256 "-" "Mozilla/5.0 (compatible; MJ12bot/v1.4.3; http://www.majestic12.co.uk/bot.php?+)"
74.118.192.202 - - [09/Jul/2012:21:14:08 +0200] "GET / HTTP/1.0" 302 - "-" "Mozilla/5.0 (compatible; MJ12bot/v1.4.3; http://www.majestic12.co.uk/bot.php?+)"
93.220.213.186 - - [10/Jul/2012:01:50:46 +0200] "GET / HTTP/1.1" 302 - "-" "Mozilla/4.0 (compatible; MSIE 8.0; Windows NT 6.0; .NET CLR 1.1.4322; .NET CLR 2.0.50110; InfoPath.1)"
66.249.72.144 - - [10/Jul/2012:03:56:43 +0200] "GET /robots.txt HTTP/1.1" 404 1256 "-" "Mozilla/5.0 (compatible; Googlebot/2.1; +http://www.google.com/bot.html)"
66.249.72.144 - - [10/Jul/2012:03:56:44 +0200] "GET / HTTP/1.1" 302 - "-" "DoCoMo/2.0 N905i(c100;TB;W24H16) (compatible; Googlebot-Mobile/2.1; +http://www.google.com/bot.html)"
193.47.80.40 - - [10/Jul/2012:08:16:26 +0200] "GET /robots.txt HTTP/1.1" 404 1256 "-" "Mozilla/5.0 (compatible; Exabot/3.0; +http://www.exabot.com/go/robot)"
193.47.80.40 - - [10/Jul/2012:08:16:26 +0200] "GET / HTTP/1.1" 302 - "-" "Mozilla/5.0 (compatible; Exabot/3.0; +http://www.exabot.com/go/robot)"
77.20.4.67 - - [10/Jul/2012:08:20:01 +0200] "GET / HTTP/1.1" 302 - "-" "findlinks/2.0.2 (+http://wortschatz.uni-leipzig.de/findlinks/)"
62.80.126.170 - - [10/Jul/2012:10:22:40 +0200] "GET / HTTP/1.1" 302 - "http://www.forumseek.net" "Mozilla/5.0 (compatible; http://www.forumseek.net/ BOT_2.1; +http://www.forumseek.net)"
62.80.126.170 - - [10/Jul/2012:10:22:40 +0200] "GET /community/ HTTP/1.1" 404 1256 "http://www.forumseek.net" "Mozilla/5.0 (compatible; http://www.forumseek.net/ BOT_2.1; +http://www.forumseek.net)"
62.80.126.170 - - [10/Jul/2012:10:22:40 +0200] "GET /forums/ HTTP/1.1" 404 1256 "http://www.forumseek.net" "Mozilla/5.0 (compatible; http://www.forumseek.net/ BOT_2.1; +http://www.forumseek.net)"
62.80.126.170 - - [10/Jul/2012:10:22:40 +0200] "GET /forum/ HTTP/1.1" 404 1256 "http://www.forumseek.net" "Mozilla/5.0 (compatible; http://www.forumseek.net/ BOT_2.1; +http://www.forumseek.net)"
62.80.126.170 - - [10/Jul/2012:10:22:40 +0200] "GET /vbulletin/ HTTP/1.1" 404 1256 "http://www.forumseek.net" "Mozilla/5.0 (compatible; http://www.forumseek.net/ BOT_2.1; +http://www.forumseek.net)"
62.80.126.170 - - [10/Jul/2012:10:22:40 +0200] "GET /board/ HTTP/1.1" 404 1256 "http://www.forumseek.net" "Mozilla/5.0 (compatible; http://www.forumseek.net/ BOT_2.1; +http://www.forumseek.net)"
62.80.126.170 - - [10/Jul/2012:10:22:40 +0200] "GET /phpbb/ HTTP/1.1" 404 1256 "http://www.forumseek.net" "Mozilla/5.0 (compatible; http://www.forumseek.net/ BOT_2.1; +http://www.forumseek.net)"
62.80.126.170 - - [10/Jul/2012:10:22:40 +0200] "GET /phpBB/ HTTP/1.1" 404 1256 "http://www.forumseek.net" "Mozilla/5.0 (compatible; http://www.forumseek.net/ BOT_2.1; +http://www.forumseek.net)"
62.80.126.170 - - [10/Jul/2012:10:22:41 +0200] "GET /cgi-bin/yabb/YaBB.pl HTTP/1.1" 404 1256 "http://www.forumseek.net" "Mozilla/5.0 (compatible; http://www.forumseek.net/ BOT_2.1; +http://www.forumseek.net)"
62.80.126.170 - - [10/Jul/2012:10:22:41 +0200] "GET /cgi-bin/yabb/YaBB.cgi HTTP/1.1" 404 1256 "http://www.forumseek.net" "Mozilla/5.0 (compatible; http://www.forumseek.net/ BOT_2.1; +http://www.forumseek.net)"
178.6.94.100 - - [10/Jul/2012:13:01:31 +0200] "GET / HTTP/1.1" 302 - "-" "Java/1.7.0_05"
178.6.94.100 - - [10/Jul/2012:13:01:32 +0200] "GET /fls_1_aktuelles.php HTTP/1.1" 404 1256 "-" "Java/1.7.0_05"
178.6.94.100 - - [10/Jul/2012:13:01:32 +0200] "GET /fls_2_fremdsprachensekr.php HTTP/1.1" 404 1256 "-" "Java/1.7.0_05"
178.6.94.100 - - [10/Jul/2012:13:01:32 +0200] "GET /fls_3_fls_international.php HTTP/1.1" 404 1256 "-" "Java/1.7.0_05"
178.6.94.100 - - [10/Jul/2012:13:01:32 +0200] "GET /fls_4_faq.php HTTP/1.1" 404 1256 "-" "Java/1.7.0_05"
178.6.94.100 - - [10/Jul/2012:13:01:32 +0200] "GET /fls_4_impressum.php HTTP/1.1" 404 1256 "-" "Java/1.7.0_05"
178.6.94.100 - - [10/Jul/2012:13:01:32 +0200] "GET /fls_4_kontakt_anmeldung.php HTTP/1.1" 404 1256 "-" "Java/1.7.0_05"
178.6.94.100 - - [10/Jul/2012:13:01:33 +0200] "GET /index.php HTTP/1.1" 302 - "-" "Java/1.7.0_05"
178.6.94.100 - - [10/Jul/2012:13:01:33 +0200] "GET /ddlevelsfiles/ddlevelsmenu.js HTTP/1.1" 404 1256 "-" "Java/1.7.0_05"
178.6.94.100 - - [10/Jul/2012:13:01:33 +0200] "GET /js/lightwindow.js HTTP/1.1" 404 1256 "-" "Java/1.7.0_05"
178.6.94.100 - - [10/Jul/2012:13:01:33 +0200] "GET /js/prototype.js HTTP/1.1" 404 1256 "-" "Java/1.7.0_05"
178.6.94.100 - - [10/Jul/2012:13:01:33 +0200] "GET /js/scriptaculous.js?load=effects HTTP/1.1" 404 1256 "-" "Java/1.7.0_05"
66.249.66.37 - - [10/Jul/2012:15:26:46 +0200] "GET /robots.txt HTTP/1.1" 404 1256 "-" "Mozilla/5.0 (compatible; Googlebot/2.1; +http://www.google.com/bot.html)"
66.249.66.37 - - [10/Jul/2012:15:26:47 +0200] "GET / HTTP/1.1" 302 - "-" "SAMSUNG-SGH-E250/1.0 Profile/MIDP-2.0 Configuration/CLDC-1.1 UP.Browser/6.2.3.3.c.1.101 (GUI) MMP/2.0 (compatible; Googlebot-Mobile/2.1; +http://www.google.com/bot.html)"
93.220.213.186 - - [10/Jul/2012:21:24:23 +0200] "GET / HTTP/1.1" 302 - "-" "Mozilla/5.0 (Windows; U; Windows NT 5.1; de; rv:1.9.0.10) Gecko/2009042316 Firefox/3.0.10 (.NET CLR 3.5.30729)"
2.123.7.34 - - [10/Jul/2012:21:24:23 +0200] "GET / HTTP/1.1" 302 - "-" "Java/1.6.0_31"
2.123.7.34 - - [10/Jul/2012:21:24:24 +0200] "GET /fls_1_aktuelles.php HTTP/1.1" 404 1256 "-" "Java/1.6.0_31"
2.123.7.34 - - [10/Jul/2012:21:24:24 +0200] "GET /fls_2_fremdsprachensekr.php HTTP/1.1" 404 1256 "-" "Java/1.6.0_31"
2.123.7.34 - - [10/Jul/2012:21:24:24 +0200] "GET /fls_3_fls_international.php HTTP/1.1" 404 1256 "-" "Java/1.6.0_31"
2.123.7.34 - - [10/Jul/2012:21:24:25 +0200] "GET /fls_4_faq.php HTTP/1.1" 404 1256 "-" "Java/1.6.0_31"
2.123.7.34 - - [10/Jul/2012:21:24:25 +0200] "GET /fls_4_impressum.php HTTP/1.1" 404 1256 "-" "Java/1.6.0_31"
2.123.7.34 - - [10/Jul/2012:21:24:25 +0200] "GET /fls_4_kontakt_anmeldung.php HTTP/1.1" 404 1256 "-" "Java/1.6.0_31"
2.123.7.34 - - [10/Jul/2012:21:24:25 +0200] "GET /index.php HTTP/1.1" 302 - "-" "Java/1.6.0_31"
2.123.7.34 - - [10/Jul/2012:21:24:25 +0200] "GET /ddlevelsfiles/ddlevelsmenu.js HTTP/1.1" 404 1256 "-" "Java/1.6.0_31"
2.123.7.34 - - [10/Jul/2012:21:24:26 +0200] "GET /js/lightwindow.js HTTP/1.1" 404 1256 "-" "Java/1.6.0_31"
2.123.7.34 - - [10/Jul/2012:21:24:26 +0200] "GET /js/prototype.js HTTP/1.1" 404 1256 "-" "Java/1.6.0_31"
2.123.7.34 - - [10/Jul/2012:21:24:26 +0200] "GET /js/scriptaculous.js?load=effects HTTP/1.1" 404 1256 "-" "Java/1.6.0_31"
130.83.167.153 - - [11/Jul/2012:00:22:37 +0200] "GET /robots.txt HTTP/1.1" 404 1256 "-" "findlinks/2.6 (+http://wortschatz.uni-leipzig.de/findlinks/)"
77.20.4.67 - - [11/Jul/2012:07:00:31 +0200] "GET / HTTP/1.1" 302 - "-" "findlinks/2.0.2 (+http://wortschatz.uni-leipzig.de/findlinks/)"
173.236.21.106 - - [11/Jul/2012:09:49:45 +0200] "GET /robots.txt HTTP/1.0" 404 1256 "-" "Mozilla/5.0 (compatible; MJ12bot/v1.4.3; http://www.majestic12.co.uk/bot.php?+)"
173.236.21.106 - - [11/Jul/2012:09:49:46 +0200] "GET / HTTP/1.0" 302 - "-" "Mozilla/5.0 (compatible; MJ12bot/v1.4.3; http://www.majestic12.co.uk/bot.php?+)"
95.108.150.235 - - [11/Jul/2012:11:35:02 +0200] "GET /robots.txt HTTP/1.1" 404 1256 "-" "Mozilla/5.0 (compatible; YandexBot/3.0; +http://yandex.com/bots)"
95.108.150.235 - - [11/Jul/2012:11:35:03 +0200] "GET / HTTP/1.1" 302 - "-" "Mozilla/5.0 (compatible; YandexBot/3.0; +http://yandex.com/bots)"
93.220.243.232 - - [11/Jul/2012:11:43:17 +0200] "GET / HTTP/1.1" 302 - "-" "Mozilla/5.0 (Windows; U; Windows NT 5.1; de; rv:1.9.0.10) Gecko/2009042316 Firefox/3.0.10 (.NET CLR 3.5.30729)"
66.249.72.144 - - [11/Jul/2012:13:54:55 +0200] "GET /robots.txt HTTP/1.1" 404 1256 "-" "Mozilla/5.0 (compatible; Googlebot/2.1; +http://www.google.com/bot.html)"
66.249.66.177 - - [11/Jul/2012:13:54:56 +0200] "GET / HTTP/1.1" 302 - "-" "Mozilla/5.0 (iPhone; U; CPU iPhone OS 4_1 like Mac OS X; en-us) AppleWebKit/532.9 (KHTML, like Gecko) Version/4.0.5 Mobile/8B117 Safari/6531.22.7 (compatible; Googlebot-Mobile/2.1; +http://www.google.com/bot.html)"
128.131.102.100 - - [11/Jul/2012:14:17:54 +0200] "GET / HTTP/1.0" 302 - "-" "KeepRightBot/0.2 (KeepRight OpenStreetMap Checker; http://keepright.ipax.at)"
66.249.66.177 - - [11/Jul/2012:18:59:48 +0200] "GET / HTTP/1.1" 302 - "-" "Mozilla/5.0 (compatible; Googlebot/2.1; +http://www.google.com/bot.html)"
176.9.148.197 - - [12/Jul/2012:01:39:35 +0200] "GET /robots.txt HTTP/1.1" 404 1256 "-" "Mozilla/5.0 (compatible; SISTRIX Crawler; http://crawler.sistrix.net/)"
176.9.148.197 - - [12/Jul/2012:01:39:35 +0200] "GET / HTTP/1.1" 302 - "-" "Mozilla/5.0 (compatible; SISTRIX Crawler; http://crawler.sistrix.net/)"
31.151.118.40 - - [12/Jul/2012:02:03:33 +0200] "GET / HTTP/1.1" 302 - "-" "Java/1.6.0_20"
31.151.118.40 - - [12/Jul/2012:02:03:33 +0200] "GET /fls_1_aktuelles.php HTTP/1.1" 404 1256 "-" "Java/1.6.0_20"
31.151.118.40 - - [12/Jul/2012:02:03:33 +0200] "GET /fls_2_fremdsprachensekr.php HTTP/1.1" 404 1256 "-" "Java/1.6.0_20"
31.151.118.40 - - [12/Jul/2012:02:03:33 +0200] "GET /fls_3_fls_international.php HTTP/1.1" 404 1256 "-" "Java/1.6.0_20"
31.151.118.40 - - [12/Jul/2012:02:03:36 +0200] "GET /fls_4_faq.php HTTP/1.1" 404 1256 "-" "Java/1.6.0_20"
31.151.118.40 - - [12/Jul/2012:02:03:36 +0200] "GET /fls_4_impressum.php HTTP/1.1" 404 1256 "-" "Java/1.6.0_20"
31.151.118.40 - - [12/Jul/2012:02:03:36 +0200] "GET /fls_4_kontakt_anmeldung.php HTTP/1.1" 404 1256 "-" "Java/1.6.0_20"
31.151.118.40 - - [12/Jul/2012:02:03:36 +0200] "GET /index.php HTTP/1.1" 302 - "-" "Java/1.6.0_20"
31.151.118.40 - - [12/Jul/2012:02:03:37 +0200] "GET /ddlevelsfiles/ddlevelsmenu.js HTTP/1.1" 404 1256 "-" "Java/1.6.0_20"
31.151.118.40 - - [12/Jul/2012:02:03:37 +0200] "GET /js/lightwindow.js HTTP/1.1" 404 1256 "-" "Java/1.6.0_20"
31.151.118.40 - - [12/Jul/2012:02:03:37 +0200] "GET /js/prototype.js HTTP/1.1" 404 1256 "-" "Java/1.6.0_20"
31.151.118.40 - - [12/Jul/2012:02:03:37 +0200] "GET /js/scriptaculous.js?load=effects HTTP/1.1" 404 1256 "-" "Java/1.6.0_20"
62.249.165.195 - - [12/Jul/2012:06:19:34 +0200] "GET /robots.txt HTTP/1.0" 404 1256 "-" "Mozilla/5.0 (compatible; MJ12bot/v1.4.3; http://www.majestic12.co.uk/bot.php?+)"
62.249.165.195 - - [12/Jul/2012:06:19:36 +0200] "GET / HTTP/1.1" 302 - "-" "Mozilla/5.0 (compatible; MJ12bot/v1.4.3; http://www.majestic12.co.uk/bot.php?+)"
85.25.120.73 - - [12/Jul/2012:06:33:08 +0200] "GET /robots.txt HTTP/1.1" 404 1256 "-" "Mozilla/5.0 (X11; U; Linux i686; de; rv:1.9.0.1; compatible; iCjobs Stellenangebote Jobs; http://www.icjobs.de) Gecko/20100401 iCjobs/3.2.3"
85.25.120.73 - - [12/Jul/2012:06:33:08 +0200] "GET / HTTP/1.1" 302 - "-" "Mozilla/5.0 (X11; U; Linux i686; de; rv:1.9.0.1; compatible; iCjobs Stellenangebote Jobs; http://www.icjobs.de) Gecko/20100401 iCjobs/3.2.3"
85.25.120.73 - - [12/Jul/2012:06:33:10 +0200] "GET / HTTP/1.1" 302 - "-" "Mozilla/5.0 (X11; U; Linux i686; de; rv:1.9.0.1; compatible; iCjobs Stellenangebote Jobs; http://www.icjobs.de) Gecko/20100401 iCjobs/3.2.3"
77.20.4.67 - - [12/Jul/2012:09:12:50 +0200] "GET / HTTP/1.1" 302 - "-" "findlinks/2.0.2 (+http://wortschatz.uni-leipzig.de/findlinks/)"
188.165.195.156 - - [12/Jul/2012:09:54:56 +0200] "HEAD / HTTP/1.1" 302 - "-" "Mozilla/4.0 (compatible; MSIE 5.01; Windows NT 5.0)"
217.69.133.29 - - [12/Jul/2012:17:56:37 +0200] "GET /robots.txt HTTP/1.0" 404 1256 "-" "Mozilla/5.0 (compatible; Mail.RU/2.0)"
81.209.177.187 - - [12/Jul/2012:20:20:50 +0200] "GET /robots.txt HTTP/1.1" 404 1256 "-" "netEstate NE Crawler (+http://www.website-datenbank.de/)"
81.209.177.187 - - [12/Jul/2012:20:20:50 +0200] "GET / HTTP/1.1" 302 - "-" "netEstate NE Crawler (+http://www.website-datenbank.de/)"
93.220.240.135 - - [12/Jul/2012:21:23:47 +0200] "GET / HTTP/1.1" 302 - "-" "Mozilla/4.0 (compatible; MSIE 8.0; Windows NT 6.0; .NET CLR 1.1.4322; .NET CLR 2.0.50110; InfoPath.1)"
139.18.2.17 - - [12/Jul/2012:22:04:15 +0200] "GET /robots.txt HTTP/1.1" 404 1256 "-" "findlinks/2.6 (+http://wortschatz.uni-leipzig.de/findlinks/)"
66.249.72.144 - - [14/Jul/2012:12:19:09 +0200] "GET /robots.txt HTTP/1.1" 404 1256 "-" "Mozilla/5.0 (compatible; Googlebot/2.1; +http://www.google.com/bot.html)"
66.249.72.144 - - [14/Jul/2012:12:19:09 +0200] "GET / HTTP/1.1" 302 - "-" "Mozilla/5.0 (compatible; Googlebot/2.1; +http://www.google.com/bot.html)"
87.123.118.10 - - [14/Jul/2012:14:14:45 +0200] "GET / HTTP/1.1" 302 - "http://vlw-berlin.de/web/schulen.html" "Mozilla/5.0 (Windows NT 6.0) AppleWebKit/536.11 (KHTML, like Gecko) Chrome/20.0.1132.57 Safari/536.11"
83.35.167.16 - - [14/Jul/2012:15:00:02 +0200] "GET / HTTP/1.1" 302 - "-" "Mozilla/4.0 (compatible; MSIE 8.0; Windows NT 5.1; Trident/4.0; InfoPath.1)"
176.74.192.86 - - [14/Jul/2012:18:09:36 +0200] "GET /robots.txt HTTP/1.0" 404 1256 "-" "-"
178.16.217.98 - - [14/Jul/2012:18:24:03 +0200] "GET / HTTP/1.0" 302 - "-" "-"
178.255.215.68 - - [14/Jul/2012:21:14:48 +0200] "GET /robots.txt HTTP/1.1" 404 1256 "-" "Mozilla/5.0 (compatible; Exabot/3.0; +http://www.exabot.com/go/robot)"
178.255.215.68 - - [14/Jul/2012:21:14:48 +0200] "GET / HTTP/1.1" 302 - "-" "Mozilla/5.0 (compatible; Exabot/3.0; +http://www.exabot.com/go/robot)"
91.66.184.220 - - [15/Jul/2012:00:42:18 +0200] "GET / HTTP/1.1" 302 - "-" "-"
65.52.104.88 - - [15/Jul/2012:07:49:54 +0200] "GET /robots.txt HTTP/1.1" 404 1256 "-" "Mozilla/5.0 (compatible; bingbot/2.0; +http://www.bing.com/bingbot.htm)"
65.52.104.88 - - [15/Jul/2012:07:51:58 +0200] "GET / HTTP/1.1" 302 - "-" "Mozilla/5.0 (compatible; bingbot/2.0; +http://www.bing.com/bingbot.htm)"
95.91.61.117 - - [15/Jul/2012:11:22:51 +0200] "GET /robots.txt HTTP/1.1" 404 1256 "-" "findlinks/2.6 (+http://wortschatz.uni-leipzig.de/findlinks/)"
128.131.102.100 - - [15/Jul/2012:11:37:09 +0200] "GET / HTTP/1.0" 302 - "-" "KeepRightBot/0.2 (KeepRight OpenStreetMap Checker; http://keepright.ipax.at)"
84.190.58.191 - - [15/Jul/2012:18:17:39 +0200] "GET / HTTP/1.1" 302 - "http://web2.cylex.de/reviews/viewcompanywebsite.aspx?firmaName=osz-wirtschaftssprachen-friedrich--list--schule-kompetenzzentrum-fuer-internationale-beziehungen&companyId=6274919" "Mozilla/5.0 (Windows NT 6.1; WOW64; rv:10.0.2) Gecko/20100101 Firefox/10.0.2"
84.190.58.191 - - [15/Jul/2012:18:30:50 +0200] "GET / HTTP/1.1" 302 - "http://web2.cylex.de/reviews/viewcompanywebsite.aspx?firmaName=osz-wirtschaftssprachen-friedrich--list--schule-kompetenzzentrum-fuer-internationale-beziehungen&companyId=6274919" "Mozilla/5.0 (Windows NT 6.1; WOW64; rv:10.0.2) Gecko/20100101 Firefox/10.0.2"
84.190.58.191 - - [15/Jul/2012:18:31:51 +0200] "GET / HTTP/1.1" 302 - "http://web2.cylex.de/reviews/viewcompanywebsite.aspx?firmaName=osz-wirtschaftssprachen-friedrich--list--schule-kompetenzzentrum-fuer-internationale-beziehungen&companyId=6274919" "Mozilla/5.0 (Windows NT 6.1; WOW64; rv:10.0.2) Gecko/20100101 Firefox/10.0.2"
84.190.58.191 - - [15/Jul/2012:18:35:01 +0200] "GET / HTTP/1.1" 302 - "http://web2.cylex.de/reviews/viewcompanywebsite.aspx?firmaName=osz-wirtschaftssprachen-friedrich--list--schule-kompetenzzentrum-fuer-internationale-beziehungen&companyId=6274919" "Mozilla/5.0 (Windows NT 6.1; WOW64; rv:10.0.2) Gecko/20100101 Firefox/10.0.2"
85.25.120.73 - - [15/Jul/2012:22:31:00 +0200] "GET /robots.txt HTTP/1.1" 404 1256 "-" "Mozilla/5.0 (X11; U; Linux i686; de; rv:1.9.0.1; compatible; iCjobs Stellenangebote Jobs; http://www.icjobs.de) Gecko/20100401 iCjobs/3.2.3"
85.25.120.73 - - [15/Jul/2012:22:31:00 +0200] "GET / HTTP/1.1" 302 - "-" "Mozilla/5.0 (X11; U; Linux i686; de; rv:1.9.0.1; compatible; iCjobs Stellenangebote Jobs; http://www.icjobs.de) Gecko/20100401 iCjobs/3.2.3"
85.25.120.73 - - [15/Jul/2012:22:31:00 +0200] "GET / HTTP/1.1" 302 - "-" "Mozilla/5.0 (X11; U; Linux i686; de; rv:1.9.0.1; compatible; iCjobs Stellenangebote Jobs; http://www.icjobs.de) Gecko/20100401 iCjobs/3.2.3"
93.220.243.96 - - [16/Jul/2012:01:26:07 +0200] "GET / HTTP/1.1" 302 - "-" "Mozilla/4.0 (compatible; MSIE 7.0; Windows NT 6.0; WOW64; SLCC1; .NET CLR 2.0.50727)"
65.52.104.88 - - [16/Jul/2012:02:21:33 +0200] "GET /robots.txt HTTP/1.1" 404 1256 "-" "Mozilla/5.0 (compatible; bingbot/2.0; +http://www.bing.com/bingbot.htm)"
65.52.104.88 - - [16/Jul/2012:02:22:10 +0200] "GET / HTTP/1.1" 302 - "-" "Mozilla/5.0 (compatible; bingbot/2.0; +http://www.bing.com/bingbot.htm)"
213.133.109.179 - - [16/Jul/2012:10:06:00 +0200] "GET /robots.txt HTTP/1.1" 404 1256 "-" "Mozilla/4.0 (compatible; MSIE 6.0; Windows NT 5.1; SV1; .NET CLR 1.1.4322)"
213.133.109.179 - - [16/Jul/2012:10:06:01 +0200] "GET / HTTP/1.1" 302 - "-" "Mozilla/4.0 (compatible; MSIE 6.0; Windows NT 5.1; SV1; .NET CLR 1.1.4322)"
65.52.104.88 - - [16/Jul/2012:11:09:15 +0200] "GET /robots.txt HTTP/1.1" 404 1256 "-" "Mozilla/5.0 (compatible; bingbot/2.0; +http://www.bing.com/bingbot.htm)"
65.52.104.88 - - [16/Jul/2012:11:10:11 +0200] "GET / HTTP/1.1" 302 - "-" "Mozilla/5.0 (compatible; bingbot/2.0; +http://www.bing.com/bingbot.htm)"
95.120.228.178 - - [16/Jul/2012:13:55:10 +0200] "GET / HTTP/1.1" 302 - "-" "Java/1.6.0_24"
95.120.228.178 - - [16/Jul/2012:13:55:11 +0200] "GET /fls_1_aktuelles.php HTTP/1.1" 404 1256 "-" "Java/1.6.0_24"
95.120.228.178 - - [16/Jul/2012:13:55:12 +0200] "GET /fls_2_fremdsprachensekr.php HTTP/1.1" 404 1256 "-" "Java/1.6.0_24"
95.120.228.178 - - [16/Jul/2012:13:55:12 +0200] "GET /fls_3_fls_international.php HTTP/1.1" 404 1256 "-" "Java/1.6.0_24"
95.120.228.178 - - [16/Jul/2012:13:55:13 +0200] "GET /fls_4_faq.php HTTP/1.1" 404 1256 "-" "Java/1.6.0_24"
95.120.228.178 - - [16/Jul/2012:13:55:13 +0200] "GET /fls_4_impressum.php HTTP/1.1" 404 1256 "-" "Java/1.6.0_24"
95.120.228.178 - - [16/Jul/2012:13:55:14 +0200] "GET /fls_4_kontakt_anmeldung.php HTTP/1.1" 404 1256 "-" "Java/1.6.0_24"
95.120.228.178 - - [16/Jul/2012:13:55:14 +0200] "GET /index.php HTTP/1.1" 302 - "-" "Java/1.6.0_24"
95.120.228.178 - - [16/Jul/2012:13:55:15 +0200] "GET /ddlevelsfiles/ddlevelsmenu.js HTTP/1.1" 404 1256 "-" "Java/1.6.0_24"
95.120.228.178 - - [16/Jul/2012:13:55:15 +0200] "GET /js/lightwindow.js HTTP/1.1" 404 1256 "-" "Java/1.6.0_24"
95.120.228.178 - - [16/Jul/2012:13:55:16 +0200] "GET /js/prototype.js HTTP/1.1" 404 1256 "-" "Java/1.6.0_24"
95.120.228.178 - - [16/Jul/2012:13:55:16 +0200] "GET /js/scriptaculous.js?load=effects HTTP/1.1" 404 1256 "-" "Java/1.6.0_24"
64.246.161.42 - - [16/Jul/2012:16:45:29 +0200] "GET /robots.txt HTTP/1.0" 404 1256 "-" "Mozilla/5.0 (Windows; U; Windows NT 5.1; en; rv:1.9.0.13) Gecko/2009073022 Firefox/3.5.2 (.NET CLR 3.5.30729) SurveyBot/2.3 (DomainTools)"
64.246.161.42 - - [16/Jul/2012:16:45:29 +0200] "GET / HTTP/1.1" 302 - "http://whois.domaintools.com/friedrich-list-berlin.de" "Mozilla/5.0 (Windows; U; Windows NT 5.1; en; rv:1.9.0.13) Gecko/2009073022 Firefox/3.5.2 (.NET CLR 3.5.30729) SurveyBot/2.3 (DomainTools)"
84.189.118.5 - - [16/Jul/2012:18:05:03 +0200] "GET / HTTP/1.1" 302 - "http://domino2.berufsschulen.de/db/berufsschulen.nsf/Berlin?OpenView" "Mozilla/5.0 (Windows NT 6.1; rv:13.0) Gecko/20100101 Firefox/13.0.1"
77.21.157.215 - - [16/Jul/2012:19:31:04 +0200] "GET / HTTP/1.1" 302 - "http://www.azubister.net/sds/6788/Berufsschule/Berlin/Friedrich-List-Schule" "Mozilla/5.0 (Windows NT 6.1; rv:13.0) Gecko/20100101 Firefox/13.0.1"
77.21.157.215 - - [16/Jul/2012:19:51:32 +0200] "GET / HTTP/1.1" 302 - "http://www.azubister.net/sds/6788/Berufsschule/Berlin/Friedrich-List-Schule" "Mozilla/5.0 (Windows NT 6.1; rv:13.0) Gecko/20100101 Firefox/13.0.1"
206.253.226.23 - - [16/Jul/2012:20:17:34 +0200] "GET / HTTP/1.1" 302 - "-" "Mozilla/5.0 (compatible; oBot/2.3.1; +http://filterdb.iss.net/crawler/)"
77.12.2.134 - - [16/Jul/2012:20:49:19 +0200] "GET / HTTP/1.1" 302 - "http://www.google.com/url?sa=D&q=http://www.friedrich-list-berlin.de/&usg=AFQjCNEzwJg1Tfw7G3BlVecmK3Kmh_Rohw" "Mozilla/5.0 (Windows NT 6.1; WOW64) AppleWebKit/535.2 (KHTML, like Gecko) Chrome/15.0.874.100 Safari/535.2"
217.69.133.29 - - [16/Jul/2012:21:58:11 +0200] "GET / HTTP/1.0" 302 - "-" "Mozilla/5.0 (compatible; Mail.RU/2.0)"
176.74.192.86 - - [16/Jul/2012:22:55:48 +0200] "GET /robots.txt HTTP/1.0" 404 1256 "-" "-"
69.28.58.84 - - [17/Jul/2012:01:11:56 +0200] "GET /robots.txt HTTP/1.0" 404 1256 "-" "nutch-1.4/Nutch-1.4"
69.28.58.84 - - [17/Jul/2012:01:11:57 +0200] "GET / HTTP/1.0" 302 - "-" "nutch-1.4/Nutch-1.4"
139.18.2.17 - - [17/Jul/2012:03:30:55 +0200] "GET / HTTP/1.1" 302 - "-" "findlinks/2.6 (+http://wortschatz.uni-leipzig.de/findlinks/)"
66.249.66.177 - - [17/Jul/2012:06:20:25 +0200] "GET /robots.txt HTTP/1.1" 404 1256 "-" "Mozilla/5.0 (compatible; Googlebot/2.1; +http://www.google.com/bot.html)"
66.249.71.109 - - [17/Jul/2012:06:20:25 +0200] "GET / HTTP/1.1" 302 - "-" "Mozilla/5.0 (compatible; Googlebot/2.1; +http://www.google.com/bot.html)"
213.133.109.179 - - [17/Jul/2012:10:00:55 +0200] "GET /robots.txt HTTP/1.1" 404 1256 "-" "Mozilla/4.0 (compatible; MSIE 6.0; Windows NT 5.1; SV1; .NET CLR 1.1.4322)"
213.133.109.179 - - [17/Jul/2012:10:00:55 +0200] "GET / HTTP/1.1" 302 - "-" "Mozilla/4.0 (compatible; MSIE 6.0; Windows NT 5.1; SV1; .NET CLR 1.1.4322)"
178.159.160.86 - - [17/Jul/2012:10:24:58 +0200] "GET / HTTP/1.1" 302 - "http://schulweb.de/de/schulsuche/liste.html?kategorie=&sprache=®ion=de&list_anfang=100&trefferzahlauswahl=100&auswahl_1=5&auswahl_2=0&auswahl_3=0&suchtext=&zeigen2=&sort=" "Mozilla/5.0 (Windows NT 6.1; WOW64; rv:13.0) Gecko/20100101 Firefox/13.0.1"
176.9.148.197 - - [17/Jul/2012:12:17:45 +0200] "GET /robots.txt HTTP/1.1" 404 1256 "-" "Mozilla/5.0 (compatible; SISTRIX Crawler; http://crawler.sistrix.net/)"
176.9.148.197 - - [17/Jul/2012:12:17:45 +0200] "GET /robots.txt HTTP/1.1" 404 1256 "-" "Mozilla/5.0 (compatible; SISTRIX Crawler; http://crawler.sistrix.net/)"
176.9.148.197 - - [17/Jul/2012:12:17:45 +0200] "GET / HTTP/1.1" 302 - "-" "Mozilla/5.0 (compatible; SISTRIX Crawler; http://crawler.sistrix.net/)"
176.9.148.197 - - [17/Jul/2012:12:17:45 +0200] "GET / HTTP/1.1" 302 - "-" "Mozilla/5.0 (compatible; SISTRIX Crawler; http://crawler.sistrix.net/)"
188.106.188.254 - - [17/Jul/2012:12:51:03 +0200] "GET / HTTP/1.1" 302 - "-" "Mozilla/5.0 (Windows NT 5.1; rv:13.0) Gecko/20100101 Firefox/13.0.1"
93.220.235.131 - - [17/Jul/2012:14:39:19 +0200] "GET / HTTP/1.1" 302 - "-" "Mozilla/5.0 Gecko/2009042316 Firefox/2.0.0.x"
130.83.167.153 - - [17/Jul/2012:19:48:44 +0200] "GET /robots.txt HTTP/1.1" 404 1256 "-" "findlinks/2.6 (+http://wortschatz.uni-leipzig.de/findlinks/)"
217.69.133.29 - - [18/Jul/2012:06:30:39 +0200] "GET /robots.txt HTTP/1.0" 404 1256 "-" "Mozilla/5.0 (compatible; Mail.RU/2.0)"
128.131.102.100 - - [18/Jul/2012:06:50:43 +0200] "GET / HTTP/1.0" 302 - "-" "KeepRightBot/0.2 (KeepRight OpenStreetMap Checker; http://keepright.ipax.at)"
80.153.47.53 - - [18/Jul/2012:11:04:56 +0200] "GET / HTTP/1.0" 302 - "http://axenum.wawidesign.de/bildung/ausbildung/" "Mozilla/5.0 (compatible; MSIE 9.0; Windows NT 6.0; WOW64; Trident/5.0)"
88.73.220.222 - - [18/Jul/2012:11:22:08 +0200] "GET / HTTP/1.1" 302 - "http://www.berlin.de/sen/bildung/schulverzeichnis_und_portraets/anwendung/Schulportrait.aspx?IDSchulzweig=10225" "Mozilla/5.0 (Windows NT 6.0) AppleWebKit/536.11 (KHTML, like Gecko) Chrome/20.0.1132.57 Safari/536.11"
69.64.46.38 - - [18/Jul/2012:12:09:22 +0200] "GET /robots.txt HTTP/1.0" 404 1256 "-" "Mozilla/5.0 (compatible; MJ12bot/v1.4.3; http://www.majestic12.co.uk/bot.php?+)"
69.64.46.38 - - [18/Jul/2012:12:09:25 +0200] "GET / HTTP/1.1" 302 - "-" "Mozilla/5.0 (compatible; MJ12bot/v1.4.3; http://www.majestic12.co.uk/bot.php?+)"
87.169.228.194 - - [18/Jul/2012:14:10:17 +0200] "GET / HTTP/1.1" 302 - "-" "Mozilla/5.0 /Windows; U; Windows NT 6.1; de; rv:1.9.1.5) Gecko/20091102 Firefox/3.5.5"
66.249.66.177 - - [18/Jul/2012:14:46:01 +0200] "GET /robots.txt HTTP/1.1" 404 1256 "-" "Mozilla/5.0 (compatible; Googlebot/2.1; +http://www.google.com/bot.html)"
66.249.66.177 - - [18/Jul/2012:14:46:01 +0200] "GET / HTTP/1.1" 302 - "-" "Mozilla/5.0 (compatible; Googlebot/2.1; +http://www.google.com/bot.html)"
139.18.2.209 - - [18/Jul/2012:19:29:16 +0200] "GET /robots.txt HTTP/1.1" 404 1256 "-" "findlinks/2.6 (+http://wortschatz.uni-leipzig.de/findlinks/)"
178.77.126.55 - - [18/Jul/2012:20:55:22 +0200] "GET /robots.txt HTTP/1.1" 404 1256 "-" "Mozilla/5.0 (compatible; CareerBot/1.1; +http://www.career-x.de/bot.html)"
178.77.126.55 - - [18/Jul/2012:20:55:22 +0200] "GET / HTTP/1.1" 302 - "-" "Mozilla/5.0 (compatible; CareerBot/1.1; +http://www.career-x.de/bot.html)"
62.163.86.23 - - [18/Jul/2012:21:03:26 +0200] "GET / HTTP/1.1" 302 - "-" "Java/1.6.0_24"
62.163.86.23 - - [18/Jul/2012:21:03:27 +0200] "GET /fls_1_aktuelles.php HTTP/1.1" 404 1256 "-" "Java/1.6.0_24"
62.163.86.23 - - [18/Jul/2012:21:03:27 +0200] "GET /fls_2_fremdsprachensekr.php HTTP/1.1" 404 1256 "-" "Java/1.6.0_24"
62.163.86.23 - - [18/Jul/2012:21:03:27 +0200] "GET /fls_3_fls_international.php HTTP/1.1" 404 1256 "-" "Java/1.6.0_24"
62.163.86.23 - - [18/Jul/2012:21:03:27 +0200] "GET /fls_4_faq.php HTTP/1.1" 404 1256 "-" "Java/1.6.0_24"
62.163.86.23 - - [18/Jul/2012:21:03:27 +0200] "GET /fls_4_impressum.php HTTP/1.1" 404 1256 "-" "Java/1.6.0_24"
62.163.86.23 - - [18/Jul/2012:21:03:28 +0200] "GET /fls_4_kontakt_anmeldung.php HTTP/1.1" 404 1256 "-" "Java/1.6.0_24"
62.163.86.23 - - [18/Jul/2012:21:03:28 +0200] "GET /index.php HTTP/1.1" 302 - "-" "Java/1.6.0_24"
62.163.86.23 - - [18/Jul/2012:21:03:28 +0200] "GET /ddlevelsfiles/ddlevelsmenu.js HTTP/1.1" 404 1256 "-" "Java/1.6.0_24"
62.163.86.23 - - [18/Jul/2012:21:03:28 +0200] "GET /js/lightwindow.js HTTP/1.1" 404 1256 "-" "Java/1.6.0_24"
62.163.86.23 - - [18/Jul/2012:21:03:28 +0200] "GET /js/prototype.js HTTP/1.1" 404 1256 "-" "Java/1.6.0_24"
62.163.86.23 - - [18/Jul/2012:21:03:28 +0200] "GET /js/scriptaculous.js?load=effects HTTP/1.1" 404 1256 "-" "Java/1.6.0_24"
195.34.170.133 - - [18/Jul/2012:22:32:25 +0200] "HEAD / HTTP/1.1" 302 - "-" "Opera/9.62 (Windows NT 5.1; U; en) Presto/2.1.1"
93.228.75.139 - - [18/Jul/2012:23:54:17 +0200] "GET / HTTP/1.1" 302 - "-" "Mozilla/4.0 (compatible; MSIE 7.0; Windows NT 6.0; WOW64; SLCC1; .NET CLR 2.0.50727; .NET CLR 1.1.4322)"
207.46.13.118 - - [19/Jul/2012:00:17:16 +0200] "GET /robots.txt HTTP/1.1" 404 1256 "-" "Mozilla/5.0 (compatible; bingbot/2.0; +http://www.bing.com/bingbot.htm)"
207.46.13.118 - - [19/Jul/2012:00:18:12 +0200] "GET / HTTP/1.1" 302 - "-" "Mozilla/5.0 (compatible; bingbot/2.0; +http://www.bing.com/bingbot.htm)"
77.20.4.67 - - [19/Jul/2012:04:44:39 +0200] "GET /robots.txt HTTP/1.1" 404 1256 "-" "findlinks/2.0.2 (+http://wortschatz.uni-leipzig.de/findlinks/)"
85.25.71.106 - - [19/Jul/2012:10:00:49 +0200] "GET /robots.txt HTTP/1.1" 404 1256 "-" "Mozilla/5.0 (X11; U; Linux i686; de; rv:1.9.0.1; compatible; iCjobs Stellenangebote Jobs; http://www.icjobs.de) Gecko/20100401 iCjobs/3.2.3"
85.25.71.106 - - [19/Jul/2012:10:00:50 +0200] "GET / HTTP/1.1" 302 - "-" "Mozilla/5.0 (X11; U; Linux i686; de; rv:1.9.0.1; compatible; iCjobs Stellenangebote Jobs; http://www.icjobs.de) Gecko/20100401 iCjobs/3.2.3"
95.108.150.235 - - [19/Jul/2012:10:35:34 +0200] "GET /robots.txt HTTP/1.1" 404 1256 "-" "Mozilla/5.0 (compatible; YandexBot/3.0; +http://yandex.com/bots)"
95.108.150.235 - - [19/Jul/2012:10:35:35 +0200] "GET / HTTP/1.1" 302 - "-" "Mozilla/5.0 (compatible; YandexBot/3.0; +http://yandex.com/bots)"
89.123.4.123 - - [19/Jul/2012:10:41:22 +0200] "GET / HTTP/1.1" 302 - "-" "Java/1.6.0_04"
89.123.4.123 - - [19/Jul/2012:10:41:23 +0200] "GET /fls_1_aktuelles.php HTTP/1.1" 404 1256 "-" "Java/1.6.0_04"
89.123.4.123 - - [19/Jul/2012:10:41:23 +0200] "GET /fls_2_fremdsprachensekr.php HTTP/1.1" 404 1256 "-" "Java/1.6.0_04"
89.123.4.123 - - [19/Jul/2012:10:41:23 +0200] "GET /fls_3_fls_international.php HTTP/1.1" 404 1256 "-" "Java/1.6.0_04"
89.123.4.123 - - [19/Jul/2012:10:41:24 +0200] "GET /fls_4_faq.php HTTP/1.1" 404 1256 "-" "Java/1.6.0_04"
89.123.4.123 - - [19/Jul/2012:10:41:24 +0200] "GET /fls_4_impressum.php HTTP/1.1" 404 1256 "-" "Java/1.6.0_04"
89.123.4.123 - - [19/Jul/2012:10:41:24 +0200] "GET /fls_4_kontakt_anmeldung.php HTTP/1.1" 404 1256 "-" "Java/1.6.0_04"
89.123.4.123 - - [19/Jul/2012:10:41:24 +0200] "GET /index.php HTTP/1.1" 302 - "-" "Java/1.6.0_04"
89.123.4.123 - - [19/Jul/2012:10:41:25 +0200] "GET /ddlevelsfiles/ddlevelsmenu.js HTTP/1.1" 404 1256 "-" "Java/1.6.0_04"
89.123.4.123 - - [19/Jul/2012:10:41:25 +0200] "GET /js/lightwindow.js HTTP/1.1" 404 1256 "-" "Java/1.6.0_04"
89.123.4.123 - - [19/Jul/2012:10:41:25 +0200] "GET /js/prototype.js HTTP/1.1" 404 1256 "-" "Java/1.6.0_04"
89.123.4.123 - - [19/Jul/2012:10:41:26 +0200] "GET /js/scriptaculous.js?load=effects HTTP/1.1" 404 1256 "-" "Java/1.6.0_04"
139.18.2.17 - - [19/Jul/2012:11:36:28 +0200] "GET / HTTP/1.1" 302 - "-" "findlinks/2.6 (+http://wortschatz.uni-leipzig.de/findlinks/)"
176.74.192.86 - - [19/Jul/2012:14:11:33 +0200] "GET /robots.txt HTTP/1.0" 404 1256 "-" "-"
83.233.186.82 - - [19/Jul/2012:16:35:27 +0200] "GET / HTTP/1.1" 302 - "-" "Mozilla/4.0 (CMS Crawler: http://www.cmscrawler.com)"
109.87.138.71 - - [19/Jul/2012:20:22:50 +0200] "GET /robots.txt HTTP/1.0" 404 1256 "-" "Mozilla/5.0 (compatible; MJ12bot/v1.4.3; http://www.majestic12.co.uk/bot.php?+)"
109.87.138.71 - - [19/Jul/2012:20:22:52 +0200] "GET / HTTP/1.1" 302 - "-" "Mozilla/5.0 (compatible; MJ12bot/v1.4.3; http://www.majestic12.co.uk/bot.php?+)"
193.175.194.33 - - [20/Jul/2012:02:22:25 +0200] "GET / HTTP/1.1" 302 - "-" "Bildungsserver-Linkchecker DBS 0.9 (http://www.bildungsserver.de)"
85.25.71.40 - - [20/Jul/2012:02:43:44 +0200] "GET /robots.txt HTTP/1.1" 404 1256 "-" "Mozilla/5.0 (X11; U; Linux i686; de; rv:1.9.0.1; compatible; iCjobs Stellenangebote Jobs; http://www.icjobs.de) Gecko/20100401 iCjobs/3.2.3"
85.25.71.40 - - [20/Jul/2012:02:43:44 +0200] "GET / HTTP/1.1" 302 - "-" "Mozilla/5.0 (X11; U; Linux i686; de; rv:1.9.0.1; compatible; iCjobs Stellenangebote Jobs; http://www.icjobs.de) Gecko/20100401 iCjobs/3.2.3"
85.25.71.40 - - [20/Jul/2012:02:43:55 +0200] "GET / HTTP/1.1" 302 - "-" "Mozilla/5.0 (X11; U; Linux i686; de; rv:1.9.0.1; compatible; iCjobs Stellenangebote Jobs; http://www.icjobs.de) Gecko/20100401 iCjobs/3.2.3"
217.69.133.29 - - [20/Jul/2012:06:25:12 +0200] "GET /sitemap.xml HTTP/1.0" 404 1256 "-" "Mozilla/5.0 (compatible; Mail.RU/2.0)"
