83.135.128.251 - - [02/Nov/2009:18:05:20 +0100] "GET /livezilla/livezilla.php?template=lz_chat_frame.0.0 HTTP/1.1" 200 259 "http://chat.f-m-shop.de/livezilla/livezilla.php" "Mozilla/5.0 (Windows; U; Windows NT 5.1; de; rv:1.9.0.14) Gecko/2009082707 Firefox/3.0.14"
83.135.128.251 - - [02/Nov/2009:18:05:22 +0100] "GET /livezilla/livezilla.php?template=lz_chat_frame.2.2 HTTP/1.1" 200 264 "http://chat.f-m-shop.de/livezilla/livezilla.php" "Mozilla/5.0 (Windows; U; Windows NT 5.1; de; rv:1.9.0.14) Gecko/2009082707 Firefox/3.0.14"
83.135.128.251 - - [02/Nov/2009:18:05:22 +0100] "GET /livezilla/livezilla.php?template=lz_chat_frame.3.0 HTTP/1.1" 200 240 "http://chat.f-m-shop.de/livezilla/livezilla.php" "Mozilla/5.0 (Windows; U; Windows NT 5.1; de; rv:1.9.0.14) Gecko/2009082707 Firefox/3.0.14"
83.135.128.251 - - [02/Nov/2009:18:05:22 +0100] "GET /livezilla/livezilla.php?template=lz_chat_frame.5.1 HTTP/1.1" 200 265 "http://chat.f-m-shop.de/livezilla/livezilla.php" "Mozilla/5.0 (Windows; U; Windows NT 5.1; de; rv:1.9.0.14) Gecko/2009082707 Firefox/3.0.14"
83.135.128.251 - - [02/Nov/2009:18:05:21 +0100] "GET /livezilla/livezilla.php?template=lz_chat_frame.4.1 HTTP/1.1" 200 455 "http://chat.f-m-shop.de/livezilla/livezilla.php" "Mozilla/5.0 (Windows; U; Windows NT 5.1; de; rv:1.9.0.14) Gecko/2009082707 Firefox/3.0.14"
83.135.128.251 - - [02/Nov/2009:18:05:22 +0100] "GET /livezilla/livezilla.php?template=lz_chat_frame.3.3 HTTP/1.1" 200 239 "http://chat.f-m-shop.de/livezilla/livezilla.php" "Mozilla/5.0 (Windows; U; Windows NT 5.1; de; rv:1.9.0.14) Gecko/2009082707 Firefox/3.0.14"
83.135.128.251 - - [02/Nov/2009:18:05:22 +0100] "GET /livezilla/livezilla.php?template=lz_chat_frame.3.2.login.0.0 HTTP/1.1" 200 1563 "http://chat.f-m-shop.de/livezilla/livezilla.php?template=lz_chat_frame.3.2.login&" "Mozilla/5.0 (Windows; U; Windows NT 5.1; de; rv:1.9.0.14) Gecko/2009082707 Firefox/3.0.14"
83.135.128.251 - - [02/Nov/2009:18:05:23 +0100] "GET /livezilla/images/icon_vcard.gif HTTP/1.1" 200 559 "http://chat.f-m-shop.de/livezilla/livezilla.php?template=lz_chat_frame.1.1" "Mozilla/5.0 (Windows; U; Windows NT 5.1; de; rv:1.9.0.14) Gecko/2009082707 Firefox/3.0.14"
83.135.128.251 - - [02/Nov/2009:18:05:23 +0100] "GET /livezilla/images/icon_typing.gif HTTP/1.1" 200 1106 "http://chat.f-m-shop.de/livezilla/livezilla.php?template=lz_chat_frame.1.1" "Mozilla/5.0 (Windows; U; Windows NT 5.1; de; rv:1.9.0.14) Gecko/2009082707 Firefox/3.0.14"
83.135.128.251 - - [02/Nov/2009:18:05:23 +0100] "GET /livezilla/livezilla.php?template=lz_chat_frame.3.2.login.2.0 HTTP/1.1" 200 277 "http://chat.f-m-shop.de/livezilla/livezilla.php?template=lz_chat_frame.3.2.login&" "Mozilla/5.0 (Windows; U; Windows NT 5.1; de; rv:1.9.0.14) Gecko/2009082707 Firefox/3.0.14"
83.135.128.251 - - [02/Nov/2009:18:05:23 +0100] "GET /livezilla/livezilla.php?template=lz_chat_frame.3.2.login.1.0& HTTP/1.1" 200 2939 "http://chat.f-m-shop.de/livezilla/livezilla.php?template=lz_chat_frame.3.2.login&" "Mozilla/5.0 (Windows; U; Windows NT 5.1; de; rv:1.9.0.14) Gecko/2009082707 Firefox/3.0.14"
83.135.128.251 - - [02/Nov/2009:18:05:23 +0100] "GET /livezilla/intern_images/nopic.jpg HTTP/1.1" 200 3599 "http://chat.f-m-shop.de/livezilla/livezilla.php?template=lz_chat_frame.1.1" "Mozilla/5.0 (Windows; U; Windows NT 5.1; de; rv:1.9.0.14) Gecko/2009082707 Firefox/3.0.14"
83.135.128.251 - - [02/Nov/2009:18:05:23 +0100] "GET /livezilla/images/lz_header.gif HTTP/1.1" 200 7285 "http://chat.f-m-shop.de/livezilla/livezilla.php?template=lz_chat_frame.1.1" "Mozilla/5.0 (Windows; U; Windows NT 5.1; de; rv:1.9.0.14) Gecko/2009082707 Firefox/3.0.14"
83.135.128.251 - - [02/Nov/2009:18:05:23 +0100] "GET /livezilla/images/carrier_logo.gif HTTP/1.1" 200 6003 "http://chat.f-m-shop.de/livezilla/livezilla.php?template=lz_chat_frame.1.1" "Mozilla/5.0 (Windows; U; Windows NT 5.1; de; rv:1.9.0.14) Gecko/2009082707 Firefox/3.0.14"
83.135.128.251 - - [02/Nov/2009:18:05:23 +0100] "GET /livezilla/images/lz_rep_bg_left.gif HTTP/1.1" 200 593 "http://chat.f-m-shop.de/livezilla/livezilla.php?template=lz_chat_frame.1.1" "Mozilla/5.0 (Windows; U; Windows NT 5.1; de; rv:1.9.0.14) Gecko/2009082707 Firefox/3.0.14"
83.135.128.251 - - [02/Nov/2009:18:05:23 +0100] "GET /livezilla/images/lz_rep_bg.gif HTTP/1.1" 200 320 "http://chat.f-m-shop.de/livezilla/livezilla.php?template=lz_chat_frame.1.1" "Mozilla/5.0 (Windows; U; Windows NT 5.1; de; rv:1.9.0.14) Gecko/2009082707 Firefox/3.0.14"
83.135.128.251 - - [02/Nov/2009:18:05:23 +0100] "GET /livezilla/images/lz_rep_bg_right.gif HTTP/1.1" 200 590 "http://chat.f-m-shop.de/livezilla/livezilla.php?template=lz_chat_frame.1.1" "Mozilla/5.0 (Windows; U; Windows NT 5.1; de; rv:1.9.0.14) Gecko/2009082707 Firefox/3.0.14"
83.135.128.251 - - [02/Nov/2009:18:05:23 +0100] "GET /livezilla/images/chat_bg_footer.gif HTTP/1.1" 200 194 "http://chat.f-m-shop.de/livezilla/templates/style.css" "Mozilla/5.0 (Windows; U; Windows NT 5.1; de; rv:1.9.0.14) Gecko/2009082707 Firefox/3.0.14"
83.135.128.251 - - [02/Nov/2009:18:05:23 +0100] "GET /livezilla/images/chat_bg_navigation_left.gif HTTP/1.1" 200 1078 "http://chat.f-m-shop.de/livezilla/livezilla.php?template=lz_chat_frame.3.2.login.0.0" "Mozilla/5.0 (Windows; U; Windows NT 5.1; de; rv:1.9.0.14) Gecko/2009082707 Firefox/3.0.14"
83.135.128.251 - - [02/Nov/2009:18:05:23 +0100] "GET /livezilla/images/button_mail.gif HTTP/1.1" 200 1348 "http://chat.f-m-shop.de/livezilla/livezilla.php?template=lz_chat_frame.3.2.login.0.0" "Mozilla/5.0 (Windows; U; Windows NT 5.1; de; rv:1.9.0.14) Gecko/2009082707 Firefox/3.0.14"
83.135.128.251 - - [02/Nov/2009:18:05:23 +0100] "GET /livezilla/images/chat_bg_navigation_dev.gif HTTP/1.1" 200 367 "http://chat.f-m-shop.de/livezilla/livezilla.php?template=lz_chat_frame.3.2.login.0.0" "Mozilla/5.0 (Windows; U; Windows NT 5.1; de; rv:1.9.0.14) Gecko/2009082707 Firefox/3.0.14"
83.135.128.251 - - [02/Nov/2009:18:05:23 +0100] "GET /livezilla/images/button_fav.gif HTTP/1.1" 200 1344 "http://chat.f-m-shop.de/livezilla/livezilla.php?template=lz_chat_frame.3.2.login.0.0" "Mozilla/5.0 (Windows; U; Windows NT 5.1; de; rv:1.9.0.14) Gecko/2009082707 Firefox/3.0.14"
83.135.128.251 - - [02/Nov/2009:18:05:23 +0100] "GET /livezilla/images/chat_bg_navigation_right.gif HTTP/1.1" 200 675 "http://chat.f-m-shop.de/livezilla/livezilla.php?template=lz_chat_frame.3.2.login.0.0" "Mozilla/5.0 (Windows; U; Windows NT 5.1; de; rv:1.9.0.14) Gecko/2009082707 Firefox/3.0.14"
83.135.128.251 - - [02/Nov/2009:18:05:23 +0100] "GET /livezilla/images/icon_info.gif HTTP/1.1" 200 1703 "http://chat.f-m-shop.de/livezilla/livezilla.php?template=lz_chat_frame.3.2.login.1.0&" "Mozilla/5.0 (Windows; U; Windows NT 5.1; de; rv:1.9.0.14) Gecko/2009082707 Firefox/3.0.14"
83.135.128.251 - - [02/Nov/2009:18:05:23 +0100] "GET /livezilla/images/icon_network.gif HTTP/1.1" 200 354 "http://chat.f-m-shop.de/livezilla/livezilla.php?template=lz_chat_frame.3.2.login.1.0&" "Mozilla/5.0 (Windows; U; Windows NT 5.1; de; rv:1.9.0.14) Gecko/2009082707 Firefox/3.0.14"
83.135.128.251 - - [02/Nov/2009:18:05:23 +0100] "GET /livezilla/images/button_close.gif HTTP/1.1" 200 1239 "http://chat.f-m-shop.de/livezilla/livezilla.php?template=lz_chat_frame.3.2.login.0.0" "Mozilla/5.0 (Windows; U; Windows NT 5.1; de; rv:1.9.0.14) Gecko/2009082707 Firefox/3.0.14"
83.135.128.251 - - [02/Nov/2009:18:05:23 +0100] "GET /livezilla/images/chat_bg_navigation.gif HTTP/1.1" 200 258 "http://chat.f-m-shop.de/livezilla/templates/style.css" "Mozilla/5.0 (Windows; U; Windows NT 5.1; de; rv:1.9.0.14) Gecko/2009082707 Firefox/3.0.14"
83.135.128.251 - - [02/Nov/2009:18:05:23 +0100] "GET /livezilla/images/lz_button.gif HTTP/1.1" 200 838 "http://chat.f-m-shop.de/livezilla/templates/style.css" "Mozilla/5.0 (Windows; U; Windows NT 5.1; de; rv:1.9.0.14) Gecko/2009082707 Firefox/3.0.14"
83.135.128.251 - - [02/Nov/2009:18:05:23 +0100] "GET /livezilla/images/chat_bg_navigation_sub.gif HTTP/1.1" 200 76 "http://chat.f-m-shop.de/livezilla/templates/style.css" "Mozilla/5.0 (Windows; U; Windows NT 5.1; de; rv:1.9.0.14) Gecko/2009082707 Firefox/3.0.14"
83.135.128.251 - - [02/Nov/2009:18:05:23 +0100] "GET /livezilla/images/chat_bg_field.gif HTTP/1.1" 200 121 "http://chat.f-m-shop.de/livezilla/templates/style.css" "Mozilla/5.0 (Windows; U; Windows NT 5.1; de; rv:1.9.0.14) Gecko/2009082707 Firefox/3.0.14"
83.135.128.251 - - [02/Nov/2009:18:05:23 +0100] "GET /livezilla/images/lz_button_extra.gif HTTP/1.1" 200 948 "http://chat.f-m-shop.de/livezilla/templates/style.css" "Mozilla/5.0 (Windows; U; Windows NT 5.1; de; rv:1.9.0.14) Gecko/2009082707 Firefox/3.0.14"
83.135.128.251 - - [02/Nov/2009:18:05:23 +0100] "GET /livezilla/images/chat_bg_footer_top.gif HTTP/1.1" 200 858 "http://chat.f-m-shop.de/livezilla/templates/style.css" "Mozilla/5.0 (Windows; U; Windows NT 5.1; de; rv:1.9.0.14) Gecko/2009082707 Firefox/3.0.14"
94.216.123.158 - - [02/Nov/2009:18:05:30 +0100] "GET /livezilla/image.php?id=04 HTTP/1.1" 200 7276 "http://www.f-m-shop.de/seiten/prod_detail_neuer.cfm?kat=MONT22&nav=2&artnr=A%20%2024834" "Mozilla/5.0 (Windows; U; Windows NT 5.1; de; rv:1.9.1.4) Gecko/20091016 Firefox/3.5.4 (.NET CLR 3.5.30729)"
192.168.10.13 - - [02/Nov/2009:18:04:47 +0100] "POST /livezilla/server.php?acid=9a937 HTTP/1.1" 200 - "-" "LiveZilla 3.1.7.7 [http://www.livezilla.net]"
83.135.128.251 - - [02/Nov/2009:18:05:39 +0100] "POST /livezilla/server.php HTTP/1.1" 200 212 "http://chat.f-m-shop.de/livezilla/livezilla.php" "Mozilla/5.0 (Windows; U; Windows NT 5.1; de; rv:1.9.0.14) Gecko/2009082707 Firefox/3.0.14"
83.135.128.251 - - [02/Nov/2009:18:05:39 +0100] "POST /livezilla/livezilla.php?template=lz_chat_frame.3.2.mail HTTP/1.1" 200 4002 "http://chat.f-m-shop.de/livezilla/livezilla.php?template=lz_chat_frame.3.2.login.1.0&" "Mozilla/5.0 (Windows; U; Windows NT 5.1; de; rv:1.9.0.14) Gecko/2009082707 Firefox/3.0.14"
83.135.128.251 - - [02/Nov/2009:18:05:39 +0100] "GET /livezilla/images/button_print.gif HTTP/1.1" 200 1183 "http://chat.f-m-shop.de/livezilla/livezilla.php?template=lz_chat_frame.3.2.mail" "Mozilla/5.0 (Windows; U; Windows NT 5.1; de; rv:1.9.0.14) Gecko/2009082707 Firefox/3.0.14"
83.135.128.251 - - [02/Nov/2009:18:05:39 +0100] "GET /livezilla/images/button_chat.gif HTTP/1.1" 200 1218 "http://chat.f-m-shop.de/livezilla/livezilla.php?template=lz_chat_frame.3.2.mail" "Mozilla/5.0 (Windows; U; Windows NT 5.1; de; rv:1.9.0.14) Gecko/2009082707 Firefox/3.0.14"
83.135.128.251 - - [02/Nov/2009:18:05:48 +0100] "GET /livezilla/livezilla.php HTTP/1.1" 200 72007 "http://www.f-m-shop.de/seiten/prod_detail_neuer.cfm?kat=NAVMOD&nav=2&artnr=A%20%2029484" "Mozilla/5.0 (Windows; U; Windows NT 5.1; de; rv:1.9.0.14) Gecko/2009082707 Firefox/3.0.14"
83.135.128.251 - - [02/Nov/2009:18:05:49 +0100] "GET /livezilla/livezilla.php?template=lz_chat_frame.0.2 HTTP/1.1" 200 254 "http://chat.f-m-shop.de/livezilla/livezilla.php" "Mozilla/5.0 (Windows; U; Windows NT 5.1; de; rv:1.9.0.14) Gecko/2009082707 Firefox/3.0.14"
83.135.128.251 - - [02/Nov/2009:18:05:48 +0100] "GET /livezilla/livezilla.php?template=lz_chat_frame.0.0 HTTP/1.1" 200 259 "http://chat.f-m-shop.de/livezilla/livezilla.php" "Mozilla/5.0 (Windows; U; Windows NT 5.1; de; rv:1.9.0.14) Gecko/2009082707 Firefox/3.0.14"
83.135.128.251 - - [02/Nov/2009:18:05:48 +0100] "GET /livezilla/livezilla.php?template=lz_chat_frame.0.1 HTTP/1.1" 200 277 "http://chat.f-m-shop.de/livezilla/livezilla.php" "Mozilla/5.0 (Windows; U; Windows NT 5.1; de; rv:1.9.0.14) Gecko/2009082707 Firefox/3.0.14"
83.135.128.251 - - [02/Nov/2009:18:05:49 +0100] "GET /livezilla/livezilla.php?template=lz_chat_frame.1.0 HTTP/1.1" 200 279 "http://chat.f-m-shop.de/livezilla/livezilla.php" "Mozilla/5.0 (Windows; U; Windows NT 5.1; de; rv:1.9.0.14) Gecko/2009082707 Firefox/3.0.14"
83.135.128.251 - - [02/Nov/2009:18:05:49 +0100] "GET /livezilla/livezilla.php?template=lz_chat_frame.1.1 HTTP/1.1" 200 2257 "http://chat.f-m-shop.de/livezilla/livezilla.php" "Mozilla/5.0 (Windows; U; Windows NT 5.1; de; rv:1.9.0.14) Gecko/2009082707 Firefox/3.0.14"
83.135.128.251 - - [02/Nov/2009:18:05:49 +0100] "GET /livezilla/livezilla.php?template=lz_chat_frame.3.2.login& HTTP/1.1" 200 1019 "http://chat.f-m-shop.de/livezilla/livezilla.php" "Mozilla/5.0 (Windows; U; Windows NT 5.1; de; rv:1.9.0.14) Gecko/2009082707 Firefox/3.0.14"
83.135.128.251 - - [02/Nov/2009:18:05:49 +0100] "GET /livezilla/livezilla.php?template=lz_chat_frame.2.0 HTTP/1.1" 200 263 "http://chat.f-m-shop.de/livezilla/livezilla.php" "Mozilla/5.0 (Windows; U; Windows NT 5.1; de; rv:1.9.0.14) Gecko/2009082707 Firefox/3.0.14"
83.135.128.251 - - [02/Nov/2009:18:05:49 +0100] "GET /livezilla/livezilla.php?template=lz_chat_frame.1.2 HTTP/1.1" 200 264 "http://chat.f-m-shop.de/livezilla/livezilla.php" "Mozilla/5.0 (Windows; U; Windows NT 5.1; de; rv:1.9.0.14) Gecko/2009082707 Firefox/3.0.14"
83.135.128.251 - - [02/Nov/2009:18:05:50 +0100] "GET /livezilla/livezilla.php?template=lz_chat_frame.3.0 HTTP/1.1" 200 240 "http://chat.f-m-shop.de/livezilla/livezilla.php" "Mozilla/5.0 (Windows; U; Windows NT 5.1; de; rv:1.9.0.14) Gecko/2009082707 Firefox/3.0.14"
83.135.128.251 - - [02/Nov/2009:18:05:49 +0100] "GET /livezilla/livezilla.php?template=lz_chat_frame.4.1 HTTP/1.1" 200 455 "http://chat.f-m-shop.de/livezilla/livezilla.php" "Mozilla/5.0 (Windows; U; Windows NT 5.1; de; rv:1.9.0.14) Gecko/2009082707 Firefox/3.0.14"
83.135.128.251 - - [02/Nov/2009:18:05:50 +0100] "GET /livezilla/livezilla.php?template=lz_chat_frame.5.1 HTTP/1.1" 200 265 "http://chat.f-m-shop.de/livezilla/livezilla.php" "Mozilla/5.0 (Windows; U; Windows NT 5.1; de; rv:1.9.0.14) Gecko/2009082707 Firefox/3.0.14"
83.135.128.251 - - [02/Nov/2009:18:05:50 +0100] "GET /livezilla/livezilla.php?template=lz_chat_frame.2.2 HTTP/1.1" 200 264 "http://chat.f-m-shop.de/livezilla/livezilla.php" "Mozilla/5.0 (Windows; U; Windows NT 5.1; de; rv:1.9.0.14) Gecko/2009082707 Firefox/3.0.14"
83.135.128.251 - - [02/Nov/2009:18:05:50 +0100] "GET /livezilla/livezilla.php?template=lz_chat_frame.3.3 HTTP/1.1" 200 239 "http://chat.f-m-shop.de/livezilla/livezilla.php" "Mozilla/5.0 (Windows; U; Windows NT 5.1; de; rv:1.9.0.14) Gecko/2009082707 Firefox/3.0.14"
83.135.128.251 - - [02/Nov/2009:18:05:50 +0100] "GET /livezilla/livezilla.php?template=lz_chat_frame.3.2.login.0.0 HTTP/1.1" 200 1563 "http://chat.f-m-shop.de/livezilla/livezilla.php?template=lz_chat_frame.3.2.login&" "Mozilla/5.0 (Windows; U; Windows NT 5.1; de; rv:1.9.0.14) Gecko/2009082707 Firefox/3.0.14"
83.135.128.251 - - [02/Nov/2009:18:05:50 +0100] "GET /livezilla/livezilla.php?template=lz_chat_frame.3.2.login.1.0& HTTP/1.1" 200 2939 "http://chat.f-m-shop.de/livezilla/livezilla.php?template=lz_chat_frame.3.2.login&" "Mozilla/5.0 (Windows; U; Windows NT 5.1; de; rv:1.9.0.14) Gecko/2009082707 Firefox/3.0.14"
83.135.128.251 - - [02/Nov/2009:18:05:50 +0100] "GET /livezilla/livezilla.php?template=lz_chat_frame.3.2.login.2.0 HTTP/1.1" 200 277 "http://chat.f-m-shop.de/livezilla/livezilla.php?template=lz_chat_frame.3.2.login&" "Mozilla/5.0 (Windows; U; Windows NT 5.1; de; rv:1.9.0.14) Gecko/2009082707 Firefox/3.0.14"
192.168.10.10 - - [02/Nov/2009:18:05:07 +0100] "POST /livezilla/server.php?acid=8b4fc HTTP/1.1" 200 - "-" "LiveZilla 3.1.7.7 [http://www.livezilla.net]"
83.135.128.251 - - [02/Nov/2009:18:06:06 +0100] "POST /livezilla/server.php HTTP/1.1" 200 212 "http://chat.f-m-shop.de/livezilla/livezilla.php" "Mozilla/5.0 (Windows; U; Windows NT 5.1; de; rv:1.9.0.14) Gecko/2009082707 Firefox/3.0.14"
83.135.128.251 - - [02/Nov/2009:18:06:06 +0100] "POST /livezilla/livezilla.php?template=lz_chat_frame.3.2.mail HTTP/1.1" 200 4002 "http://chat.f-m-shop.de/livezilla/livezilla.php?template=lz_chat_frame.3.2.login.1.0&" "Mozilla/5.0 (Windows; U; Windows NT 5.1; de; rv:1.9.0.14) Gecko/2009082707 Firefox/3.0.14"
141.18.15.4 - - [02/Nov/2009:18:06:09 +0100] "GET /livezilla/image.php?id=04 HTTP/1.1" 200 7276 "http://www.f-m-shop.de/seiten/prod_detail_neuer.cfm?kat=HDDGEH&nav=2&artnr=A 15371" "Mozilla/4.0 (compatible; MSIE 8.0; Windows NT 5.1; Trident/4.0; .NET CLR 1.1.4322; .NET CLR 2.0.50727; .NET CLR 3.0.04506.30; .NET CLR 3.0.04506.648; InfoPath.1; .NET CLR 3.0.4506.2152; .NET CLR 3.5.30729)"
88.217.16.187 - - [02/Nov/2009:18:06:11 +0100] "GET /livezilla/image.php?id=04 HTTP/1.1" 200 7276 "http://www.f-m-shop.de/seiten/prod_detail_neuer.cfm?kat=EINDIG&nav=2&artnr=A%20%2029803" "Mozilla/5.0 (Macintosh; U; Intel Mac OS X 10_6_1; en-us) AppleWebKit/531.9 (KHTML, like Gecko) Version/4.0.3 Safari/531.9"
77.23.93.194 - - [02/Nov/2009:18:06:12 +0100] "GET /livezilla/image.php?id=04 HTTP/1.1" 200 7276 "http://www.f-m-shop.de/seiten/prod_detail_neuer.cfm?kat=MAIN775&nav=2&artnr=A%20%2025289" "Mozilla/5.0 (Windows; U; Windows NT 6.1; de; rv:1.9.1.4) Gecko/20091016 Firefox/3.5.4"
192.168.10.13 - - [02/Nov/2009:18:05:35 +0100] "POST /livezilla/server.php?acid=49c6d HTTP/1.1" 200 - "-" "LiveZilla 3.1.7.7 [http://www.livezilla.net]"
91.55.109.216 - - [02/Nov/2009:18:06:38 +0100] "GET /livezilla/image.php?id=04 HTTP/1.1" 200 7276 "http://www.f-m-shop.de/seiten/prod_detail_neuer.cfm?kat=NAVMOD&nav=2&artnr=A 29484" "Mozilla/4.0 (compatible; MSIE 8.0; Windows NT 6.1; WOW64; Trident/4.0; GTB6.3; SLCC2; .NET CLR 2.0.50727; .NET CLR 3.5.30729; .NET CLR 3.0.30729; Media Center PC 6.0)"
192.168.10.10 - - [02/Nov/2009:18:05:55 +0100] "POST /livezilla/server.php?acid=d3dde HTTP/1.1" 200 - "-" "LiveZilla 3.1.7.7 [http://www.livezilla.net]"
192.168.10.13 - - [02/Nov/2009:18:06:23 +0100] "POST /livezilla/server.php?acid=54eb2 HTTP/1.1" 200 - "-" "LiveZilla 3.1.7.7 [http://www.livezilla.net]"
192.168.10.10 - - [02/Nov/2009:18:06:44 +0100] "POST /livezilla/server.php?acid=41f3d HTTP/1.1" 200 - "-" "LiveZilla 3.1.7.7 [http://www.livezilla.net]"
79.240.115.105 - - [02/Nov/2009:18:07:44 +0100] "GET /livezilla/image.php?id=04 HTTP/1.1" 200 7276 "http://www.f-m-shop.de/seiten/prod_detail_neuer.cfm?kat=NOTB15&nav=2&artnr=A 28685" "Mozilla/4.0 (compatible; MSIE 6.0; Windows NT 5.1; SV1; GTB6; .NET CLR 2.0.50727)"
192.168.10.13 - - [02/Nov/2009:18:07:47 +0100] "POST /livezilla/server.php?acid=c06f5 HTTP/1.1" 200 - "-" "LiveZilla 3.1.7.7 [http://www.livezilla.net]"
188.109.110.146 - - [02/Nov/2009:18:07:49 +0100] "GET /livezilla/image.php?id=04 HTTP/1.1" 200 7276 "http://www.f-m-shop.de/seiten/prod_detail_neuer.cfm?kat=NAVMOD&nav=2&artnr=A%20%2029483" "Mozilla/5.0 (Windows; U; Windows NT 5.1; de; rv:1.9.1.4) Gecko/20091016 Firefox/3.5.4"
192.168.10.13 - - [02/Nov/2009:18:07:12 +0100] "POST /livezilla/server.php?acid=5de83 HTTP/1.1" 200 - "-" "LiveZilla 3.1.7.7 [http://www.livezilla.net]"
192.168.10.10 - - [02/Nov/2009:18:07:32 +0100] "POST /livezilla/server.php?acid=36c4c HTTP/1.1" 200 - "-" "LiveZilla 3.1.7.7 [http://www.livezilla.net]"
195.71.165.224 - - [02/Nov/2009:18:08:19 +0100] "GET /livezilla/image.php?id=04 HTTP/1.1" 200 7276 "http://www.f-m-shop.de/seiten/prod_detail_neuer.cfm?kat=MONT24&nav=2&artnr=A 29987" "Mozilla/4.0 (compatible; MSIE 8.0; Windows NT 5.1; Trident/4.0; .NET CLR 1.1.4322; .NET CLR 2.0.50727)"
84.57.226.86 - - [02/Nov/2009:18:08:36 +0100] "GET /livezilla/image.php?id=04 HTTP/1.1" 200 7276 "http://www.f-m-shop.de/seiten/prod_detail_neuer.cfm?name=HDD%202.5%22%20SATA%20200GB%20FUJITSU%20MHV2200BT&artnr=A%20%2017334&nav=2&kat=HDDNOTSA&kat_her=&p_sort=DESC&b_sort=ASC" "Mozilla/5.0 (Macintosh; U; Intel Mac OS X 10_6_1; de-de) AppleWebKit/531.9 (KHTML, like Gecko) Version/4.0.3 Safari/531.9"
88.217.16.187 - - [02/Nov/2009:18:08:52 +0100] "GET /livezilla/image.php?id=04 HTTP/1.1" 200 7276 "http://www.f-m-shop.de/seiten/prod_detail_neuer.cfm?kat=MONT24&nav=2&artnr=A%20%2025023" "Mozilla/5.0 (Macintosh; U; Intel Mac OS X 10_6_1; en-us) AppleWebKit/531.9 (KHTML, like Gecko) Version/4.0.3 Safari/531.9"
192.168.10.10 - - [02/Nov/2009:18:08:20 +0100] "POST /livezilla/server.php?acid=f129e HTTP/1.1" 200 - "-" "LiveZilla 3.1.7.7 [http://www.livezilla.net]"
88.217.16.187 - - [02/Nov/2009:18:09:10 +0100] "GET /livezilla/image.php?id=04 HTTP/1.1" 200 7276 "http://www.f-m-shop.de/seiten/prod_detail_neuer.cfm?kat=MONT24&nav=2&artnr=A%20%2028980" "Mozilla/5.0 (Macintosh; U; Intel Mac OS X 10_6_1; en-us) AppleWebKit/531.9 (KHTML, like Gecko) Version/4.0.3 Safari/531.9"
192.168.10.10 - - [02/Nov/2009:18:09:09 +0100] "POST /livezilla/server.php?acid=4982f HTTP/1.1" 200 3240 "-" "LiveZilla 3.1.7.7 [http://www.livezilla.net]"
192.168.10.10 - - [02/Nov/2009:18:09:21 +0100] "POST /livezilla/server.php?acid=166a0 HTTP/1.1" 200 188 "-" "LiveZilla 3.1.7.7 [http://www.livezilla.net]"
192.168.10.10 - - [02/Nov/2009:18:10:09 +0100] "POST /livezilla/server.php?acid=e206d HTTP/1.1" 200 - "-" "LiveZilla 3.1.7.7 [http://www.livezilla.net]"
192.168.10.10 - - [02/Nov/2009:18:10:57 +0100] "POST /livezilla/server.php?acid=9bca7 HTTP/1.1" 200 - "-" "LiveZilla 3.1.7.7 [http://www.livezilla.net]"
85.16.90.120 - - [02/Nov/2009:18:11:50 +0100] "GET /livezilla/image.php?id=04 HTTP/1.1" 200 7276 "http://www.f-m-shop.de/seiten/prod_detail_neuer.cfm?kat=NOTB15&nav=2&artnr=A 28685" "Mozilla/4.0 (compatible; MSIE 7.0; Windows NT 6.0; SIMBAR={F4A56346-C90E-4EE5-9299-307720207BB9}; GTB6; SLCC1; .NET CLR 2.0.50727; eSobiSubscriber 2.0.4.16; .NET CLR 3.5.30729; .NET CLR 3.0.30618)"
192.168.10.10 - - [02/Nov/2009:18:11:46 +0100] "POST /livezilla/server.php?acid=f90db HTTP/1.1" 200 - "-" "LiveZilla 3.1.7.7 [http://www.livezilla.net]"
92.228.3.149 - - [02/Nov/2009:18:12:45 +0100] "GET /livezilla/image.php?id=04 HTTP/1.1" 200 7276 "http://www.f-m-shop.de/seiten/prod_detail_neuer.cfm?kat=NAVMOD&nav=2&artnr=A%20%2029480" "Mozilla/5.0 (Windows; U; Windows NT 5.1; de; rv:1.9.1.4) Gecko/20091016 Firefox/3.5.4 (.NET CLR 3.5.30729)"
88.75.229.30 - - [02/Nov/2009:18:12:48 +0100] "GET /livezilla/image.php?id=04 HTTP/1.1" 200 7276 "http://www.f-m-shop.de/seiten/prod_detail_neuer.cfm?kat=XPOSTEN&nav=2&artnr=A%20%2027175" "Mozilla/5.0 (Windows; U; Windows NT 5.1; de; rv:1.9.1.4) Gecko/20091016 Firefox/3.5.4 (.NET CLR 3.5.30729)"
145.120.11.61 - - [02/Nov/2009:18:12:59 +0100] "GET /livezilla/image.php?id=04 HTTP/1.1" 200 7276 "http://www.f-m-shop.de/seiten/prod_detail_neuer.cfm?kat=MONT23&nav=2&artnr=A%20%2029043" "Mozilla/5.0 (Windows; U; Windows NT 5.1; en-GB; rv:1.9.1.4) Gecko/20091016 Firefox/3.5.4"
192.168.10.10 - - [02/Nov/2009:18:12:34 +0100] "POST /livezilla/server.php?acid=a6231 HTTP/1.1" 200 - "-" "LiveZilla 3.1.7.7 [http://www.livezilla.net]"
87.66.161.159 - - [02/Nov/2009:18:13:32 +0100] "GET /livezilla/image.php?id=04 HTTP/1.1" 200 7276 "http://www.f-m-shop.de/seiten/prod_detail_neuer.cfm?kat=NAVMOD&nav=2&artnr=A%20%2029484" "Mozilla/5.0 (Windows; U; Windows NT 6.0; de; rv:1.9.1.4) Gecko/20091016 Firefox/3.5.4 GTB5 (.NET CLR 3.5.30729)"
192.168.10.10 - - [02/Nov/2009:18:13:22 +0100] "POST /livezilla/server.php?acid=8fea3 HTTP/1.1" 200 - "-" "LiveZilla 3.1.7.7 [http://www.livezilla.net]"
195.37.166.241 - - [02/Nov/2009:18:14:17 +0100] "GET /livezilla/image.php?id=04 HTTP/1.1" 200 7276 "http://www.eizo4you.de/seiten/prod_detail_neuer.cfm?kat=MONT24&nav=2&artnr=A 29041" "Mozilla/4.0 (compatible; MSIE 7.0; Windows NT 5.1; InfoPath.1; .NET CLR 1.1.4322; .NET CLR 2.0.50727; .NET CLR 3.0.4506.2152; .NET CLR 3.5.30729)"
213.21.151.76 - - [02/Nov/2009:18:14:46 +0100] "GET /livezilla/image.php?id=04 HTTP/1.1" 200 7276 "http://www.f-m-shop.de/seiten/prod_detail_neuer.cfm?kat=MONT22&nav=2&artnr=A%20%2026979" "Mozilla/5.0 (Macintosh; U; Intel Mac OS X 10.6; it; rv:1.9.0.15) Gecko/2009101600 Firefox/3.0.15 FirePHP/0.3"
192.168.10.10 - - [02/Nov/2009:18:14:11 +0100] "POST /livezilla/server.php?acid=0011f HTTP/1.1" 200 - "-" "LiveZilla 3.1.7.7 [http://www.livezilla.net]"
195.37.166.241 - - [02/Nov/2009:18:15:30 +0100] "GET /livezilla/image.php?id=04 HTTP/1.1" 200 7276 "http://www.eizo4you.de/seiten/prod_detail_neuer.cfm?kat=MONT24&nav=2&artnr=A 28981" "Mozilla/4.0 (compatible; MSIE 7.0; Windows NT 5.1; InfoPath.1; .NET CLR 1.1.4322; .NET CLR 2.0.50727; .NET CLR 3.0.4506.2152; .NET CLR 3.5.30729)"
192.168.10.10 - - [02/Nov/2009:18:14:59 +0100] "POST /livezilla/server.php?acid=ee054 HTTP/1.1" 200 - "-" "LiveZilla 3.1.7.7 [http://www.livezilla.net]"
195.93.60.101 - - [02/Nov/2009:18:16:11 +0100] "GET /livezilla/image.php?id=04 HTTP/1.1" 200 7276 "http://www.f-m-shop.de/seiten/prod_detail_neuer.cfm?kat=HIFTVCRD&nav=2&artnr=A 12164" "Mozilla/4.0 (compatible; MSIE 7.0; AOL 9.0; Windows NT 5.1; .NET CLR 1.1.4322; .NET CLR 2.0.50727; .NET CLR 3.0.4506.2152; .NET CLR 3.5.30729)"
88.70.41.93 - - [02/Nov/2009:18:16:19 +0100] "GET /livezilla/image.php?id=04 HTTP/1.1" 200 7276 "http://www.f-m-shop.de/seiten/prod_detail_neuer.cfm?kat=NOTB15&nav=2&artnr=A%20%2023074" "Mozilla/5.0 (Windows; U; Windows NT 6.1; de; rv:1.9.1.4) Gecko/20091016 Firefox/3.5.4 GTB6"
89.247.63.80 - - [02/Nov/2009:18:16:26 +0100] "GET /livezilla/image.php?id=04 HTTP/1.1" 200 7276 "http://www.f-m-shop.de/seiten/prod_detail_neuer.cfm?name=LCD 24\" NEC MULTISYNC LCD2690WUXI2-BK&artnr=A%20%2029987&nav=2&kat=MONT24&kat_her=&p_sort=&b_sort=ASC" "Mozilla/4.0 (compatible; MSIE 8.0; Windows NT 5.1; Trident/4.0; GTB6)"
192.168.10.10 - - [02/Nov/2009:18:15:47 +0100] "POST /livezilla/server.php?acid=f4231 HTTP/1.1" 200 - "-" "LiveZilla 3.1.7.7 [http://www.livezilla.net]"
192.168.10.10 - - [02/Nov/2009:18:16:36 +0100] "POST /livezilla/server.php?acid=9dfd5 HTTP/1.1" 200 - "-" "LiveZilla 3.1.7.7 [http://www.livezilla.net]"
195.37.166.241 - - [02/Nov/2009:18:17:34 +0100] "GET /livezilla/image.php?id=04 HTTP/1.1" 200 7276 "http://www.eizo4you.de/seiten/prod_detail_neuer.cfm?kat=MONT24&nav=2&artnr=A 25022" "Mozilla/4.0 (compatible; MSIE 7.0; Windows NT 5.1; InfoPath.1; .NET CLR 1.1.4322; .NET CLR 2.0.50727; .NET CLR 3.0.4506.2152; .NET CLR 3.5.30729)"
195.93.60.101 - - [02/Nov/2009:18:17:52 +0100] "GET /livezilla/image.php?id=04 HTTP/1.1" 200 7276 "http://www.f-m-shop.de/seiten/prod_detail_neuer.cfm?kat=HIFTVCRD&nav=2&artnr=A%20%2012164" "Mozilla/4.0 (compatible; MSIE 7.0; AOL 9.0; Windows NT 5.1; .NET CLR 1.1.4322; .NET CLR 2.0.50727; .NET CLR 3.0.4506.2152; .NET CLR 3.5.30729)"
192.168.10.10 - - [02/Nov/2009:18:17:24 +0100] "POST /livezilla/server.php?acid=63145 HTTP/1.1" 200 - "-" "LiveZilla 3.1.7.7 [http://www.livezilla.net]"
195.37.166.241 - - [02/Nov/2009:18:18:26 +0100] "GET /livezilla/image.php?id=04 HTTP/1.1" 200 7276 "-" "Mozilla/4.0 (compatible; MSIE 7.0; Windows NT 5.1; InfoPath.1; .NET CLR 1.1.4322; .NET CLR 2.0.50727; .NET CLR 3.0.4506.2152; .NET CLR 3.5.30729)"
195.37.166.241 - - [02/Nov/2009:18:18:26 +0100] "GET /livezilla/image.php?id=04 HTTP/1.1" 200 7276 "-" "Mozilla/4.0 (compatible; MSIE 7.0; Windows NT 5.1; InfoPath.1; .NET CLR 1.1.4322; .NET CLR 2.0.50727; .NET CLR 3.0.4506.2152; .NET CLR 3.5.30729)"
195.37.166.241 - - [02/Nov/2009:18:18:30 +0100] "GET /livezilla/image.php?id=04 HTTP/1.1" 200 7276 "-" "Mozilla/4.0 (compatible; MSIE 7.0; Windows NT 5.1; InfoPath.1; .NET CLR 1.1.4322; .NET CLR 2.0.50727; .NET CLR 3.0.4506.2152; .NET CLR 3.5.30729)"
195.37.166.241 - - [02/Nov/2009:18:18:30 +0100] "GET /livezilla/image.php?id=04 HTTP/1.1" 200 7276 "-" "Mozilla/4.0 (compatible; MSIE 7.0; Windows NT 5.1; InfoPath.1; .NET CLR 1.1.4322; .NET CLR 2.0.50727; .NET CLR 3.0.4506.2152; .NET CLR 3.5.30729)"
195.37.166.241 - - [02/Nov/2009:18:18:30 +0100] "GET /livezilla/image.php?id=04 HTTP/1.1" 200 7276 "-" "Mozilla/4.0 (compatible; MSIE 7.0; Windows NT 5.1; InfoPath.1; .NET CLR 1.1.4322; .NET CLR 2.0.50727; .NET CLR 3.0.4506.2152; .NET CLR 3.5.30729)"
195.37.166.241 - - [02/Nov/2009:18:18:30 +0100] "GET /livezilla/image.php?id=04 HTTP/1.1" 200 7276 "-" "Mozilla/4.0 (compatible; MSIE 7.0; Windows NT 5.1; InfoPath.1; .NET CLR 1.1.4322; .NET CLR 2.0.50727; .NET CLR 3.0.4506.2152; .NET CLR 3.5.30729)"
84.44.186.33 - - [02/Nov/2009:18:18:44 +0100] "GET /livezilla/image.php?id=04 HTTP/1.1" 200 7276 "http://www.f-m-shop.de/seiten/prod_detail_neuer.cfm?kat=HIFTVCRD&nav=2&artnr=A%20%2028452" "Mozilla/5.0 (Macintosh; U; Intel Mac OS X 10.6; de; rv:1.9.1.4) Gecko/20091016 Firefox/3.5.4"
192.168.10.10 - - [02/Nov/2009:18:18:12 +0100] "POST /livezilla/server.php?acid=54023 HTTP/1.1" 200 - "-" "LiveZilla 3.1.7.7 [http://www.livezilla.net]"
89.247.63.80 - - [02/Nov/2009:18:19:06 +0100] "GET /livezilla/image.php?id=04 HTTP/1.1" 200 7276 "http://www.f-m-shop.de/seiten/prod_detail_neuer.cfm?name=LCD 24,1\" EIZO FlexScan FX2431 silber&artnr=A%20%2028981&nav=2&kat=MONT24&kat_her=&p_sort=&b_sort=ASC" "Mozilla/4.0 (compatible; MSIE 8.0; Windows NT 5.1; Trident/4.0; GTB6)"
80.140.85.222 - - [02/Nov/2009:18:19:19 +0100] "GET /livezilla/image.php?id=04 HTTP/1.1" 200 7276 "http://www.f-m-shop.de/seiten/prod_detail_neuer.cfm?kat=HIFTVCRD&nav=2&artnr=A%20%2028452" "Mozilla/5.0 (Macintosh; U; Intel Mac OS X 10_6_1; de-de) AppleWebKit/531.9 (KHTML, like Gecko) Version/4.0.3 Safari/531.9"
89.247.63.80 - - [02/Nov/2009:18:19:26 +0100] "GET /livezilla/image.php?id=04 HTTP/1.1" 200 7276 "http://www.f-m-shop.de/seiten/prod_detail_neuer.cfm?name=LCD 24,1\" EIZO FlexScan S2433WE grau&artnr=A%20%2029042&nav=2&kat=MONT24&kat_her=&p_sort=&b_sort=ASC" "Mozilla/4.0 (compatible; MSIE 8.0; Windows NT 5.1; Trident/4.0; GTB6)"
94.90.147.4 - - [02/Nov/2009:18:19:42 +0100] "GET /livezilla/image.php?id=04 HTTP/1.1" 200 7276 "http://www.f-m-shop.de/seiten/prod_detail_neuer.cfm?kat=MONT22&nav=2&artnr=A%20%2026979" "Mozilla/5.0 (X11; U; Linux i686; en-US; rv:1.9.1.5pre) Gecko/20091101 Ubuntu/9.04 (jaunty) Shiretoko/3.5.5pre"
192.168.10.10 - - [02/Nov/2009:18:19:01 +0100] "POST /livezilla/server.php?acid=3db8a HTTP/1.1" 200 - "-" "LiveZilla 3.1.7.7 [http://www.livezilla.net]"
192.168.10.10 - - [02/Nov/2009:18:19:49 +0100] "POST /livezilla/server.php?acid=095ef HTTP/1.1" 200 - "-" "LiveZilla 3.1.7.7 [http://www.livezilla.net]"
192.168.10.10 - - [02/Nov/2009:18:20:38 +0100] "POST /livezilla/server.php?acid=cb33d HTTP/1.1" 200 - "-" "LiveZilla 3.1.7.7 [http://www.livezilla.net]"
192.168.10.10 - - [02/Nov/2009:18:21:26 +0100] "POST /livezilla/server.php?acid=abd0a HTTP/1.1" 200 - "-" "LiveZilla 3.1.7.7 [http://www.livezilla.net]"
195.37.166.241 - - [02/Nov/2009:18:22:53 +0100] "GET /livezilla/image.php?id=04 HTTP/1.1" 200 7276 "http://www.eizo4you.de/seiten/prod_detail_neuer.cfm?name=LCD 24\" EIZO FlexScan SX2461WH grau&artnr=A%20%2021710&nav=2&kat=MONT24&kat_her=&p_sort=&b_sort=ASC" "Mozilla/4.0 (compatible; MSIE 7.0; Windows NT 5.1; InfoPath.1; .NET CLR 1.1.4322; .NET CLR 2.0.50727; .NET CLR 3.0.4506.2152; .NET CLR 3.5.30729)"
192.168.10.10 - - [02/Nov/2009:18:22:14 +0100] "POST /livezilla/server.php?acid=5b405 HTTP/1.1" 200 - "-" "LiveZilla 3.1.7.7 [http://www.livezilla.net]"
213.21.151.76 - - [02/Nov/2009:18:23:24 +0100] "GET /livezilla/image.php?id=04 HTTP/1.1" 200 7276 "http://www.f-m-shop.de/seiten/prod_detail_neuer.cfm?kat=MONT22&nav=2&artnr=A%20%2026979" "Mozilla/5.0 (Macintosh; U; Intel Mac OS X 10.6; it; rv:1.9.0.15) Gecko/2009101600 Firefox/3.0.15 FirePHP/0.3"
217.225.115.182 - - [02/Nov/2009:18:23:30 +0100] "GET /livezilla/image.php?id=04 HTTP/1.1" 200 7276 "http://www.f-m-shop.de/seiten/prod_detail_neuer.cfm?name=NAVI GARMIN n\xc3\xbcvi 255 T Europa&artnr=A%20%2022872&nav=2&kat=NAVMOD&kat_her=&p_sort=&b_sort=ASC" "Mozilla/4.0 (compatible; MSIE 8.0; Windows NT 5.1; Trident/4.0; .NET CLR 1.0.3705; .NET CLR 1.1.4322; .NET CLR 2.0.50727; .NET CLR 3.0.4506.2152; .NET CLR 3.5.30729)"
192.168.10.10 - - [02/Nov/2009:18:23:03 +0100] "POST /livezilla/server.php?acid=60f64 HTTP/1.1" 200 - "-" "LiveZilla 3.1.7.7 [http://www.livezilla.net]"
77.20.30.75 - - [02/Nov/2009:18:23:51 +0100] "GET /livezilla/image.php?id=04 HTTP/1.1" 200 7276 "http://www.f-m-shop.de/seiten/prod_detail_neuer.cfm?kat=NAVMOD&nav=2&artnr=A%20%2029484" "Mozilla/5.0 (Windows; U; Windows NT 6.1; de; rv:1.9.1.4) Gecko/20091016 Firefox/3.5.4"
217.225.115.182 - - [02/Nov/2009:18:24:04 +0100] "GET /livezilla/image.php?id=04 HTTP/1.1" 200 7276 "http://www.f-m-shop.de/seiten/prod_detail_neuer.cfm?name=NAVI TOMTOM ONE IQ Routes Central Eur&artnr=A%20%2029479&nav=2&kat=NAVMOD&kat_her=&p_sort=&b_sort=ASC" "Mozilla/4.0 (compatible; MSIE 8.0; Windows NT 5.1; Trident/4.0; .NET CLR 1.0.3705; .NET CLR 1.1.4322; .NET CLR 2.0.50727; .NET CLR 3.0.4506.2152; .NET CLR 3.5.30729)"
213.21.151.76 - - [02/Nov/2009:18:24:04 +0100] "GET /livezilla/image.php?id=04 HTTP/1.1" 200 7276 "http://www.f-m-shop.de/seiten/prod_detail_neuer.cfm?kat=MONT22&nav=2&artnr=A%20%2026979" "Mozilla/5.0 (Macintosh; U; Intel Mac OS X 10.6; it; rv:1.9.0.15) Gecko/2009101600 Firefox/3.0.15 FirePHP/0.3"
89.54.60.31 - - [02/Nov/2009:18:24:08 +0100] "GET /livezilla/image.php?id=04 HTTP/1.1" 200 7276 "-" "Opera/9.80 (Windows NT 5.1; U; de) Presto/2.2.15 Version/10.00"
213.21.151.76 - - [02/Nov/2009:18:24:21 +0100] "GET /livezilla/image.php?id=04 HTTP/1.1" 200 7276 "http://www.f-m-shop.de/seiten/prod_detail_neuer.cfm?kat=MONT22&nav=2&artnr=A%20%2026979" "Mozilla/5.0 (Macintosh; U; Intel Mac OS X 10.6; it; rv:1.9.0.15) Gecko/2009101600 Firefox/3.0.15 FirePHP/0.3"
192.168.10.10 - - [02/Nov/2009:18:23:51 +0100] "POST /livezilla/server.php?acid=7a2f4 HTTP/1.1" 200 - "-" "LiveZilla 3.1.7.7 [http://www.livezilla.net]"
80.140.155.46 - - [02/Nov/2009:18:24:53 +0100] "GET /livezilla/image.php?id=04 HTTP/1.1" 200 7276 "http://www.f-m-shop.de/seiten/prod_detail_neuer.cfm?kat=NAVMOD&nav=2&artnr=A%20%2029480" "Mozilla/5.0 (Windows; U; Windows NT 5.1; de; rv:1.9.1.4) Gecko/20091016 Firefox/3.5.4"
217.225.115.182 - - [02/Nov/2009:18:25:19 +0100] "GET /livezilla/image.php?id=04 HTTP/1.1" 200 7276 "http://www.f-m-shop.de/seiten/prod_detail_neuer.cfm?kat=NAVMOD&nav=2&artnr=A 29480" "Mozilla/4.0 (compatible; MSIE 8.0; Windows NT 5.1; Trident/4.0; .NET CLR 1.0.3705; .NET CLR 1.1.4322; .NET CLR 2.0.50727; .NET CLR 3.0.4506.2152; .NET CLR 3.5.30729)"
192.168.10.10 - - [02/Nov/2009:18:24:39 +0100] "POST /livezilla/server.php?acid=23dc4 HTTP/1.1" 200 - "-" "LiveZilla 3.1.7.7 [http://www.livezilla.net]"
89.54.60.31 - - [02/Nov/2009:18:25:38 +0100] "GET /livezilla/image.php?id=04 HTTP/1.1" 200 7276 "-" "Opera/9.80 (Windows NT 5.1; U; de) Presto/2.2.15 Version/10.00"
213.21.151.76 - - [02/Nov/2009:18:25:54 +0100] "GET /livezilla/image.php?id=04 HTTP/1.1" 200 7276 "http://www.f-m-shop.de/seiten/prod_detail_neuer.cfm?name=Spyder3Pro%20ML&artnr=A%20%2024296&nav=2&kat=MONZBH" "Mozilla/5.0 (Macintosh; U; Intel Mac OS X 10.6; it; rv:1.9.0.15) Gecko/2009101600 Firefox/3.0.15 FirePHP/0.3"
213.21.151.76 - - [02/Nov/2009:18:26:09 +0100] "GET /livezilla/image.php?id=04 HTTP/1.1" 200 7276 "http://www.f-m-shop.de/seiten/prod_detail_neuer.cfm?name=Spyder3Pro%20ML&artnr=A%20%2024296&nav=2&kat=MONZBH" "Mozilla/5.0 (Macintosh; U; Intel Mac OS X 10.6; it; rv:1.9.0.15) Gecko/2009101600 Firefox/3.0.15 FirePHP/0.3"
83.135.216.180 - - [02/Nov/2009:18:26:10 +0100] "GET /livezilla/image.php?id=04 HTTP/1.1" 200 7276 "http://www.f-m-shop.de/seiten/prod_detail_neuer.cfm?name=CREATIVE Sound Blaster 5.1 VX BULK&artnr=A%20%2027938&nav=2&kat=MULSND&kat_her=&p_sort=&b_sort=ASC" "Mozilla/4.0 (compatible; MSIE 8.0; Windows NT 6.1; WOW64; Trident/4.0; SLCC2; .NET CLR 2.0.50727; .NET CLR 3.5.30729; .NET CLR 3.0.30729; Media Center PC 6.0)"
192.168.10.10 - - [02/Nov/2009:18:25:28 +0100] "POST /livezilla/server.php?acid=5328b HTTP/1.1" 200 - "-" "LiveZilla 3.1.7.7 [http://www.livezilla.net]"
192.168.10.10 - - [02/Nov/2009:18:26:16 +0100] "POST /livezilla/server.php?acid=34cbb HTTP/1.1" 200 - "-" "LiveZilla 3.1.7.7 [http://www.livezilla.net]"
85.216.84.216 - - [02/Nov/2009:18:27:45 +0100] "GET /livezilla/image.php?id=04 HTTP/1.1" 200 7276 "http://www.f-m-shop.de/seiten/prod_detail_neuer.cfm?kat=NOTB15&nav=2&artnr=A%20%2028922" "Mozilla/5.0 (Windows; U; Windows NT 5.1; de; rv:1.9.1.4) Gecko/20091016 Firefox/3.5.4"
192.168.10.10 - - [02/Nov/2009:18:27:05 +0100] "POST /livezilla/server.php?acid=5cc74 HTTP/1.1" 200 - "-" "LiveZilla 3.1.7.7 [http://www.livezilla.net]"
192.168.10.10 - - [02/Nov/2009:18:27:53 +0100] "POST /livezilla/server.php?acid=77978 HTTP/1.1" 200 - "-" "LiveZilla 3.1.7.7 [http://www.livezilla.net]"
89.54.60.31 - - [02/Nov/2009:18:28:42 +0100] "GET /livezilla/livezilla.php HTTP/1.1" 200 72007 "-" "Opera/9.80 (Windows NT 5.1; U; de) Presto/2.2.15 Version/10.00"
89.54.60.31 - - [02/Nov/2009:18:28:43 +0100] "GET /livezilla/templates/style.css HTTP/1.1" 200 8998 "-" "Opera/9.80 (Windows NT 5.1; U; de) Presto/2.2.15 Version/10.00"
89.54.60.31 - - [02/Nov/2009:18:28:43 +0100] "GET /livezilla/images/favicon.ico HTTP/1.1" 200 43302 "-" "Opera/9.80 (Windows NT 5.1; U; de) Presto/2.2.15 Version/10.00"
89.54.60.31 - - [02/Nov/2009:18:28:43 +0100] "GET /livezilla/livezilla.php?template=lz_chat_frame.0.2 HTTP/1.1" 200 254 "-" "Opera/9.80 (Windows NT 5.1; U; de) Presto/2.2.15 Version/10.00"
89.54.60.31 - - [02/Nov/2009:18:28:43 +0100] "GET /livezilla/livezilla.php?template=lz_chat_frame.0.1 HTTP/1.1" 200 277 "-" "Opera/9.80 (Windows NT 5.1; U; de) Presto/2.2.15 Version/10.00"
89.54.60.31 - - [02/Nov/2009:18:28:42 +0100] "GET /livezilla/livezilla.php?template=lz_chat_frame.0.0 HTTP/1.1" 200 259 "-" "Opera/9.80 (Windows NT 5.1; U; de) Presto/2.2.15 Version/10.00"
89.54.60.31 - - [02/Nov/2009:18:28:43 +0100] "GET /livezilla/livezilla.php?template=lz_chat_frame.1.0 HTTP/1.1" 200 279 "-" "Opera/9.80 (Windows NT 5.1; U; de) Presto/2.2.15 Version/10.00"
89.54.60.31 - - [02/Nov/2009:18:28:43 +0100] "GET /livezilla/livezilla.php?template=lz_chat_frame.2.0 HTTP/1.1" 200 263 "-" "Opera/9.80 (Windows NT 5.1; U; de) Presto/2.2.15 Version/10.00"
89.54.60.31 - - [02/Nov/2009:18:28:43 +0100] "GET /livezilla/livezilla.php?template=lz_chat_frame.1.2 HTTP/1.1" 200 264 "-" "Opera/9.80 (Windows NT 5.1; U; de) Presto/2.2.15 Version/10.00"
89.54.60.31 - - [02/Nov/2009:18:28:51 +0100] "GET /livezilla/livezilla.php?template=lz_chat_frame.3.3 HTTP/1.1" 200 239 "-" "Opera/9.80 (Windows NT 5.1; U; de) Presto/2.2.15 Version/10.00"
89.54.60.31 - - [02/Nov/2009:18:28:51 +0100] "GET /livezilla/livezilla.php?template=lz_chat_frame.3.3 HTTP/1.1" 200 239 "-" "Opera/9.80 (Windows NT 5.1; U; de) Presto/2.2.15 Version/10.00"
89.54.60.31 - - [02/Nov/2009:18:28:51 +0100] "GET /livezilla/livezilla.php?template=lz_chat_frame.2.2 HTTP/1.1" 200 264 "-" "Opera/9.80 (Windows NT 5.1; U; de) Presto/2.2.15 Version/10.00"
89.54.60.31 - - [02/Nov/2009:18:28:51 +0100] "GET /livezilla/livezilla.php?template=lz_chat_frame.3.0 HTTP/1.1" 200 240 "-" "Opera/9.80 (Windows NT 5.1; U; de) Presto/2.2.15 Version/10.00"
89.54.60.31 - - [02/Nov/2009:18:28:51 +0100] "GET /livezilla/livezilla.php?template=lz_chat_frame.3.2.login& HTTP/1.1" 200 1019 "-" "Opera/9.80 (Windows NT 5.1; U; de) Presto/2.2.15 Version/10.00"
89.54.60.31 - - [02/Nov/2009:18:28:52 +0100] "GET /livezilla/livezilla.php?template=lz_chat_frame.4.1 HTTP/1.1" 200 455 "-" "Opera/9.80 (Windows NT 5.1; U; de) Presto/2.2.15 Version/10.00"
89.54.60.31 - - [02/Nov/2009:18:28:52 +0100] "GET /livezilla/livezilla.php?template=lz_chat_frame.1.1 HTTP/1.1" 200 2257 "-" "Opera/9.80 (Windows NT 5.1; U; de) Presto/2.2.15 Version/10.00"
89.54.60.31 - - [02/Nov/2009:18:28:51 +0100] "GET /livezilla/livezilla.php?template=lz_chat_frame.3.2.login& HTTP/1.1" 200 1019 "-" "Opera/9.80 (Windows NT 5.1; U; de) Presto/2.2.15 Version/10.00"
89.54.60.31 - - [02/Nov/2009:18:28:51 +0100] "GET /livezilla/livezilla.php?template=lz_chat_frame.1.1 HTTP/1.1" 200 2257 "-" "Opera/9.80 (Windows NT 5.1; U; de) Presto/2.2.15 Version/10.00"
89.54.60.31 - - [02/Nov/2009:18:28:52 +0100] "GET /livezilla/livezilla.php?template=lz_chat_frame.3.2.login.0.0 HTTP/1.1" 200 1563 "-" "Opera/9.80 (Windows NT 5.1; U; de) Presto/2.2.15 Version/10.00"
89.54.60.31 - - [02/Nov/2009:18:28:53 +0100] "GET /livezilla/images/lz_rep_bg_left.gif HTTP/1.1" 200 593 "-" "Opera/9.80 (Windows NT 5.1; U; de) Presto/2.2.15 Version/10.00"
89.54.60.31 - - [02/Nov/2009:18:28:52 +0100] "GET /livezilla/livezilla.php?template=lz_chat_frame.3.2.login.2.0 HTTP/1.1" 200 277 "-" "Opera/9.80 (Windows NT 5.1; U; de) Presto/2.2.15 Version/10.00"
89.54.60.31 - - [02/Nov/2009:18:28:52 +0100] "GET /livezilla/livezilla.php?template=lz_chat_frame.4.1 HTTP/1.1" 200 455 "-" "Opera/9.80 (Windows NT 5.1; U; de) Presto/2.2.15 Version/10.00"
89.54.60.31 - - [02/Nov/2009:18:28:53 +0100] "GET /livezilla/intern_images/nopic.jpg HTTP/1.1" 200 3599 "-" "Opera/9.80 (Windows NT 5.1; U; de) Presto/2.2.15 Version/10.00"
89.54.60.31 - - [02/Nov/2009:18:28:52 +0100] "GET /livezilla/livezilla.php?template=lz_chat_frame.5.1 HTTP/1.1" 200 265 "-" "Opera/9.80 (Windows NT 5.1; U; de) Presto/2.2.15 Version/10.00"
89.54.60.31 - - [02/Nov/2009:18:28:53 +0100] "GET /livezilla/images/carrier_logo.gif HTTP/1.1" 200 6003 "-" "Opera/9.80 (Windows NT 5.1; U; de) Presto/2.2.15 Version/10.00"
89.54.60.31 - - [02/Nov/2009:18:28:53 +0100] "GET /livezilla/images/chat_bg_navigation.gif HTTP/1.1" 200 258 "-" "Opera/9.80 (Windows NT 5.1; U; de) Presto/2.2.15 Version/10.00"
89.54.60.31 - - [02/Nov/2009:18:28:53 +0100] "GET /livezilla/images/lz_rep_bg.gif HTTP/1.1" 200 320 "-" "Opera/9.80 (Windows NT 5.1; U; de) Presto/2.2.15 Version/10.00"
89.54.60.31 - - [02/Nov/2009:18:28:53 +0100] "GET /livezilla/images/chat_bg_navigation_dev.gif HTTP/1.1" 200 367 "-" "Opera/9.80 (Windows NT 5.1; U; de) Presto/2.2.15 Version/10.00"
89.54.60.31 - - [02/Nov/2009:18:28:53 +0100] "GET /livezilla/images/lz_rep_bg_right.gif HTTP/1.1" 200 590 "-" "Opera/9.80 (Windows NT 5.1; U; de) Presto/2.2.15 Version/10.00"
89.54.60.31 - - [02/Nov/2009:18:28:53 +0100] "GET /livezilla/images/chat_bg_footer_top.gif HTTP/1.1" 200 858 "-" "Opera/9.80 (Windows NT 5.1; U; de) Presto/2.2.15 Version/10.00"
89.54.60.31 - - [02/Nov/2009:18:28:53 +0100] "GET /livezilla/images/icon_typing.gif HTTP/1.1" 200 1106 "-" "Opera/9.80 (Windows NT 5.1; U; de) Presto/2.2.15 Version/10.00"
89.54.60.31 - - [02/Nov/2009:18:28:53 +0100] "GET /livezilla/livezilla.php?template=lz_chat_frame.3.2.login.1.0& HTTP/1.1" 200 2939 "-" "Opera/9.80 (Windows NT 5.1; U; de) Presto/2.2.15 Version/10.00"
89.54.60.31 - - [02/Nov/2009:18:28:53 +0100] "GET /livezilla/images/button_mail.gif HTTP/1.1" 200 1348 "-" "Opera/9.80 (Windows NT 5.1; U; de) Presto/2.2.15 Version/10.00"
89.54.60.31 - - [02/Nov/2009:18:28:53 +0100] "GET /livezilla/images/icon_vcard.gif HTTP/1.1" 200 559 "-" "Opera/9.80 (Windows NT 5.1; U; de) Presto/2.2.15 Version/10.00"
89.54.60.31 - - [02/Nov/2009:18:28:53 +0100] "GET /livezilla/images/chat_bg_navigation_left.gif HTTP/1.1" 200 1078 "-" "Opera/9.80 (Windows NT 5.1; U; de) Presto/2.2.15 Version/10.00"
89.54.60.31 - - [02/Nov/2009:18:28:53 +0100] "GET /livezilla/images/lz_header.gif HTTP/1.1" 200 7285 "-" "Opera/9.80 (Windows NT 5.1; U; de) Presto/2.2.15 Version/10.00"
89.54.60.31 - - [02/Nov/2009:18:28:53 +0100] "GET /livezilla/images/chat_bg_navigation_right.gif HTTP/1.1" 200 675 "-" "Opera/9.80 (Windows NT 5.1; U; de) Presto/2.2.15 Version/10.00"
89.54.60.31 - - [02/Nov/2009:18:28:53 +0100] "GET /livezilla/images/button_fav.gif HTTP/1.1" 200 1344 "-" "Opera/9.80 (Windows NT 5.1; U; de) Presto/2.2.15 Version/10.00"
89.54.60.31 - - [02/Nov/2009:18:28:53 +0100] "GET /livezilla/images/button_close.gif HTTP/1.1" 200 1239 "-" "Opera/9.80 (Windows NT 5.1; U; de) Presto/2.2.15 Version/10.00"
89.54.60.31 - - [02/Nov/2009:18:28:53 +0100] "GET /livezilla/images/icon_info.gif HTTP/1.1" 200 1703 "-" "Opera/9.80 (Windows NT 5.1; U; de) Presto/2.2.15 Version/10.00"
89.54.60.31 - - [02/Nov/2009:18:28:53 +0100] "GET /livezilla/images/chat_bg_footer.gif HTTP/1.1" 200 194 "-" "Opera/9.80 (Windows NT 5.1; U; de) Presto/2.2.15 Version/10.00"
89.54.60.31 - - [02/Nov/2009:18:28:53 +0100] "GET /livezilla/images/lz_button.gif HTTP/1.1" 200 838 "-" "Opera/9.80 (Windows NT 5.1; U; de) Presto/2.2.15 Version/10.00"
89.54.60.31 - - [02/Nov/2009:18:28:53 +0100] "GET /livezilla/images/chat_bg_navigation_sub.gif HTTP/1.1" 200 76 "-" "Opera/9.80 (Windows NT 5.1; U; de) Presto/2.2.15 Version/10.00"
89.54.60.31 - - [02/Nov/2009:18:28:53 +0100] "GET /livezilla/images/lz_button_extra.gif HTTP/1.1" 200 948 "-" "Opera/9.80 (Windows NT 5.1; U; de) Presto/2.2.15 Version/10.00"
89.54.60.31 - - [02/Nov/2009:18:28:53 +0100] "GET /livezilla/images/chat_bg_field.gif HTTP/1.1" 200 121 "-" "Opera/9.80 (Windows NT 5.1; U; de) Presto/2.2.15 Version/10.00"
89.54.60.31 - - [02/Nov/2009:18:28:53 +0100] "GET /livezilla/images/icon_network.gif HTTP/1.1" 200 354 "-" "Opera/9.80 (Windows NT 5.1; U; de) Presto/2.2.15 Version/10.00"
89.54.60.31 - - [02/Nov/2009:18:28:54 +0100] "POST /livezilla/server.php HTTP/1.1" 200 212 "-" "Opera/9.80 (Windows NT 5.1; U; de) Presto/2.2.15 Version/10.00"
89.54.60.31 - - [02/Nov/2009:18:28:55 +0100] "GET /livezilla/livezilla.php?template=lz_chat_frame.3.2.mail HTTP/1.1" 200 3993 "-" "Opera/9.80 (Windows NT 5.1; U; de) Presto/2.2.15 Version/10.00"
89.54.60.31 - - [02/Nov/2009:18:28:55 +0100] "GET /livezilla/images/button_chat.gif HTTP/1.1" 200 1218 "-" "Opera/9.80 (Windows NT 5.1; U; de) Presto/2.2.15 Version/10.00"
89.54.60.31 - - [02/Nov/2009:18:28:55 +0100] "GET /livezilla/images/button_print.gif HTTP/1.1" 200 1183 "-" "Opera/9.80 (Windows NT 5.1; U; de) Presto/2.2.15 Version/10.00"
89.54.60.31 - - [02/Nov/2009:18:29:11 +0100] "GET /livezilla/livezilla.php?&reset=true HTTP/1.1" 200 72028 "-" "Opera/9.80 (Windows NT 5.1; U; de) Presto/2.2.15 Version/10.00"
89.54.60.31 - - [02/Nov/2009:18:29:12 +0100] "GET /livezilla/livezilla.php?template=lz_chat_frame.1.0 HTTP/1.1" 200 279 "-" "Opera/9.80 (Windows NT 5.1; U; de) Presto/2.2.15 Version/10.00"
89.54.60.31 - - [02/Nov/2009:18:29:12 +0100] "GET /livezilla/livezilla.php?template=lz_chat_frame.0.2 HTTP/1.1" 200 254 "-" "Opera/9.80 (Windows NT 5.1; U; de) Presto/2.2.15 Version/10.00"
89.54.60.31 - - [02/Nov/2009:18:29:12 +0100] "GET /livezilla/livezilla.php?template=lz_chat_frame.4.1 HTTP/1.1" 200 455 "-" "Opera/9.80 (Windows NT 5.1; U; de) Presto/2.2.15 Version/10.00"
89.54.60.31 - - [02/Nov/2009:18:29:12 +0100] "GET /livezilla/livezilla.php?template=lz_chat_frame.3.2.login&reset=true HTTP/1.1" 200 1029 "-" "Opera/9.80 (Windows NT 5.1; U; de) Presto/2.2.15 Version/10.00"
89.54.60.31 - - [02/Nov/2009:18:29:12 +0100] "GET /livezilla/livezilla.php?template=lz_chat_frame.0.0 HTTP/1.1" 200 259 "-" "Opera/9.80 (Windows NT 5.1; U; de) Presto/2.2.15 Version/10.00"
89.54.60.31 - - [02/Nov/2009:18:29:12 +0100] "GET /livezilla/livezilla.php?template=lz_chat_frame.0.1 HTTP/1.1" 200 277 "-" "Opera/9.80 (Windows NT 5.1; U; de) Presto/2.2.15 Version/10.00"
89.54.60.31 - - [02/Nov/2009:18:29:13 +0100] "GET /livezilla/livezilla.php?template=lz_chat_frame.5.1 HTTP/1.1" 200 265 "-" "Opera/9.80 (Windows NT 5.1; U; de) Presto/2.2.15 Version/10.00"
89.54.60.31 - - [02/Nov/2009:18:29:12 +0100] "GET /livezilla/livezilla.php?template=lz_chat_frame.3.0 HTTP/1.1" 200 240 "-" "Opera/9.80 (Windows NT 5.1; U; de) Presto/2.2.15 Version/10.00"
89.54.60.31 - - [02/Nov/2009:18:29:13 +0100] "GET /livezilla/livezilla.php?template=lz_chat_frame.3.2.login.0.0 HTTP/1.1" 200 1563 "-" "Opera/9.80 (Windows NT 5.1; U; de) Presto/2.2.15 Version/10.00"
89.54.60.31 - - [02/Nov/2009:18:29:13 +0100] "GET /livezilla/livezilla.php?template=lz_chat_frame.3.2.login.1.0&reset=true HTTP/1.1" 200 2939 "-" "Opera/9.80 (Windows NT 5.1; U; de) Presto/2.2.15 Version/10.00"
89.54.60.31 - - [02/Nov/2009:18:29:13 +0100] "GET /livezilla/livezilla.php?template=lz_chat_frame.3.2.login.2.0 HTTP/1.1" 200 277 "-" "Opera/9.80 (Windows NT 5.1; U; de) Presto/2.2.15 Version/10.00"
89.54.60.31 - - [02/Nov/2009:18:29:13 +0100] "GET /livezilla/livezilla.php?template=lz_chat_frame.1.2 HTTP/1.1" 200 264 "-" "Opera/9.80 (Windows NT 5.1; U; de) Presto/2.2.15 Version/10.00"
89.54.60.31 - - [02/Nov/2009:18:29:12 +0100] "GET /livezilla/livezilla.php?template=lz_chat_frame.2.0 HTTP/1.1" 200 263 "-" "Opera/9.80 (Windows NT 5.1; U; de) Presto/2.2.15 Version/10.00"
89.54.60.31 - - [02/Nov/2009:18:29:13 +0100] "GET /livezilla/livezilla.php?template=lz_chat_frame.3.3 HTTP/1.1" 200 239 "-" "Opera/9.80 (Windows NT 5.1; U; de) Presto/2.2.15 Version/10.00"
89.54.60.31 - - [02/Nov/2009:18:29:12 +0100] "GET /livezilla/livezilla.php?template=lz_chat_frame.1.1 HTTP/1.1" 200 2257 "-" "Opera/9.80 (Windows NT 5.1; U; de) Presto/2.2.15 Version/10.00"
89.54.60.31 - - [02/Nov/2009:18:29:14 +0100] "GET /livezilla/livezilla.php?template=lz_chat_frame.2.2 HTTP/1.1" 200 264 "-" "Opera/9.80 (Windows NT 5.1; U; de) Presto/2.2.15 Version/10.00"
89.54.60.31 - - [02/Nov/2009:18:29:14 +0100] "POST /livezilla/server.php HTTP/1.1" 200 212 "-" "Opera/9.80 (Windows NT 5.1; U; de) Presto/2.2.15 Version/10.00"
192.168.10.10 - - [02/Nov/2009:18:28:41 +0100] "POST /livezilla/server.php?acid=5587f HTTP/1.1" 200 - "-" "LiveZilla 3.1.7.7 [http://www.livezilla.net]"
192.168.10.10 - - [02/Nov/2009:18:29:30 +0100] "POST /livezilla/server.php?acid=c3a19 HTTP/1.1" 200 - "-" "LiveZilla 3.1.7.7 [http://www.livezilla.net]"
84.151.83.157 - - [02/Nov/2009:18:30:37 +0100] "GET /livezilla/image.php?id=04 HTTP/1.1" 200 7276 "http://www.f-m-shop.de/seiten/prod_detail_neuer.cfm?kat=NETSWI&nav=2&artnr=A%20%2018358" "Mozilla/5.0 (Windows; U; Windows NT 6.1; de; rv:1.9.1.4) Gecko/20091016 Firefox/3.5.4"
192.168.10.10 - - [02/Nov/2009:18:30:18 +0100] "POST /livezilla/server.php?acid=cdc96 HTTP/1.1" 200 - "-" "LiveZilla 3.1.7.7 [http://www.livezilla.net]"
79.226.187.254 - - [02/Nov/2009:18:31:08 +0100] "GET /livezilla/image.php?id=04 HTTP/1.1" 200 7276 "http://www.f-m-shop.de/seiten/prod_detail_neuer.cfm?kat=NOTB15&nav=2&artnr=A 28685" "Mozilla/4.0 (compatible; MSIE 7.0; Windows NT 6.0; GTB6; SLCC1; .NET CLR 2.0.50727; Media Center PC 5.0; .NET CLR 1.1.4322; .NET CLR 3.5.30729; .NET CLR 3.0.30618)"
192.168.10.10 - - [02/Nov/2009:18:31:07 +0100] "POST /livezilla/server.php?acid=7aa77 HTTP/1.1" 200 - "-" "LiveZilla 3.1.7.7 [http://www.livezilla.net]"
192.168.10.10 - - [02/Nov/2009:18:31:55 +0100] "POST /livezilla/server.php?acid=a5e7a HTTP/1.1" 200 - "-" "LiveZilla 3.1.7.7 [http://www.livezilla.net]"
192.168.10.10 - - [02/Nov/2009:18:32:43 +0100] "POST /livezilla/server.php?acid=f2885 HTTP/1.1" 200 - "-" "LiveZilla 3.1.7.7 [http://www.livezilla.net]"
