217.7.17.166 - - [02/Nov/2009:16:40:19 +0100] "GET /livezilla/image.php?id=04 HTTP/1.1" 200 7276 "http://www.eizo4you.de/seiten/prod_detail_neuer.cfm?name=LCD%2021%22%20NEC%20MultiSync%20LCD2190UXI-BK&artnr=A%20%2022913&nav=2&kat=MONT21&kat_her=NEC&p_sort=&b_sort=ASC" "Mozilla/5.0 (Windows; U; Windows NT 5.0; de; rv:1.9) Gecko/2008052906 Firefox/3.0"
217.7.17.166 - - [02/Nov/2009:16:40:19 +0100] "GET /livezilla/image.php?id=04 HTTP/1.1" 200 7276 "http://www.eizo4you.de/seiten/prod_detail_neuer.cfm?name=LCD%2021%22%20NEC%20MultiSync%20LCD2190UXI-BK&artnr=A%20%2022913&nav=2&kat=MONT21&kat_her=NEC&p_sort=&b_sort=ASC" "Mozilla/5.0 (Windows; U; Windows NT 5.0; de; rv:1.9) Gecko/2008052906 Firefox/3.0"
192.168.10.10 - - [02/Nov/2009:16:39:40 +0100] "POST /livezilla/server.php?acid=c18f9 HTTP/1.1" 200 - "-" "LiveZilla 3.1.7.7 [http://www.livezilla.net]"
192.168.10.13 - - [02/Nov/2009:16:40:09 +0100] "POST /livezilla/server.php?acid=9ee8f HTTP/1.1" 200 - "-" "LiveZilla 3.1.7.7 [http://www.livezilla.net]"
192.168.10.10 - - [02/Nov/2009:16:40:28 +0100] "POST /livezilla/server.php?acid=3b5c0 HTTP/1.1" 200 - "-" "LiveZilla 3.1.7.7 [http://www.livezilla.net]"
192.168.10.13 - - [02/Nov/2009:16:40:58 +0100] "POST /livezilla/server.php?acid=08af3 HTTP/1.1" 200 - "-" "LiveZilla 3.1.7.7 [http://www.livezilla.net]"
217.7.17.166 - - [02/Nov/2009:16:41:48 +0100] "GET /livezilla/image.php?id=04 HTTP/1.1" 200 7276 "http://www.eizo4you.de/seiten/prod_detail_neuer.cfm?name=LCD%2021%22%20NEC%20MultiSync%20LCD2190UXI&artnr=A%20%2022912&nav=2&kat=MONT21&kat_her=NEC&p_sort=&b_sort=ASC" "Mozilla/5.0 (Windows; U; Windows NT 5.0; de; rv:1.9) Gecko/2008052906 Firefox/3.0"
217.7.17.166 - - [02/Nov/2009:16:41:49 +0100] "GET /livezilla/image.php?id=04 HTTP/1.1" 200 7276 "http://www.eizo4you.de/seiten/prod_detail_neuer.cfm?name=LCD%2021%22%20NEC%20MultiSync%20LCD2190UXI&artnr=A%20%2022912&nav=2&kat=MONT21&kat_her=NEC&p_sort=&b_sort=ASC" "Mozilla/5.0 (Windows; U; Windows NT 5.0; de; rv:1.9) Gecko/2008052906 Firefox/3.0"
192.168.10.10 - - [02/Nov/2009:16:41:16 +0100] "POST /livezilla/server.php?acid=17b3f HTTP/1.1" 200 - "-" "LiveZilla 3.1.7.7 [http://www.livezilla.net]"
217.7.17.166 - - [02/Nov/2009:16:42:08 +0100] "GET /livezilla/image.php?id=04 HTTP/1.1" 200 7276 "http://www.eizo4you.de/seiten/prod_detail_neuer.cfm?name=LCD%2022%22%20NEC%20SpectraView%202190&artnr=A%20%2026349&nav=2&kat=MONT21&kat_her=NEC&p_sort=&b_sort=ASC" "Mozilla/5.0 (Windows; U; Windows NT 5.0; de; rv:1.9) Gecko/2008052906 Firefox/3.0"
192.168.10.13 - - [02/Nov/2009:16:41:46 +0100] "POST /livezilla/server.php?acid=c16b3 HTTP/1.1" 200 - "-" "LiveZilla 3.1.7.7 [http://www.livezilla.net]"
91.33.99.82 - - [02/Nov/2009:16:42:31 +0100] "GET /livezilla/image.php?id=04 HTTP/1.1" 200 7276 "http://www.f-m-shop.de/seiten/prod_detail_neuer.cfm?kat=KOMINT&nav=2&artnr=A 27806" "Mozilla/4.0 (compatible; MSIE 5.5; Windows 98; Win 9x 4.90)"
192.168.10.10 - - [02/Nov/2009:16:42:05 +0100] "POST /livezilla/server.php?acid=dc017 HTTP/1.1" 200 - "-" "LiveZilla 3.1.7.7 [http://www.livezilla.net]"
192.168.10.13 - - [02/Nov/2009:16:42:34 +0100] "POST /livezilla/server.php?acid=879f3 HTTP/1.1" 200 - "-" "LiveZilla 3.1.7.7 [http://www.livezilla.net]"
194.174.73.33 - - [02/Nov/2009:16:43:30 +0100] "GET /livezilla/image.php?id=04 HTTP/1.0" 200 7276 "http://www.f-m-shop.de/seiten/prod_detail_neuer.cfm?kat=NOTB14&nav=2&artnr=A 30116" "Mozilla/4.0 (compatible; MSIE 6.0; Windows NT 5.1; SV1; .NET CLR 1.1.4322; .NET CLR 2.0.50727; .NET CLR 3.0.04506.648; .NET CLR 3.5.21022; InfoPath.2; .NET CLR 3.0.4506.2152; .NET CLR 3.5.30729)"
77.0.88.61 - - [02/Nov/2009:16:43:30 +0100] "GET /livezilla/image.php?id=04 HTTP/1.1" 200 7276 "http://www.f-m-shop.de/seiten/prod_detail_neuer.cfm?name=RAM%20DDR2%202048MB%20KINGSTON%20RAMKit%20800%20CL5&artnr=A%20%2018268&nav=2&kat=RAMDDR2&kat_her=&p_sort=&b_sort=ASC" "Mozilla/5.0 (Windows; U; Windows NT 5.1; de; rv:1.9.1.4) Gecko/20091016 Firefox/3.5.4 (.NET CLR 3.5.30729)"
77.0.88.61 - - [02/Nov/2009:16:43:37 +0100] "GET /livezilla/image.php?id=04 HTTP/1.1" 200 7276 "http://www.f-m-shop.de/seiten/prod_detail_neuer.cfm?name=RAM%20DDR2%202048MB%20KINGSTON%20RAMKit%20800%20CL5&artnr=A%20%2018268&nav=2&kat=RAMDDR2&kat_her=&p_sort=&b_sort=ASC" "Mozilla/5.0 (Windows; U; Windows NT 5.1; de; rv:1.9.1.4) Gecko/20091016 Firefox/3.5.4 (.NET CLR 3.5.30729)"
192.168.10.10 - - [02/Nov/2009:16:42:53 +0100] "POST /livezilla/server.php?acid=1cad7 HTTP/1.1" 200 - "-" "LiveZilla 3.1.7.7 [http://www.livezilla.net]"
82.144.58.187 - - [02/Nov/2009:16:43:39 +0100] "GET /livezilla/image.php?id=04 HTTP/1.1" 200 7276 "http://www.f-m-shop.de/seiten/prod_detail_neuer.cfm?kat=HDDE35&nav=2&artnr=A 23674" "Mozilla/4.0 (compatible; MSIE 6.0; Windows NT 5.1; SV1; .NET CLR 1.1.4322; .NET CLR 2.0.50727; .NET CLR 3.0.04506.30; .NET CLR 3.0.4506.2152; .NET CLR 3.5.30729)"
85.177.224.141 - - [02/Nov/2009:16:44:04 +0100] "GET /livezilla/image.php?id=04 HTTP/1.1" 200 7276 "http://www.f-m-shop.de/seiten/prod_detail_neuer.cfm?name=LCD%2024%2C1%22%20EIZO%20FlexScan%20FX2431%20%20%20silber&artnr=A%20%2028981&nav=2&kat=MONT24" "Mozilla/4.0 (compatible; MSIE 8.0; Windows NT 6.1; WOW64; Trident/4.0; SLCC2; .NET CLR 2.0.50727; .NET CLR 3.5.30729; .NET CLR 3.0.30729; Media Center PC 6.0)"
192.168.10.13 - - [02/Nov/2009:16:43:23 +0100] "POST /livezilla/server.php?acid=17afb HTTP/1.1" 200 - "-" "LiveZilla 3.1.7.7 [http://www.livezilla.net]"
217.7.17.166 - - [02/Nov/2009:16:44:09 +0100] "GET /livezilla/image.php?id=04 HTTP/1.1" 200 7276 "http://www.eizo4you.de/seiten/prod_detail_neuer.cfm?name=LCD%2021.3%22%20EIZO%20CG211%20%20+%20DTP94%20%20%20%20schwarz&artnr=A%20%2016105&nav=2&kat=MONT21&kat_her=EIZO&p_sort=&b_sort=ASC" "Mozilla/5.0 (Windows; U; Windows NT 5.0; de; rv:1.9) Gecko/2008052906 Firefox/3.0"
217.7.17.166 - - [02/Nov/2009:16:44:11 +0100] "GET /livezilla/image.php?id=04 HTTP/1.1" 200 7276 "http://www.eizo4you.de/seiten/prod_detail_neuer.cfm?name=LCD%2021.3%22%20EIZO%20CG211%20%20+%20DTP94%20%20%20%20schwarz&artnr=A%20%2016105&nav=2&kat=MONT21&kat_her=EIZO&p_sort=&b_sort=ASC" "Mozilla/5.0 (Windows; U; Windows NT 5.0; de; rv:1.9) Gecko/2008052906 Firefox/3.0"
192.168.10.10 - - [02/Nov/2009:16:43:42 +0100] "POST /livezilla/server.php?acid=2e3fc HTTP/1.1" 200 - "-" "LiveZilla 3.1.7.7 [http://www.livezilla.net]"
77.0.88.61 - - [02/Nov/2009:16:44:53 +0100] "GET /livezilla/image.php?id=04 HTTP/1.1" 200 7276 "http://www.f-m-shop.de/seiten/prod_detail_neuer.cfm?name=HDD%202.5%22%20SATA%20320GB%20WD%20WD3200BEVT%205400%208&artnr=A%20%2021236&nav=2&kat=HDDNOTSA&kat_her=&p_sort=&b_sort=ASC" "Mozilla/5.0 (Windows; U; Windows NT 5.1; de; rv:1.9.1.4) Gecko/20091016 Firefox/3.5.4 (.NET CLR 3.5.30729)"
88.116.101.226 - - [02/Nov/2009:16:44:55 +0100] "GET /livezilla/image.php?id=04 HTTP/1.1" 200 7276 "http://www.f-m-shop.de/seiten/prod_detail_neuer.cfm?kat=MONZBH&nav=2&artnr=A%20%2025193" "Mozilla/5.0 (Macintosh; U; Intel Mac OS X 10_5_8; de-de) AppleWebKit/530.19.2 (KHTML, like Gecko) Version/4.0.2 Safari/530.19"
192.168.10.13 - - [02/Nov/2009:16:44:11 +0100] "POST /livezilla/server.php?acid=9872f HTTP/1.1" 200 - "-" "LiveZilla 3.1.7.7 [http://www.livezilla.net]"
192.168.10.10 - - [02/Nov/2009:16:44:30 +0100] "POST /livezilla/server.php?acid=2aee7 HTTP/1.1" 200 - "-" "LiveZilla 3.1.7.7 [http://www.livezilla.net]"
192.168.10.13 - - [02/Nov/2009:16:44:59 +0100] "POST /livezilla/server.php?acid=fbb31 HTTP/1.1" 200 - "-" "LiveZilla 3.1.7.7 [http://www.livezilla.net]"
77.0.88.61 - - [02/Nov/2009:16:46:02 +0100] "GET /livezilla/image.php?id=04 HTTP/1.1" 200 7276 "http://www.f-m-shop.de/seiten/prod_detail_neuer.cfm?name=HDD%202.5%22%20SATA%20500GB%20SEAGATE%20ST9500420AS&artnr=A%20%2025657&nav=2&kat=HDDNOTSA&kat_her=&p_sort=&b_sort=ASC" "Mozilla/5.0 (Windows; U; Windows NT 5.1; de; rv:1.9.1.4) Gecko/20091016 Firefox/3.5.4 (.NET CLR 3.5.30729)"
192.168.10.10 - - [02/Nov/2009:16:45:18 +0100] "POST /livezilla/server.php?acid=3b467 HTTP/1.1" 200 - "-" "LiveZilla 3.1.7.7 [http://www.livezilla.net]"
192.168.10.13 - - [02/Nov/2009:16:45:48 +0100] "POST /livezilla/server.php?acid=7af03 HTTP/1.1" 200 - "-" "LiveZilla 3.1.7.7 [http://www.livezilla.net]"
217.7.17.166 - - [02/Nov/2009:16:46:33 +0100] "GET /livezilla/image.php?id=04 HTTP/1.1" 200 7276 "http://www.eizo4you.de/seiten/prod_detail_neuer.cfm?name=LCD%2021.3%22%20EIZO%20CG211%20%20%20%20%20%20%20%20%20%20%20%20%20grau&artnr=A%20%2016103&nav=2&kat=MONT21&kat_her=&p_sort=&b_sort=ASC" "Mozilla/5.0 (Windows; U; Windows NT 5.0; de; rv:1.9) Gecko/2008052906 Firefox/3.0"
217.7.17.166 - - [02/Nov/2009:16:46:34 +0100] "GET /livezilla/image.php?id=04 HTTP/1.1" 200 7276 "http://www.eizo4you.de/seiten/prod_detail_neuer.cfm?name=LCD%2021.3%22%20EIZO%20CG211%20%20%20%20%20%20%20%20%20%20%20%20%20grau&artnr=A%20%2016103&nav=2&kat=MONT21&kat_her=&p_sort=&b_sort=ASC" "Mozilla/5.0 (Windows; U; Windows NT 5.0; de; rv:1.9) Gecko/2008052906 Firefox/3.0"
77.0.88.61 - - [02/Nov/2009:16:46:49 +0100] "GET /livezilla/image.php?id=04 HTTP/1.1" 200 7276 "http://www.f-m-shop.de/seiten/prod_detail_neuer.cfm?name=HDD%202.5%22%20SATA%20500GB%20SEAGATE%20ST9500420AS&artnr=A%20%2025657&nav=2&kat=HDDNOTSA&kat_her=&p_sort=&b_sort=ASC" "Mozilla/5.0 (Windows; U; Windows NT 5.1; de; rv:1.9.1.4) Gecko/20091016 Firefox/3.5.4 (.NET CLR 3.5.30729)"
192.168.10.10 - - [02/Nov/2009:16:46:06 +0100] "POST /livezilla/server.php?acid=b56cc HTTP/1.1" 200 - "-" "LiveZilla 3.1.7.7 [http://www.livezilla.net]"
93.222.89.252 - - [02/Nov/2009:16:47:17 +0100] "GET /livezilla/image.php?id=04 HTTP/1.1" 200 7276 "http://www.f-m-shop.de/seiten/prod_detail_neuer.cfm?kat=GRA1GBX&nav=2&artnr=A%20%2026046" "Mozilla/5.0 (Windows; U; Windows NT 5.1; de; rv:1.9.1.4) Gecko/20091016 Firefox/3.5.4"
192.168.10.13 - - [02/Nov/2009:16:46:36 +0100] "POST /livezilla/server.php?acid=90b77 HTTP/1.1" 200 - "-" "LiveZilla 3.1.7.7 [http://www.livezilla.net]"
90.185.28.52 - - [02/Nov/2009:16:47:26 +0100] "GET /livezilla/image.php?id=04 HTTP/1.1" 200 7276 "http://www.f-m-shop.de/seiten/prod_detail_neuer.cfm?kat=HIFMEDIA&nav=2&artnr=A%20%2029933" "Mozilla/5.0 (Macintosh; U; Intel Mac OS X 10_5_8; da-dk) AppleWebKit/531.9 (KHTML, like Gecko) Version/4.0.3 Safari/531.9"
192.168.10.10 - - [02/Nov/2009:16:46:55 +0100] "POST /livezilla/server.php?acid=ff0e8 HTTP/1.1" 200 - "-" "LiveZilla 3.1.7.7 [http://www.livezilla.net]"
217.7.17.166 - - [02/Nov/2009:16:48:07 +0100] "GET /livezilla/image.php?id=04 HTTP/1.1" 200 7276 "http://www.eizo4you.de/seiten/prod_detail_neuer.cfm?name=LCD%2021.3%22%20EIZO%20FlexScan%20L997%20%20%20%20%20grau&artnr=A%20%2011313&nav=2&kat=MONT21&kat_her=EIZO&p_sort=&b_sort=ASC" "Mozilla/5.0 (Windows; U; Windows NT 5.0; de; rv:1.9) Gecko/2008052906 Firefox/3.0"
217.7.17.166 - - [02/Nov/2009:16:48:08 +0100] "GET /livezilla/image.php?id=04 HTTP/1.1" 200 7276 "http://www.eizo4you.de/seiten/prod_detail_neuer.cfm?name=LCD%2021.3%22%20EIZO%20FlexScan%20L997%20%20%20%20%20grau&artnr=A%20%2011313&nav=2&kat=MONT21&kat_her=EIZO&p_sort=&b_sort=ASC" "Mozilla/5.0 (Windows; U; Windows NT 5.0; de; rv:1.9) Gecko/2008052906 Firefox/3.0"
192.168.10.13 - - [02/Nov/2009:16:47:25 +0100] "POST /livezilla/server.php?acid=ff193 HTTP/1.1" 200 - "-" "LiveZilla 3.1.7.7 [http://www.livezilla.net]"
192.168.10.10 - - [02/Nov/2009:16:47:43 +0100] "POST /livezilla/server.php?acid=b70c5 HTTP/1.1" 200 - "-" "LiveZilla 3.1.7.7 [http://www.livezilla.net]"
192.168.10.13 - - [02/Nov/2009:16:48:13 +0100] "POST /livezilla/server.php?acid=ab2f5 HTTP/1.1" 200 - "-" "LiveZilla 3.1.7.7 [http://www.livezilla.net]"
192.168.10.10 - - [02/Nov/2009:16:48:32 +0100] "POST /livezilla/server.php?acid=6fd36 HTTP/1.1" 200 - "-" "LiveZilla 3.1.7.7 [http://www.livezilla.net]"
192.168.10.13 - - [02/Nov/2009:16:49:01 +0100] "POST /livezilla/server.php?acid=971b8 HTTP/1.1" 200 - "-" "LiveZilla 3.1.7.7 [http://www.livezilla.net]"
192.168.10.10 - - [02/Nov/2009:16:49:20 +0100] "POST /livezilla/server.php?acid=281a7 HTTP/1.1" 200 - "-" "LiveZilla 3.1.7.7 [http://www.livezilla.net]"
77.21.33.22 - - [02/Nov/2009:16:50:21 +0100] "GET /livezilla/image.php?id=04 HTTP/1.1" 200 7276 "http://www.f-m-shop.de/seiten/prod_detail_neuer.cfm?kat=VOITEL&nav=2&artnr=A 18466" "Mozilla/4.0 (compatible; MSIE 8.0; Windows NT 6.0; Trident/4.0; GTB6; SLCC1; .NET CLR 2.0.50727; Media Center PC 5.0; .NET CLR 3.5.30729; .NET CLR 3.0.30729)"
88.217.124.186 - - [02/Nov/2009:16:50:23 +0100] "GET /livezilla/image.php?id=04 HTTP/1.1" 200 7276 "http://www.f-m-shop.de/seiten/prod_detail_neuer.cfm?kat=NOTZBH&nav=2&artnr=A%20%2024443" "Mozilla/5.0 (Windows; U; Windows NT 5.1; de; rv:1.9.1.4) Gecko/20091016 Firefox/3.5.4 (.NET CLR 3.5.30729)"
192.168.10.13 - - [02/Nov/2009:16:49:50 +0100] "POST /livezilla/server.php?acid=4dd5c HTTP/1.1" 200 - "-" "LiveZilla 3.1.7.7 [http://www.livezilla.net]"
194.113.40.219 - - [02/Nov/2009:16:50:52 +0100] "GET /livezilla/image.php?id=04 HTTP/1.0" 200 7276 "http://www.f-m-shop.de/seiten/prod_detail_neuer.cfm?kat=MULHEA&nav=2&artnr=A%20%2024624" "Mozilla/5.0 (Windows; U; Windows NT 5.0; de; rv:1.9.0.6) Gecko/2009011913 Firefox/3.0.6"
192.168.10.10 - - [02/Nov/2009:16:50:08 +0100] "POST /livezilla/server.php?acid=337df HTTP/1.1" 200 - "-" "LiveZilla 3.1.7.7 [http://www.livezilla.net]"
85.178.139.15 - - [02/Nov/2009:16:51:00 +0100] "GET /livezilla/image.php?id=04 HTTP/1.1" 200 7276 "http://www.f-m-shop.de/seiten/prod_detail_neuer.cfm?kat=DRULASCO&nav=2&artnr=A 26542" "Mozilla/4.0 (compatible; MSIE 8.0; Windows NT 6.0; Trident/4.0; GTB6; SLCC1; .NET CLR 2.0.50727; .NET CLR 3.5.30729; .NET CLR 3.0.30729)"
94.69.124.106 - - [02/Nov/2009:16:51:09 +0100] "GET /livezilla/image.php?id=04 HTTP/1.1" 200 7276 "http://www.f-m-shop.de/seiten/prod_detail_neuer.cfm?kat=MONZBH&nav=2&artnr=A%20%2025193" "Mozilla/5.0 (Macintosh; U; Intel Mac OS X 10_4_11; de-de) AppleWebKit/531.9 (KHTML, like Gecko) Version/4.0.3 Safari/531.9"
84.157.67.194 - - [02/Nov/2009:16:51:16 +0100] "GET /livezilla/image.php?id=04 HTTP/1.1" 200 7276 "http://www.f-m-shop.de/seiten/prod_detail_neuer.cfm?kat=HIFTVCRD&nav=2&artnr=A%20%2016441" "Mozilla/5.0 (Windows; U; Windows NT 5.1; en-US) AppleWebKit/532.0 (KHTML, like Gecko) Chrome/3.0.195.27 Safari/532.0"
195.180.14.14 - - [02/Nov/2009:16:51:17 +0100] "GET /livezilla/image.php?id=04 HTTP/1.0" 200 7276 "http://www.f-m-shop.de/seiten/prod_detail_neuer.cfm?name=LCD 24,1\" EIZO FlexScan EV2411WE grau&artnr=A%20%2025022&nav=2&kat=MONT24&kat_her=&p_sort=&b_sort=ASC" "Mozilla/4.0 (compatible; MSIE 7.0; Windows NT 5.1; .NET CLR 2.0.50727; .NET CLR 3.0.04506.30; .NET CLR 3.0.4506.2152; .NET CLR 3.5.30729)"
192.168.10.13 - - [02/Nov/2009:16:50:38 +0100] "POST /livezilla/server.php?acid=f7c28 HTTP/1.1" 200 - "-" "LiveZilla 3.1.7.7 [http://www.livezilla.net]"
84.157.67.194 - - [02/Nov/2009:16:51:26 +0100] "GET /livezilla/image.php?id=04 HTTP/1.1" 200 7276 "http://www.f-m-shop.de/seiten/prod_detail_neuer.cfm?kat=HIFTVCRD&nav=2&artnr=A%20%2016441" "Mozilla/5.0 (Windows; U; Windows NT 5.1; en-US) AppleWebKit/532.0 (KHTML, like Gecko) Chrome/3.0.195.27 Safari/532.0"
84.157.67.194 - - [02/Nov/2009:16:51:35 +0100] "GET /livezilla/image.php?id=04 HTTP/1.1" 200 7276 "http://www.f-m-shop.de/seiten/prod_detail_neuer.cfm?kat=HIFTVCRD&nav=2&artnr=A%20%2016441" "Mozilla/5.0 (Windows; U; Windows NT 5.1; en-US) AppleWebKit/532.0 (KHTML, like Gecko) Chrome/3.0.195.27 Safari/532.0"
94.219.150.233 - - [02/Nov/2009:16:51:36 +0100] "GET /livezilla/image.php?id=04 HTTP/1.1" 200 7276 "http://www.f-m-shop.de/seiten/prod_detail_neuer.cfm?kat=NOTB15&nav=2&artnr=A 28922" "Mozilla/4.0 (compatible; MSIE 8.0; Windows NT 5.1; Trident/4.0; Mozilla/4.0 (compatible; MSIE 8.0; Win32; GMX))"
84.157.67.194 - - [02/Nov/2009:16:51:39 +0100] "GET /livezilla/image.php?id=04 HTTP/1.1" 200 7276 "http://www.f-m-shop.de/seiten/prod_detail_neuer.cfm?kat=HIFTVCRD&nav=2&artnr=A%20%2016441" "Mozilla/5.0 (Windows; U; Windows NT 5.1; en-US) AppleWebKit/532.0 (KHTML, like Gecko) Chrome/3.0.195.27 Safari/532.0"
192.168.10.10 - - [02/Nov/2009:16:50:57 +0100] "POST /livezilla/server.php?acid=46f08 HTTP/1.1" 200 - "-" "LiveZilla 3.1.7.7 [http://www.livezilla.net]"
84.154.48.131 - - [02/Nov/2009:16:51:53 +0100] "GET /livezilla/image.php?id=04 HTTP/1.1" 200 7276 "http://www.f-m-shop.de/seiten/prod_detail_neuer.cfm?kat=NOTB16&nav=2&artnr=A 27816" "Mozilla/4.0 (compatible; MSIE 7.0; Windows NT 5.1; GTB6)"
195.180.14.14 - - [02/Nov/2009:16:52:06 +0100] "GET /livezilla/image.php?id=04 HTTP/1.0" 200 7276 "http://www.f-m-shop.de/seiten/prod_detail_neuer.cfm?name=LCD 24,1\" EIZO FlexScan EV2411WH schwarz&artnr=A%20%2025025&nav=2&kat=MONT24&kat_her=&p_sort=&b_sort=ASC" "Mozilla/4.0 (compatible; MSIE 7.0; Windows NT 5.1; .NET CLR 2.0.50727; .NET CLR 3.0.04506.30; .NET CLR 3.0.4506.2152; .NET CLR 3.5.30729)"
192.168.10.13 - - [02/Nov/2009:16:51:26 +0100] "POST /livezilla/server.php?acid=b048d HTTP/1.1" 200 - "-" "LiveZilla 3.1.7.7 [http://www.livezilla.net]"
84.157.67.194 - - [02/Nov/2009:16:52:14 +0100] "GET /livezilla/image.php?id=04 HTTP/1.1" 200 7276 "http://www.f-m-shop.de/seiten/prod_detail_neuer.cfm?kat=HIFTVCRD&nav=2&artnr=A%20%2016441" "Mozilla/5.0 (Windows; U; Windows NT 5.1; en-US) AppleWebKit/532.0 (KHTML, like Gecko) Chrome/3.0.195.27 Safari/532.0"
192.168.10.10 - - [02/Nov/2009:16:51:45 +0100] "POST /livezilla/server.php?acid=8cfc9 HTTP/1.1" 200 - "-" "LiveZilla 3.1.7.7 [http://www.livezilla.net]"
62.224.242.47 - - [02/Nov/2009:16:52:44 +0100] "GET /livezilla/image.php?id=04 HTTP/1.1" 200 7276 "http://www.f-m-shop.de/seiten/prod_detail_neuer.cfm?kat=NOTB14&nav=2&artnr=A%20%2030115" "Mozilla/5.0 (Windows; U; Windows NT 5.1; de; rv:1.9.0.13) Gecko/2009073022 Firefox/3.0.13"
192.168.10.13 - - [02/Nov/2009:16:52:15 +0100] "POST /livezilla/server.php?acid=70243 HTTP/1.1" 200 - "-" "LiveZilla 3.1.7.7 [http://www.livezilla.net]"
84.154.48.131 - - [02/Nov/2009:16:53:07 +0100] "GET /livezilla/livezilla.php HTTP/1.1" 200 72005 "-" "Mozilla/4.0 (compatible; MSIE 7.0; Windows NT 5.1; GTB6)"
84.154.48.131 - - [02/Nov/2009:16:53:08 +0100] "GET /livezilla/templates/style.css HTTP/1.1" 200 8998 "http://chat.f-m-shop.de/livezilla/livezilla.php" "Mozilla/4.0 (compatible; MSIE 7.0; Windows NT 5.1; GTB6)"
84.154.48.131 - - [02/Nov/2009:16:53:08 +0100] "GET /livezilla/livezilla.php?template=lz_chat_frame.0.0 HTTP/1.1" 200 259 "http://chat.f-m-shop.de/livezilla/livezilla.php" "Mozilla/4.0 (compatible; MSIE 7.0; Windows NT 5.1; GTB6)"
84.154.48.131 - - [02/Nov/2009:16:53:09 +0100] "GET /livezilla/livezilla.php?template=lz_chat_frame.1.0 HTTP/1.1" 200 279 "http://chat.f-m-shop.de/livezilla/livezilla.php" "Mozilla/4.0 (compatible; MSIE 7.0; Windows NT 5.1; GTB6)"
84.154.48.131 - - [02/Nov/2009:16:53:09 +0100] "GET /livezilla/livezilla.php?template=lz_chat_frame.2.0 HTTP/1.1" 200 263 "http://chat.f-m-shop.de/livezilla/livezilla.php" "Mozilla/4.0 (compatible; MSIE 7.0; Windows NT 5.1; GTB6)"
84.154.48.131 - - [02/Nov/2009:16:53:08 +0100] "GET /livezilla/livezilla.php?template=lz_chat_frame.0.2 HTTP/1.1" 200 254 "http://chat.f-m-shop.de/livezilla/livezilla.php" "Mozilla/4.0 (compatible; MSIE 7.0; Windows NT 5.1; GTB6)"
84.154.48.131 - - [02/Nov/2009:16:53:08 +0100] "GET /livezilla/livezilla.php?template=lz_chat_frame.0.1 HTTP/1.1" 200 277 "http://chat.f-m-shop.de/livezilla/livezilla.php" "Mozilla/4.0 (compatible; MSIE 7.0; Windows NT 5.1; GTB6)"
84.154.48.131 - - [02/Nov/2009:16:53:09 +0100] "GET /livezilla/livezilla.php?template=lz_chat_frame.3.2.login& HTTP/1.1" 200 1019 "http://chat.f-m-shop.de/livezilla/livezilla.php" "Mozilla/4.0 (compatible; MSIE 7.0; Windows NT 5.1; GTB6)"
84.154.48.131 - - [02/Nov/2009:16:53:09 +0100] "GET /livezilla/livezilla.php?template=lz_chat_frame.1.2 HTTP/1.1" 200 264 "http://chat.f-m-shop.de/livezilla/livezilla.php" "Mozilla/4.0 (compatible; MSIE 7.0; Windows NT 5.1; GTB6)"
84.154.48.131 - - [02/Nov/2009:16:53:09 +0100] "GET /livezilla/livezilla.php?template=lz_chat_frame.4.1 HTTP/1.1" 200 455 "http://chat.f-m-shop.de/livezilla/livezilla.php" "Mozilla/4.0 (compatible; MSIE 7.0; Windows NT 5.1; GTB6)"
84.154.48.131 - - [02/Nov/2009:16:53:09 +0100] "GET /livezilla/livezilla.php?template=lz_chat_frame.1.1 HTTP/1.1" 200 2257 "http://chat.f-m-shop.de/livezilla/livezilla.php" "Mozilla/4.0 (compatible; MSIE 7.0; Windows NT 5.1; GTB6)"
84.154.48.131 - - [02/Nov/2009:16:53:10 +0100] "GET /livezilla/livezilla.php?template=lz_chat_frame.3.0 HTTP/1.1" 200 240 "http://chat.f-m-shop.de/livezilla/livezilla.php" "Mozilla/4.0 (compatible; MSIE 7.0; Windows NT 5.1; GTB6)"
84.154.48.131 - - [02/Nov/2009:16:53:10 +0100] "GET /livezilla/livezilla.php?template=lz_chat_frame.2.2 HTTP/1.1" 200 264 "http://chat.f-m-shop.de/livezilla/livezilla.php" "Mozilla/4.0 (compatible; MSIE 7.0; Windows NT 5.1; GTB6)"
84.154.48.131 - - [02/Nov/2009:16:53:10 +0100] "GET /livezilla/livezilla.php?template=lz_chat_frame.5.1 HTTP/1.1" 200 265 "http://chat.f-m-shop.de/livezilla/livezilla.php" "Mozilla/4.0 (compatible; MSIE 7.0; Windows NT 5.1; GTB6)"
84.154.48.131 - - [02/Nov/2009:16:53:10 +0100] "GET /livezilla/livezilla.php?template=lz_chat_frame.3.3 HTTP/1.1" 200 239 "http://chat.f-m-shop.de/livezilla/livezilla.php" "Mozilla/4.0 (compatible; MSIE 7.0; Windows NT 5.1; GTB6)"
84.154.48.131 - - [02/Nov/2009:16:53:10 +0100] "GET /livezilla/images/chat_bg_footer.gif HTTP/1.1" 200 194 "http://chat.f-m-shop.de/livezilla/livezilla.php?template=lz_chat_frame.4.1" "Mozilla/4.0 (compatible; MSIE 7.0; Windows NT 5.1; GTB6)"
84.154.48.131 - - [02/Nov/2009:16:53:11 +0100] "GET /livezilla/images/carrier_logo.gif HTTP/1.1" 200 6003 "http://chat.f-m-shop.de/livezilla/livezilla.php?template=lz_chat_frame.1.1" "Mozilla/4.0 (compatible; MSIE 7.0; Windows NT 5.1; GTB6)"
84.154.48.131 - - [02/Nov/2009:16:53:10 +0100] "GET /livezilla/livezilla.php?template=lz_chat_frame.3.2.login.1.0& HTTP/1.1" 200 2939 "http://chat.f-m-shop.de/livezilla/livezilla.php?template=lz_chat_frame.3.2.login&" "Mozilla/4.0 (compatible; MSIE 7.0; Windows NT 5.1; GTB6)"
84.154.48.131 - - [02/Nov/2009:16:53:10 +0100] "GET /livezilla/livezilla.php?template=lz_chat_frame.3.2.login.2.0 HTTP/1.1" 200 277 "http://chat.f-m-shop.de/livezilla/livezilla.php?template=lz_chat_frame.3.2.login&" "Mozilla/4.0 (compatible; MSIE 7.0; Windows NT 5.1; GTB6)"
84.154.48.131 - - [02/Nov/2009:16:53:10 +0100] "GET /livezilla/livezilla.php?template=lz_chat_frame.3.2.login.0.0 HTTP/1.1" 200 1563 "http://chat.f-m-shop.de/livezilla/livezilla.php?template=lz_chat_frame.3.2.login&" "Mozilla/4.0 (compatible; MSIE 7.0; Windows NT 5.1; GTB6)"
84.154.48.131 - - [02/Nov/2009:16:53:11 +0100] "GET /livezilla/images/icon_vcard.gif HTTP/1.1" 200 559 "http://chat.f-m-shop.de/livezilla/livezilla.php?template=lz_chat_frame.1.1" "Mozilla/4.0 (compatible; MSIE 7.0; Windows NT 5.1; GTB6)"
84.154.48.131 - - [02/Nov/2009:16:53:11 +0100] "GET /livezilla/images/icon_typing.gif HTTP/1.1" 200 1106 "http://chat.f-m-shop.de/livezilla/livezilla.php?template=lz_chat_frame.1.1" "Mozilla/4.0 (compatible; MSIE 7.0; Windows NT 5.1; GTB6)"
84.154.48.131 - - [02/Nov/2009:16:53:11 +0100] "GET /livezilla/intern_images/nopic.jpg HTTP/1.1" 200 3599 "http://chat.f-m-shop.de/livezilla/livezilla.php?template=lz_chat_frame.1.1" "Mozilla/4.0 (compatible; MSIE 7.0; Windows NT 5.1; GTB6)"
84.154.48.131 - - [02/Nov/2009:16:53:11 +0100] "GET /livezilla/images/lz_header.gif HTTP/1.1" 200 7285 "http://chat.f-m-shop.de/livezilla/livezilla.php?template=lz_chat_frame.1.1" "Mozilla/4.0 (compatible; MSIE 7.0; Windows NT 5.1; GTB6)"
84.154.48.131 - - [02/Nov/2009:16:53:11 +0100] "GET /livezilla/images/lz_rep_bg_left.gif HTTP/1.1" 200 593 "http://chat.f-m-shop.de/livezilla/livezilla.php?template=lz_chat_frame.1.1" "Mozilla/4.0 (compatible; MSIE 7.0; Windows NT 5.1; GTB6)"
84.154.48.131 - - [02/Nov/2009:16:53:11 +0100] "GET /livezilla/images/lz_rep_bg.gif HTTP/1.1" 200 320 "http://chat.f-m-shop.de/livezilla/livezilla.php?template=lz_chat_frame.1.1" "Mozilla/4.0 (compatible; MSIE 7.0; Windows NT 5.1; GTB6)"
84.154.48.131 - - [02/Nov/2009:16:53:11 +0100] "GET /livezilla/images/lz_rep_bg_right.gif HTTP/1.1" 200 590 "http://chat.f-m-shop.de/livezilla/livezilla.php?template=lz_chat_frame.1.1" "Mozilla/4.0 (compatible; MSIE 7.0; Windows NT 5.1; GTB6)"
84.154.48.131 - - [02/Nov/2009:16:53:12 +0100] "GET /livezilla/images/icon_info.gif HTTP/1.1" 200 1703 "http://chat.f-m-shop.de/livezilla/livezilla.php?template=lz_chat_frame.3.2.login.1.0&" "Mozilla/4.0 (compatible; MSIE 7.0; Windows NT 5.1; GTB6)"
84.154.48.131 - - [02/Nov/2009:16:53:12 +0100] "GET /livezilla/images/icon_network.gif HTTP/1.1" 200 354 "http://chat.f-m-shop.de/livezilla/livezilla.php?template=lz_chat_frame.3.2.login.1.0&" "Mozilla/4.0 (compatible; MSIE 7.0; Windows NT 5.1; GTB6)"
84.154.48.131 - - [02/Nov/2009:16:53:12 +0100] "GET /livezilla/images/chat_bg_navigation_left.gif HTTP/1.1" 200 1078 "http://chat.f-m-shop.de/livezilla/livezilla.php?template=lz_chat_frame.3.2.login.0.0" "Mozilla/4.0 (compatible; MSIE 7.0; Windows NT 5.1; GTB6)"
84.154.48.131 - - [02/Nov/2009:16:53:12 +0100] "GET /livezilla/images/button_mail.gif HTTP/1.1" 200 1348 "http://chat.f-m-shop.de/livezilla/livezilla.php?template=lz_chat_frame.3.2.login.0.0" "Mozilla/4.0 (compatible; MSIE 7.0; Windows NT 5.1; GTB6)"
84.154.48.131 - - [02/Nov/2009:16:53:12 +0100] "GET /livezilla/images/chat_bg_navigation_dev.gif HTTP/1.1" 200 367 "http://chat.f-m-shop.de/livezilla/livezilla.php?template=lz_chat_frame.3.2.login.0.0" "Mozilla/4.0 (compatible; MSIE 7.0; Windows NT 5.1; GTB6)"
84.154.48.131 - - [02/Nov/2009:16:53:12 +0100] "GET /livezilla/images/button_fav.gif HTTP/1.1" 200 1344 "http://chat.f-m-shop.de/livezilla/livezilla.php?template=lz_chat_frame.3.2.login.0.0" "Mozilla/4.0 (compatible; MSIE 7.0; Windows NT 5.1; GTB6)"
84.154.48.131 - - [02/Nov/2009:16:53:12 +0100] "GET /livezilla/images/button_close.gif HTTP/1.1" 200 1239 "http://chat.f-m-shop.de/livezilla/livezilla.php?template=lz_chat_frame.3.2.login.0.0" "Mozilla/4.0 (compatible; MSIE 7.0; Windows NT 5.1; GTB6)"
84.154.48.131 - - [02/Nov/2009:16:53:12 +0100] "GET /livezilla/images/chat_bg_navigation_right.gif HTTP/1.1" 200 675 "http://chat.f-m-shop.de/livezilla/livezilla.php?template=lz_chat_frame.3.2.login.0.0" "Mozilla/4.0 (compatible; MSIE 7.0; Windows NT 5.1; GTB6)"
84.154.48.131 - - [02/Nov/2009:16:53:12 +0100] "GET /livezilla/images/chat_bg_field.gif HTTP/1.1" 200 121 "http://chat.f-m-shop.de/livezilla/livezilla.php?template=lz_chat_frame.3.2.login.1.0&" "Mozilla/4.0 (compatible; MSIE 7.0; Windows NT 5.1; GTB6)"
84.154.48.131 - - [02/Nov/2009:16:53:12 +0100] "GET /livezilla/images/chat_bg_navigation_sub.gif HTTP/1.1" 200 76 "http://chat.f-m-shop.de/livezilla/livezilla.php?template=lz_chat_frame.3.2.login.1.0&" "Mozilla/4.0 (compatible; MSIE 7.0; Windows NT 5.1; GTB6)"
84.154.48.131 - - [02/Nov/2009:16:53:12 +0100] "GET /livezilla/images/lz_button.gif HTTP/1.1" 200 838 "http://chat.f-m-shop.de/livezilla/livezilla.php?template=lz_chat_frame.3.2.login.1.0&" "Mozilla/4.0 (compatible; MSIE 7.0; Windows NT 5.1; GTB6)"
84.154.48.131 - - [02/Nov/2009:16:53:12 +0100] "GET /livezilla/images/chat_bg_navigation.gif HTTP/1.1" 200 258 "http://chat.f-m-shop.de/livezilla/livezilla.php?template=lz_chat_frame.3.2.login.0.0" "Mozilla/4.0 (compatible; MSIE 7.0; Windows NT 5.1; GTB6)"
84.154.48.131 - - [02/Nov/2009:16:53:12 +0100] "GET /livezilla/images/lz_button_extra.gif HTTP/1.1" 200 948 "http://chat.f-m-shop.de/livezilla/livezilla.php?template=lz_chat_frame.3.2.login.1.0&" "Mozilla/4.0 (compatible; MSIE 7.0; Windows NT 5.1; GTB6)"
84.154.48.131 - - [02/Nov/2009:16:53:13 +0100] "GET /livezilla/images/chat_bg_footer_top.gif HTTP/1.1" 200 858 "http://chat.f-m-shop.de/livezilla/livezilla.php?template=lz_chat_frame.3.2.login.2.0" "Mozilla/4.0 (compatible; MSIE 7.0; Windows NT 5.1; GTB6)"
84.154.48.131 - - [02/Nov/2009:16:53:13 +0100] "GET /livezilla/images/favicon.ico HTTP/1.1" 200 43302 "-" "Mozilla/4.0 (compatible; MSIE 7.0; Windows NT 5.1; GTB6)"
84.154.48.131 - - [02/Nov/2009:16:53:16 +0100] "POST /livezilla/server.php HTTP/1.1" 200 212 "http://chat.f-m-shop.de/livezilla/livezilla.php" "Mozilla/4.0 (compatible; MSIE 7.0; Windows NT 5.1; GTB6)"
84.154.48.131 - - [02/Nov/2009:16:53:17 +0100] "GET /livezilla/livezilla.php?template=lz_chat_frame.3.2.mail HTTP/1.1" 200 3993 "http://chat.f-m-shop.de/livezilla/livezilla.php" "Mozilla/4.0 (compatible; MSIE 7.0; Windows NT 5.1; GTB6)"
84.154.48.131 - - [02/Nov/2009:16:53:17 +0100] "POST /livezilla/livezilla.php?template=lz_chat_frame.3.2.mail HTTP/1.1" 200 4002 "http://chat.f-m-shop.de/livezilla/livezilla.php?template=lz_chat_frame.3.2.login.1.0&" "Mozilla/4.0 (compatible; MSIE 7.0; Windows NT 5.1; GTB6)"
84.154.48.131 - - [02/Nov/2009:16:53:17 +0100] "GET /livezilla/images/button_chat.gif HTTP/1.1" 200 1218 "http://chat.f-m-shop.de/livezilla/livezilla.php?template=lz_chat_frame.3.2.mail" "Mozilla/4.0 (compatible; MSIE 7.0; Windows NT 5.1; GTB6)"
84.154.48.131 - - [02/Nov/2009:16:53:17 +0100] "GET /livezilla/images/button_print.gif HTTP/1.1" 200 1183 "http://chat.f-m-shop.de/livezilla/livezilla.php?template=lz_chat_frame.3.2.mail" "Mozilla/4.0 (compatible; MSIE 7.0; Windows NT 5.1; GTB6)"
192.168.10.10 - - [02/Nov/2009:16:52:33 +0100] "POST /livezilla/server.php?acid=67ad8 HTTP/1.1" 200 - "-" "LiveZilla 3.1.7.7 [http://www.livezilla.net]"
217.88.36.154 - - [02/Nov/2009:16:53:44 +0100] "GET /livezilla/image.php?id=04 HTTP/1.1" 200 7276 "http://www.f-m-shop.de/seiten/prod_detail_neuer.cfm?kat=NAVMOD&nav=2&artnr=A%20%2029480" "Mozilla/5.0 (Windows; U; Windows NT 5.1; de; rv:1.9.0.15) Gecko/2009101601 Firefox/3.0.15 (.NET CLR 3.5.30729)"
192.168.10.13 - - [02/Nov/2009:16:53:03 +0100] "POST /livezilla/server.php?acid=5500d HTTP/1.1" 200 - "-" "LiveZilla 3.1.7.7 [http://www.livezilla.net]"
84.157.67.194 - - [02/Nov/2009:16:53:58 +0100] "GET /livezilla/image.php?id=04 HTTP/1.1" 200 7276 "http://www.f-m-shop.de/seiten/prod_detail_neuer.cfm?name=GEH%20NETZTEIL%20500W%20EDNET%20%20Eco%20140mm&artnr=A%20%2029625&nav=2&kat=GEHNETZ&kat_her=&p_sort=&b_sort=ASC" "Mozilla/5.0 (Windows; U; Windows NT 5.1; en-US) AppleWebKit/532.0 (KHTML, like Gecko) Chrome/3.0.195.27 Safari/532.0"
192.168.10.10 - - [02/Nov/2009:16:53:22 +0100] "POST /livezilla/server.php?acid=dbc8a HTTP/1.1" 200 - "-" "LiveZilla 3.1.7.7 [http://www.livezilla.net]"
86.84.153.119 - - [02/Nov/2009:16:54:10 +0100] "GET /livezilla/image.php?id=04 HTTP/1.1" 200 7276 "http://www.f-m-shop.de/seiten/prod_detail_neuer.cfm?kat=NAVMOD&nav=2&artnr=A 29483" "Mozilla/4.0 (compatible; MSIE 8.0; Windows NT 6.1; WOW64; Trident/4.0; Mozilla/4.0 (compatible; MSIE 6.0; Windows NT 5.1; SV1) ; SLCC2; .NET CLR 2.0.50727; .NET CLR 3.5.30729; .NET CLR 3.0.30729; Media Center PC 6.0; InfoPath.2)"
192.168.10.13 - - [02/Nov/2009:16:53:51 +0100] "POST /livezilla/server.php?acid=8e540 HTTP/1.1" 200 - "-" "LiveZilla 3.1.7.7 [http://www.livezilla.net]"
192.168.10.10 - - [02/Nov/2009:16:54:11 +0100] "POST /livezilla/server.php?acid=d015b HTTP/1.1" 200 - "-" "LiveZilla 3.1.7.7 [http://www.livezilla.net]"
192.168.10.13 - - [02/Nov/2009:16:54:40 +0100] "POST /livezilla/server.php?acid=73de3 HTTP/1.1" 200 - "-" "LiveZilla 3.1.7.7 [http://www.livezilla.net]"
192.168.10.10 - - [02/Nov/2009:16:54:59 +0100] "POST /livezilla/server.php?acid=05803 HTTP/1.1" 200 - "-" "LiveZilla 3.1.7.7 [http://www.livezilla.net]"
78.54.208.12 - - [02/Nov/2009:16:56:01 +0100] "GET /livezilla/image.php?id=04 HTTP/1.1" 200 7276 "http://www.f-m-shop.de/seiten/prod_detail_neuer.cfm?kat=HIFMEDIA&nav=2&artnr=A%20%2024972" "Mozilla/5.0 (Windows; U; Windows NT 6.0; de; rv:1.9.1.3) Gecko/20090824 Firefox/3.5.3 (.NET CLR 3.5.30729)"
86.84.153.119 - - [02/Nov/2009:16:56:03 +0100] "GET /livezilla/image.php?id=04 HTTP/1.1" 200 7276 "http://www.f-m-shop.de/seiten/prod_detail_neuer.cfm?name=NAVI TOMTOM GO 950 LIVE 3months&artnr=A%20%2029484&nav=2&kat=NAVMOD&kat_her=&p_sort=&b_sort=ASC" "Mozilla/4.0 (compatible; MSIE 8.0; Windows NT 6.1; WOW64; Trident/4.0; Mozilla/4.0 (compatible; MSIE 6.0; Windows NT 5.1; SV1) ; SLCC2; .NET CLR 2.0.50727; .NET CLR 3.5.30729; .NET CLR 3.0.30729; Media Center PC 6.0; InfoPath.2)"
192.168.10.13 - - [02/Nov/2009:16:55:28 +0100] "POST /livezilla/server.php?acid=d224b HTTP/1.1" 200 - "-" "LiveZilla 3.1.7.7 [http://www.livezilla.net]"
86.84.153.119 - - [02/Nov/2009:16:56:13 +0100] "GET /livezilla/image.php?id=04 HTTP/1.1" 200 7276 "http://www.f-m-shop.de/seiten/prod_detail_neuer.cfm?name=NAVI%20TOMTOM%20GO%20950%20LIVE%203months&artnr=A%20%2029484&nav=2&kat=NAVMOD&kat_her=&p_sort=&b_sort=ASC" "Mozilla/4.0 (compatible; MSIE 8.0; Windows NT 6.1; WOW64; Trident/4.0; Mozilla/4.0 (compatible; MSIE 6.0; Windows NT 5.1; SV1) ; SLCC2; .NET CLR 2.0.50727; .NET CLR 3.5.30729; .NET CLR 3.0.30729; Media Center PC 6.0; InfoPath.2)"
195.37.166.241 - - [02/Nov/2009:16:56:24 +0100] "GET /livezilla/image.php?id=04 HTTP/1.1" 200 7276 "http://www.eizo4you.de/seiten/prod_detail_neuer.cfm?name=LCD 22\" EIZO CG222W schwarz&artnr=A%20%2023132&nav=2&kat=MONT22&kat_her=&p_sort=&b_sort=ASC" "Mozilla/4.0 (compatible; MSIE 7.0; Windows NT 5.1; InfoPath.1; .NET CLR 1.1.4322; .NET CLR 2.0.50727; .NET CLR 3.0.4506.2152; .NET CLR 3.5.30729)"
192.168.10.10 - - [02/Nov/2009:16:55:47 +0100] "POST /livezilla/server.php?acid=d5b62 HTTP/1.1" 200 - "-" "LiveZilla 3.1.7.7 [http://www.livezilla.net]"
217.7.17.166 - - [02/Nov/2009:16:56:35 +0100] "GET /livezilla/image.php?id=04 HTTP/1.1" 200 7276 "http://www.eizo4you.de/seiten/prod_detail_neuer.cfm?name=LCD%2022%22%20%20%20EIZO%20CG222W%20%20%20%20%20%20%20%20%20%20%20%20schwarz&artnr=A%20%2023132&nav=2&kat=MONT22&kat_her=&p_sort=&b_sort=ASC" "Mozilla/5.0 (Windows; U; Windows NT 5.0; de; rv:1.9) Gecko/2008052906 Firefox/3.0"
195.37.166.241 - - [02/Nov/2009:16:56:36 +0100] "GET /livezilla/image.php?id=04 HTTP/1.1" 200 7276 "http://www.eizo4you.de/seiten/prod_detail_neuer.cfm?name=LCD 22\" EIZO FlexScan S2202WE grau&artnr=A%20%2025191&nav=2&kat=MONT22&kat_her=&p_sort=&b_sort=ASC" "Mozilla/4.0 (compatible; MSIE 7.0; Windows NT 5.1; InfoPath.1; .NET CLR 1.1.4322; .NET CLR 2.0.50727; .NET CLR 3.0.4506.2152; .NET CLR 3.5.30729)"
217.7.17.166 - - [02/Nov/2009:16:56:37 +0100] "GET /livezilla/image.php?id=04 HTTP/1.1" 200 7276 "http://www.eizo4you.de/seiten/prod_detail_neuer.cfm?kat=MONT22&nav=2&artnr=A%20%2023132" "Mozilla/5.0 (Windows; U; Windows NT 5.0; de; rv:1.9) Gecko/2008052906 Firefox/3.0"
79.246.43.145 - - [02/Nov/2009:16:56:38 +0100] "GET /livezilla/image.php?id=04 HTTP/1.1" 200 7276 "http://www.f-m-shop.de/seiten/prod_detail_neuer.cfm?kat=MONT22&nav=2&artnr=A 27473" "Mozilla/4.0 (compatible; MSIE 8.0; Windows NT 5.1; Trident/4.0; .NET CLR 2.0.50727; .NET CLR 3.0.4506.2152; .NET CLR 3.5.30729)"
192.168.10.13 - - [02/Nov/2009:16:56:16 +0100] "POST /livezilla/server.php?acid=69d3f HTTP/1.1" 200 - "-" "LiveZilla 3.1.7.7 [http://www.livezilla.net]"
79.246.43.145 - - [02/Nov/2009:16:57:02 +0100] "GET /livezilla/image.php?id=04 HTTP/1.1" 200 7276 "http://www.f-m-shop.de/seiten/prod_detail_neuer.cfm?kat=MONT22&nav=2&artnr=A 27473" "Mozilla/4.0 (compatible; MSIE 8.0; Windows NT 5.1; Trident/4.0; .NET CLR 2.0.50727; .NET CLR 3.0.4506.2152; .NET CLR 3.5.30729)"
195.37.166.241 - - [02/Nov/2009:16:57:10 +0100] "GET /livezilla/image.php?id=04 HTTP/1.1" 200 7276 "http://www.eizo4you.de/seiten/prod_detail_neuer.cfm?name=LCD 22\" EIZO FlexScan S2242WH schwarz&artnr=A%20%2027473&nav=2&kat=MONT22&kat_her=&p_sort=&b_sort=ASC" "Mozilla/4.0 (compatible; MSIE 7.0; Windows NT 5.1; InfoPath.1; .NET CLR 1.1.4322; .NET CLR 2.0.50727; .NET CLR 3.0.4506.2152; .NET CLR 3.5.30729)"
192.168.10.10 - - [02/Nov/2009:16:56:36 +0100] "POST /livezilla/server.php?acid=32c28 HTTP/1.1" 200 - "-" "LiveZilla 3.1.7.7 [http://www.livezilla.net]"
192.168.10.13 - - [02/Nov/2009:16:57:05 +0100] "POST /livezilla/server.php?acid=ce1c7 HTTP/1.1" 200 - "-" "LiveZilla 3.1.7.7 [http://www.livezilla.net]"
79.246.43.145 - - [02/Nov/2009:16:57:54 +0100] "GET /livezilla/image.php?id=04 HTTP/1.1" 200 7276 "http://www.f-m-shop.de/seiten/prod_detail_neuer.cfm?kat=MONT22&nav=2&artnr=A 27473" "Mozilla/4.0 (compatible; MSIE 8.0; Windows NT 5.1; Trident/4.0; .NET CLR 2.0.50727; .NET CLR 3.0.4506.2152; .NET CLR 3.5.30729)"
192.168.10.10 - - [02/Nov/2009:16:57:24 +0100] "POST /livezilla/server.php?acid=e7c7a HTTP/1.1" 200 - "-" "LiveZilla 3.1.7.7 [http://www.livezilla.net]"
192.168.10.13 - - [02/Nov/2009:16:57:53 +0100] "POST /livezilla/server.php?acid=463fa HTTP/1.1" 200 - "-" "LiveZilla 3.1.7.7 [http://www.livezilla.net]"
79.246.43.145 - - [02/Nov/2009:16:58:40 +0100] "GET /livezilla/livezilla.php HTTP/1.1" 200 72005 "-" "Mozilla/4.0 (compatible; MSIE 8.0; Windows NT 5.1; Trident/4.0; .NET CLR 2.0.50727; .NET CLR 3.0.4506.2152; .NET CLR 3.5.30729)"
79.246.43.145 - - [02/Nov/2009:16:58:42 +0100] "GET /livezilla/templates/style.css HTTP/1.1" 200 8998 "http://chat.f-m-shop.de/livezilla/livezilla.php" "Mozilla/4.0 (compatible; MSIE 8.0; Windows NT 5.1; Trident/4.0; .NET CLR 2.0.50727; .NET CLR 3.0.4506.2152; .NET CLR 3.5.30729)"
79.246.43.145 - - [02/Nov/2009:16:58:42 +0100] "GET /livezilla/livezilla.php?template=lz_chat_frame.0.0 HTTP/1.1" 200 259 "http://chat.f-m-shop.de/livezilla/livezilla.php" "Mozilla/4.0 (compatible; MSIE 8.0; Windows NT 5.1; Trident/4.0; .NET CLR 2.0.50727; .NET CLR 3.0.4506.2152; .NET CLR 3.5.30729)"
79.246.43.145 - - [02/Nov/2009:16:58:42 +0100] "GET /livezilla/livezilla.php?template=lz_chat_frame.4.1 HTTP/1.1" 200 455 "http://chat.f-m-shop.de/livezilla/livezilla.php" "Mozilla/4.0 (compatible; MSIE 8.0; Windows NT 5.1; Trident/4.0; .NET CLR 2.0.50727; .NET CLR 3.0.4506.2152; .NET CLR 3.5.30729)"
79.246.43.145 - - [02/Nov/2009:16:58:42 +0100] "GET /livezilla/livezilla.php?template=lz_chat_frame.0.1 HTTP/1.1" 200 277 "http://chat.f-m-shop.de/livezilla/livezilla.php" "Mozilla/4.0 (compatible; MSIE 8.0; Windows NT 5.1; Trident/4.0; .NET CLR 2.0.50727; .NET CLR 3.0.4506.2152; .NET CLR 3.5.30729)"
79.246.43.145 - - [02/Nov/2009:16:58:42 +0100] "GET /livezilla/livezilla.php?template=lz_chat_frame.2.0 HTTP/1.1" 200 263 "http://chat.f-m-shop.de/livezilla/livezilla.php" "Mozilla/4.0 (compatible; MSIE 8.0; Windows NT 5.1; Trident/4.0; .NET CLR 2.0.50727; .NET CLR 3.0.4506.2152; .NET CLR 3.5.30729)"
79.246.43.145 - - [02/Nov/2009:16:58:42 +0100] "GET /livezilla/livezilla.php?template=lz_chat_frame.1.0 HTTP/1.1" 200 279 "http://chat.f-m-shop.de/livezilla/livezilla.php" "Mozilla/4.0 (compatible; MSIE 8.0; Windows NT 5.1; Trident/4.0; .NET CLR 2.0.50727; .NET CLR 3.0.4506.2152; .NET CLR 3.5.30729)"
79.246.43.145 - - [02/Nov/2009:16:58:43 +0100] "GET /livezilla/livezilla.php?template=lz_chat_frame.1.2 HTTP/1.1" 200 264 "http://chat.f-m-shop.de/livezilla/livezilla.php" "Mozilla/4.0 (compatible; MSIE 8.0; Windows NT 5.1; Trident/4.0; .NET CLR 2.0.50727; .NET CLR 3.0.4506.2152; .NET CLR 3.5.30729)"
79.246.43.145 - - [02/Nov/2009:16:58:43 +0100] "GET /livezilla/livezilla.php?template=lz_chat_frame.1.1 HTTP/1.1" 200 2257 "http://chat.f-m-shop.de/livezilla/livezilla.php" "Mozilla/4.0 (compatible; MSIE 8.0; Windows NT 5.1; Trident/4.0; .NET CLR 2.0.50727; .NET CLR 3.0.4506.2152; .NET CLR 3.5.30729)"
79.246.43.145 - - [02/Nov/2009:16:58:43 +0100] "GET /livezilla/livezilla.php?template=lz_chat_frame.2.2 HTTP/1.1" 200 264 "http://chat.f-m-shop.de/livezilla/livezilla.php" "Mozilla/4.0 (compatible; MSIE 8.0; Windows NT 5.1; Trident/4.0; .NET CLR 2.0.50727; .NET CLR 3.0.4506.2152; .NET CLR 3.5.30729)"
79.246.43.145 - - [02/Nov/2009:16:58:43 +0100] "GET /livezilla/livezilla.php?template=lz_chat_frame.3.0 HTTP/1.1" 200 240 "http://chat.f-m-shop.de/livezilla/livezilla.php" "Mozilla/4.0 (compatible; MSIE 8.0; Windows NT 5.1; Trident/4.0; .NET CLR 2.0.50727; .NET CLR 3.0.4506.2152; .NET CLR 3.5.30729)"
79.246.43.145 - - [02/Nov/2009:16:58:43 +0100] "GET /livezilla/images/chat_bg_footer.gif HTTP/1.1" 200 194 "http://chat.f-m-shop.de/livezilla/livezilla.php?template=lz_chat_frame.4.1" "Mozilla/4.0 (compatible; MSIE 8.0; Windows NT 5.1; Trident/4.0; .NET CLR 2.0.50727; .NET CLR 3.0.4506.2152; .NET CLR 3.5.30729)"
79.246.43.145 - - [02/Nov/2009:16:58:43 +0100] "GET /livezilla/livezilla.php?template=lz_chat_frame.5.1 HTTP/1.1" 200 265 "http://chat.f-m-shop.de/livezilla/livezilla.php" "Mozilla/4.0 (compatible; MSIE 8.0; Windows NT 5.1; Trident/4.0; .NET CLR 2.0.50727; .NET CLR 3.0.4506.2152; .NET CLR 3.5.30729)"
79.246.43.145 - - [02/Nov/2009:16:58:43 +0100] "GET /livezilla/livezilla.php?template=lz_chat_frame.3.3 HTTP/1.1" 200 239 "http://chat.f-m-shop.de/livezilla/livezilla.php" "Mozilla/4.0 (compatible; MSIE 8.0; Windows NT 5.1; Trident/4.0; .NET CLR 2.0.50727; .NET CLR 3.0.4506.2152; .NET CLR 3.5.30729)"
79.246.43.145 - - [02/Nov/2009:16:58:42 +0100] "GET /livezilla/livezilla.php?template=lz_chat_frame.3.2.login& HTTP/1.1" 200 1019 "http://chat.f-m-shop.de/livezilla/livezilla.php" "Mozilla/4.0 (compatible; MSIE 8.0; Windows NT 5.1; Trident/4.0; .NET CLR 2.0.50727; .NET CLR 3.0.4506.2152; .NET CLR 3.5.30729)"
79.246.43.145 - - [02/Nov/2009:16:58:44 +0100] "GET /livezilla/images/carrier_logo.gif HTTP/1.1" 200 6003 "http://chat.f-m-shop.de/livezilla/livezilla.php?template=lz_chat_frame.1.1" "Mozilla/4.0 (compatible; MSIE 8.0; Windows NT 5.1; Trident/4.0; .NET CLR 2.0.50727; .NET CLR 3.0.4506.2152; .NET CLR 3.5.30729)"
79.246.43.145 - - [02/Nov/2009:16:58:43 +0100] "GET /livezilla/livezilla.php?template=lz_chat_frame.0.2 HTTP/1.1" 200 254 "http://chat.f-m-shop.de/livezilla/livezilla.php" "Mozilla/4.0 (compatible; MSIE 8.0; Windows NT 5.1; Trident/4.0; .NET CLR 2.0.50727; .NET CLR 3.0.4506.2152; .NET CLR 3.5.30729)"
79.246.43.145 - - [02/Nov/2009:16:58:44 +0100] "GET /livezilla/images/icon_vcard.gif HTTP/1.1" 200 559 "http://chat.f-m-shop.de/livezilla/livezilla.php?template=lz_chat_frame.1.1" "Mozilla/4.0 (compatible; MSIE 8.0; Windows NT 5.1; Trident/4.0; .NET CLR 2.0.50727; .NET CLR 3.0.4506.2152; .NET CLR 3.5.30729)"
79.246.43.145 - - [02/Nov/2009:16:58:44 +0100] "GET /livezilla/images/icon_typing.gif HTTP/1.1" 200 1106 "http://chat.f-m-shop.de/livezilla/livezilla.php?template=lz_chat_frame.1.1" "Mozilla/4.0 (compatible; MSIE 8.0; Windows NT 5.1; Trident/4.0; .NET CLR 2.0.50727; .NET CLR 3.0.4506.2152; .NET CLR 3.5.30729)"
79.246.43.145 - - [02/Nov/2009:16:58:44 +0100] "GET /livezilla/intern_images/nopic.jpg HTTP/1.1" 200 3599 "http://chat.f-m-shop.de/livezilla/livezilla.php?template=lz_chat_frame.1.1" "Mozilla/4.0 (compatible; MSIE 8.0; Windows NT 5.1; Trident/4.0; .NET CLR 2.0.50727; .NET CLR 3.0.4506.2152; .NET CLR 3.5.30729)"
79.246.43.145 - - [02/Nov/2009:16:58:44 +0100] "GET /livezilla/images/lz_header.gif HTTP/1.1" 200 7285 "http://chat.f-m-shop.de/livezilla/livezilla.php?template=lz_chat_frame.1.1" "Mozilla/4.0 (compatible; MSIE 8.0; Windows NT 5.1; Trident/4.0; .NET CLR 2.0.50727; .NET CLR 3.0.4506.2152; .NET CLR 3.5.30729)"
79.246.43.145 - - [02/Nov/2009:16:58:44 +0100] "GET /livezilla/images/lz_rep_bg_left.gif HTTP/1.1" 200 593 "http://chat.f-m-shop.de/livezilla/livezilla.php?template=lz_chat_frame.1.1" "Mozilla/4.0 (compatible; MSIE 8.0; Windows NT 5.1; Trident/4.0; .NET CLR 2.0.50727; .NET CLR 3.0.4506.2152; .NET CLR 3.5.30729)"
79.246.43.145 - - [02/Nov/2009:16:58:44 +0100] "GET /livezilla/images/lz_rep_bg.gif HTTP/1.1" 200 320 "http://chat.f-m-shop.de/livezilla/livezilla.php?template=lz_chat_frame.1.1" "Mozilla/4.0 (compatible; MSIE 8.0; Windows NT 5.1; Trident/4.0; .NET CLR 2.0.50727; .NET CLR 3.0.4506.2152; .NET CLR 3.5.30729)"
79.246.43.145 - - [02/Nov/2009:16:58:44 +0100] "GET /livezilla/images/lz_rep_bg_right.gif HTTP/1.1" 200 590 "http://chat.f-m-shop.de/livezilla/livezilla.php?template=lz_chat_frame.1.1" "Mozilla/4.0 (compatible; MSIE 8.0; Windows NT 5.1; Trident/4.0; .NET CLR 2.0.50727; .NET CLR 3.0.4506.2152; .NET CLR 3.5.30729)"
79.246.43.145 - - [02/Nov/2009:16:58:44 +0100] "GET /livezilla/livezilla.php?template=lz_chat_frame.3.2.login.1.0& HTTP/1.1" 200 2939 "http://chat.f-m-shop.de/livezilla/livezilla.php?template=lz_chat_frame.3.2.login&" "Mozilla/4.0 (compatible; MSIE 8.0; Windows NT 5.1; Trident/4.0; .NET CLR 2.0.50727; .NET CLR 3.0.4506.2152; .NET CLR 3.5.30729)"
79.246.43.145 - - [02/Nov/2009:16:58:44 +0100] "GET /livezilla/livezilla.php?template=lz_chat_frame.3.2.login.0.0 HTTP/1.1" 200 1563 "http://chat.f-m-shop.de/livezilla/livezilla.php?template=lz_chat_frame.3.2.login&" "Mozilla/4.0 (compatible; MSIE 8.0; Windows NT 5.1; Trident/4.0; .NET CLR 2.0.50727; .NET CLR 3.0.4506.2152; .NET CLR 3.5.30729)"
79.246.43.145 - - [02/Nov/2009:16:58:44 +0100] "GET /livezilla/livezilla.php?template=lz_chat_frame.3.2.login.2.0 HTTP/1.1" 200 277 "http://chat.f-m-shop.de/livezilla/livezilla.php?template=lz_chat_frame.3.2.login&" "Mozilla/4.0 (compatible; MSIE 8.0; Windows NT 5.1; Trident/4.0; .NET CLR 2.0.50727; .NET CLR 3.0.4506.2152; .NET CLR 3.5.30729)"
79.246.43.145 - - [02/Nov/2009:16:58:45 +0100] "GET /livezilla/images/chat_bg_navigation_left.gif HTTP/1.1" 200 1078 "http://chat.f-m-shop.de/livezilla/livezilla.php?template=lz_chat_frame.3.2.login.0.0" "Mozilla/4.0 (compatible; MSIE 8.0; Windows NT 5.1; Trident/4.0; .NET CLR 2.0.50727; .NET CLR 3.0.4506.2152; .NET CLR 3.5.30729)"
79.246.43.145 - - [02/Nov/2009:16:58:45 +0100] "GET /livezilla/images/button_mail.gif HTTP/1.1" 200 1348 "http://chat.f-m-shop.de/livezilla/livezilla.php?template=lz_chat_frame.3.2.login.0.0" "Mozilla/4.0 (compatible; MSIE 8.0; Windows NT 5.1; Trident/4.0; .NET CLR 2.0.50727; .NET CLR 3.0.4506.2152; .NET CLR 3.5.30729)"
79.246.43.145 - - [02/Nov/2009:16:58:45 +0100] "GET /livezilla/images/chat_bg_navigation_dev.gif HTTP/1.1" 200 367 "http://chat.f-m-shop.de/livezilla/livezilla.php?template=lz_chat_frame.3.2.login.0.0" "Mozilla/4.0 (compatible; MSIE 8.0; Windows NT 5.1; Trident/4.0; .NET CLR 2.0.50727; .NET CLR 3.0.4506.2152; .NET CLR 3.5.30729)"
79.246.43.145 - - [02/Nov/2009:16:58:45 +0100] "GET /livezilla/images/chat_bg_navigation_right.gif HTTP/1.1" 200 675 "http://chat.f-m-shop.de/livezilla/livezilla.php?template=lz_chat_frame.3.2.login.0.0" "Mozilla/4.0 (compatible; MSIE 8.0; Windows NT 5.1; Trident/4.0; .NET CLR 2.0.50727; .NET CLR 3.0.4506.2152; .NET CLR 3.5.30729)"
79.246.43.145 - - [02/Nov/2009:16:58:45 +0100] "GET /livezilla/images/button_close.gif HTTP/1.1" 200 1239 "http://chat.f-m-shop.de/livezilla/livezilla.php?template=lz_chat_frame.3.2.login.0.0" "Mozilla/4.0 (compatible; MSIE 8.0; Windows NT 5.1; Trident/4.0; .NET CLR 2.0.50727; .NET CLR 3.0.4506.2152; .NET CLR 3.5.30729)"
79.246.43.145 - - [02/Nov/2009:16:58:45 +0100] "GET /livezilla/images/button_fav.gif HTTP/1.1" 200 1344 "http://chat.f-m-shop.de/livezilla/livezilla.php?template=lz_chat_frame.3.2.login.0.0" "Mozilla/4.0 (compatible; MSIE 8.0; Windows NT 5.1; Trident/4.0; .NET CLR 2.0.50727; .NET CLR 3.0.4506.2152; .NET CLR 3.5.30729)"
79.246.43.145 - - [02/Nov/2009:16:58:45 +0100] "GET /livezilla/images/chat_bg_navigation.gif HTTP/1.1" 200 258 "http://chat.f-m-shop.de/livezilla/livezilla.php?template=lz_chat_frame.3.2.login.0.0" "Mozilla/4.0 (compatible; MSIE 8.0; Windows NT 5.1; Trident/4.0; .NET CLR 2.0.50727; .NET CLR 3.0.4506.2152; .NET CLR 3.5.30729)"
79.246.43.145 - - [02/Nov/2009:16:58:45 +0100] "GET /livezilla/images/chat_bg_footer_top.gif HTTP/1.1" 200 858 "http://chat.f-m-shop.de/livezilla/livezilla.php?template=lz_chat_frame.3.2.login.2.0" "Mozilla/4.0 (compatible; MSIE 8.0; Windows NT 5.1; Trident/4.0; .NET CLR 2.0.50727; .NET CLR 3.0.4506.2152; .NET CLR 3.5.30729)"
79.246.43.145 - - [02/Nov/2009:16:58:45 +0100] "GET /livezilla/images/icon_info.gif HTTP/1.1" 200 1703 "http://chat.f-m-shop.de/livezilla/livezilla.php?template=lz_chat_frame.3.2.login.1.0&" "Mozilla/4.0 (compatible; MSIE 8.0; Windows NT 5.1; Trident/4.0; .NET CLR 2.0.50727; .NET CLR 3.0.4506.2152; .NET CLR 3.5.30729)"
79.246.43.145 - - [02/Nov/2009:16:58:45 +0100] "GET /livezilla/images/icon_network.gif HTTP/1.1" 200 354 "http://chat.f-m-shop.de/livezilla/livezilla.php?template=lz_chat_frame.3.2.login.1.0&" "Mozilla/4.0 (compatible; MSIE 8.0; Windows NT 5.1; Trident/4.0; .NET CLR 2.0.50727; .NET CLR 3.0.4506.2152; .NET CLR 3.5.30729)"
79.246.43.145 - - [02/Nov/2009:16:58:45 +0100] "GET /livezilla/images/chat_bg_field.gif HTTP/1.1" 200 121 "http://chat.f-m-shop.de/livezilla/livezilla.php?template=lz_chat_frame.3.2.login.1.0&" "Mozilla/4.0 (compatible; MSIE 8.0; Windows NT 5.1; Trident/4.0; .NET CLR 2.0.50727; .NET CLR 3.0.4506.2152; .NET CLR 3.5.30729)"
79.246.43.145 - - [02/Nov/2009:16:58:45 +0100] "GET /livezilla/images/chat_bg_navigation_sub.gif HTTP/1.1" 200 76 "http://chat.f-m-shop.de/livezilla/livezilla.php?template=lz_chat_frame.3.2.login.1.0&" "Mozilla/4.0 (compatible; MSIE 8.0; Windows NT 5.1; Trident/4.0; .NET CLR 2.0.50727; .NET CLR 3.0.4506.2152; .NET CLR 3.5.30729)"
79.246.43.145 - - [02/Nov/2009:16:58:45 +0100] "GET /livezilla/images/lz_button.gif HTTP/1.1" 200 838 "http://chat.f-m-shop.de/livezilla/livezilla.php?template=lz_chat_frame.3.2.login.1.0&" "Mozilla/4.0 (compatible; MSIE 8.0; Windows NT 5.1; Trident/4.0; .NET CLR 2.0.50727; .NET CLR 3.0.4506.2152; .NET CLR 3.5.30729)"
79.246.43.145 - - [02/Nov/2009:16:58:45 +0100] "GET /livezilla/images/lz_button_extra.gif HTTP/1.1" 200 948 "http://chat.f-m-shop.de/livezilla/livezilla.php?template=lz_chat_frame.3.2.login.1.0&" "Mozilla/4.0 (compatible; MSIE 8.0; Windows NT 5.1; Trident/4.0; .NET CLR 2.0.50727; .NET CLR 3.0.4506.2152; .NET CLR 3.5.30729)"
79.246.43.145 - - [02/Nov/2009:16:58:45 +0100] "GET /livezilla/images/favicon.ico HTTP/1.1" 200 43302 "-" "Mozilla/4.0 (compatible; MSIE 8.0; Windows NT 5.1; Trident/4.0; .NET CLR 2.0.50727; .NET CLR 3.0.4506.2152; .NET CLR 3.5.30729)"
79.246.43.145 - - [02/Nov/2009:16:58:47 +0100] "POST /livezilla/server.php HTTP/1.1" 200 212 "http://chat.f-m-shop.de/livezilla/livezilla.php" "Mozilla/4.0 (compatible; MSIE 8.0; Windows NT 5.1; Trident/4.0; .NET CLR 2.0.50727; .NET CLR 3.0.4506.2152; .NET CLR 3.5.30729)"
