79.192.250.239 - - [02/Nov/2009:20:28:09 +0100] "GET /livezilla/livezilla.php?template=lz_chat_frame.3.2.login.0.0 HTTP/1.1" 200 1563 "http://chat.f-m-shop.de/livezilla/livezilla.php?template=lz_chat_frame.3.2.login&" "Mozilla/5.0 (Windows; U; Windows NT 5.1; de; rv:1.9.1.3) Gecko/20090824 Firefox/3.5.3"
79.192.250.239 - - [02/Nov/2009:20:28:09 +0100] "GET /livezilla/livezilla.php?template=lz_chat_frame.4.1 HTTP/1.1" 200 455 "http://chat.f-m-shop.de/livezilla/livezilla.php" "Mozilla/5.0 (Windows; U; Windows NT 5.1; de; rv:1.9.1.3) Gecko/20090824 Firefox/3.5.3"
79.192.250.239 - - [02/Nov/2009:20:28:10 +0100] "GET /livezilla/images/chat_bg_navigation_left.gif HTTP/1.1" 200 1078 "http://chat.f-m-shop.de/livezilla/livezilla.php?template=lz_chat_frame.3.2.login.0.0" "Mozilla/5.0 (Windows; U; Windows NT 5.1; de; rv:1.9.1.3) Gecko/20090824 Firefox/3.5.3"
79.192.250.239 - - [02/Nov/2009:20:28:10 +0100] "GET /livezilla/images/button_mail.gif HTTP/1.1" 200 1348 "http://chat.f-m-shop.de/livezilla/livezilla.php?template=lz_chat_frame.3.2.login.0.0" "Mozilla/5.0 (Windows; U; Windows NT 5.1; de; rv:1.9.1.3) Gecko/20090824 Firefox/3.5.3"
79.192.250.239 - - [02/Nov/2009:20:28:10 +0100] "GET /livezilla/images/chat_bg_navigation_dev.gif HTTP/1.1" 200 367 "http://chat.f-m-shop.de/livezilla/livezilla.php?template=lz_chat_frame.3.2.login.0.0" "Mozilla/5.0 (Windows; U; Windows NT 5.1; de; rv:1.9.1.3) Gecko/20090824 Firefox/3.5.3"
79.192.250.239 - - [02/Nov/2009:20:28:10 +0100] "GET /livezilla/livezilla.php?template=lz_chat_frame.3.2.login.1.0& HTTP/1.1" 200 2939 "http://chat.f-m-shop.de/livezilla/livezilla.php?template=lz_chat_frame.3.2.login&" "Mozilla/5.0 (Windows; U; Windows NT 5.1; de; rv:1.9.1.3) Gecko/20090824 Firefox/3.5.3"
79.192.250.239 - - [02/Nov/2009:20:28:10 +0100] "GET /livezilla/livezilla.php?template=lz_chat_frame.1.2 HTTP/1.1" 200 264 "http://chat.f-m-shop.de/livezilla/livezilla.php" "Mozilla/5.0 (Windows; U; Windows NT 5.1; de; rv:1.9.1.3) Gecko/20090824 Firefox/3.5.3"
79.192.250.239 - - [02/Nov/2009:20:28:10 +0100] "GET /livezilla/images/chat_bg_navigation_right.gif HTTP/1.1" 200 675 "http://chat.f-m-shop.de/livezilla/livezilla.php?template=lz_chat_frame.3.2.login.0.0" "Mozilla/5.0 (Windows; U; Windows NT 5.1; de; rv:1.9.1.3) Gecko/20090824 Firefox/3.5.3"
79.192.250.239 - - [02/Nov/2009:20:28:10 +0100] "GET /livezilla/images/icon_info.gif HTTP/1.1" 200 1703 "http://chat.f-m-shop.de/livezilla/livezilla.php?template=lz_chat_frame.3.2.login.1.0&" "Mozilla/5.0 (Windows; U; Windows NT 5.1; de; rv:1.9.1.3) Gecko/20090824 Firefox/3.5.3"
79.192.250.239 - - [02/Nov/2009:20:28:10 +0100] "GET /livezilla/images/button_fav.gif HTTP/1.1" 200 1344 "http://chat.f-m-shop.de/livezilla/livezilla.php?template=lz_chat_frame.3.2.login.0.0" "Mozilla/5.0 (Windows; U; Windows NT 5.1; de; rv:1.9.1.3) Gecko/20090824 Firefox/3.5.3"
79.192.250.239 - - [02/Nov/2009:20:28:10 +0100] "GET /livezilla/images/chat_bg_navigation_sub.gif HTTP/1.1" 200 76 "http://chat.f-m-shop.de/livezilla/templates/style.css" "Mozilla/5.0 (Windows; U; Windows NT 5.1; de; rv:1.9.1.3) Gecko/20090824 Firefox/3.5.3"
79.192.250.239 - - [02/Nov/2009:20:28:10 +0100] "GET /livezilla/livezilla.php?template=lz_chat_frame.3.2.login.2.0 HTTP/1.1" 200 277 "http://chat.f-m-shop.de/livezilla/livezilla.php?template=lz_chat_frame.3.2.login&" "Mozilla/5.0 (Windows; U; Windows NT 5.1; de; rv:1.9.1.3) Gecko/20090824 Firefox/3.5.3"
79.192.250.239 - - [02/Nov/2009:20:28:10 +0100] "GET /livezilla/images/button_close.gif HTTP/1.1" 200 1239 "http://chat.f-m-shop.de/livezilla/livezilla.php?template=lz_chat_frame.3.2.login.0.0" "Mozilla/5.0 (Windows; U; Windows NT 5.1; de; rv:1.9.1.3) Gecko/20090824 Firefox/3.5.3"
79.192.250.239 - - [02/Nov/2009:20:28:10 +0100] "GET /livezilla/livezilla.php?template=lz_chat_frame.2.2 HTTP/1.1" 200 264 "http://chat.f-m-shop.de/livezilla/livezilla.php" "Mozilla/5.0 (Windows; U; Windows NT 5.1; de; rv:1.9.1.3) Gecko/20090824 Firefox/3.5.3"
79.192.250.239 - - [02/Nov/2009:20:28:10 +0100] "GET /livezilla/images/chat_bg_field.gif HTTP/1.1" 200 121 "http://chat.f-m-shop.de/livezilla/templates/style.css" "Mozilla/5.0 (Windows; U; Windows NT 5.1; de; rv:1.9.1.3) Gecko/20090824 Firefox/3.5.3"
79.192.250.239 - - [02/Nov/2009:20:28:10 +0100] "GET /livezilla/images/lz_rep_bg_right.gif HTTP/1.1" 200 590 "http://chat.f-m-shop.de/livezilla/livezilla.php?template=lz_chat_frame.1.1" "Mozilla/5.0 (Windows; U; Windows NT 5.1; de; rv:1.9.1.3) Gecko/20090824 Firefox/3.5.3"
79.192.250.239 - - [02/Nov/2009:20:28:10 +0100] "GET /livezilla/images/chat_bg_navigation.gif HTTP/1.1" 200 258 "http://chat.f-m-shop.de/livezilla/templates/style.css" "Mozilla/5.0 (Windows; U; Windows NT 5.1; de; rv:1.9.1.3) Gecko/20090824 Firefox/3.5.3"
79.192.250.239 - - [02/Nov/2009:20:28:10 +0100] "GET /livezilla/images/lz_button_extra.gif HTTP/1.1" 200 948 "http://chat.f-m-shop.de/livezilla/templates/style.css" "Mozilla/5.0 (Windows; U; Windows NT 5.1; de; rv:1.9.1.3) Gecko/20090824 Firefox/3.5.3"
79.192.250.239 - - [02/Nov/2009:20:28:10 +0100] "GET /livezilla/images/chat_bg_footer.gif HTTP/1.1" 200 194 "http://chat.f-m-shop.de/livezilla/templates/style.css" "Mozilla/5.0 (Windows; U; Windows NT 5.1; de; rv:1.9.1.3) Gecko/20090824 Firefox/3.5.3"
79.192.250.239 - - [02/Nov/2009:20:28:10 +0100] "GET /livezilla/livezilla.php?template=lz_chat_frame.3.0 HTTP/1.1" 200 240 "http://chat.f-m-shop.de/livezilla/livezilla.php" "Mozilla/5.0 (Windows; U; Windows NT 5.1; de; rv:1.9.1.3) Gecko/20090824 Firefox/3.5.3"
79.192.250.239 - - [02/Nov/2009:20:28:11 +0100] "GET /livezilla/images/lz_button.gif HTTP/1.1" 200 838 "http://chat.f-m-shop.de/livezilla/templates/style.css" "Mozilla/5.0 (Windows; U; Windows NT 5.1; de; rv:1.9.1.3) Gecko/20090824 Firefox/3.5.3"
79.192.250.239 - - [02/Nov/2009:20:28:11 +0100] "GET /livezilla/images/chat_bg_footer_top.gif HTTP/1.1" 200 858 "http://chat.f-m-shop.de/livezilla/templates/style.css" "Mozilla/5.0 (Windows; U; Windows NT 5.1; de; rv:1.9.1.3) Gecko/20090824 Firefox/3.5.3"
79.192.250.239 - - [02/Nov/2009:20:28:11 +0100] "GET /livezilla/livezilla.php?template=lz_chat_frame.5.1 HTTP/1.1" 200 265 "http://chat.f-m-shop.de/livezilla/livezilla.php" "Mozilla/5.0 (Windows; U; Windows NT 5.1; de; rv:1.9.1.3) Gecko/20090824 Firefox/3.5.3"
79.192.250.239 - - [02/Nov/2009:20:28:11 +0100] "GET /livezilla/images/lz_rep_bg.gif HTTP/1.1" 200 320 "http://chat.f-m-shop.de/livezilla/livezilla.php?template=lz_chat_frame.1.1" "Mozilla/5.0 (Windows; U; Windows NT 5.1; de; rv:1.9.1.3) Gecko/20090824 Firefox/3.5.3"
79.192.250.239 - - [02/Nov/2009:20:28:11 +0100] "GET /livezilla/images/icon_network.gif HTTP/1.1" 200 354 "http://chat.f-m-shop.de/livezilla/livezilla.php?template=lz_chat_frame.3.2.login.1.0&" "Mozilla/5.0 (Windows; U; Windows NT 5.1; de; rv:1.9.1.3) Gecko/20090824 Firefox/3.5.3"
79.192.250.239 - - [02/Nov/2009:20:28:12 +0100] "POST /livezilla/server.php HTTP/1.1" 200 212 "http://chat.f-m-shop.de/livezilla/livezilla.php" "Mozilla/5.0 (Windows; U; Windows NT 5.1; de; rv:1.9.1.3) Gecko/20090824 Firefox/3.5.3"
79.192.250.239 - - [02/Nov/2009:20:28:13 +0100] "GET /livezilla/livezilla.php?template=lz_chat_frame.3.2.mail HTTP/1.1" 200 3993 "http://chat.f-m-shop.de/livezilla/livezilla.php" "Mozilla/5.0 (Windows; U; Windows NT 5.1; de; rv:1.9.1.3) Gecko/20090824 Firefox/3.5.3"
79.192.250.239 - - [02/Nov/2009:20:28:13 +0100] "POST /livezilla/livezilla.php?template=lz_chat_frame.3.2.mail HTTP/1.1" 200 4002 "http://chat.f-m-shop.de/livezilla/livezilla.php?template=lz_chat_frame.3.2.login.1.0&" "Mozilla/5.0 (Windows; U; Windows NT 5.1; de; rv:1.9.1.3) Gecko/20090824 Firefox/3.5.3"
79.192.250.239 - - [02/Nov/2009:20:28:14 +0100] "GET /livezilla/images/button_chat.gif HTTP/1.1" 200 1218 "http://chat.f-m-shop.de/livezilla/livezilla.php?template=lz_chat_frame.3.2.mail" "Mozilla/5.0 (Windows; U; Windows NT 5.1; de; rv:1.9.1.3) Gecko/20090824 Firefox/3.5.3"
79.192.250.239 - - [02/Nov/2009:20:28:14 +0100] "GET /livezilla/images/button_print.gif HTTP/1.1" 200 1183 "http://chat.f-m-shop.de/livezilla/livezilla.php?template=lz_chat_frame.3.2.mail" "Mozilla/5.0 (Windows; U; Windows NT 5.1; de; rv:1.9.1.3) Gecko/20090824 Firefox/3.5.3"
94.139.10.117 - - [02/Nov/2009:20:28:25 +0100] "GET /livezilla/image.php?id=04 HTTP/1.1" 200 7276 "http://www.f-m-shop.de/seiten/prod_detail_neuer.cfm?name=LENKRAD%20LOGITECH%20G25%20Racing%20Wheel%20USB&artnr=A%20%2015785&nav=2&kat=EINJOY&kat_her=&p_sort=&b_sort=ASC" "Mozilla/5.0 (Windows; U; Windows NT 5.1; de; rv:1.9.0.1) Gecko/2008070208 Firefox/3.0.1 Creative ZENcast v2.00.13"
79.192.250.239 - - [02/Nov/2009:20:28:29 +0100] "GET /livezilla/image.php?id=04 HTTP/1.1" 200 7276 "http://www.f-m-shop.de/seiten/prod_detail_neuer.cfm?kat=MONT24&nav=2&artnr=A%20%2021710" "Mozilla/5.0 (Windows; U; Windows NT 5.1; de; rv:1.9.1.3) Gecko/20090824 Firefox/3.5.3"
77.4.240.201 - - [02/Nov/2009:20:28:45 +0100] "GET /livezilla/image.php?id=04 HTTP/1.1" 200 7276 "http://www.f-m-shop.de/seiten/prod_detail_neuer.cfm?kat=HDDE25&nav=2&artnr=A%20%2022654" "Mozilla/5.0 (Windows; U; Windows NT 5.1; de; rv:1.9.1.4) Gecko/20091016 Firefox/3.5.4 (.NET CLR 3.5.30729)"
94.139.10.117 - - [02/Nov/2009:20:29:15 +0100] "GET /livezilla/image.php?id=04 HTTP/1.1" 200 7276 "http://www.f-m-shop.de/seiten/prod_detail_neuer.cfm?kat=EINDIG&nav=2&artnr=A%20%2029803" "Mozilla/5.0 (Windows; U; Windows NT 5.1; de; rv:1.9.0.1) Gecko/2008070208 Firefox/3.0.1 Creative ZENcast v2.00.13"
88.152.9.112 - - [02/Nov/2009:20:29:35 +0100] "GET /livezilla/image.php?id=04 HTTP/1.1" 200 7276 "http://www.f-m-shop.de/seiten/prod_detail_neuer.cfm?kat=HIFMEDIA&nav=2&artnr=A%20%2022223" "Mozilla/5.0 (Windows; U; Windows NT 5.1; de; rv:1.9.0.15) Gecko/2009101601 Firefox/3.0.15 (.NET CLR 3.5.30729)"
94.139.10.117 - - [02/Nov/2009:20:29:41 +0100] "GET /livezilla/image.php?id=04 HTTP/1.1" 200 7276 "http://www.f-m-shop.de/seiten/prod_detail_neuer.cfm?name=BAMBOO%20FUN%20PEN%20und%20TOUCH%20S&artnr=A%20%2029708&nav=2&kat=EINDIG&kat_her=&p_sort=&b_sort=ASC" "Mozilla/5.0 (Windows; U; Windows NT 5.1; de; rv:1.9.0.1) Gecko/2008070208 Firefox/3.0.1 Creative ZENcast v2.00.13"
92.224.48.103 - - [02/Nov/2009:20:30:15 +0100] "GET /livezilla/image.php?id=04 HTTP/1.1" 200 7276 "http://www.f-m-shop.de/seiten/prod_detail_neuer.cfm?kat=MONT19&nav=2&artnr=A%20%2021369" "Mozilla/5.0 (Windows; U; Win98; de; rv:1.8.1.20) Gecko/20081217 Firefox/2.0.0.20"
92.241.129.247 - - [02/Nov/2009:20:30:34 +0100] "GET /livezilla/image.php?id=04 HTTP/1.1" 200 7276 "http://www.f-m-shop.de/seiten/prod_detail_neuer.cfm?kat=GRA1GBX&nav=2&artnr=A%20%2024622" "Mozilla/5.0 (Windows; U; Windows NT 6.0; en-US; rv:1.9.1.4) Gecko/20091016 Firefox/3.5.4 (.NET CLR 3.5.30729)"
92.75.74.29 - - [02/Nov/2009:20:32:35 +0100] "GET /livezilla/image.php?id=04 HTTP/1.1" 200 7276 "http://www.f-m-shop.de/seiten/prod_detail_neuer.cfm?kat=MONT24&nav=2&artnr=A%20%2029042" "Opera/9.80 (X11; Linux i686; U; en) Presto/2.2.15 Version/10.00"
94.222.111.149 - - [02/Nov/2009:20:33:06 +0100] "GET /livezilla/image.php?id=04 HTTP/1.1" 200 7276 "http://www.f-m-shop.de/seiten/prod_detail_neuer.cfm?kat=NETWLADA&nav=2&artnr=A%20%2023804" "Mozilla/5.0 (Windows; U; Windows NT 6.1; fr; rv:1.9.1.4) Gecko/20091016 Firefox/3.5.4 (.NET CLR 3.5.30729)"
93.133.179.128 - - [02/Nov/2009:20:33:11 +0100] "GET /livezilla/image.php?id=04 HTTP/1.1" 200 7276 "http://www.f-m-shop.de/seiten/prod_detail_neuer.cfm?kat=NAVMOD&nav=2&artnr=A%20%2029480" "Mozilla/5.0 (Windows; U; Windows NT 5.1; de; rv:1.8.1.15) Gecko/20080623 Firefox/2.0.0.15"
90.186.59.41 - - [02/Nov/2009:20:34:15 +0100] "GET /livezilla/image.php?id=04 HTTP/1.1" 200 7276 "http://www.f-m-shop.de/seiten/prod_detail_neuer.cfm?kat=NAVMOD&nav=2&artnr=A%20%2029483" "Mozilla/5.0 (iPhone; U; CPU iPhone OS 3_1_2 like Mac OS X; de-de) AppleWebKit/528.18 (KHTML, like Gecko) Version/4.0 Mobile/7D11 Safari/528.16"
84.209.72.58 - - [02/Nov/2009:20:34:18 +0100] "GET /livezilla/image.php?id=04 HTTP/1.1" 200 7276 "http://www.f-m-shop.de/seiten/prod_detail_neuer.cfm?kat=TELTEL&nav=2&artnr=A%20%2024497" "Opera/9.80 (Windows NT 5.1; U; nb) Presto/2.2.15 Version/10.01"
94.139.10.117 - - [02/Nov/2009:20:34:37 +0100] "GET /livezilla/image.php?id=04 HTTP/1.1" 200 7276 "http://www.f-m-shop.de/seiten/prod_detail_neuer.cfm?kat=EINDIG&nav=2&artnr=A%20%2029710" "Mozilla/5.0 (Windows; U; Windows NT 5.1; de; rv:1.9.0.1) Gecko/2008070208 Firefox/3.0.1 Creative ZENcast v2.00.13"
94.139.10.117 - - [02/Nov/2009:20:35:07 +0100] "GET /livezilla/image.php?id=04 HTTP/1.1" 200 7276 "http://www.f-m-shop.de/seiten/prod_detail_neuer.cfm?kat=EINDIG&nav=2&artnr=A%20%2029803" "Mozilla/5.0 (Windows; U; Windows NT 5.1; de; rv:1.9.0.1) Gecko/2008070208 Firefox/3.0.1 Creative ZENcast v2.00.13"
92.224.48.103 - - [02/Nov/2009:20:35:34 +0100] "GET /livezilla/image.php?id=04 HTTP/1.1" 200 7276 "http://www.f-m-shop.de/seiten/prod_detail_neuer.cfm?kat=MONT19&nav=2&artnr=A%20%2021369" "Mozilla/5.0 (Windows; U; Win98; de; rv:1.8.1.20) Gecko/20081217 Firefox/2.0.0.20"
92.224.48.103 - - [02/Nov/2009:20:35:46 +0100] "GET /livezilla/image.php?id=04 HTTP/1.1" 200 7276 "http://www.f-m-shop.de/seiten/prod_detail_neuer.cfm?kat=MONT19&nav=2&artnr=A%20%2021369" "Mozilla/5.0 (Windows; U; Win98; de; rv:1.8.1.20) Gecko/20081217 Firefox/2.0.0.20"
77.4.240.201 - - [02/Nov/2009:20:36:07 +0100] "GET /livezilla/image.php?id=04 HTTP/1.1" 200 7276 "http://www.f-m-shop.de/seiten/prod_detail_neuer.cfm?kat=HDDE25&nav=2&artnr=A%20%2022654" "Mozilla/5.0 (Windows; U; Windows NT 5.1; de; rv:1.9.1.4) Gecko/20091016 Firefox/3.5.4 (.NET CLR 3.5.30729)"
88.130.57.42 - - [02/Nov/2009:20:36:24 +0100] "GET /livezilla/image.php?id=04 HTTP/1.1" 200 7276 "http://www.f-m-shop.de/seiten/prod_detail_neuer.cfm?kat=XPOSTEN&nav=2&artnr=A%20%2013653" "Opera/9.80 (Windows NT 5.1; U; de) Presto/2.2.15 Version/10.01"
91.36.174.212 - - [02/Nov/2009:20:36:51 +0100] "GET /livezilla/image.php?id=04 HTTP/1.1" 200 7276 "http://www.f-m-shop.de/seiten/prod_detail_neuer.cfm?kat=NAVMOD&nav=2&artnr=A 29480" "Mozilla/4.0 (compatible; MSIE 6.0; TOB 6.07; Windows NT 5.1; SV1; .NET CLR 2.0.50727; .NET CLR 1.1.4322; .NET CLR 3.0.04506.30)"
90.186.59.41 - - [02/Nov/2009:20:37:08 +0100] "GET /livezilla/image.php?id=04 HTTP/1.1" 200 7276 "http://www.f-m-shop.de/seiten/prod_detail_neuer.cfm?name=NB%20%20SAMSUNG%20P460-PRO%20P8600%20Pompeji&artnr=A%20%2028238&nav=2&kat=NOTB14&kat_her=&p_sort=&b_sort=ASC" "Mozilla/5.0 (iPhone; U; CPU iPhone OS 3_1_2 like Mac OS X; de-de) AppleWebKit/528.18 (KHTML, like Gecko) Version/4.0 Mobile/7D11 Safari/528.16"
92.75.74.29 - - [02/Nov/2009:20:37:36 +0100] "GET /livezilla/image.php?id=04 HTTP/1.1" 200 7276 "http://www.f-m-shop.de/seiten/prod_detail_neuer.cfm?kat=MONT24&nav=2&artnr=A%20%2029042" "Opera/9.80 (X11; Linux i686; U; en) Presto/2.2.15 Version/10.01"
84.209.72.58 - - [02/Nov/2009:20:38:59 +0100] "GET /livezilla/image.php?id=04 HTTP/1.1" 200 7276 "http://www.f-m-shop.de/seiten/prod_detail_neuer.cfm?name=TEL%20PANASONIC%20KX-TG8090GS&artnr=A%20%2024602&nav=2&kat=TELTEL&kat_her=&p_sort=&b_sort=ASC" "Opera/9.80 (Windows NT 5.1; U; nb) Presto/2.2.15 Version/10.01"
90.186.59.41 - - [02/Nov/2009:20:39:11 +0100] "GET /livezilla/image.php?id=04 HTTP/1.1" 200 7276 "http://www.f-m-shop.de/seiten/prod_detail_neuer.cfm?kat=NAVMOD&nav=2&artnr=A%20%2029483" "Mozilla/5.0 (iPhone; U; CPU iPhone OS 3_1_2 like Mac OS X; de-de) AppleWebKit/528.18 (KHTML, like Gecko) Version/4.0 Mobile/7D11 Safari/528.16"
83.77.108.83 - - [02/Nov/2009:20:39:18 +0100] "GET /livezilla/image.php?id=04 HTTP/1.1" 200 7276 "http://www.f-m-shop.de/seiten/prod_detail_neuer.cfm?kat=MONT24&nav=2&artnr=A%20%2029702" "Mozilla/5.0 (Windows; U; Windows NT 5.1; de; rv:1.9.0.15) Gecko/2009101601 Firefox/3.0.15"
90.186.59.41 - - [02/Nov/2009:20:39:29 +0100] "GET /livezilla/image.php?id=04 HTTP/1.1" 200 7276 "http://www.f-m-shop.de/seiten/prod_detail_neuer.cfm?kat=NAVMOD&nav=2&artnr=A%20%2029483" "Mozilla/5.0 (iPhone; U; CPU iPhone OS 3_1_2 like Mac OS X; de-de) AppleWebKit/528.18 (KHTML, like Gecko) Version/4.0 Mobile/7D11 Safari/528.16"
62.226.202.208 - - [02/Nov/2009:20:39:34 +0100] "GET /livezilla/image.php?id=04 HTTP/1.1" 200 7276 "http://www.f-m-shop.de/seiten/prod_detail_neuer.cfm?name=NETZKARTE PCI-E INTEL Pro 1000PT Quad&artnr=A%20%2016708&nav=2&kat=NETKAR&kat_her=&p_sort=&b_sort=ASC" "Mozilla/4.0 (compatible; MSIE 7.0; Windows NT 5.1; .NET CLR 1.1.4322)"
62.226.202.208 - - [02/Nov/2009:20:39:49 +0100] "GET /livezilla/image.php?id=04 HTTP/1.1" 200 7276 "http://www.f-m-shop.de/seiten/prod_detail_neuer.cfm?kat=MONT19&nav=2&artnr=" "Mozilla/4.0 (compatible; MSIE 7.0; Windows NT 5.1; .NET CLR 1.1.4322)"
62.226.202.208 - - [02/Nov/2009:20:40:03 +0100] "GET /livezilla/image.php?id=04 HTTP/1.1" 200 7276 "http://www.f-m-shop.de/seiten/prod_detail_neuer.cfm?kat=MONT19&nav=2&artnr=" "Mozilla/4.0 (compatible; MSIE 7.0; Windows NT 5.1; .NET CLR 1.1.4322)"
91.36.174.212 - - [02/Nov/2009:20:40:05 +0100] "GET /livezilla/image.php?id=04 HTTP/1.1" 200 7276 "http://www.f-m-shop.de/seiten/prod_detail_neuer.cfm?kat=NAVMOD&nav=2&artnr=A 29480" "Mozilla/4.0 (compatible; MSIE 6.0; TOB 6.07; Windows NT 5.1; SV1; .NET CLR 2.0.50727; .NET CLR 1.1.4322; .NET CLR 3.0.04506.30)"
62.226.202.208 - - [02/Nov/2009:20:40:44 +0100] "GET /livezilla/image.php?id=04 HTTP/1.1" 200 7276 "http://www.f-m-shop.de/seiten/prod_detail_neuer.cfm?name=NETZKARTE PCI-E D-LINK DWA-556 Wirel. N&artnr=A%20%2019778&nav=2&kat=NETKAR&kat_her=&p_sort=&b_sort=ASC" "Mozilla/4.0 (compatible; MSIE 7.0; Windows NT 5.1; .NET CLR 1.1.4322)"
80.187.108.84 - - [02/Nov/2009:20:40:47 +0100] "GET /livezilla/image.php?id=04 HTTP/1.1" 200 7276 "http://www.f-m-shop.de/seiten/prod_detail_neuer.cfm?kat=HIFTVCRD&nav=2&artnr=A%20%2028047" "Mozilla/5.0 (Macintosh; U; Intel Mac OS X 10.5; de; rv:1.9.0.11) Gecko/2009060214 Firefox/3.0.11"
62.226.202.208 - - [02/Nov/2009:20:41:03 +0100] "GET /livezilla/image.php?id=04 HTTP/1.1" 200 7276 "http://www.f-m-shop.de/seiten/prod_detail_neuer.cfm?kat=MONT19&nav=2&artnr=" "Mozilla/4.0 (compatible; MSIE 7.0; Windows NT 5.1; .NET CLR 1.1.4322)"
87.155.241.52 - - [02/Nov/2009:20:41:16 +0100] "GET /livezilla/image.php?id=04 HTTP/1.1" 200 7276 "http://www.f-m-shop.de/seiten/prod_detail_neuer.cfm?kat=SOFBETR&nav=2&artnr=A%20%2016587" "Mozilla/5.0 (iPhone; U; CPU iPhone OS 3_1_2 like Mac OS X; de-de) AppleWebKit/528.18 (KHTML, like Gecko) Version/4.0 Mobile/7D11 Safari/528.16"
85.176.253.173 - - [02/Nov/2009:20:41:21 +0100] "GET /livezilla/image.php?id=04 HTTP/1.1" 200 7276 "http://www.f-m-shop.de/seiten/prod_detail_neuer.cfm?kat=NAVMOD&nav=2&artnr=A 29480" "Mozilla/4.0 (compatible; MSIE 8.0; Windows NT 5.1; Trident/4.0; .NET CLR 2.0.50727; .NET CLR 3.0.4506.2152; .NET CLR 3.5.30729)"
62.226.202.208 - - [02/Nov/2009:20:41:31 +0100] "GET /livezilla/image.php?id=04 HTTP/1.1" 200 7276 "http://www.f-m-shop.de/seiten/prod_detail_neuer.cfm?name=NETZKARTE PCI-E INTEL Gigabit CT&artnr=A%20%2026064&nav=2&kat=NETKAR&kat_her=&p_sort=&b_sort=ASC" "Mozilla/4.0 (compatible; MSIE 7.0; Windows NT 5.1; .NET CLR 1.1.4322)"
80.187.108.84 - - [02/Nov/2009:20:41:57 +0100] "GET /livezilla/image.php?id=04 HTTP/1.1" 200 7276 "http://www.f-m-shop.de/seiten/prod_detail_neuer.cfm?kat=HIFTVCRD&nav=2&artnr=A%20%2028047" "Mozilla/5.0 (Macintosh; U; Intel Mac OS X 10.5; de; rv:1.9.0.11) Gecko/2009060214 Firefox/3.0.11"
92.149.222.12 - - [02/Nov/2009:20:42:21 +0100] "GET /livezilla/image.php?id=04 HTTP/1.1" 200 7276 "http://www.f-m-shop.de/seiten/prod_detail_neuer.cfm?name=LCD%2024,1%22%20EIZO%20FlexScan%20EV2411WH%20grau&artnr=A%20%2025024&nav=2&kat=MONT24&kat_her=&p_sort=&b_sort=ASC" "Mozilla/5.0 (Macintosh; U; PPC Mac OS X 10_4_11; fr) AppleWebKit/531.9 (KHTML, like Gecko) Version/4.0.3 Safari/531.9"
80.141.214.103 - - [02/Nov/2009:20:42:29 +0100] "GET /livezilla/image.php?id=04 HTTP/1.0" 200 7276 "http://www.f-m-shop.de/seiten/prod_detail_neuer.cfm?kat=NAVMOD&nav=2&artnr=A 29480" "Mozilla/4.0 (compatible; MSIE 8.0; Windows NT 6.0; Trident/4.0; SLCC1; .NET CLR 2.0.50727; Media Center PC 5.0; .NET CLR 3.5.30729; .NET CLR 3.0.30618)"
91.67.136.82 - - [02/Nov/2009:20:42:32 +0100] "GET /livezilla/image.php?id=04 HTTP/1.1" 200 7276 "http://www.f-m-shop.de/seiten/prod_detail_neuer.cfm?kat=NAVMOD&nav=2&artnr=A%20%2029480" "Mozilla/5.0 (Windows; U; Windows NT 6.1; de; rv:1.9.1.4) Gecko/20091016 Firefox/3.5.4"
85.177.162.31 - - [02/Nov/2009:20:42:33 +0100] "GET /livezilla/image.php?id=04 HTTP/1.1" 200 7276 "http://www.f-m-shop.de/seiten/prod_detail_neuer.cfm?kat=DATZBH&nav=2&artnr=A%20%2012522" "Opera/9.80 (Windows NT 5.1; U; de) Presto/2.2.15 Version/10.00"
195.36.75.27 - - [02/Nov/2009:20:42:37 +0100] "GET /livezilla/image.php?id=04 HTTP/1.0" 200 7276 "http://www.f-m-shop.de/seiten/prod_detail_neuer.cfm?kat=HDDGEH&nav=2&artnr=A%20%2028882" "Mozilla/5.0 (Windows; U; Windows NT 6.0; en-US; rv:1.9.1.4) Gecko/20091016 Firefox/3.5.4"
79.247.76.170 - - [02/Nov/2009:20:42:42 +0100] "GET /livezilla/image.php?id=04 HTTP/1.1" 200 7276 "http://www.f-m-shop.de/seiten/prod_detail_neuer.cfm?kat=KOMBARBO&nav=2&artnr=A%20%2027319" "Mozilla/5.0 (Windows; U; Windows NT 5.1; de; rv:1.9.1.3) Gecko/20090824 Firefox/3.5.3"
91.50.162.146 - - [02/Nov/2009:20:44:12 +0100] "GET /livezilla/image.php?id=04 HTTP/1.1" 200 7276 "http://www.f-m-shop.de/seiten/prod_detail_neuer.cfm?kat=NAVMOD&nav=2&artnr=A%20%2029484" "Mozilla/5.0 (Windows; U; Windows NT 5.1; de; rv:1.9.1.4) Gecko/20091016 Firefox/3.5.4 GTB5 (.NET CLR 3.5.30729)"
78.55.74.241 - - [02/Nov/2009:20:45:03 +0100] "GET /livezilla/image.php?id=04 HTTP/1.1" 200 7276 "http://www.f-m-shop.de/seiten/prod_detail_neuer.cfm?kat=NAVMOD&nav=2&artnr=A%20%2029480" "Mozilla/5.0 (Windows; U; Windows NT 6.0; de; rv:1.9.0.15) Gecko/2009101601 Firefox/3.0.15 (.NET CLR 3.5.30729)"
92.193.116.157 - - [02/Nov/2009:20:47:02 +0100] "GET /livezilla/image.php?id=04 HTTP/1.1" 200 7276 "http://www.f-m-shop.de/seiten/prod_detail_neuer.cfm?kat=NAVMOD&nav=2&artnr=A%20%2029482" "Mozilla/5.0 (Windows; U; Windows NT 6.0; de-DE) AppleWebKit/531.9 (KHTML, like Gecko) Version/4.0.3 Safari/531.9.1"
88.72.195.111 - - [02/Nov/2009:20:47:11 +0100] "GET /livezilla/image.php?id=04 HTTP/1.1" 200 7276 "http://www.f-m-shop.de/seiten/prod_detail_neuer.cfm?kat=MONT22&nav=2&artnr=A%20%2029272" "Mozilla/5.0 (Macintosh; U; Intel Mac OS X 10_5_6; de-de) AppleWebKit/525.27.1 (KHTML, like Gecko) Version/3.2.1 Safari/525.27.1"
62.226.202.208 - - [02/Nov/2009:20:47:54 +0100] "GET /livezilla/image.php?id=04 HTTP/1.1" 200 7276 "http://www.f-m-shop.de/seiten/prod_detail_neuer.cfm?kat=MONT19&nav=2&artnr=" "Mozilla/4.0 (compatible; MSIE 7.0; Windows NT 5.1; .NET CLR 1.1.4322)"
79.214.235.29 - - [02/Nov/2009:20:48:11 +0100] "GET /livezilla/image.php?id=04 HTTP/1.1" 200 7276 "http://www.f-m-shop.de/seiten/prod_detail_neuer.cfm?kat=HDDGEH&nav=2&artnr=A%20%2026511" "Mozilla/5.0 (Macintosh; U; Intel Mac OS X 10_6_1; de-de) AppleWebKit/531.9 (KHTML, like Gecko) Version/4.0.3 Safari/531.9"
92.149.222.12 - - [02/Nov/2009:20:48:16 +0100] "GET /livezilla/image.php?id=04 HTTP/1.1" 200 7276 "http://www.f-m-shop.de/seiten/prod_detail_neuer.cfm?name=LCD%2024,1%22%20EIZO%20FlexScan%20S2433WE%20%20grau&artnr=A%20%2029042&nav=2&kat=MONT24&kat_her=&p_sort=&b_sort=ASC" "Mozilla/5.0 (Macintosh; U; PPC Mac OS X 10_4_11; fr) AppleWebKit/531.9 (KHTML, like Gecko) Version/4.0.3 Safari/531.9"
92.149.222.12 - - [02/Nov/2009:20:48:28 +0100] "GET /livezilla/image.php?id=04 HTTP/1.1" 200 7276 "http://www.f-m-shop.de/seiten/prod_detail_neuer.cfm?name=LCD%2024,1%22%20EIZO%20FlexScan%20S2433WE%20%20schwarz&artnr=A%20%2029040&nav=2&kat=MONT24&kat_her=&p_sort=&b_sort=ASC" "Mozilla/5.0 (Macintosh; U; PPC Mac OS X 10_4_11; fr) AppleWebKit/531.9 (KHTML, like Gecko) Version/4.0.3 Safari/531.9"
91.33.69.132 - - [02/Nov/2009:20:49:03 +0100] "GET /livezilla/image.php?id=04 HTTP/1.1" 200 7276 "http://www.f-m-shop.de/seiten/prod_detail_neuer.cfm?kat=GRA256X&nav=2&artnr=A%20%2018759" "Mozilla/5.0 (X11; U; Linux x86_64; de; rv:1.9.1.4) Gecko/20091028 Iceweasel/3.5.4 (Debian-3.5.4-1)"
83.4.246.168 - - [02/Nov/2009:20:49:15 +0100] "GET /livezilla/image.php?id=04 HTTP/1.1" 200 7276 "http://www.f-m-shop.de/seiten/prod_detail_neuer.cfm?kat=NAVMOD&nav=2&artnr=A 29480" "Mozilla/4.0 (compatible; MSIE 7.0; Windows NT 5.1; .NET CLR 1.1.4322; InfoPath.2)"
92.149.222.12 - - [02/Nov/2009:20:49:16 +0100] "GET /livezilla/image.php?id=04 HTTP/1.1" 200 7276 "http://www.f-m-shop.de/seiten/prod_detail_neuer.cfm?name=LCD%2024.1%22%20EIZO%20CG243W%20+%20DTP94%20%20%20%20schwarz&artnr=A%20%2029496&nav=2&kat=MONT24&kat_her=&p_sort=&b_sort=ASC" "Mozilla/5.0 (Macintosh; U; PPC Mac OS X 10_4_11; fr) AppleWebKit/531.9 (KHTML, like Gecko) Version/4.0.3 Safari/531.9"
83.4.246.168 - - [02/Nov/2009:20:49:45 +0100] "GET /livezilla/image.php?id=04 HTTP/1.1" 200 7276 "http://www.f-m-shop.de/seiten/prod_detail_neuer.cfm?kat=NAVMOD&nav=2&artnr=A 29480" "Mozilla/4.0 (compatible; MSIE 7.0; Windows NT 5.1; .NET CLR 1.1.4322; InfoPath.2)"
84.132.37.77 - - [02/Nov/2009:20:50:21 +0100] "GET /livezilla/image.php?id=04 HTTP/1.1" 200 7276 "http://www.f-m-shop.de/seiten/prod_detail_neuer.cfm?kat=MONT19&nav=2&artnr=A 21371" "Mozilla/4.0 (compatible; MSIE 8.0; Windows NT 5.1; Trident/4.0; .NET CLR 2.0.50727; .NET CLR 3.0.04506.30; .NET CLR 3.0.04506.648; .NET CLR 3.5.21022; .NET CLR 1.1.4322; .NET CLR 3.0.4506.2152; .NET CLR 3.5.30729)"
92.149.222.12 - - [02/Nov/2009:20:50:56 +0100] "GET /livezilla/image.php?id=04 HTTP/1.1" 200 7276 "http://www.f-m-shop.de/seiten/prod_detail_neuer.cfm?name=LCD%2024%22%20%20%20EIZO%20FlexScan%20SX2462WH%20schwarz&artnr=A%20%2029702&nav=2&kat=MONT24&kat_her=&p_sort=DESC&b_sort=ASC" "Mozilla/5.0 (Macintosh; U; PPC Mac OS X 10_4_11; fr) AppleWebKit/531.9 (KHTML, like Gecko) Version/4.0.3 Safari/531.9"
92.77.210.22 - - [02/Nov/2009:20:51:13 +0100] "GET /livezilla/image.php?id=04 HTTP/1.1" 200 7276 "http://www.f-m-shop.de/seiten/prod_detail_neuer.cfm?kat=NAVMOD&nav=2&artnr=A%20%2029480" "Mozilla/5.0 (Windows; U; Windows NT 5.1; de; rv:1.9.0.15) Gecko/2009101601 Firefox/3.0.15"
92.192.90.80 - - [02/Nov/2009:20:51:18 +0100] "GET /livezilla/image.php?id=04 HTTP/1.1" 200 7276 "http://www.f-m-shop.de/seiten/prod_detail_neuer.cfm?name=NAVI%20TOMTOM%20XL%20LIVE%203m%20Europe&artnr=A%20%2029481&nav=2&kat=NAVMOD&kat_her=&p_sort=&b_sort=ASC" "Mozilla/5.0 (Windows; U; Windows NT 6.0; de; rv:1.9.1.4) Gecko/20091016 Firefox/3.5.4 (.NET CLR 3.5.30729)"
87.189.253.118 - - [02/Nov/2009:20:51:18 +0100] "GET /livezilla/image.php?id=04 HTTP/1.1" 200 7276 "http://www.f-m-shop.de/seiten/prod_detail_neuer.cfm?kat=NAVMOD&nav=2&artnr=A%20%2029480" "Mozilla/5.0 (Windows; U; Windows NT 5.1; de; rv:1.9.1.4) Gecko/20091016 Firefox/3.5.4 (.NET CLR 3.5.30729)"
92.149.222.12 - - [02/Nov/2009:20:51:40 +0100] "GET /livezilla/image.php?id=04 HTTP/1.1" 200 7276 "http://www.f-m-shop.de/seiten/prod_detail_neuer.cfm?name=LCD%2024,1%22%20EIZO%20FlexScan%20S2433WE%20%20schwarz&artnr=A%20%2029040&nav=2&kat=MONT24&kat_her=&p_sort=DESC&b_sort=ASC" "Mozilla/5.0 (Macintosh; U; PPC Mac OS X 10_4_11; fr) AppleWebKit/531.9 (KHTML, like Gecko) Version/4.0.3 Safari/531.9"
92.149.222.12 - - [02/Nov/2009:20:51:50 +0100] "GET /livezilla/image.php?id=04 HTTP/1.1" 200 7276 "http://www.f-m-shop.de/seiten/prod_detail_neuer.cfm?name=LCD%2024,1%22%20EIZO%20FlexScan%20S2433WE%20%20schwarz&artnr=A%20%2029040&nav=2&kat=MONT24&kat_her=&p_sort=DESC&b_sort=ASC" "Mozilla/5.0 (Macintosh; U; PPC Mac OS X 10_4_11; fr) AppleWebKit/531.9 (KHTML, like Gecko) Version/4.0.3 Safari/531.9"
84.164.243.187 - - [02/Nov/2009:20:51:54 +0100] "GET /livezilla/image.php?id=04 HTTP/1.1" 200 7276 "http://www.eizo4you.de/seiten/prod_detail_neuer.cfm?artnr=A%20%2030069&nav=2&kat=MONT23" "Opera/9.80 (Windows NT 5.1; U; de) Presto/2.2.15 Version/10.00"
92.149.222.12 - - [02/Nov/2009:20:51:55 +0100] "GET /livezilla/image.php?id=04 HTTP/1.1" 200 7276 "http://www.f-m-shop.de/seiten/prod_detail_neuer.cfm?name=LCD%2024,1%22%20EIZO%20FlexScan%20S2433WE%20%20schwarz&artnr=A%20%2029040&nav=2&kat=MONT24&kat_her=&p_sort=DESC&b_sort=ASC" "Mozilla/5.0 (Macintosh; U; PPC Mac OS X 10_4_11; fr) AppleWebKit/531.9 (KHTML, like Gecko) Version/4.0.3 Safari/531.9"
92.149.222.12 - - [02/Nov/2009:20:52:09 +0100] "GET /livezilla/image.php?id=04 HTTP/1.1" 200 7276 "http://www.f-m-shop.de/seiten/prod_detail_neuer.cfm?name=LCD%2024,1%22%20EIZO%20FlexScan%20S2433WE%20%20schwarz&artnr=A%20%2029040&nav=2&kat=MONT24&kat_her=&p_sort=DESC&b_sort=ASC" "Mozilla/5.0 (Macintosh; U; PPC Mac OS X 10_4_11; fr) AppleWebKit/531.9 (KHTML, like Gecko) Version/4.0.3 Safari/531.9"
82.113.106.98 - - [02/Nov/2009:20:52:19 +0100] "GET /livezilla/image.php?id=04 HTTP/1.1" 200 7276 "http://www.f-m-shop.de/seiten/prod_detail_neuer.cfm?kat=NAVMOD&nav=2&artnr=A%20%2029480" "Mozilla/5.0 (Windows; U; Windows NT 5.1; de; rv:1.9.0.7) Gecko/2009021910 Firefox/3.0.7"
92.192.90.80 - - [02/Nov/2009:20:52:34 +0100] "GET /livezilla/image.php?id=04 HTTP/1.1" 200 7276 "http://www.f-m-shop.de/seiten/prod_detail_neuer.cfm?name=NAVI%20TOMTOM%20GO%20750%20LIVE%203months&artnr=A%20%2029483&nav=2&kat=NAVMOD&kat_her=&p_sort=&b_sort=ASC" "Mozilla/5.0 (Windows; U; Windows NT 6.0; de; rv:1.9.1.4) Gecko/20091016 Firefox/3.5.4 (.NET CLR 3.5.30729)"
62.226.202.208 - - [02/Nov/2009:20:53:47 +0100] "GET /livezilla/image.php?id=04 HTTP/1.1" 200 7276 "http://www.f-m-shop.de/seiten/prod_detail_neuer.cfm?name=LCD 19\" HANNSPREE XM Boston&artnr=A%20%2025401&nav=2&kat=XPOSTEN&kat_her=&p_sort=&b_sort=ASC" "Mozilla/4.0 (compatible; MSIE 7.0; Windows NT 5.1; .NET CLR 1.1.4322)"
62.226.202.208 - - [02/Nov/2009:20:54:30 +0100] "GET /livezilla/image.php?id=04 HTTP/1.1" 200 7276 "http://www.f-m-shop.de/seiten/prod_detail_neuer.cfm?kat=MONT19&nav=2&artnr=" "Mozilla/4.0 (compatible; MSIE 7.0; Windows NT 5.1; .NET CLR 1.1.4322)"
92.192.90.80 - - [02/Nov/2009:20:54:45 +0100] "GET /livezilla/image.php?id=04 HTTP/1.1" 200 7276 "http://www.f-m-shop.de/seiten/prod_detail_neuer.cfm?name=NAVI%20TOMTOM%20GO%20940%20Live&artnr=A%20%2024957&nav=2&kat=NAVMOD&kat_her=&p_sort=&b_sort=ASC" "Mozilla/5.0 (Windows; U; Windows NT 6.0; de; rv:1.9.1.4) Gecko/20091016 Firefox/3.5.4 (.NET CLR 3.5.30729)"
87.173.125.149 - - [02/Nov/2009:20:55:12 +0100] "GET /livezilla/image.php?id=04 HTTP/1.1" 200 7276 "http://www.f-m-shop.de/seiten/prod_detail_neuer.cfm?kat=NAVMOD&nav=2&artnr=A%20%2029480" "Mozilla/5.0 (Windows; U; Windows NT 5.1; de; rv:1.9.0.15) Gecko/2009101601 Firefox/3.0.15 (.NET CLR 3.5.30729)"
93.210.183.190 - - [02/Nov/2009:20:58:43 +0100] "GET /livezilla/image.php?id=04 HTTP/1.1" 200 7276 "http://www.f-m-shop.de/seiten/prod_detail_neuer.cfm?kat=NETDLAN&nav=2&artnr=A%20%20%205625" "Mozilla/5.0 (Windows; U; Windows NT 5.1; de; rv:1.9.1.3) Gecko/20090824 Firefox/3.5.3"
92.224.148.91 - - [02/Nov/2009:21:00:17 +0100] "GET /livezilla/image.php?id=04 HTTP/1.1" 200 7276 "http://www.f-m-shop.de/seiten/prod_detail_neuer.cfm?kat=NOTB15&nav=2&artnr=A 23074" "Mozilla/4.0 (compatible; MSIE 8.0; Windows NT 6.0; Trident/4.0; SLCC1; .NET CLR 2.0.50727; Media Center PC 5.0; .NET CLR 3.5.30729; .NET CLR 3.0.30729)"
84.56.105.201 - - [02/Nov/2009:21:00:49 +0100] "GET /livezilla/image.php?id=04 HTTP/1.1" 200 7276 "http://www.f-m-shop.de/seiten/prod_detail_neuer.cfm?kat=MONT24&nav=2&artnr=A%20%2029041" "Mozilla/5.0 (Windows; U; Windows NT 6.0; de; rv:1.9.1.4) Gecko/20091016 Firefox/3.5.4 (.NET CLR 3.5.30729)"
84.56.105.201 - - [02/Nov/2009:21:00:52 +0100] "GET /livezilla/image.php?id=04 HTTP/1.1" 200 7276 "http://www.f-m-shop.de/seiten/prod_detail_neuer.cfm?kat=MONT24&nav=2&artnr=A%20%2029041" "Mozilla/5.0 (Windows; U; Windows NT 6.0; de; rv:1.9.1.4) Gecko/20091016 Firefox/3.5.4 (.NET CLR 3.5.30729)"
88.64.2.31 - - [02/Nov/2009:21:00:59 +0100] "GET /livezilla/image.php?id=04 HTTP/1.1" 200 7276 "http://www.f-m-shop.de/seiten/prod_detail_neuer.cfm?kat=NAVMOD&nav=2&artnr=A%20%2029480" "Mozilla/5.0 (Windows; U; Windows NT 5.1; de; rv:1.9.0.14) Gecko/2009082707 Firefox/3.0.14"
84.56.105.201 - - [02/Nov/2009:21:01:23 +0100] "GET /livezilla/image.php?id=04 HTTP/1.1" 200 7276 "http://www.f-m-shop.de/seiten/prod_detail_neuer.cfm?kat=MONT24&nav=2&artnr=A%20%2029041" "Mozilla/5.0 (Windows; U; Windows NT 6.0; de; rv:1.9.1.4) Gecko/20091016 Firefox/3.5.4 (.NET CLR 3.5.30729)"
88.73.117.208 - - [02/Nov/2009:21:04:35 +0100] "GET /livezilla/image.php?id=04 HTTP/1.1" 200 7276 "http://www.f-m-shop.de/seiten/prod_detail_neuer.cfm?kat=NAVMOD&nav=2&artnr=A 29484" "Mozilla/4.0 (compatible; MSIE 8.0; Windows NT 6.0; Trident/4.0; SLCC1; .NET CLR 2.0.50727; Media Center PC 5.0; .NET CLR 3.5.30729; OfficeLiveConnector.1.3; OfficeLivePatch.0.0; .NET CLR 3.0.30729)"
85.181.78.189 - - [02/Nov/2009:21:05:11 +0100] "GET /livezilla/image.php?id=04 HTTP/1.1" 200 7276 "http://www.f-m-shop.de/seiten/prod_detail_neuer.cfm?kat=MONT23&nav=2&artnr=A 29043" "Mozilla/4.0 (compatible; MSIE 8.0; Windows NT 6.0; Trident/4.0; Mozilla/4.0 (compatible; MSIE 6.0; Windows NT 5.1; SV1) ; SLCC1; .NET CLR 2.0.50727; .NET CLR 1.1.4322; OfficeLiveConnector.1.3; OfficeLivePatch.0.0; .NET CLR 3.5.30729; .NET CLR 3.0.30729)"
92.77.210.22 - - [02/Nov/2009:21:05:38 +0100] "GET /livezilla/image.php?id=04 HTTP/1.1" 200 7276 "http://www.f-m-shop.de/seiten/prod_detail_neuer.cfm?kat=NAVMOD&nav=2&artnr=A%20%2029480" "Mozilla/5.0 (Windows; U; Windows NT 5.1; de; rv:1.9.0.15) Gecko/2009101601 Firefox/3.0.15"
84.73.114.246 - - [02/Nov/2009:21:06:55 +0100] "GET /livezilla/image.php?id=04 HTTP/1.1" 200 7276 "http://www.f-m-shop.de/seiten/prod_detail_neuer.cfm?kat=NAVMOD&nav=2&artnr=A 26905" "Mozilla/4.0 (compatible; MSIE 7.0; Windows NT 6.0; SIMBAR={D8981979-C76B-4A66-8C6A-4822630F5A35}; SLCC1; .NET CLR 2.0.50727; Media Center PC 5.0; .NET CLR 3.0.04506; .NET CLR 3.5.21022)"
92.77.210.22 - - [02/Nov/2009:21:07:02 +0100] "GET /livezilla/templates/style.css HTTP/1.1" 200 8998 "http://chat.f-m-shop.de/livezilla/livezilla.php" "Mozilla/5.0 (Windows; U; Windows NT 5.1; de; rv:1.9.0.15) Gecko/2009101601 Firefox/3.0.15"
92.77.210.22 - - [02/Nov/2009:21:07:01 +0100] "GET /livezilla/livezilla.php HTTP/1.1" 200 72007 "http://www.f-m-shop.de/seiten/prod_detail_neuer.cfm?kat=NAVMOD&nav=2&artnr=A%20%2029480" "Mozilla/5.0 (Windows; U; Windows NT 5.1; de; rv:1.9.0.15) Gecko/2009101601 Firefox/3.0.15"
92.77.210.22 - - [02/Nov/2009:21:07:02 +0100] "GET /livezilla/images/favicon.ico HTTP/1.1" 200 43302 "-" "Mozilla/5.0 (Windows; U; Windows NT 5.1; de; rv:1.9.0.15) Gecko/2009101601 Firefox/3.0.15"
92.77.210.22 - - [02/Nov/2009:21:07:02 +0100] "GET /livezilla/livezilla.php?template=lz_chat_frame.2.0 HTTP/1.1" 200 263 "http://chat.f-m-shop.de/livezilla/livezilla.php" "Mozilla/5.0 (Windows; U; Windows NT 5.1; de; rv:1.9.0.15) Gecko/2009101601 Firefox/3.0.15"
92.77.210.22 - - [02/Nov/2009:21:07:02 +0100] "GET /livezilla/livezilla.php?template=lz_chat_frame.1.1 HTTP/1.1" 200 2257 "http://chat.f-m-shop.de/livezilla/livezilla.php" "Mozilla/5.0 (Windows; U; Windows NT 5.1; de; rv:1.9.0.15) Gecko/2009101601 Firefox/3.0.15"
92.77.210.22 - - [02/Nov/2009:21:07:02 +0100] "GET /livezilla/livezilla.php?template=lz_chat_frame.1.0 HTTP/1.1" 200 279 "http://chat.f-m-shop.de/livezilla/livezilla.php" "Mozilla/5.0 (Windows; U; Windows NT 5.1; de; rv:1.9.0.15) Gecko/2009101601 Firefox/3.0.15"
92.77.210.22 - - [02/Nov/2009:21:07:03 +0100] "GET /livezilla/livezilla.php?template=lz_chat_frame.1.2 HTTP/1.1" 200 264 "http://chat.f-m-shop.de/livezilla/livezilla.php" "Mozilla/5.0 (Windows; U; Windows NT 5.1; de; rv:1.9.0.15) Gecko/2009101601 Firefox/3.0.15"
92.77.210.22 - - [02/Nov/2009:21:07:02 +0100] "GET /livezilla/livezilla.php?template=lz_chat_frame.0.0 HTTP/1.1" 200 259 "http://chat.f-m-shop.de/livezilla/livezilla.php" "Mozilla/5.0 (Windows; U; Windows NT 5.1; de; rv:1.9.0.15) Gecko/2009101601 Firefox/3.0.15"
92.77.210.22 - - [02/Nov/2009:21:07:02 +0100] "GET /livezilla/livezilla.php?template=lz_chat_frame.0.1 HTTP/1.1" 200 277 "http://chat.f-m-shop.de/livezilla/livezilla.php" "Mozilla/5.0 (Windows; U; Windows NT 5.1; de; rv:1.9.0.15) Gecko/2009101601 Firefox/3.0.15"
92.77.210.22 - - [02/Nov/2009:21:07:03 +0100] "GET /livezilla/livezilla.php?template=lz_chat_frame.2.2 HTTP/1.1" 200 264 "http://chat.f-m-shop.de/livezilla/livezilla.php" "Mozilla/5.0 (Windows; U; Windows NT 5.1; de; rv:1.9.0.15) Gecko/2009101601 Firefox/3.0.15"
92.77.210.22 - - [02/Nov/2009:21:07:04 +0100] "GET /livezilla/livezilla.php?template=lz_chat_frame.3.3 HTTP/1.1" 200 239 "http://chat.f-m-shop.de/livezilla/livezilla.php" "Mozilla/5.0 (Windows; U; Windows NT 5.1; de; rv:1.9.0.15) Gecko/2009101601 Firefox/3.0.15"
92.77.210.22 - - [02/Nov/2009:21:07:04 +0100] "GET /livezilla/images/icon_vcard.gif HTTP/1.1" 200 559 "http://chat.f-m-shop.de/livezilla/livezilla.php?template=lz_chat_frame.1.1" "Mozilla/5.0 (Windows; U; Windows NT 5.1; de; rv:1.9.0.15) Gecko/2009101601 Firefox/3.0.15"
92.77.210.22 - - [02/Nov/2009:21:07:03 +0100] "GET /livezilla/livezilla.php?template=lz_chat_frame.4.1 HTTP/1.1" 200 455 "http://chat.f-m-shop.de/livezilla/livezilla.php" "Mozilla/5.0 (Windows; U; Windows NT 5.1; de; rv:1.9.0.15) Gecko/2009101601 Firefox/3.0.15"
92.77.210.22 - - [02/Nov/2009:21:07:04 +0100] "GET /livezilla/images/icon_typing.gif HTTP/1.1" 200 1106 "http://chat.f-m-shop.de/livezilla/livezilla.php?template=lz_chat_frame.1.1" "Mozilla/5.0 (Windows; U; Windows NT 5.1; de; rv:1.9.0.15) Gecko/2009101601 Firefox/3.0.15"
92.77.210.22 - - [02/Nov/2009:21:07:04 +0100] "GET /livezilla/livezilla.php?template=lz_chat_frame.3.0 HTTP/1.1" 200 240 "http://chat.f-m-shop.de/livezilla/livezilla.php" "Mozilla/5.0 (Windows; U; Windows NT 5.1; de; rv:1.9.0.15) Gecko/2009101601 Firefox/3.0.15"
92.77.210.22 - - [02/Nov/2009:21:07:02 +0100] "GET /livezilla/livezilla.php?template=lz_chat_frame.0.2 HTTP/1.1" 200 254 "http://chat.f-m-shop.de/livezilla/livezilla.php" "Mozilla/5.0 (Windows; U; Windows NT 5.1; de; rv:1.9.0.15) Gecko/2009101601 Firefox/3.0.15"
92.77.210.22 - - [02/Nov/2009:21:07:03 +0100] "GET /livezilla/livezilla.php?template=lz_chat_frame.3.2.login& HTTP/1.1" 200 1019 "http://chat.f-m-shop.de/livezilla/livezilla.php" "Mozilla/5.0 (Windows; U; Windows NT 5.1; de; rv:1.9.0.15) Gecko/2009101601 Firefox/3.0.15"
92.77.210.22 - - [02/Nov/2009:21:07:04 +0100] "GET /livezilla/intern_images/nopic.jpg HTTP/1.1" 200 3599 "http://chat.f-m-shop.de/livezilla/livezilla.php?template=lz_chat_frame.1.1" "Mozilla/5.0 (Windows; U; Windows NT 5.1; de; rv:1.9.0.15) Gecko/2009101601 Firefox/3.0.15"
92.77.210.22 - - [02/Nov/2009:21:07:04 +0100] "GET /livezilla/images/lz_header.gif HTTP/1.1" 200 7285 "http://chat.f-m-shop.de/livezilla/livezilla.php?template=lz_chat_frame.1.1" "Mozilla/5.0 (Windows; U; Windows NT 5.1; de; rv:1.9.0.15) Gecko/2009101601 Firefox/3.0.15"
92.77.210.22 - - [02/Nov/2009:21:07:04 +0100] "GET /livezilla/images/carrier_logo.gif HTTP/1.1" 200 6003 "http://chat.f-m-shop.de/livezilla/livezilla.php?template=lz_chat_frame.1.1" "Mozilla/5.0 (Windows; U; Windows NT 5.1; de; rv:1.9.0.15) Gecko/2009101601 Firefox/3.0.15"
92.77.210.22 - - [02/Nov/2009:21:07:04 +0100] "GET /livezilla/images/lz_rep_bg_left.gif HTTP/1.1" 200 593 "http://chat.f-m-shop.de/livezilla/livezilla.php?template=lz_chat_frame.1.1" "Mozilla/5.0 (Windows; U; Windows NT 5.1; de; rv:1.9.0.15) Gecko/2009101601 Firefox/3.0.15"
92.77.210.22 - - [02/Nov/2009:21:07:05 +0100] "GET /livezilla/images/lz_rep_bg.gif HTTP/1.1" 200 320 "http://chat.f-m-shop.de/livezilla/livezilla.php?template=lz_chat_frame.1.1" "Mozilla/5.0 (Windows; U; Windows NT 5.1; de; rv:1.9.0.15) Gecko/2009101601 Firefox/3.0.15"
92.77.210.22 - - [02/Nov/2009:21:07:05 +0100] "GET /livezilla/images/lz_rep_bg_right.gif HTTP/1.1" 200 590 "http://chat.f-m-shop.de/livezilla/livezilla.php?template=lz_chat_frame.1.1" "Mozilla/5.0 (Windows; U; Windows NT 5.1; de; rv:1.9.0.15) Gecko/2009101601 Firefox/3.0.15"
92.77.210.22 - - [02/Nov/2009:21:07:05 +0100] "GET /livezilla/images/chat_bg_footer.gif HTTP/1.1" 200 194 "http://chat.f-m-shop.de/livezilla/templates/style.css" "Mozilla/5.0 (Windows; U; Windows NT 5.1; de; rv:1.9.0.15) Gecko/2009101601 Firefox/3.0.15"
92.77.210.22 - - [02/Nov/2009:21:07:05 +0100] "GET /livezilla/livezilla.php?template=lz_chat_frame.3.2.login.1.0& HTTP/1.1" 200 2939 "http://chat.f-m-shop.de/livezilla/livezilla.php?template=lz_chat_frame.3.2.login&" "Mozilla/5.0 (Windows; U; Windows NT 5.1; de; rv:1.9.0.15) Gecko/2009101601 Firefox/3.0.15"
92.77.210.22 - - [02/Nov/2009:21:07:05 +0100] "GET /livezilla/livezilla.php?template=lz_chat_frame.3.2.login.0.0 HTTP/1.1" 200 1563 "http://chat.f-m-shop.de/livezilla/livezilla.php?template=lz_chat_frame.3.2.login&" "Mozilla/5.0 (Windows; U; Windows NT 5.1; de; rv:1.9.0.15) Gecko/2009101601 Firefox/3.0.15"
92.77.210.22 - - [02/Nov/2009:21:07:05 +0100] "GET /livezilla/images/icon_info.gif HTTP/1.1" 200 1703 "http://chat.f-m-shop.de/livezilla/livezilla.php?template=lz_chat_frame.3.2.login.1.0&" "Mozilla/5.0 (Windows; U; Windows NT 5.1; de; rv:1.9.0.15) Gecko/2009101601 Firefox/3.0.15"
92.77.210.22 - - [02/Nov/2009:21:07:05 +0100] "GET /livezilla/images/lz_button.gif HTTP/1.1" 200 838 "http://chat.f-m-shop.de/livezilla/templates/style.css" "Mozilla/5.0 (Windows; U; Windows NT 5.1; de; rv:1.9.0.15) Gecko/2009101601 Firefox/3.0.15"
92.77.210.22 - - [02/Nov/2009:21:07:05 +0100] "GET /livezilla/livezilla.php?template=lz_chat_frame.3.2.login.2.0 HTTP/1.1" 200 277 "http://chat.f-m-shop.de/livezilla/livezilla.php?template=lz_chat_frame.3.2.login&" "Mozilla/5.0 (Windows; U; Windows NT 5.1; de; rv:1.9.0.15) Gecko/2009101601 Firefox/3.0.15"
92.77.210.22 - - [02/Nov/2009:21:07:05 +0100] "GET /livezilla/images/icon_network.gif HTTP/1.1" 200 354 "http://chat.f-m-shop.de/livezilla/livezilla.php?template=lz_chat_frame.3.2.login.1.0&" "Mozilla/5.0 (Windows; U; Windows NT 5.1; de; rv:1.9.0.15) Gecko/2009101601 Firefox/3.0.15"
92.77.210.22 - - [02/Nov/2009:21:07:05 +0100] "GET /livezilla/images/chat_bg_navigation_sub.gif HTTP/1.1" 200 76 "http://chat.f-m-shop.de/livezilla/templates/style.css" "Mozilla/5.0 (Windows; U; Windows NT 5.1; de; rv:1.9.0.15) Gecko/2009101601 Firefox/3.0.15"
92.77.210.22 - - [02/Nov/2009:21:07:04 +0100] "GET /livezilla/livezilla.php?template=lz_chat_frame.5.1 HTTP/1.1" 200 265 "http://chat.f-m-shop.de/livezilla/livezilla.php" "Mozilla/5.0 (Windows; U; Windows NT 5.1; de; rv:1.9.0.15) Gecko/2009101601 Firefox/3.0.15"
92.77.210.22 - - [02/Nov/2009:21:07:05 +0100] "GET /livezilla/images/chat_bg_navigation_left.gif HTTP/1.1" 200 1078 "http://chat.f-m-shop.de/livezilla/livezilla.php?template=lz_chat_frame.3.2.login.0.0" "Mozilla/5.0 (Windows; U; Windows NT 5.1; de; rv:1.9.0.15) Gecko/2009101601 Firefox/3.0.15"
92.77.210.22 - - [02/Nov/2009:21:07:05 +0100] "GET /livezilla/images/chat_bg_navigation_dev.gif HTTP/1.1" 200 367 "http://chat.f-m-shop.de/livezilla/livezilla.php?template=lz_chat_frame.3.2.login.0.0" "Mozilla/5.0 (Windows; U; Windows NT 5.1; de; rv:1.9.0.15) Gecko/2009101601 Firefox/3.0.15"
92.77.210.22 - - [02/Nov/2009:21:07:05 +0100] "GET /livezilla/images/chat_bg_navigation_right.gif HTTP/1.1" 200 675 "http://chat.f-m-shop.de/livezilla/livezilla.php?template=lz_chat_frame.3.2.login.0.0" "Mozilla/5.0 (Windows; U; Windows NT 5.1; de; rv:1.9.0.15) Gecko/2009101601 Firefox/3.0.15"
92.77.210.22 - - [02/Nov/2009:21:07:05 +0100] "GET /livezilla/images/chat_bg_field.gif HTTP/1.1" 200 121 "http://chat.f-m-shop.de/livezilla/templates/style.css" "Mozilla/5.0 (Windows; U; Windows NT 5.1; de; rv:1.9.0.15) Gecko/2009101601 Firefox/3.0.15"
92.77.210.22 - - [02/Nov/2009:21:07:05 +0100] "GET /livezilla/images/lz_button_extra.gif HTTP/1.1" 200 948 "http://chat.f-m-shop.de/livezilla/templates/style.css" "Mozilla/5.0 (Windows; U; Windows NT 5.1; de; rv:1.9.0.15) Gecko/2009101601 Firefox/3.0.15"
92.77.210.22 - - [02/Nov/2009:21:07:05 +0100] "GET /livezilla/images/button_mail.gif HTTP/1.1" 200 1348 "http://chat.f-m-shop.de/livezilla/livezilla.php?template=lz_chat_frame.3.2.login.0.0" "Mozilla/5.0 (Windows; U; Windows NT 5.1; de; rv:1.9.0.15) Gecko/2009101601 Firefox/3.0.15"
92.77.210.22 - - [02/Nov/2009:21:07:05 +0100] "GET /livezilla/images/button_fav.gif HTTP/1.1" 200 1344 "http://chat.f-m-shop.de/livezilla/livezilla.php?template=lz_chat_frame.3.2.login.0.0" "Mozilla/5.0 (Windows; U; Windows NT 5.1; de; rv:1.9.0.15) Gecko/2009101601 Firefox/3.0.15"
92.77.210.22 - - [02/Nov/2009:21:07:05 +0100] "GET /livezilla/images/button_close.gif HTTP/1.1" 200 1239 "http://chat.f-m-shop.de/livezilla/livezilla.php?template=lz_chat_frame.3.2.login.0.0" "Mozilla/5.0 (Windows; U; Windows NT 5.1; de; rv:1.9.0.15) Gecko/2009101601 Firefox/3.0.15"
92.77.210.22 - - [02/Nov/2009:21:07:05 +0100] "GET /livezilla/images/chat_bg_navigation.gif HTTP/1.1" 200 258 "http://chat.f-m-shop.de/livezilla/templates/style.css" "Mozilla/5.0 (Windows; U; Windows NT 5.1; de; rv:1.9.0.15) Gecko/2009101601 Firefox/3.0.15"
92.77.210.22 - - [02/Nov/2009:21:07:05 +0100] "GET /livezilla/images/chat_bg_footer_top.gif HTTP/1.1" 200 858 "http://chat.f-m-shop.de/livezilla/templates/style.css" "Mozilla/5.0 (Windows; U; Windows NT 5.1; de; rv:1.9.0.15) Gecko/2009101601 Firefox/3.0.15"
92.77.210.22 - - [02/Nov/2009:21:07:06 +0100] "POST /livezilla/server.php HTTP/1.1" 200 212 "http://chat.f-m-shop.de/livezilla/livezilla.php" "Mozilla/5.0 (Windows; U; Windows NT 5.1; de; rv:1.9.0.15) Gecko/2009101601 Firefox/3.0.15"
92.77.210.22 - - [02/Nov/2009:21:07:07 +0100] "GET /livezilla/livezilla.php?template=lz_chat_frame.3.2.mail HTTP/1.1" 200 3993 "http://chat.f-m-shop.de/livezilla/livezilla.php" "Mozilla/5.0 (Windows; U; Windows NT 5.1; de; rv:1.9.0.15) Gecko/2009101601 Firefox/3.0.15"
92.77.210.22 - - [02/Nov/2009:21:07:07 +0100] "POST /livezilla/livezilla.php?template=lz_chat_frame.3.2.mail HTTP/1.1" 200 4002 "http://chat.f-m-shop.de/livezilla/livezilla.php?template=lz_chat_frame.3.2.login.1.0&" "Mozilla/5.0 (Windows; U; Windows NT 5.1; de; rv:1.9.0.15) Gecko/2009101601 Firefox/3.0.15"
92.77.210.22 - - [02/Nov/2009:21:07:07 +0100] "GET /livezilla/images/button_chat.gif HTTP/1.1" 200 1218 "http://chat.f-m-shop.de/livezilla/livezilla.php?template=lz_chat_frame.3.2.mail" "Mozilla/5.0 (Windows; U; Windows NT 5.1; de; rv:1.9.0.15) Gecko/2009101601 Firefox/3.0.15"
92.77.210.22 - - [02/Nov/2009:21:07:07 +0100] "GET /livezilla/images/button_print.gif HTTP/1.1" 200 1183 "http://chat.f-m-shop.de/livezilla/livezilla.php?template=lz_chat_frame.3.2.mail" "Mozilla/5.0 (Windows; U; Windows NT 5.1; de; rv:1.9.0.15) Gecko/2009101601 Firefox/3.0.15"
217.88.89.149 - - [02/Nov/2009:21:09:36 +0100] "GET /livezilla/image.php?id=04 HTTP/1.1" 200 7276 "http://www.f-m-shop.de/seiten/prod_detail_neuer.cfm?kat=NETWLROU&nav=2&artnr=A 21882" "Mozilla/4.0 (compatible; MSIE 7.0; Windows NT 5.1; Trident/4.0; .NET CLR 2.0.50727; .NET CLR 3.0.4506.2152; .NET CLR 3.5.30729)"
91.66.232.45 - - [02/Nov/2009:21:10:01 +0100] "GET /livezilla/image.php?id=04 HTTP/1.1" 200 7276 "http://www.f-m-shop.de/seiten/prod_detail_neuer.cfm?kat=HIFTVCRD&nav=2&artnr=A%20%2028452" "Mozilla/5.0 (Macintosh; U; Intel Mac OS X 10_5_8; de-de) AppleWebKit/531.9 (KHTML, like Gecko) Version/4.0.3 Safari/531.9"
77.11.148.67 - - [02/Nov/2009:21:10:26 +0100] "GET /livezilla/image.php?id=04 HTTP/1.1" 200 7276 "http://www.f-m-shop.de/seiten/prod_detail_neuer.cfm?kat=HDDIDE&nav=2&artnr=A 21780" "Mozilla/4.0 (compatible; MSIE 8.0; Windows NT 6.1; Trident/4.0; SLCC2; .NET CLR 2.0.50727; .NET CLR 3.5.30729; .NET CLR 3.0.30729; Media Center PC 6.0; InfoPath.2)"
95.116.108.77 - - [02/Nov/2009:21:10:58 +0100] "GET /livezilla/image.php?id=04 HTTP/1.1" 200 7276 "http://www.f-m-shop.de/seiten/prod_detail_neuer.cfm?kat=HIFMEDIA&nav=2&artnr=A%20%2029928" "Mozilla/5.0 (Windows; U; Windows NT 6.1; de; rv:1.9.1.4) Gecko/20091016 Firefox/3.5.4"
77.11.148.67 - - [02/Nov/2009:21:11:08 +0100] "GET /livezilla/image.php?id=04 HTTP/1.1" 200 7276 "http://www.f-m-shop.de/seiten/prod_detail_neuer.cfm?name=HDD 2.5\" 250GB WD Scorpio Blue&artnr=A%20%2019551&nav=2&kat=HDDNOT&kat_her=&p_sort=&b_sort=ASC" "Mozilla/4.0 (compatible; MSIE 8.0; Windows NT 6.1; Trident/4.0; SLCC2; .NET CLR 2.0.50727; .NET CLR 3.5.30729; .NET CLR 3.0.30729; Media Center PC 6.0; InfoPath.2)"
77.11.148.67 - - [02/Nov/2009:21:11:39 +0100] "GET /livezilla/image.php?id=04 HTTP/1.1" 200 7276 "http://www.f-m-shop.de/seiten/prod_detail_neuer.cfm?name=HDD%202.5\"%20250GB%20WD%20Scorpio%20Blue&artnr=A%20%2019551&nav=2&kat=HDDNOT&kat_her=&p_sort=&b_sort=ASC" "Mozilla/4.0 (compatible; MSIE 8.0; Windows NT 6.1; Trident/4.0; SLCC2; .NET CLR 2.0.50727; .NET CLR 3.5.30729; .NET CLR 3.0.30729; Media Center PC 6.0; InfoPath.2)"
95.116.108.77 - - [02/Nov/2009:21:11:54 +0100] "GET /livezilla/templates/style.css HTTP/1.1" 200 8998 "http://chat.f-m-shop.de/livezilla/livezilla.php" "Mozilla/5.0 (Windows; U; Windows NT 6.1; de; rv:1.9.1.4) Gecko/20091016 Firefox/3.5.4"
95.116.108.77 - - [02/Nov/2009:21:11:54 +0100] "GET /livezilla/livezilla.php HTTP/1.1" 200 72007 "http://www.f-m-shop.de/seiten/prod_detail_neuer.cfm?kat=HIFMEDIA&nav=2&artnr=A%20%2029928" "Mozilla/5.0 (Windows; U; Windows NT 6.1; de; rv:1.9.1.4) Gecko/20091016 Firefox/3.5.4"
95.116.108.77 - - [02/Nov/2009:21:11:54 +0100] "GET /livezilla/images/favicon.ico HTTP/1.1" 200 43302 "-" "Mozilla/5.0 (Windows; U; Windows NT 6.1; de; rv:1.9.1.4) Gecko/20091016 Firefox/3.5.4"
95.116.108.77 - - [02/Nov/2009:21:11:55 +0100] "GET /livezilla/livezilla.php?template=lz_chat_frame.2.0 HTTP/1.1" 200 263 "http://chat.f-m-shop.de/livezilla/livezilla.php" "Mozilla/5.0 (Windows; U; Windows NT 6.1; de; rv:1.9.1.4) Gecko/20091016 Firefox/3.5.4"
95.116.108.77 - - [02/Nov/2009:21:11:55 +0100] "GET /livezilla/livezilla.php?template=lz_chat_frame.0.1 HTTP/1.1" 200 277 "http://chat.f-m-shop.de/livezilla/livezilla.php" "Mozilla/5.0 (Windows; U; Windows NT 6.1; de; rv:1.9.1.4) Gecko/20091016 Firefox/3.5.4"
95.116.108.77 - - [02/Nov/2009:21:11:55 +0100] "GET /livezilla/livezilla.php?template=lz_chat_frame.3.2.login& HTTP/1.1" 200 1019 "http://chat.f-m-shop.de/livezilla/livezilla.php" "Mozilla/5.0 (Windows; U; Windows NT 6.1; de; rv:1.9.1.4) Gecko/20091016 Firefox/3.5.4"
