192.168.10.10 - - [02/Nov/2009:18:33:32 +0100] "POST /livezilla/server.php?acid=1a8d2 HTTP/1.1" 200 - "-" "LiveZilla 3.1.7.7 [http://www.livezilla.net]"
192.168.10.10 - - [02/Nov/2009:18:35:02 +0100] "POST /livezilla/server.php?acid=37d69 HTTP/1.1" 200 - "-" "LiveZilla 3.1.7.7 [http://www.livezilla.net]"
192.168.10.10 - - [02/Nov/2009:18:34:20 +0100] "POST /livezilla/server.php?acid=491db HTTP/1.1" 200 - "-" "LiveZilla 3.1.7.7 [http://www.livezilla.net]"
79.193.177.4 - - [02/Nov/2009:18:36:11 +0100] "GET /livezilla/image.php?id=04 HTTP/1.1" 200 7276 "http://www.f-m-shop.de/seiten/prod_detail_neuer.cfm?kat=EINDIG&nav=2&artnr=A%20%2029803" "Opera/9.63 (Windows NT 5.1; U; de) Presto/2.1.1"
217.228.123.210 - - [02/Nov/2009:18:36:27 +0100] "GET /livezilla/image.php?id=04 HTTP/1.1" 200 7276 "http://www.eizo4you.de/seiten/prod_detail_neuer.cfm?name=LCD 23\" EIZO FlexScan EV2333WH schwarz&artnr=A%20%2029043&nav=2&kat=MONT23&kat_her=&p_sort=&b_sort=ASC" "Mozilla/4.0 (compatible; MSIE 8.0; Windows NT 5.1; Trident/4.0; .NET CLR 1.1.4322; .NET CLR 2.0.50727; .NET CLR 3.0.4506.2152; .NET CLR 3.5.30729; FDM)"
91.56.205.51 - - [02/Nov/2009:18:36:37 +0100] "GET /livezilla/image.php?id=04 HTTP/1.1" 200 7276 "http://www.f-m-shop.de/seiten/prod_detail_neuer.cfm?artnr=A%20%2029491&nav=2" "Mozilla/4.0 (compatible; MSIE 6.0; Windows NT 5.1; SV1; GTB6; .NET CLR 2.0.50727; .NET CLR 3.0.04506.648; .NET CLR 3.5.21022)"
217.228.123.210 - - [02/Nov/2009:18:37:24 +0100] "GET /livezilla/image.php?id=04 HTTP/1.1" 200 7276 "http://www.eizo4you.de/seiten/prod_detail_neuer.cfm?name=LCD 23\" EIZO FlexScan EV2333WH schwarz&artnr=A%20%2029043&nav=2&kat=MONT23&kat_her=&p_sort=&b_sort=ASC" "Mozilla/4.0 (compatible; MSIE 8.0; Windows NT 5.1; Trident/4.0; .NET CLR 1.1.4322; .NET CLR 2.0.50727; .NET CLR 3.0.4506.2152; .NET CLR 3.5.30729; FDM)"
85.176.170.75 - - [02/Nov/2009:18:37:58 +0100] "GET /livezilla/image.php?id=04 HTTP/1.1" 200 7276 "http://www.f-m-shop.de/seiten/prod_detail_neuer.cfm?kat=MONT24&nav=2&artnr=A 25024" "Mozilla/4.0 (compatible; MSIE 7.0; Windows NT 5.1; .NET CLR 2.0.50727; .NET CLR 3.0.4506.2152; .NET CLR 3.5.30729)"
91.56.205.51 - - [02/Nov/2009:18:39:39 +0100] "GET /livezilla/image.php?id=04 HTTP/1.1" 200 7276 "http://www.f-m-shop.de/seiten/prod_detail_neuer.cfm?artnr=A%20%2029491&nav=2" "Mozilla/4.0 (compatible; MSIE 6.0; Windows NT 5.1; SV1; GTB6; .NET CLR 2.0.50727; .NET CLR 3.0.04506.648; .NET CLR 3.5.21022)"
77.134.107.191 - - [02/Nov/2009:18:39:47 +0100] "GET /livezilla/image.php?id=04 HTTP/1.1" 200 7276 "http://www.f-m-shop.de/seiten/prod_detail_neuer.cfm?kat=GEH19%22&nav=2&artnr=A%20%20%204208" "Mozilla/5.0 (Windows; U; Windows NT 5.1; de; rv:1.9.1.4) Gecko/20091016 Firefox/3.5.4 (.NET CLR 3.5.30729)"
87.183.108.56 - - [02/Nov/2009:18:41:13 +0100] "GET /livezilla/image.php?id=04 HTTP/1.1" 200 7276 "http://www.f-m-shop.de/seiten/prod_detail_neuer.cfm?kat=HIFTVCRD&nav=2&artnr=A%20%2028452" "Mozilla/5.0 (Macintosh; U; Intel Mac OS X 10_6_1; de-de) AppleWebKit/531.9 (KHTML, like Gecko) Version/4.0.3 Safari/531.9"
92.229.49.149 - - [02/Nov/2009:18:41:43 +0100] "GET /livezilla/image.php?id=04 HTTP/1.1" 200 7276 "http://www.f-m-shop.de/seiten/prod_detail_neuer.cfm?name=LCD%2026%22%20NEC%20MultiSync%202690WUXI2&artnr=A%20%2026344&nav=2&kat=MONT40&kat_her=&p_sort=&b_sort=ASC" "Mozilla/5.0 (Macintosh; U; Intel Mac OS X 10_6_1; de-de) AppleWebKit/531.9 (KHTML, like Gecko) Version/4.0.3 Safari/531.9"
92.224.56.58 - - [02/Nov/2009:18:43:10 +0100] "GET /livezilla/image.php?id=04 HTTP/1.1" 200 7276 "http://www.f-m-shop.de/seiten/prod_detail_neuer.cfm?kat=NOTB15&nav=2&artnr=A 28685" "Mozilla/4.0 (compatible; MSIE 6.0; Windows NT 5.1; .NET CLR 1.1.4322; .NET CLR 2.0.50727; InfoPath.1; .NET CLR 3.0.4506.2152; .NET CLR 3.5.30729)"
77.11.248.49 - - [02/Nov/2009:18:43:48 +0100] "GET /livezilla/image.php?id=04 HTTP/1.1" 200 7276 "http://www.f-m-shop.de/seiten/prod_detail_neuer.cfm?kat=NAVMOD&nav=2&artnr=A 29480" "Mozilla/4.0 (compatible; MSIE 8.0; Windows NT 6.0; Trident/4.0; GTB6; SLCC1; .NET CLR 2.0.50727; Media Center PC 5.0; .NET CLR 1.1.4322; .NET CLR 3.5.30729; .NET CLR 3.0.30729)"
78.94.3.99 - - [02/Nov/2009:18:43:53 +0100] "GET /livezilla/image.php?id=04 HTTP/1.1" 200 7276 "http://www.f-m-shop.de/seiten/prod_detail_neuer.cfm?kat=MONT24&nav=2&artnr=A%20%2025271" "Opera/9.63 (Macintosh; Intel Mac OS X; U; de) Presto/2.1.1"
91.114.194.21 - - [02/Nov/2009:18:44:11 +0100] "GET /livezilla/image.php?id=04 HTTP/1.1" 200 7276 "http://www.f-m-shop.de/seiten/prod_detail_neuer.cfm?name=Video%20MATROX%20DualHead2Go%20Digital%20Edition&artnr=A%20%2018926&nav=2&kat=HIFVIDCR&kat_her=&p_sort=&b_sort=ASC" "Mozilla/5.0 (Windows; U; Windows NT 5.1; de; rv:1.9.1.4) Gecko/20091016 Firefox/3.5.4"
91.114.194.21 - - [02/Nov/2009:18:44:34 +0100] "GET /livezilla/image.php?id=04 HTTP/1.1" 200 7276 "http://www.f-m-shop.de/seiten/prod_detail_neuer.cfm?name=TV-KARTE%20Hauppauge%20WinTV%20HVR%204000%20PCI&artnr=A%20%2016441&nav=2&kat=HIFTVCRD&kat_her=&p_sort=&b_sort=ASC" "Mozilla/5.0 (Windows; U; Windows NT 5.1; de; rv:1.9.1.4) Gecko/20091016 Firefox/3.5.4"
91.19.117.85 - - [02/Nov/2009:18:45:17 +0100] "GET /livezilla/image.php?id=04 HTTP/1.1" 200 7276 "http://www.f-m-shop.de/seiten/prod_detail_neuer.cfm?kat=NOTB15&nav=2&artnr=A 28685" "Mozilla/4.0 (compatible; MSIE 8.0; Windows NT 6.0; Trident/4.0; GTB6; SLCC1; .NET CLR 2.0.50727; Media Center PC 5.0; .NET CLR 1.1.4322; .NET CLR 3.5.30729; .NET CLR 3.0.30729)"
95.90.163.71 - - [02/Nov/2009:18:45:31 +0100] "GET /livezilla/image.php?id=04 HTTP/1.1" 200 7276 "http://www.f-m-shop.de/seiten/prod_detail_neuer.cfm?kat=MAIN775&nav=2&artnr=A 26683" "Mozilla/4.0 (compatible; MSIE 8.0; Windows NT 6.0; Trident/4.0; SLCC1; .NET CLR 2.0.50727; Media Center PC 5.0; .NET CLR 3.5.30729; .NET CLR 3.0.30618)"
95.90.163.71 - - [02/Nov/2009:18:46:41 +0100] "GET /livezilla/image.php?id=04 HTTP/1.1" 200 7276 "-" "Mozilla/4.0 (compatible; MSIE 8.0; Windows NT 6.0; Trident/4.0; SLCC1; .NET CLR 2.0.50727; Media Center PC 5.0; .NET CLR 3.5.30729; .NET CLR 3.0.30618)"
84.155.66.234 - - [02/Nov/2009:18:46:43 +0100] "GET /livezilla/image.php?id=04 HTTP/1.1" 200 7276 "http://www.f-m-shop.de/seiten/prod_detail_neuer.cfm?kat=NOTB13&nav=2&artnr=A%20%2029612" "Mozilla/5.0 (Windows; U; Windows NT 5.1; de; rv:1.9.0.15) Gecko/2009101601 Firefox/3.0.15 GTB5"
95.90.163.71 - - [02/Nov/2009:18:46:43 +0100] "GET /livezilla/image.php?id=04 HTTP/1.1" 200 7276 "-" "Mozilla/4.0 (compatible; MSIE 8.0; Windows NT 6.0; Trident/4.0; SLCC1; .NET CLR 2.0.50727; Media Center PC 5.0; .NET CLR 3.5.30729; .NET CLR 3.0.30618)"
95.90.163.71 - - [02/Nov/2009:18:46:47 +0100] "GET /livezilla/image.php?id=04 HTTP/1.1" 200 7276 "-" "Mozilla/4.0 (compatible; MSIE 8.0; Windows NT 6.0; Trident/4.0; SLCC1; .NET CLR 2.0.50727; Media Center PC 5.0; .NET CLR 3.5.30729; .NET CLR 3.0.30618)"
95.90.163.71 - - [02/Nov/2009:18:46:48 +0100] "GET /livezilla/image.php?id=04 HTTP/1.1" 200 7276 "-" "Mozilla/4.0 (compatible; MSIE 8.0; Windows NT 6.0; Trident/4.0; SLCC1; .NET CLR 2.0.50727; Media Center PC 5.0; .NET CLR 3.5.30729; .NET CLR 3.0.30618)"
95.90.163.71 - - [02/Nov/2009:18:47:03 +0100] "GET /livezilla/image.php?id=04 HTTP/1.1" 200 7276 "-" "Mozilla/4.0 (compatible; MSIE 8.0; Windows NT 6.0; Trident/4.0; SLCC1; .NET CLR 2.0.50727; Media Center PC 5.0; .NET CLR 3.5.30729; .NET CLR 3.0.30618)"
95.90.163.71 - - [02/Nov/2009:18:47:03 +0100] "GET /livezilla/image.php?id=04 HTTP/1.1" 200 7276 "-" "Mozilla/4.0 (compatible; MSIE 8.0; Windows NT 6.0; Trident/4.0; SLCC1; .NET CLR 2.0.50727; Media Center PC 5.0; .NET CLR 3.5.30729; .NET CLR 3.0.30618)"
109.84.234.218 - - [02/Nov/2009:18:47:25 +0100] "GET /livezilla/image.php?id=04 HTTP/1.1" 200 7276 "http://www.f-m-shop.de/seiten/prod_detail_neuer.cfm?kat=NAVMOD&nav=2&artnr=A%20%2029480" "Mozilla/5.0 (Windows; U; Windows NT 5.1; de; rv:1.9.1.3) Gecko/20090824 Firefox/3.5.3"
195.91.79.106 - - [02/Nov/2009:18:47:59 +0100] "GET /livezilla/image.php?id=04 HTTP/1.1" 200 7276 "http://www.f-m-shop.de/seiten/prod_detail_neuer.cfm?kat=MONT24&nav=2&artnr=A%20%2025024" "Mozilla/5.0 (Windows; U; Windows NT 6.1; sk; rv:1.9.1.4) Gecko/20091016 Firefox/3.5.4 (.NET CLR 3.5.30729)"
92.229.49.149 - - [02/Nov/2009:18:48:26 +0100] "GET /livezilla/image.php?id=04 HTTP/1.1" 200 7276 "http://www.f-m-shop.de/seiten/prod_detail_neuer.cfm?name=LCD%2028%22%20HANNS-G%20HG281DJ&artnr=A%20%2020827&nav=2&kat=MONT40&kat_her=&p_sort=ASC&b_sort=ASC" "Mozilla/5.0 (Macintosh; U; Intel Mac OS X 10.6; de; rv:1.9.1.4) Gecko/20091016 Firefox/3.5.4"
84.160.223.176 - - [02/Nov/2009:18:50:25 +0100] "GET /livezilla/image.php?id=04 HTTP/1.1" 200 7276 "http://www.f-m-shop.de/seiten/prod_detail_neuer.cfm?kat=NAVMOD&nav=2&artnr=A%20%2029480" "Mozilla/5.0 (Windows; U; Windows NT 5.1; de; rv:1.9.0.15) Gecko/2009101601 Firefox/3.0.15"
84.183.244.193 - - [02/Nov/2009:18:52:20 +0100] "GET /livezilla/image.php?id=04 HTTP/1.1" 200 7276 "http://www.f-m-shop.de/seiten/prod_detail_neuer.cfm?kat=DRUMUL&nav=2&artnr=A%20%2022976" "Mozilla/5.0 (Windows; U; Windows NT 5.1; en-US) AppleWebKit/532.0 (KHTML, like Gecko) Chrome/3.0.195.27 Safari/532.0"
91.2.187.203 - - [02/Nov/2009:18:53:05 +0100] "GET /livezilla/image.php?id=04 HTTP/1.1" 200 7276 "http://www.f-m-shop.de/seiten/prod_detail_neuer.cfm?kat=GRA1GBX&nav=2&artnr=A%20%2027228" "Mozilla/5.0 (Windows; U; Windows NT 6.1; de; rv:1.9.1.4) Gecko/20091016 Firefox/3.5.4 GTB6"
79.219.180.77 - - [02/Nov/2009:18:55:07 +0100] "GET /livezilla/image.php?id=04 HTTP/1.1" 200 7276 "http://www.f-m-shop.de/seiten/prod_detail_neuer.cfm?kat=HDDNOTSA&nav=2&artnr=A%20%2025555" "Mozilla/5.0 (Windows; U; Windows NT 6.0; de; rv:1.9.1.3) Gecko/20090824 Firefox/3.5.3 (.NET CLR 3.5.30729)"
91.59.21.187 - - [02/Nov/2009:18:56:18 +0100] "GET /livezilla/image.php?id=04 HTTP/1.1" 200 7276 "http://www.f-m-shop.de/seiten/prod_detail_neuer.cfm?kat=HDDE25&nav=2&artnr=A%20%2027032" "Mozilla/5.0 (Windows; U; Windows NT 5.1; de; rv:1.9.1.4) Gecko/20091016 Firefox/3.5.4"
217.236.219.153 - - [02/Nov/2009:18:56:45 +0100] "GET /livezilla/image.php?id=04 HTTP/1.1" 200 7276 "http://www.f-m-shop.de/seiten/prod_detail_neuer.cfm?kat=HDDE25&nav=2&artnr=A 27032" "Mozilla/4.0 (compatible; MSIE 8.0; Windows NT 5.1; Trident/4.0; GTB6.3)"
80.139.242.207 - - [02/Nov/2009:18:58:07 +0100] "GET /livezilla/image.php?id=04 HTTP/1.1" 200 7276 "http://www.f-m-shop.de/seiten/prod_detail_neuer.cfm?kat=NOTB15&nav=2&artnr=A%20%2028685" "Mozilla/5.0 (Windows; U; Windows NT 5.1; de; rv:1.9.0.15) Gecko/2009101601 Firefox/3.0.15"
78.88.228.136 - - [02/Nov/2009:18:58:13 +0100] "GET /livezilla/image.php?id=04 HTTP/1.1" 200 7276 "http://www.f-m-shop.de/seiten/prod_detail_neuer.cfm?name=ASUS%20EeePC%201002HA%20Intel%20Atom%20N270%2010Zoll&artnr=A%20%2027140&nav=2&kat=NOTB07&kat_her=&p_sort=&b_sort=ASC" "Mozilla/5.0 (Windows; U; Windows NT 5.1; pl; rv:1.9.0.15) Gecko/2009101601 Firefox/3.0.15"
62.226.22.170 - - [02/Nov/2009:18:58:24 +0100] "GET /livezilla/image.php?id=04 HTTP/1.1" 200 7276 "http://www.f-m-shop.de/seiten/prod_detail_neuer.cfm?kat=NOTB15&nav=2&artnr=A 28685" "Mozilla/4.0 (compatible; MSIE 7.0; Windows NT 6.0; SLCC1; .NET CLR 2.0.50727; Media Center PC 5.0; eSobiSubscriber 2.0.4.16; .NET CLR 3.5.30729; .NET CLR 3.0.30729)"
79.226.187.254 - - [02/Nov/2009:18:58:51 +0100] "GET /livezilla/image.php?id=04 HTTP/1.1" 200 7276 "http://www.f-m-shop.de/seiten/prod_detail_neuer.cfm?kat=NOTB15&nav=2&artnr=A 28685" "Mozilla/4.0 (compatible; MSIE 7.0; Windows NT 6.0; GTB6; SLCC1; .NET CLR 2.0.50727; Media Center PC 5.0; .NET CLR 1.1.4322; .NET CLR 3.5.30729; .NET CLR 3.0.30618)"
217.229.201.75 - - [02/Nov/2009:18:59:24 +0100] "GET /livezilla/image.php?id=04 HTTP/1.1" 200 7276 "http://www.f-m-shop.de/seiten/prod_detail_neuer.cfm?kat=HDDSATA&nav=2&artnr=A 24413" "Mozilla/4.0 (compatible; MSIE 7.0; Windows NT 5.1; coinbox 5.9.0.515)"
91.41.62.96 - - [02/Nov/2009:18:59:28 +0100] "GET /livezilla/image.php?id=04 HTTP/1.1" 200 7276 "http://www.f-m-shop.de/seiten/prod_detail_neuer.cfm?kat=MONT24&nav=2&artnr=A%20%2027670" "Mozilla/5.0 (Windows; U; Windows NT 5.1; de; rv:1.9.0.15) Gecko/2009101601 Firefox/3.0.15 (.NET CLR 3.5.30729)"
188.102.139.229 - - [02/Nov/2009:18:59:40 +0100] "GET /livezilla/image.php?id=04 HTTP/1.1" 200 7276 "http://www.f-m-shop.de/seiten/prod_detail_neuer.cfm?kat=DRULASMO&nav=2&artnr=A%20%2026545" "Opera/9.80 (X11; Linux i686; U; de) Presto/2.2.15 Version/10.00"
80.139.242.207 - - [02/Nov/2009:18:59:58 +0100] "GET /livezilla/image.php?id=04 HTTP/1.1" 200 7276 "http://www.f-m-shop.de/seiten/prod_detail_neuer.cfm?kat=NOTB15&nav=2&artnr=A%20%2028922" "Mozilla/5.0 (Windows; U; Windows NT 5.1; de; rv:1.9.0.15) Gecko/2009101601 Firefox/3.0.15"
95.91.45.173 - - [02/Nov/2009:19:00:01 +0100] "GET /livezilla/image.php?id=04 HTTP/1.1" 200 7276 "http://www.f-m-shop.de/seiten/prod_detail_neuer.cfm?kat=NAVMOD&nav=2&artnr=A 29480" "Mozilla/4.0 (compatible; MSIE 8.0; Windows NT 6.0; Trident/4.0; SLCC1; .NET CLR 2.0.50727; Media Center PC 5.0; .NET CLR 3.5.30729; OfficeLiveConnector.1.3; OfficeLivePatch.0.0; .NET CLR 3.0.30729; MSN OptimizedIE8;DEDE)"
62.226.22.170 - - [02/Nov/2009:19:00:06 +0100] "GET /livezilla/image.php?id=04 HTTP/1.1" 200 7276 "http://www.f-m-shop.de/seiten/prod_detail_neuer.cfm?kat=NOTB15&nav=2&artnr=A%20%2028685" "Mozilla/4.0 (compatible; MSIE 7.0; Windows NT 6.0; SLCC1; .NET CLR 2.0.50727; Media Center PC 5.0; eSobiSubscriber 2.0.4.16; .NET CLR 3.5.30729; .NET CLR 3.0.30729)"
89.54.60.31 - - [02/Nov/2009:19:01:08 +0100] "GET /livezilla/image.php?id=04 HTTP/1.1" 200 7276 "-" "Opera/9.80 (Windows NT 5.1; U; de) Presto/2.2.15 Version/10.00"
89.54.60.31 - - [02/Nov/2009:19:01:33 +0100] "GET /livezilla/livezilla.php HTTP/1.1" 200 72008 "-" "Opera/9.80 (Windows NT 5.1; U; de) Presto/2.2.15 Version/10.00"
89.54.60.31 - - [02/Nov/2009:19:01:34 +0100] "GET /livezilla/livezilla.php?template=lz_chat_frame.0.0 HTTP/1.1" 200 259 "-" "Opera/9.80 (Windows NT 5.1; U; de) Presto/2.2.15 Version/10.00"
89.54.60.31 - - [02/Nov/2009:19:01:34 +0100] "GET /livezilla/livezilla.php?template=lz_chat_frame.0.2 HTTP/1.1" 200 254 "-" "Opera/9.80 (Windows NT 5.1; U; de) Presto/2.2.15 Version/10.00"
89.54.60.31 - - [02/Nov/2009:19:01:34 +0100] "GET /livezilla/livezilla.php?template=lz_chat_frame.0.1 HTTP/1.1" 200 277 "-" "Opera/9.80 (Windows NT 5.1; U; de) Presto/2.2.15 Version/10.00"
89.54.60.31 - - [02/Nov/2009:19:01:34 +0100] "GET /livezilla/livezilla.php?template=lz_chat_frame.1.0 HTTP/1.1" 200 279 "-" "Opera/9.80 (Windows NT 5.1; U; de) Presto/2.2.15 Version/10.00"
89.54.60.31 - - [02/Nov/2009:19:01:34 +0100] "GET /livezilla/livezilla.php?template=lz_chat_frame.2.0 HTTP/1.1" 200 263 "-" "Opera/9.80 (Windows NT 5.1; U; de) Presto/2.2.15 Version/10.00"
89.54.60.31 - - [02/Nov/2009:19:01:34 +0100] "GET /livezilla/livezilla.php?template=lz_chat_frame.1.1 HTTP/1.1" 200 2257 "-" "Opera/9.80 (Windows NT 5.1; U; de) Presto/2.2.15 Version/10.00"
89.54.60.31 - - [02/Nov/2009:19:01:35 +0100] "GET /livezilla/livezilla.php?template=lz_chat_frame.3.2.login& HTTP/1.1" 200 1019 "-" "Opera/9.80 (Windows NT 5.1; U; de) Presto/2.2.15 Version/10.00"
89.54.60.31 - - [02/Nov/2009:19:01:35 +0100] "GET /livezilla/livezilla.php?template=lz_chat_frame.4.1 HTTP/1.1" 200 455 "-" "Opera/9.80 (Windows NT 5.1; U; de) Presto/2.2.15 Version/10.00"
89.54.60.31 - - [02/Nov/2009:19:01:35 +0100] "GET /livezilla/livezilla.php?template=lz_chat_frame.3.2.login.1.0& HTTP/1.1" 200 2939 "-" "Opera/9.80 (Windows NT 5.1; U; de) Presto/2.2.15 Version/10.00"
89.54.60.31 - - [02/Nov/2009:19:01:35 +0100] "GET /livezilla/livezilla.php?template=lz_chat_frame.3.2.login.0.0 HTTP/1.1" 200 1563 "-" "Opera/9.80 (Windows NT 5.1; U; de) Presto/2.2.15 Version/10.00"
89.54.60.31 - - [02/Nov/2009:19:01:35 +0100] "GET /livezilla/livezilla.php?template=lz_chat_frame.5.1 HTTP/1.1" 200 265 "-" "Opera/9.80 (Windows NT 5.1; U; de) Presto/2.2.15 Version/10.00"
89.54.60.31 - - [02/Nov/2009:19:01:35 +0100] "GET /livezilla/livezilla.php?template=lz_chat_frame.3.0 HTTP/1.1" 200 240 "-" "Opera/9.80 (Windows NT 5.1; U; de) Presto/2.2.15 Version/10.00"
89.54.60.31 - - [02/Nov/2009:19:01:36 +0100] "GET /livezilla/livezilla.php?template=lz_chat_frame.3.3 HTTP/1.1" 200 239 "-" "Opera/9.80 (Windows NT 5.1; U; de) Presto/2.2.15 Version/10.00"
89.54.60.31 - - [02/Nov/2009:19:01:36 +0100] "GET /livezilla/livezilla.php?template=lz_chat_frame.3.2.login.2.0 HTTP/1.1" 200 277 "-" "Opera/9.80 (Windows NT 5.1; U; de) Presto/2.2.15 Version/10.00"
89.54.60.31 - - [02/Nov/2009:19:01:35 +0100] "GET /livezilla/livezilla.php?template=lz_chat_frame.2.2 HTTP/1.1" 200 264 "-" "Opera/9.80 (Windows NT 5.1; U; de) Presto/2.2.15 Version/10.00"
89.54.60.31 - - [02/Nov/2009:19:01:35 +0100] "GET /livezilla/livezilla.php?template=lz_chat_frame.1.2 HTTP/1.1" 200 264 "-" "Opera/9.80 (Windows NT 5.1; U; de) Presto/2.2.15 Version/10.00"
89.54.60.31 - - [02/Nov/2009:19:01:37 +0100] "POST /livezilla/server.php HTTP/1.1" 200 212 "-" "Opera/9.80 (Windows NT 5.1; U; de) Presto/2.2.15 Version/10.00"
89.54.60.31 - - [02/Nov/2009:19:01:37 +0100] "GET /livezilla/livezilla.php?template=lz_chat_frame.3.2.mail HTTP/1.1" 200 3993 "-" "Opera/9.80 (Windows NT 5.1; U; de) Presto/2.2.15 Version/10.00"
95.91.45.173 - - [02/Nov/2009:19:01:39 +0100] "GET /livezilla/image.php?id=04 HTTP/1.1" 200 7276 "http://www.f-m-shop.de/seiten/prod_detail_neuer.cfm?kat=NAVMOD&nav=2&artnr=A%20%2029480" "Mozilla/4.0 (compatible; MSIE 8.0; Windows NT 6.0; Trident/4.0; SLCC1; .NET CLR 2.0.50727; Media Center PC 5.0; .NET CLR 3.5.30729; OfficeLiveConnector.1.3; OfficeLivePatch.0.0; .NET CLR 3.0.30729; MSN OptimizedIE8;DEDE)"
92.226.153.130 - - [02/Nov/2009:19:02:05 +0100] "GET /livezilla/image.php?id=04 HTTP/1.1" 200 7276 "http://www.f-m-shop.de/seiten/prod_detail_neuer.cfm?kat=EINDESK&nav=2&artnr=A%20%2021622" "Mozilla/5.0 (Windows; U; Windows NT 5.1; de; rv:1.9.0.15) Gecko/2009101601 Firefox/3.0.15"
94.219.206.160 - - [02/Nov/2009:19:02:47 +0100] "GET /livezilla/image.php?id=04 HTTP/1.1" 200 7276 "http://www.f-m-shop.de/seiten/prod_detail_neuer.cfm?kat=MONT24&nav=2&artnr=A%20%2029039" "Mozilla/5.0 (Windows; U; Windows NT 6.0; de; rv:1.9.1.4) Gecko/20091016 Firefox/3.5.4 (.NET CLR 3.5.30729)"
78.51.196.226 - - [02/Nov/2009:19:03:04 +0100] "GET /livezilla/image.php?id=04 HTTP/1.1" 200 7276 "http://www.f-m-shop.de/seiten/prod_detail_neuer.cfm?kat=CPUIS775&nav=2&artnr=A%20%2023299" "Mozilla/5.0 (Windows; U; Windows NT 5.1; de; rv:1.9.1.4) Gecko/20091016 Firefox/3.5.4"
82.120.141.145 - - [02/Nov/2009:19:03:11 +0100] "GET /livezilla/image.php?id=04 HTTP/1.1" 200 7276 "http://www.f-m-shop.de/seiten/prod_detail_neuer.cfm?kat=MONT22&nav=2&artnr=A%20%2029271" "Mozilla/5.0 (Windows; U; Windows NT 6.0; fr; rv:1.9.1.4) Gecko/20091016 Firefox/3.5.4 (.NET CLR 3.5.30729)"
80.135.121.221 - - [02/Nov/2009:19:03:25 +0100] "GET /livezilla/image.php?id=04 HTTP/1.1" 200 7276 "http://www.f-m-shop.de/seiten/prod_detail_neuer.cfm?kat=NAVMOD&nav=2&artnr=A 29480" "Mozilla/4.0 (compatible; MSIE 8.0; Windows NT 6.0; Trident/4.0; SLCC1; .NET CLR 2.0.50727; Media Center PC 5.0; eSobiSubscriber 2.0.4.16; .NET CLR 3.5.30729; InfoPath.2; .NET CLR 3.0.30729)"
79.223.120.77 - - [02/Nov/2009:19:03:54 +0100] "GET /livezilla/image.php?id=04 HTTP/1.1" 200 7276 "http://www.f-m-shop.de/seiten/prod_detail_neuer.cfm?kat=MONT22&nav=2&artnr=A 25815" "Mozilla/4.0 (compatible; MSIE 8.0; Windows NT 6.1; Trident/4.0; SLCC2; .NET CLR 2.0.50727; .NET CLR 3.5.30729; .NET CLR 3.0.30729; Media Center PC 6.0)"
89.54.60.31 - - [02/Nov/2009:19:04:15 +0100] "POST /livezilla/server.php HTTP/1.1" 200 108 "-" "Opera/9.80 (Windows NT 5.1; U; de) Presto/2.2.15 Version/10.00"
89.54.60.31 - - [02/Nov/2009:19:04:19 +0100] "GET /livezilla/livezilla.php?&reset=true HTTP/1.1" 200 72028 "-" "Opera/9.80 (Windows NT 5.1; U; de) Presto/2.2.15 Version/10.00"
89.54.60.31 - - [02/Nov/2009:19:04:19 +0100] "GET /livezilla/livezilla.php?template=lz_chat_frame.0.0 HTTP/1.1" 200 259 "-" "Opera/9.80 (Windows NT 5.1; U; de) Presto/2.2.15 Version/10.00"
89.54.60.31 - - [02/Nov/2009:19:04:19 +0100] "GET /livezilla/livezilla.php?template=lz_chat_frame.0.2 HTTP/1.1" 200 254 "-" "Opera/9.80 (Windows NT 5.1; U; de) Presto/2.2.15 Version/10.00"
89.54.60.31 - - [02/Nov/2009:19:04:19 +0100] "GET /livezilla/livezilla.php?template=lz_chat_frame.0.1 HTTP/1.1" 200 277 "-" "Opera/9.80 (Windows NT 5.1; U; de) Presto/2.2.15 Version/10.00"
89.54.60.31 - - [02/Nov/2009:19:04:20 +0100] "GET /livezilla/livezilla.php?template=lz_chat_frame.1.1 HTTP/1.1" 200 2257 "-" "Opera/9.80 (Windows NT 5.1; U; de) Presto/2.2.15 Version/10.00"
89.54.60.31 - - [02/Nov/2009:19:04:20 +0100] "GET /livezilla/livezilla.php?template=lz_chat_frame.2.0 HTTP/1.1" 200 263 "-" "Opera/9.80 (Windows NT 5.1; U; de) Presto/2.2.15 Version/10.00"
89.54.60.31 - - [02/Nov/2009:19:04:20 +0100] "GET /livezilla/livezilla.php?template=lz_chat_frame.3.2.login&reset=true HTTP/1.1" 200 1029 "-" "Opera/9.80 (Windows NT 5.1; U; de) Presto/2.2.15 Version/10.00"
89.54.60.31 - - [02/Nov/2009:19:04:20 +0100] "GET /livezilla/livezilla.php?template=lz_chat_frame.1.2 HTTP/1.1" 200 264 "-" "Opera/9.80 (Windows NT 5.1; U; de) Presto/2.2.15 Version/10.00"
89.54.60.31 - - [02/Nov/2009:19:04:20 +0100] "GET /livezilla/livezilla.php?template=lz_chat_frame.2.2 HTTP/1.1" 200 264 "-" "Opera/9.80 (Windows NT 5.1; U; de) Presto/2.2.15 Version/10.00"
89.54.60.31 - - [02/Nov/2009:19:04:20 +0100] "GET /livezilla/livezilla.php?template=lz_chat_frame.3.3 HTTP/1.1" 200 239 "-" "Opera/9.80 (Windows NT 5.1; U; de) Presto/2.2.15 Version/10.00"
89.54.60.31 - - [02/Nov/2009:19:04:20 +0100] "GET /livezilla/livezilla.php?template=lz_chat_frame.3.0 HTTP/1.1" 200 240 "-" "Opera/9.80 (Windows NT 5.1; U; de) Presto/2.2.15 Version/10.00"
89.54.60.31 - - [02/Nov/2009:19:04:21 +0100] "GET /livezilla/livezilla.php?template=lz_chat_frame.3.2.login.1.0&reset=true HTTP/1.1" 200 2990 "-" "Opera/9.80 (Windows NT 5.1; U; de) Presto/2.2.15 Version/10.00"
89.54.60.31 - - [02/Nov/2009:19:04:21 +0100] "GET /livezilla/livezilla.php?template=lz_chat_frame.3.2.login.0.0 HTTP/1.1" 200 1563 "-" "Opera/9.80 (Windows NT 5.1; U; de) Presto/2.2.15 Version/10.00"
89.54.60.31 - - [02/Nov/2009:19:04:21 +0100] "GET /livezilla/livezilla.php?template=lz_chat_frame.4.1 HTTP/1.1" 200 455 "-" "Opera/9.80 (Windows NT 5.1; U; de) Presto/2.2.15 Version/10.00"
89.54.60.31 - - [02/Nov/2009:19:04:21 +0100] "GET /livezilla/livezilla.php?template=lz_chat_frame.5.1 HTTP/1.1" 200 265 "-" "Opera/9.80 (Windows NT 5.1; U; de) Presto/2.2.15 Version/10.00"
89.54.60.31 - - [02/Nov/2009:19:04:21 +0100] "GET /livezilla/livezilla.php?template=lz_chat_frame.3.2.login.2.0 HTTP/1.1" 200 277 "-" "Opera/9.80 (Windows NT 5.1; U; de) Presto/2.2.15 Version/10.00"
89.54.60.31 - - [02/Nov/2009:19:04:20 +0100] "GET /livezilla/livezilla.php?template=lz_chat_frame.1.0 HTTP/1.1" 200 279 "-" "Opera/9.80 (Windows NT 5.1; U; de) Presto/2.2.15 Version/10.00"
89.54.60.31 - - [02/Nov/2009:19:04:22 +0100] "POST /livezilla/server.php HTTP/1.1" 200 212 "-" "Opera/9.80 (Windows NT 5.1; U; de) Presto/2.2.15 Version/10.00"
94.219.206.160 - - [02/Nov/2009:19:04:25 +0100] "GET /livezilla/image.php?id=04 HTTP/1.1" 200 7276 "http://www.f-m-shop.de/seiten/prod_detail_neuer.cfm?kat=MONT24&nav=2&artnr=A%20%2029039" "Mozilla/5.0 (Windows; U; Windows NT 6.0; de; rv:1.9.1.4) Gecko/20091016 Firefox/3.5.4 (.NET CLR 3.5.30729)"
84.183.218.88 - - [02/Nov/2009:19:04:32 +0100] "GET /livezilla/image.php?id=04 HTTP/1.1" 200 7276 "http://www.f-m-shop.de/seiten/prod_detail_neuer.cfm?kat=NAVMOD&nav=2&artnr=A 29480" "Mozilla/4.0 (compatible; MSIE 7.0; Windows NT 5.1; GTB6; TuneUp HTML Client Embedded Web Browser from: http://bsalsa.com/; InfoPath.1)"
89.54.60.31 - - [02/Nov/2009:19:04:41 +0100] "GET /livezilla/image.php?id=04 HTTP/1.1" 200 7276 "-" "Opera/9.80 (Windows NT 5.1; U; de) Presto/2.2.15 Version/10.00"
89.54.60.31 - - [02/Nov/2009:19:04:48 +0100] "GET /livezilla/image.php?id=04 HTTP/1.1" 200 7276 "-" "Opera/9.80 (Windows NT 5.1; U; de) Presto/2.2.15 Version/10.00"
89.54.60.31 - - [02/Nov/2009:19:05:18 +0100] "GET /livezilla/livezilla.php HTTP/1.1" 200 72008 "-" "Opera/9.80 (Windows NT 5.1; U; de) Presto/2.2.15 Version/10.00"
89.54.60.31 - - [02/Nov/2009:19:05:19 +0100] "GET /livezilla/livezilla.php?template=lz_chat_frame.0.2 HTTP/1.1" 200 254 "-" "Opera/9.80 (Windows NT 5.1; U; de) Presto/2.2.15 Version/10.00"
89.54.60.31 - - [02/Nov/2009:19:05:19 +0100] "GET /livezilla/livezilla.php?template=lz_chat_frame.3.2.login& HTTP/1.1" 200 1019 "-" "Opera/9.80 (Windows NT 5.1; U; de) Presto/2.2.15 Version/10.00"
89.54.60.31 - - [02/Nov/2009:19:05:19 +0100] "GET /livezilla/livezilla.php?template=lz_chat_frame.0.1 HTTP/1.1" 200 277 "-" "Opera/9.80 (Windows NT 5.1; U; de) Presto/2.2.15 Version/10.00"
89.54.60.31 - - [02/Nov/2009:19:05:20 +0100] "GET /livezilla/livezilla.php?template=lz_chat_frame.1.1 HTTP/1.1" 200 2257 "-" "Opera/9.80 (Windows NT 5.1; U; de) Presto/2.2.15 Version/10.00"
89.54.60.31 - - [02/Nov/2009:19:05:19 +0100] "GET /livezilla/livezilla.php?template=lz_chat_frame.1.0 HTTP/1.1" 200 279 "-" "Opera/9.80 (Windows NT 5.1; U; de) Presto/2.2.15 Version/10.00"
89.54.60.31 - - [02/Nov/2009:19:05:19 +0100] "GET /livezilla/livezilla.php?template=lz_chat_frame.3.0 HTTP/1.1" 200 240 "-" "Opera/9.80 (Windows NT 5.1; U; de) Presto/2.2.15 Version/10.00"
89.54.60.31 - - [02/Nov/2009:19:05:19 +0100] "GET /livezilla/livezilla.php?template=lz_chat_frame.0.0 HTTP/1.1" 200 259 "-" "Opera/9.80 (Windows NT 5.1; U; de) Presto/2.2.15 Version/10.00"
89.54.60.31 - - [02/Nov/2009:19:05:20 +0100] "GET /livezilla/livezilla.php?template=lz_chat_frame.3.2.login.0.0 HTTP/1.1" 200 1563 "-" "Opera/9.80 (Windows NT 5.1; U; de) Presto/2.2.15 Version/10.00"
89.54.60.31 - - [02/Nov/2009:19:05:20 +0100] "GET /livezilla/livezilla.php?template=lz_chat_frame.4.1 HTTP/1.1" 200 455 "-" "Opera/9.80 (Windows NT 5.1; U; de) Presto/2.2.15 Version/10.00"
89.54.60.31 - - [02/Nov/2009:19:05:21 +0100] "GET /livezilla/livezilla.php?template=lz_chat_frame.2.0 HTTP/1.1" 200 263 "-" "Opera/9.80 (Windows NT 5.1; U; de) Presto/2.2.15 Version/10.00"
89.54.60.31 - - [02/Nov/2009:19:05:21 +0100] "GET /livezilla/livezilla.php?template=lz_chat_frame.5.1 HTTP/1.1" 200 265 "-" "Opera/9.80 (Windows NT 5.1; U; de) Presto/2.2.15 Version/10.00"
89.54.60.31 - - [02/Nov/2009:19:05:21 +0100] "GET /livezilla/livezilla.php?template=lz_chat_frame.1.2 HTTP/1.1" 200 264 "-" "Opera/9.80 (Windows NT 5.1; U; de) Presto/2.2.15 Version/10.00"
89.54.60.31 - - [02/Nov/2009:19:05:20 +0100] "GET /livezilla/livezilla.php?template=lz_chat_frame.2.2 HTTP/1.1" 200 264 "-" "Opera/9.80 (Windows NT 5.1; U; de) Presto/2.2.15 Version/10.00"
89.54.60.31 - - [02/Nov/2009:19:05:21 +0100] "GET /livezilla/livezilla.php?template=lz_chat_frame.3.2.login.1.0& HTTP/1.1" 200 2990 "-" "Opera/9.80 (Windows NT 5.1; U; de) Presto/2.2.15 Version/10.00"
89.54.60.31 - - [02/Nov/2009:19:05:21 +0100] "GET /livezilla/livezilla.php?template=lz_chat_frame.3.2.login.2.0 HTTP/1.1" 200 277 "-" "Opera/9.80 (Windows NT 5.1; U; de) Presto/2.2.15 Version/10.00"
89.54.60.31 - - [02/Nov/2009:19:05:21 +0100] "GET /livezilla/livezilla.php?template=lz_chat_frame.3.3 HTTP/1.1" 200 239 "-" "Opera/9.80 (Windows NT 5.1; U; de) Presto/2.2.15 Version/10.00"
89.54.60.31 - - [02/Nov/2009:19:05:22 +0100] "POST /livezilla/server.php HTTP/1.1" 200 212 "-" "Opera/9.80 (Windows NT 5.1; U; de) Presto/2.2.15 Version/10.00"
89.54.60.31 - - [02/Nov/2009:19:05:22 +0100] "GET /livezilla/livezilla.php?template=lz_chat_frame.3.2.mail HTTP/1.1" 200 4044 "-" "Opera/9.80 (Windows NT 5.1; U; de) Presto/2.2.15 Version/10.00"
192.35.17.30 - - [02/Nov/2009:19:05:36 +0100] "GET /livezilla/image.php?id=04 HTTP/1.1" 200 7276 "http://www.f-m-shop.de/seiten/prod_detail_neuer.cfm?kat=NOTB16&nav=2&artnr=A 27816" "Mozilla/4.0 (compatible; MSIE 6.0; Windows NT 5.1; SV1; .NET CLR 1.0.3705; .NET CLR 1.1.4322; .NET CLR 2.0.50727; .NET CLR 3.0.04506.30; InfoPath.1; .NET CLR 3.0.04506.648; .NET CLR 3.5.21022; .NET CLR 3.0.4506.2152; .NET CLR 3.5.30729; MS-RTC LM 8)"
79.192.236.233 - - [02/Nov/2009:19:05:36 +0100] "GET /livezilla/image.php?id=04 HTTP/1.1" 200 7276 "http://www.f-m-shop.de/seiten/prod_detail_neuer.cfm?name=MB%20Supermicro%20X7SBE%20E3210%20%20%20%20%20%20%20%20%20%20S-775&artnr=A%20%2021314&nav=2&kat=MAINSERV&kat_her=&p_sort=&b_sort=ASC" "Mozilla/5.0 (Windows; U; Windows NT 5.2; de; rv:1.9.0.15) Gecko/2009101601 Firefox/3.0.15 (.NET CLR 3.5.30729)"
79.192.236.233 - - [02/Nov/2009:19:05:53 +0100] "GET /livezilla/image.php?id=04 HTTP/1.1" 200 7276 "http://www.f-m-shop.de/seiten/prod_detail_neuer.cfm?name=MB%20ASUS%20P6T%20SE%20%20%20%20%20%20%20%20%20%20%20%20%20%20S-1366&artnr=A%20%2026871&nav=2&kat=MAI1366&kat_her=&p_sort=&b_sort=ASC" "Mozilla/5.0 (Windows; U; Windows NT 5.2; de; rv:1.9.0.15) Gecko/2009101601 Firefox/3.0.15 (.NET CLR 3.5.30729)"
88.70.3.67 - - [02/Nov/2009:19:06:07 +0100] "GET /livezilla/image.php?id=04 HTTP/1.1" 200 7276 "http://www.f-m-shop.de/seiten/prod_detail_neuer.cfm?kat=NAVZBH&nav=2&artnr=A%20%2020494" "Mozilla/5.0 (Windows; U; Windows NT 5.1; de; rv:1.9.1.4) Gecko/20091016 Firefox/3.5.4 (.NET CLR 3.5.30729)"
95.91.45.173 - - [02/Nov/2009:19:06:21 +0100] "GET /livezilla/image.php?id=04 HTTP/1.1" 200 7276 "http://www.f-m-shop.de/seiten/prod_detail_neuer.cfm?kat=NAVMOD&nav=2&artnr=A%20%2029480" "Mozilla/4.0 (compatible; MSIE 8.0; Windows NT 6.0; Trident/4.0; SLCC1; .NET CLR 2.0.50727; Media Center PC 5.0; .NET CLR 3.5.30729; OfficeLiveConnector.1.3; OfficeLivePatch.0.0; .NET CLR 3.0.30729; MSN OptimizedIE8;DEDE)"
79.192.236.233 - - [02/Nov/2009:19:06:25 +0100] "GET /livezilla/image.php?id=04 HTTP/1.1" 200 7276 "http://www.f-m-shop.de/seiten/prod_detail_neuer.cfm?name=HDD%20SATA-%20%201TB%20SAMSUNG%20HD103UJ%207200%2032&artnr=A%20%2019014&nav=2&kat=HDDSATA&kat_her=&p_sort=&b_sort=ASC" "Mozilla/5.0 (Windows; U; Windows NT 5.2; de; rv:1.9.0.15) Gecko/2009101601 Firefox/3.0.15 (.NET CLR 3.5.30729)"
79.192.236.233 - - [02/Nov/2009:19:06:57 +0100] "GET /livezilla/image.php?id=04 HTTP/1.1" 200 7276 "http://www.f-m-shop.de/seiten/prod_detail_neuer.cfm?name=GEH%20BIGTOWER%20CHIEFTEC%20Mesh%20o.N.%20(Si)&artnr=A%20%2020201&nav=2&kat=GEHBIG&kat_her=&p_sort=&b_sort=ASC" "Mozilla/5.0 (Windows; U; Windows NT 5.2; de; rv:1.9.0.15) Gecko/2009101601 Firefox/3.0.15 (.NET CLR 3.5.30729)"
92.226.153.130 - - [02/Nov/2009:19:06:59 +0100] "GET /livezilla/image.php?id=04 HTTP/1.1" 200 7276 "http://www.f-m-shop.de/seiten/prod_detail_neuer.cfm?kat=EINDESK&nav=2&artnr=A%20%2021622" "Mozilla/5.0 (Windows; U; Windows NT 5.1; de; rv:1.9.0.15) Gecko/2009101601 Firefox/3.0.15"
95.91.45.173 - - [02/Nov/2009:19:07:06 +0100] "GET /livezilla/image.php?id=04 HTTP/1.1" 200 7276 "http://www.f-m-shop.de/seiten/prod_detail_neuer.cfm?kat=NAVMOD&nav=2&artnr=A%20%2029480" "Mozilla/4.0 (compatible; MSIE 8.0; Windows NT 6.0; Trident/4.0; SLCC1; .NET CLR 2.0.50727; Media Center PC 5.0; .NET CLR 3.5.30729; OfficeLiveConnector.1.3; OfficeLivePatch.0.0; .NET CLR 3.0.30729; MSN OptimizedIE8;DEDE)"
89.54.60.31 - - [02/Nov/2009:19:07:20 +0100] "GET /livezilla/image.php?id=04 HTTP/1.1" 200 7276 "-" "Opera/9.80 (Windows NT 5.1; U; de) Presto/2.2.15 Version/10.00"
95.91.45.173 - - [02/Nov/2009:19:07:35 +0100] "GET /livezilla/image.php?id=04 HTTP/1.1" 200 7276 "http://www.f-m-shop.de/seiten/prod_detail_neuer.cfm?kat=NAVMOD&nav=2&artnr=A%20%2029480" "Mozilla/4.0 (compatible; MSIE 8.0; Windows NT 6.0; Trident/4.0; SLCC1; .NET CLR 2.0.50727; Media Center PC 5.0; .NET CLR 3.5.30729; OfficeLiveConnector.1.3; OfficeLivePatch.0.0; .NET CLR 3.0.30729; MSN OptimizedIE8;DEDE)"
78.94.252.187 - - [02/Nov/2009:19:07:54 +0100] "GET /livezilla/image.php?id=04 HTTP/1.1" 200 7276 "http://www.f-m-shop.de/seiten/prod_detail_neuer.cfm?kat=NETSWI&nav=2&artnr=A%20%2014619" "Mozilla/5.0 (Windows; U; Windows NT 5.1; de; rv:1.9.1.4) Gecko/20091016 Firefox/3.5.4 (.NET CLR 3.5.30729)"
91.54.74.103 - - [02/Nov/2009:19:09:11 +0100] "GET /livezilla/image.php?id=04 HTTP/1.1" 200 7276 "http://www.f-m-shop.de/seiten/prod_detail_neuer.cfm?kat=MONT24&nav=2&artnr=A%20%2027670" "Mozilla/5.0 (Windows; U; Windows NT 5.1; de; rv:1.9.1.4) Gecko/20091016 Firefox/3.5.4"
87.177.209.42 - - [02/Nov/2009:19:10:10 +0100] "GET /livezilla/image.php?id=04 HTTP/1.1" 200 7276 "http://www.f-m-shop.de/seiten/prod_detail_neuer.cfm?kat=HIFTVCRD&nav=2&artnr=A%20%2028452" "Mozilla/5.0 (Macintosh; U; Intel Mac OS X 10_6_1; de-de) AppleWebKit/531.9 (KHTML, like Gecko) Version/4.0.3 Safari/531.9"
78.42.81.17 - - [02/Nov/2009:19:10:15 +0100] "GET /livezilla/image.php?id=04 HTTP/1.1" 200 7276 "http://www.f-m-shop.de/seiten/prod_detail_neuer.cfm?kat=MONT24&nav=2&artnr=A%20%2026340" "Mozilla/5.0 (X11; U; Linux i686; de; rv:1.9.0.14) Gecko/2009090900 SUSE/3.0.14-0.1 Firefox/3.0.14"
91.46.49.159 - - [02/Nov/2009:19:10:21 +0100] "GET /livezilla/image.php?id=04 HTTP/1.1" 200 7276 "http://www.f-m-shop.de/seiten/prod_detail_neuer.cfm?kat=MONT24&nav=2&artnr=A%20%2029162" "Mozilla/5.0 (X11; U; Linux x86_64; de; rv:1.9.1.4) Gecko/20091027 Fedora/3.5.4-1.fc11 Firefox/3.5.4"
84.131.93.62 - - [02/Nov/2009:19:10:34 +0100] "GET /livezilla/image.php?id=04 HTTP/1.1" 200 7276 "http://www.f-m-shop.de/seiten/prod_detail_neuer.cfm?kat=NOTB16&nav=2&artnr=A%20%2027816" "Mozilla/5.0 (Windows; U; Windows NT 5.1; de; rv:1.9.1.4) Gecko/20091016 Firefox/3.5.4 (.NET CLR 3.5.30729)"
84.183.207.119 - - [02/Nov/2009:19:10:35 +0100] "GET /livezilla/image.php?id=04 HTTP/1.1" 200 7276 "http://www.f-m-shop.de/seiten/prod_detail_neuer.cfm?kat=SCANA4&nav=2&artnr=A 8554" "Mozilla/4.0 (compatible; MSIE 6.0; Windows NT 5.1; SV1)"
95.91.45.173 - - [02/Nov/2009:19:10:37 +0100] "GET /livezilla/image.php?id=04 HTTP/1.1" 200 7276 "http://www.f-m-shop.de/seiten/prod_detail_neuer.cfm?kat=NAVMOD&nav=2&artnr=A%20%2029480" "Mozilla/4.0 (compatible; MSIE 8.0; Windows NT 6.0; Trident/4.0; SLCC1; .NET CLR 2.0.50727; Media Center PC 5.0; .NET CLR 3.5.30729; OfficeLiveConnector.1.3; OfficeLivePatch.0.0; .NET CLR 3.0.30729; MSN OptimizedIE8;DEDE)"
91.46.49.159 - - [02/Nov/2009:19:11:09 +0100] "GET /livezilla/image.php?id=04 HTTP/1.1" 200 7276 "http://www.f-m-shop.de/seiten/prod_detail_neuer.cfm?kat=MONT24&nav=2&artnr=A%20%2029042" "Mozilla/5.0 (X11; U; Linux x86_64; de; rv:1.9.1.4) Gecko/20091027 Fedora/3.5.4-1.fc11 Firefox/3.5.4"
90.179.129.252 - - [02/Nov/2009:19:11:23 +0100] "GET /livezilla/image.php?id=04 HTTP/1.1" 200 7276 "http://www.f-m-shop.de/seiten/prod_detail_neuer.cfm?kat=NAVMOD&nav=2&artnr=A 29484" "Mozilla/4.0 (compatible; MSIE 8.0; Windows NT 6.1; WOW64; Trident/4.0; SLCC2; .NET CLR 2.0.50727; .NET CLR 3.5.30729; .NET CLR 3.0.30729; OfficeLiveConnector.1.4; OfficeLivePatch.1.3)"
89.54.60.31 - - [02/Nov/2009:19:11:44 +0100] "GET /livezilla/image.php?id=04 HTTP/1.1" 200 7276 "-" "Opera/9.80 (Windows NT 5.1; U; de) Presto/2.2.15 Version/10.00"
90.179.129.252 - - [02/Nov/2009:19:11:50 +0100] "GET /livezilla/image.php?id=04 HTTP/1.1" 200 7276 "http://www.f-m-shop.de/seiten/prod_detail_neuer.cfm?kat=NAVMOD&nav=2&artnr=A 29484" "Mozilla/4.0 (compatible; MSIE 8.0; Windows NT 6.1; WOW64; Trident/4.0; SLCC2; .NET CLR 2.0.50727; .NET CLR 3.5.30729; .NET CLR 3.0.30729; OfficeLiveConnector.1.4; OfficeLivePatch.1.3)"
93.209.192.112 - - [02/Nov/2009:19:11:51 +0100] "GET /livezilla/image.php?id=04 HTTP/1.1" 200 7276 "http://www.f-m-shop.de/seiten/prod_detail_neuer.cfm?kat=NAVMOD&nav=2&artnr=A%20%2029480" "Mozilla/5.0 (Windows; U; Windows NT 5.1; de; rv:1.9.1.4) Gecko/20091016 (CK-PC-WELT) Firefox/3.5.4"
89.54.60.31 - - [02/Nov/2009:19:12:04 +0100] "GET /livezilla/image.php?id=04 HTTP/1.1" 200 7276 "-" "Opera/9.80 (Windows NT 5.1; U; de) Presto/2.2.15 Version/10.00"
217.229.90.46 - - [02/Nov/2009:19:12:06 +0100] "GET /livezilla/image.php?id=04 HTTP/1.1" 200 7276 "http://www.f-m-shop.de/seiten/prod_detail_neuer.cfm?kat=NAVMOD&nav=2&artnr=A%20%2029480" "Mozilla/5.0 (Windows; U; Windows NT 6.1; de; rv:1.9.1.4) Gecko/20091016 Firefox/3.5.4 (.NET CLR 3.5.30729)"
90.179.129.252 - - [02/Nov/2009:19:12:07 +0100] "GET /livezilla/image.php?id=04 HTTP/1.1" 200 7276 "http://www.f-m-shop.de/seiten/prod_detail_neuer.cfm?kat=NAVMOD&nav=2&artnr=A%20%2029484" "Mozilla/4.0 (compatible; MSIE 8.0; Windows NT 6.1; WOW64; Trident/4.0; SLCC2; .NET CLR 2.0.50727; .NET CLR 3.5.30729; .NET CLR 3.0.30729; OfficeLiveConnector.1.4; OfficeLivePatch.1.3)"
77.135.87.102 - - [02/Nov/2009:19:12:14 +0100] "GET /livezilla/image.php?id=04 HTTP/1.1" 200 7276 "http://www.f-m-shop.de/seiten/prod_detail_neuer.cfm?kat=NAVMOD&nav=2&artnr=A%20%2029480" "Mozilla/5.0 (Windows; U; Windows NT 6.0; de; rv:1.9.0.8) Gecko/2009032609 Firefox/3.0.8 (.NET CLR 3.5.30729)"
91.39.77.90 - - [02/Nov/2009:19:12:25 +0100] "GET /livezilla/image.php?id=04 HTTP/1.1" 200 7276 "http://www.f-m-shop.de/seiten/prod_detail_neuer.cfm?kat=MONT22&nav=2&artnr=A%20%2026979" "Mozilla/5.0 (Macintosh; U; Intel Mac OS X 10_5_7; de-de) AppleWebKit/525.28.3 (KHTML, like Gecko) Version/3.2.3 Safari/525.28.3"
90.179.129.252 - - [02/Nov/2009:19:12:38 +0100] "GET /livezilla/livezilla.php HTTP/1.1" 200 72005 "-" "Mozilla/4.0 (compatible; MSIE 8.0; Windows NT 6.1; WOW64; Trident/4.0; SLCC2; .NET CLR 2.0.50727; .NET CLR 3.5.30729; .NET CLR 3.0.30729; OfficeLiveConnector.1.4; OfficeLivePatch.1.3)"
90.179.129.252 - - [02/Nov/2009:19:12:39 +0100] "GET /livezilla/templates/style.css HTTP/1.1" 200 8998 "http://chat.f-m-shop.de/livezilla/livezilla.php" "Mozilla/4.0 (compatible; MSIE 8.0; Windows NT 6.1; WOW64; Trident/4.0; SLCC2; .NET CLR 2.0.50727; .NET CLR 3.5.30729; .NET CLR 3.0.30729; OfficeLiveConnector.1.4; OfficeLivePatch.1.3)"
90.179.129.252 - - [02/Nov/2009:19:12:39 +0100] "GET /livezilla/livezilla.php?template=lz_chat_frame.0.0 HTTP/1.1" 200 259 "http://chat.f-m-shop.de/livezilla/livezilla.php" "Mozilla/4.0 (compatible; MSIE 8.0; Windows NT 6.1; WOW64; Trident/4.0; SLCC2; .NET CLR 2.0.50727; .NET CLR 3.5.30729; .NET CLR 3.0.30729; OfficeLiveConnector.1.4; OfficeLivePatch.1.3)"
90.179.129.252 - - [02/Nov/2009:19:12:39 +0100] "GET /livezilla/livezilla.php?template=lz_chat_frame.1.0 HTTP/1.1" 200 279 "http://chat.f-m-shop.de/livezilla/livezilla.php" "Mozilla/4.0 (compatible; MSIE 8.0; Windows NT 6.1; WOW64; Trident/4.0; SLCC2; .NET CLR 2.0.50727; .NET CLR 3.5.30729; .NET CLR 3.0.30729; OfficeLiveConnector.1.4; OfficeLivePatch.1.3)"
90.179.129.252 - - [02/Nov/2009:19:12:39 +0100] "GET /livezilla/livezilla.php?template=lz_chat_frame.0.1 HTTP/1.1" 200 277 "http://chat.f-m-shop.de/livezilla/livezilla.php" "Mozilla/4.0 (compatible; MSIE 8.0; Windows NT 6.1; WOW64; Trident/4.0; SLCC2; .NET CLR 2.0.50727; .NET CLR 3.5.30729; .NET CLR 3.0.30729; OfficeLiveConnector.1.4; OfficeLivePatch.1.3)"
90.179.129.252 - - [02/Nov/2009:19:12:40 +0100] "GET /livezilla/livezilla.php?template=lz_chat_frame.3.2.login& HTTP/1.1" 200 1019 "http://chat.f-m-shop.de/livezilla/livezilla.php" "Mozilla/4.0 (compatible; MSIE 8.0; Windows NT 6.1; WOW64; Trident/4.0; SLCC2; .NET CLR 2.0.50727; .NET CLR 3.5.30729; .NET CLR 3.0.30729; OfficeLiveConnector.1.4; OfficeLivePatch.1.3)"
90.179.129.252 - - [02/Nov/2009:19:12:40 +0100] "GET /livezilla/livezilla.php?template=lz_chat_frame.2.0 HTTP/1.1" 200 263 "http://chat.f-m-shop.de/livezilla/livezilla.php" "Mozilla/4.0 (compatible; MSIE 8.0; Windows NT 6.1; WOW64; Trident/4.0; SLCC2; .NET CLR 2.0.50727; .NET CLR 3.5.30729; .NET CLR 3.0.30729; OfficeLiveConnector.1.4; OfficeLivePatch.1.3)"
90.179.129.252 - - [02/Nov/2009:19:12:39 +0100] "GET /livezilla/livezilla.php?template=lz_chat_frame.0.2 HTTP/1.1" 200 254 "http://chat.f-m-shop.de/livezilla/livezilla.php" "Mozilla/4.0 (compatible; MSIE 8.0; Windows NT 6.1; WOW64; Trident/4.0; SLCC2; .NET CLR 2.0.50727; .NET CLR 3.5.30729; .NET CLR 3.0.30729; OfficeLiveConnector.1.4; OfficeLivePatch.1.3)"
90.179.129.252 - - [02/Nov/2009:19:12:40 +0100] "GET /livezilla/livezilla.php?template=lz_chat_frame.1.1 HTTP/1.1" 200 2257 "http://chat.f-m-shop.de/livezilla/livezilla.php" "Mozilla/4.0 (compatible; MSIE 8.0; Windows NT 6.1; WOW64; Trident/4.0; SLCC2; .NET CLR 2.0.50727; .NET CLR 3.5.30729; .NET CLR 3.0.30729; OfficeLiveConnector.1.4; OfficeLivePatch.1.3)"
90.179.129.252 - - [02/Nov/2009:19:12:40 +0100] "GET /livezilla/livezilla.php?template=lz_chat_frame.4.1 HTTP/1.1" 200 455 "http://chat.f-m-shop.de/livezilla/livezilla.php" "Mozilla/4.0 (compatible; MSIE 8.0; Windows NT 6.1; WOW64; Trident/4.0; SLCC2; .NET CLR 2.0.50727; .NET CLR 3.5.30729; .NET CLR 3.0.30729; OfficeLiveConnector.1.4; OfficeLivePatch.1.3)"
90.179.129.252 - - [02/Nov/2009:19:12:40 +0100] "GET /livezilla/livezilla.php?template=lz_chat_frame.3.0 HTTP/1.1" 200 240 "http://chat.f-m-shop.de/livezilla/livezilla.php" "Mozilla/4.0 (compatible; MSIE 8.0; Windows NT 6.1; WOW64; Trident/4.0; SLCC2; .NET CLR 2.0.50727; .NET CLR 3.5.30729; .NET CLR 3.0.30729; OfficeLiveConnector.1.4; OfficeLivePatch.1.3)"
90.179.129.252 - - [02/Nov/2009:19:12:41 +0100] "GET /livezilla/livezilla.php?template=lz_chat_frame.5.1 HTTP/1.1" 200 265 "http://chat.f-m-shop.de/livezilla/livezilla.php" "Mozilla/4.0 (compatible; MSIE 8.0; Windows NT 6.1; WOW64; Trident/4.0; SLCC2; .NET CLR 2.0.50727; .NET CLR 3.5.30729; .NET CLR 3.0.30729; OfficeLiveConnector.1.4; OfficeLivePatch.1.3)"
90.179.129.252 - - [02/Nov/2009:19:12:41 +0100] "GET /livezilla/livezilla.php?template=lz_chat_frame.3.3 HTTP/1.1" 200 239 "http://chat.f-m-shop.de/livezilla/livezilla.php" "Mozilla/4.0 (compatible; MSIE 8.0; Windows NT 6.1; WOW64; Trident/4.0; SLCC2; .NET CLR 2.0.50727; .NET CLR 3.5.30729; .NET CLR 3.0.30729; OfficeLiveConnector.1.4; OfficeLivePatch.1.3)"
90.179.129.252 - - [02/Nov/2009:19:12:40 +0100] "GET /livezilla/livezilla.php?template=lz_chat_frame.1.2 HTTP/1.1" 200 264 "http://chat.f-m-shop.de/livezilla/livezilla.php" "Mozilla/4.0 (compatible; MSIE 8.0; Windows NT 6.1; WOW64; Trident/4.0; SLCC2; .NET CLR 2.0.50727; .NET CLR 3.5.30729; .NET CLR 3.0.30729; OfficeLiveConnector.1.4; OfficeLivePatch.1.3)"
90.179.129.252 - - [02/Nov/2009:19:12:41 +0100] "GET /livezilla/images/carrier_logo.gif HTTP/1.1" 200 6003 "http://chat.f-m-shop.de/livezilla/livezilla.php?template=lz_chat_frame.1.1" "Mozilla/4.0 (compatible; MSIE 8.0; Windows NT 6.1; WOW64; Trident/4.0; SLCC2; .NET CLR 2.0.50727; .NET CLR 3.5.30729; .NET CLR 3.0.30729; OfficeLiveConnector.1.4; OfficeLivePatch.1.3)"
90.179.129.252 - - [02/Nov/2009:19:12:40 +0100] "GET /livezilla/livezilla.php?template=lz_chat_frame.2.2 HTTP/1.1" 200 264 "http://chat.f-m-shop.de/livezilla/livezilla.php" "Mozilla/4.0 (compatible; MSIE 8.0; Windows NT 6.1; WOW64; Trident/4.0; SLCC2; .NET CLR 2.0.50727; .NET CLR 3.5.30729; .NET CLR 3.0.30729; OfficeLiveConnector.1.4; OfficeLivePatch.1.3)"
90.179.129.252 - - [02/Nov/2009:19:12:41 +0100] "GET /livezilla/images/icon_vcard.gif HTTP/1.1" 200 559 "http://chat.f-m-shop.de/livezilla/livezilla.php?template=lz_chat_frame.1.1" "Mozilla/4.0 (compatible; MSIE 8.0; Windows NT 6.1; WOW64; Trident/4.0; SLCC2; .NET CLR 2.0.50727; .NET CLR 3.5.30729; .NET CLR 3.0.30729; OfficeLiveConnector.1.4; OfficeLivePatch.1.3)"
90.179.129.252 - - [02/Nov/2009:19:12:41 +0100] "GET /livezilla/livezilla.php?template=lz_chat_frame.3.2.login.2.0 HTTP/1.1" 200 277 "http://chat.f-m-shop.de/livezilla/livezilla.php?template=lz_chat_frame.3.2.login&" "Mozilla/4.0 (compatible; MSIE 8.0; Windows NT 6.1; WOW64; Trident/4.0; SLCC2; .NET CLR 2.0.50727; .NET CLR 3.5.30729; .NET CLR 3.0.30729; OfficeLiveConnector.1.4; OfficeLivePatch.1.3)"
90.179.129.252 - - [02/Nov/2009:19:12:41 +0100] "GET /livezilla/livezilla.php?template=lz_chat_frame.3.2.login.1.0& HTTP/1.1" 200 2939 "http://chat.f-m-shop.de/livezilla/livezilla.php?template=lz_chat_frame.3.2.login&" "Mozilla/4.0 (compatible; MSIE 8.0; Windows NT 6.1; WOW64; Trident/4.0; SLCC2; .NET CLR 2.0.50727; .NET CLR 3.5.30729; .NET CLR 3.0.30729; OfficeLiveConnector.1.4; OfficeLivePatch.1.3)"
90.179.129.252 - - [02/Nov/2009:19:12:42 +0100] "GET /livezilla/images/icon_typing.gif HTTP/1.1" 200 1106 "http://chat.f-m-shop.de/livezilla/livezilla.php?template=lz_chat_frame.1.1" "Mozilla/4.0 (compatible; MSIE 8.0; Windows NT 6.1; WOW64; Trident/4.0; SLCC2; .NET CLR 2.0.50727; .NET CLR 3.5.30729; .NET CLR 3.0.30729; OfficeLiveConnector.1.4; OfficeLivePatch.1.3)"
90.179.129.252 - - [02/Nov/2009:19:12:42 +0100] "GET /livezilla/intern_images/nopic.jpg HTTP/1.1" 200 3599 "http://chat.f-m-shop.de/livezilla/livezilla.php?template=lz_chat_frame.1.1" "Mozilla/4.0 (compatible; MSIE 8.0; Windows NT 6.1; WOW64; Trident/4.0; SLCC2; .NET CLR 2.0.50727; .NET CLR 3.5.30729; .NET CLR 3.0.30729; OfficeLiveConnector.1.4; OfficeLivePatch.1.3)"
90.179.129.252 - - [02/Nov/2009:19:12:42 +0100] "GET /livezilla/images/lz_header.gif HTTP/1.1" 200 7285 "http://chat.f-m-shop.de/livezilla/livezilla.php?template=lz_chat_frame.1.1" "Mozilla/4.0 (compatible; MSIE 8.0; Windows NT 6.1; WOW64; Trident/4.0; SLCC2; .NET CLR 2.0.50727; .NET CLR 3.5.30729; .NET CLR 3.0.30729; OfficeLiveConnector.1.4; OfficeLivePatch.1.3)"
90.179.129.252 - - [02/Nov/2009:19:12:41 +0100] "GET /livezilla/livezilla.php?template=lz_chat_frame.3.2.login.0.0 HTTP/1.1" 200 1563 "http://chat.f-m-shop.de/livezilla/livezilla.php?template=lz_chat_frame.3.2.login&" "Mozilla/4.0 (compatible; MSIE 8.0; Windows NT 6.1; WOW64; Trident/4.0; SLCC2; .NET CLR 2.0.50727; .NET CLR 3.5.30729; .NET CLR 3.0.30729; OfficeLiveConnector.1.4; OfficeLivePatch.1.3)"
90.179.129.252 - - [02/Nov/2009:19:12:42 +0100] "GET /livezilla/images/lz_rep_bg_left.gif HTTP/1.1" 200 593 "http://chat.f-m-shop.de/livezilla/livezilla.php?template=lz_chat_frame.1.1" "Mozilla/4.0 (compatible; MSIE 8.0; Windows NT 6.1; WOW64; Trident/4.0; SLCC2; .NET CLR 2.0.50727; .NET CLR 3.5.30729; .NET CLR 3.0.30729; OfficeLiveConnector.1.4; OfficeLivePatch.1.3)"
90.179.129.252 - - [02/Nov/2009:19:12:42 +0100] "GET /livezilla/images/lz_rep_bg.gif HTTP/1.1" 200 320 "http://chat.f-m-shop.de/livezilla/livezilla.php?template=lz_chat_frame.1.1" "Mozilla/4.0 (compatible; MSIE 8.0; Windows NT 6.1; WOW64; Trident/4.0; SLCC2; .NET CLR 2.0.50727; .NET CLR 3.5.30729; .NET CLR 3.0.30729; OfficeLiveConnector.1.4; OfficeLivePatch.1.3)"
90.179.129.252 - - [02/Nov/2009:19:12:42 +0100] "GET /livezilla/images/lz_rep_bg_right.gif HTTP/1.1" 200 590 "http://chat.f-m-shop.de/livezilla/livezilla.php?template=lz_chat_frame.1.1" "Mozilla/4.0 (compatible; MSIE 8.0; Windows NT 6.1; WOW64; Trident/4.0; SLCC2; .NET CLR 2.0.50727; .NET CLR 3.5.30729; .NET CLR 3.0.30729; OfficeLiveConnector.1.4; OfficeLivePatch.1.3)"
91.34.52.248 - - [02/Nov/2009:19:12:42 +0100] "GET /livezilla/image.php?id=04 HTTP/1.1" 200 7276 "http://www.f-m-shop.de/seiten/prod_detail_neuer.cfm?name=NET%20dLAN%20DEVOLO%20dLAN%20200%20AVPro2%20(EU)&artnr=A%20%2023592&nav=2&kat=NETDLAN&kat_her=&p_sort=&b_sort=ASC" "Mozilla/5.0 (Windows; U; Windows NT 5.1; de; rv:1.9.1.3) Gecko/20090824 Firefox/3.5.3"
90.179.129.252 - - [02/Nov/2009:19:12:42 +0100] "GET /livezilla/images/chat_bg_footer.gif HTTP/1.1" 200 194 "http://chat.f-m-shop.de/livezilla/livezilla.php?template=lz_chat_frame.4.1" "Mozilla/4.0 (compatible; MSIE 8.0; Windows NT 6.1; WOW64; Trident/4.0; SLCC2; .NET CLR 2.0.50727; .NET CLR 3.5.30729; .NET CLR 3.0.30729; OfficeLiveConnector.1.4; OfficeLivePatch.1.3)"
90.179.129.252 - - [02/Nov/2009:19:12:42 +0100] "GET /livezilla/images/icon_info.gif HTTP/1.1" 200 1703 "http://chat.f-m-shop.de/livezilla/livezilla.php?template=lz_chat_frame.3.2.login.1.0&" "Mozilla/4.0 (compatible; MSIE 8.0; Windows NT 6.1; WOW64; Trident/4.0; SLCC2; .NET CLR 2.0.50727; .NET CLR 3.5.30729; .NET CLR 3.0.30729; OfficeLiveConnector.1.4; OfficeLivePatch.1.3)"
90.179.129.252 - - [02/Nov/2009:19:12:42 +0100] "GET /livezilla/images/icon_network.gif HTTP/1.1" 200 354 "http://chat.f-m-shop.de/livezilla/livezilla.php?template=lz_chat_frame.3.2.login.1.0&" "Mozilla/4.0 (compatible; MSIE 8.0; Windows NT 6.1; WOW64; Trident/4.0; SLCC2; .NET CLR 2.0.50727; .NET CLR 3.5.30729; .NET CLR 3.0.30729; OfficeLiveConnector.1.4; OfficeLivePatch.1.3)"
90.179.129.252 - - [02/Nov/2009:19:12:42 +0100] "GET /livezilla/images/chat_bg_field.gif HTTP/1.1" 200 121 "http://chat.f-m-shop.de/livezilla/livezilla.php?template=lz_chat_frame.3.2.login.1.0&" "Mozilla/4.0 (compatible; MSIE 8.0; Windows NT 6.1; WOW64; Trident/4.0; SLCC2; .NET CLR 2.0.50727; .NET CLR 3.5.30729; .NET CLR 3.0.30729; OfficeLiveConnector.1.4; OfficeLivePatch.1.3)"
90.179.129.252 - - [02/Nov/2009:19:12:42 +0100] "GET /livezilla/images/chat_bg_navigation_sub.gif HTTP/1.1" 200 76 "http://chat.f-m-shop.de/livezilla/livezilla.php?template=lz_chat_frame.3.2.login.1.0&" "Mozilla/4.0 (compatible; MSIE 8.0; Windows NT 6.1; WOW64; Trident/4.0; SLCC2; .NET CLR 2.0.50727; .NET CLR 3.5.30729; .NET CLR 3.0.30729; OfficeLiveConnector.1.4; OfficeLivePatch.1.3)"
90.179.129.252 - - [02/Nov/2009:19:12:42 +0100] "GET /livezilla/images/lz_button.gif HTTP/1.1" 200 838 "http://chat.f-m-shop.de/livezilla/livezilla.php?template=lz_chat_frame.3.2.login.1.0&" "Mozilla/4.0 (compatible; MSIE 8.0; Windows NT 6.1; WOW64; Trident/4.0; SLCC2; .NET CLR 2.0.50727; .NET CLR 3.5.30729; .NET CLR 3.0.30729; OfficeLiveConnector.1.4; OfficeLivePatch.1.3)"
90.179.129.252 - - [02/Nov/2009:19:12:42 +0100] "GET /livezilla/images/lz_button_extra.gif HTTP/1.1" 200 948 "http://chat.f-m-shop.de/livezilla/livezilla.php?template=lz_chat_frame.3.2.login.1.0&" "Mozilla/4.0 (compatible; MSIE 8.0; Windows NT 6.1; WOW64; Trident/4.0; SLCC2; .NET CLR 2.0.50727; .NET CLR 3.5.30729; .NET CLR 3.0.30729; OfficeLiveConnector.1.4; OfficeLivePatch.1.3)"
90.179.129.252 - - [02/Nov/2009:19:12:42 +0100] "GET /livezilla/images/chat_bg_footer_top.gif HTTP/1.1" 200 858 "http://chat.f-m-shop.de/livezilla/livezilla.php?template=lz_chat_frame.3.2.login.2.0" "Mozilla/4.0 (compatible; MSIE 8.0; Windows NT 6.1; WOW64; Trident/4.0; SLCC2; .NET CLR 2.0.50727; .NET CLR 3.5.30729; .NET CLR 3.0.30729; OfficeLiveConnector.1.4; OfficeLivePatch.1.3)"
