95.91.123.190 - - [02/Nov/2009:11:28:16 +0100] "GET /livezilla/image.php?id=04 HTTP/1.1" 200 7276 "http://www.f-m-shop.de/seiten/prod_detail_neuer.cfm?kat=NETLROU&nav=2&artnr=A%20%2015620" "Mozilla/5.0 (Windows; U; Windows NT 6.1; de; rv:1.9.1.4) Gecko/20091016 Firefox/3.5.4 (.NET CLR 3.5.30729)"
95.91.123.190 - - [02/Nov/2009:11:28:25 +0100] "GET /livezilla/image.php?id=04 HTTP/1.1" 200 7276 "http://www.f-m-shop.de/seiten/prod_detail_neuer.cfm?kat=NETLROU&nav=2&artnr=A%20%2015620" "Mozilla/5.0 (Windows; U; Windows NT 6.1; de; rv:1.9.1.4) Gecko/20091016 Firefox/3.5.4 (.NET CLR 3.5.30729)"
192.168.10.10 - - [02/Nov/2009:11:27:47 +0100] "POST /livezilla/server.php?acid=beaac HTTP/1.1" 200 - "-" "LiveZilla 3.1.7.7 [http://www.livezilla.net]"
95.91.123.190 - - [02/Nov/2009:11:29:02 +0100] "GET /livezilla/image.php?id=04 HTTP/1.1" 200 7276 "http://www.f-m-shop.de/seiten/prod_detail_neuer.cfm?name=ROUTER%20DRAYTEK%20Vigor%202820%20ADSL2%2F2%2B&artnr=A%20%2021881&nav=2&kat=NETLROU" "Mozilla/5.0 (Windows; U; Windows NT 6.1; de; rv:1.9.1.4) Gecko/20091016 Firefox/3.5.4 (.NET CLR 3.5.30729)"
192.168.10.13 - - [02/Nov/2009:11:28:19 +0100] "POST /livezilla/server.php?acid=79027 HTTP/1.1" 200 - "-" "LiveZilla 3.1.7.7 [http://www.livezilla.net]"
95.91.123.190 - - [02/Nov/2009:11:29:10 +0100] "GET /livezilla/image.php?id=04 HTTP/1.1" 200 7276 "http://www.f-m-shop.de/seiten/prod_detail_neuer.cfm?name=ROUTER%20DRAYTEK%20Vigor%202820%20ADSL2/2+&artnr=A%20%2021881&nav=2&kat=NETLROU" "Mozilla/5.0 (Windows; U; Windows NT 6.1; de; rv:1.9.1.4) Gecko/20091016 Firefox/3.5.4 (.NET CLR 3.5.30729)"
192.168.10.10 - - [02/Nov/2009:11:28:35 +0100] "POST /livezilla/server.php?acid=7ae35 HTTP/1.1" 200 - "-" "LiveZilla 3.1.7.7 [http://www.livezilla.net]"
192.168.10.13 - - [02/Nov/2009:11:29:07 +0100] "POST /livezilla/server.php?acid=f7dbc HTTP/1.1" 200 - "-" "LiveZilla 3.1.7.7 [http://www.livezilla.net]"
192.168.10.10 - - [02/Nov/2009:11:29:24 +0100] "POST /livezilla/server.php?acid=5e12f HTTP/1.1" 200 - "-" "LiveZilla 3.1.7.7 [http://www.livezilla.net]"
192.168.10.13 - - [02/Nov/2009:11:29:56 +0100] "POST /livezilla/server.php?acid=ef97c HTTP/1.1" 200 - "-" "LiveZilla 3.1.7.7 [http://www.livezilla.net]"
192.168.10.10 - - [02/Nov/2009:11:30:12 +0100] "POST /livezilla/server.php?acid=9c06d HTTP/1.1" 200 - "-" "LiveZilla 3.1.7.7 [http://www.livezilla.net]"
95.91.123.190 - - [02/Nov/2009:11:31:05 +0100] "GET /livezilla/image.php?id=04 HTTP/1.1" 200 7276 "http://www.f-m-shop.de/seiten/prod_detail_neuer.cfm?name=DRAYTEK%20ZBH%2019Zoll%20Einbauhilfe&artnr=A%20%2023023&nav=2&kat=NETROUZB" "Mozilla/5.0 (Windows; U; Windows NT 6.1; de; rv:1.9.1.4) Gecko/20091016 Firefox/3.5.4 (.NET CLR 3.5.30729)"
95.91.123.190 - - [02/Nov/2009:11:31:08 +0100] "GET /livezilla/image.php?id=04 HTTP/1.1" 200 7276 "http://www.f-m-shop.de/seiten/prod_detail_neuer.cfm?name=DRAYTEK%20ZBH%2019Zoll%20Einbauhilfe&artnr=A%20%2023023&nav=2&kat=NETROUZB" "Mozilla/5.0 (Windows; U; Windows NT 6.1; de; rv:1.9.1.4) Gecko/20091016 Firefox/3.5.4 (.NET CLR 3.5.30729)"
192.168.10.13 - - [02/Nov/2009:11:30:44 +0100] "POST /livezilla/server.php?acid=0293e HTTP/1.1" 200 - "-" "LiveZilla 3.1.7.7 [http://www.livezilla.net]"
217.94.182.44 - - [02/Nov/2009:11:31:34 +0100] "GET /livezilla/image.php?id=04 HTTP/1.1" 200 7276 "http://www.f-m-shop.de/seiten/prod_detail_neuer.cfm?kat=NETLROU&nav=2&artnr=A%20%20%207191" "Mozilla/4.0 (compatible; MSIE 7.0; Windows NT 5.1; Trident/4.0; .NET CLR 2.0.50727; .NET CLR 3.0.4506.2152; .NET CLR 3.5.30729)"
192.168.10.10 - - [02/Nov/2009:11:31:00 +0100] "POST /livezilla/server.php?acid=f7219 HTTP/1.1" 200 - "-" "LiveZilla 3.1.7.7 [http://www.livezilla.net]"
192.168.10.13 - - [02/Nov/2009:11:31:32 +0100] "POST /livezilla/server.php?acid=1bd1c HTTP/1.1" 200 - "-" "LiveZilla 3.1.7.7 [http://www.livezilla.net]"
192.168.10.10 - - [02/Nov/2009:11:31:49 +0100] "POST /livezilla/server.php?acid=195af HTTP/1.1" 200 - "-" "LiveZilla 3.1.7.7 [http://www.livezilla.net]"
192.168.10.13 - - [02/Nov/2009:11:32:21 +0100] "POST /livezilla/server.php?acid=39cbf HTTP/1.1" 200 - "-" "LiveZilla 3.1.7.7 [http://www.livezilla.net]"
192.168.10.10 - - [02/Nov/2009:11:32:37 +0100] "POST /livezilla/server.php?acid=fe60d HTTP/1.1" 200 - "-" "LiveZilla 3.1.7.7 [http://www.livezilla.net]"
192.168.10.13 - - [02/Nov/2009:11:33:09 +0100] "POST /livezilla/server.php?acid=82172 HTTP/1.1" 200 - "-" "LiveZilla 3.1.7.7 [http://www.livezilla.net]"
192.168.10.10 - - [02/Nov/2009:11:33:25 +0100] "POST /livezilla/server.php?acid=7aacf HTTP/1.1" 200 - "-" "LiveZilla 3.1.7.7 [http://www.livezilla.net]"
188.97.15.144 - - [02/Nov/2009:11:34:36 +0100] "GET /livezilla/image.php?id=04 HTTP/1.1" 200 7276 "http://www.f-m-shop.de/seiten/prod_detail_neuer.cfm?kat=GRA512X&nav=2&artnr=A 30078" "Mozilla/4.0 (compatible; MSIE 6.0; Windows NT 5.0; Arcor 5.006; .NET CLR 2.0.50727)"
212.183.10.149 - - [02/Nov/2009:11:34:40 +0100] "GET /livezilla/image.php?id=04 HTTP/1.1" 200 7276 "http://www.f-m-shop.de/seiten/prod_detail_neuer.cfm?kat=NETLROU&nav=2&artnr=A%20%2026266" "Mozilla/5.0 (Windows; U; Windows NT 5.1; de-DE) AppleWebKit/531.9 (KHTML, like Gecko) Version/4.0.3 Safari/531.9.1"
192.168.10.13 - - [02/Nov/2009:11:33:57 +0100] "POST /livezilla/server.php?acid=d9800 HTTP/1.1" 200 - "-" "LiveZilla 3.1.7.7 [http://www.livezilla.net]"
192.168.10.10 - - [02/Nov/2009:11:34:14 +0100] "POST /livezilla/server.php?acid=445eb HTTP/1.1" 200 - "-" "LiveZilla 3.1.7.7 [http://www.livezilla.net]"
192.168.10.13 - - [02/Nov/2009:11:34:46 +0100] "POST /livezilla/server.php?acid=7bece HTTP/1.1" 200 - "-" "LiveZilla 3.1.7.7 [http://www.livezilla.net]"
192.168.10.10 - - [02/Nov/2009:11:35:02 +0100] "POST /livezilla/server.php?acid=a1c91 HTTP/1.1" 200 - "-" "LiveZilla 3.1.7.7 [http://www.livezilla.net]"
95.91.123.190 - - [02/Nov/2009:11:36:08 +0100] "GET /livezilla/image.php?id=04 HTTP/1.1" 200 7276 "http://www.f-m-shop.de/seiten/prod_detail_neuer.cfm?artnr=A%20%2023023&nav=2&kat=NETROUZB" "Mozilla/5.0 (Windows; U; Windows NT 6.1; de; rv:1.9.1.4) Gecko/20091016 Firefox/3.5.4 (.NET CLR 3.5.30729)"
95.91.123.190 - - [02/Nov/2009:11:36:11 +0100] "GET /livezilla/image.php?id=04 HTTP/1.1" 200 7276 "http://www.f-m-shop.de/seiten/prod_detail_neuer.cfm?artnr=A%20%2023023&nav=2&kat=NETROUZB" "Mozilla/5.0 (Windows; U; Windows NT 6.1; de; rv:1.9.1.4) Gecko/20091016 Firefox/3.5.4 (.NET CLR 3.5.30729)"
192.168.10.13 - - [02/Nov/2009:11:35:34 +0100] "POST /livezilla/server.php?acid=38f4a HTTP/1.1" 200 - "-" "LiveZilla 3.1.7.7 [http://www.livezilla.net]"
192.168.10.10 - - [02/Nov/2009:11:35:50 +0100] "POST /livezilla/server.php?acid=12836 HTTP/1.1" 200 - "-" "LiveZilla 3.1.7.7 [http://www.livezilla.net]"
212.38.4.71 - - [02/Nov/2009:11:36:51 +0100] "GET /livezilla/image.php?id=04 HTTP/1.1" 200 7276 "http://www.f-m-shop.de/seiten/prod_detail_neuer.cfm?name=MEDIA%20%20DVICO%201.0TB%20TVIX%20HD%20M-6500A&artnr=A%20%2029968&nav=2&kat=HIFMEDIA&kat_her=&p_sort=&b_sort=ASC" "Mozilla/5.0 (Windows; U; Windows NT 5.1; en-US; rv:1.8.1.21) Gecko/20090403 SeaMonkey/1.1.16"
192.168.10.13 - - [02/Nov/2009:11:36:22 +0100] "POST /livezilla/server.php?acid=2be1a HTTP/1.1" 200 - "-" "LiveZilla 3.1.7.7 [http://www.livezilla.net]"
192.168.10.10 - - [02/Nov/2009:11:36:39 +0100] "POST /livezilla/server.php?acid=adde5 HTTP/1.1" 200 - "-" "LiveZilla 3.1.7.7 [http://www.livezilla.net]"
212.38.4.71 - - [02/Nov/2009:11:37:28 +0100] "GET /livezilla/image.php?id=04 HTTP/1.1" 200 7276 "http://www.f-m-shop.de/seiten/prod_detail_neuer.cfm?name=MEDIA%20FREECOM%20MusicPal%20LAN-Audioplayer&artnr=A%20%2019872&nav=2&kat=HIFMEDIA&kat_her=&p_sort=&b_sort=ASC" "Mozilla/5.0 (Windows; U; Windows NT 5.1; en-US; rv:1.8.1.21) Gecko/20090403 SeaMonkey/1.1.16"
192.168.10.13 - - [02/Nov/2009:11:37:11 +0100] "POST /livezilla/server.php?acid=eaf3b HTTP/1.1" 200 - "-" "LiveZilla 3.1.7.7 [http://www.livezilla.net]"
192.168.10.10 - - [02/Nov/2009:11:37:27 +0100] "POST /livezilla/server.php?acid=22475 HTTP/1.1" 200 - "-" "LiveZilla 3.1.7.7 [http://www.livezilla.net]"
212.38.4.71 - - [02/Nov/2009:11:38:12 +0100] "GET /livezilla/image.php?id=04 HTTP/1.1" 200 7276 "http://www.f-m-shop.de/seiten/prod_detail_neuer.cfm?name=CAMCORDER%20ZBH%20CANON%20BP-310&artnr=A%20%2017532&nav=2&kat=CAMCZB&kat_her=&p_sort=&b_sort=ASC" "Mozilla/5.0 (Windows; U; Windows NT 5.1; en-US; rv:1.8.1.21) Gecko/20090403 SeaMonkey/1.1.16"
192.168.10.13 - - [02/Nov/2009:11:37:59 +0100] "POST /livezilla/server.php?acid=c8916 HTTP/1.1" 200 - "-" "LiveZilla 3.1.7.7 [http://www.livezilla.net]"
192.168.10.10 - - [02/Nov/2009:11:38:15 +0100] "POST /livezilla/server.php?acid=9fc77 HTTP/1.1" 200 - "-" "LiveZilla 3.1.7.7 [http://www.livezilla.net]"
192.168.10.13 - - [02/Nov/2009:11:38:47 +0100] "POST /livezilla/server.php?acid=dcd61 HTTP/1.1" 200 - "-" "LiveZilla 3.1.7.7 [http://www.livezilla.net]"
192.168.10.10 - - [02/Nov/2009:11:39:04 +0100] "POST /livezilla/server.php?acid=92180 HTTP/1.1" 200 - "-" "LiveZilla 3.1.7.7 [http://www.livezilla.net]"
192.168.10.13 - - [02/Nov/2009:11:39:36 +0100] "POST /livezilla/server.php?acid=bb3ec HTTP/1.1" 200 - "-" "LiveZilla 3.1.7.7 [http://www.livezilla.net]"
192.168.10.10 - - [02/Nov/2009:11:39:52 +0100] "POST /livezilla/server.php?acid=b3948 HTTP/1.1" 200 - "-" "LiveZilla 3.1.7.7 [http://www.livezilla.net]"
88.74.190.27 - - [02/Nov/2009:11:40:55 +0100] "GET /livezilla/image.php?id=04 HTTP/1.1" 200 7276 "http://www.f-m-shop.de/seiten/prod_detail_neuer.cfm?kat=NAVMOD&nav=2&artnr=A%20%2029483" "Mozilla/5.0 (Windows; U; Windows NT 5.1; de; rv:1.9.0.15) Gecko/2009101601 Firefox/3.0.15"
192.168.10.13 - - [02/Nov/2009:11:40:24 +0100] "POST /livezilla/server.php?acid=f6ecc HTTP/1.1" 200 - "-" "LiveZilla 3.1.7.7 [http://www.livezilla.net]"
192.168.10.10 - - [02/Nov/2009:11:40:40 +0100] "POST /livezilla/server.php?acid=87750 HTTP/1.1" 200 - "-" "LiveZilla 3.1.7.7 [http://www.livezilla.net]"
192.168.10.13 - - [02/Nov/2009:11:41:12 +0100] "POST /livezilla/server.php?acid=3b7db HTTP/1.1" 200 - "-" "LiveZilla 3.1.7.7 [http://www.livezilla.net]"
192.168.10.10 - - [02/Nov/2009:11:41:29 +0100] "POST /livezilla/server.php?acid=7e5a0 HTTP/1.1" 200 - "-" "LiveZilla 3.1.7.7 [http://www.livezilla.net]"
192.168.10.13 - - [02/Nov/2009:11:42:01 +0100] "POST /livezilla/server.php?acid=f215b HTTP/1.1" 200 - "-" "LiveZilla 3.1.7.7 [http://www.livezilla.net]"
141.6.11.13 - - [02/Nov/2009:11:42:45 +0100] "GET /livezilla/image.php?id=04 HTTP/1.1" 200 7276 "http://www.f-m-shop.de/seiten/prod_detail_neuer.cfm?kat=GRA1GBX&nav=2&artnr=A%20%2024622" "Mozilla/5.0 (Windows; U; Windows NT 5.1; de; rv:1.9.1.4) Gecko/20091016 Firefox/3.5.4"
192.168.10.10 - - [02/Nov/2009:11:42:17 +0100] "POST /livezilla/server.php?acid=75fae HTTP/1.1" 200 - "-" "LiveZilla 3.1.7.7 [http://www.livezilla.net]"
192.168.10.13 - - [02/Nov/2009:11:42:49 +0100] "POST /livezilla/server.php?acid=53672 HTTP/1.1" 200 - "-" "LiveZilla 3.1.7.7 [http://www.livezilla.net]"
84.134.89.49 - - [02/Nov/2009:11:43:35 +0100] "GET /livezilla/image.php?id=04 HTTP/1.1" 200 7276 "http://www.f-m-shop.de/seiten/prod_detail_neuer.cfm?kat=MONT24&nav=2&artnr=A%20%2025271" "Mozilla/5.0 (Windows; U; Windows NT 5.1; de-DE) AppleWebKit/531.9 (KHTML, like Gecko) Version/4.0.3 Safari/531.9.1"
192.168.10.10 - - [02/Nov/2009:11:43:06 +0100] "POST /livezilla/server.php?acid=ace9a HTTP/1.1" 200 - "-" "LiveZilla 3.1.7.7 [http://www.livezilla.net]"
195.145.31.136 - - [02/Nov/2009:11:43:52 +0100] "GET /livezilla/image.php?id=04 HTTP/1.1" 200 7276 "http://www.f-m-shop.de/seiten/prod_detail_neuer.cfm?kat=HDDSATA&nav=2&artnr=A%20%2021302" "Mozilla/5.0 (Windows; U; Windows NT 5.1; de; rv:1.9.1.4) Gecko/20091016 Firefox/3.5.4 (.NET CLR 3.5.30729)"
85.177.241.228 - - [02/Nov/2009:11:43:59 +0100] "GET /livezilla/image.php?id=04 HTTP/1.1" 200 7276 "http://www.f-m-shop.de/seiten/prod_detail_neuer.cfm?kat=NAVMOD&nav=2&artnr=A%20%2029480" "Mozilla/5.0 (Windows; U; Windows NT 5.1; de; rv:1.9.1.4) Gecko/20091016 Firefox/3.5.4 (.NET CLR 3.5.30729)"
84.134.89.49 - - [02/Nov/2009:11:44:06 +0100] "GET /livezilla/image.php?id=04 HTTP/1.1" 200 7276 "http://www.f-m-shop.de/seiten/prod_detail_neuer.cfm?kat=MONT24&nav=2&artnr=A%20%2025271" "Mozilla/5.0 (Windows; U; Windows NT 5.1; de-DE) AppleWebKit/531.9 (KHTML, like Gecko) Version/4.0.3 Safari/531.9.1"
195.145.31.136 - - [02/Nov/2009:11:44:14 +0100] "GET /livezilla/image.php?id=04 HTTP/1.1" 200 7276 "http://www.f-m-shop.de/seiten/prod_detail_neuer.cfm?kat=HDDSATA&nav=2&artnr=A%20%2021302" "Mozilla/5.0 (Windows; U; Windows NT 5.1; de; rv:1.9.1.4) Gecko/20091016 Firefox/3.5.4 (.NET CLR 3.5.30729)"
192.168.10.13 - - [02/Nov/2009:11:43:37 +0100] "POST /livezilla/server.php?acid=d7f7e HTTP/1.1" 200 - "-" "LiveZilla 3.1.7.7 [http://www.livezilla.net]"
192.168.10.10 - - [02/Nov/2009:11:43:54 +0100] "POST /livezilla/server.php?acid=40541 HTTP/1.1" 200 - "-" "LiveZilla 3.1.7.7 [http://www.livezilla.net]"
89.183.72.80 - - [02/Nov/2009:11:44:54 +0100] "GET /livezilla/image.php?id=04 HTTP/1.1" 200 7276 "http://www.f-m-shop.de/seiten/prod_detail_neuer.cfm?kat=MONT24&nav=2&artnr=A%20%2025025" "Mozilla/5.0 (Windows; U; Windows NT 5.1; de; rv:1.9.0.15) Gecko/2009101601 Firefox/3.0.15"
192.168.10.13 - - [02/Nov/2009:11:44:26 +0100] "POST /livezilla/server.php?acid=1b881 HTTP/1.1" 200 - "-" "LiveZilla 3.1.7.7 [http://www.livezilla.net]"
62.224.90.206 - - [02/Nov/2009:11:45:20 +0100] "GET /livezilla/image.php?id=04 HTTP/1.1" 200 7276 "http://www.eizo4you.de/seiten/prod_detail_neuer.cfm?name=LCD%2024,1%22%20EIZO%20FlexScan%20FX2431%20%20%20schwarz&artnr=A%20%2028980&nav=2&kat=MONT24&kat_her=EIZO&p_sort=&b_sort=ASC" "Mozilla/5.0 (Windows; U; Windows NT 5.1; de; rv:1.9.1.4) Gecko/20091016 Firefox/3.5.4"
192.168.10.10 - - [02/Nov/2009:11:44:42 +0100] "POST /livezilla/server.php?acid=8ee46 HTTP/1.1" 200 - "-" "LiveZilla 3.1.7.7 [http://www.livezilla.net]"
192.168.10.13 - - [02/Nov/2009:11:45:14 +0100] "POST /livezilla/server.php?acid=14d67 HTTP/1.1" 200 - "-" "LiveZilla 3.1.7.7 [http://www.livezilla.net]"
192.168.10.10 - - [02/Nov/2009:11:45:31 +0100] "POST /livezilla/server.php?acid=f0f47 HTTP/1.1" 200 - "-" "LiveZilla 3.1.7.7 [http://www.livezilla.net]"
193.174.6.197 - - [02/Nov/2009:11:46:23 +0100] "GET /livezilla/image.php?id=04 HTTP/1.1" 200 7276 "http://www.f-m-shop.de/seiten/prod_detail_neuer.cfm?kat=MONT24&nav=2&artnr=A%20%2029702" "Mozilla/5.0 (Windows; U; Windows NT 5.1; de; rv:1.9.1.4) Gecko/20091016 Firefox/3.5.4 (.NET CLR 3.5.30729)"
78.43.55.33 - - [02/Nov/2009:11:46:29 +0100] "GET /livezilla/image.php?id=04 HTTP/1.1" 200 7276 "http://www.f-m-shop.de/seiten/prod_detail_neuer.cfm?kat=HDDE25&nav=2&artnr=A%20%2022654" "Mozilla/5.0 (Windows; U; Windows NT 5.1; de; rv:1.9.0.14) Gecko/2009082707 Firefox/3.0.14"
84.134.89.49 - - [02/Nov/2009:11:46:41 +0100] "GET /livezilla/image.php?id=04 HTTP/1.1" 200 7276 "http://www.f-m-shop.de/seiten/prod_detail_neuer.cfm?artnr=A%20%2025271&nav=2&kat=MONT24" "Mozilla/5.0 (Windows; U; Windows NT 5.1; de-DE) AppleWebKit/531.9 (KHTML, like Gecko) Version/4.0.3 Safari/531.9.1"
62.224.90.206 - - [02/Nov/2009:11:46:44 +0100] "GET /livezilla/image.php?id=04 HTTP/1.1" 200 7276 "http://www.eizo4you.de/seiten/prod_detail_neuer.cfm?name=LCD%2024,1%22%20EIZO%20FlexScan%20EV2411WE%20grau&artnr=A%20%2025022&nav=2&kat=MONT24&kat_her=EIZO&p_sort=&b_sort=ASC" "Mozilla/5.0 (Windows; U; Windows NT 5.1; de; rv:1.9.1.4) Gecko/20091016 Firefox/3.5.4"
192.168.10.13 - - [02/Nov/2009:11:46:02 +0100] "POST /livezilla/server.php?acid=a5171 HTTP/1.1" 200 - "-" "LiveZilla 3.1.7.7 [http://www.livezilla.net]"
192.168.10.10 - - [02/Nov/2009:11:46:19 +0100] "POST /livezilla/server.php?acid=032ec HTTP/1.1" 200 - "-" "LiveZilla 3.1.7.7 [http://www.livezilla.net]"
192.168.10.13 - - [02/Nov/2009:11:46:51 +0100] "POST /livezilla/server.php?acid=16198 HTTP/1.1" 200 - "-" "LiveZilla 3.1.7.7 [http://www.livezilla.net]"
192.168.10.10 - - [02/Nov/2009:11:47:07 +0100] "POST /livezilla/server.php?acid=a7a17 HTTP/1.1" 200 - "-" "LiveZilla 3.1.7.7 [http://www.livezilla.net]"
212.183.10.149 - - [02/Nov/2009:11:47:57 +0100] "GET /livezilla/image.php?id=04 HTTP/1.1" 200 7276 "http://www.f-m-shop.de/seiten/prod_detail_neuer.cfm?kat=NETWLROU&nav=2&artnr=A%20%2020028" "Mozilla/5.0 (Windows; U; Windows NT 5.1; de-DE) AppleWebKit/531.9 (KHTML, like Gecko) Version/4.0.3 Safari/531.9.1"
62.224.90.206 - - [02/Nov/2009:11:48:18 +0100] "GET /livezilla/image.php?id=04 HTTP/1.1" 200 7276 "http://www.eizo4you.de/seiten/prod_detail_neuer.cfm?artnr=A%20%2028980&nav=2&kat=MONT24" "Mozilla/5.0 (Windows; U; Windows NT 5.1; de; rv:1.9.1.4) Gecko/20091016 Firefox/3.5.4"
192.168.10.13 - - [02/Nov/2009:11:47:39 +0100] "POST /livezilla/server.php?acid=3fcb7 HTTP/1.1" 200 - "-" "LiveZilla 3.1.7.7 [http://www.livezilla.net]"
78.48.53.207 - - [02/Nov/2009:11:48:36 +0100] "GET /livezilla/image.php?id=04 HTTP/1.1" 200 7276 "http://www.f-m-shop.de/seiten/prod_detail_neuer.cfm?kat=NOTB16&nav=2&artnr=A%20%2027816" "Mozilla/5.0 (Windows; U; Windows NT 5.1; en-US) AppleWebKit/532.0 (KHTML, like Gecko) Chrome/3.0.195.27 Safari/532.0"
192.168.10.10 - - [02/Nov/2009:11:47:56 +0100] "POST /livezilla/server.php?acid=893c5 HTTP/1.1" 200 - "-" "LiveZilla 3.1.7.7 [http://www.livezilla.net]"
195.37.205.30 - - [02/Nov/2009:11:48:55 +0100] "GET /livezilla/image.php?id=04 HTTP/1.0" 200 7276 "http://www.f-m-shop.de/seiten/prod_detail_neuer.cfm?kat=HIFMEDIA&nav=2&artnr=A%20%2022223" "Mozilla/5.0 (Windows; U; Windows NT 5.1; de; rv:1.9.1.3) Gecko/20090824 Firefox/3.5.3 (.NET CLR 3.5.30729)"
192.168.10.13 - - [02/Nov/2009:11:48:27 +0100] "POST /livezilla/server.php?acid=475f0 HTTP/1.1" 200 - "-" "LiveZilla 3.1.7.7 [http://www.livezilla.net]"
192.168.10.10 - - [02/Nov/2009:11:48:44 +0100] "POST /livezilla/server.php?acid=8c299 HTTP/1.1" 200 - "-" "LiveZilla 3.1.7.7 [http://www.livezilla.net]"
192.168.10.13 - - [02/Nov/2009:11:49:16 +0100] "POST /livezilla/server.php?acid=89d55 HTTP/1.1" 200 - "-" "LiveZilla 3.1.7.7 [http://www.livezilla.net]"
87.123.227.191 - - [02/Nov/2009:11:50:07 +0100] "GET /livezilla/image.php?id=04 HTTP/1.1" 200 7276 "http://www.f-m-shop.de/seiten/prod_detail_neuer.cfm?kat=MULHEA&nav=2&artnr=A 24624" "Mozilla/4.0 (compatible; MSIE 8.0; Windows NT 6.0; Trident/4.0; SLCC1; .NET CLR 2.0.50727; Media Center PC 5.0; .NET CLR 1.1.4322; .NET CLR 3.5.30729; .NET CLR 3.0.30729)"
192.168.10.10 - - [02/Nov/2009:11:49:32 +0100] "POST /livezilla/server.php?acid=ecad5 HTTP/1.1" 200 - "-" "LiveZilla 3.1.7.7 [http://www.livezilla.net]"
192.168.10.13 - - [02/Nov/2009:11:50:04 +0100] "POST /livezilla/server.php?acid=f139a HTTP/1.1" 200 - "-" "LiveZilla 3.1.7.7 [http://www.livezilla.net]"
81.207.211.37 - - [02/Nov/2009:11:51:05 +0100] "GET /livezilla/image.php?id=04 HTTP/1.1" 200 7276 "http://www.f-m-shop.de/seiten/prod_detail_neuer.cfm?name=LCD 22\" EIZO FlexScan S2243WE schwarz&artnr=A%20%2029269&nav=2&kat=MONT22&kat_her=&p_sort=&b_sort=ASC" "Mozilla/4.0 (compatible; MSIE 8.0; Windows NT 6.0; Trident/4.0; GTB6; SLCC1; .NET CLR 2.0.50727; Media Center PC 5.0; .NET CLR 3.5.30729; InfoPath.2; .NET CLR 3.0.30729)"
192.168.10.10 - - [02/Nov/2009:11:50:21 +0100] "POST /livezilla/server.php?acid=b1185 HTTP/1.1" 200 - "-" "LiveZilla 3.1.7.7 [http://www.livezilla.net]"
62.224.90.206 - - [02/Nov/2009:11:51:21 +0100] "GET /livezilla/image.php?id=04 HTTP/1.1" 200 7276 "http://www.eizo4you.de/seiten/prod_detail_neuer.cfm?name=LCD%2023%22%20%20%20EIZO%20FlexScan%20EV2333WH%20grau&artnr=A%20%2029046&nav=2&kat=MONT23&kat_her=&p_sort=&b_sort=ASC" "Mozilla/5.0 (Windows; U; Windows NT 5.1; de; rv:1.9.1.4) Gecko/20091016 Firefox/3.5.4"
87.240.234.134 - - [02/Nov/2009:11:51:23 +0100] "GET /livezilla/image.php?id=04 HTTP/1.1" 200 7276 "http://www.f-m-shop.de/seiten/prod_detail_neuer.cfm?name=LCD 24,1\" EIZO FlexScan S2433WH schwarz&artnr=A%20%2029039&nav=2&kat=MONT24&kat_her=&p_sort=&b_sort=ASC" "Mozilla/4.0 (compatible; MSIE 8.0; Windows NT 5.1; Trident/4.0; .NET CLR 1.0.3705; .NET CLR 1.1.4322; .NET CLR 2.0.50727; .NET CLR 3.0.04506.30; .NET CLR 3.0.04506.648; .NET CLR 3.0.4506.2152; .NET CLR 3.5.30729)"
78.52.61.134 - - [02/Nov/2009:11:51:34 +0100] "GET /livezilla/image.php?id=04 HTTP/1.1" 200 7276 "http://www.f-m-shop.de/seiten/prod_detail_neuer.cfm?kat=NOTB15&nav=2&artnr=A 28685" "Mozilla/4.0 (compatible; MSIE 8.0; Windows NT 6.0; Trident/4.0; GTB6; SLCC1; .NET CLR 2.0.50727; Media Center PC 5.0; .NET CLR 1.1.4322; .NET CLR 3.5.30729; .NET CLR 3.0.30618; OfficeLiveConnector.1.3; OfficeLivePatch.0.0)"
80.187.101.163 - - [02/Nov/2009:11:51:36 +0100] "GET /livezilla/image.php?id=04 HTTP/1.1" 200 7276 "http://www.f-m-shop.de/seiten/prod_detail_neuer.cfm?kat=NAVMOD&nav=2&artnr=A%20%2029484" "Mozilla/5.0 (Windows; U; Windows NT 6.1; de; rv:1.9.1.4) Gecko/20091016 Firefox/3.5.4"
192.168.10.13 - - [02/Nov/2009:11:50:52 +0100] "POST /livezilla/server.php?acid=3794a HTTP/1.1" 200 - "-" "LiveZilla 3.1.7.7 [http://www.livezilla.net]"
80.187.101.163 - - [02/Nov/2009:11:51:50 +0100] "GET /livezilla/image.php?id=04 HTTP/1.1" 200 7276 "http://www.f-m-shop.de/seiten/prod_detail_neuer.cfm?kat=NAVMOD&nav=2&artnr=A%20%2029484" "Mozilla/5.0 (Windows; U; Windows NT 6.1; de; rv:1.9.1.4) Gecko/20091016 Firefox/3.5.4"
79.197.252.108 - - [02/Nov/2009:11:51:51 +0100] "GET /livezilla/image.php?id=04 HTTP/1.1" 200 7276 "http://www.f-m-shop.de/seiten/prod_detail_neuer.cfm?kat=MONT22&nav=2&artnr=A 29264" "Mozilla/4.0 (compatible; MSIE 8.0; Windows NT 5.1; Trident/4.0; Mozilla/4.0 (compatible; MSIE 6.0; Windows NT 5.1; SV1) ; .NET CLR 2.0.50727; InfoPath.2; .NET CLR 3.0.04506.648; .NET CLR 3.5.21022; T-Online IE7; .NET CLR 3.0.4506.2152; .NET CLR 3.5.30729; OfficeLiveConnector.1.3; OfficeLivePatch.0.0; T-Online IE7)"
192.168.10.10 - - [02/Nov/2009:11:51:09 +0100] "POST /livezilla/server.php?acid=90789 HTTP/1.1" 200 - "-" "LiveZilla 3.1.7.7 [http://www.livezilla.net]"
84.148.223.135 - - [02/Nov/2009:11:52:06 +0100] "GET /livezilla/image.php?id=04 HTTP/1.1" 200 7276 "http://www.f-m-shop.de/seiten/prod_detail_neuer.cfm?kat=NAVMOD&nav=2&artnr=A 29480" "Mozilla/4.0 (compatible; MSIE 7.0; Windows NT 5.1; Trident/4.0; GTB6.3; .NET CLR 1.1.4322; .NET CLR 2.0.50727; .NET CLR 3.0.04506.648; .NET CLR 3.5.21022; .NET CLR 3.0.4506.2152; .NET CLR 3.5.30729; T-Brand-Final)"
192.168.10.13 - - [02/Nov/2009:11:51:41 +0100] "POST /livezilla/server.php?acid=3f00e HTTP/1.1" 200 - "-" "LiveZilla 3.1.7.7 [http://www.livezilla.net]"
77.47.37.161 - - [02/Nov/2009:11:52:27 +0100] "GET /livezilla/image.php?id=04 HTTP/1.1" 200 7276 "http://www.f-m-shop.de/seiten/prod_detail_neuer.cfm?kat=GRA1GBX&nav=2&artnr=A 28739" "Mozilla/4.0 (compatible; MSIE 8.0; Windows NT 5.2; WOW64; Trident/4.0; .NET CLR 2.0.50727; .NET CLR 3.0.4506.2152; .NET CLR 3.5.30729)"
57.66.70.225 - - [02/Nov/2009:11:52:40 +0100] "GET /livezilla/image.php?id=04 HTTP/1.1" 200 7276 "http://www.f-m-shop.de/seiten/prod_detail_neuer.cfm?kat=NOTB16&nav=2&artnr=A%20%2027816" "Mozilla/5.0 (Windows; U; Windows NT 5.1; de; rv:1.9.1.4) Gecko/20091016 Firefox/3.5.4 (.NET CLR 3.5.30729)"
192.168.10.10 - - [02/Nov/2009:11:51:57 +0100] "POST /livezilla/server.php?acid=4fdb1 HTTP/1.1" 200 - "-" "LiveZilla 3.1.7.7 [http://www.livezilla.net]"
84.148.223.135 - - [02/Nov/2009:11:52:58 +0100] "GET /livezilla/image.php?id=04 HTTP/1.1" 200 7276 "http://www.f-m-shop.de/seiten/prod_detail_neuer.cfm?kat=NAVMOD&nav=2&artnr=A%20%2029480" "Mozilla/4.0 (compatible; MSIE 7.0; Windows NT 5.1; Trident/4.0; GTB6.3; .NET CLR 1.1.4322; .NET CLR 2.0.50727; .NET CLR 3.0.04506.648; .NET CLR 3.5.21022; .NET CLR 3.0.4506.2152; .NET CLR 3.5.30729; T-Brand-Final)"
212.144.195.62 - - [02/Nov/2009:11:53:12 +0100] "GET /livezilla/image.php?id=04 HTTP/1.1" 200 7276 "http://www.f-m-shop.de/seiten/prod_detail_neuer.cfm?kat=MONT22&nav=2&artnr=A%20%2026977" "Mozilla/5.0 (Windows; U; Windows NT 5.1; de; rv:1.9.0.15) Gecko/2009101601 Firefox/3.0.15"
192.168.10.13 - - [02/Nov/2009:11:52:29 +0100] "POST /livezilla/server.php?acid=87780 HTTP/1.1" 200 - "-" "LiveZilla 3.1.7.7 [http://www.livezilla.net]"
212.183.10.149 - - [02/Nov/2009:11:53:24 +0100] "GET /livezilla/image.php?id=04 HTTP/1.1" 200 7276 "http://www.f-m-shop.de/seiten/prod_detail_neuer.cfm?kat=NETWLROU&nav=2&artnr=A%20%2026264" "Mozilla/5.0 (Windows; U; Windows NT 5.1; de-DE) AppleWebKit/531.9 (KHTML, like Gecko) Version/4.0.3 Safari/531.9.1"
91.40.62.142 - - [02/Nov/2009:11:53:27 +0100] "GET /livezilla/image.php?id=04 HTTP/1.1" 200 7276 "http://www.f-m-shop.de/seiten/prod_detail_neuer.cfm?kat=HDDE25&nav=2&artnr=A%20%2026544" "Mozilla/5.0 (Windows; U; Windows NT 5.1; de; rv:1.9.0.4) Gecko/2008102920 Firefox/3.0.4"
192.168.10.10 - - [02/Nov/2009:11:52:46 +0100] "POST /livezilla/server.php?acid=acdbf HTTP/1.1" 200 - "-" "LiveZilla 3.1.7.7 [http://www.livezilla.net]"
192.168.10.13 - - [02/Nov/2009:11:53:17 +0100] "POST /livezilla/server.php?acid=6fdf9 HTTP/1.1" 200 - "-" "LiveZilla 3.1.7.7 [http://www.livezilla.net]"
192.168.10.10 - - [02/Nov/2009:11:53:34 +0100] "POST /livezilla/server.php?acid=1bbd6 HTTP/1.1" 200 - "-" "LiveZilla 3.1.7.7 [http://www.livezilla.net]"
84.148.223.135 - - [02/Nov/2009:11:54:38 +0100] "GET /livezilla/livezilla.php HTTP/1.1" 200 72005 "-" "Mozilla/4.0 (compatible; MSIE 7.0; Windows NT 5.1; Trident/4.0; GTB6.3; .NET CLR 1.1.4322; .NET CLR 2.0.50727; .NET CLR 3.0.04506.648; .NET CLR 3.5.21022; .NET CLR 3.0.4506.2152; .NET CLR 3.5.30729; T-Brand-Final)"
84.148.223.135 - - [02/Nov/2009:11:54:39 +0100] "GET /livezilla/templates/style.css HTTP/1.1" 200 8998 "http://chat.f-m-shop.de/livezilla/livezilla.php" "Mozilla/4.0 (compatible; MSIE 7.0; Windows NT 5.1; Trident/4.0; GTB6.3; .NET CLR 1.1.4322; .NET CLR 2.0.50727; .NET CLR 3.0.04506.648; .NET CLR 3.5.21022; .NET CLR 3.0.4506.2152; .NET CLR 3.5.30729; T-Brand-Final)"
84.148.223.135 - - [02/Nov/2009:11:54:39 +0100] "GET /livezilla/livezilla.php?template=lz_chat_frame.0.0 HTTP/1.1" 200 259 "http://chat.f-m-shop.de/livezilla/livezilla.php" "Mozilla/4.0 (compatible; MSIE 7.0; Windows NT 5.1; Trident/4.0; GTB6.3; .NET CLR 1.1.4322; .NET CLR 2.0.50727; .NET CLR 3.0.04506.648; .NET CLR 3.5.21022; .NET CLR 3.0.4506.2152; .NET CLR 3.5.30729; T-Brand-Final)"
84.148.223.135 - - [02/Nov/2009:11:54:39 +0100] "GET /livezilla/livezilla.php?template=lz_chat_frame.0.1 HTTP/1.1" 200 277 "http://chat.f-m-shop.de/livezilla/livezilla.php" "Mozilla/4.0 (compatible; MSIE 7.0; Windows NT 5.1; Trident/4.0; GTB6.3; .NET CLR 1.1.4322; .NET CLR 2.0.50727; .NET CLR 3.0.04506.648; .NET CLR 3.5.21022; .NET CLR 3.0.4506.2152; .NET CLR 3.5.30729; T-Brand-Final)"
84.148.223.135 - - [02/Nov/2009:11:54:39 +0100] "GET /livezilla/livezilla.php?template=lz_chat_frame.4.1 HTTP/1.1" 200 455 "http://chat.f-m-shop.de/livezilla/livezilla.php" "Mozilla/4.0 (compatible; MSIE 7.0; Windows NT 5.1; Trident/4.0; GTB6.3; .NET CLR 1.1.4322; .NET CLR 2.0.50727; .NET CLR 3.0.04506.648; .NET CLR 3.5.21022; .NET CLR 3.0.4506.2152; .NET CLR 3.5.30729; T-Brand-Final)"
84.148.223.135 - - [02/Nov/2009:11:54:39 +0100] "GET /livezilla/livezilla.php?template=lz_chat_frame.1.2 HTTP/1.1" 200 264 "http://chat.f-m-shop.de/livezilla/livezilla.php" "Mozilla/4.0 (compatible; MSIE 7.0; Windows NT 5.1; Trident/4.0; GTB6.3; .NET CLR 1.1.4322; .NET CLR 2.0.50727; .NET CLR 3.0.04506.648; .NET CLR 3.5.21022; .NET CLR 3.0.4506.2152; .NET CLR 3.5.30729; T-Brand-Final)"
84.148.223.135 - - [02/Nov/2009:11:54:40 +0100] "GET /livezilla/livezilla.php?template=lz_chat_frame.2.2 HTTP/1.1" 200 264 "http://chat.f-m-shop.de/livezilla/livezilla.php" "Mozilla/4.0 (compatible; MSIE 7.0; Windows NT 5.1; Trident/4.0; GTB6.3; .NET CLR 1.1.4322; .NET CLR 2.0.50727; .NET CLR 3.0.04506.648; .NET CLR 3.5.21022; .NET CLR 3.0.4506.2152; .NET CLR 3.5.30729; T-Brand-Final)"
84.148.223.135 - - [02/Nov/2009:11:54:40 +0100] "GET /livezilla/livezilla.php?template=lz_chat_frame.3.2.login& HTTP/1.1" 200 1019 "http://chat.f-m-shop.de/livezilla/livezilla.php" "Mozilla/4.0 (compatible; MSIE 7.0; Windows NT 5.1; Trident/4.0; GTB6.3; .NET CLR 1.1.4322; .NET CLR 2.0.50727; .NET CLR 3.0.04506.648; .NET CLR 3.5.21022; .NET CLR 3.0.4506.2152; .NET CLR 3.5.30729; T-Brand-Final)"
84.148.223.135 - - [02/Nov/2009:11:54:39 +0100] "GET /livezilla/livezilla.php?template=lz_chat_frame.0.2 HTTP/1.1" 200 254 "http://chat.f-m-shop.de/livezilla/livezilla.php" "Mozilla/4.0 (compatible; MSIE 7.0; Windows NT 5.1; Trident/4.0; GTB6.3; .NET CLR 1.1.4322; .NET CLR 2.0.50727; .NET CLR 3.0.04506.648; .NET CLR 3.5.21022; .NET CLR 3.0.4506.2152; .NET CLR 3.5.30729; T-Brand-Final)"
84.148.223.135 - - [02/Nov/2009:11:54:39 +0100] "GET /livezilla/livezilla.php?template=lz_chat_frame.2.0 HTTP/1.1" 200 263 "http://chat.f-m-shop.de/livezilla/livezilla.php" "Mozilla/4.0 (compatible; MSIE 7.0; Windows NT 5.1; Trident/4.0; GTB6.3; .NET CLR 1.1.4322; .NET CLR 2.0.50727; .NET CLR 3.0.04506.648; .NET CLR 3.5.21022; .NET CLR 3.0.4506.2152; .NET CLR 3.5.30729; T-Brand-Final)"
84.148.223.135 - - [02/Nov/2009:11:54:40 +0100] "GET /livezilla/livezilla.php?template=lz_chat_frame.3.0 HTTP/1.1" 200 240 "http://chat.f-m-shop.de/livezilla/livezilla.php" "Mozilla/4.0 (compatible; MSIE 7.0; Windows NT 5.1; Trident/4.0; GTB6.3; .NET CLR 1.1.4322; .NET CLR 2.0.50727; .NET CLR 3.0.04506.648; .NET CLR 3.5.21022; .NET CLR 3.0.4506.2152; .NET CLR 3.5.30729; T-Brand-Final)"
84.148.223.135 - - [02/Nov/2009:11:54:40 +0100] "GET /livezilla/livezilla.php?template=lz_chat_frame.5.1 HTTP/1.1" 200 265 "http://chat.f-m-shop.de/livezilla/livezilla.php" "Mozilla/4.0 (compatible; MSIE 7.0; Windows NT 5.1; Trident/4.0; GTB6.3; .NET CLR 1.1.4322; .NET CLR 2.0.50727; .NET CLR 3.0.04506.648; .NET CLR 3.5.21022; .NET CLR 3.0.4506.2152; .NET CLR 3.5.30729; T-Brand-Final)"
84.148.223.135 - - [02/Nov/2009:11:54:40 +0100] "GET /livezilla/livezilla.php?template=lz_chat_frame.3.2.login.0.0 HTTP/1.1" 200 1563 "http://chat.f-m-shop.de/livezilla/livezilla.php?template=lz_chat_frame.3.2.login&" "Mozilla/4.0 (compatible; MSIE 7.0; Windows NT 5.1; Trident/4.0; GTB6.3; .NET CLR 1.1.4322; .NET CLR 2.0.50727; .NET CLR 3.0.04506.648; .NET CLR 3.5.21022; .NET CLR 3.0.4506.2152; .NET CLR 3.5.30729; T-Brand-Final)"
84.148.223.135 - - [02/Nov/2009:11:54:41 +0100] "GET /livezilla/images/chat_bg_footer.gif HTTP/1.1" 200 194 "http://chat.f-m-shop.de/livezilla/livezilla.php?template=lz_chat_frame.4.1" "Mozilla/4.0 (compatible; MSIE 7.0; Windows NT 5.1; Trident/4.0; GTB6.3; .NET CLR 1.1.4322; .NET CLR 2.0.50727; .NET CLR 3.0.04506.648; .NET CLR 3.5.21022; .NET CLR 3.0.4506.2152; .NET CLR 3.5.30729; T-Brand-Final)"
84.148.223.135 - - [02/Nov/2009:11:54:41 +0100] "GET /livezilla/images/button_mail.gif HTTP/1.1" 200 1348 "http://chat.f-m-shop.de/livezilla/livezilla.php?template=lz_chat_frame.3.2.login.0.0" "Mozilla/4.0 (compatible; MSIE 7.0; Windows NT 5.1; Trident/4.0; GTB6.3; .NET CLR 1.1.4322; .NET CLR 2.0.50727; .NET CLR 3.0.04506.648; .NET CLR 3.5.21022; .NET CLR 3.0.4506.2152; .NET CLR 3.5.30729; T-Brand-Final)"
84.148.223.135 - - [02/Nov/2009:11:54:41 +0100] "GET /livezilla/images/chat_bg_navigation_left.gif HTTP/1.1" 200 1078 "http://chat.f-m-shop.de/livezilla/livezilla.php?template=lz_chat_frame.3.2.login.0.0" "Mozilla/4.0 (compatible; MSIE 7.0; Windows NT 5.1; Trident/4.0; GTB6.3; .NET CLR 1.1.4322; .NET CLR 2.0.50727; .NET CLR 3.0.04506.648; .NET CLR 3.5.21022; .NET CLR 3.0.4506.2152; .NET CLR 3.5.30729; T-Brand-Final)"
84.148.223.135 - - [02/Nov/2009:11:54:41 +0100] "GET /livezilla/livezilla.php?template=lz_chat_frame.3.2.login.2.0 HTTP/1.1" 200 277 "http://chat.f-m-shop.de/livezilla/livezilla.php?template=lz_chat_frame.3.2.login&" "Mozilla/4.0 (compatible; MSIE 7.0; Windows NT 5.1; Trident/4.0; GTB6.3; .NET CLR 1.1.4322; .NET CLR 2.0.50727; .NET CLR 3.0.04506.648; .NET CLR 3.5.21022; .NET CLR 3.0.4506.2152; .NET CLR 3.5.30729; T-Brand-Final)"
84.148.223.135 - - [02/Nov/2009:11:54:41 +0100] "GET /livezilla/livezilla.php?template=lz_chat_frame.3.2.login.1.0& HTTP/1.1" 200 2939 "http://chat.f-m-shop.de/livezilla/livezilla.php?template=lz_chat_frame.3.2.login&" "Mozilla/4.0 (compatible; MSIE 7.0; Windows NT 5.1; Trident/4.0; GTB6.3; .NET CLR 1.1.4322; .NET CLR 2.0.50727; .NET CLR 3.0.04506.648; .NET CLR 3.5.21022; .NET CLR 3.0.4506.2152; .NET CLR 3.5.30729; T-Brand-Final)"
84.148.223.135 - - [02/Nov/2009:11:54:40 +0100] "GET /livezilla/livezilla.php?template=lz_chat_frame.3.3 HTTP/1.1" 200 239 "http://chat.f-m-shop.de/livezilla/livezilla.php" "Mozilla/4.0 (compatible; MSIE 7.0; Windows NT 5.1; Trident/4.0; GTB6.3; .NET CLR 1.1.4322; .NET CLR 2.0.50727; .NET CLR 3.0.04506.648; .NET CLR 3.5.21022; .NET CLR 3.0.4506.2152; .NET CLR 3.5.30729; T-Brand-Final)"
84.148.223.135 - - [02/Nov/2009:11:54:39 +0100] "GET /livezilla/livezilla.php?template=lz_chat_frame.1.0 HTTP/1.1" 200 279 "http://chat.f-m-shop.de/livezilla/livezilla.php" "Mozilla/4.0 (compatible; MSIE 7.0; Windows NT 5.1; Trident/4.0; GTB6.3; .NET CLR 1.1.4322; .NET CLR 2.0.50727; .NET CLR 3.0.04506.648; .NET CLR 3.5.21022; .NET CLR 3.0.4506.2152; .NET CLR 3.5.30729; T-Brand-Final)"
84.148.223.135 - - [02/Nov/2009:11:54:41 +0100] "GET /livezilla/images/chat_bg_navigation_dev.gif HTTP/1.1" 200 367 "http://chat.f-m-shop.de/livezilla/livezilla.php?template=lz_chat_frame.3.2.login.0.0" "Mozilla/4.0 (compatible; MSIE 7.0; Windows NT 5.1; Trident/4.0; GTB6.3; .NET CLR 1.1.4322; .NET CLR 2.0.50727; .NET CLR 3.0.04506.648; .NET CLR 3.5.21022; .NET CLR 3.0.4506.2152; .NET CLR 3.5.30729; T-Brand-Final)"
84.148.223.135 - - [02/Nov/2009:11:54:39 +0100] "GET /livezilla/livezilla.php?template=lz_chat_frame.1.1 HTTP/1.1" 200 2257 "http://chat.f-m-shop.de/livezilla/livezilla.php" "Mozilla/4.0 (compatible; MSIE 7.0; Windows NT 5.1; Trident/4.0; GTB6.3; .NET CLR 1.1.4322; .NET CLR 2.0.50727; .NET CLR 3.0.04506.648; .NET CLR 3.5.21022; .NET CLR 3.0.4506.2152; .NET CLR 3.5.30729; T-Brand-Final)"
84.148.223.135 - - [02/Nov/2009:11:54:41 +0100] "GET /livezilla/images/button_fav.gif HTTP/1.1" 200 1344 "http://chat.f-m-shop.de/livezilla/livezilla.php?template=lz_chat_frame.3.2.login.0.0" "Mozilla/4.0 (compatible; MSIE 7.0; Windows NT 5.1; Trident/4.0; GTB6.3; .NET CLR 1.1.4322; .NET CLR 2.0.50727; .NET CLR 3.0.04506.648; .NET CLR 3.5.21022; .NET CLR 3.0.4506.2152; .NET CLR 3.5.30729; T-Brand-Final)"
84.148.223.135 - - [02/Nov/2009:11:54:41 +0100] "GET /livezilla/images/button_close.gif HTTP/1.1" 200 1239 "http://chat.f-m-shop.de/livezilla/livezilla.php?template=lz_chat_frame.3.2.login.0.0" "Mozilla/4.0 (compatible; MSIE 7.0; Windows NT 5.1; Trident/4.0; GTB6.3; .NET CLR 1.1.4322; .NET CLR 2.0.50727; .NET CLR 3.0.04506.648; .NET CLR 3.5.21022; .NET CLR 3.0.4506.2152; .NET CLR 3.5.30729; T-Brand-Final)"
84.148.223.135 - - [02/Nov/2009:11:54:41 +0100] "GET /livezilla/images/chat_bg_navigation_right.gif HTTP/1.1" 200 675 "http://chat.f-m-shop.de/livezilla/livezilla.php?template=lz_chat_frame.3.2.login.0.0" "Mozilla/4.0 (compatible; MSIE 7.0; Windows NT 5.1; Trident/4.0; GTB6.3; .NET CLR 1.1.4322; .NET CLR 2.0.50727; .NET CLR 3.0.04506.648; .NET CLR 3.5.21022; .NET CLR 3.0.4506.2152; .NET CLR 3.5.30729; T-Brand-Final)"
84.148.223.135 - - [02/Nov/2009:11:54:41 +0100] "GET /livezilla/images/chat_bg_navigation.gif HTTP/1.1" 200 258 "http://chat.f-m-shop.de/livezilla/livezilla.php?template=lz_chat_frame.3.2.login.0.0" "Mozilla/4.0 (compatible; MSIE 7.0; Windows NT 5.1; Trident/4.0; GTB6.3; .NET CLR 1.1.4322; .NET CLR 2.0.50727; .NET CLR 3.0.04506.648; .NET CLR 3.5.21022; .NET CLR 3.0.4506.2152; .NET CLR 3.5.30729; T-Brand-Final)"
84.148.223.135 - - [02/Nov/2009:11:54:41 +0100] "GET /livezilla/images/chat_bg_footer_top.gif HTTP/1.1" 200 858 "http://chat.f-m-shop.de/livezilla/livezilla.php?template=lz_chat_frame.3.2.login.2.0" "Mozilla/4.0 (compatible; MSIE 7.0; Windows NT 5.1; Trident/4.0; GTB6.3; .NET CLR 1.1.4322; .NET CLR 2.0.50727; .NET CLR 3.0.04506.648; .NET CLR 3.5.21022; .NET CLR 3.0.4506.2152; .NET CLR 3.5.30729; T-Brand-Final)"
84.148.223.135 - - [02/Nov/2009:11:54:41 +0100] "GET /livezilla/images/icon_info.gif HTTP/1.1" 200 1703 "http://chat.f-m-shop.de/livezilla/livezilla.php?template=lz_chat_frame.3.2.login.1.0&" "Mozilla/4.0 (compatible; MSIE 7.0; Windows NT 5.1; Trident/4.0; GTB6.3; .NET CLR 1.1.4322; .NET CLR 2.0.50727; .NET CLR 3.0.04506.648; .NET CLR 3.5.21022; .NET CLR 3.0.4506.2152; .NET CLR 3.5.30729; T-Brand-Final)"
84.148.223.135 - - [02/Nov/2009:11:54:41 +0100] "GET /livezilla/images/icon_network.gif HTTP/1.1" 200 354 "http://chat.f-m-shop.de/livezilla/livezilla.php?template=lz_chat_frame.3.2.login.1.0&" "Mozilla/4.0 (compatible; MSIE 7.0; Windows NT 5.1; Trident/4.0; GTB6.3; .NET CLR 1.1.4322; .NET CLR 2.0.50727; .NET CLR 3.0.04506.648; .NET CLR 3.5.21022; .NET CLR 3.0.4506.2152; .NET CLR 3.5.30729; T-Brand-Final)"
84.148.223.135 - - [02/Nov/2009:11:54:41 +0100] "GET /livezilla/images/chat_bg_field.gif HTTP/1.1" 200 121 "http://chat.f-m-shop.de/livezilla/livezilla.php?template=lz_chat_frame.3.2.login.1.0&" "Mozilla/4.0 (compatible; MSIE 7.0; Windows NT 5.1; Trident/4.0; GTB6.3; .NET CLR 1.1.4322; .NET CLR 2.0.50727; .NET CLR 3.0.04506.648; .NET CLR 3.5.21022; .NET CLR 3.0.4506.2152; .NET CLR 3.5.30729; T-Brand-Final)"
84.148.223.135 - - [02/Nov/2009:11:54:41 +0100] "GET /livezilla/images/chat_bg_navigation_sub.gif HTTP/1.1" 200 76 "http://chat.f-m-shop.de/livezilla/livezilla.php?template=lz_chat_frame.3.2.login.1.0&" "Mozilla/4.0 (compatible; MSIE 7.0; Windows NT 5.1; Trident/4.0; GTB6.3; .NET CLR 1.1.4322; .NET CLR 2.0.50727; .NET CLR 3.0.04506.648; .NET CLR 3.5.21022; .NET CLR 3.0.4506.2152; .NET CLR 3.5.30729; T-Brand-Final)"
84.148.223.135 - - [02/Nov/2009:11:54:41 +0100] "GET /livezilla/images/lz_button.gif HTTP/1.1" 200 838 "http://chat.f-m-shop.de/livezilla/livezilla.php?template=lz_chat_frame.3.2.login.1.0&" "Mozilla/4.0 (compatible; MSIE 7.0; Windows NT 5.1; Trident/4.0; GTB6.3; .NET CLR 1.1.4322; .NET CLR 2.0.50727; .NET CLR 3.0.04506.648; .NET CLR 3.5.21022; .NET CLR 3.0.4506.2152; .NET CLR 3.5.30729; T-Brand-Final)"
84.148.223.135 - - [02/Nov/2009:11:54:41 +0100] "GET /livezilla/images/lz_button_extra.gif HTTP/1.1" 200 948 "http://chat.f-m-shop.de/livezilla/livezilla.php?template=lz_chat_frame.3.2.login.1.0&" "Mozilla/4.0 (compatible; MSIE 7.0; Windows NT 5.1; Trident/4.0; GTB6.3; .NET CLR 1.1.4322; .NET CLR 2.0.50727; .NET CLR 3.0.04506.648; .NET CLR 3.5.21022; .NET CLR 3.0.4506.2152; .NET CLR 3.5.30729; T-Brand-Final)"
84.148.223.135 - - [02/Nov/2009:11:54:41 +0100] "GET /livezilla/images/icon_vcard.gif HTTP/1.1" 200 559 "http://chat.f-m-shop.de/livezilla/livezilla.php?template=lz_chat_frame.1.1" "Mozilla/4.0 (compatible; MSIE 7.0; Windows NT 5.1; Trident/4.0; GTB6.3; .NET CLR 1.1.4322; .NET CLR 2.0.50727; .NET CLR 3.0.04506.648; .NET CLR 3.5.21022; .NET CLR 3.0.4506.2152; .NET CLR 3.5.30729; T-Brand-Final)"
84.148.223.135 - - [02/Nov/2009:11:54:41 +0100] "GET /livezilla/images/carrier_logo.gif HTTP/1.1" 200 6003 "http://chat.f-m-shop.de/livezilla/livezilla.php?template=lz_chat_frame.1.1" "Mozilla/4.0 (compatible; MSIE 7.0; Windows NT 5.1; Trident/4.0; GTB6.3; .NET CLR 1.1.4322; .NET CLR 2.0.50727; .NET CLR 3.0.04506.648; .NET CLR 3.5.21022; .NET CLR 3.0.4506.2152; .NET CLR 3.5.30729; T-Brand-Final)"
84.148.223.135 - - [02/Nov/2009:11:54:41 +0100] "GET /livezilla/images/icon_typing.gif HTTP/1.1" 200 1106 "http://chat.f-m-shop.de/livezilla/livezilla.php?template=lz_chat_frame.1.1" "Mozilla/4.0 (compatible; MSIE 7.0; Windows NT 5.1; Trident/4.0; GTB6.3; .NET CLR 1.1.4322; .NET CLR 2.0.50727; .NET CLR 3.0.04506.648; .NET CLR 3.5.21022; .NET CLR 3.0.4506.2152; .NET CLR 3.5.30729; T-Brand-Final)"
84.148.223.135 - - [02/Nov/2009:11:54:41 +0100] "GET /livezilla/intern_images/nopic.jpg HTTP/1.1" 200 3599 "http://chat.f-m-shop.de/livezilla/livezilla.php?template=lz_chat_frame.1.1" "Mozilla/4.0 (compatible; MSIE 7.0; Windows NT 5.1; Trident/4.0; GTB6.3; .NET CLR 1.1.4322; .NET CLR 2.0.50727; .NET CLR 3.0.04506.648; .NET CLR 3.5.21022; .NET CLR 3.0.4506.2152; .NET CLR 3.5.30729; T-Brand-Final)"
84.148.223.135 - - [02/Nov/2009:11:54:41 +0100] "GET /livezilla/images/lz_rep_bg_right.gif HTTP/1.1" 200 590 "http://chat.f-m-shop.de/livezilla/livezilla.php?template=lz_chat_frame.1.1" "Mozilla/4.0 (compatible; MSIE 7.0; Windows NT 5.1; Trident/4.0; GTB6.3; .NET CLR 1.1.4322; .NET CLR 2.0.50727; .NET CLR 3.0.04506.648; .NET CLR 3.5.21022; .NET CLR 3.0.4506.2152; .NET CLR 3.5.30729; T-Brand-Final)"
84.148.223.135 - - [02/Nov/2009:11:54:41 +0100] "GET /livezilla/images/lz_header.gif HTTP/1.1" 200 7285 "http://chat.f-m-shop.de/livezilla/livezilla.php?template=lz_chat_frame.1.1" "Mozilla/4.0 (compatible; MSIE 7.0; Windows NT 5.1; Trident/4.0; GTB6.3; .NET CLR 1.1.4322; .NET CLR 2.0.50727; .NET CLR 3.0.04506.648; .NET CLR 3.5.21022; .NET CLR 3.0.4506.2152; .NET CLR 3.5.30729; T-Brand-Final)"
84.148.223.135 - - [02/Nov/2009:11:54:41 +0100] "GET /livezilla/images/lz_rep_bg_left.gif HTTP/1.1" 200 593 "http://chat.f-m-shop.de/livezilla/livezilla.php?template=lz_chat_frame.1.1" "Mozilla/4.0 (compatible; MSIE 7.0; Windows NT 5.1; Trident/4.0; GTB6.3; .NET CLR 1.1.4322; .NET CLR 2.0.50727; .NET CLR 3.0.04506.648; .NET CLR 3.5.21022; .NET CLR 3.0.4506.2152; .NET CLR 3.5.30729; T-Brand-Final)"
84.148.223.135 - - [02/Nov/2009:11:54:42 +0100] "GET /livezilla/images/lz_rep_bg.gif HTTP/1.1" 200 320 "http://chat.f-m-shop.de/livezilla/livezilla.php?template=lz_chat_frame.1.1" "Mozilla/4.0 (compatible; MSIE 7.0; Windows NT 5.1; Trident/4.0; GTB6.3; .NET CLR 1.1.4322; .NET CLR 2.0.50727; .NET CLR 3.0.04506.648; .NET CLR 3.5.21022; .NET CLR 3.0.4506.2152; .NET CLR 3.5.30729; T-Brand-Final)"
84.148.223.135 - - [02/Nov/2009:11:54:42 +0100] "GET /livezilla/images/favicon.ico HTTP/1.1" 200 43302 "-" "Mozilla/4.0 (compatible; MSIE 8.0; Windows NT 5.1; Trident/4.0; GTB6.3; .NET CLR 1.1.4322; .NET CLR 2.0.50727; .NET CLR 3.0.04506.648; .NET CLR 3.5.21022; .NET CLR 3.0.4506.2152; .NET CLR 3.5.30729; T-Brand-Final)"
84.148.223.135 - - [02/Nov/2009:11:54:42 +0100] "POST /livezilla/server.php HTTP/1.1" 200 212 "http://chat.f-m-shop.de/livezilla/livezilla.php" "Mozilla/4.0 (compatible; MSIE 7.0; Windows NT 5.1; Trident/4.0; GTB6.3; .NET CLR 1.1.4322; .NET CLR 2.0.50727; .NET CLR 3.0.04506.648; .NET CLR 3.5.21022; .NET CLR 3.0.4506.2152; .NET CLR 3.5.30729; T-Brand-Final)"
84.148.223.135 - - [02/Nov/2009:11:54:43 +0100] "GET /livezilla/livezilla.php?template=lz_chat_frame.3.2.mail HTTP/1.1" 200 3993 "http://chat.f-m-shop.de/livezilla/livezilla.php" "Mozilla/4.0 (compatible; MSIE 7.0; Windows NT 5.1; Trident/4.0; GTB6.3; .NET CLR 1.1.4322; .NET CLR 2.0.50727; .NET CLR 3.0.04506.648; .NET CLR 3.5.21022; .NET CLR 3.0.4506.2152; .NET CLR 3.5.30729; T-Brand-Final)"
84.148.223.135 - - [02/Nov/2009:11:54:43 +0100] "POST /livezilla/livezilla.php?template=lz_chat_frame.3.2.mail HTTP/1.1" 200 4002 "http://chat.f-m-shop.de/livezilla/livezilla.php?template=lz_chat_frame.3.2.login.1.0&" "Mozilla/4.0 (compatible; MSIE 7.0; Windows NT 5.1; Trident/4.0; GTB6.3; .NET CLR 1.1.4322; .NET CLR 2.0.50727; .NET CLR 3.0.04506.648; .NET CLR 3.5.21022; .NET CLR 3.0.4506.2152; .NET CLR 3.5.30729; T-Brand-Final)"
84.148.223.135 - - [02/Nov/2009:11:54:43 +0100] "GET /livezilla/images/button_chat.gif HTTP/1.1" 200 1218 "http://chat.f-m-shop.de/livezilla/livezilla.php?template=lz_chat_frame.3.2.mail" "Mozilla/4.0 (compatible; MSIE 7.0; Windows NT 5.1; Trident/4.0; GTB6.3; .NET CLR 1.1.4322; .NET CLR 2.0.50727; .NET CLR 3.0.04506.648; .NET CLR 3.5.21022; .NET CLR 3.0.4506.2152; .NET CLR 3.5.30729; T-Brand-Final)"
84.148.223.135 - - [02/Nov/2009:11:54:43 +0100] "GET /livezilla/images/button_print.gif HTTP/1.1" 200 1183 "http://chat.f-m-shop.de/livezilla/livezilla.php?template=lz_chat_frame.3.2.mail" "Mozilla/4.0 (compatible; MSIE 7.0; Windows NT 5.1; Trident/4.0; GTB6.3; .NET CLR 1.1.4322; .NET CLR 2.0.50727; .NET CLR 3.0.04506.648; .NET CLR 3.5.21022; .NET CLR 3.0.4506.2152; .NET CLR 3.5.30729; T-Brand-Final)"
91.4.138.53 - - [02/Nov/2009:11:54:44 +0100] "GET /livezilla/image.php?id=04 HTTP/1.1" 200 7276 "http://www.f-m-shop.de/seiten/prod_detail_neuer.cfm?kat=MONT24&nav=2&artnr=A%20%2025025" "Mozilla/5.0 (Windows; U; Windows NT 5.1; de; rv:1.9.1.4) Gecko/20091016 Firefox/3.5.4 (.NET CLR 3.5.30729)"
192.168.10.13 - - [02/Nov/2009:11:54:06 +0100] "POST /livezilla/server.php?acid=468a9 HTTP/1.1" 200 - "-" "LiveZilla 3.1.7.7 [http://www.livezilla.net]"
192.168.10.10 - - [02/Nov/2009:11:54:22 +0100] "POST /livezilla/server.php?acid=df21b HTTP/1.1" 200 - "-" "LiveZilla 3.1.7.7 [http://www.livezilla.net]"
192.168.10.13 - - [02/Nov/2009:11:54:54 +0100] "POST /livezilla/server.php?acid=d6be6 HTTP/1.1" 200 - "-" "LiveZilla 3.1.7.7 [http://www.livezilla.net]"
84.148.223.135 - - [02/Nov/2009:11:55:52 +0100] "GET /livezilla/image.php?id=04 HTTP/1.1" 200 7276 "http://www.f-m-shop.de/seiten/prod_detail_neuer.cfm?kat=NAVMOD&nav=2&artnr=A%20%2029480" "Mozilla/4.0 (compatible; MSIE 7.0; Windows NT 5.1; Trident/4.0; GTB6.3; .NET CLR 1.1.4322; .NET CLR 2.0.50727; .NET CLR 3.0.04506.648; .NET CLR 3.5.21022; .NET CLR 3.0.4506.2152; .NET CLR 3.5.30729; T-Brand-Final)"
192.168.10.10 - - [02/Nov/2009:11:55:11 +0100] "POST /livezilla/server.php?acid=f1d11 HTTP/1.1" 200 - "-" "LiveZilla 3.1.7.7 [http://www.livezilla.net]"
192.168.10.13 - - [02/Nov/2009:11:55:42 +0100] "POST /livezilla/server.php?acid=68fbb HTTP/1.1" 200 - "-" "LiveZilla 3.1.7.7 [http://www.livezilla.net]"
192.168.10.10 - - [02/Nov/2009:11:55:59 +0100] "POST /livezilla/server.php?acid=fa4e9 HTTP/1.1" 200 - "-" "LiveZilla 3.1.7.7 [http://www.livezilla.net]"
192.168.10.13 - - [02/Nov/2009:11:56:31 +0100] "POST /livezilla/server.php?acid=502a2 HTTP/1.1" 200 - "-" "LiveZilla 3.1.7.7 [http://www.livezilla.net]"
195.126.85.141 - - [02/Nov/2009:11:57:25 +0100] "GET /livezilla/image.php?id=04 HTTP/1.0" 200 7276 "http://www.f-m-shop.de/seiten/prod_detail_neuer.cfm?kat=MONT22&nav=2&artnr=A 27473" "Mozilla/4.0 (compatible; MSIE 7.0; Windows NT 5.1; Trident/4.0; .NET CLR 1.1.4322; .NET CLR 2.0.50727; .NET CLR 3.0.04506.30; .NET CLR 3.0.04506.648; .NET CLR 3.0.4506.2152; .NET CLR 3.5.30729)"
192.168.10.10 - - [02/Nov/2009:11:56:47 +0100] "POST /livezilla/server.php?acid=e3e4f HTTP/1.1" 200 - "-" "LiveZilla 3.1.7.7 [http://www.livezilla.net]"
87.240.234.134 - - [02/Nov/2009:11:57:34 +0100] "GET /livezilla/image.php?id=04 HTTP/1.1" 200 7276 "http://www.f-m-shop.de/seiten/prod_detail_neuer.cfm?name=LCD 24\" EIZO FlexScan SX2462WH schwarz&artnr=A%20%2029702&nav=2&kat=MONT24&kat_her=&p_sort=&b_sort=ASC" "Mozilla/4.0 (compatible; MSIE 8.0; Windows NT 5.1; Trident/4.0; .NET CLR 1.0.3705; .NET CLR 1.1.4322; .NET CLR 2.0.50727; .NET CLR 3.0.04506.30; .NET CLR 3.0.04506.648; .NET CLR 3.0.4506.2152; .NET CLR 3.5.30729)"
87.123.169.65 - - [02/Nov/2009:11:57:58 +0100] "GET /livezilla/image.php?id=04 HTTP/1.1" 200 7276 "http://www.f-m-shop.de/seiten/prod_detail_neuer.cfm?kat=NAVMOD&nav=2&artnr=A%20%2029480" "Mozilla/5.0 (Windows; U; Windows NT 5.1; de; rv:1.9.1.4) Gecko/20091016 Firefox/3.5.4 (.NET CLR 3.5.30729)"
192.168.10.13 - - [02/Nov/2009:11:57:19 +0100] "POST /livezilla/server.php?acid=728fd HTTP/1.1" 200 - "-" "LiveZilla 3.1.7.7 [http://www.livezilla.net]"
195.126.85.141 - - [02/Nov/2009:11:58:20 +0100] "GET /livezilla/image.php?id=04 HTTP/1.0" 200 7276 "http://www.f-m-shop.de/seiten/prod_detail_neuer.cfm?name=LCD 22\" EIZO FlexScan S2243WH schwarz&artnr=A%20%2029272&nav=2&kat=MONT22&kat_her=&p_sort=&b_sort=ASC" "Mozilla/4.0 (compatible; MSIE 7.0; Windows NT 5.1; Trident/4.0; .NET CLR 1.1.4322; .NET CLR 2.0.50727; .NET CLR 3.0.04506.30; .NET CLR 3.0.04506.648; .NET CLR 3.0.4506.2152; .NET CLR 3.5.30729)"
192.168.10.10 - - [02/Nov/2009:11:57:36 +0100] "POST /livezilla/server.php?acid=c8cd9 HTTP/1.1" 200 - "-" "LiveZilla 3.1.7.7 [http://www.livezilla.net]"
192.168.10.13 - - [02/Nov/2009:11:58:07 +0100] "POST /livezilla/server.php?acid=5f034 HTTP/1.1" 200 - "-" "LiveZilla 3.1.7.7 [http://www.livezilla.net]"
192.168.10.10 - - [02/Nov/2009:11:58:24 +0100] "POST /livezilla/server.php?acid=ce590 HTTP/1.1" 200 - "-" "LiveZilla 3.1.7.7 [http://www.livezilla.net]"
192.168.10.13 - - [02/Nov/2009:11:58:56 +0100] "POST /livezilla/server.php?acid=999a5 HTTP/1.1" 200 - "-" "LiveZilla 3.1.7.7 [http://www.livezilla.net]"
93.147.137.10 - - [02/Nov/2009:11:59:46 +0100] "GET /livezilla/image.php?id=04 HTTP/1.1" 200 7276 "http://www.f-m-shop.de/seiten/prod_detail_neuer.cfm?kat=MONT22&nav=2&artnr=A 29264" "Mozilla/4.0 (compatible; MSIE 7.0; Windows NT 5.1; GTB6; InfoPath.2; .NET CLR 2.0.50727; .NET CLR 3.0.4506.2152; .NET CLR 3.5.30729)"
192.168.10.10 - - [02/Nov/2009:11:59:13 +0100] "POST /livezilla/server.php?acid=de4df HTTP/1.1" 200 - "-" "LiveZilla 3.1.7.7 [http://www.livezilla.net]"
192.168.10.13 - - [02/Nov/2009:11:59:44 +0100] "POST /livezilla/server.php?acid=e184c HTTP/1.1" 200 - "-" "LiveZilla 3.1.7.7 [http://www.livezilla.net]"
195.93.60.101 - - [02/Nov/2009:12:00:43 +0100] "GET /livezilla/image.php?id=04 HTTP/1.1" 200 7276 "http://www.f-m-shop.de/seiten/prod_detail_neuer.cfm?kat=HIFMEDIA&nav=2&artnr=A 22223" "Mozilla/4.0 (compatible; MSIE 7.0; AOL 9.0; Windows NT 6.0; Trident/4.0; SLCC1; .NET CLR 2.0.50727; Media Center PC 5.0; .NET CLR 3.5.30729; .NET CLR 3.0.30729)"
192.168.10.10 - - [02/Nov/2009:12:00:01 +0100] "POST /livezilla/server.php?acid=9b0f4 HTTP/1.1" 200 - "-" "LiveZilla 3.1.7.7 [http://www.livezilla.net]"
84.145.120.224 - - [02/Nov/2009:12:00:55 +0100] "GET /livezilla/image.php?id=04 HTTP/1.1" 200 7276 "http://www.f-m-shop.de/seiten/prod_detail_neuer.cfm?name=USB Stick 4.0GB JetFlash 110 gelb&artnr=A%20%2013509&nav=2&kat=MEDUSB&kat_her=&p_sort=&b_sort=ASC" "Mozilla/4.0 (compatible; MSIE 8.0; Windows NT 6.0; Trident/4.0; SLCC1; .NET CLR 2.0.50727; .NET CLR 1.1.4322; .NET CLR 3.5.30729; .NET CLR 3.0.30729)"
93.147.137.10 - - [02/Nov/2009:12:01:08 +0100] "GET /livezilla/image.php?id=04 HTTP/1.1" 200 7276 "http://www.f-m-shop.de/seiten/prod_detail_neuer.cfm?kat=MONT22&nav=2&artnr=A 29263" "Mozilla/4.0 (compatible; MSIE 7.0; Windows NT 5.1; GTB6; InfoPath.2; .NET CLR 2.0.50727; .NET CLR 3.0.4506.2152; .NET CLR 3.5.30729)"
