192.168.10.13 - - [03/Nov/2009:09:24:24 +0100] "POST /livezilla/server.php?acid=cde52 HTTP/1.1" 200 - "-" "LiveZilla 3.1.7.7 [http://www.livezilla.net]"
198.208.243.251 - - [03/Nov/2009:09:25:37 +0100] "GET /livezilla/image.php?id=04 HTTP/1.1" 200 7276 "-" "Mozilla/4.0 (compatible;)"
198.208.243.251 - - [03/Nov/2009:09:25:38 +0100] "GET /livezilla/image.php?id=04 HTTP/1.1" 200 7276 "http://www.f-m-shop.de/seiten/prod_detail_neuer.cfm?kat=HDDETH&nav=2&artnr=A 25714" "Mozilla/4.0 (compatible; MSIE 7.0; Windows NT 5.1; .NET CLR 1.1.4322; .NET CLR 2.0.50727; InfoPath.2)"
192.168.10.13 - - [03/Nov/2009:09:25:13 +0100] "POST /livezilla/server.php?acid=8b73f HTTP/1.1" 200 - "-" "LiveZilla 3.1.7.7 [http://www.livezilla.net]"
85.116.198.56 - - [03/Nov/2009:09:26:07 +0100] "GET /livezilla/image.php?id=04 HTTP/1.1" 200 7276 "http://www.f-m-shop.de/seiten/prod_detail_neuer.cfm?kat=NETLROU&nav=2&artnr=A 26443" "Mozilla/4.0 (compatible; MSIE 8.0; Windows NT 5.1; Trident/4.0; .NET CLR 2.0.50727; .NET CLR 3.0.04506.30; .NET CLR 3.0.04506.648; .NET CLR 3.0.4506.2152; .NET CLR 3.5.30729)"
192.168.10.13 - - [03/Nov/2009:09:26:01 +0100] "POST /livezilla/server.php?acid=41700 HTTP/1.1" 200 - "-" "LiveZilla 3.1.7.7 [http://www.livezilla.net]"
62.153.86.40 - - [03/Nov/2009:09:27:23 +0100] "GET /livezilla/image.php?id=04 HTTP/1.1" 200 7276 "http://www.f-m-shop.de/seiten/prod_detail_neuer.cfm?kat=MONT24&nav=2&artnr=A%20%2029702" "Mozilla/5.0 (Windows; U; Windows NT 5.1; de; rv:1.9.1.4) Gecko/20091016 Firefox/3.5.4"
192.168.10.13 - - [03/Nov/2009:09:26:49 +0100] "POST /livezilla/server.php?acid=cf5b7 HTTP/1.1" 200 - "-" "LiveZilla 3.1.7.7 [http://www.livezilla.net]"
80.153.204.153 - - [03/Nov/2009:09:27:37 +0100] "GET /livezilla/image.php?id=04 HTTP/1.0" 200 7276 "http://www.f-m-shop.de/seiten/prod_detail_neuer.cfm?kat=MEDSLR&nav=2&artnr=A%20%20%207184" "Opera/9.80 (Windows NT 5.1; U; de) Presto/2.2.15 Version/10.00"
80.153.134.245 - - [03/Nov/2009:09:27:57 +0100] "GET /livezilla/image.php?id=04 HTTP/1.1" 200 7276 "http://www.f-m-shop.de/seiten/prod_detail_neuer.cfm?kat=DRUMUL&nav=2&artnr=A%20%2011343" "Mozilla/5.0 (Windows; U; Windows NT 5.1; de; rv:1.9.1.4) Gecko/20091016 Firefox/3.5.4 (.NET CLR 3.5.30729)"
130.75.237.118 - - [03/Nov/2009:09:28:06 +0100] "GET /livezilla/image.php?id=04 HTTP/1.1" 200 7276 "http://www.f-m-shop.de/seiten/prod_detail_neuer.cfm?kat=XPOSTEN&nav=2&artnr=A%20%2029101" "Mozilla/5.0 (Windows; U; Windows NT 5.1; de; rv:1.9.1.4) Gecko/20091016 Firefox/3.5.4 (.NET CLR 3.5.30729)"
192.168.10.13 - - [03/Nov/2009:09:27:38 +0100] "POST /livezilla/server.php?acid=c6139 HTTP/1.1" 200 - "-" "LiveZilla 3.1.7.7 [http://www.livezilla.net]"
80.153.204.153 - - [03/Nov/2009:09:28:34 +0100] "GET /livezilla/image.php?id=04 HTTP/1.0" 200 7276 "http://www.f-m-shop.de/seiten/prod_detail_neuer.cfm?kat=MEDSLR&nav=2&artnr=A%20%20%207184" "Opera/9.80 (Windows NT 5.1; U; de) Presto/2.2.15 Version/10.00"
147.172.245.2 - - [03/Nov/2009:09:28:51 +0100] "GET /livezilla/image.php?id=04 HTTP/1.1" 200 7276 "http://www.f-m-shop.de/seiten/prod_detail_neuer.cfm?kat=NAVMOD&nav=2&artnr=A 29480" "Mozilla/4.0 (compatible; MSIE 7.0; Windows NT 6.0; WOW64; SLCC1; .NET CLR 2.0.50727; Media Center PC 5.0; .NET CLR 3.5.21022; .NET CLR 3.5.30729; .NET CLR 3.0.30618; MDDC)"
87.175.255.38 - - [03/Nov/2009:09:28:59 +0100] "GET /livezilla/image.php?id=04 HTTP/1.1" 200 7276 "http://www.f-m-shop.de/seiten/prod_detail_neuer.cfm?kat=MONT24&nav=2&artnr=A%20%2026444" "Mozilla/5.0 (Windows; U; Windows NT 5.1; de; rv:1.9.1.4) Gecko/20091016 Firefox/3.5.4 (.NET CLR 3.5.30729)"
192.168.10.13 - - [03/Nov/2009:09:28:26 +0100] "POST /livezilla/server.php?acid=a408b HTTP/1.1" 200 - "-" "LiveZilla 3.1.7.7 [http://www.livezilla.net]"
87.175.255.38 - - [03/Nov/2009:09:29:31 +0100] "GET /livezilla/image.php?id=04 HTTP/1.1" 200 7276 "http://www.f-m-shop.de/seiten/prod_detail_neuer.cfm?name=LCD%2024%22%20%20%20EIZO%20FlexScan%20SX2462WH%20schwarz&artnr=A%20%2029702&nav=2&kat=MONT24&kat_her=EIZO&p_sort=&b_sort=ASC" "Mozilla/5.0 (Windows; U; Windows NT 5.1; de; rv:1.9.1.4) Gecko/20091016 Firefox/3.5.4 (.NET CLR 3.5.30729)"
192.168.10.13 - - [03/Nov/2009:09:29:14 +0100] "POST /livezilla/server.php?acid=e6e38 HTTP/1.1" 200 - "-" "LiveZilla 3.1.7.7 [http://www.livezilla.net]"
192.168.10.13 - - [03/Nov/2009:09:30:02 +0100] "POST /livezilla/server.php?acid=4738d HTTP/1.1" 200 - "-" "LiveZilla 3.1.7.7 [http://www.livezilla.net]"
91.37.252.137 - - [03/Nov/2009:09:31:26 +0100] "GET /livezilla/image.php?id=04 HTTP/1.1" 200 7276 "http://www.f-m-shop.de/seiten/prod_detail_neuer.cfm?name=LCD 24,1\" EIZO FlexScan FX2431 schwarz&artnr=A%20%2028980&nav=2&kat=MONT24&kat_her=EIZO&p_sort=&b_sort=ASC" "Mozilla/4.0 (compatible; MSIE 8.0; Windows NT 6.0; WOW64; Trident/4.0; SLCC1; .NET CLR 2.0.50727; Media Center PC 5.0; .NET CLR 3.5.30729; .NET CLR 3.0.30729; OfficeLiveConnector.1.4; OfficeLivePatch.1.3)"
192.168.10.13 - - [03/Nov/2009:09:30:51 +0100] "POST /livezilla/server.php?acid=96f54 HTTP/1.1" 200 - "-" "LiveZilla 3.1.7.7 [http://www.livezilla.net]"
192.168.10.13 - - [03/Nov/2009:09:31:39 +0100] "POST /livezilla/server.php?acid=5c334 HTTP/1.1" 200 - "-" "LiveZilla 3.1.7.7 [http://www.livezilla.net]"
91.37.252.137 - - [03/Nov/2009:09:32:57 +0100] "GET /livezilla/image.php?id=04 HTTP/1.1" 200 7276 "http://www.f-m-shop.de/seiten/prod_detail_neuer.cfm?name=Konverter USB ->Seriell TypAM-DB9/25MM&artnr=A%20%2021089&nav=2&kat=KABUSB&kat_her=&p_sort=&b_sort=ASC" "Mozilla/4.0 (compatible; MSIE 8.0; Windows NT 6.0; WOW64; Trident/4.0; SLCC1; .NET CLR 2.0.50727; Media Center PC 5.0; .NET CLR 3.5.30729; .NET CLR 3.0.30729; OfficeLiveConnector.1.4; OfficeLivePatch.1.3)"
192.168.10.13 - - [03/Nov/2009:09:32:27 +0100] "POST /livezilla/server.php?acid=e79b6 HTTP/1.1" 200 - "-" "LiveZilla 3.1.7.7 [http://www.livezilla.net]"
192.168.10.13 - - [03/Nov/2009:09:33:16 +0100] "POST /livezilla/server.php?acid=cc268 HTTP/1.1" 200 - "-" "LiveZilla 3.1.7.7 [http://www.livezilla.net]"
212.66.137.195 - - [03/Nov/2009:09:34:01 +0100] "GET /livezilla/image.php?id=04 HTTP/1.1" 200 7276 "http://www.f-m-shop.de/seiten/prod_detail_neuer.cfm?kat=SCANA3&nav=2&artnr=A 21336" "Mozilla/4.0 (compatible; MSIE 7.0; Windows NT 5.1; .NET CLR 2.0.50727)"
93.83.223.142 - - [03/Nov/2009:09:34:20 +0100] "GET /livezilla/image.php?id=04 HTTP/1.1" 200 7276 "http://www.f-m-shop.de/seiten/prod_detail_neuer.cfm?kat=HDDSATA&nav=2&artnr=A%20%2026097" "Mozilla/5.0 (Windows; U; Windows NT 6.0; de; rv:1.9.1.4) Gecko/20091016 Firefox/3.5.4 (.NET CLR 3.5.30729)"
192.168.10.13 - - [03/Nov/2009:09:34:04 +0100] "POST /livezilla/server.php?acid=5c713 HTTP/1.1" 200 - "-" "LiveZilla 3.1.7.7 [http://www.livezilla.net]"
192.168.10.13 - - [03/Nov/2009:09:34:52 +0100] "POST /livezilla/server.php?acid=75500 HTTP/1.1" 200 - "-" "LiveZilla 3.1.7.7 [http://www.livezilla.net]"
192.168.10.13 - - [03/Nov/2009:09:35:41 +0100] "POST /livezilla/server.php?acid=875d7 HTTP/1.1" 200 - "-" "LiveZilla 3.1.7.7 [http://www.livezilla.net]"
80.129.44.248 - - [03/Nov/2009:09:36:50 +0100] "GET /livezilla/image.php?id=04 HTTP/1.1" 200 7276 "http://www.f-m-shop.de/seiten/prod_detail_neuer.cfm?kat=NOTB15&nav=2&artnr=A 28685" "Mozilla/4.0 (compatible; MSIE 6.0; Windows NT 5.0; .NET CLR 1.1.4322; .NET CLR 2.0.50727)"
192.168.10.13 - - [03/Nov/2009:09:36:29 +0100] "POST /livezilla/server.php?acid=03a2d HTTP/1.1" 200 - "-" "LiveZilla 3.1.7.7 [http://www.livezilla.net]"
217.199.74.34 - - [03/Nov/2009:09:37:33 +0100] "GET /livezilla/image.php?id=04 HTTP/1.1" 200 7276 "http://www.f-m-shop.de/seiten/prod_detail_neuer.cfm?name=FLEPO MINI PC3&artnr=A%20%2018553&nav=2&kat=KOMMIN&kat_her=&p_sort=&b_sort=ASC" "Mozilla/4.0 (compatible; MSIE 8.0; Windows NT 5.1; Trident/4.0; .NET CLR 2.0.50727; .NET CLR 3.0.4506.2152; .NET CLR 3.5.30729; InfoPath.2)"
217.199.74.34 - - [03/Nov/2009:09:37:45 +0100] "GET /livezilla/image.php?id=04 HTTP/1.1" 200 7276 "http://www.f-m-shop.de/seiten/prod_detail_neuer.cfm?name=FLEPO MINI PC2 (1024MB/40GB/XP-Home)&artnr=A%20%2018545&nav=2&kat=KOMMIN&kat_her=&p_sort=&b_sort=ASC" "Mozilla/4.0 (compatible; MSIE 8.0; Windows NT 5.1; Trident/4.0; .NET CLR 2.0.50727; .NET CLR 3.0.4506.2152; .NET CLR 3.5.30729; InfoPath.2)"
192.168.10.13 - - [03/Nov/2009:09:37:17 +0100] "POST /livezilla/server.php?acid=4e89f HTTP/1.1" 200 - "-" "LiveZilla 3.1.7.7 [http://www.livezilla.net]"
217.199.74.34 - - [03/Nov/2009:09:38:24 +0100] "GET /livezilla/image.php?id=04 HTTP/1.1" 200 7276 "http://www.f-m-shop.de/seiten/prod_detail_neuer.cfm?name=KS Dell PC Built to Order&artnr=A%20%2023878&nav=2&kat=KOMINT&kat_her=&p_sort=ASC&b_sort=ASC" "Mozilla/4.0 (compatible; MSIE 8.0; Windows NT 5.1; Trident/4.0; .NET CLR 2.0.50727; .NET CLR 3.0.4506.2152; .NET CLR 3.5.30729; InfoPath.2)"
192.168.10.13 - - [03/Nov/2009:09:38:05 +0100] "POST /livezilla/server.php?acid=b3f3a HTTP/1.1" 200 - "-" "LiveZilla 3.1.7.7 [http://www.livezilla.net]"
192.168.10.13 - - [03/Nov/2009:09:38:54 +0100] "POST /livezilla/server.php?acid=a9574 HTTP/1.1" 200 - "-" "LiveZilla 3.1.7.7 [http://www.livezilla.net]"
217.199.74.34 - - [03/Nov/2009:09:39:41 +0100] "GET /livezilla/image.php?id=04 HTTP/1.1" 200 7276 "http://www.f-m-shop.de/seiten/prod_detail_neuer.cfm?name=LCD 24\" NEC EA241WM Black&artnr=A%20%2026340&nav=2&kat=MONT24&kat_her=&p_sort=ASC&b_sort=ASC" "Mozilla/4.0 (compatible; MSIE 8.0; Windows NT 5.1; Trident/4.0; .NET CLR 2.0.50727; .NET CLR 3.0.4506.2152; .NET CLR 3.5.30729; InfoPath.2)"
217.199.74.34 - - [03/Nov/2009:09:40:25 +0100] "GET /livezilla/image.php?id=04 HTTP/1.1" 200 7276 "http://www.f-m-shop.de/seiten/prod_detail_neuer.cfm?name=LCD 24,1\" EIZO FlexScan S2402WH schwarz&artnr=A%20%2025517&nav=2&kat=MONT24&kat_her=&p_sort=ASC&b_sort=ASC" "Mozilla/4.0 (compatible; MSIE 8.0; Windows NT 5.1; Trident/4.0; .NET CLR 2.0.50727; .NET CLR 3.0.4506.2152; .NET CLR 3.5.30729; InfoPath.2)"
192.168.10.13 - - [03/Nov/2009:09:39:42 +0100] "POST /livezilla/server.php?acid=e0635 HTTP/1.1" 200 - "-" "LiveZilla 3.1.7.7 [http://www.livezilla.net]"
193.170.16.245 - - [03/Nov/2009:09:40:51 +0100] "GET /livezilla/image.php?id=04 HTTP/1.1" 200 7276 "http://www.f-m-shop.de/seiten/prod_detail_neuer.cfm?kat=MONT23&nav=2&artnr=A%20%2029043" "Mozilla/5.0 (Windows; U; Windows NT 5.1; de; rv:1.9.0.15) Gecko/2009101601 Firefox/3.0.15"
192.168.10.13 - - [03/Nov/2009:09:40:30 +0100] "POST /livezilla/server.php?acid=532a7 HTTP/1.1" 200 - "-" "LiveZilla 3.1.7.7 [http://www.livezilla.net]"
92.76.229.14 - - [03/Nov/2009:09:41:49 +0100] "GET /livezilla/image.php?id=04 HTTP/1.1" 200 7276 "http://www.f-m-shop.de/seiten/prod_detail_neuer.cfm?kat=XPOSTEN&nav=2&artnr=A%20%2029101" "Mozilla/5.0 (Windows; U; Windows NT 6.0; de; rv:1.9.0.15) Gecko/2009101601 Firefox/3.0.15 (.NET CLR 3.5.30729)"
192.168.10.13 - - [03/Nov/2009:09:41:19 +0100] "POST /livezilla/server.php?acid=f7578 HTTP/1.1" 200 - "-" "LiveZilla 3.1.7.7 [http://www.livezilla.net]"
192.168.10.13 - - [03/Nov/2009:09:42:07 +0100] "POST /livezilla/server.php?acid=5185e HTTP/1.1" 200 - "-" "LiveZilla 3.1.7.7 [http://www.livezilla.net]"
192.168.10.13 - - [03/Nov/2009:09:42:55 +0100] "POST /livezilla/server.php?acid=f1d68 HTTP/1.1" 200 - "-" "LiveZilla 3.1.7.7 [http://www.livezilla.net]"
91.1.76.113 - - [03/Nov/2009:09:43:40 +0100] "GET /livezilla/image.php?id=04 HTTP/1.1" 200 7276 "http://www.f-m-shop.de/seiten/prod_detail_neuer.cfm?kat=NAVMOD&nav=2&artnr=A%20%2029480" "Mozilla/5.0 (Windows; U; Windows NT 6.0; de; rv:1.9.0.15) Gecko/2009101601 Firefox/3.0.15 (.NET CLR 3.5.30729)"
79.209.185.20 - - [03/Nov/2009:09:44:17 +0100] "GET /livezilla/image.php?id=04 HTTP/1.1" 200 7276 "http://www.f-m-shop.de/seiten/prod_detail_neuer.cfm?kat=NOTB15&nav=2&artnr=A%20%2028685" "Mozilla/5.0 (Windows; U; Windows NT 6.0; de; rv:1.9.0.14) Gecko/2009082707 Firefox/3.0.14 (.NET CLR 3.5.30729)"
192.168.10.13 - - [03/Nov/2009:09:43:44 +0100] "POST /livezilla/server.php?acid=89891 HTTP/1.1" 200 - "-" "LiveZilla 3.1.7.7 [http://www.livezilla.net]"
192.168.10.13 - - [03/Nov/2009:09:44:32 +0100] "POST /livezilla/server.php?acid=e593e HTTP/1.1" 200 - "-" "LiveZilla 3.1.7.7 [http://www.livezilla.net]"
192.168.10.10 - - [03/Nov/2009:09:45:43 +0100] "POST /livezilla/server.php?acid=1599c HTTP/1.1" 200 14434 "-" "-"
192.168.10.13 - - [03/Nov/2009:09:45:20 +0100] "POST /livezilla/server.php?acid=75ef6 HTTP/1.1" 200 3309 "-" "LiveZilla 3.1.7.7 [http://www.livezilla.net]"
192.168.10.10 - - [03/Nov/2009:09:45:54 +0100] "POST /livezilla/server.php?acid=20315 HTTP/1.1" 200 718 "-" "LiveZilla 3.1.7.7 [http://www.livezilla.net]"
192.168.10.13 - - [03/Nov/2009:09:45:49 +0100] "POST /livezilla/server.php?acid=c4741 HTTP/1.1" 200 188 "-" "LiveZilla 3.1.7.7 [http://www.livezilla.net]"
192.168.10.10 - - [03/Nov/2009:09:45:59 +0100] "POST /livezilla/server.php?acid=12394 HTTP/1.1" 200 188 "-" "LiveZilla 3.1.7.7 [http://www.livezilla.net]"
192.168.10.13 - - [03/Nov/2009:09:46:37 +0100] "POST /livezilla/server.php?acid=a70ef HTTP/1.1" 200 - "-" "LiveZilla 3.1.7.7 [http://www.livezilla.net]"
192.168.10.10 - - [03/Nov/2009:09:46:47 +0100] "POST /livezilla/server.php?acid=473a9 HTTP/1.1" 200 - "-" "LiveZilla 3.1.7.7 [http://www.livezilla.net]"
79.222.29.127 - - [03/Nov/2009:09:47:43 +0100] "GET /livezilla/image.php?id=04 HTTP/1.1" 200 7276 "http://www.f-m-shop.de/seiten/prod_detail_neuer.cfm?kat=LFWBRR&nav=2&artnr=A%20%2021787" "Opera/9.64 (Windows NT 6.0; U; de) Presto/2.1.1"
192.168.10.13 - - [03/Nov/2009:09:47:26 +0100] "POST /livezilla/server.php?acid=69aa8 HTTP/1.1" 200 - "-" "LiveZilla 3.1.7.7 [http://www.livezilla.net]"
192.168.10.10 - - [03/Nov/2009:09:47:35 +0100] "POST /livezilla/server.php?acid=ab556 HTTP/1.1" 200 - "-" "LiveZilla 3.1.7.7 [http://www.livezilla.net]"
192.168.10.13 - - [03/Nov/2009:09:48:14 +0100] "POST /livezilla/server.php?acid=b3e60 HTTP/1.1" 200 - "-" "LiveZilla 3.1.7.7 [http://www.livezilla.net]"
192.168.10.10 - - [03/Nov/2009:09:48:23 +0100] "POST /livezilla/server.php?acid=3ca89 HTTP/1.1" 200 - "-" "LiveZilla 3.1.7.7 [http://www.livezilla.net]"
195.50.155.96 - - [03/Nov/2009:09:49:14 +0100] "GET /livezilla/image.php?id=04 HTTP/1.1" 200 7276 "http://www.f-m-shop.de/seiten/prod_detail_neuer.cfm?kat=HDDGEH&nav=2&artnr=A%20%2026729" "Mozilla/5.0 (Windows; U; Windows NT 6.1; de; rv:1.9.1.2) Gecko/20090729 Firefox/3.5.2 (.NET CLR 3.5.30729)"
195.50.155.96 - - [03/Nov/2009:09:49:15 +0100] "GET /livezilla/image.php?id=04 HTTP/1.1" 200 7276 "http://www.f-m-shop.de/seiten/prod_detail_neuer.cfm?kat=HDDGEH&nav=2&artnr=A%20%2026729" "Mozilla/5.0 (Windows; U; Windows NT 6.1; de; rv:1.9.1.2) Gecko/20090729 Firefox/3.5.2 (.NET CLR 3.5.30729)"
77.21.215.220 - - [03/Nov/2009:09:49:42 +0100] "GET /livezilla/image.php?id=04 HTTP/1.1" 200 7276 "http://www.f-m-shop.de/seiten/prod_detail_neuer.cfm?kat=HDDSATA&nav=2&artnr=A%20%2028204" "Mozilla/5.0 (Windows; U; Windows NT 5.1; de; rv:1.9.1.4) Gecko/20091016 Firefox/3.5.4 (.NET CLR 3.5.30729)"
192.168.10.13 - - [03/Nov/2009:09:49:02 +0100] "POST /livezilla/server.php?acid=6e732 HTTP/1.1" 200 - "-" "LiveZilla 3.1.7.7 [http://www.livezilla.net]"
192.168.10.10 - - [03/Nov/2009:09:49:12 +0100] "POST /livezilla/server.php?acid=daebd HTTP/1.1" 200 - "-" "LiveZilla 3.1.7.7 [http://www.livezilla.net]"
192.168.10.13 - - [03/Nov/2009:09:49:51 +0100] "POST /livezilla/server.php?acid=cd953 HTTP/1.1" 200 - "-" "LiveZilla 3.1.7.7 [http://www.livezilla.net]"
192.168.10.10 - - [03/Nov/2009:09:50:00 +0100] "POST /livezilla/server.php?acid=e7e91 HTTP/1.1" 200 - "-" "LiveZilla 3.1.7.7 [http://www.livezilla.net]"
85.176.120.127 - - [03/Nov/2009:09:50:48 +0100] "GET /livezilla/image.php?id=04 HTTP/1.1" 200 7276 "http://www.f-m-shop.de/seiten/prod_detail_neuer.cfm?kat=DRUMUL&nav=2&artnr=A%20%2011343" "Mozilla/5.0 (Windows; U; Windows NT 6.1; de; rv:1.9.1.3) Gecko/20090824 Firefox/3.5.3"
91.65.153.15 - - [03/Nov/2009:09:51:11 +0100] "GET /livezilla/image.php?id=04 HTTP/1.1" 200 7276 "http://www.f-m-shop.de/seiten/prod_detail_neuer.cfm?kat=GRA1GBX&nav=2&artnr=A%20%2028739" "Mozilla/5.0 (Windows; U; Windows NT 5.1; de; rv:1.9.1.4) Gecko/20091016 Firefox/3.5.4 (.NET CLR 3.5.30729)"
192.168.10.13 - - [03/Nov/2009:09:50:39 +0100] "POST /livezilla/server.php?acid=c8609 HTTP/1.1" 200 - "-" "LiveZilla 3.1.7.7 [http://www.livezilla.net]"
192.168.10.10 - - [03/Nov/2009:09:50:48 +0100] "POST /livezilla/server.php?acid=9fb4d HTTP/1.1" 200 - "-" "LiveZilla 3.1.7.7 [http://www.livezilla.net]"
192.168.10.13 - - [03/Nov/2009:09:51:28 +0100] "POST /livezilla/server.php?acid=72be6 HTTP/1.1" 200 - "-" "LiveZilla 3.1.7.7 [http://www.livezilla.net]"
192.168.10.10 - - [03/Nov/2009:09:51:37 +0100] "POST /livezilla/server.php?acid=e3b35 HTTP/1.1" 200 - "-" "LiveZilla 3.1.7.7 [http://www.livezilla.net]"
192.168.10.13 - - [03/Nov/2009:09:52:16 +0100] "POST /livezilla/server.php?acid=4bd87 HTTP/1.1" 200 - "-" "LiveZilla 3.1.7.7 [http://www.livezilla.net]"
192.168.10.10 - - [03/Nov/2009:09:52:25 +0100] "POST /livezilla/server.php?acid=1ed95 HTTP/1.1" 200 - "-" "LiveZilla 3.1.7.7 [http://www.livezilla.net]"
87.154.108.135 - - [03/Nov/2009:09:53:29 +0100] "GET /livezilla/image.php?id=04 HTTP/1.1" 200 7276 "http://www.f-m-shop.de/seiten/prod_detail_neuer.cfm?kat=HDDSATA&nav=2&artnr=A 19011" "Mozilla/4.0 (compatible; MSIE 8.0; Windows NT 5.1; Trident/4.0; .NET CLR 2.0.50727; Creative AutoUpdate v1.40.01)"
192.168.10.13 - - [03/Nov/2009:09:53:04 +0100] "POST /livezilla/server.php?acid=1283e HTTP/1.1" 200 - "-" "LiveZilla 3.1.7.7 [http://www.livezilla.net]"
192.168.10.10 - - [03/Nov/2009:09:53:13 +0100] "POST /livezilla/server.php?acid=a3e30 HTTP/1.1" 200 - "-" "LiveZilla 3.1.7.7 [http://www.livezilla.net]"
87.154.108.135 - - [03/Nov/2009:09:54:37 +0100] "GET /livezilla/image.php?id=04 HTTP/1.1" 200 7276 "http://www.f-m-shop.de/seiten/prod_detail_neuer.cfm?kat=HDDSATA&nav=2&artnr=A%20%2019011" "Mozilla/4.0 (compatible; MSIE 8.0; Windows NT 5.1; Trident/4.0; .NET CLR 2.0.50727; Creative AutoUpdate v1.40.01)"
192.168.10.13 - - [03/Nov/2009:09:53:53 +0100] "POST /livezilla/server.php?acid=6a37b HTTP/1.1" 200 - "-" "LiveZilla 3.1.7.7 [http://www.livezilla.net]"
192.168.10.10 - - [03/Nov/2009:09:54:02 +0100] "POST /livezilla/server.php?acid=b25a4 HTTP/1.1" 200 - "-" "LiveZilla 3.1.7.7 [http://www.livezilla.net]"
88.73.152.197 - - [03/Nov/2009:09:55:19 +0100] "GET /livezilla/image.php?id=04 HTTP/1.1" 200 7276 "http://www.f-m-shop.de/seiten/prod_detail_neuer.cfm?kat=LFWBRR&nav=2&artnr=A%20%2029220" "Mozilla/5.0 (Windows; U; Windows NT 5.1; de; rv:1.9.1.4) Gecko/20091016 Firefox/3.5.4"
192.168.10.13 - - [03/Nov/2009:09:54:41 +0100] "POST /livezilla/server.php?acid=fc1fe HTTP/1.1" 200 - "-" "LiveZilla 3.1.7.7 [http://www.livezilla.net]"
192.168.10.10 - - [03/Nov/2009:09:54:50 +0100] "POST /livezilla/server.php?acid=5914b HTTP/1.1" 200 - "-" "LiveZilla 3.1.7.7 [http://www.livezilla.net]"
141.113.86.92 - - [03/Nov/2009:09:55:52 +0100] "GET /livezilla/image.php?id=04 HTTP/1.1" 200 7276 "http://www.f-m-shop.de/seiten/prod_detail_neuer.cfm?kat=HDDETH&nav=2&artnr=A 25714" "Mozilla/4.0 (compatible; MSIE 6.0; Windows NT 5.1; SV1; .NET CLR 1.1.4322; .NET CLR 2.0.50727; .NET CLR 3.0.04506.30)"
192.168.10.13 - - [03/Nov/2009:09:55:30 +0100] "POST /livezilla/server.php?acid=f8985 HTTP/1.1" 200 - "-" "LiveZilla 3.1.7.7 [http://www.livezilla.net]"
192.168.10.10 - - [03/Nov/2009:09:55:38 +0100] "POST /livezilla/server.php?acid=4ca46 HTTP/1.1" 200 - "-" "LiveZilla 3.1.7.7 [http://www.livezilla.net]"
192.168.10.13 - - [03/Nov/2009:09:56:18 +0100] "POST /livezilla/server.php?acid=7a16c HTTP/1.1" 200 - "-" "LiveZilla 3.1.7.7 [http://www.livezilla.net]"
192.168.10.10 - - [03/Nov/2009:09:56:27 +0100] "POST /livezilla/server.php?acid=411ac HTTP/1.1" 200 - "-" "LiveZilla 3.1.7.7 [http://www.livezilla.net]"
192.168.10.13 - - [03/Nov/2009:09:57:06 +0100] "POST /livezilla/server.php?acid=7b5a8 HTTP/1.1" 200 - "-" "LiveZilla 3.1.7.7 [http://www.livezilla.net]"
192.168.10.10 - - [03/Nov/2009:09:57:15 +0100] "POST /livezilla/server.php?acid=8a678 HTTP/1.1" 200 - "-" "LiveZilla 3.1.7.7 [http://www.livezilla.net]"
62.181.136.200 - - [03/Nov/2009:09:58:08 +0100] "GET /livezilla/image.php?id=04 HTTP/1.1" 200 7276 "http://www.f-m-shop.de/seiten/prod_detail_neuer.cfm?kat=NOTB07&nav=2&artnr=A%20%2029375" "Mozilla/5.0 (Windows; U; Windows NT 5.2; de; rv:1.9.0.14) Gecko/2009082707 Firefox/3.0.14 (.NET CLR 3.5.30729)"
192.168.10.13 - - [03/Nov/2009:09:57:55 +0100] "POST /livezilla/server.php?acid=1b1d7 HTTP/1.1" 200 - "-" "LiveZilla 3.1.7.7 [http://www.livezilla.net]"
192.168.10.10 - - [03/Nov/2009:09:58:04 +0100] "POST /livezilla/server.php?acid=f5099 HTTP/1.1" 200 - "-" "LiveZilla 3.1.7.7 [http://www.livezilla.net]"
192.168.10.13 - - [03/Nov/2009:09:58:43 +0100] "POST /livezilla/server.php?acid=116b9 HTTP/1.1" 200 - "-" "LiveZilla 3.1.7.7 [http://www.livezilla.net]"
192.168.10.10 - - [03/Nov/2009:09:58:52 +0100] "POST /livezilla/server.php?acid=e8742 HTTP/1.1" 200 - "-" "LiveZilla 3.1.7.7 [http://www.livezilla.net]"
192.168.10.13 - - [03/Nov/2009:09:59:31 +0100] "POST /livezilla/server.php?acid=905fd HTTP/1.1" 200 - "-" "LiveZilla 3.1.7.7 [http://www.livezilla.net]"
192.168.10.10 - - [03/Nov/2009:09:59:40 +0100] "POST /livezilla/server.php?acid=5ed99 HTTP/1.1" 200 - "-" "LiveZilla 3.1.7.7 [http://www.livezilla.net]"
192.168.10.13 - - [03/Nov/2009:10:00:20 +0100] "POST /livezilla/server.php?acid=ab358 HTTP/1.1" 200 - "-" "LiveZilla 3.1.7.7 [http://www.livezilla.net]"
192.168.10.10 - - [03/Nov/2009:10:00:29 +0100] "POST /livezilla/server.php?acid=f7438 HTTP/1.1" 200 - "-" "LiveZilla 3.1.7.7 [http://www.livezilla.net]"
192.168.10.13 - - [03/Nov/2009:10:01:08 +0100] "POST /livezilla/server.php?acid=0b860 HTTP/1.1" 200 - "-" "LiveZilla 3.1.7.7 [http://www.livezilla.net]"
192.168.10.10 - - [03/Nov/2009:10:01:17 +0100] "POST /livezilla/server.php?acid=1fa19 HTTP/1.1" 200 - "-" "LiveZilla 3.1.7.7 [http://www.livezilla.net]"
192.168.10.13 - - [03/Nov/2009:10:01:56 +0100] "POST /livezilla/server.php?acid=fdf50 HTTP/1.1" 200 - "-" "LiveZilla 3.1.7.7 [http://www.livezilla.net]"
217.88.234.73 - - [03/Nov/2009:10:02:47 +0100] "GET /livezilla/image.php?id=04 HTTP/1.1" 200 7276 "http://www.f-m-shop.de/seiten/prod_detail_neuer.cfm?kat=HIFTVDVB&nav=2&artnr=A%20%2028827" "Mozilla/5.0 (Windows; U; Windows NT 5.1; de; rv:1.9.1.4) Gecko/20091016 Firefox/3.5.4 (.NET CLR 3.5.30729)"
192.168.10.10 - - [03/Nov/2009:10:02:06 +0100] "POST /livezilla/server.php?acid=2bc0e HTTP/1.1" 200 - "-" "LiveZilla 3.1.7.7 [http://www.livezilla.net]"
192.168.10.13 - - [03/Nov/2009:10:02:45 +0100] "POST /livezilla/server.php?acid=54b15 HTTP/1.1" 200 - "-" "LiveZilla 3.1.7.7 [http://www.livezilla.net]"
84.184.156.119 - - [03/Nov/2009:10:03:37 +0100] "GET /livezilla/image.php?id=04 HTTP/1.1" 200 7276 "http://www.f-m-shop.de/seiten/prod_detail_neuer.cfm?name=HDD SATA- 1TB SAMSUNG HD103UJ 7200 32&artnr=A%20%2019014&nav=2&kat=HDDSATA&kat_her=&p_sort=&b_sort=ASC" "Mozilla/4.0 (compatible; MSIE 6.0; Windows NT 5.1; SV1; .NET CLR 2.0.50727; .NET CLR 3.0.04506.30; .NET CLR 3.0.4506.2152; .NET CLR 3.5.30729)"
192.168.10.10 - - [03/Nov/2009:10:02:54 +0100] "POST /livezilla/server.php?acid=94ee9 HTTP/1.1" 200 - "-" "LiveZilla 3.1.7.7 [http://www.livezilla.net]"
192.168.10.13 - - [03/Nov/2009:10:03:33 +0100] "POST /livezilla/server.php?acid=08c4e HTTP/1.1" 200 - "-" "LiveZilla 3.1.7.7 [http://www.livezilla.net]"
192.168.10.10 - - [03/Nov/2009:10:03:42 +0100] "POST /livezilla/server.php?acid=5e36d HTTP/1.1" 200 - "-" "LiveZilla 3.1.7.7 [http://www.livezilla.net]"
192.168.10.13 - - [03/Nov/2009:10:04:21 +0100] "POST /livezilla/server.php?acid=f7208 HTTP/1.1" 200 - "-" "LiveZilla 3.1.7.7 [http://www.livezilla.net]"
192.168.10.10 - - [03/Nov/2009:10:04:31 +0100] "POST /livezilla/server.php?acid=5d02f HTTP/1.1" 200 - "-" "LiveZilla 3.1.7.7 [http://www.livezilla.net]"
62.154.201.162 - - [03/Nov/2009:10:05:33 +0100] "GET /livezilla/image.php?id=04 HTTP/1.0" 200 7276 "http://www.f-m-shop.de/seiten/prod_detail_neuer.cfm?kat=DRUTINTE&nav=2&artnr=A%20%2029778" "Mozilla/5.0 (Windows; U; Windows NT 5.1; de; rv:1.9.1.4) Gecko/20091016 Firefox/3.5.4 (.NET CLR 3.5.30729)"
192.168.10.13 - - [03/Nov/2009:10:05:09 +0100] "POST /livezilla/server.php?acid=4d68d HTTP/1.1" 200 - "-" "LiveZilla 3.1.7.7 [http://www.livezilla.net]"
192.168.10.10 - - [03/Nov/2009:10:05:19 +0100] "POST /livezilla/server.php?acid=b33a4 HTTP/1.1" 200 - "-" "LiveZilla 3.1.7.7 [http://www.livezilla.net]"
79.202.202.208 - - [03/Nov/2009:10:06:11 +0100] "GET /livezilla/image.php?id=04 HTTP/1.1" 200 7276 "http://www.f-m-shop.de/seiten/prod_detail_neuer.cfm?kat=MONT40&nav=2&artnr=A%20%2024072" "Mozilla/5.0 (Windows; U; Windows NT 5.1; de; rv:1.9.0.15) Gecko/2009101601 Firefox/3.0.15 (.NET CLR 3.5.30729)"
87.123.179.219 - - [03/Nov/2009:10:06:20 +0100] "GET /livezilla/image.php?id=04 HTTP/1.1" 200 7276 "http://www.f-m-shop.de/seiten/prod_detail_neuer.cfm?kat=HDDNOTSA&nav=2&artnr=A 22581" "Mozilla/4.0 (compatible; MSIE 8.0; Windows NT 6.0; Trident/4.0; SLCC1; .NET CLR 2.0.50727; Media Center PC 5.0; .NET CLR 3.5.30729; .NET CLR 3.0.30729; OfficeLiveConnector.1.4; OfficeLivePatch.1.3)"
192.168.10.13 - - [03/Nov/2009:10:05:58 +0100] "POST /livezilla/server.php?acid=b2d8a HTTP/1.1" 200 - "-" "LiveZilla 3.1.7.7 [http://www.livezilla.net]"
192.168.10.10 - - [03/Nov/2009:10:06:07 +0100] "POST /livezilla/server.php?acid=6621f HTTP/1.1" 200 - "-" "LiveZilla 3.1.7.7 [http://www.livezilla.net]"
62.154.201.162 - - [03/Nov/2009:10:07:23 +0100] "GET /livezilla/image.php?id=04 HTTP/1.0" 200 7276 "http://www.f-m-shop.de/seiten/prod_detail_neuer.cfm?kat=DRUTINTE&nav=2&artnr=A%20%2029778" "Mozilla/5.0 (Windows; U; Windows NT 5.1; de; rv:1.9.1.4) Gecko/20091016 Firefox/3.5.4 (.NET CLR 3.5.30729)"
192.168.10.13 - - [03/Nov/2009:10:06:46 +0100] "POST /livezilla/server.php?acid=270bb HTTP/1.1" 200 - "-" "LiveZilla 3.1.7.7 [http://www.livezilla.net]"
192.168.10.10 - - [03/Nov/2009:10:06:56 +0100] "POST /livezilla/server.php?acid=e987d HTTP/1.1" 200 - "-" "LiveZilla 3.1.7.7 [http://www.livezilla.net]"
87.123.179.219 - - [03/Nov/2009:10:07:57 +0100] "GET /livezilla/image.php?id=04 HTTP/1.1" 200 7276 "http://www.f-m-shop.de/seiten/prod_detail_neuer.cfm?name=HDD 2.5\" SATA 250GB TOSHIBA MK2555GSX&artnr=A%20%2027335&nav=2&kat=HDDNOTSA&kat_her=&p_sort=&b_sort=ASC" "Mozilla/4.0 (compatible; MSIE 8.0; Windows NT 6.0; Trident/4.0; SLCC1; .NET CLR 2.0.50727; Media Center PC 5.0; .NET CLR 3.5.30729; .NET CLR 3.0.30729; OfficeLiveConnector.1.4; OfficeLivePatch.1.3)"
192.168.10.13 - - [03/Nov/2009:10:07:34 +0100] "POST /livezilla/server.php?acid=c06cb HTTP/1.1" 200 - "-" "LiveZilla 3.1.7.7 [http://www.livezilla.net]"
87.123.179.219 - - [03/Nov/2009:10:08:23 +0100] "GET /livezilla/image.php?id=04 HTTP/1.1" 200 7276 "http://www.f-m-shop.de/seiten/prod_detail_neuer.cfm?name=HDD 2.5\" SATA 200GB FUJITSU MHV2200BT&artnr=A%20%2017334&nav=2&kat=HDDNOTSA&kat_her=&p_sort=&b_sort=ASC" "Mozilla/4.0 (compatible; MSIE 8.0; Windows NT 6.0; Trident/4.0; SLCC1; .NET CLR 2.0.50727; Media Center PC 5.0; .NET CLR 3.5.30729; .NET CLR 3.0.30729; OfficeLiveConnector.1.4; OfficeLivePatch.1.3)"
192.168.10.10 - - [03/Nov/2009:10:07:44 +0100] "POST /livezilla/server.php?acid=9024b HTTP/1.1" 200 - "-" "LiveZilla 3.1.7.7 [http://www.livezilla.net]"
87.123.179.219 - - [03/Nov/2009:10:08:29 +0100] "GET /livezilla/image.php?id=04 HTTP/1.1" 200 7276 "http://www.f-m-shop.de/seiten/prod_detail_neuer.cfm?name=HDD 2.5\" SATA 200GB TOSHIBA MK2051GSY&artnr=A%20%2022581&nav=2&kat=HDDNOTSA&kat_her=&p_sort=&b_sort=ASC" "Mozilla/4.0 (compatible; MSIE 8.0; Windows NT 6.0; Trident/4.0; SLCC1; .NET CLR 2.0.50727; Media Center PC 5.0; .NET CLR 3.5.30729; .NET CLR 3.0.30729; OfficeLiveConnector.1.4; OfficeLivePatch.1.3)"
84.186.9.197 - - [03/Nov/2009:10:09:02 +0100] "GET /livezilla/image.php?id=04 HTTP/1.1" 200 7276 "http://www.f-m-shop.de/seiten/prod_detail_neuer.cfm?kat=NAVMOD&nav=2&artnr=A%20%2029480" "Mozilla/5.0 (Windows; U; Windows NT 5.1; de; rv:1.9.0.15) Gecko/2009101601 Firefox/3.0.15 (.NET CLR 3.5.30729)"
192.168.10.13 - - [03/Nov/2009:10:08:23 +0100] "POST /livezilla/server.php?acid=5537a HTTP/1.1" 200 - "-" "LiveZilla 3.1.7.7 [http://www.livezilla.net]"
87.123.179.219 - - [03/Nov/2009:10:09:14 +0100] "GET /livezilla/image.php?id=04 HTTP/1.1" 200 7276 "http://www.f-m-shop.de/seiten/prod_detail_neuer.cfm?name=HDD 2.5\" SATA 500GB SEAGATE ST9500420AS&artnr=A%20%2025657&nav=2&kat=HDDNOTSA&kat_her=&p_sort=&b_sort=ASC" "Mozilla/4.0 (compatible; MSIE 8.0; Windows NT 6.0; Trident/4.0; SLCC1; .NET CLR 2.0.50727; Media Center PC 5.0; .NET CLR 3.5.30729; .NET CLR 3.0.30729; OfficeLiveConnector.1.4; OfficeLivePatch.1.3)"
192.168.10.10 - - [03/Nov/2009:10:08:32 +0100] "POST /livezilla/server.php?acid=1d3c0 HTTP/1.1" 200 - "-" "LiveZilla 3.1.7.7 [http://www.livezilla.net]"
87.123.179.219 - - [03/Nov/2009:10:09:51 +0100] "GET /livezilla/image.php?id=04 HTTP/1.1" 200 7276 "http://www.f-m-shop.de/seiten/prod_detail_neuer.cfm?name=HDD 2.5\" SATA 500GB SEAGATE ST9500420ASG&artnr=A%20%2025555&nav=2&kat=HDDNOTSA&kat_her=&p_sort=&b_sort=ASC" "Mozilla/4.0 (compatible; MSIE 8.0; Windows NT 6.0; Trident/4.0; SLCC1; .NET CLR 2.0.50727; Media Center PC 5.0; .NET CLR 3.5.30729; .NET CLR 3.0.30729; OfficeLiveConnector.1.4; OfficeLivePatch.1.3)"
192.168.10.13 - - [03/Nov/2009:10:09:11 +0100] "POST /livezilla/server.php?acid=687c4 HTTP/1.1" 200 - "-" "LiveZilla 3.1.7.7 [http://www.livezilla.net]"
192.168.10.10 - - [03/Nov/2009:10:09:20 +0100] "POST /livezilla/server.php?acid=5c3aa HTTP/1.1" 200 - "-" "LiveZilla 3.1.7.7 [http://www.livezilla.net]"
192.168.10.13 - - [03/Nov/2009:10:09:59 +0100] "POST /livezilla/server.php?acid=61c22 HTTP/1.1" 200 - "-" "LiveZilla 3.1.7.7 [http://www.livezilla.net]"
87.123.179.219 - - [03/Nov/2009:10:10:52 +0100] "GET /livezilla/image.php?id=04 HTTP/1.1" 200 7276 "http://www.f-m-shop.de/seiten/prod_detail_neuer.cfm?kat=HDDNOTSA&nav=2&artnr=A 22581" "Mozilla/4.0 (compatible; MSIE 8.0; Windows NT 6.0; Trident/4.0; SLCC1; .NET CLR 2.0.50727; Media Center PC 5.0; .NET CLR 3.5.30729; .NET CLR 3.0.30729; OfficeLiveConnector.1.4; OfficeLivePatch.1.3)"
192.168.10.10 - - [03/Nov/2009:10:10:09 +0100] "POST /livezilla/server.php?acid=ceb96 HTTP/1.1" 200 - "-" "LiveZilla 3.1.7.7 [http://www.livezilla.net]"
192.168.10.13 - - [03/Nov/2009:10:10:48 +0100] "POST /livezilla/server.php?acid=46efa HTTP/1.1" 200 - "-" "LiveZilla 3.1.7.7 [http://www.livezilla.net]"
192.168.10.10 - - [03/Nov/2009:10:10:57 +0100] "POST /livezilla/server.php?acid=584e3 HTTP/1.1" 200 - "-" "LiveZilla 3.1.7.7 [http://www.livezilla.net]"
134.2.143.156 - - [03/Nov/2009:10:11:49 +0100] "GET /livezilla/image.php?id=04 HTTP/1.1" 200 7276 "http://www.f-m-shop.de/seiten/prod_detail_neuer.cfm?kat=HIFTVCRD&nav=2&artnr=A%20%2028452" "Mozilla/5.0 (Macintosh; U; Intel Mac OS X 10_6_1; en-us) AppleWebKit/531.9 (KHTML, like Gecko) Version/4.0.3 Safari/531.9"
192.168.10.13 - - [03/Nov/2009:10:11:36 +0100] "POST /livezilla/server.php?acid=8673d HTTP/1.1" 200 - "-" "LiveZilla 3.1.7.7 [http://www.livezilla.net]"
192.168.10.10 - - [03/Nov/2009:10:11:46 +0100] "POST /livezilla/server.php?acid=fdab6 HTTP/1.1" 200 - "-" "LiveZilla 3.1.7.7 [http://www.livezilla.net]"
85.16.67.43 - - [03/Nov/2009:10:13:02 +0100] "GET /livezilla/image.php?id=04 HTTP/1.1" 200 7276 "http://www.f-m-shop.de/seiten/prod_detail_neuer.cfm?kat=MONT22&nav=2&artnr=A%20%2024835" "Mozilla/5.0 (Windows; U; Windows NT 5.1; de; rv:1.9.1.4) Gecko/20091016 Firefox/3.5.4 (.NET CLR 3.5.30729)"
192.168.10.13 - - [03/Nov/2009:10:12:24 +0100] "POST /livezilla/server.php?acid=88cc3 HTTP/1.1" 200 - "-" "LiveZilla 3.1.7.7 [http://www.livezilla.net]"
192.168.10.10 - - [03/Nov/2009:10:12:34 +0100] "POST /livezilla/server.php?acid=06983 HTTP/1.1" 200 - "-" "LiveZilla 3.1.7.7 [http://www.livezilla.net]"
79.216.146.32 - - [03/Nov/2009:10:13:46 +0100] "GET /livezilla/image.php?id=04 HTTP/1.1" 200 7276 "http://www.f-m-shop.de/seiten/prod_detail_neuer.cfm?kat=MONT24&nav=2&artnr=A%20%2029041" "Mozilla/5.0 (Windows; U; Windows NT 6.0; de; rv:1.9.1.4) Gecko/20091016 Firefox/3.5.4 (.NET CLR 3.5.30729)"
192.168.10.13 - - [03/Nov/2009:10:13:13 +0100] "POST /livezilla/server.php?acid=99711 HTTP/1.1" 200 - "-" "LiveZilla 3.1.7.7 [http://www.livezilla.net]"
192.168.10.10 - - [03/Nov/2009:10:13:22 +0100] "POST /livezilla/server.php?acid=2cb95 HTTP/1.1" 200 - "-" "LiveZilla 3.1.7.7 [http://www.livezilla.net]"
192.168.10.13 - - [03/Nov/2009:10:14:01 +0100] "POST /livezilla/server.php?acid=4bcef HTTP/1.1" 200 - "-" "LiveZilla 3.1.7.7 [http://www.livezilla.net]"
192.168.10.10 - - [03/Nov/2009:10:14:11 +0100] "POST /livezilla/server.php?acid=d9b91 HTTP/1.1" 200 - "-" "LiveZilla 3.1.7.7 [http://www.livezilla.net]"
192.168.10.13 - - [03/Nov/2009:10:14:49 +0100] "POST /livezilla/server.php?acid=3167a HTTP/1.1" 200 - "-" "LiveZilla 3.1.7.7 [http://www.livezilla.net]"
192.168.10.10 - - [03/Nov/2009:10:14:59 +0100] "POST /livezilla/server.php?acid=f290d HTTP/1.1" 200 - "-" "LiveZilla 3.1.7.7 [http://www.livezilla.net]"
192.168.10.13 - - [03/Nov/2009:10:15:38 +0100] "POST /livezilla/server.php?acid=84ca2 HTTP/1.1" 200 - "-" "LiveZilla 3.1.7.7 [http://www.livezilla.net]"
192.168.10.10 - - [03/Nov/2009:10:15:47 +0100] "POST /livezilla/server.php?acid=723e6 HTTP/1.1" 200 - "-" "LiveZilla 3.1.7.7 [http://www.livezilla.net]"
85.16.67.43 - - [03/Nov/2009:10:16:39 +0100] "GET /livezilla/image.php?id=04 HTTP/1.1" 200 7276 "http://www.f-m-shop.de/seiten/prod_detail_neuer.cfm?kat=MONT22&nav=2&artnr=A%20%2024835" "Mozilla/5.0 (Windows; U; Windows NT 5.1; de; rv:1.9.1.4) Gecko/20091016 Firefox/3.5.4 (.NET CLR 3.5.30729)"
85.16.67.43 - - [03/Nov/2009:10:16:41 +0100] "GET /livezilla/templates/style.css HTTP/1.1" 200 8998 "http://chat.f-m-shop.de/livezilla/livezilla.php" "Mozilla/5.0 (Windows; U; Windows NT 5.1; de; rv:1.9.1.4) Gecko/20091016 Firefox/3.5.4 (.NET CLR 3.5.30729)"
85.16.67.43 - - [03/Nov/2009:10:16:41 +0100] "GET /livezilla/livezilla.php HTTP/1.1" 200 72007 "http://www.f-m-shop.de/seiten/prod_detail_neuer.cfm?kat=MONT22&nav=2&artnr=A%20%2024835" "Mozilla/5.0 (Windows; U; Windows NT 5.1; de; rv:1.9.1.4) Gecko/20091016 Firefox/3.5.4 (.NET CLR 3.5.30729)"
85.16.67.43 - - [03/Nov/2009:10:16:41 +0100] "GET /livezilla/images/favicon.ico HTTP/1.1" 200 43302 "-" "Mozilla/5.0 (Windows; U; Windows NT 5.1; de; rv:1.9.1.4) Gecko/20091016 Firefox/3.5.4 (.NET CLR 3.5.30729)"
85.16.67.43 - - [03/Nov/2009:10:16:42 +0100] "GET /livezilla/livezilla.php?template=lz_chat_frame.0.2 HTTP/1.1" 200 254 "http://chat.f-m-shop.de/livezilla/livezilla.php" "Mozilla/5.0 (Windows; U; Windows NT 5.1; de; rv:1.9.1.4) Gecko/20091016 Firefox/3.5.4 (.NET CLR 3.5.30729)"
85.16.67.43 - - [03/Nov/2009:10:16:42 +0100] "GET /livezilla/livezilla.php?template=lz_chat_frame.1.0 HTTP/1.1" 200 279 "http://chat.f-m-shop.de/livezilla/livezilla.php" "Mozilla/5.0 (Windows; U; Windows NT 5.1; de; rv:1.9.1.4) Gecko/20091016 Firefox/3.5.4 (.NET CLR 3.5.30729)"
85.16.67.43 - - [03/Nov/2009:10:16:42 +0100] "GET /livezilla/livezilla.php?template=lz_chat_frame.0.1 HTTP/1.1" 200 277 "http://chat.f-m-shop.de/livezilla/livezilla.php" "Mozilla/5.0 (Windows; U; Windows NT 5.1; de; rv:1.9.1.4) Gecko/20091016 Firefox/3.5.4 (.NET CLR 3.5.30729)"
85.16.67.43 - - [03/Nov/2009:10:16:42 +0100] "GET /livezilla/livezilla.php?template=lz_chat_frame.0.0 HTTP/1.1" 200 259 "http://chat.f-m-shop.de/livezilla/livezilla.php" "Mozilla/5.0 (Windows; U; Windows NT 5.1; de; rv:1.9.1.4) Gecko/20091016 Firefox/3.5.4 (.NET CLR 3.5.30729)"
85.16.67.43 - - [03/Nov/2009:10:16:42 +0100] "GET /livezilla/livezilla.php?template=lz_chat_frame.1.1 HTTP/1.1" 200 2257 "http://chat.f-m-shop.de/livezilla/livezilla.php" "Mozilla/5.0 (Windows; U; Windows NT 5.1; de; rv:1.9.1.4) Gecko/20091016 Firefox/3.5.4 (.NET CLR 3.5.30729)"
85.16.67.43 - - [03/Nov/2009:10:16:43 +0100] "GET /livezilla/livezilla.php?template=lz_chat_frame.3.0 HTTP/1.1" 200 240 "http://chat.f-m-shop.de/livezilla/livezilla.php" "Mozilla/5.0 (Windows; U; Windows NT 5.1; de; rv:1.9.1.4) Gecko/20091016 Firefox/3.5.4 (.NET CLR 3.5.30729)"
85.16.67.43 - - [03/Nov/2009:10:16:42 +0100] "GET /livezilla/livezilla.php?template=lz_chat_frame.2.0 HTTP/1.1" 200 263 "http://chat.f-m-shop.de/livezilla/livezilla.php" "Mozilla/5.0 (Windows; U; Windows NT 5.1; de; rv:1.9.1.4) Gecko/20091016 Firefox/3.5.4 (.NET CLR 3.5.30729)"
85.16.67.43 - - [03/Nov/2009:10:16:42 +0100] "GET /livezilla/livezilla.php?template=lz_chat_frame.1.2 HTTP/1.1" 200 264 "http://chat.f-m-shop.de/livezilla/livezilla.php" "Mozilla/5.0 (Windows; U; Windows NT 5.1; de; rv:1.9.1.4) Gecko/20091016 Firefox/3.5.4 (.NET CLR 3.5.30729)"
85.16.67.43 - - [03/Nov/2009:10:16:43 +0100] "GET /livezilla/templates/style.css HTTP/1.1" 200 8998 "http://chat.f-m-shop.de/livezilla/livezilla.php?template=lz_chat_frame.0.2" "Mozilla/5.0 (Windows; U; Windows NT 5.1; de; rv:1.9.1.4) Gecko/20091016 Firefox/3.5.4 (.NET CLR 3.5.30729)"
85.16.67.43 - - [03/Nov/2009:10:16:43 +0100] "GET /livezilla/livezilla.php?template=lz_chat_frame.5.1 HTTP/1.1" 200 265 "http://chat.f-m-shop.de/livezilla/livezilla.php" "Mozilla/5.0 (Windows; U; Windows NT 5.1; de; rv:1.9.1.4) Gecko/20091016 Firefox/3.5.4 (.NET CLR 3.5.30729)"
85.16.67.43 - - [03/Nov/2009:10:16:42 +0100] "GET /livezilla/livezilla.php?template=lz_chat_frame.4.1 HTTP/1.1" 200 455 "http://chat.f-m-shop.de/livezilla/livezilla.php" "Mozilla/5.0 (Windows; U; Windows NT 5.1; de; rv:1.9.1.4) Gecko/20091016 Firefox/3.5.4 (.NET CLR 3.5.30729)"
85.16.67.43 - - [03/Nov/2009:10:16:43 +0100] "GET /livezilla/templates/style.css HTTP/1.1" 200 8998 "http://chat.f-m-shop.de/livezilla/livezilla.php?template=lz_chat_frame.1.0" "Mozilla/5.0 (Windows; U; Windows NT 5.1; de; rv:1.9.1.4) Gecko/20091016 Firefox/3.5.4 (.NET CLR 3.5.30729)"
85.16.67.43 - - [03/Nov/2009:10:16:42 +0100] "GET /livezilla/livezilla.php?template=lz_chat_frame.3.2.login& HTTP/1.1" 200 1019 "http://chat.f-m-shop.de/livezilla/livezilla.php" "Mozilla/5.0 (Windows; U; Windows NT 5.1; de; rv:1.9.1.4) Gecko/20091016 Firefox/3.5.4 (.NET CLR 3.5.30729)"
85.16.67.43 - - [03/Nov/2009:10:16:43 +0100] "GET /livezilla/templates/style.css HTTP/1.1" 200 8998 "http://chat.f-m-shop.de/livezilla/livezilla.php?template=lz_chat_frame.1.1" "Mozilla/5.0 (Windows; U; Windows NT 5.1; de; rv:1.9.1.4) Gecko/20091016 Firefox/3.5.4 (.NET CLR 3.5.30729)"
85.16.67.43 - - [03/Nov/2009:10:16:43 +0100] "GET /livezilla/templates/style.css HTTP/1.1" 200 8998 "http://chat.f-m-shop.de/livezilla/livezilla.php?template=lz_chat_frame.0.1" "Mozilla/5.0 (Windows; U; Windows NT 5.1; de; rv:1.9.1.4) Gecko/20091016 Firefox/3.5.4 (.NET CLR 3.5.30729)"
85.16.67.43 - - [03/Nov/2009:10:16:43 +0100] "GET /livezilla/livezilla.php?template=lz_chat_frame.2.2 HTTP/1.1" 200 264 "http://chat.f-m-shop.de/livezilla/livezilla.php" "Mozilla/5.0 (Windows; U; Windows NT 5.1; de; rv:1.9.1.4) Gecko/20091016 Firefox/3.5.4 (.NET CLR 3.5.30729)"
85.16.67.43 - - [03/Nov/2009:10:16:43 +0100] "GET /livezilla/templates/style.css HTTP/1.1" 200 8998 "http://chat.f-m-shop.de/livezilla/livezilla.php?template=lz_chat_frame.0.0" "Mozilla/5.0 (Windows; U; Windows NT 5.1; de; rv:1.9.1.4) Gecko/20091016 Firefox/3.5.4 (.NET CLR 3.5.30729)"
85.16.67.43 - - [03/Nov/2009:10:16:43 +0100] "GET /livezilla/livezilla.php?template=lz_chat_frame.3.3 HTTP/1.1" 200 239 "http://chat.f-m-shop.de/livezilla/livezilla.php" "Mozilla/5.0 (Windows; U; Windows NT 5.1; de; rv:1.9.1.4) Gecko/20091016 Firefox/3.5.4 (.NET CLR 3.5.30729)"
85.16.67.43 - - [03/Nov/2009:10:16:43 +0100] "GET /livezilla/templates/style.css HTTP/1.1" 200 8998 "http://chat.f-m-shop.de/livezilla/livezilla.php?template=lz_chat_frame.2.0" "Mozilla/5.0 (Windows; U; Windows NT 5.1; de; rv:1.9.1.4) Gecko/20091016 Firefox/3.5.4 (.NET CLR 3.5.30729)"
85.16.67.43 - - [03/Nov/2009:10:16:43 +0100] "GET /livezilla/templates/style.css HTTP/1.1" 200 8998 "http://chat.f-m-shop.de/livezilla/livezilla.php?template=lz_chat_frame.3.0" "Mozilla/5.0 (Windows; U; Windows NT 5.1; de; rv:1.9.1.4) Gecko/20091016 Firefox/3.5.4 (.NET CLR 3.5.30729)"
85.16.67.43 - - [03/Nov/2009:10:16:43 +0100] "GET /livezilla/templates/style.css HTTP/1.1" 200 8998 "http://chat.f-m-shop.de/livezilla/livezilla.php?template=lz_chat_frame.1.2" "Mozilla/5.0 (Windows; U; Windows NT 5.1; de; rv:1.9.1.4) Gecko/20091016 Firefox/3.5.4 (.NET CLR 3.5.30729)"
85.16.67.43 - - [03/Nov/2009:10:16:43 +0100] "GET /livezilla/templates/style.css HTTP/1.1" 200 8998 "http://chat.f-m-shop.de/livezilla/livezilla.php?template=lz_chat_frame.4.1" "Mozilla/5.0 (Windows; U; Windows NT 5.1; de; rv:1.9.1.4) Gecko/20091016 Firefox/3.5.4 (.NET CLR 3.5.30729)"
85.16.67.43 - - [03/Nov/2009:10:16:43 +0100] "GET /livezilla/templates/style.css HTTP/1.1" 200 8998 "http://chat.f-m-shop.de/livezilla/livezilla.php?template=lz_chat_frame.5.1" "Mozilla/5.0 (Windows; U; Windows NT 5.1; de; rv:1.9.1.4) Gecko/20091016 Firefox/3.5.4 (.NET CLR 3.5.30729)"
85.16.67.43 - - [03/Nov/2009:10:16:44 +0100] "GET /livezilla/templates/style.css HTTP/1.1" 200 8998 "http://chat.f-m-shop.de/livezilla/livezilla.php?template=lz_chat_frame.3.2.login&" "Mozilla/5.0 (Windows; U; Windows NT 5.1; de; rv:1.9.1.4) Gecko/20091016 Firefox/3.5.4 (.NET CLR 3.5.30729)"
85.16.67.43 - - [03/Nov/2009:10:16:44 +0100] "GET /livezilla/templates/style.css HTTP/1.1" 200 8998 "http://chat.f-m-shop.de/livezilla/livezilla.php?template=lz_chat_frame.2.2" "Mozilla/5.0 (Windows; U; Windows NT 5.1; de; rv:1.9.1.4) Gecko/20091016 Firefox/3.5.4 (.NET CLR 3.5.30729)"
85.16.67.43 - - [03/Nov/2009:10:16:44 +0100] "GET /livezilla/templates/style.css HTTP/1.1" 200 8998 "http://chat.f-m-shop.de/livezilla/livezilla.php?template=lz_chat_frame.3.3" "Mozilla/5.0 (Windows; U; Windows NT 5.1; de; rv:1.9.1.4) Gecko/20091016 Firefox/3.5.4 (.NET CLR 3.5.30729)"
85.16.67.43 - - [03/Nov/2009:10:16:44 +0100] "GET /livezilla/images/icon_vcard.gif HTTP/1.1" 200 559 "http://chat.f-m-shop.de/livezilla/livezilla.php?template=lz_chat_frame.1.1" "Mozilla/5.0 (Windows; U; Windows NT 5.1; de; rv:1.9.1.4) Gecko/20091016 Firefox/3.5.4 (.NET CLR 3.5.30729)"
85.16.67.43 - - [03/Nov/2009:10:16:44 +0100] "GET /livezilla/images/icon_typing.gif HTTP/1.1" 200 1106 "http://chat.f-m-shop.de/livezilla/livezilla.php?template=lz_chat_frame.1.1" "Mozilla/5.0 (Windows; U; Windows NT 5.1; de; rv:1.9.1.4) Gecko/20091016 Firefox/3.5.4 (.NET CLR 3.5.30729)"
85.16.67.43 - - [03/Nov/2009:10:16:44 +0100] "GET /livezilla/intern_images/nopic.jpg HTTP/1.1" 200 3599 "http://chat.f-m-shop.de/livezilla/livezilla.php?template=lz_chat_frame.1.1" "Mozilla/5.0 (Windows; U; Windows NT 5.1; de; rv:1.9.1.4) Gecko/20091016 Firefox/3.5.4 (.NET CLR 3.5.30729)"
85.16.67.43 - - [03/Nov/2009:10:16:44 +0100] "GET /livezilla/images/lz_header.gif HTTP/1.1" 200 7285 "http://chat.f-m-shop.de/livezilla/livezilla.php?template=lz_chat_frame.1.1" "Mozilla/5.0 (Windows; U; Windows NT 5.1; de; rv:1.9.1.4) Gecko/20091016 Firefox/3.5.4 (.NET CLR 3.5.30729)"
85.16.67.43 - - [03/Nov/2009:10:16:44 +0100] "GET /livezilla/images/carrier_logo.gif HTTP/1.1" 200 6003 "http://chat.f-m-shop.de/livezilla/livezilla.php?template=lz_chat_frame.1.1" "Mozilla/5.0 (Windows; U; Windows NT 5.1; de; rv:1.9.1.4) Gecko/20091016 Firefox/3.5.4 (.NET CLR 3.5.30729)"
85.16.67.43 - - [03/Nov/2009:10:16:44 +0100] "GET /livezilla/images/lz_rep_bg_left.gif HTTP/1.1" 200 593 "http://chat.f-m-shop.de/livezilla/livezilla.php?template=lz_chat_frame.1.1" "Mozilla/5.0 (Windows; U; Windows NT 5.1; de; rv:1.9.1.4) Gecko/20091016 Firefox/3.5.4 (.NET CLR 3.5.30729)"
85.16.67.43 - - [03/Nov/2009:10:16:44 +0100] "GET /livezilla/images/lz_rep_bg.gif HTTP/1.1" 200 320 "http://chat.f-m-shop.de/livezilla/livezilla.php?template=lz_chat_frame.1.1" "Mozilla/5.0 (Windows; U; Windows NT 5.1; de; rv:1.9.1.4) Gecko/20091016 Firefox/3.5.4 (.NET CLR 3.5.30729)"
85.16.67.43 - - [03/Nov/2009:10:16:44 +0100] "GET /livezilla/images/lz_rep_bg_right.gif HTTP/1.1" 200 590 "http://chat.f-m-shop.de/livezilla/livezilla.php?template=lz_chat_frame.1.1" "Mozilla/5.0 (Windows; U; Windows NT 5.1; de; rv:1.9.1.4) Gecko/20091016 Firefox/3.5.4 (.NET CLR 3.5.30729)"
85.16.67.43 - - [03/Nov/2009:10:16:44 +0100] "GET /livezilla/livezilla.php?template=lz_chat_frame.3.2.login.1.0& HTTP/1.1" 200 2939 "http://chat.f-m-shop.de/livezilla/livezilla.php?template=lz_chat_frame.3.2.login&" "Mozilla/5.0 (Windows; U; Windows NT 5.1; de; rv:1.9.1.4) Gecko/20091016 Firefox/3.5.4 (.NET CLR 3.5.30729)"
85.16.67.43 - - [03/Nov/2009:10:16:44 +0100] "GET /livezilla/images/chat_bg_footer.gif HTTP/1.1" 200 194 "http://chat.f-m-shop.de/livezilla/templates/style.css" "Mozilla/5.0 (Windows; U; Windows NT 5.1; de; rv:1.9.1.4) Gecko/20091016 Firefox/3.5.4 (.NET CLR 3.5.30729)"
85.16.67.43 - - [03/Nov/2009:10:16:44 +0100] "GET /livezilla/livezilla.php?template=lz_chat_frame.3.2.login.2.0 HTTP/1.1" 200 277 "http://chat.f-m-shop.de/livezilla/livezilla.php?template=lz_chat_frame.3.2.login&" "Mozilla/5.0 (Windows; U; Windows NT 5.1; de; rv:1.9.1.4) Gecko/20091016 Firefox/3.5.4 (.NET CLR 3.5.30729)"
85.16.67.43 - - [03/Nov/2009:10:16:44 +0100] "GET /livezilla/templates/style.css HTTP/1.1" 200 8998 "http://chat.f-m-shop.de/livezilla/livezilla.php?template=lz_chat_frame.3.2.login.1.0&" "Mozilla/5.0 (Windows; U; Windows NT 5.1; de; rv:1.9.1.4) Gecko/20091016 Firefox/3.5.4 (.NET CLR 3.5.30729)"
85.16.67.43 - - [03/Nov/2009:10:16:44 +0100] "GET /livezilla/images/icon_info.gif HTTP/1.1" 200 1703 "http://chat.f-m-shop.de/livezilla/livezilla.php?template=lz_chat_frame.3.2.login.1.0&" "Mozilla/5.0 (Windows; U; Windows NT 5.1; de; rv:1.9.1.4) Gecko/20091016 Firefox/3.5.4 (.NET CLR 3.5.30729)"
85.16.67.43 - - [03/Nov/2009:10:16:44 +0100] "GET /livezilla/images/icon_network.gif HTTP/1.1" 200 354 "http://chat.f-m-shop.de/livezilla/livezilla.php?template=lz_chat_frame.3.2.login.1.0&" "Mozilla/5.0 (Windows; U; Windows NT 5.1; de; rv:1.9.1.4) Gecko/20091016 Firefox/3.5.4 (.NET CLR 3.5.30729)"
85.16.67.43 - - [03/Nov/2009:10:16:44 +0100] "GET /livezilla/livezilla.php?template=lz_chat_frame.3.2.login.0.0 HTTP/1.1" 200 1563 "http://chat.f-m-shop.de/livezilla/livezilla.php?template=lz_chat_frame.3.2.login&" "Mozilla/5.0 (Windows; U; Windows NT 5.1; de; rv:1.9.1.4) Gecko/20091016 Firefox/3.5.4 (.NET CLR 3.5.30729)"
85.16.67.43 - - [03/Nov/2009:10:16:44 +0100] "GET /livezilla/templates/style.css HTTP/1.1" 200 8998 "http://chat.f-m-shop.de/livezilla/livezilla.php?template=lz_chat_frame.3.2.login.2.0" "Mozilla/5.0 (Windows; U; Windows NT 5.1; de; rv:1.9.1.4) Gecko/20091016 Firefox/3.5.4 (.NET CLR 3.5.30729)"
85.16.67.43 - - [03/Nov/2009:10:16:44 +0100] "GET /livezilla/images/chat_bg_footer.gif HTTP/1.1" 200 194 "http://chat.f-m-shop.de/livezilla/templates/style.css" "Mozilla/5.0 (Windows; U; Windows NT 5.1; de; rv:1.9.1.4) Gecko/20091016 Firefox/3.5.4 (.NET CLR 3.5.30729)"
85.16.67.43 - - [03/Nov/2009:10:16:44 +0100] "GET /livezilla/images/lz_button.gif HTTP/1.1" 200 838 "http://chat.f-m-shop.de/livezilla/templates/style.css" "Mozilla/5.0 (Windows; U; Windows NT 5.1; de; rv:1.9.1.4) Gecko/20091016 Firefox/3.5.4 (.NET CLR 3.5.30729)"
85.16.67.43 - - [03/Nov/2009:10:16:44 +0100] "GET /livezilla/images/chat_bg_navigation_sub.gif HTTP/1.1" 200 76 "http://chat.f-m-shop.de/livezilla/templates/style.css" "Mozilla/5.0 (Windows; U; Windows NT 5.1; de; rv:1.9.1.4) Gecko/20091016 Firefox/3.5.4 (.NET CLR 3.5.30729)"
85.16.67.43 - - [03/Nov/2009:10:16:44 +0100] "GET /livezilla/images/chat_bg_field.gif HTTP/1.1" 200 121 "http://chat.f-m-shop.de/livezilla/templates/style.css" "Mozilla/5.0 (Windows; U; Windows NT 5.1; de; rv:1.9.1.4) Gecko/20091016 Firefox/3.5.4 (.NET CLR 3.5.30729)"
85.16.67.43 - - [03/Nov/2009:10:16:44 +0100] "GET /livezilla/images/lz_button_extra.gif HTTP/1.1" 200 948 "http://chat.f-m-shop.de/livezilla/templates/style.css" "Mozilla/5.0 (Windows; U; Windows NT 5.1; de; rv:1.9.1.4) Gecko/20091016 Firefox/3.5.4 (.NET CLR 3.5.30729)"
85.16.67.43 - - [03/Nov/2009:10:16:44 +0100] "GET /livezilla/templates/style.css HTTP/1.1" 200 8998 "http://chat.f-m-shop.de/livezilla/livezilla.php?template=lz_chat_frame.3.2.login.0.0" "Mozilla/5.0 (Windows; U; Windows NT 5.1; de; rv:1.9.1.4) Gecko/20091016 Firefox/3.5.4 (.NET CLR 3.5.30729)"
85.16.67.43 - - [03/Nov/2009:10:16:44 +0100] "GET /livezilla/images/chat_bg_navigation_left.gif HTTP/1.1" 200 1078 "http://chat.f-m-shop.de/livezilla/livezilla.php?template=lz_chat_frame.3.2.login.0.0" "Mozilla/5.0 (Windows; U; Windows NT 5.1; de; rv:1.9.1.4) Gecko/20091016 Firefox/3.5.4 (.NET CLR 3.5.30729)"
85.16.67.43 - - [03/Nov/2009:10:16:44 +0100] "GET /livezilla/images/button_mail.gif HTTP/1.1" 200 1348 "http://chat.f-m-shop.de/livezilla/livezilla.php?template=lz_chat_frame.3.2.login.0.0" "Mozilla/5.0 (Windows; U; Windows NT 5.1; de; rv:1.9.1.4) Gecko/20091016 Firefox/3.5.4 (.NET CLR 3.5.30729)"
85.16.67.43 - - [03/Nov/2009:10:16:44 +0100] "GET /livezilla/images/chat_bg_navigation_dev.gif HTTP/1.1" 200 367 "http://chat.f-m-shop.de/livezilla/livezilla.php?template=lz_chat_frame.3.2.login.0.0" "Mozilla/5.0 (Windows; U; Windows NT 5.1; de; rv:1.9.1.4) Gecko/20091016 Firefox/3.5.4 (.NET CLR 3.5.30729)"
85.16.67.43 - - [03/Nov/2009:10:16:44 +0100] "GET /livezilla/images/button_fav.gif HTTP/1.1" 200 1344 "http://chat.f-m-shop.de/livezilla/livezilla.php?template=lz_chat_frame.3.2.login.0.0" "Mozilla/5.0 (Windows; U; Windows NT 5.1; de; rv:1.9.1.4) Gecko/20091016 Firefox/3.5.4 (.NET CLR 3.5.30729)"
85.16.67.43 - - [03/Nov/2009:10:16:44 +0100] "GET /livezilla/images/button_close.gif HTTP/1.1" 200 1239 "http://chat.f-m-shop.de/livezilla/livezilla.php?template=lz_chat_frame.3.2.login.0.0" "Mozilla/5.0 (Windows; U; Windows NT 5.1; de; rv:1.9.1.4) Gecko/20091016 Firefox/3.5.4 (.NET CLR 3.5.30729)"
85.16.67.43 - - [03/Nov/2009:10:16:44 +0100] "GET /livezilla/images/chat_bg_navigation_right.gif HTTP/1.1" 200 675 "http://chat.f-m-shop.de/livezilla/livezilla.php?template=lz_chat_frame.3.2.login.0.0" "Mozilla/5.0 (Windows; U; Windows NT 5.1; de; rv:1.9.1.4) Gecko/20091016 Firefox/3.5.4 (.NET CLR 3.5.30729)"
