85.16.67.43 - - [03/Nov/2009:10:19:33 +0100] "GET /livezilla/livezilla.php?template=lz_chat_frame.3.0 HTTP/1.1" 200 240 "http://chat.f-m-shop.de/livezilla/livezilla.php?&reset=true" "Mozilla/5.0 (Windows; U; Windows NT 5.1; de; rv:1.9.1.4) Gecko/20091016 Firefox/3.5.4 (.NET CLR 3.5.30729)"
85.16.67.43 - - [03/Nov/2009:10:19:33 +0100] "GET /livezilla/livezilla.php?template=lz_chat_frame.1.2 HTTP/1.1" 200 264 "http://chat.f-m-shop.de/livezilla/livezilla.php?&reset=true" "Mozilla/5.0 (Windows; U; Windows NT 5.1; de; rv:1.9.1.4) Gecko/20091016 Firefox/3.5.4 (.NET CLR 3.5.30729)"
85.16.67.43 - - [03/Nov/2009:10:19:33 +0100] "GET /livezilla/templates/style.css HTTP/1.1" 200 8998 "http://chat.f-m-shop.de/livezilla/livezilla.php?template=lz_chat_frame.0.1" "Mozilla/5.0 (Windows; U; Windows NT 5.1; de; rv:1.9.1.4) Gecko/20091016 Firefox/3.5.4 (.NET CLR 3.5.30729)"
85.16.67.43 - - [03/Nov/2009:10:19:33 +0100] "GET /livezilla/templates/style.css HTTP/1.1" 200 8998 "http://chat.f-m-shop.de/livezilla/livezilla.php?template=lz_chat_frame.1.1" "Mozilla/5.0 (Windows; U; Windows NT 5.1; de; rv:1.9.1.4) Gecko/20091016 Firefox/3.5.4 (.NET CLR 3.5.30729)"
85.16.67.43 - - [03/Nov/2009:10:19:32 +0100] "GET /livezilla/livezilla.php?template=lz_chat_frame.4.1 HTTP/1.1" 200 455 "http://chat.f-m-shop.de/livezilla/livezilla.php?&reset=true" "Mozilla/5.0 (Windows; U; Windows NT 5.1; de; rv:1.9.1.4) Gecko/20091016 Firefox/3.5.4 (.NET CLR 3.5.30729)"
85.16.67.43 - - [03/Nov/2009:10:19:33 +0100] "GET /livezilla/templates/style.css HTTP/1.1" 200 8998 "http://chat.f-m-shop.de/livezilla/livezilla.php?template=lz_chat_frame.1.0" "Mozilla/5.0 (Windows; U; Windows NT 5.1; de; rv:1.9.1.4) Gecko/20091016 Firefox/3.5.4 (.NET CLR 3.5.30729)"
85.16.67.43 - - [03/Nov/2009:10:19:33 +0100] "GET /livezilla/templates/style.css HTTP/1.1" 200 8998 "http://chat.f-m-shop.de/livezilla/livezilla.php?template=lz_chat_frame.2.0" "Mozilla/5.0 (Windows; U; Windows NT 5.1; de; rv:1.9.1.4) Gecko/20091016 Firefox/3.5.4 (.NET CLR 3.5.30729)"
85.16.67.43 - - [03/Nov/2009:10:19:34 +0100] "GET /livezilla/templates/style.css HTTP/1.1" 200 8998 "http://chat.f-m-shop.de/livezilla/livezilla.php?template=lz_chat_frame.0.2" "Mozilla/5.0 (Windows; U; Windows NT 5.1; de; rv:1.9.1.4) Gecko/20091016 Firefox/3.5.4 (.NET CLR 3.5.30729)"
85.16.67.43 - - [03/Nov/2009:10:19:32 +0100] "GET /livezilla/livezilla.php?template=lz_chat_frame.0.0 HTTP/1.1" 200 259 "http://chat.f-m-shop.de/livezilla/livezilla.php?&reset=true" "Mozilla/5.0 (Windows; U; Windows NT 5.1; de; rv:1.9.1.4) Gecko/20091016 Firefox/3.5.4 (.NET CLR 3.5.30729)"
85.16.67.43 - - [03/Nov/2009:10:19:34 +0100] "GET /livezilla/templates/style.css HTTP/1.1" 200 8998 "http://chat.f-m-shop.de/livezilla/livezilla.php?template=lz_chat_frame.3.2.login&reset=true" "Mozilla/5.0 (Windows; U; Windows NT 5.1; de; rv:1.9.1.4) Gecko/20091016 Firefox/3.5.4 (.NET CLR 3.5.30729)"
85.16.67.43 - - [03/Nov/2009:10:19:34 +0100] "GET /livezilla/templates/style.css HTTP/1.1" 200 8998 "http://chat.f-m-shop.de/livezilla/livezilla.php?template=lz_chat_frame.2.2" "Mozilla/5.0 (Windows; U; Windows NT 5.1; de; rv:1.9.1.4) Gecko/20091016 Firefox/3.5.4 (.NET CLR 3.5.30729)"
85.16.67.43 - - [03/Nov/2009:10:19:34 +0100] "GET /livezilla/templates/style.css HTTP/1.1" 200 8998 "http://chat.f-m-shop.de/livezilla/livezilla.php?template=lz_chat_frame.3.0" "Mozilla/5.0 (Windows; U; Windows NT 5.1; de; rv:1.9.1.4) Gecko/20091016 Firefox/3.5.4 (.NET CLR 3.5.30729)"
85.16.67.43 - - [03/Nov/2009:10:19:34 +0100] "GET /livezilla/templates/style.css HTTP/1.1" 200 8998 "http://chat.f-m-shop.de/livezilla/livezilla.php?template=lz_chat_frame.1.2" "Mozilla/5.0 (Windows; U; Windows NT 5.1; de; rv:1.9.1.4) Gecko/20091016 Firefox/3.5.4 (.NET CLR 3.5.30729)"
85.16.67.43 - - [03/Nov/2009:10:19:34 +0100] "GET /livezilla/templates/style.css HTTP/1.1" 200 8998 "http://chat.f-m-shop.de/livezilla/livezilla.php?template=lz_chat_frame.4.1" "Mozilla/5.0 (Windows; U; Windows NT 5.1; de; rv:1.9.1.4) Gecko/20091016 Firefox/3.5.4 (.NET CLR 3.5.30729)"
85.16.67.43 - - [03/Nov/2009:10:19:34 +0100] "GET /livezilla/livezilla.php?template=lz_chat_frame.3.2.login.2.0 HTTP/1.1" 200 277 "http://chat.f-m-shop.de/livezilla/livezilla.php?template=lz_chat_frame.3.2.login&reset=true" "Mozilla/5.0 (Windows; U; Windows NT 5.1; de; rv:1.9.1.4) Gecko/20091016 Firefox/3.5.4 (.NET CLR 3.5.30729)"
85.16.67.43 - - [03/Nov/2009:10:19:34 +0100] "GET /livezilla/templates/style.css HTTP/1.1" 200 8998 "http://chat.f-m-shop.de/livezilla/livezilla.php?template=lz_chat_frame.0.0" "Mozilla/5.0 (Windows; U; Windows NT 5.1; de; rv:1.9.1.4) Gecko/20091016 Firefox/3.5.4 (.NET CLR 3.5.30729)"
85.16.67.43 - - [03/Nov/2009:10:19:34 +0100] "GET /livezilla/images/carrier_logo.gif HTTP/1.1" 200 6003 "http://chat.f-m-shop.de/livezilla/livezilla.php?template=lz_chat_frame.1.1" "Mozilla/5.0 (Windows; U; Windows NT 5.1; de; rv:1.9.1.4) Gecko/20091016 Firefox/3.5.4 (.NET CLR 3.5.30729)"
85.16.67.43 - - [03/Nov/2009:10:19:34 +0100] "GET /livezilla/livezilla.php?template=lz_chat_frame.3.2.login.1.0&reset=true HTTP/1.1" 200 2969 "http://chat.f-m-shop.de/livezilla/livezilla.php?template=lz_chat_frame.3.2.login&reset=true" "Mozilla/5.0 (Windows; U; Windows NT 5.1; de; rv:1.9.1.4) Gecko/20091016 Firefox/3.5.4 (.NET CLR 3.5.30729)"
85.16.67.43 - - [03/Nov/2009:10:19:34 +0100] "GET /livezilla/templates/style.css HTTP/1.1" 200 8998 "http://chat.f-m-shop.de/livezilla/livezilla.php?template=lz_chat_frame.3.2.login.2.0" "Mozilla/5.0 (Windows; U; Windows NT 5.1; de; rv:1.9.1.4) Gecko/20091016 Firefox/3.5.4 (.NET CLR 3.5.30729)"
85.16.67.43 - - [03/Nov/2009:10:19:34 +0100] "GET /livezilla/livezilla.php?template=lz_chat_frame.3.2.login.0.0 HTTP/1.1" 200 1563 "http://chat.f-m-shop.de/livezilla/livezilla.php?template=lz_chat_frame.3.2.login&reset=true" "Mozilla/5.0 (Windows; U; Windows NT 5.1; de; rv:1.9.1.4) Gecko/20091016 Firefox/3.5.4 (.NET CLR 3.5.30729)"
85.16.67.43 - - [03/Nov/2009:10:19:34 +0100] "GET /livezilla/templates/style.css HTTP/1.1" 200 8998 "http://chat.f-m-shop.de/livezilla/livezilla.php?template=lz_chat_frame.3.2.login.1.0&reset=true" "Mozilla/5.0 (Windows; U; Windows NT 5.1; de; rv:1.9.1.4) Gecko/20091016 Firefox/3.5.4 (.NET CLR 3.5.30729)"
85.16.67.43 - - [03/Nov/2009:10:19:34 +0100] "GET /livezilla/images/icon_vcard.gif HTTP/1.1" 200 559 "http://chat.f-m-shop.de/livezilla/livezilla.php?template=lz_chat_frame.1.1" "Mozilla/5.0 (Windows; U; Windows NT 5.1; de; rv:1.9.1.4) Gecko/20091016 Firefox/3.5.4 (.NET CLR 3.5.30729)"
85.16.67.43 - - [03/Nov/2009:10:19:34 +0100] "GET /livezilla/images/icon_typing.gif HTTP/1.1" 200 1106 "http://chat.f-m-shop.de/livezilla/livezilla.php?template=lz_chat_frame.1.1" "Mozilla/5.0 (Windows; U; Windows NT 5.1; de; rv:1.9.1.4) Gecko/20091016 Firefox/3.5.4 (.NET CLR 3.5.30729)"
85.16.67.43 - - [03/Nov/2009:10:19:33 +0100] "GET /livezilla/livezilla.php?template=lz_chat_frame.5.1 HTTP/1.1" 200 265 "http://chat.f-m-shop.de/livezilla/livezilla.php?&reset=true" "Mozilla/5.0 (Windows; U; Windows NT 5.1; de; rv:1.9.1.4) Gecko/20091016 Firefox/3.5.4 (.NET CLR 3.5.30729)"
85.16.67.43 - - [03/Nov/2009:10:19:34 +0100] "GET /livezilla/templates/style.css HTTP/1.1" 200 8998 "http://chat.f-m-shop.de/livezilla/livezilla.php?template=lz_chat_frame.3.2.login.0.0" "Mozilla/5.0 (Windows; U; Windows NT 5.1; de; rv:1.9.1.4) Gecko/20091016 Firefox/3.5.4 (.NET CLR 3.5.30729)"
85.16.67.43 - - [03/Nov/2009:10:19:34 +0100] "GET /livezilla/intern_images/nopic.jpg HTTP/1.1" 200 3599 "http://chat.f-m-shop.de/livezilla/livezilla.php?template=lz_chat_frame.1.1" "Mozilla/5.0 (Windows; U; Windows NT 5.1; de; rv:1.9.1.4) Gecko/20091016 Firefox/3.5.4 (.NET CLR 3.5.30729)"
85.16.67.43 - - [03/Nov/2009:10:19:34 +0100] "GET /livezilla/images/lz_header.gif HTTP/1.1" 200 7285 "http://chat.f-m-shop.de/livezilla/livezilla.php?template=lz_chat_frame.1.1" "Mozilla/5.0 (Windows; U; Windows NT 5.1; de; rv:1.9.1.4) Gecko/20091016 Firefox/3.5.4 (.NET CLR 3.5.30729)"
85.16.67.43 - - [03/Nov/2009:10:19:34 +0100] "GET /livezilla/templates/style.css HTTP/1.1" 200 8998 "http://chat.f-m-shop.de/livezilla/livezilla.php?template=lz_chat_frame.5.1" "Mozilla/5.0 (Windows; U; Windows NT 5.1; de; rv:1.9.1.4) Gecko/20091016 Firefox/3.5.4 (.NET CLR 3.5.30729)"
85.16.67.43 - - [03/Nov/2009:10:19:34 +0100] "GET /livezilla/images/lz_rep_bg_left.gif HTTP/1.1" 200 593 "http://chat.f-m-shop.de/livezilla/livezilla.php?template=lz_chat_frame.1.1" "Mozilla/5.0 (Windows; U; Windows NT 5.1; de; rv:1.9.1.4) Gecko/20091016 Firefox/3.5.4 (.NET CLR 3.5.30729)"
85.16.67.43 - - [03/Nov/2009:10:19:33 +0100] "GET /livezilla/livezilla.php?template=lz_chat_frame.3.3 HTTP/1.1" 200 239 "http://chat.f-m-shop.de/livezilla/livezilla.php?&reset=true" "Mozilla/5.0 (Windows; U; Windows NT 5.1; de; rv:1.9.1.4) Gecko/20091016 Firefox/3.5.4 (.NET CLR 3.5.30729)"
85.16.67.43 - - [03/Nov/2009:10:19:34 +0100] "GET /livezilla/images/lz_rep_bg.gif HTTP/1.1" 200 320 "http://chat.f-m-shop.de/livezilla/livezilla.php?template=lz_chat_frame.1.1" "Mozilla/5.0 (Windows; U; Windows NT 5.1; de; rv:1.9.1.4) Gecko/20091016 Firefox/3.5.4 (.NET CLR 3.5.30729)"
85.16.67.43 - - [03/Nov/2009:10:19:34 +0100] "GET /livezilla/images/lz_rep_bg_right.gif HTTP/1.1" 200 590 "http://chat.f-m-shop.de/livezilla/livezilla.php?template=lz_chat_frame.1.1" "Mozilla/5.0 (Windows; U; Windows NT 5.1; de; rv:1.9.1.4) Gecko/20091016 Firefox/3.5.4 (.NET CLR 3.5.30729)"
85.16.67.43 - - [03/Nov/2009:10:19:34 +0100] "GET /livezilla/images/chat_bg_footer.gif HTTP/1.1" 200 194 "http://chat.f-m-shop.de/livezilla/templates/style.css" "Mozilla/5.0 (Windows; U; Windows NT 5.1; de; rv:1.9.1.4) Gecko/20091016 Firefox/3.5.4 (.NET CLR 3.5.30729)"
85.16.67.43 - - [03/Nov/2009:10:19:34 +0100] "GET /livezilla/templates/style.css HTTP/1.1" 200 8998 "http://chat.f-m-shop.de/livezilla/livezilla.php?template=lz_chat_frame.3.3" "Mozilla/5.0 (Windows; U; Windows NT 5.1; de; rv:1.9.1.4) Gecko/20091016 Firefox/3.5.4 (.NET CLR 3.5.30729)"
85.16.67.43 - - [03/Nov/2009:10:19:34 +0100] "GET /livezilla/images/icon_info.gif HTTP/1.1" 200 1703 "http://chat.f-m-shop.de/livezilla/livezilla.php?template=lz_chat_frame.3.2.login.1.0&reset=true" "Mozilla/5.0 (Windows; U; Windows NT 5.1; de; rv:1.9.1.4) Gecko/20091016 Firefox/3.5.4 (.NET CLR 3.5.30729)"
85.16.67.43 - - [03/Nov/2009:10:19:34 +0100] "GET /livezilla/images/icon_network.gif HTTP/1.1" 200 354 "http://chat.f-m-shop.de/livezilla/livezilla.php?template=lz_chat_frame.3.2.login.1.0&reset=true" "Mozilla/5.0 (Windows; U; Windows NT 5.1; de; rv:1.9.1.4) Gecko/20091016 Firefox/3.5.4 (.NET CLR 3.5.30729)"
85.16.67.43 - - [03/Nov/2009:10:19:34 +0100] "GET /livezilla/images/chat_bg_footer_top.gif HTTP/1.1" 200 858 "http://chat.f-m-shop.de/livezilla/templates/style.css" "Mozilla/5.0 (Windows; U; Windows NT 5.1; de; rv:1.9.1.4) Gecko/20091016 Firefox/3.5.4 (.NET CLR 3.5.30729)"
85.16.67.43 - - [03/Nov/2009:10:19:34 +0100] "GET /livezilla/images/chat_bg_navigation_left.gif HTTP/1.1" 200 1078 "http://chat.f-m-shop.de/livezilla/livezilla.php?template=lz_chat_frame.3.2.login.0.0" "Mozilla/5.0 (Windows; U; Windows NT 5.1; de; rv:1.9.1.4) Gecko/20091016 Firefox/3.5.4 (.NET CLR 3.5.30729)"
85.16.67.43 - - [03/Nov/2009:10:19:34 +0100] "GET /livezilla/images/button_mail.gif HTTP/1.1" 200 1348 "http://chat.f-m-shop.de/livezilla/livezilla.php?template=lz_chat_frame.3.2.login.0.0" "Mozilla/5.0 (Windows; U; Windows NT 5.1; de; rv:1.9.1.4) Gecko/20091016 Firefox/3.5.4 (.NET CLR 3.5.30729)"
85.16.67.43 - - [03/Nov/2009:10:19:34 +0100] "GET /livezilla/images/chat_bg_navigation_dev.gif HTTP/1.1" 200 367 "http://chat.f-m-shop.de/livezilla/livezilla.php?template=lz_chat_frame.3.2.login.0.0" "Mozilla/5.0 (Windows; U; Windows NT 5.1; de; rv:1.9.1.4) Gecko/20091016 Firefox/3.5.4 (.NET CLR 3.5.30729)"
85.16.67.43 - - [03/Nov/2009:10:19:34 +0100] "GET /livezilla/images/button_fav.gif HTTP/1.1" 200 1344 "http://chat.f-m-shop.de/livezilla/livezilla.php?template=lz_chat_frame.3.2.login.0.0" "Mozilla/5.0 (Windows; U; Windows NT 5.1; de; rv:1.9.1.4) Gecko/20091016 Firefox/3.5.4 (.NET CLR 3.5.30729)"
85.16.67.43 - - [03/Nov/2009:10:19:34 +0100] "GET /livezilla/images/button_close.gif HTTP/1.1" 200 1239 "http://chat.f-m-shop.de/livezilla/livezilla.php?template=lz_chat_frame.3.2.login.0.0" "Mozilla/5.0 (Windows; U; Windows NT 5.1; de; rv:1.9.1.4) Gecko/20091016 Firefox/3.5.4 (.NET CLR 3.5.30729)"
85.16.67.43 - - [03/Nov/2009:10:19:34 +0100] "GET /livezilla/images/chat_bg_navigation_right.gif HTTP/1.1" 200 675 "http://chat.f-m-shop.de/livezilla/livezilla.php?template=lz_chat_frame.3.2.login.0.0" "Mozilla/5.0 (Windows; U; Windows NT 5.1; de; rv:1.9.1.4) Gecko/20091016 Firefox/3.5.4 (.NET CLR 3.5.30729)"
85.16.67.43 - - [03/Nov/2009:10:19:34 +0100] "GET /livezilla/images/lz_button.gif HTTP/1.1" 200 838 "http://chat.f-m-shop.de/livezilla/templates/style.css" "Mozilla/5.0 (Windows; U; Windows NT 5.1; de; rv:1.9.1.4) Gecko/20091016 Firefox/3.5.4 (.NET CLR 3.5.30729)"
85.16.67.43 - - [03/Nov/2009:10:19:34 +0100] "GET /livezilla/images/chat_bg_navigation_sub.gif HTTP/1.1" 200 76 "http://chat.f-m-shop.de/livezilla/templates/style.css" "Mozilla/5.0 (Windows; U; Windows NT 5.1; de; rv:1.9.1.4) Gecko/20091016 Firefox/3.5.4 (.NET CLR 3.5.30729)"
85.16.67.43 - - [03/Nov/2009:10:19:34 +0100] "GET /livezilla/images/chat_bg_field.gif HTTP/1.1" 200 121 "http://chat.f-m-shop.de/livezilla/templates/style.css" "Mozilla/5.0 (Windows; U; Windows NT 5.1; de; rv:1.9.1.4) Gecko/20091016 Firefox/3.5.4 (.NET CLR 3.5.30729)"
85.16.67.43 - - [03/Nov/2009:10:19:34 +0100] "GET /livezilla/images/lz_button_extra.gif HTTP/1.1" 200 948 "http://chat.f-m-shop.de/livezilla/templates/style.css" "Mozilla/5.0 (Windows; U; Windows NT 5.1; de; rv:1.9.1.4) Gecko/20091016 Firefox/3.5.4 (.NET CLR 3.5.30729)"
85.16.67.43 - - [03/Nov/2009:10:19:34 +0100] "GET /livezilla/images/chat_bg_navigation.gif HTTP/1.1" 200 258 "http://chat.f-m-shop.de/livezilla/templates/style.css" "Mozilla/5.0 (Windows; U; Windows NT 5.1; de; rv:1.9.1.4) Gecko/20091016 Firefox/3.5.4 (.NET CLR 3.5.30729)"
85.16.67.43 - - [03/Nov/2009:10:19:35 +0100] "POST /livezilla/server.php HTTP/1.1" 200 212 "http://chat.f-m-shop.de/livezilla/livezilla.php?&reset=true" "Mozilla/5.0 (Windows; U; Windows NT 5.1; de; rv:1.9.1.4) Gecko/20091016 Firefox/3.5.4 (.NET CLR 3.5.30729)"
192.168.10.13 - - [03/Nov/2009:10:18:52 +0100] "POST /livezilla/server.php?acid=c7c4c HTTP/1.1" 200 - "-" "LiveZilla 3.1.7.7 [http://www.livezilla.net]"
192.168.10.10 - - [03/Nov/2009:10:19:01 +0100] "POST /livezilla/server.php?acid=ef2e3 HTTP/1.1" 200 - "-" "LiveZilla 3.1.7.7 [http://www.livezilla.net]"
85.16.67.43 - - [03/Nov/2009:10:19:54 +0100] "POST /livezilla/livezilla.php?template=lz_chat_frame.3.2.mail HTTP/1.1" 200 4032 "http://chat.f-m-shop.de/livezilla/livezilla.php?template=lz_chat_frame.3.2.login.1.0&reset=true" "Mozilla/5.0 (Windows; U; Windows NT 5.1; de; rv:1.9.1.4) Gecko/20091016 Firefox/3.5.4 (.NET CLR 3.5.30729)"
85.16.67.43 - - [03/Nov/2009:10:19:55 +0100] "GET /livezilla/images/icon_info.gif HTTP/1.1" 200 1703 "http://chat.f-m-shop.de/livezilla/livezilla.php?template=lz_chat_frame.3.2.mail" "Mozilla/5.0 (Windows; U; Windows NT 5.1; de; rv:1.9.1.4) Gecko/20091016 Firefox/3.5.4 (.NET CLR 3.5.30729)"
85.16.67.43 - - [03/Nov/2009:10:19:55 +0100] "GET /livezilla/templates/style.css HTTP/1.1" 200 8998 "http://chat.f-m-shop.de/livezilla/livezilla.php?template=lz_chat_frame.3.2.mail" "Mozilla/5.0 (Windows; U; Windows NT 5.1; de; rv:1.9.1.4) Gecko/20091016 Firefox/3.5.4 (.NET CLR 3.5.30729)"
85.16.67.43 - - [03/Nov/2009:10:19:55 +0100] "GET /livezilla/images/chat_bg_navigation_left.gif HTTP/1.1" 200 1078 "http://chat.f-m-shop.de/livezilla/livezilla.php?template=lz_chat_frame.3.2.mail" "Mozilla/5.0 (Windows; U; Windows NT 5.1; de; rv:1.9.1.4) Gecko/20091016 Firefox/3.5.4 (.NET CLR 3.5.30729)"
85.16.67.43 - - [03/Nov/2009:10:19:55 +0100] "GET /livezilla/images/button_fav.gif HTTP/1.1" 200 1344 "http://chat.f-m-shop.de/livezilla/livezilla.php?template=lz_chat_frame.3.2.mail" "Mozilla/5.0 (Windows; U; Windows NT 5.1; de; rv:1.9.1.4) Gecko/20091016 Firefox/3.5.4 (.NET CLR 3.5.30729)"
85.16.67.43 - - [03/Nov/2009:10:19:55 +0100] "GET /livezilla/images/button_chat.gif HTTP/1.1" 200 1218 "http://chat.f-m-shop.de/livezilla/livezilla.php?template=lz_chat_frame.3.2.mail" "Mozilla/5.0 (Windows; U; Windows NT 5.1; de; rv:1.9.1.4) Gecko/20091016 Firefox/3.5.4 (.NET CLR 3.5.30729)"
85.16.67.43 - - [03/Nov/2009:10:19:55 +0100] "GET /livezilla/images/chat_bg_navigation_dev.gif HTTP/1.1" 200 367 "http://chat.f-m-shop.de/livezilla/livezilla.php?template=lz_chat_frame.3.2.mail" "Mozilla/5.0 (Windows; U; Windows NT 5.1; de; rv:1.9.1.4) Gecko/20091016 Firefox/3.5.4 (.NET CLR 3.5.30729)"
85.16.67.43 - - [03/Nov/2009:10:19:55 +0100] "GET /livezilla/images/button_print.gif HTTP/1.1" 200 1183 "http://chat.f-m-shop.de/livezilla/livezilla.php?template=lz_chat_frame.3.2.mail" "Mozilla/5.0 (Windows; U; Windows NT 5.1; de; rv:1.9.1.4) Gecko/20091016 Firefox/3.5.4 (.NET CLR 3.5.30729)"
85.16.67.43 - - [03/Nov/2009:10:19:55 +0100] "GET /livezilla/images/button_close.gif HTTP/1.1" 200 1239 "http://chat.f-m-shop.de/livezilla/livezilla.php?template=lz_chat_frame.3.2.mail" "Mozilla/5.0 (Windows; U; Windows NT 5.1; de; rv:1.9.1.4) Gecko/20091016 Firefox/3.5.4 (.NET CLR 3.5.30729)"
85.16.67.43 - - [03/Nov/2009:10:19:55 +0100] "GET /livezilla/images/chat_bg_navigation_right.gif HTTP/1.1" 200 675 "http://chat.f-m-shop.de/livezilla/livezilla.php?template=lz_chat_frame.3.2.mail" "Mozilla/5.0 (Windows; U; Windows NT 5.1; de; rv:1.9.1.4) Gecko/20091016 Firefox/3.5.4 (.NET CLR 3.5.30729)"
85.16.67.43 - - [03/Nov/2009:10:19:55 +0100] "GET /livezilla/images/icon_network.gif HTTP/1.1" 200 354 "http://chat.f-m-shop.de/livezilla/livezilla.php?template=lz_chat_frame.3.2.mail" "Mozilla/5.0 (Windows; U; Windows NT 5.1; de; rv:1.9.1.4) Gecko/20091016 Firefox/3.5.4 (.NET CLR 3.5.30729)"
85.16.67.43 - - [03/Nov/2009:10:19:55 +0100] "GET /livezilla/images/chat_bg_footer.gif HTTP/1.1" 200 194 "http://chat.f-m-shop.de/livezilla/templates/style.css" "Mozilla/5.0 (Windows; U; Windows NT 5.1; de; rv:1.9.1.4) Gecko/20091016 Firefox/3.5.4 (.NET CLR 3.5.30729)"
85.16.67.43 - - [03/Nov/2009:10:19:55 +0100] "GET /livezilla/images/lz_button.gif HTTP/1.1" 200 838 "http://chat.f-m-shop.de/livezilla/templates/style.css" "Mozilla/5.0 (Windows; U; Windows NT 5.1; de; rv:1.9.1.4) Gecko/20091016 Firefox/3.5.4 (.NET CLR 3.5.30729)"
85.16.67.43 - - [03/Nov/2009:10:19:55 +0100] "GET /livezilla/images/chat_bg_navigation.gif HTTP/1.1" 200 258 "http://chat.f-m-shop.de/livezilla/templates/style.css" "Mozilla/5.0 (Windows; U; Windows NT 5.1; de; rv:1.9.1.4) Gecko/20091016 Firefox/3.5.4 (.NET CLR 3.5.30729)"
85.16.67.43 - - [03/Nov/2009:10:19:55 +0100] "GET /livezilla/images/chat_bg_navigation_sub.gif HTTP/1.1" 200 76 "http://chat.f-m-shop.de/livezilla/templates/style.css" "Mozilla/5.0 (Windows; U; Windows NT 5.1; de; rv:1.9.1.4) Gecko/20091016 Firefox/3.5.4 (.NET CLR 3.5.30729)"
85.16.67.43 - - [03/Nov/2009:10:19:55 +0100] "GET /livezilla/images/chat_bg_field.gif HTTP/1.1" 200 121 "http://chat.f-m-shop.de/livezilla/templates/style.css" "Mozilla/5.0 (Windows; U; Windows NT 5.1; de; rv:1.9.1.4) Gecko/20091016 Firefox/3.5.4 (.NET CLR 3.5.30729)"
85.16.67.43 - - [03/Nov/2009:10:19:55 +0100] "GET /livezilla/images/lz_button_extra.gif HTTP/1.1" 200 948 "http://chat.f-m-shop.de/livezilla/templates/style.css" "Mozilla/5.0 (Windows; U; Windows NT 5.1; de; rv:1.9.1.4) Gecko/20091016 Firefox/3.5.4 (.NET CLR 3.5.30729)"
192.168.10.13 - - [03/Nov/2009:10:19:41 +0100] "POST /livezilla/server.php?acid=50d96 HTTP/1.1" 200 - "-" "LiveZilla 3.1.7.7 [http://www.livezilla.net]"
192.168.10.10 - - [03/Nov/2009:10:19:50 +0100] "POST /livezilla/server.php?acid=00054 HTTP/1.1" 200 - "-" "LiveZilla 3.1.7.7 [http://www.livezilla.net]"
192.168.10.13 - - [03/Nov/2009:10:20:30 +0100] "POST /livezilla/server.php?acid=43e8a HTTP/1.1" 200 - "-" "LiveZilla 3.1.7.7 [http://www.livezilla.net]"
192.168.10.10 - - [03/Nov/2009:10:20:38 +0100] "POST /livezilla/server.php?acid=fd4f2 HTTP/1.1" 200 - "-" "LiveZilla 3.1.7.7 [http://www.livezilla.net]"
62.134.46.4 - - [03/Nov/2009:10:21:41 +0100] "GET /livezilla/image.php?id=04 HTTP/1.1" 200 7276 "http://www.f-m-shop.de/seiten/prod_detail_neuer.cfm?kat=MONT40&nav=2&artnr=A%20%2024072" "Mozilla/5.0 (Windows; U; Windows NT 5.1; de; rv:1.9.1.4) Gecko/20091016 Firefox/3.5.4"
192.168.10.13 - - [03/Nov/2009:10:21:18 +0100] "POST /livezilla/server.php?acid=6cd18 HTTP/1.1" 200 - "-" "LiveZilla 3.1.7.7 [http://www.livezilla.net]"
192.168.10.10 - - [03/Nov/2009:10:21:26 +0100] "POST /livezilla/server.php?acid=182b8 HTTP/1.1" 200 - "-" "LiveZilla 3.1.7.7 [http://www.livezilla.net]"
192.168.10.13 - - [03/Nov/2009:10:22:06 +0100] "POST /livezilla/server.php?acid=55f58 HTTP/1.1" 200 - "-" "LiveZilla 3.1.7.7 [http://www.livezilla.net]"
192.168.10.10 - - [03/Nov/2009:10:22:15 +0100] "POST /livezilla/server.php?acid=781f9 HTTP/1.1" 200 - "-" "LiveZilla 3.1.7.7 [http://www.livezilla.net]"
192.168.10.13 - - [03/Nov/2009:10:22:55 +0100] "POST /livezilla/server.php?acid=334cd HTTP/1.1" 200 - "-" "LiveZilla 3.1.7.7 [http://www.livezilla.net]"
192.168.10.10 - - [03/Nov/2009:10:23:03 +0100] "POST /livezilla/server.php?acid=32f80 HTTP/1.1" 200 - "-" "LiveZilla 3.1.7.7 [http://www.livezilla.net]"
192.168.10.13 - - [03/Nov/2009:10:23:43 +0100] "POST /livezilla/server.php?acid=73ac3 HTTP/1.1" 200 - "-" "LiveZilla 3.1.7.7 [http://www.livezilla.net]"
192.168.10.10 - - [03/Nov/2009:10:23:51 +0100] "POST /livezilla/server.php?acid=ba10a HTTP/1.1" 200 - "-" "LiveZilla 3.1.7.7 [http://www.livezilla.net]"
192.168.10.13 - - [03/Nov/2009:10:24:32 +0100] "POST /livezilla/server.php?acid=725a8 HTTP/1.1" 200 - "-" "LiveZilla 3.1.7.7 [http://www.livezilla.net]"
192.168.10.10 - - [03/Nov/2009:10:24:40 +0100] "POST /livezilla/server.php?acid=dea50 HTTP/1.1" 200 - "-" "LiveZilla 3.1.7.7 [http://www.livezilla.net]"
85.178.93.47 - - [03/Nov/2009:10:25:46 +0100] "GET /livezilla/image.php?id=04 HTTP/1.1" 200 7276 "http://www.f-m-shop.de/seiten/prod_detail_neuer.cfm?name=SCANNER%20PLUSTEK%20OpticFilm%207500i%20SE&artnr=A%20%2020303&nav=2&kat=SCANFILM&kat_her=&p_sort=&b_sort=ASC" "Mozilla/5.0 (Macintosh; U; Intel Mac OS X 10.5; de; rv:1.9.1.4) Gecko/20091016 Firefox/3.5.4"
192.168.10.13 - - [03/Nov/2009:10:25:20 +0100] "POST /livezilla/server.php?acid=480ff HTTP/1.1" 200 - "-" "LiveZilla 3.1.7.7 [http://www.livezilla.net]"
217.86.71.176 - - [03/Nov/2009:10:26:11 +0100] "GET /livezilla/image.php?id=04 HTTP/1.1" 200 7276 "http://www.f-m-shop.de/seiten/prod_detail_neuer.cfm?kat=MONT40&nav=2&artnr=A 24072" "Mozilla/4.0 (compatible; MSIE 8.0; Windows NT 5.1; Trident/4.0; (R1 1.6); .NET CLR 1.1.4322; HbTools 4.7.7; .NET CLR 2.0.50727; .NET CLR 3.0.4506.2152; .NET CLR 3.5.30729)"
192.168.10.10 - - [03/Nov/2009:10:25:28 +0100] "POST /livezilla/server.php?acid=1fea1 HTTP/1.1" 200 - "-" "LiveZilla 3.1.7.7 [http://www.livezilla.net]"
192.168.10.13 - - [03/Nov/2009:10:26:08 +0100] "POST /livezilla/server.php?acid=78fb8 HTTP/1.1" 200 - "-" "LiveZilla 3.1.7.7 [http://www.livezilla.net]"
192.168.10.10 - - [03/Nov/2009:10:26:16 +0100] "POST /livezilla/server.php?acid=82066 HTTP/1.1" 200 - "-" "LiveZilla 3.1.7.7 [http://www.livezilla.net]"
192.168.10.13 - - [03/Nov/2009:10:26:57 +0100] "POST /livezilla/server.php?acid=6bced HTTP/1.1" 200 - "-" "LiveZilla 3.1.7.7 [http://www.livezilla.net]"
192.168.10.10 - - [03/Nov/2009:10:27:05 +0100] "POST /livezilla/server.php?acid=71327 HTTP/1.1" 200 - "-" "LiveZilla 3.1.7.7 [http://www.livezilla.net]"
89.49.241.32 - - [03/Nov/2009:10:28:24 +0100] "GET /livezilla/image.php?id=04 HTTP/1.1" 200 7276 "http://www.f-m-shop.de/seiten/prod_detail_neuer.cfm?name=LCD%2022%22%20SAMSUNG%20Syncmaster%202243SN&artnr=A%20%2028389&nav=2&kat=MONT22&kat_her=SAMSUNG&p_sort=&b_sort=ASC" "Mozilla/5.0 (Windows; U; Windows NT 6.0; de; rv:1.9.1.4) Gecko/20091016 Firefox/3.5.4 (.NET CLR 3.5.30729)"
192.168.10.13 - - [03/Nov/2009:10:27:45 +0100] "POST /livezilla/server.php?acid=f1eff HTTP/1.1" 200 - "-" "LiveZilla 3.1.7.7 [http://www.livezilla.net]"
192.168.10.10 - - [03/Nov/2009:10:27:53 +0100] "POST /livezilla/server.php?acid=1ee01 HTTP/1.1" 200 - "-" "LiveZilla 3.1.7.7 [http://www.livezilla.net]"
192.168.10.13 - - [03/Nov/2009:10:28:33 +0100] "POST /livezilla/server.php?acid=7b126 HTTP/1.1" 200 - "-" "LiveZilla 3.1.7.7 [http://www.livezilla.net]"
192.168.10.10 - - [03/Nov/2009:10:28:41 +0100] "POST /livezilla/server.php?acid=536d8 HTTP/1.1" 200 - "-" "LiveZilla 3.1.7.7 [http://www.livezilla.net]"
192.168.10.13 - - [03/Nov/2009:10:29:22 +0100] "POST /livezilla/server.php?acid=50922 HTTP/1.1" 200 - "-" "LiveZilla 3.1.7.7 [http://www.livezilla.net]"
192.168.10.10 - - [03/Nov/2009:10:29:30 +0100] "POST /livezilla/server.php?acid=2171a HTTP/1.1" 200 - "-" "LiveZilla 3.1.7.7 [http://www.livezilla.net]"
89.49.241.32 - - [03/Nov/2009:10:30:14 +0100] "GET /livezilla/image.php?id=04 HTTP/1.1" 200 7276 "http://www.f-m-shop.de/seiten/prod_detail_neuer.cfm?name=NAVI%20TOMTOM%20GO%20750%20LIVE%203months&artnr=A%20%2029483&nav=2&kat=NAVMOD&kat_her=TOMTOM&p_sort=&b_sort=ASC" "Mozilla/5.0 (Windows; U; Windows NT 6.0; de; rv:1.9.1.4) Gecko/20091016 Firefox/3.5.4 (.NET CLR 3.5.30729)"
192.168.10.13 - - [03/Nov/2009:10:30:10 +0100] "POST /livezilla/server.php?acid=b9353 HTTP/1.1" 200 - "-" "LiveZilla 3.1.7.7 [http://www.livezilla.net]"
192.168.10.10 - - [03/Nov/2009:10:30:18 +0100] "POST /livezilla/server.php?acid=b9441 HTTP/1.1" 200 - "-" "LiveZilla 3.1.7.7 [http://www.livezilla.net]"
89.49.241.32 - - [03/Nov/2009:10:31:06 +0100] "GET /livezilla/image.php?id=04 HTTP/1.1" 200 7276 "http://www.f-m-shop.de/seiten/prod_detail_neuer.cfm?name=NB%20%20Acer%20Aspire%206530G-804G64MN&artnr=A%20%2028152&nav=2&kat=NOTB16&kat_her=ACER&p_sort=&b_sort=ASC" "Mozilla/5.0 (Windows; U; Windows NT 6.0; de; rv:1.9.1.4) Gecko/20091016 Firefox/3.5.4 (.NET CLR 3.5.30729)"
192.168.10.13 - - [03/Nov/2009:10:30:58 +0100] "POST /livezilla/server.php?acid=3c435 HTTP/1.1" 200 - "-" "LiveZilla 3.1.7.7 [http://www.livezilla.net]"
192.168.10.10 - - [03/Nov/2009:10:31:06 +0100] "POST /livezilla/server.php?acid=131c2 HTTP/1.1" 200 - "-" "LiveZilla 3.1.7.7 [http://www.livezilla.net]"
89.49.241.32 - - [03/Nov/2009:10:31:56 +0100] "GET /livezilla/image.php?id=04 HTTP/1.1" 200 7276 "http://www.f-m-shop.de/seiten/prod_detail_neuer.cfm?name=NB%20%20ASUS%20K50IJ-SX009C%20T4200-2.0G%202GB&artnr=A%20%2030123&nav=2&kat=NOTB15&kat_her=&p_sort=&b_sort=ASC" "Mozilla/5.0 (Windows; U; Windows NT 6.0; de; rv:1.9.1.4) Gecko/20091016 Firefox/3.5.4 (.NET CLR 3.5.30729)"
80.136.191.163 - - [03/Nov/2009:10:32:15 +0100] "GET /livezilla/image.php?id=04 HTTP/1.1" 200 7276 "http://www.f-m-shop.de/seiten/prod_detail_neuer.cfm?kat=NETLROU&nav=2&artnr=A%20%20%207191" "Mozilla/5.0 (Windows; U; Windows NT 5.1; de; rv:1.9.1.2) Gecko/20090729 Firefox/3.5.2"
192.168.10.13 - - [03/Nov/2009:10:31:47 +0100] "POST /livezilla/server.php?acid=72abb HTTP/1.1" 200 - "-" "LiveZilla 3.1.7.7 [http://www.livezilla.net]"
192.168.10.10 - - [03/Nov/2009:10:31:55 +0100] "POST /livezilla/server.php?acid=a9a0c HTTP/1.1" 200 - "-" "LiveZilla 3.1.7.7 [http://www.livezilla.net]"
89.49.241.32 - - [03/Nov/2009:10:32:53 +0100] "GET /livezilla/image.php?id=04 HTTP/1.1" 200 7276 "http://www.f-m-shop.de/seiten/prod_detail_neuer.cfm?name=SOUND%20Boxen%20LOGITECH%20Z-4i%202.1%20weiss&artnr=A%20%2020502&nav=2&kat=MULBOX&kat_her=&p_sort=&b_sort=ASC" "Mozilla/5.0 (Windows; U; Windows NT 6.0; de; rv:1.9.1.4) Gecko/20091016 Firefox/3.5.4 (.NET CLR 3.5.30729)"
192.168.10.13 - - [03/Nov/2009:10:32:35 +0100] "POST /livezilla/server.php?acid=d5ed6 HTTP/1.1" 200 - "-" "LiveZilla 3.1.7.7 [http://www.livezilla.net]"
89.49.241.32 - - [03/Nov/2009:10:33:21 +0100] "GET /livezilla/image.php?id=04 HTTP/1.1" 200 7276 "http://www.f-m-shop.de/seiten/prod_detail_neuer.cfm?name=SOUND%20Boxen%20CREATIVE%20Inspire%20T6100%205.1&artnr=A%20%2017572&nav=2&kat=MULBOX&kat_her=&p_sort=&b_sort=ASC" "Mozilla/5.0 (Windows; U; Windows NT 6.0; de; rv:1.9.1.4) Gecko/20091016 Firefox/3.5.4 (.NET CLR 3.5.30729)"
192.168.10.10 - - [03/Nov/2009:10:32:43 +0100] "POST /livezilla/server.php?acid=8d6a8 HTTP/1.1" 200 - "-" "LiveZilla 3.1.7.7 [http://www.livezilla.net]"
192.168.10.13 - - [03/Nov/2009:10:33:23 +0100] "POST /livezilla/server.php?acid=bbea4 HTTP/1.1" 200 - "-" "LiveZilla 3.1.7.7 [http://www.livezilla.net]"
192.168.10.10 - - [03/Nov/2009:10:33:31 +0100] "POST /livezilla/server.php?acid=76e7a HTTP/1.1" 200 - "-" "LiveZilla 3.1.7.7 [http://www.livezilla.net]"
192.168.10.13 - - [03/Nov/2009:10:34:12 +0100] "POST /livezilla/server.php?acid=81684 HTTP/1.1" 200 - "-" "LiveZilla 3.1.7.7 [http://www.livezilla.net]"
192.168.10.10 - - [03/Nov/2009:10:34:20 +0100] "POST /livezilla/server.php?acid=746d7 HTTP/1.1" 200 - "-" "LiveZilla 3.1.7.7 [http://www.livezilla.net]"
192.168.10.13 - - [03/Nov/2009:10:35:00 +0100] "POST /livezilla/server.php?acid=96a53 HTTP/1.1" 200 - "-" "LiveZilla 3.1.7.7 [http://www.livezilla.net]"
192.168.10.10 - - [03/Nov/2009:10:35:08 +0100] "POST /livezilla/server.php?acid=d7644 HTTP/1.1" 200 - "-" "LiveZilla 3.1.7.7 [http://www.livezilla.net]"
192.168.10.13 - - [03/Nov/2009:10:35:48 +0100] "POST /livezilla/server.php?acid=e3033 HTTP/1.1" 200 - "-" "LiveZilla 3.1.7.7 [http://www.livezilla.net]"
62.52.6.150 - - [03/Nov/2009:10:36:36 +0100] "GET /livezilla/image.php?id=04 HTTP/1.1" 200 7276 "http://www.f-m-shop.de/seiten/prod_detail_neuer.cfm?name=SOF MS Office 2007 Basic V2 (MLK)&artnr=A%20%2021192&nav=2&kat=SOFOFF&kat_her=&p_sort=&b_sort=ASC" "Mozilla/4.0 (compatible; MSIE 8.0; Windows NT 5.1; Trident/4.0; .NET CLR 1.1.4322; .NET CLR 2.0.50727; .NET CLR 3.0.04506.30; .NET CLR 3.0.04506.648; .NET CLR 3.0.4506.2152; .NET CLR 3.5.30729)"
192.168.10.10 - - [03/Nov/2009:10:35:56 +0100] "POST /livezilla/server.php?acid=b0356 HTTP/1.1" 200 - "-" "LiveZilla 3.1.7.7 [http://www.livezilla.net]"
192.168.10.13 - - [03/Nov/2009:10:36:37 +0100] "POST /livezilla/server.php?acid=afd43 HTTP/1.1" 200 - "-" "LiveZilla 3.1.7.7 [http://www.livezilla.net]"
192.168.10.10 - - [03/Nov/2009:10:36:45 +0100] "POST /livezilla/server.php?acid=4bcfe HTTP/1.1" 200 - "-" "LiveZilla 3.1.7.7 [http://www.livezilla.net]"
78.43.168.91 - - [03/Nov/2009:10:38:01 +0100] "GET /livezilla/image.php?id=04 HTTP/1.1" 200 7276 "http://www.f-m-shop.de/seiten/prod_detail_neuer.cfm?kat=MONT24&nav=2&artnr=A 29162" "Mozilla/4.0 (compatible; MSIE 8.0; Windows NT 5.1; Trident/4.0; .NET CLR 2.0.50727; .NET CLR 3.0.4506.2152; .NET CLR 3.5.30729; InfoPath.2; OfficeLiveConnector.1.4; OfficeLivePatch.1.3)"
192.168.10.13 - - [03/Nov/2009:10:37:25 +0100] "POST /livezilla/server.php?acid=afd20 HTTP/1.1" 200 - "-" "LiveZilla 3.1.7.7 [http://www.livezilla.net]"
192.168.10.10 - - [03/Nov/2009:10:37:33 +0100] "POST /livezilla/server.php?acid=96c54 HTTP/1.1" 200 - "-" "LiveZilla 3.1.7.7 [http://www.livezilla.net]"
192.168.10.13 - - [03/Nov/2009:10:38:13 +0100] "POST /livezilla/server.php?acid=842f9 HTTP/1.1" 200 - "-" "LiveZilla 3.1.7.7 [http://www.livezilla.net]"
192.168.10.10 - - [03/Nov/2009:10:38:21 +0100] "POST /livezilla/server.php?acid=4adb8 HTTP/1.1" 200 - "-" "LiveZilla 3.1.7.7 [http://www.livezilla.net]"
192.168.10.13 - - [03/Nov/2009:10:39:02 +0100] "POST /livezilla/server.php?acid=6906c HTTP/1.1" 200 - "-" "LiveZilla 3.1.7.7 [http://www.livezilla.net]"
192.168.10.10 - - [03/Nov/2009:10:39:10 +0100] "POST /livezilla/server.php?acid=621a8 HTTP/1.1" 200 - "-" "LiveZilla 3.1.7.7 [http://www.livezilla.net]"
85.16.36.111 - - [03/Nov/2009:10:40:06 +0100] "GET /livezilla/image.php?id=04 HTTP/1.1" 200 7276 "http://www.f-m-shop.de/seiten/prod_detail_neuer.cfm?kat=NAVMOD&nav=2&artnr=A%20%2029480" "Mozilla/5.0 (Windows; U; Windows NT 5.1; de; rv:1.9.0.15) Gecko/2009101601 MRA 5.4 (build 02647) Firefox/3.0.15 GTB5"
192.168.10.13 - - [03/Nov/2009:10:39:50 +0100] "POST /livezilla/server.php?acid=6a7f4 HTTP/1.1" 200 - "-" "LiveZilla 3.1.7.7 [http://www.livezilla.net]"
192.168.10.10 - - [03/Nov/2009:10:39:58 +0100] "POST /livezilla/server.php?acid=644a1 HTTP/1.1" 200 - "-" "LiveZilla 3.1.7.7 [http://www.livezilla.net]"
192.168.10.13 - - [03/Nov/2009:10:40:39 +0100] "POST /livezilla/server.php?acid=1461e HTTP/1.1" 200 - "-" "LiveZilla 3.1.7.7 [http://www.livezilla.net]"
192.168.10.10 - - [03/Nov/2009:10:40:47 +0100] "POST /livezilla/server.php?acid=7df15 HTTP/1.1" 200 - "-" "LiveZilla 3.1.7.7 [http://www.livezilla.net]"
192.168.10.13 - - [03/Nov/2009:10:41:27 +0100] "POST /livezilla/server.php?acid=c2d68 HTTP/1.1" 200 - "-" "LiveZilla 3.1.7.7 [http://www.livezilla.net]"
192.168.10.10 - - [03/Nov/2009:10:41:35 +0100] "POST /livezilla/server.php?acid=6ff20 HTTP/1.1" 200 - "-" "LiveZilla 3.1.7.7 [http://www.livezilla.net]"
79.240.45.251 - - [03/Nov/2009:10:42:20 +0100] "GET /livezilla/image.php?id=04 HTTP/1.0" 200 7276 "http://www.f-m-shop.de/seiten/prod_detail_neuer.cfm?kat=NETSWI&nav=2&artnr=A%20%2016965" "Mozilla/5.0 (Windows; U; Windows NT 5.1; de; rv:1.9.0.4) Gecko/2008102920 Firefox/3.0.4 (.NET CLR 3.5.30729)"
78.48.208.54 - - [03/Nov/2009:10:42:31 +0100] "GET /livezilla/image.php?id=04 HTTP/1.1" 200 7276 "http://www.f-m-shop.de/seiten/prod_detail_neuer.cfm?kat=NAVMOD&nav=2&artnr=A%20%2029480" "Mozilla/5.0 (Windows; U; Windows NT 5.1; de; rv:1.9.0.15) Gecko/2009101601 Firefox/3.0.15 (.NET CLR 3.5.30729)"
192.168.10.13 - - [03/Nov/2009:10:42:15 +0100] "POST /livezilla/server.php?acid=df344 HTTP/1.1" 200 - "-" "LiveZilla 3.1.7.7 [http://www.livezilla.net]"
86.207.213.175 - - [03/Nov/2009:10:43:02 +0100] "GET /livezilla/image.php?id=04 HTTP/1.1" 200 7276 "http://www.f-m-shop.de/seiten/prod_detail_neuer.cfm?kat=MONT24&nav=2&artnr=A%20%2029039" "Mozilla/5.0 (Windows; U; Windows NT 5.1; fr; rv:1.9.0.15) Gecko/2009101601 Firefox/3.0.15 (.NET CLR 3.5.30729)"
192.168.10.10 - - [03/Nov/2009:10:42:23 +0100] "POST /livezilla/server.php?acid=4cbe1 HTTP/1.1" 200 - "-" "LiveZilla 3.1.7.7 [http://www.livezilla.net]"
83.136.72.5 - - [03/Nov/2009:10:43:21 +0100] "GET /livezilla/image.php?id=04 HTTP/1.1" 200 7276 "http://www.f-m-shop.de/seiten/prod_detail_neuer.cfm?kat=NETLROU&nav=2&artnr=A%20%2026263" "Mozilla/5.0 (Windows; U; Windows NT 5.1; de; rv:1.9.0.11) Gecko/2009060215 Firefox/3.0.11"
83.136.72.5 - - [03/Nov/2009:10:43:22 +0100] "GET /livezilla/image.php?id=04 HTTP/1.1" 200 7276 "http://www.f-m-shop.de/seiten/prod_detail_neuer.cfm?kat=NETLROU&nav=2&artnr=A%20%2026263" "Mozilla/5.0 (Windows; U; Windows NT 5.1; de; rv:1.9.0.11) Gecko/2009060215 Firefox/3.0.11"
195.50.166.77 - - [03/Nov/2009:10:43:32 +0100] "GET /livezilla/image.php?id=04 HTTP/1.0" 200 7276 "http://www.f-m-shop.de/seiten/prod_detail_neuer.cfm?kat=GEHSERV&nav=2&artnr=A 6171" "Mozilla/4.0 (compatible; MSIE 8.0; Windows NT 5.2; Trident/4.0; .NET CLR 1.1.4322; .NET CLR 2.0.50727; InfoPath.1; .NET CLR 3.0.04506.30; .NET CLR 3.0.04506.648; .NET CLR 3.0.4506.2152; .NET CLR 3.5.30729)"
192.168.10.13 - - [03/Nov/2009:10:43:04 +0100] "POST /livezilla/server.php?acid=d61d9 HTTP/1.1" 200 - "-" "LiveZilla 3.1.7.7 [http://www.livezilla.net]"
83.136.72.5 - - [03/Nov/2009:10:43:51 +0100] "GET /livezilla/image.php?id=04 HTTP/1.1" 200 7276 "http://www.f-m-shop.de/seiten/prod_detail_neuer.cfm?kat=NETLROU&nav=2&artnr=A%20%2026263" "Mozilla/5.0 (Windows; U; Windows NT 5.1; de; rv:1.9.0.11) Gecko/2009060215 Firefox/3.0.11"
83.136.72.5 - - [03/Nov/2009:10:43:51 +0100] "GET /livezilla/image.php?id=04 HTTP/1.1" 200 7276 "http://www.f-m-shop.de/seiten/prod_detail_neuer.cfm?kat=NETLROU&nav=2&artnr=A%20%2026263" "Mozilla/5.0 (Windows; U; Windows NT 5.1; de; rv:1.9.0.11) Gecko/2009060215 Firefox/3.0.11"
192.168.10.10 - - [03/Nov/2009:10:43:12 +0100] "POST /livezilla/server.php?acid=6c258 HTTP/1.1" 200 - "-" "LiveZilla 3.1.7.7 [http://www.livezilla.net]"
192.168.10.13 - - [03/Nov/2009:10:43:52 +0100] "POST /livezilla/server.php?acid=021f1 HTTP/1.1" 200 - "-" "LiveZilla 3.1.7.7 [http://www.livezilla.net]"
192.168.10.10 - - [03/Nov/2009:10:44:00 +0100] "POST /livezilla/server.php?acid=02e33 HTTP/1.1" 200 - "-" "LiveZilla 3.1.7.7 [http://www.livezilla.net]"
192.168.10.13 - - [03/Nov/2009:10:44:40 +0100] "POST /livezilla/server.php?acid=eac2f HTTP/1.1" 200 - "-" "LiveZilla 3.1.7.7 [http://www.livezilla.net]"
192.168.10.10 - - [03/Nov/2009:10:44:48 +0100] "POST /livezilla/server.php?acid=d99ce HTTP/1.1" 200 - "-" "LiveZilla 3.1.7.7 [http://www.livezilla.net]"
192.168.10.13 - - [03/Nov/2009:10:45:29 +0100] "POST /livezilla/server.php?acid=01845 HTTP/1.1" 200 - "-" "LiveZilla 3.1.7.7 [http://www.livezilla.net]"
192.168.10.10 - - [03/Nov/2009:10:45:37 +0100] "POST /livezilla/server.php?acid=8c039 HTTP/1.1" 200 - "-" "LiveZilla 3.1.7.7 [http://www.livezilla.net]"
87.163.54.24 - - [03/Nov/2009:10:46:27 +0100] "GET /livezilla/image.php?id=04 HTTP/1.1" 200 7276 "http://www.f-m-shop.de/seiten/prod_detail_neuer.cfm?kat=NOTB16&nav=2&artnr=A 27816" "Mozilla/4.0 (compatible; MSIE 6.0; Windows NT 5.1; SV1; GTB6; .NET CLR 1.1.4322)"
212.56.246.143 - - [03/Nov/2009:10:46:28 +0100] "GET /livezilla/image.php?id=04 HTTP/1.0" 200 7276 "http://www.f-m-shop.de/seiten/prod_detail_neuer.cfm?kat=HDDE25&nav=2&artnr=A%20%2022654" "Mozilla/5.0 (X11; U; Linux i686; de; rv:1.9.1.4) Gecko/20091028 Iceweasel/3.5.4 (Debian-3.5.4-1)"
84.147.189.158 - - [03/Nov/2009:10:46:35 +0100] "GET /livezilla/image.php?id=04 HTTP/1.0" 200 7276 "http://www.f-m-shop.de/seiten/prod_detail_neuer.cfm?kat=HDDE25&nav=2&artnr=A%20%2022654" "Mozilla/5.0 (X11; U; Linux i686; de; rv:1.9.1.4) Gecko/20091028 Iceweasel/3.5.4 (Debian-3.5.4-1)"
192.168.10.13 - - [03/Nov/2009:10:46:17 +0100] "POST /livezilla/server.php?acid=004dc HTTP/1.1" 200 - "-" "LiveZilla 3.1.7.7 [http://www.livezilla.net]"
217.91.11.149 - - [03/Nov/2009:10:47:04 +0100] "GET /livezilla/image.php?id=04 HTTP/1.0" 200 7276 "http://www.f-m-shop.de/seiten/prod_detail_neuer.cfm?kat=MONZBH&nav=2&artnr=A 25193" "Mozilla/4.0 (compatible; MSIE 8.0; Windows NT 5.1; Trident/4.0; GTB6.3; .NET CLR 2.0.50727)"
192.168.10.10 - - [03/Nov/2009:10:46:25 +0100] "POST /livezilla/server.php?acid=41aab HTTP/1.1" 200 - "-" "LiveZilla 3.1.7.7 [http://www.livezilla.net]"
217.91.11.149 - - [03/Nov/2009:10:47:36 +0100] "GET /livezilla/image.php?id=04 HTTP/1.0" 200 7276 "http://www.f-m-shop.de/seiten/prod_detail_neuer.cfm?kat=MONZBH&nav=2&artnr=A 25193" "Mozilla/4.0 (compatible; MSIE 8.0; Windows NT 5.1; Trident/4.0; GTB6.3; .NET CLR 2.0.50727)"
192.168.10.13 - - [03/Nov/2009:10:47:05 +0100] "POST /livezilla/server.php?acid=d8921 HTTP/1.1" 200 - "-" "LiveZilla 3.1.7.7 [http://www.livezilla.net]"
192.168.10.10 - - [03/Nov/2009:10:47:13 +0100] "POST /livezilla/server.php?acid=7abdd HTTP/1.1" 200 - "-" "LiveZilla 3.1.7.7 [http://www.livezilla.net]"
192.168.10.13 - - [03/Nov/2009:10:47:54 +0100] "POST /livezilla/server.php?acid=4dd0b HTTP/1.1" 200 - "-" "LiveZilla 3.1.7.7 [http://www.livezilla.net]"
192.168.10.10 - - [03/Nov/2009:10:48:02 +0100] "POST /livezilla/server.php?acid=43d9a HTTP/1.1" 200 - "-" "LiveZilla 3.1.7.7 [http://www.livezilla.net]"
192.168.10.13 - - [03/Nov/2009:10:48:42 +0100] "POST /livezilla/server.php?acid=6443d HTTP/1.1" 200 - "-" "LiveZilla 3.1.7.7 [http://www.livezilla.net]"
192.168.10.10 - - [03/Nov/2009:10:48:50 +0100] "POST /livezilla/server.php?acid=1691e HTTP/1.1" 200 - "-" "LiveZilla 3.1.7.7 [http://www.livezilla.net]"
84.153.14.87 - - [03/Nov/2009:10:50:09 +0100] "GET /livezilla/image.php?id=04 HTTP/1.1" 200 7276 "http://www.f-m-shop.de/seiten/prod_detail_neuer.cfm?kat=HIFTVCRD&nav=2&artnr=A%20%2028047" "Mozilla/5.0 (Macintosh; U; Intel Mac OS X 10_6_1; de-de) AppleWebKit/531.9 (KHTML, like Gecko) Version/4.0.3 Safari/531.9"
192.168.10.13 - - [03/Nov/2009:10:49:30 +0100] "POST /livezilla/server.php?acid=7db84 HTTP/1.1" 200 - "-" "LiveZilla 3.1.7.7 [http://www.livezilla.net]"
192.168.10.10 - - [03/Nov/2009:10:49:38 +0100] "POST /livezilla/server.php?acid=efb07 HTTP/1.1" 200 - "-" "LiveZilla 3.1.7.7 [http://www.livezilla.net]"
78.48.208.54 - - [03/Nov/2009:10:50:27 +0100] "GET /livezilla/image.php?id=04 HTTP/1.1" 200 7276 "http://www.f-m-shop.de/seiten/prod_detail_neuer.cfm?kat=NAVMOD&nav=2&artnr=A%20%2029480" "Mozilla/5.0 (Windows; U; Windows NT 5.1; de; rv:1.9.0.15) Gecko/2009101601 Firefox/3.0.15 (.NET CLR 3.5.30729)"
88.215.105.243 - - [03/Nov/2009:10:50:40 +0100] "GET /livezilla/image.php?id=04 HTTP/1.1" 200 7276 "http://www.f-m-shop.de/seiten/prod_detail_neuer.cfm?kat=NAVMOD&nav=2&artnr=A 29480" "Mozilla/4.0 (compatible; MSIE 8.0; Windows NT 6.0; Trident/4.0; GTB6; SLCC1; .NET CLR 2.0.50727; Media Center PC 5.0; .NET CLR 3.5.30729; .NET CLR 3.0.30729; OfficeLiveConnector.1.4; OfficeLivePatch.1.3; msn OptimizedIE8;DEDE)"
192.168.10.13 - - [03/Nov/2009:10:50:19 +0100] "POST /livezilla/server.php?acid=41798 HTTP/1.1" 200 - "-" "LiveZilla 3.1.7.7 [http://www.livezilla.net]"
192.168.10.10 - - [03/Nov/2009:10:50:27 +0100] "POST /livezilla/server.php?acid=1dec3 HTTP/1.1" 200 - "-" "LiveZilla 3.1.7.7 [http://www.livezilla.net]"
192.168.10.13 - - [03/Nov/2009:10:51:07 +0100] "POST /livezilla/server.php?acid=32ac9 HTTP/1.1" 200 - "-" "LiveZilla 3.1.7.7 [http://www.livezilla.net]"
192.168.10.10 - - [03/Nov/2009:10:51:15 +0100] "POST /livezilla/server.php?acid=25845 HTTP/1.1" 200 - "-" "LiveZilla 3.1.7.7 [http://www.livezilla.net]"
192.168.10.13 - - [03/Nov/2009:10:51:55 +0100] "POST /livezilla/server.php?acid=449b0 HTTP/1.1" 200 - "-" "LiveZilla 3.1.7.7 [http://www.livezilla.net]"
192.168.10.10 - - [03/Nov/2009:10:52:03 +0100] "POST /livezilla/server.php?acid=b6d9e HTTP/1.1" 200 - "-" "LiveZilla 3.1.7.7 [http://www.livezilla.net]"
84.147.189.158 - - [03/Nov/2009:10:52:57 +0100] "GET /livezilla/image.php?id=04 HTTP/1.0" 200 7276 "http://www.f-m-shop.de/seiten/prod_detail_neuer.cfm?kat=HDDE25&nav=2&artnr=A%20%2022654" "Mozilla/5.0 (X11; U; Linux i686; de; rv:1.9.1.4) Gecko/20091028 Iceweasel/3.5.4 (Debian-3.5.4-1)"
192.168.10.13 - - [03/Nov/2009:10:52:44 +0100] "POST /livezilla/server.php?acid=dbf0b HTTP/1.1" 200 - "-" "LiveZilla 3.1.7.7 [http://www.livezilla.net]"
192.168.10.10 - - [03/Nov/2009:10:52:52 +0100] "POST /livezilla/server.php?acid=28473 HTTP/1.1" 200 - "-" "LiveZilla 3.1.7.7 [http://www.livezilla.net]"
83.65.70.211 - - [03/Nov/2009:10:53:46 +0100] "GET /livezilla/image.php?id=04 HTTP/1.1" 200 7276 "http://www.f-m-shop.de/seiten/prod_detail_neuer.cfm?kat=MONT22&nav=2&artnr=A%20%2026979" "Mozilla/5.0 (Windows; U; Windows NT 5.1; de; rv:1.9.0.15) Gecko/2009101601 Firefox/3.0.15 (.NET CLR 3.5.30729)"
88.64.93.177 - - [03/Nov/2009:10:54:13 +0100] "GET /livezilla/image.php?id=04 HTTP/1.1" 200 7276 "http://www.f-m-shop.de/seiten/prod_detail_neuer.cfm?kat=NAVMOD&nav=2&artnr=A%20%2029484" "Mozilla/5.0 (Windows; U; Windows NT 5.1; de; rv:1.9.1.4) Gecko/20091016 Firefox/3.5.4 Creative ZENcast v2.01.01"
83.65.70.211 - - [03/Nov/2009:10:54:14 +0100] "GET /livezilla/image.php?id=04 HTTP/1.1" 200 7276 "http://www.f-m-shop.de/seiten/prod_detail_neuer.cfm?artnr=A%20%2026902&nav=2&kat=MONT22&kat_her=&p_sort=&b_sort=ASC" "Mozilla/5.0 (Windows; U; Windows NT 5.1; de; rv:1.9.0.15) Gecko/2009101601 Firefox/3.0.15 (.NET CLR 3.5.30729)"
91.19.11.158 - - [03/Nov/2009:10:54:15 +0100] "GET /livezilla/image.php?id=04 HTTP/1.1" 200 7276 "http://www.f-m-shop.de/seiten/prod_detail_neuer.cfm?kat=NETWLROU&nav=2&artnr=A%20%2020028" "Mozilla/5.0 (Windows; U; Windows NT 5.1; en-US) AppleWebKit/532.0 (KHTML, like Gecko) Chrome/3.0.195.27 Safari/532.0"
192.168.10.13 - - [03/Nov/2009:10:53:32 +0100] "POST /livezilla/server.php?acid=53e9d HTTP/1.1" 200 - "-" "LiveZilla 3.1.7.7 [http://www.livezilla.net]"
192.168.10.10 - - [03/Nov/2009:10:53:40 +0100] "POST /livezilla/server.php?acid=ca6f5 HTTP/1.1" 200 - "-" "LiveZilla 3.1.7.7 [http://www.livezilla.net]"
83.65.70.211 - - [03/Nov/2009:10:54:33 +0100] "GET /livezilla/image.php?id=04 HTTP/1.1" 200 7276 "http://www.f-m-shop.de/seiten/prod_detail_neuer.cfm?kat=MONT22&nav=2&artnr=A%20%2026979" "Mozilla/5.0 (Windows; U; Windows NT 5.1; de; rv:1.9.0.15) Gecko/2009101601 Firefox/3.0.15 (.NET CLR 3.5.30729)"
192.168.10.13 - - [03/Nov/2009:10:54:20 +0100] "POST /livezilla/server.php?acid=da4ee HTTP/1.1" 200 - "-" "LiveZilla 3.1.7.7 [http://www.livezilla.net]"
192.168.10.10 - - [03/Nov/2009:10:54:28 +0100] "POST /livezilla/server.php?acid=e1ccd HTTP/1.1" 200 - "-" "LiveZilla 3.1.7.7 [http://www.livezilla.net]"
192.168.10.13 - - [03/Nov/2009:10:55:09 +0100] "POST /livezilla/server.php?acid=69c64 HTTP/1.1" 200 - "-" "LiveZilla 3.1.7.7 [http://www.livezilla.net]"
192.168.10.10 - - [03/Nov/2009:10:55:17 +0100] "POST /livezilla/server.php?acid=a130e HTTP/1.1" 200 - "-" "LiveZilla 3.1.7.7 [http://www.livezilla.net]"
87.139.48.2 - - [03/Nov/2009:10:56:12 +0100] "GET /livezilla/image.php?id=04 HTTP/1.1" 200 7276 "http://www.f-m-shop.de/seiten/prod_detail_neuer.cfm?kat=NAVMOD&nav=2&artnr=A 29480" "Mozilla/4.0 (compatible; MSIE 7.0; Windows NT 5.1; GTB6; .NET CLR 2.0.50727; .NET CLR 3.0.4506.2152; .NET CLR 3.5.30729)"
192.168.10.13 - - [03/Nov/2009:10:55:57 +0100] "POST /livezilla/server.php?acid=9a9ba HTTP/1.1" 200 - "-" "LiveZilla 3.1.7.7 [http://www.livezilla.net]"
192.168.10.10 - - [03/Nov/2009:10:56:05 +0100] "POST /livezilla/server.php?acid=f27dc HTTP/1.1" 200 - "-" "LiveZilla 3.1.7.7 [http://www.livezilla.net]"
84.60.155.7 - - [03/Nov/2009:10:56:49 +0100] "GET /livezilla/image.php?id=04 HTTP/1.1" 200 7276 "http://www.f-m-shop.de/seiten/prod_detail_neuer.cfm?kat=NOTB15&nav=2&artnr=A%20%2028922" "Mozilla/5.0 (Windows; U; Windows NT 5.1; de; rv:1.9.0.15) Gecko/2009101601 Firefox/3.0.15 (.NET CLR 3.5.30729)"
217.82.226.75 - - [03/Nov/2009:10:57:03 +0100] "GET /livezilla/image.php?id=04 HTTP/1.1" 200 7276 "http://www.f-m-shop.de/seiten/prod_detail_neuer.cfm?kat=XPOSTEN&nav=2&artnr=A 25401" "Mozilla/4.0 (compatible; MSIE 8.0; Windows NT 5.1; Trident/4.0; Mozilla/4.0 (compatible; MSIE 7.0; Win32; 1&1); .NET CLR 2.0.50727; .NET CLR 3.0.04506.30; .NET CLR 3.0.04506.648; .NET CLR 3.0.4506.2152; .NET CLR 3.5.30729)"
192.168.10.13 - - [03/Nov/2009:10:56:45 +0100] "POST /livezilla/server.php?acid=94662 HTTP/1.1" 200 - "-" "LiveZilla 3.1.7.7 [http://www.livezilla.net]"
192.168.10.10 - - [03/Nov/2009:10:56:53 +0100] "POST /livezilla/server.php?acid=22831 HTTP/1.1" 200 - "-" "LiveZilla 3.1.7.7 [http://www.livezilla.net]"
87.139.48.2 - - [03/Nov/2009:10:57:48 +0100] "GET /livezilla/templates/style.css HTTP/1.1" 200 8998 "http://chat.f-m-shop.de/livezilla/livezilla.php" "Mozilla/4.0 (compatible; MSIE 7.0; Windows NT 5.1; GTB6; .NET CLR 2.0.50727; .NET CLR 3.0.4506.2152; .NET CLR 3.5.30729)"
87.139.48.2 - - [03/Nov/2009:10:57:48 +0100] "GET /livezilla/livezilla.php HTTP/1.1" 200 72005 "-" "Mozilla/4.0 (compatible; MSIE 7.0; Windows NT 5.1; GTB6; .NET CLR 2.0.50727; .NET CLR 3.0.4506.2152; .NET CLR 3.5.30729)"
87.139.48.2 - - [03/Nov/2009:10:57:48 +0100] "GET /livezilla/livezilla.php?template=lz_chat_frame.0.0 HTTP/1.1" 200 259 "http://chat.f-m-shop.de/livezilla/livezilla.php" "Mozilla/4.0 (compatible; MSIE 7.0; Windows NT 5.1; GTB6; .NET CLR 2.0.50727; .NET CLR 3.0.4506.2152; .NET CLR 3.5.30729)"
87.139.48.2 - - [03/Nov/2009:10:57:48 +0100] "GET /livezilla/livezilla.php?template=lz_chat_frame.0.1 HTTP/1.1" 200 277 "http://chat.f-m-shop.de/livezilla/livezilla.php" "Mozilla/4.0 (compatible; MSIE 7.0; Windows NT 5.1; GTB6; .NET CLR 2.0.50727; .NET CLR 3.0.4506.2152; .NET CLR 3.5.30729)"
87.139.48.2 - - [03/Nov/2009:10:57:49 +0100] "GET /livezilla/livezilla.php?template=lz_chat_frame.0.2 HTTP/1.1" 200 254 "http://chat.f-m-shop.de/livezilla/livezilla.php" "Mozilla/4.0 (compatible; MSIE 7.0; Windows NT 5.1; GTB6; .NET CLR 2.0.50727; .NET CLR 3.0.4506.2152; .NET CLR 3.5.30729)"
87.139.48.2 - - [03/Nov/2009:10:57:49 +0100] "GET /livezilla/livezilla.php?template=lz_chat_frame.1.0 HTTP/1.1" 200 279 "http://chat.f-m-shop.de/livezilla/livezilla.php" "Mozilla/4.0 (compatible; MSIE 7.0; Windows NT 5.1; GTB6; .NET CLR 2.0.50727; .NET CLR 3.0.4506.2152; .NET CLR 3.5.30729)"
87.139.48.2 - - [03/Nov/2009:10:57:49 +0100] "GET /livezilla/livezilla.php?template=lz_chat_frame.2.0 HTTP/1.1" 200 263 "http://chat.f-m-shop.de/livezilla/livezilla.php" "Mozilla/4.0 (compatible; MSIE 7.0; Windows NT 5.1; GTB6; .NET CLR 2.0.50727; .NET CLR 3.0.4506.2152; .NET CLR 3.5.30729)"
87.139.48.2 - - [03/Nov/2009:10:57:49 +0100] "GET /livezilla/livezilla.php?template=lz_chat_frame.1.1 HTTP/1.1" 200 2257 "http://chat.f-m-shop.de/livezilla/livezilla.php" "Mozilla/4.0 (compatible; MSIE 7.0; Windows NT 5.1; GTB6; .NET CLR 2.0.50727; .NET CLR 3.0.4506.2152; .NET CLR 3.5.30729)"
87.139.48.2 - - [03/Nov/2009:10:57:49 +0100] "GET /livezilla/livezilla.php?template=lz_chat_frame.4.1 HTTP/1.1" 200 455 "http://chat.f-m-shop.de/livezilla/livezilla.php" "Mozilla/4.0 (compatible; MSIE 7.0; Windows NT 5.1; GTB6; .NET CLR 2.0.50727; .NET CLR 3.0.4506.2152; .NET CLR 3.5.30729)"
87.139.48.2 - - [03/Nov/2009:10:57:49 +0100] "GET /livezilla/livezilla.php?template=lz_chat_frame.3.2.login& HTTP/1.1" 200 1019 "http://chat.f-m-shop.de/livezilla/livezilla.php" "Mozilla/4.0 (compatible; MSIE 7.0; Windows NT 5.1; GTB6; .NET CLR 2.0.50727; .NET CLR 3.0.4506.2152; .NET CLR 3.5.30729)"
87.139.48.2 - - [03/Nov/2009:10:57:50 +0100] "GET /livezilla/livezilla.php?template=lz_chat_frame.1.2 HTTP/1.1" 200 264 "http://chat.f-m-shop.de/livezilla/livezilla.php" "Mozilla/4.0 (compatible; MSIE 7.0; Windows NT 5.1; GTB6; .NET CLR 2.0.50727; .NET CLR 3.0.4506.2152; .NET CLR 3.5.30729)"
87.139.48.2 - - [03/Nov/2009:10:57:50 +0100] "GET /livezilla/livezilla.php?template=lz_chat_frame.2.2 HTTP/1.1" 200 264 "http://chat.f-m-shop.de/livezilla/livezilla.php" "Mozilla/4.0 (compatible; MSIE 7.0; Windows NT 5.1; GTB6; .NET CLR 2.0.50727; .NET CLR 3.0.4506.2152; .NET CLR 3.5.30729)"
87.139.48.2 - - [03/Nov/2009:10:57:50 +0100] "GET /livezilla/livezilla.php?template=lz_chat_frame.5.1 HTTP/1.1" 200 265 "http://chat.f-m-shop.de/livezilla/livezilla.php" "Mozilla/4.0 (compatible; MSIE 7.0; Windows NT 5.1; GTB6; .NET CLR 2.0.50727; .NET CLR 3.0.4506.2152; .NET CLR 3.5.30729)"
