31.18.177.210 - - [24/May/2014:10:52:04 +0200] "GET /verkauf.php HTTP/1.1" 200 6662 "http://www.groeger-bauaufzuege.de/" "Mozilla/5.0 (iPad; CPU OS 7_1_1 like Mac OS X) AppleWebKit/537.51.2 (KHTML, like Gecko) Version/7.0 Mobile/11D201 Safari/9537.53"
31.18.177.210 - - [24/May/2014:10:52:04 +0200] "GET /img/logo_geda.gif HTTP/1.1" 200 4337 "http://www.groeger-bauaufzuege.de/verkauf.php" "Mozilla/5.0 (iPad; CPU OS 7_1_1 like Mac OS X) AppleWebKit/537.51.2 (KHTML, like Gecko) Version/7.0 Mobile/11D201 Safari/9537.53"
31.18.177.210 - - [24/May/2014:10:52:04 +0200] "GET /img/logo_boecker.gif HTTP/1.1" 200 2974 "http://www.groeger-bauaufzuege.de/verkauf.php" "Mozilla/5.0 (iPad; CPU OS 7_1_1 like Mac OS X) AppleWebKit/537.51.2 (KHTML, like Gecko) Version/7.0 Mobile/11D201 Safari/9537.53"
31.18.177.210 - - [24/May/2014:10:52:04 +0200] "GET /img/logo_wfw.png HTTP/1.1" 200 2671 "http://www.groeger-bauaufzuege.de/verkauf.php" "Mozilla/5.0 (iPad; CPU OS 7_1_1 like Mac OS X) AppleWebKit/537.51.2 (KHTML, like Gecko) Version/7.0 Mobile/11D201 Safari/9537.53"
31.18.177.210 - - [24/May/2014:10:52:04 +0200] "GET /img/logo_steinbach.jpg HTTP/1.1" 200 9601 "http://www.groeger-bauaufzuege.de/verkauf.php" "Mozilla/5.0 (iPad; CPU OS 7_1_1 like Mac OS X) AppleWebKit/537.51.2 (KHTML, like Gecko) Version/7.0 Mobile/11D201 Safari/9537.53"
31.18.177.210 - - [24/May/2014:10:53:55 +0200] "GET /index.php HTTP/1.1" 200 6704 "http://www.groeger-bauaufzuege.de/verkauf.php" "Mozilla/5.0 (iPad; CPU OS 7_1_1 like Mac OS X) AppleWebKit/537.51.2 (KHTML, like Gecko) Version/7.0 Mobile/11D201 Safari/9537.53"
31.18.177.210 - - [24/May/2014:10:54:22 +0200] "GET /aktuelles.php HTTP/1.1" 200 13457 "http://www.groeger-bauaufzuege.de/index.php" "Mozilla/5.0 (iPad; CPU OS 7_1_1 like Mac OS X) AppleWebKit/537.51.2 (KHTML, like Gecko) Version/7.0 Mobile/11D201 Safari/9537.53"
31.18.177.210 - - [24/May/2014:10:54:22 +0200] "GET /img/zarges-logo.gif HTTP/1.1" 200 1576 "http://www.groeger-bauaufzuege.de/aktuelles.php" "Mozilla/5.0 (iPad; CPU OS 7_1_1 like Mac OS X) AppleWebKit/537.51.2 (KHTML, like Gecko) Version/7.0 Mobile/11D201 Safari/9537.53"
31.18.177.210 - - [24/May/2014:10:54:22 +0200] "GET /img/groeger-servicearbeit.jpg HTTP/1.1" 200 36976 "http://www.groeger-bauaufzuege.de/aktuelles.php" "Mozilla/5.0 (iPad; CPU OS 7_1_1 like Mac OS X) AppleWebKit/537.51.2 (KHTML, like Gecko) Version/7.0 Mobile/11D201 Safari/9537.53"
31.18.177.210 - - [24/May/2014:10:54:22 +0200] "GET /img/Newsletter_Groeger_2013-09.jpg HTTP/1.1" 200 21455 "http://www.groeger-bauaufzuege.de/aktuelles.php" "Mozilla/5.0 (iPad; CPU OS 7_1_1 like Mac OS X) AppleWebKit/537.51.2 (KHTML, like Gecko) Version/7.0 Mobile/11D201 Safari/9537.53"
31.18.177.210 - - [24/May/2014:10:54:22 +0200] "GET /img/Newsletter_Groeger_2013-06.png HTTP/1.1" 200 23068 "http://www.groeger-bauaufzuege.de/aktuelles.php" "Mozilla/5.0 (iPad; CPU OS 7_1_1 like Mac OS X) AppleWebKit/537.51.2 (KHTML, like Gecko) Version/7.0 Mobile/11D201 Safari/9537.53"
31.18.177.210 - - [24/May/2014:10:54:35 +0200] "GET /verkauf.php HTTP/1.1" 200 6662 "http://www.groeger-bauaufzuege.de/aktuelles.php" "Mozilla/5.0 (iPad; CPU OS 7_1_1 like Mac OS X) AppleWebKit/537.51.2 (KHTML, like Gecko) Version/7.0 Mobile/11D201 Safari/9537.53"
31.18.177.210 - - [24/May/2014:10:54:55 +0200] "GET /verkauf.php HTTP/1.1" 200 6662 "http://www.groeger-bauaufzuege.de/aktuelles.php" "Mozilla/5.0 (iPad; CPU OS 7_1_1 like Mac OS X) AppleWebKit/537.51.2 (KHTML, like Gecko) Version/7.0 Mobile/11D201 Safari/9537.53"
31.18.177.210 - - [24/May/2014:10:54:55 +0200] "GET /css/groeger.css HTTP/1.1" 304 - "http://www.groeger-bauaufzuege.de/" "Mozilla/5.0 (iPad; CPU OS 7_1_1 like Mac OS X) AppleWebKit/537.51.2 (KHTML, like Gecko) Version/7.0 Mobile/11D201 Safari/9537.53"
31.18.177.210 - - [24/May/2014:10:54:55 +0200] "GET /fancybox/jquery.fancybox-1.3.4.css HTTP/1.1" 304 - "http://www.groeger-bauaufzuege.de/" "Mozilla/5.0 (iPad; CPU OS 7_1_1 like Mac OS X) AppleWebKit/537.51.2 (KHTML, like Gecko) Version/7.0 Mobile/11D201 Safari/9537.53"
31.18.177.210 - - [24/May/2014:10:54:55 +0200] "GET /swfobject.js HTTP/1.1" 304 - "http://www.groeger-bauaufzuege.de/" "Mozilla/5.0 (iPad; CPU OS 7_1_1 like Mac OS X) AppleWebKit/537.51.2 (KHTML, like Gecko) Version/7.0 Mobile/11D201 Safari/9537.53"
66.249.78.76 - - [24/May/2014:11:11:54 +0200] "GET /robots.txt HTTP/1.1" 404 - "-" "Mozilla/5.0 (compatible; Googlebot/2.1; +http://www.google.com/bot.html)"
66.249.78.76 - - [24/May/2014:11:11:54 +0200] "GET /img/bild_2.jpg HTTP/1.1" 304 - "-" "Googlebot-Image/1.0"
66.249.78.76 - - [24/May/2014:13:48:42 +0200] "GET /img/bild_3.jpg HTTP/1.1" 304 - "-" "Googlebot-Image/1.0"
157.55.33.45 - - [24/May/2014:14:11:33 +0200] "GET / HTTP/1.1" 200 6704 "-" "Mozilla/5.0 (compatible; bingbot/2.0; +http://www.bing.com/bingbot.htm)"
79.247.180.73 - - [24/May/2014:14:18:57 +0200] "GET /download/Newsletter_Groeger_2014-03.pdf HTTP/1.1" 200 857282 "-" "Mozilla/5.0 (iPhone; CPU iPhone OS 7_1_1 like Mac OS X) AppleWebKit/537.51.2 (KHTML, like Gecko) Version/7.0 Mobile/11D201 Safari/9537.53"
176.57.142.28 - - [24/May/2014:14:37:21 +0200] "GET / HTTP/1.1" 200 6704 "-" "Mozilla/5.0 (Windows NT 6.1; rv:6.0) Gecko/20100101 Firefox/19.0"
176.57.142.28 - - [24/May/2014:14:37:22 +0200] "GET /impressum.php HTTP/1.1" 200 8128 "-" "Mozilla/5.0 (Macintosh; Intel Mac OS X 10_6_8) AppleWebKit/534.58.2 (KHTML, like Gecko) Version/5.1.8 Safari/534.58.2"
176.57.142.28 - - [24/May/2014:14:37:22 +0200] "GET /kontakt.php HTTP/1.1" 200 6954 "-" "Mozilla/5.0 (Windows NT 5.1) AppleWebKit/537.36 (KHTML, like Gecko) Chrome/27.0.1453.94 Safari/537.36"
208.115.113.89 - - [24/May/2014:17:24:20 +0200] "GET /robots.txt HTTP/1.1" 404 - "-" "Mozilla/5.0 (compatible; DotBot/1.1; http://www.opensiteexplorer.org/dotbot, help@moz.com)"
107.152.128.83 - - [24/May/2014:17:32:27 +0200] "GET /vermietung.php HTTP/1.1" 200 6527 "-" "Mozilla/5.0 (compatible; MSIE 10.0; Windows NT 6.1; Trident/6.0)"
65.55.52.116 - - [24/May/2014:17:48:41 +0200] "GET / HTTP/1.1" 200 6704 "-" "Mozilla/5.0 (compatible; bingbot/2.0; +http://www.bing.com/bingbot.htm)"
66.249.78.76 - - [24/May/2014:19:10:06 +0200] "GET /robots.txt HTTP/1.1" 404 - "-" "Mozilla/5.0 (compatible; Googlebot/2.1; +http://www.google.com/bot.html)"
66.249.78.76 - - [24/May/2014:19:10:06 +0200] "GET /img/bild_4.jpg HTTP/1.1" 304 - "-" "Googlebot-Image/1.0"
65.55.215.55 - - [24/May/2014:19:17:23 +0200] "GET /robots.txt HTTP/1.1" 404 - "-" "msnbot-media/1.1 (+http://search.msn.com/msnbot.htm)"
65.55.215.55 - - [24/May/2014:19:17:23 +0200] "GET /img/groeger_aluschweissen.jpg HTTP/1.1" 200 12289 "-" "msnbot-media/1.1 (+http://search.msn.com/msnbot.htm)"
208.115.113.89 - - [24/May/2014:19:17:57 +0200] "GET /index.php HTTP/1.1" 200 6704 "-" "Mozilla/5.0 (compatible; DotBot/1.1; http://www.opensiteexplorer.org/dotbot, help@moz.com)"
208.115.111.73 - - [24/May/2014:19:24:25 +0200] "GET /robots.txt HTTP/1.1" 404 - "-" "Mozilla/5.0 (compatible; DotBot/1.1; http://www.opensiteexplorer.org/dotbot, help@moz.com)"
66.249.78.76 - - [24/May/2014:20:08:18 +0200] "GET /img/Geda_500_ZZP_im_Einsatz.jpg HTTP/1.1" 304 - "-" "Googlebot-Image/1.0"
157.55.35.44 - - [24/May/2014:20:46:50 +0200] "GET /gebrauchtmaschinen.php HTTP/1.1" 200 6356 "-" "Mozilla/5.0 (compatible; bingbot/2.0; +http://www.bing.com/bingbot.htm)"
157.55.35.44 - - [24/May/2014:20:46:51 +0200] "GET /robots.txt HTTP/1.1" 404 - "-" "Mozilla/5.0 (compatible; bingbot/2.0; +http://www.bing.com/bingbot.htm)"
208.115.111.73 - - [24/May/2014:21:06:34 +0200] "GET /vermietung.php HTTP/1.1" 200 6527 "-" "Mozilla/5.0 (compatible; DotBot/1.1; http://www.opensiteexplorer.org/dotbot, help@moz.com)"
157.56.93.37 - - [24/May/2014:21:35:01 +0200] "GET /robots.txt HTTP/1.1" 404 - "-" "Mozilla/5.0 (compatible; bingbot/2.0; +http://www.bing.com/bingbot.htm)"
157.56.93.37 - - [24/May/2014:21:35:07 +0200] "GET /angebote.php HTTP/1.1" 200 9739 "-" "Mozilla/5.0 (compatible; bingbot/2.0; +http://www.bing.com/bingbot.htm)"
66.249.78.76 - - [24/May/2014:23:03:32 +0200] "GET /img/1.DeutscheGeruestbaumesse-2.jpg HTTP/1.1" 304 - "-" "Googlebot-Image/1.0"
66.249.78.76 - - [25/May/2014:01:17:00 +0200] "GET /aktuelles.php HTTP/1.1" 200 13457 "-" "Mozilla/5.0 (iPhone; CPU iPhone OS 6_0 like Mac OS X) AppleWebKit/536.26 (KHTML, like Gecko) Version/6.0 Mobile/10A5376e Safari/8536.25 (compatible; Googlebot/2.1; +http://www.google.com/bot.html)"
66.249.78.76 - - [25/May/2014:01:26:15 +0200] "GET /jquery-1.4.3.min.js HTTP/1.1" 200 77746 "-" "Mozilla/5.0 (compatible; Googlebot/2.1; +http://www.google.com/bot.html)"
157.56.92.162 - - [25/May/2014:01:57:13 +0200] "GET / HTTP/1.1" 200 6704 "-" "Mozilla/5.0 (compatible; bingbot/2.0; +http://www.bing.com/bingbot.htm)"
157.55.35.44 - - [25/May/2014:02:03:52 +0200] "GET /robots.txt HTTP/1.1" 404 - "-" "Mozilla/5.0 (compatible; bingbot/2.0; +http://www.bing.com/bingbot.htm)"
157.55.35.44 - - [25/May/2014:02:26:52 +0200] "GET /verkauf.php HTTP/1.1" 200 6662 "-" "Mozilla/5.0 (compatible; bingbot/2.0; +http://www.bing.com/bingbot.htm)"
66.249.78.76 - - [25/May/2014:04:17:39 +0200] "GET / HTTP/1.1" 200 6704 "-" "Mozilla/5.0 (iPhone; CPU iPhone OS 6_0 like Mac OS X) AppleWebKit/536.26 (KHTML, like Gecko) Version/6.0 Mobile/10A5376e Safari/8536.25 (compatible; Googlebot/2.1; +http://www.google.com/bot.html)"
157.55.35.44 - - [25/May/2014:05:59:33 +0200] "GET /robots.txt HTTP/1.1" 404 - "-" "Mozilla/5.0 (compatible; bingbot/2.0; +http://www.bing.com/bingbot.htm)"
157.55.35.44 - - [25/May/2014:05:59:37 +0200] "GET /vermietung.php HTTP/1.1" 200 6527 "-" "Mozilla/5.0 (compatible; bingbot/2.0; +http://www.bing.com/bingbot.htm)"
192.99.9.164 - - [25/May/2014:06:45:38 +0200] "GET / HTTP/1.1" 200 6704 "-" "Mozilla/5.0 (Macintosh; Intel Mac OS X 10_8_4) AppleWebKit/537.36 (KHTML, like Gecko) Chrome/27.0.1453.110 Safari/537.36"
66.249.78.76 - - [25/May/2014:07:56:54 +0200] "GET /robots.txt HTTP/1.1" 404 - "-" "Mozilla/5.0 (compatible; Googlebot/2.1; +http://www.google.com/bot.html)"
66.249.78.76 - - [25/May/2014:07:56:54 +0200] "GET / HTTP/1.1" 200 6704 "-" "Mozilla/5.0 (compatible; Googlebot/2.1; +http://www.google.com/bot.html)"
162.210.196.98 - - [25/May/2014:08:09:06 +0200] "GET /robots.txt HTTP/1.0" 404 - "-" "Mozilla/5.0 (compatible; MJ12bot/v1.4.5; http://www.majestic12.co.uk/bot.php?+)"
162.210.196.98 - - [25/May/2014:08:09:07 +0200] "GET / HTTP/1.0" 200 6704 "-" "Mozilla/5.0 (compatible; MJ12bot/v1.4.5; http://www.majestic12.co.uk/bot.php?+)"
66.249.78.76 - - [25/May/2014:08:54:09 +0200] "GET /img/1.DeutscheGeruestbaumesse-4.jpg HTTP/1.1" 304 - "-" "Googlebot-Image/1.0"
66.249.78.76 - - [25/May/2014:09:05:44 +0200] "GET /aktuelles.php HTTP/1.1" 200 13457 "-" "Mozilla/5.0 (compatible; Googlebot/2.1; +http://www.google.com/bot.html)"
157.55.33.34 - - [25/May/2014:10:00:44 +0200] "GET /download/Lift_D.pdf HTTP/1.1" 200 1204862 "-" "Mozilla/5.0 (compatible; bingbot/2.0; +http://www.bing.com/bingbot.htm)"
157.55.33.34 - - [25/May/2014:10:00:45 +0200] "GET /download/Newsletter-Groeger-Dachdecker-2011-04.pdf HTTP/1.1" 200 248596 "-" "Mozilla/5.0 (compatible; bingbot/2.0; +http://www.bing.com/bingbot.htm)"
157.55.33.34 - - [25/May/2014:10:00:52 +0200] "GET /impressum.php HTTP/1.1" 200 8128 "-" "Mozilla/5.0 (compatible; bingbot/2.0; +http://www.bing.com/bingbot.htm)"
157.55.33.34 - - [25/May/2014:10:00:53 +0200] "GET /kontakt.php HTTP/1.1" 200 6954 "-" "Mozilla/5.0 (compatible; bingbot/2.0; +http://www.bing.com/bingbot.htm)"
157.55.35.105 - - [25/May/2014:10:03:13 +0200] "GET /download/Boecker_Angebote_Easyline.pdf HTTP/1.1" 200 649684 "-" "Mozilla/5.0 (compatible; bingbot/2.0; +http://www.bing.com/bingbot.htm)"
157.55.35.105 - - [25/May/2014:10:03:13 +0200] "GET /unternehmen.php HTTP/1.1" 200 7208 "-" "Mozilla/5.0 (compatible; bingbot/2.0; +http://www.bing.com/bingbot.htm)"
66.249.78.76 - - [25/May/2014:10:03:59 +0200] "GET /kontakt.php HTTP/1.1" 200 6954 "-" "Mozilla/5.0 (compatible; Googlebot/2.1; +http://www.google.com/bot.html)"
157.55.33.34 - - [25/May/2014:10:06:41 +0200] "GET /robots.txt HTTP/1.1" 404 - "-" "Mozilla/5.0 (compatible; bingbot/2.0; +http://www.bing.com/bingbot.htm)"
157.55.33.34 - - [25/May/2014:10:06:45 +0200] "GET /angebote.php HTTP/1.1" 200 9739 "-" "Mozilla/5.0 (compatible; bingbot/2.0; +http://www.bing.com/bingbot.htm)"
157.55.33.34 - - [25/May/2014:10:06:45 +0200] "GET / HTTP/1.1" 200 6704 "-" "Mozilla/5.0 (compatible; bingbot/2.0; +http://www.bing.com/bingbot.htm)"
157.55.36.46 - - [25/May/2014:10:15:43 +0200] "GET /robots.txt HTTP/1.1" 404 - "-" "Mozilla/5.0 (compatible; bingbot/2.0; +http://www.bing.com/bingbot.htm)"
157.55.36.46 - - [25/May/2014:10:20:09 +0200] "GET /download/Boecker_Autokrane.pdf HTTP/1.1" 200 1994740 "-" "Mozilla/5.0 (compatible; bingbot/2.0; +http://www.bing.com/bingbot.htm)"
157.55.36.46 - - [25/May/2014:10:20:09 +0200] "GET /leistungen.php HTTP/1.1" 200 9023 "-" "Mozilla/5.0 (compatible; bingbot/2.0; +http://www.bing.com/bingbot.htm)"
157.55.35.44 - - [25/May/2014:10:30:27 +0200] "GET /robots.txt HTTP/1.1" 404 - "-" "Mozilla/5.0 (compatible; bingbot/2.0; +http://www.bing.com/bingbot.htm)"
157.55.35.44 - - [25/May/2014:10:31:34 +0200] "GET /aktuelles.php HTTP/1.1" 200 13457 "-" "Mozilla/5.0 (compatible; bingbot/2.0; +http://www.bing.com/bingbot.htm)"
157.55.35.44 - - [25/May/2014:10:31:34 +0200] "GET /verkauf.php HTTP/1.1" 200 6662 "-" "Mozilla/5.0 (compatible; bingbot/2.0; +http://www.bing.com/bingbot.htm)"
157.55.35.44 - - [25/May/2014:10:39:07 +0200] "GET /download/Geda-Zubehoer.pdf HTTP/1.1" 200 1012959 "-" "Mozilla/5.0 (compatible; bingbot/2.0; +http://www.bing.com/bingbot.htm)"
157.55.35.44 - - [25/May/2014:10:39:07 +0200] "GET /gebrauchtmaschinen.php HTTP/1.1" 200 6356 "-" "Mozilla/5.0 (compatible; bingbot/2.0; +http://www.bing.com/bingbot.htm)"
157.55.35.44 - - [25/May/2014:10:39:20 +0200] "GET /vermietung.php HTTP/1.1" 200 6527 "-" "Mozilla/5.0 (compatible; bingbot/2.0; +http://www.bing.com/bingbot.htm)"
208.115.111.73 - - [25/May/2014:11:15:36 +0200] "GET /robots.txt HTTP/1.1" 404 - "-" "Mozilla/5.0 (compatible; DotBot/1.1; http://www.opensiteexplorer.org/dotbot, help@moz.com)"
208.115.113.89 - - [25/May/2014:11:17:21 +0200] "GET /robots.txt HTTP/1.1" 404 - "-" "Mozilla/5.0 (compatible; DotBot/1.1; http://www.opensiteexplorer.org/dotbot, help@moz.com)"
157.55.35.79 - - [25/May/2014:11:31:31 +0200] "GET /download/Geda-Zubehoer.pdf HTTP/1.1" 200 1012959 "-" "Mozilla/5.0 (compatible; bingbot/2.0; +http://www.bing.com/bingbot.htm)"
157.55.35.79 - - [25/May/2014:11:31:32 +0200] "GET /gebrauchtmaschinen.php HTTP/1.1" 200 6356 "-" "Mozilla/5.0 (compatible; bingbot/2.0; +http://www.bing.com/bingbot.htm)"
66.249.78.76 - - [25/May/2014:11:34:00 +0200] "GET /angebote.php HTTP/1.1" 200 9739 "-" "Mozilla/5.0 (compatible; Googlebot/2.1; +http://www.google.com/bot.html)"
157.55.35.79 - - [25/May/2014:11:49:22 +0200] "GET /vermietung.php HTTP/1.1" 200 6527 "-" "Mozilla/5.0 (compatible; bingbot/2.0; +http://www.bing.com/bingbot.htm)"
66.249.78.76 - - [25/May/2014:12:00:29 +0200] "GET /unternehmen.php HTTP/1.1" 200 7208 "-" "Mozilla/5.0 (compatible; Googlebot/2.1; +http://www.google.com/bot.html)"
178.77.126.55 - - [25/May/2014:12:49:25 +0200] "GET /robots.txt HTTP/1.1" 404 - "-" "Mozilla/5.0 (compatible; CareerBot/1.1; +http://www.career-x.de/bot.html)"
178.77.126.55 - - [25/May/2014:12:49:25 +0200] "GET / HTTP/1.1" 200 6704 "-" "Mozilla/5.0 (compatible; CareerBot/1.1; +http://www.career-x.de/bot.html)"
178.77.126.55 - - [25/May/2014:12:49:25 +0200] "GET /unternehmen.php HTTP/1.1" 200 7208 "-" "Mozilla/5.0 (compatible; CareerBot/1.1; +http://www.career-x.de/bot.html)"
66.249.78.76 - - [25/May/2014:12:53:26 +0200] "GET /robots.txt HTTP/1.1" 404 - "-" "Mozilla/5.0 (compatible; Googlebot/2.1; +http://www.google.com/bot.html)"
66.249.78.76 - - [25/May/2014:12:53:26 +0200] "GET /aktuelles.php HTTP/1.1" 200 13457 "-" "Mozilla/5.0 (compatible; Googlebot/2.1; +http://www.google.com/bot.html)"
208.115.111.73 - - [25/May/2014:13:00:57 +0200] "GET /vermietung.php HTTP/1.1" 200 6527 "-" "Mozilla/5.0 (compatible; DotBot/1.1; http://www.opensiteexplorer.org/dotbot, help@moz.com)"
178.255.215.70 - - [25/May/2014:13:09:31 +0200] "GET /robots.txt HTTP/1.1" 404 - "-" "Mozilla/5.0 (compatible; Exabot/3.0; +http://www.exabot.com/go/robot)"
178.255.215.70 - - [25/May/2014:13:09:31 +0200] "GET /download/Newsletter_Groeger_2014-03.pdf HTTP/1.1" 304 - "-" "Mozilla/5.0 (compatible; Exabot/3.0; +http://www.exabot.com/go/robot)"
157.55.35.45 - - [25/May/2014:13:23:14 +0200] "GET / HTTP/1.1" 200 6704 "-" "Mozilla/5.0 (compatible; bingbot/2.0; +http://www.bing.com/bingbot.htm)"
66.249.78.76 - - [25/May/2014:13:41:05 +0200] "GET / HTTP/1.1" 200 6704 "-" "Mozilla/5.0 (compatible; Googlebot/2.1; +http://www.google.com/bot.html)"
66.249.78.76 - - [25/May/2014:15:05:49 +0200] "GET /kontakt.php HTTP/1.1" 200 6954 "-" "Mozilla/5.0 (compatible; Googlebot/2.1; +http://www.google.com/bot.html)"
208.115.113.89 - - [25/May/2014:15:09:25 +0200] "GET /index.php HTTP/1.1" 200 6704 "-" "Mozilla/5.0 (compatible; DotBot/1.1; http://www.opensiteexplorer.org/dotbot, help@moz.com)"
157.55.33.252 - - [25/May/2014:15:33:41 +0200] "GET / HTTP/1.1" 200 6704 "-" "Mozilla/5.0 (compatible; bingbot/2.0; +http://www.bing.com/bingbot.htm)"
66.249.78.76 - - [25/May/2014:15:37:35 +0200] "GET /impressum.php HTTP/1.1" 200 8128 "-" "Mozilla/5.0 (compatible; Googlebot/2.1; +http://www.google.com/bot.html)"
66.249.78.76 - - [25/May/2014:16:19:56 +0200] "GET /download/Lift_D.pdf HTTP/1.1" 200 1204862 "-" "Mozilla/5.0 (compatible; Googlebot/2.1; +http://www.google.com/bot.html)"
85.214.138.248 - - [25/May/2014:17:19:12 +0200] "GET /index.php HTTP/1.1" 200 6704 "http://www.loadtime.net/website/www.groeger-bauaufzuege.de" "Mozilla/5.0 (compatible; LoadTimeBot/0.9; +http://www.loadtime.net/bot.html)"
66.249.78.76 - - [25/May/2014:17:28:47 +0200] "GET /leistungen.php HTTP/1.1" 200 9023 "-" "Mozilla/5.0 (compatible; Googlebot/2.1; +http://www.google.com/bot.html)"
66.249.78.76 - - [25/May/2014:18:37:37 +0200] "GET /unternehmen.php HTTP/1.1" 200 7208 "-" "Mozilla/5.0 (compatible; Googlebot/2.1; +http://www.google.com/bot.html)"
64.246.165.190 - - [25/May/2014:18:58:33 +0200] "GET /robots.txt HTTP/1.0" 404 - "-" "Mozilla/5.0 (Windows; U; Windows NT 5.1; en; rv:1.9.0.13) Gecko/2009073022 Firefox/3.5.2 (.NET CLR 3.5.30729) SurveyBot/2.3 (DomainTools)"
64.246.165.190 - - [25/May/2014:18:58:33 +0200] "GET / HTTP/1.1" 200 6704 "http://whois.domaintools.com/groeger-bauaufzuege.de" "Mozilla/5.0 (Windows; U; Windows NT 5.1; en; rv:1.9.0.13) Gecko/2009073022 Firefox/3.5.2 (.NET CLR 3.5.30729) SurveyBot/2.3 (DomainTools)"
131.253.24.6 - - [25/May/2014:19:12:29 +0200] "GET /robots.txt HTTP/1.1" 404 - "-" "msnbot-media/1.1 (+http://search.msn.com/msnbot.htm)"
131.253.24.6 - - [25/May/2014:19:12:30 +0200] "GET /leistungen.php HTTP/1.1" 200 9023 "-" "msnbot-media/1.1 (+http://search.msn.com/msnbot.htm)"
95.91.208.53 - - [25/May/2014:22:23:04 +0200] "GET / HTTP/1.1" 200 6704 "https://www.google.de/" "Mozilla/5.0 (Macintosh; Intel Mac OS X 10_9_3) AppleWebKit/537.36 (KHTML, like Gecko) Chrome/36.0.1985.18 Safari/537.36"
95.91.208.53 - - [25/May/2014:22:23:04 +0200] "GET /css/groeger.css HTTP/1.1" 200 5467 "http://www.groeger-bauaufzuege.de/" "Mozilla/5.0 (Macintosh; Intel Mac OS X 10_9_3) AppleWebKit/537.36 (KHTML, like Gecko) Chrome/36.0.1985.18 Safari/537.36"
95.91.208.53 - - [25/May/2014:22:23:04 +0200] "GET /fancybox/jquery.fancybox-1.3.4.css HTTP/1.1" 200 8494 "http://www.groeger-bauaufzuege.de/" "Mozilla/5.0 (Macintosh; Intel Mac OS X 10_9_3) AppleWebKit/537.36 (KHTML, like Gecko) Chrome/36.0.1985.18 Safari/537.36"
95.91.208.53 - - [25/May/2014:22:23:04 +0200] "GET /swfobject.js HTTP/1.1" 200 6880 "http://www.groeger-bauaufzuege.de/" "Mozilla/5.0 (Macintosh; Intel Mac OS X 10_9_3) AppleWebKit/537.36 (KHTML, like Gecko) Chrome/36.0.1985.18 Safari/537.36"
95.91.208.53 - - [25/May/2014:22:23:04 +0200] "GET /jquery.cross-slide.js HTTP/1.1" 200 11724 "http://www.groeger-bauaufzuege.de/" "Mozilla/5.0 (Macintosh; Intel Mac OS X 10_9_3) AppleWebKit/537.36 (KHTML, like Gecko) Chrome/36.0.1985.18 Safari/537.36"
95.91.208.53 - - [25/May/2014:22:23:04 +0200] "GET /fancybox/jquery.fancybox-1.3.4.pack.js HTTP/1.1" 200 15624 "http://www.groeger-bauaufzuege.de/" "Mozilla/5.0 (Macintosh; Intel Mac OS X 10_9_3) AppleWebKit/537.36 (KHTML, like Gecko) Chrome/36.0.1985.18 Safari/537.36"
95.91.208.53 - - [25/May/2014:22:23:04 +0200] "GET /img/logo_groeger.gif HTTP/1.1" 200 3605 "http://www.groeger-bauaufzuege.de/" "Mozilla/5.0 (Macintosh; Intel Mac OS X 10_9_3) AppleWebKit/537.36 (KHTML, like Gecko) Chrome/36.0.1985.18 Safari/537.36"
95.91.208.53 - - [25/May/2014:22:23:04 +0200] "GET /img/bild_1.jpg HTTP/1.1" 200 34058 "http://www.groeger-bauaufzuege.de/" "Mozilla/5.0 (Macintosh; Intel Mac OS X 10_9_3) AppleWebKit/537.36 (KHTML, like Gecko) Chrome/36.0.1985.18 Safari/537.36"
95.91.208.53 - - [25/May/2014:22:23:04 +0200] "GET /img/pfeil.png HTTP/1.1" 200 840 "http://www.groeger-bauaufzuege.de/" "Mozilla/5.0 (Macintosh; Intel Mac OS X 10_9_3) AppleWebKit/537.36 (KHTML, like Gecko) Chrome/36.0.1985.18 Safari/537.36"
95.91.208.53 - - [25/May/2014:22:23:04 +0200] "GET /jquery-1.4.3.min.js HTTP/1.1" 200 77746 "http://www.groeger-bauaufzuege.de/" "Mozilla/5.0 (Macintosh; Intel Mac OS X 10_9_3) AppleWebKit/537.36 (KHTML, like Gecko) Chrome/36.0.1985.18 Safari/537.36"
95.91.208.53 - - [25/May/2014:22:23:05 +0200] "GET /img/grauverlauf.png HTTP/1.1" 200 3242 "http://www.groeger-bauaufzuege.de/css/groeger.css" "Mozilla/5.0 (Macintosh; Intel Mac OS X 10_9_3) AppleWebKit/537.36 (KHTML, like Gecko) Chrome/36.0.1985.18 Safari/537.36"
95.91.208.53 - - [25/May/2014:22:23:05 +0200] "GET /img/groeger_web.jpg HTTP/1.1" 200 10877 "http://www.groeger-bauaufzuege.de/css/groeger.css" "Mozilla/5.0 (Macintosh; Intel Mac OS X 10_9_3) AppleWebKit/537.36 (KHTML, like Gecko) Chrome/36.0.1985.18 Safari/537.36"
95.91.208.53 - - [25/May/2014:22:23:05 +0200] "GET /img/bild_2.jpg HTTP/1.1" 200 37224 "http://www.groeger-bauaufzuege.de/" "Mozilla/5.0 (Macintosh; Intel Mac OS X 10_9_3) AppleWebKit/537.36 (KHTML, like Gecko) Chrome/36.0.1985.18 Safari/537.36"
95.91.208.53 - - [25/May/2014:22:23:05 +0200] "GET /img/bild_3.jpg HTTP/1.1" 200 38007 "http://www.groeger-bauaufzuege.de/" "Mozilla/5.0 (Macintosh; Intel Mac OS X 10_9_3) AppleWebKit/537.36 (KHTML, like Gecko) Chrome/36.0.1985.18 Safari/537.36"
95.91.208.53 - - [25/May/2014:22:23:05 +0200] "GET /img/bild_4.jpg HTTP/1.1" 200 31111 "http://www.groeger-bauaufzuege.de/" "Mozilla/5.0 (Macintosh; Intel Mac OS X 10_9_3) AppleWebKit/537.36 (KHTML, like Gecko) Chrome/36.0.1985.18 Safari/537.36"
95.91.208.53 - - [25/May/2014:22:23:05 +0200] "GET /img/favicon.gif HTTP/1.1" 200 119 "-" "Mozilla/5.0 (Macintosh; Intel Mac OS X 10_9_3) AppleWebKit/537.36 (KHTML, like Gecko) Chrome/36.0.1985.18 Safari/537.36"
95.91.208.53 - - [25/May/2014:22:23:09 +0200] "GET /kontakt.php HTTP/1.1" 200 6954 "http://www.groeger-bauaufzuege.de/" "Mozilla/5.0 (Macintosh; Intel Mac OS X 10_9_3) AppleWebKit/537.36 (KHTML, like Gecko) Chrome/36.0.1985.18 Safari/537.36"
89.217.145.154 - - [25/May/2014:22:29:55 +0200] "GET / HTTP/1.1" 200 6704 "-" "Mozilla/5.0 (Windows; U; Windows NT 5.1; en-US; rv:1.8.1.13) Gecko/20080311 Firefox/2.0.0.13"
107.152.128.83 - - [25/May/2014:22:48:19 +0200] "GET /index.php HTTP/1.1" 200 6704 "-" "Mozilla/5.0 (compatible; MSIE 10.0; Windows NT 6.1; Trident/6.0)"
66.249.78.76 - - [25/May/2014:23:14:21 +0200] "GET /link/20130401 HTTP/1.1" 302 - "-" "Mozilla/5.0 (compatible; Googlebot/2.1; +http://www.google.com/bot.html)"
66.249.78.76 - - [25/May/2014:23:14:21 +0200] "GET /download/Boecker_Angebot_AHK_Easyline.pdf HTTP/1.1" 200 454854 "-" "Mozilla/5.0 (compatible; Googlebot/2.1; +http://www.google.com/bot.html)"
157.55.34.29 - - [26/May/2014:01:02:46 +0200] "GET /robots.txt HTTP/1.1" 404 - "-" "Mozilla/5.0 (compatible; bingbot/2.0; +http://www.bing.com/bingbot.htm)"
157.55.34.29 - - [26/May/2014:01:11:02 +0200] "GET / HTTP/1.1" 200 6704 "-" "Mozilla/5.0 (compatible; bingbot/2.0; +http://www.bing.com/bingbot.htm)"
199.30.20.18 - - [26/May/2014:02:44:43 +0200] "GET /robots.txt HTTP/1.1" 404 - "-" "msnbot-media/1.1 (+http://search.msn.com/msnbot.htm)"
199.30.20.18 - - [26/May/2014:02:44:43 +0200] "GET / HTTP/1.1" 200 6704 "-" "msnbot-media/1.1 (+http://search.msn.com/msnbot.htm)"
66.249.78.76 - - [26/May/2014:07:21:30 +0200] "GET /robots.txt HTTP/1.1" 404 - "-" "Mozilla/5.0 (compatible; Googlebot/2.1; +http://www.google.com/bot.html)"
93.192.199.24 - - [26/May/2014:07:54:16 +0200] "GET / HTTP/1.1" 200 6704 "http://www2.inbox.com/search/resultsc.aspx?q=WWW%3aGROEGER-BAUAUFZ%c3%9cGE%3aDE&tbid=80814&tp=pts<=3&iwk=242" "Mozilla/5.0 (Windows NT 6.1; WOW64) AppleWebKit/537.36 (KHTML, like Gecko) Chrome/34.0.1847.137 Safari/537.36"
93.192.199.24 - - [26/May/2014:07:54:20 +0200] "GET /verkauf.php HTTP/1.1" 200 6662 "http://www.groeger-bauaufzuege.de/" "Mozilla/5.0 (Windows NT 6.1; WOW64) AppleWebKit/537.36 (KHTML, like Gecko) Chrome/34.0.1847.137 Safari/537.36"
93.192.199.24 - - [26/May/2014:07:55:04 +0200] "GET /kontakt.php HTTP/1.1" 200 6954 "http://www2.inbox.com/search/resultsc.aspx?q=WWW%3aGROEGER-BAUAUFZ%c3%9cGE%3aDE&tbid=80814&tp=pts<=3&iwk=242" "Mozilla/5.0 (Windows NT 6.1; WOW64) AppleWebKit/537.36 (KHTML, like Gecko) Chrome/34.0.1847.137 Safari/537.36"
93.192.199.24 - - [26/May/2014:07:55:08 +0200] "GET /leistungen.php HTTP/1.1" 200 9023 "http://www.groeger-bauaufzuege.de/kontakt.php" "Mozilla/5.0 (Windows NT 6.1; WOW64) AppleWebKit/537.36 (KHTML, like Gecko) Chrome/34.0.1847.137 Safari/537.36"
93.192.199.24 - - [26/May/2014:07:55:08 +0200] "GET /img/groeger_wartung.jpg HTTP/1.1" 200 15313 "http://www.groeger-bauaufzuege.de/leistungen.php" "Mozilla/5.0 (Windows NT 6.1; WOW64) AppleWebKit/537.36 (KHTML, like Gecko) Chrome/34.0.1847.137 Safari/537.36"
93.192.199.24 - - [26/May/2014:07:55:08 +0200] "GET /img/boecker_junior-hd18.jpg HTTP/1.1" 200 14822 "http://www.groeger-bauaufzuege.de/leistungen.php" "Mozilla/5.0 (Windows NT 6.1; WOW64) AppleWebKit/537.36 (KHTML, like Gecko) Chrome/34.0.1847.137 Safari/537.36"
93.192.199.24 - - [26/May/2014:07:55:08 +0200] "GET /img/geda_maxi.jpg HTTP/1.1" 200 12151 "http://www.groeger-bauaufzuege.de/leistungen.php" "Mozilla/5.0 (Windows NT 6.1; WOW64) AppleWebKit/537.36 (KHTML, like Gecko) Chrome/34.0.1847.137 Safari/537.36"
93.192.199.24 - - [26/May/2014:07:55:08 +0200] "GET /img/groeger_aluschweissen.jpg HTTP/1.1" 200 12289 "http://www.groeger-bauaufzuege.de/leistungen.php" "Mozilla/5.0 (Windows NT 6.1; WOW64) AppleWebKit/537.36 (KHTML, like Gecko) Chrome/34.0.1847.137 Safari/537.36"
93.192.199.24 - - [26/May/2014:07:55:08 +0200] "GET /img/IMG_3777_800px_sw.jpg HTTP/1.1" 200 202388 "http://www.groeger-bauaufzuege.de/leistungen.php" "Mozilla/5.0 (Windows NT 6.1; WOW64) AppleWebKit/537.36 (KHTML, like Gecko) Chrome/34.0.1847.137 Safari/537.36"
93.192.199.24 - - [26/May/2014:07:55:16 +0200] "GET /favicon.ico HTTP/1.1" 404 - "-" "Mozilla/5.0 (Windows NT 6.1; WOW64) AppleWebKit/537.36 (KHTML, like Gecko) Chrome/34.0.1847.137 Safari/537.36"
93.192.199.24 - - [26/May/2014:07:55:30 +0200] "GET /verkauf.php HTTP/1.1" 200 6662 "http://www.groeger-bauaufzuege.de/leistungen.php" "Mozilla/5.0 (Windows NT 6.1; WOW64) AppleWebKit/537.36 (KHTML, like Gecko) Chrome/34.0.1847.137 Safari/537.36"
93.192.199.24 - - [26/May/2014:07:56:41 +0200] "GET /index.php HTTP/1.1" 200 6704 "http://www.groeger-bauaufzuege.de/verkauf.php" "Mozilla/5.0 (Windows NT 6.1; WOW64) AppleWebKit/537.36 (KHTML, like Gecko) Chrome/34.0.1847.137 Safari/537.36"
93.192.199.24 - - [26/May/2014:07:56:49 +0200] "GET /leistungen.php HTTP/1.1" 200 9023 "http://www.groeger-bauaufzuege.de/index.php" "Mozilla/5.0 (Windows NT 6.1; WOW64) AppleWebKit/537.36 (KHTML, like Gecko) Chrome/34.0.1847.137 Safari/537.36"
93.192.199.24 - - [26/May/2014:07:56:55 +0200] "GET /kontakt.php HTTP/1.1" 200 6954 "http://www.groeger-bauaufzuege.de/leistungen.php" "Mozilla/5.0 (Windows NT 6.1; WOW64) AppleWebKit/537.36 (KHTML, like Gecko) Chrome/34.0.1847.137 Safari/537.36"
93.192.199.24 - - [26/May/2014:07:57:17 +0200] "GET /angebote.php HTTP/1.1" 200 9739 "http://www.groeger-bauaufzuege.de/kontakt.php" "Mozilla/5.0 (Windows NT 6.1; WOW64) AppleWebKit/537.36 (KHTML, like Gecko) Chrome/34.0.1847.137 Safari/537.36"
93.192.199.24 - - [26/May/2014:07:57:18 +0200] "GET /img/Angebotsbutton.jpg HTTP/1.1" 200 57513 "http://www.groeger-bauaufzuege.de/angebote.php" "Mozilla/5.0 (Windows NT 6.1; WOW64) AppleWebKit/537.36 (KHTML, like Gecko) Chrome/34.0.1847.137 Safari/537.36"
93.192.199.24 - - [26/May/2014:07:57:33 +0200] "GET /download/Lift_D.pdf HTTP/1.1" 200 1204862 "http://www.groeger-bauaufzuege.de/angebote.php" "Mozilla/5.0 (Windows NT 6.1; WOW64) AppleWebKit/537.36 (KHTML, like Gecko) Chrome/34.0.1847.137 Safari/537.36"
93.192.199.24 - - [26/May/2014:07:58:10 +0200] "GET /download/Geda-Zubehoer.pdf HTTP/1.1" 200 1012959 "http://www.groeger-bauaufzuege.de/angebote.php" "Mozilla/5.0 (Windows NT 6.1; WOW64) AppleWebKit/537.36 (KHTML, like Gecko) Chrome/34.0.1847.137 Safari/537.36"
93.192.199.24 - - [26/May/2014:07:58:37 +0200] "GET /verkauf.php HTTP/1.1" 200 6662 "http://www.groeger-bauaufzuege.de/angebote.php" "Mozilla/5.0 (Windows NT 6.1; WOW64) AppleWebKit/537.36 (KHTML, like Gecko) Chrome/34.0.1847.137 Safari/537.36"
93.192.199.24 - - [26/May/2014:08:06:08 +0200] "GET /kontakt.php HTTP/1.1" 200 6954 "http://www.groeger-bauaufzuege.de/verkauf.php" "Mozilla/5.0 (Windows NT 6.1; WOW64) AppleWebKit/537.36 (KHTML, like Gecko) Chrome/34.0.1847.137 Safari/537.36"
93.192.199.24 - - [26/May/2014:08:06:33 +0200] "GET /leistungen.php HTTP/1.1" 200 9023 "http://www.groeger-bauaufzuege.de/kontakt.php" "Mozilla/5.0 (Windows NT 6.1; WOW64) AppleWebKit/537.36 (KHTML, like Gecko) Chrome/34.0.1847.137 Safari/537.36"
93.192.199.24 - - [26/May/2014:08:06:44 +0200] "GET /verkauf.php HTTP/1.1" 200 6662 "http://www.groeger-bauaufzuege.de/leistungen.php" "Mozilla/5.0 (Windows NT 6.1; WOW64) AppleWebKit/537.36 (KHTML, like Gecko) Chrome/34.0.1847.137 Safari/537.36"
157.56.93.72 - - [26/May/2014:09:07:44 +0200] "GET /robots.txt HTTP/1.1" 404 - "-" "Mozilla/5.0 (compatible; bingbot/2.0; +http://www.bing.com/bingbot.htm)"
157.56.93.72 - - [26/May/2014:09:10:22 +0200] "GET / HTTP/1.1" 200 6704 "-" "Mozilla/5.0 (compatible; bingbot/2.0; +http://www.bing.com/bingbot.htm)"
94.242.222.29 - - [26/May/2014:09:20:05 +0200] "GET /./impressum.php HTTP/1.1" 200 8128 "-" "Mozilla/4.0 (compatible; MSIE 8.0; Windows NT 6.1; Trident/4.0)"
46.165.197.142 - - [26/May/2014:09:35:44 +0200] "GET /robots.txt HTTP/1.0" 404 - "-" "Mozilla/5.0 (compatible; MJ12bot/v1.4.5; http://www.majestic12.co.uk/bot.php?+)"
46.165.197.142 - - [26/May/2014:09:35:46 +0200] "GET / HTTP/1.0" 200 6704 "-" "Mozilla/5.0 (compatible; MJ12bot/v1.4.5; http://www.majestic12.co.uk/bot.php?+)"
107.152.128.83 - - [26/May/2014:09:37:00 +0200] "GET /aktuelles.php HTTP/1.1" 200 13457 "-" "Mozilla/5.0 (compatible; MSIE 10.0; Windows NT 6.1; Trident/6.0)"
80.147.44.172 - - [26/May/2014:10:45:56 +0200] "GET /impressum.php HTTP/1.1" 200 8128 "http://www.google.de/url?sa=t&rct=j&q=&esrc=s&source=web&cd=1&ved=0CDAQFjAA&url=http%3A%2F%2Fwww.groeger-bauaufzuege.de%2Fimpressum.php&ei=2P6CU-qyHa6Q4gTmsIHABA&usg=AFQjCNHg-vcMt3k4C5hr_6vEWa5QLbuJEw&bvm=bv.67720277,d.bGE" "Mozilla/5.0 (Windows NT 6.1; WOW64; rv:29.0) Gecko/20100101 Firefox/29.0"
80.147.44.172 - - [26/May/2014:10:45:56 +0200] "GET /css/groeger.css HTTP/1.1" 200 5467 "http://www.groeger-bauaufzuege.de/impressum.php" "Mozilla/5.0 (Windows NT 6.1; WOW64; rv:29.0) Gecko/20100101 Firefox/29.0"
80.147.44.172 - - [26/May/2014:10:45:56 +0200] "GET /swfobject.js HTTP/1.1" 200 6880 "http://www.groeger-bauaufzuege.de/impressum.php" "Mozilla/5.0 (Windows NT 6.1; WOW64; rv:29.0) Gecko/20100101 Firefox/29.0"
80.147.44.172 - - [26/May/2014:10:45:56 +0200] "GET /jquery.cross-slide.js HTTP/1.1" 200 11724 "http://www.groeger-bauaufzuege.de/impressum.php" "Mozilla/5.0 (Windows NT 6.1; WOW64; rv:29.0) Gecko/20100101 Firefox/29.0"
80.147.44.172 - - [26/May/2014:10:45:56 +0200] "GET /fancybox/jquery.fancybox-1.3.4.pack.js HTTP/1.1" 200 15624 "http://www.groeger-bauaufzuege.de/impressum.php" "Mozilla/5.0 (Windows NT 6.1; WOW64; rv:29.0) Gecko/20100101 Firefox/29.0"
80.147.44.172 - - [26/May/2014:10:45:56 +0200] "GET /fancybox/jquery.fancybox-1.3.4.css HTTP/1.1" 200 8494 "http://www.groeger-bauaufzuege.de/impressum.php" "Mozilla/5.0 (Windows NT 6.1; WOW64; rv:29.0) Gecko/20100101 Firefox/29.0"
80.147.44.172 - - [26/May/2014:10:45:56 +0200] "GET /img/favicon.gif HTTP/1.1" 200 119 "-" "Mozilla/5.0 (Windows NT 6.1; WOW64; rv:29.0) Gecko/20100101 Firefox/29.0"
80.147.44.172 - - [26/May/2014:10:45:56 +0200] "GET /jquery-1.4.3.min.js HTTP/1.1" 200 77746 "http://www.groeger-bauaufzuege.de/impressum.php" "Mozilla/5.0 (Windows NT 6.1; WOW64; rv:29.0) Gecko/20100101 Firefox/29.0"
80.147.44.172 - - [26/May/2014:10:45:56 +0200] "GET /img/logo_groeger.gif HTTP/1.1" 200 3605 "http://www.groeger-bauaufzuege.de/impressum.php" "Mozilla/5.0 (Windows NT 6.1; WOW64; rv:29.0) Gecko/20100101 Firefox/29.0"
80.147.44.172 - - [26/May/2014:10:45:56 +0200] "GET /img/bild_1.jpg HTTP/1.1" 200 34058 "http://www.groeger-bauaufzuege.de/impressum.php" "Mozilla/5.0 (Windows NT 6.1; WOW64; rv:29.0) Gecko/20100101 Firefox/29.0"
80.147.44.172 - - [26/May/2014:10:45:56 +0200] "GET /img/grauverlauf.png HTTP/1.1" 200 3242 "http://www.groeger-bauaufzuege.de/css/groeger.css" "Mozilla/5.0 (Windows NT 6.1; WOW64; rv:29.0) Gecko/20100101 Firefox/29.0"
80.147.44.172 - - [26/May/2014:10:45:56 +0200] "GET /img/bild_2.jpg HTTP/1.1" 200 37224 "http://www.groeger-bauaufzuege.de/impressum.php" "Mozilla/5.0 (Windows NT 6.1; WOW64; rv:29.0) Gecko/20100101 Firefox/29.0"
80.147.44.172 - - [26/May/2014:10:45:56 +0200] "GET /img/bild_4.jpg HTTP/1.1" 200 31111 "http://www.groeger-bauaufzuege.de/impressum.php" "Mozilla/5.0 (Windows NT 6.1; WOW64; rv:29.0) Gecko/20100101 Firefox/29.0"
80.147.44.172 - - [26/May/2014:10:45:56 +0200] "GET /img/bild_3.jpg HTTP/1.1" 200 38007 "http://www.groeger-bauaufzuege.de/impressum.php" "Mozilla/5.0 (Windows NT 6.1; WOW64; rv:29.0) Gecko/20100101 Firefox/29.0"
80.147.44.172 - - [26/May/2014:10:46:01 +0200] "GET /impressum.php HTTP/1.1" 200 8128 "http://www.groeger-bauaufzuege.de/impressum.php" "Mozilla/5.0 (Windows NT 6.1; WOW64; rv:29.0) Gecko/20100101 Firefox/29.0"
66.249.78.76 - - [26/May/2014:11:08:23 +0200] "GET /angebote.php HTTP/1.1" 200 9739 "-" "Mozilla/5.0 (compatible; Googlebot/2.1; +http://www.google.com/bot.html)"
66.249.78.76 - - [26/May/2014:11:12:30 +0200] "GET /fancybox/jquery.fancybox-1.3.4.css HTTP/1.1" 200 8494 "-" "Mozilla/5.0 (compatible; Googlebot/2.1; +http://www.google.com/bot.html)"
66.249.78.76 - - [26/May/2014:11:12:30 +0200] "GET /css/groeger.css HTTP/1.1" 200 5467 "-" "Mozilla/5.0 (compatible; Googlebot/2.1; +http://www.google.com/bot.html)"
193.111.141.134 - - [26/May/2014:11:34:47 +0200] "GET /unternehmen.php HTTP/1.1" 200 7208 "-" "Mozilla/5.0 (Windows NT 5.1) AppleWebKit/537.36 (KHTML, like Gecko) Chrome/27.0.1453.93 Safari/537.36"
94.242.222.29 - - [26/May/2014:11:53:26 +0200] "GET /index.php HTTP/1.1" 200 6704 "-" "Mozilla/4.0 (compatible; MSIE 8.0; Windows NT 6.1; Trident/4.0)"
66.249.78.76 - - [26/May/2014:16:01:44 +0200] "GET /gebrauchtmaschinen.php HTTP/1.1" 200 6356 "-" "Mozilla/5.0 (compatible; Googlebot/2.1; +http://www.google.com/bot.html)"
144.76.87.226 - - [26/May/2014:16:15:47 +0200] "GET / HTTP/1.1" 200 6704 "-" "Mozilla/5.0 (Windows NT 6.1; WOW64) AppleWebKit/537.36 (KHTML, like Gecko) Chrome/29.0.1547.76 Safari/537.36"
66.249.78.76 - - [26/May/2014:16:51:45 +0200] "GET /download/Groeger-Newsletter-Dachdecker11.pdf HTTP/1.1" 304 - "-" "Mozilla/5.0 (compatible; Googlebot/2.1; +http://www.google.com/bot.html)"
157.55.33.85 - - [26/May/2014:17:07:29 +0200] "GET /download/Newsletter_Groeger_2014-02.pdf HTTP/1.1" 200 815846 "-" "Mozilla/5.0 (compatible; bingbot/2.0; +http://www.bing.com/bingbot.htm)"
157.55.33.85 - - [26/May/2014:17:07:30 +0200] "GET /download/Newsletter_Groeger_2013-09.pdf HTTP/1.1" 200 584966 "-" "Mozilla/5.0 (compatible; bingbot/2.0; +http://www.bing.com/bingbot.htm)"
157.55.32.87 - - [26/May/2014:17:08:32 +0200] "GET /download/Newsletter_Groeger_2012-06.pdf HTTP/1.1" 200 309498 "-" "Mozilla/5.0 (compatible; bingbot/2.0; +http://www.bing.com/bingbot.htm)"
157.55.32.87 - - [26/May/2014:17:08:33 +0200] "GET /download/boecker_auf_achse_2011.pdf HTTP/1.1" 200 1766601 "-" "Mozilla/5.0 (compatible; bingbot/2.0; +http://www.bing.com/bingbot.htm)"
157.55.32.87 - - [26/May/2014:17:08:44 +0200] "GET /download/Newsletter_Groeger_11-06_Innung.pdf HTTP/1.1" 200 422119 "-" "Mozilla/5.0 (compatible; bingbot/2.0; +http://www.bing.com/bingbot.htm)"
157.55.32.87 - - [26/May/2014:17:08:44 +0200] "GET /download/Newsletter_Groeger_2014-03.pdf HTTP/1.1" 200 857282 "-" "Mozilla/5.0 (compatible; bingbot/2.0; +http://www.bing.com/bingbot.htm)"
157.55.32.87 - - [26/May/2014:17:08:48 +0200] "GET /download/Newsletter_Groeger_2013-04.pdf HTTP/1.1" 200 839295 "-" "Mozilla/5.0 (compatible; bingbot/2.0; +http://www.bing.com/bingbot.htm)"
65.55.24.233 - - [26/May/2014:17:10:10 +0200] "GET /download/Newsletter_Groeger_2012-09.pdf HTTP/1.1" 200 492501 "-" "Mozilla/5.0 (compatible; bingbot/2.0; +http://www.bing.com/bingbot.htm)"
157.55.32.87 - - [26/May/2014:17:18:18 +0200] "GET /robots.txt HTTP/1.1" 404 - "-" "Mozilla/5.0 (compatible; bingbot/2.0; +http://www.bing.com/bingbot.htm)"
157.55.32.87 - - [26/May/2014:17:18:24 +0200] "GET /download/Newsletter_Groeger_2012-11.pdf HTTP/1.1" 200 527614 "-" "Mozilla/5.0 (compatible; bingbot/2.0; +http://www.bing.com/bingbot.htm)"
157.55.32.189 - - [26/May/2014:17:34:11 +0200] "GET /img/IMG_3777_800px_sw.jpg HTTP/1.1" 200 202388 "-" "Mozilla/5.0 (compatible; bingbot/2.0; +http://www.bing.com/bingbot.htm)"
157.55.32.189 - - [26/May/2014:17:37:40 +0200] "GET /download/Newsletter_Groeger_2013-06.pdf HTTP/1.1" 200 531601 "-" "Mozilla/5.0 (compatible; bingbot/2.0; +http://www.bing.com/bingbot.htm)"
217.186.52.4 - - [26/May/2014:20:12:54 +0200] "GET / HTTP/1.1" 200 6704 "http://www.google.de/url?sa=t&rct=j&q=&esrc=s&source=web&cd=1&ved=0CC4QFjAA&url=http%3A%2F%2Fwww.groeger-bauaufzuege.de%2F&ei=roODU_OLEMGI4gSkhoGgCg&usg=AFQjCNFBXgtaJQ5GEULKJBrc_pmJTjvlmQ&bvm=bv.67720277,d.bGE" "Mozilla/5.0 (Windows NT 6.1; WOW64; rv:29.0) Gecko/20100101 Firefox/29.0"
217.186.52.4 - - [26/May/2014:20:12:55 +0200] "GET /css/groeger.css HTTP/1.1" 200 5467 "http://www.groeger-bauaufzuege.de/" "Mozilla/5.0 (Windows NT 6.1; WOW64; rv:29.0) Gecko/20100101 Firefox/29.0"
217.186.52.4 - - [26/May/2014:20:12:55 +0200] "GET /swfobject.js HTTP/1.1" 200 6880 "http://www.groeger-bauaufzuege.de/" "Mozilla/5.0 (Windows NT 6.1; WOW64; rv:29.0) Gecko/20100101 Firefox/29.0"
217.186.52.4 - - [26/May/2014:20:12:55 +0200] "GET /jquery.cross-slide.js HTTP/1.1" 200 11724 "http://www.groeger-bauaufzuege.de/" "Mozilla/5.0 (Windows NT 6.1; WOW64; rv:29.0) Gecko/20100101 Firefox/29.0"
217.186.52.4 - - [26/May/2014:20:12:55 +0200] "GET /fancybox/jquery.fancybox-1.3.4.pack.js HTTP/1.1" 200 15624 "http://www.groeger-bauaufzuege.de/" "Mozilla/5.0 (Windows NT 6.1; WOW64; rv:29.0) Gecko/20100101 Firefox/29.0"
217.186.52.4 - - [26/May/2014:20:12:55 +0200] "GET /fancybox/jquery.fancybox-1.3.4.css HTTP/1.1" 200 8494 "http://www.groeger-bauaufzuege.de/" "Mozilla/5.0 (Windows NT 6.1; WOW64; rv:29.0) Gecko/20100101 Firefox/29.0"
217.186.52.4 - - [26/May/2014:20:12:55 +0200] "GET /img/favicon.gif HTTP/1.1" 200 119 "-" "Mozilla/5.0 (Windows NT 6.1; WOW64; rv:29.0) Gecko/20100101 Firefox/29.0"
217.186.52.4 - - [26/May/2014:20:12:55 +0200] "GET /jquery-1.4.3.min.js HTTP/1.1" 200 77746 "http://www.groeger-bauaufzuege.de/" "Mozilla/5.0 (Windows NT 6.1; WOW64; rv:29.0) Gecko/20100101 Firefox/29.0"
217.186.52.4 - - [26/May/2014:20:12:55 +0200] "GET /img/logo_groeger.gif HTTP/1.1" 200 3605 "http://www.groeger-bauaufzuege.de/" "Mozilla/5.0 (Windows NT 6.1; WOW64; rv:29.0) Gecko/20100101 Firefox/29.0"
217.186.52.4 - - [26/May/2014:20:12:55 +0200] "GET /img/bild_1.jpg HTTP/1.1" 200 34058 "http://www.groeger-bauaufzuege.de/" "Mozilla/5.0 (Windows NT 6.1; WOW64; rv:29.0) Gecko/20100101 Firefox/29.0"
217.186.52.4 - - [26/May/2014:20:12:55 +0200] "GET /img/pfeil.png HTTP/1.1" 200 840 "http://www.groeger-bauaufzuege.de/" "Mozilla/5.0 (Windows NT 6.1; WOW64; rv:29.0) Gecko/20100101 Firefox/29.0"
217.186.52.4 - - [26/May/2014:20:12:55 +0200] "GET /img/grauverlauf.png HTTP/1.1" 200 3242 "http://www.groeger-bauaufzuege.de/css/groeger.css" "Mozilla/5.0 (Windows NT 6.1; WOW64; rv:29.0) Gecko/20100101 Firefox/29.0"
217.186.52.4 - - [26/May/2014:20:12:55 +0200] "GET /img/groeger_web.jpg HTTP/1.1" 200 10877 "http://www.groeger-bauaufzuege.de/css/groeger.css" "Mozilla/5.0 (Windows NT 6.1; WOW64; rv:29.0) Gecko/20100101 Firefox/29.0"
217.186.52.4 - - [26/May/2014:20:12:55 +0200] "GET /img/bild_2.jpg HTTP/1.1" 200 37224 "http://www.groeger-bauaufzuege.de/" "Mozilla/5.0 (Windows NT 6.1; WOW64; rv:29.0) Gecko/20100101 Firefox/29.0"
217.186.52.4 - - [26/May/2014:20:12:55 +0200] "GET /img/bild_3.jpg HTTP/1.1" 200 38007 "http://www.groeger-bauaufzuege.de/" "Mozilla/5.0 (Windows NT 6.1; WOW64; rv:29.0) Gecko/20100101 Firefox/29.0"
217.186.52.4 - - [26/May/2014:20:12:55 +0200] "GET /img/bild_4.jpg HTTP/1.1" 200 31111 "http://www.groeger-bauaufzuege.de/" "Mozilla/5.0 (Windows NT 6.1; WOW64; rv:29.0) Gecko/20100101 Firefox/29.0"
217.186.52.4 - - [26/May/2014:20:13:22 +0200] "GET /kontakt.php HTTP/1.1" 200 6954 "http://www.groeger-bauaufzuege.de/" "Mozilla/5.0 (Windows NT 6.1; WOW64; rv:29.0) Gecko/20100101 Firefox/29.0"
89.246.182.157 - - [26/May/2014:20:54:39 +0200] "GET / HTTP/1.1" 200 6704 "-" "Mozilla/5.0 (Macintosh; Intel Mac OS X 10_8_5) AppleWebKit/536.30.1 (KHTML, like Gecko) Version/6.0.5 Safari/536.30.1"
89.246.182.157 - - [26/May/2014:20:54:39 +0200] "GET /fancybox/jquery.fancybox-1.3.4.css HTTP/1.1" 200 8494 "http://www.groeger-bauaufzuege.de/" "Mozilla/5.0 (Macintosh; Intel Mac OS X 10_8_5) AppleWebKit/536.30.1 (KHTML, like Gecko) Version/6.0.5 Safari/536.30.1"
89.246.182.157 - - [26/May/2014:20:54:40 +0200] "GET /fancybox/jquery.fancybox-1.3.4.pack.js HTTP/1.1" 200 15624 "http://www.groeger-bauaufzuege.de/" "Mozilla/5.0 (Macintosh; Intel Mac OS X 10_8_5) AppleWebKit/536.30.1 (KHTML, like Gecko) Version/6.0.5 Safari/536.30.1"
89.246.182.157 - - [26/May/2014:20:54:40 +0200] "GET /css/groeger.css HTTP/1.1" 200 5467 "http://www.groeger-bauaufzuege.de/" "Mozilla/5.0 (Macintosh; Intel Mac OS X 10_8_5) AppleWebKit/536.30.1 (KHTML, like Gecko) Version/6.0.5 Safari/536.30.1"
89.246.182.157 - - [26/May/2014:20:54:40 +0200] "GET /swfobject.js HTTP/1.1" 200 6880 "http://www.groeger-bauaufzuege.de/" "Mozilla/5.0 (Macintosh; Intel Mac OS X 10_8_5) AppleWebKit/536.30.1 (KHTML, like Gecko) Version/6.0.5 Safari/536.30.1"
89.246.182.157 - - [26/May/2014:20:54:40 +0200] "GET /jquery.cross-slide.js HTTP/1.1" 200 11724 "http://www.groeger-bauaufzuege.de/" "Mozilla/5.0 (Macintosh; Intel Mac OS X 10_8_5) AppleWebKit/536.30.1 (KHTML, like Gecko) Version/6.0.5 Safari/536.30.1"
89.246.182.157 - - [26/May/2014:20:54:40 +0200] "GET /jquery-1.4.3.min.js HTTP/1.1" 200 77746 "http://www.groeger-bauaufzuege.de/" "Mozilla/5.0 (Macintosh; Intel Mac OS X 10_8_5) AppleWebKit/536.30.1 (KHTML, like Gecko) Version/6.0.5 Safari/536.30.1"
89.246.182.157 - - [26/May/2014:20:54:40 +0200] "GET /img/logo_groeger.gif HTTP/1.1" 200 3605 "http://www.groeger-bauaufzuege.de/" "Mozilla/5.0 (Macintosh; Intel Mac OS X 10_8_5) AppleWebKit/536.30.1 (KHTML, like Gecko) Version/6.0.5 Safari/536.30.1"
89.246.182.157 - - [26/May/2014:20:54:40 +0200] "GET /img/grauverlauf.png HTTP/1.1" 200 3242 "http://www.groeger-bauaufzuege.de/" "Mozilla/5.0 (Macintosh; Intel Mac OS X 10_8_5) AppleWebKit/536.30.1 (KHTML, like Gecko) Version/6.0.5 Safari/536.30.1"
89.246.182.157 - - [26/May/2014:20:54:40 +0200] "GET /img/bild_1.jpg HTTP/1.1" 200 34058 "http://www.groeger-bauaufzuege.de/" "Mozilla/5.0 (Macintosh; Intel Mac OS X 10_8_5) AppleWebKit/536.30.1 (KHTML, like Gecko) Version/6.0.5 Safari/536.30.1"
89.246.182.157 - - [26/May/2014:20:54:40 +0200] "GET /img/bild_3.jpg HTTP/1.1" 200 38007 "http://www.groeger-bauaufzuege.de/" "Mozilla/5.0 (Macintosh; Intel Mac OS X 10_8_5) AppleWebKit/536.30.1 (KHTML, like Gecko) Version/6.0.5 Safari/536.30.1"
89.246.182.157 - - [26/May/2014:20:54:40 +0200] "GET /img/bild_2.jpg HTTP/1.1" 200 37224 "http://www.groeger-bauaufzuege.de/" "Mozilla/5.0 (Macintosh; Intel Mac OS X 10_8_5) AppleWebKit/536.30.1 (KHTML, like Gecko) Version/6.0.5 Safari/536.30.1"
89.246.182.157 - - [26/May/2014:20:54:40 +0200] "GET /img/groeger_web.jpg HTTP/1.1" 200 10877 "http://www.groeger-bauaufzuege.de/" "Mozilla/5.0 (Macintosh; Intel Mac OS X 10_8_5) AppleWebKit/536.30.1 (KHTML, like Gecko) Version/6.0.5 Safari/536.30.1"
89.246.182.157 - - [26/May/2014:20:54:40 +0200] "GET /img/pfeil.png HTTP/1.1" 200 840 "http://www.groeger-bauaufzuege.de/" "Mozilla/5.0 (Macintosh; Intel Mac OS X 10_8_5) AppleWebKit/536.30.1 (KHTML, like Gecko) Version/6.0.5 Safari/536.30.1"
89.246.182.157 - - [26/May/2014:20:54:40 +0200] "GET /img/bild_4.jpg HTTP/1.1" 200 31111 "http://www.groeger-bauaufzuege.de/" "Mozilla/5.0 (Macintosh; Intel Mac OS X 10_8_5) AppleWebKit/536.30.1 (KHTML, like Gecko) Version/6.0.5 Safari/536.30.1"
89.246.182.157 - - [26/May/2014:20:54:42 +0200] "GET /img/favicon.gif HTTP/1.1" 200 119 "http://www.groeger-bauaufzuege.de/" "Mozilla/5.0 (Macintosh; Intel Mac OS X 10_8_5) AppleWebKit/536.30.1 (KHTML, like Gecko) Version/6.0.5 Safari/536.30.1"
89.246.182.157 - - [26/May/2014:20:55:37 +0200] "GET /leistungen.php HTTP/1.1" 200 9023 "http://www.groeger-bauaufzuege.de/" "Mozilla/5.0 (Macintosh; Intel Mac OS X 10_8_5) AppleWebKit/536.30.1 (KHTML, like Gecko) Version/6.0.5 Safari/536.30.1"
89.246.182.157 - - [26/May/2014:20:55:39 +0200] "GET /img/geda_maxi.jpg HTTP/1.1" 200 12151 "http://www.groeger-bauaufzuege.de/leistungen.php" "Mozilla/5.0 (Macintosh; Intel Mac OS X 10_8_5) AppleWebKit/536.30.1 (KHTML, like Gecko) Version/6.0.5 Safari/536.30.1"
89.246.182.157 - - [26/May/2014:20:55:39 +0200] "GET /img/boecker_junior-hd18.jpg HTTP/1.1" 200 14822 "http://www.groeger-bauaufzuege.de/leistungen.php" "Mozilla/5.0 (Macintosh; Intel Mac OS X 10_8_5) AppleWebKit/536.30.1 (KHTML, like Gecko) Version/6.0.5 Safari/536.30.1"
89.246.182.157 - - [26/May/2014:20:55:39 +0200] "GET /img/groeger_wartung.jpg HTTP/1.1" 200 15313 "http://www.groeger-bauaufzuege.de/leistungen.php" "Mozilla/5.0 (Macintosh; Intel Mac OS X 10_8_5) AppleWebKit/536.30.1 (KHTML, like Gecko) Version/6.0.5 Safari/536.30.1"
89.246.182.157 - - [26/May/2014:20:55:39 +0200] "GET /img/groeger_aluschweissen.jpg HTTP/1.1" 200 12289 "http://www.groeger-bauaufzuege.de/leistungen.php" "Mozilla/5.0 (Macintosh; Intel Mac OS X 10_8_5) AppleWebKit/536.30.1 (KHTML, like Gecko) Version/6.0.5 Safari/536.30.1"
89.246.182.157 - - [26/May/2014:20:55:39 +0200] "GET /img/IMG_3777_800px_sw.jpg HTTP/1.1" 200 202388 "http://www.groeger-bauaufzuege.de/leistungen.php" "Mozilla/5.0 (Macintosh; Intel Mac OS X 10_8_5) AppleWebKit/536.30.1 (KHTML, like Gecko) Version/6.0.5 Safari/536.30.1"
89.246.182.157 - - [26/May/2014:20:56:59 +0200] "GET /kontakt.php HTTP/1.1" 200 6954 "http://www.groeger-bauaufzuege.de/leistungen.php" "Mozilla/5.0 (Macintosh; Intel Mac OS X 10_8_5) AppleWebKit/536.30.1 (KHTML, like Gecko) Version/6.0.5 Safari/536.30.1"
91.34.163.90 - - [26/May/2014:22:20:22 +0200] "GET / HTTP/1.1" 200 6704 "-" "Mozilla/5.0 (Android; Tablet; rv:29.0) Gecko/29.0 Firefox/29.0"
91.34.163.90 - - [26/May/2014:22:20:23 +0200] "GET /css/groeger.css HTTP/1.1" 200 5467 "http://www.groeger-bauaufzuege.de/" "Mozilla/5.0 (Android; Tablet; rv:29.0) Gecko/29.0 Firefox/29.0"
91.34.163.90 - - [26/May/2014:22:20:23 +0200] "GET /swfobject.js HTTP/1.1" 200 6880 "http://www.groeger-bauaufzuege.de/" "Mozilla/5.0 (Android; Tablet; rv:29.0) Gecko/29.0 Firefox/29.0"
91.34.163.90 - - [26/May/2014:22:20:23 +0200] "GET /jquery.cross-slide.js HTTP/1.1" 200 11724 "http://www.groeger-bauaufzuege.de/" "Mozilla/5.0 (Android; Tablet; rv:29.0) Gecko/29.0 Firefox/29.0"
91.34.163.90 - - [26/May/2014:22:20:23 +0200] "GET /fancybox/jquery.fancybox-1.3.4.pack.js HTTP/1.1" 200 15624 "http://www.groeger-bauaufzuege.de/" "Mozilla/5.0 (Android; Tablet; rv:29.0) Gecko/29.0 Firefox/29.0"
91.34.163.90 - - [26/May/2014:22:20:23 +0200] "GET /fancybox/jquery.fancybox-1.3.4.css HTTP/1.1" 200 8494 "http://www.groeger-bauaufzuege.de/" "Mozilla/5.0 (Android; Tablet; rv:29.0) Gecko/29.0 Firefox/29.0"
91.34.163.90 - - [26/May/2014:22:20:23 +0200] "GET /jquery-1.4.3.min.js HTTP/1.1" 200 77746 "http://www.groeger-bauaufzuege.de/" "Mozilla/5.0 (Android; Tablet; rv:29.0) Gecko/29.0 Firefox/29.0"
91.34.163.90 - - [26/May/2014:22:20:26 +0200] "GET /img/logo_groeger.gif HTTP/1.1" 200 3605 "http://www.groeger-bauaufzuege.de/" "Mozilla/5.0 (Android; Tablet; rv:29.0) Gecko/29.0 Firefox/29.0"
91.34.163.90 - - [26/May/2014:22:20:26 +0200] "GET /img/pfeil.png HTTP/1.1" 200 840 "http://www.groeger-bauaufzuege.de/" "Mozilla/5.0 (Android; Tablet; rv:29.0) Gecko/29.0 Firefox/29.0"
91.34.163.90 - - [26/May/2014:22:20:26 +0200] "GET /img/grauverlauf.png HTTP/1.1" 200 3242 "http://www.groeger-bauaufzuege.de/css/groeger.css" "Mozilla/5.0 (Android; Tablet; rv:29.0) Gecko/29.0 Firefox/29.0"
91.34.163.90 - - [26/May/2014:22:20:26 +0200] "GET /img/bild_1.jpg HTTP/1.1" 200 34058 "http://www.groeger-bauaufzuege.de/" "Mozilla/5.0 (Android; Tablet; rv:29.0) Gecko/29.0 Firefox/29.0"
91.34.163.90 - - [26/May/2014:22:20:27 +0200] "GET /img/groeger_web.jpg HTTP/1.1" 200 10877 "http://www.groeger-bauaufzuege.de/css/groeger.css" "Mozilla/5.0 (Android; Tablet; rv:29.0) Gecko/29.0 Firefox/29.0"
