195.212.74.98 - - [10/Aug/2011:12:43:00 +0200] "GET /TUV_Siegel1.jpg HTTP/1.1" 200 34036 "http://www.sirius-berlin.de/Shop/shop.html" "Mozilla/4.0 (compatible; MSIE 7.0; Windows NT 5.1; .NET CLR 1.1.4322; InfoPath.1; .NET CLR 2.0.50727; .NET CLR 3.0.4506.2152; .NET CLR 3.5.30729)"
195.212.74.98 - - [10/Aug/2011:12:43:11 +0200] "GET /Produkte/weitere_Produkte/weitere_produkte.html HTTP/1.1" 200 12524 "http://www.sirius-berlin.de/Produkte/produkte.html" "Mozilla/4.0 (compatible; MSIE 7.0; Windows NT 5.1; .NET CLR 1.1.4322; InfoPath.1; .NET CLR 2.0.50727; .NET CLR 3.0.4506.2152; .NET CLR 3.5.30729)"
195.212.74.98 - - [10/Aug/2011:12:43:12 +0200] "GET /weitere_Produkte_Hs1.gif HTTP/1.1" 200 1960 "http://www.sirius-berlin.de/Produkte/weitere_Produkte/weitere_produkte.html" "Mozilla/4.0 (compatible; MSIE 7.0; Windows NT 5.1; .NET CLR 1.1.4322; InfoPath.1; .NET CLR 2.0.50727; .NET CLR 3.0.4506.2152; .NET CLR 3.5.30729)"
195.212.74.98 - - [10/Aug/2011:12:43:12 +0200] "GET /weitere_Produkte_NnBanner.gif HTTP/1.1" 200 6305 "http://www.sirius-berlin.de/Produkte/weitere_Produkte/weitere_produkte.html" "Mozilla/4.0 (compatible; MSIE 7.0; Windows NT 5.1; .NET CLR 1.1.4322; InfoPath.1; .NET CLR 2.0.50727; .NET CLR 3.0.4506.2152; .NET CLR 3.5.30729)"
195.212.74.98 - - [10/Aug/2011:12:43:12 +0200] "GET /weitere_Produkte_HRs4.gif HTTP/1.1" 200 1935 "http://www.sirius-berlin.de/Produkte/weitere_Produkte/weitere_produkte.html" "Mozilla/4.0 (compatible; MSIE 7.0; Windows NT 5.1; .NET CLR 1.1.4322; InfoPath.1; .NET CLR 2.0.50727; .NET CLR 3.0.4506.2152; .NET CLR 3.5.30729)"
195.212.74.98 - - [10/Aug/2011:12:43:12 +0200] "GET /Gruppe02.jpg HTTP/1.1" 200 57869 "http://www.sirius-berlin.de/Produkte/weitere_Produkte/weitere_produkte.html" "Mozilla/4.0 (compatible; MSIE 7.0; Windows NT 5.1; .NET CLR 1.1.4322; InfoPath.1; .NET CLR 2.0.50727; .NET CLR 3.0.4506.2152; .NET CLR 3.5.30729)"
77.92.233.198 - - [10/Aug/2011:12:50:21 +0200] "GET /public_html/ HTTP/1.0" 403 1222 "http://www.sirius-berlin.de/public_html/" "Mozilla/4.0 (compatible; MSIE 6.0; Windows NT 5.1; SV1)"
77.92.233.198 - - [10/Aug/2011:12:50:21 +0200] "GET / HTTP/1.0" 200 12828 "http://www.sirius-berlin.de/public_html/" "Mozilla/4.0 (compatible; MSIE 6.0; Windows NT 5.1; SV1)"
82.165.37.69 - - [10/Aug/2011:12:50:27 +0200] "GET / HTTP/1.0" 200 12828 "http://kennensiemich.ch/?photox3=/" "Mozilla/5.0 (compatible; IPTCBOT;"
208.80.194.34 - - [10/Aug/2011:14:25:04 +0200] "GET / HTTP/1.0" 200 12828 "-" "Mozilla/4.0 (compatible; MSIE 6.0; Windows NT 5.1; sv1; FunWebProducts; .NET CLR 1.0.3705; .NET CLR 1.1.4322; .NET CLR 2.0.50727; Media Center PC 4.0)"
213.180.72.63 - - [10/Aug/2011:19:09:54 +0200] "GET /Impressum/impressum.html HTTP/1.1" 200 11991 "-" "Mozilla/4.0 (compatible; MSIE 8.0; Windows NT 5.2; Trident/4.0; .NET CLR 1.1.4322; .NET CLR 2.0.50727; .NET CLR 3.0.4506.2152; .NET CLR 3.5.30729)"
213.180.72.63 - - [10/Aug/2011:19:09:54 +0200] "GET /rollover.js HTTP/1.1" 200 32709 "http://www.sirius-berlin.de/Impressum/impressum.html" "Mozilla/4.0 (compatible; MSIE 8.0; Windows NT 5.2; Trident/4.0; .NET CLR 1.1.4322; .NET CLR 2.0.50727; .NET CLR 3.0.4506.2152; .NET CLR 3.5.30729)"
213.180.72.63 - - [10/Aug/2011:19:09:55 +0200] "GET /Service_Kontakt/service_kontakt.html HTTP/1.1" 200 11157 "-" "Mozilla/4.0 (compatible; MSIE 8.0; Windows NT 5.2; Trident/4.0; .NET CLR 1.1.4322; .NET CLR 2.0.50727; .NET CLR 3.0.4506.2152; .NET CLR 3.5.30729)"
213.180.72.63 - - [10/Aug/2011:19:09:55 +0200] "GET /rollover.js HTTP/1.1" 206 25742 "http://www.sirius-berlin.de/Service_Kontakt/service_kontakt.html" "Mozilla/4.0 (compatible; MSIE 8.0; Windows NT 5.2; Trident/4.0; .NET CLR 1.1.4322; .NET CLR 2.0.50727; .NET CLR 3.0.4506.2152; .NET CLR 3.5.30729)"
95.108.158.244 - - [10/Aug/2011:22:16:40 +0200] "GET /clearpixel.gif HTTP/1.1" 304 - "-" "Mozilla/5.0 (compatible; YandexImages/3.0; +http://yandex.com/bots)"
95.108.158.134 - - [10/Aug/2011:22:34:51 +0200] "GET /robots.txt HTTP/1.1" 404 1256 "-" "Mozilla/5.0 (compatible; YandexBot/3.0; +http://yandex.com/bots)"
95.108.158.134 - - [10/Aug/2011:22:34:53 +0200] "GET /Shop/shop.html HTTP/1.1" 304 - "-" "Mozilla/5.0 (compatible; YandexBot/3.0; +http://yandex.com/bots)"
67.195.115.38 - - [10/Aug/2011:23:20:14 +0200] "GET /robots.txt HTTP/1.0" 404 1256 "-" "Mozilla/5.0 (compatible; Yahoo! Slurp; http://help.yahoo.com/help/us/ysearch/slurp)"
67.195.115.38 - - [10/Aug/2011:23:20:14 +0200] "GET /Shop/shop.html HTTP/1.0" 200 59578 "-" "Mozilla/5.0 (compatible; Yahoo! Slurp; http://help.yahoo.com/help/us/ysearch/slurp)"
208.115.111.68 - - [11/Aug/2011:03:08:06 +0200] "GET /robots.txt HTTP/1.1" 404 1256 "-" "Mozilla/5.0 (compatible; Ezooms/1.0; ezooms.bot@gmail.com)"
213.186.122.3 - - [11/Aug/2011:11:31:18 +0200] "GET /robots.txt HTTP/1.1" 404 1256 "-" "Mozilla/5.0 (compatible; SiteBot/0.1; +http://www.sitebot.org/robot/)"
213.186.122.3 - - [11/Aug/2011:11:31:19 +0200] "GET /Produkte/Tonerkartuschen/tonerkartuschen.html HTTP/1.1" 200 13203 "-" "Mozilla/5.0 (compatible; SiteBot/0.1; +http://www.sitebot.org/robot/)"
213.186.122.3 - - [11/Aug/2011:11:31:20 +0200] "GET /Produkte/weitere_Produkte/weitere_produkte.html HTTP/1.1" 200 12524 "-" "Mozilla/5.0 (compatible; SiteBot/0.1; +http://www.sitebot.org/robot/)"
67.195.115.38 - - [11/Aug/2011:11:45:32 +0200] "GET /robots.txt HTTP/1.0" 404 1256 "-" "Mozilla/5.0 (compatible; Yahoo! Slurp; http://help.yahoo.com/help/us/ysearch/slurp)"
67.195.115.38 - - [11/Aug/2011:11:45:33 +0200] "GET /Shop/Filter/filter_0.html HTTP/1.0" 200 26544 "-" "Mozilla/5.0 (compatible; Yahoo! Slurp; http://help.yahoo.com/help/us/ysearch/slurp)"
95.108.158.244 - - [11/Aug/2011:12:58:15 +0200] "GET /robots.txt HTTP/1.1" 404 1256 "-" "Mozilla/5.0 (compatible; YandexImages/3.0; +http://yandex.com/bots)"
87.139.99.110 - - [11/Aug/2011:15:21:49 +0200] "GET / HTTP/1.1" 200 12828 "http://www.google.de/url?sa=t&source=web&cd=5&sqi=2&ved=0CDsQFjAE&url=http%3A%2F%2Fwww.sirius-berlin.de%2F&rct=j&q=sirius%20games%20berlin&ei=XtdDTrq1FcidOrvtlb8J&usg=AFQjCNGPtAUXJumSlzcucuvDG92yo-pnyg" "Mozilla/5.0 (Windows NT 6.1; rv:5.0) Gecko/20100101 Firefox/5.0"
87.139.99.110 - - [11/Aug/2011:15:21:49 +0200] "GET /clearpixel.gif HTTP/1.1" 200 43 "http://www.sirius-berlin.de/" "Mozilla/5.0 (Windows NT 6.1; rv:5.0) Gecko/20100101 Firefox/5.0"
87.139.99.110 - - [11/Aug/2011:15:21:49 +0200] "GET /Sirius-LOGO21.JPG HTTP/1.1" 200 2563 "http://www.sirius-berlin.de/" "Mozilla/5.0 (Windows NT 6.1; rv:5.0) Gecko/20100101 Firefox/5.0"
87.139.99.110 - - [11/Aug/2011:15:21:49 +0200] "GET /Home_Hp3.gif HTTP/1.1" 200 1773 "http://www.sirius-berlin.de/" "Mozilla/5.0 (Windows NT 6.1; rv:5.0) Gecko/20100101 Firefox/5.0"
87.139.99.110 - - [11/Aug/2011:15:21:49 +0200] "GET /Service_Kontakt_Np1.gif HTTP/1.1" 200 1794 "http://www.sirius-berlin.de/" "Mozilla/5.0 (Windows NT 6.1; rv:5.0) Gecko/20100101 Firefox/5.0"
87.139.99.110 - - [11/Aug/2011:15:21:49 +0200] "GET /Produkte_Np1.gif HTTP/1.1" 200 1744 "http://www.sirius-berlin.de/" "Mozilla/5.0 (Windows NT 6.1; rv:5.0) Gecko/20100101 Firefox/5.0"
87.139.99.110 - - [11/Aug/2011:15:21:49 +0200] "GET /Feinstaubfilter_Np1.gif HTTP/1.1" 200 1780 "http://www.sirius-berlin.de/" "Mozilla/5.0 (Windows NT 6.1; rv:5.0) Gecko/20100101 Firefox/5.0"
87.139.99.110 - - [11/Aug/2011:15:21:49 +0200] "GET /Impressum_Np1.gif HTTP/1.1" 200 1750 "http://www.sirius-berlin.de/" "Mozilla/5.0 (Windows NT 6.1; rv:5.0) Gecko/20100101 Firefox/5.0"
87.139.99.110 - - [11/Aug/2011:15:21:49 +0200] "GET /Shop_Np1.gif HTTP/1.1" 200 1699 "http://www.sirius-berlin.de/" "Mozilla/5.0 (Windows NT 6.1; rv:5.0) Gecko/20100101 Firefox/5.0"
87.139.99.110 - - [11/Aug/2011:15:21:50 +0200] "GET /background.gif HTTP/1.1" 200 5457 "http://www.sirius-berlin.de/" "Mozilla/5.0 (Windows NT 6.1; rv:5.0) Gecko/20100101 Firefox/5.0"
87.139.99.110 - - [11/Aug/2011:15:21:50 +0200] "GET /BuiltWithNOF.gif HTTP/1.1" 200 2587 "http://www.sirius-berlin.de/" "Mozilla/5.0 (Windows NT 6.1; rv:5.0) Gecko/20100101 Firefox/5.0"
87.139.99.110 - - [11/Aug/2011:15:21:50 +0200] "GET /Home_NnBanner.gif HTTP/1.1" 200 5803 "http://www.sirius-berlin.de/" "Mozilla/5.0 (Windows NT 6.1; rv:5.0) Gecko/20100101 Firefox/5.0"
87.139.99.110 - - [11/Aug/2011:15:21:50 +0200] "GET /Sirius-LOGO1.JPG HTTP/1.1" 200 4357 "http://www.sirius-berlin.de/" "Mozilla/5.0 (Windows NT 6.1; rv:5.0) Gecko/20100101 Firefox/5.0"
87.139.99.110 - - [11/Aug/2011:15:21:50 +0200] "GET /DSC0019902.JPG HTTP/1.1" 200 7772 "http://www.sirius-berlin.de/" "Mozilla/5.0 (Windows NT 6.1; rv:5.0) Gecko/20100101 Firefox/5.0"
87.139.99.110 - - [11/Aug/2011:15:21:50 +0200] "GET /favicon.ico HTTP/1.1" 404 1256 "-" "Mozilla/5.0 (Windows NT 6.1; rv:5.0) Gecko/20100101 Firefox/5.0"
87.139.99.110 - - [11/Aug/2011:15:21:50 +0200] "GET /favicon.ico HTTP/1.1" 404 1256 "-" "Mozilla/5.0 (Windows NT 6.1; rv:5.0) Gecko/20100101 Firefox/5.0"
87.139.99.110 - - [11/Aug/2011:15:21:50 +0200] "GET /favicon.ico HTTP/1.1" 404 1256 "-" "Mozilla/5.0 (Windows NT 6.1; rv:5.0) Gecko/20100101 Firefox/5.0"
67.195.115.38 - - [11/Aug/2011:15:30:50 +0200] "GET /Shop/Filter/filter_2.html HTTP/1.0" 200 26547 "-" "Mozilla/5.0 (compatible; Yahoo! Slurp; http://help.yahoo.com/help/us/ysearch/slurp)"
95.108.158.244 - - [11/Aug/2011:15:39:21 +0200] "GET /clearpixel.gif HTTP/1.1" 304 - "-" "Mozilla/5.0 (compatible; YandexImages/3.0; +http://yandex.com/bots)"
84.135.227.54 - - [11/Aug/2011:16:36:03 +0200] "GET / HTTP/1.1" 200 12828 "-" "Mozilla/4.0 (compatible; MSIE 8.0; Windows NT 5.1)"
84.135.227.54 - - [11/Aug/2011:16:36:04 +0200] "GET /favicon.ico HTTP/1.1" 404 1256 "http://www.sirius-berlin.de/" "Mozilla/4.0 (compatible; MSIE 8.0; Windows NT 5.1)"
84.135.227.54 - - [11/Aug/2011:16:51:58 +0200] "GET / HTTP/1.1" 200 12828 "-" "Mozilla/4.0 (compatible; MSIE 8.0; Windows NT 5.1)"
67.195.115.38 - - [11/Aug/2011:17:14:49 +0200] "GET /Service_Kontakt/service_kontakt.html HTTP/1.0" 200 11157 "-" "Mozilla/5.0 (compatible; Yahoo! Slurp; http://help.yahoo.com/help/us/ysearch/slurp)"
85.25.71.15 - - [11/Aug/2011:18:27:00 +0200] "GET / HTTP/1.1" 200 12828 "-" "Mozilla/5.0 (X11; U; Linux i686; en-US; rv:1.9.0.1) Gecko/2008070206 Firefox/3.0.1"
85.25.71.15 - - [11/Aug/2011:18:27:00 +0200] "GET /Impressum/impressum.html HTTP/1.1" 200 11991 "-" "Mozilla/5.0 (X11; U; Linux i686; en-US; rv:1.9.0.1) Gecko/2008070206 Firefox/3.0.1"
95.108.158.244 - - [12/Aug/2011:00:58:35 +0200] "GET /Produkte_Np1.gif HTTP/1.1" 304 - "-" "Mozilla/5.0 (compatible; YandexImages/3.0; +http://yandex.com/bots)"
208.80.194.27 - - [12/Aug/2011:01:41:24 +0200] "GET / HTTP/1.0" 200 12828 "-" "Mozilla/4.0 (compatible; MSIE 7.0; Windows NT 5.1; SIMBAR={A1867BE4-F04F-4D76-8AD9-0642D8785988}; .NET CLR 1.1.4322; .NET CLR 2.0.50727; .NET CLR 3.0.04506.30; SpamBlockerUtility 4.8.4)"
95.108.158.244 - - [12/Aug/2011:03:15:39 +0200] "GET /Service_Kontakt_Np1.gif HTTP/1.1" 304 - "-" "Mozilla/5.0 (compatible; YandexImages/3.0; +http://yandex.com/bots)"
95.108.158.244 - - [12/Aug/2011:04:24:10 +0200] "GET /Feinstaubfilter_Np1.gif HTTP/1.1" 304 - "-" "Mozilla/5.0 (compatible; YandexImages/3.0; +http://yandex.com/bots)"
157.55.17.73 - - [12/Aug/2011:06:22:59 +0200] "GET / HTTP/1.1" 200 12828 "-" "Mozilla/4.0 (compatible; MSIE 6.0; Windows NT 5.1; SLCC1; .NET CLR 1.1.4325; .NET CLR 2.0.50727; .NET CLR 3.0.04506.648)"
157.55.17.73 - - [12/Aug/2011:06:23:02 +0200] "GET /rollover.js HTTP/1.1" 200 32709 "http://www.sirius-berlin.de/" "Mozilla/4.0 (compatible; MSIE 6.0; Windows NT 5.1; SLCC1; .NET CLR 1.1.4325; .NET CLR 2.0.50727; .NET CLR 3.0.04506.648)"
109.87.138.55 - - [12/Aug/2011:06:27:00 +0200] "GET /robots.txt HTTP/1.0" 404 1256 "-" "Mozilla/5.0 (compatible; MJ12bot/v1.4.0; http://www.majestic12.co.uk/bot.php?+)"
109.87.138.55 - - [12/Aug/2011:06:27:09 +0200] "GET / HTTP/1.1" 200 12828 "-" "Mozilla/5.0 (compatible; MJ12bot/v1.4.0; http://www.majestic12.co.uk/bot.php?+)"
66.249.72.45 - - [12/Aug/2011:07:32:51 +0200] "GET /robots.txt HTTP/1.1" 404 1256 "-" "Mozilla/5.0 (compatible; Googlebot/2.1; +http://www.google.com/bot.html)"
66.249.72.45 - - [12/Aug/2011:07:32:52 +0200] "GET / HTTP/1.1" 304 - "-" "Mozilla/5.0 (compatible; Googlebot/2.1; +http://www.google.com/bot.html)"
46.14.224.15 - - [12/Aug/2011:10:32:55 +0200] "GET / HTTP/1.1" 200 12828 "http://www.gelbeseiten.de/yp/122//subscriberlist_pageAction.yp?sessionDataString=H4sIAAAAAAAAAI2Qy07DQAxFv6bLVOPHPCLvWlFggUAgsa2miacEhbQkobR8PZMIFuzw5tjX9pVliGRqqgMUsQxacKpcETlpkcAmwEAu2VjsqqRaMQo6oQVutN/rrmuGthlGzfX10/aPJOXlKG7VN5o-p3obqpV1c8V4lrrRvm058AcL/sQljH2ud8qar9Sw1IMpIRE7ef7xeAcxvyAHkaMjICUpvgeUTPLHzcra4tMgG5AK0ZABrSvkCWWHuLvwaHcAMDBkWLXFmGRhn-pDIDALybifMOAKGZ6NlOumwmF7lBuR0O/bjttdVT7CqVOzBIASyzk/t56CHf-pJif8JxvS8CBS/LBgnwDCH9QdY4BAAA-e&page=3&filterTrade=2611&filterFunction=&sortBy=sort_relevance&availableLetters=ABCDEGHIKLMOPRSTVWZ" "Mozilla/5.0 (Windows NT 6.0; rv:5.0) Gecko/20100101 Firefox/5.0"
46.14.224.15 - - [12/Aug/2011:10:32:55 +0200] "GET /Feinstaubfilter_Np1.gif HTTP/1.1" 200 1780 "http://www.sirius-berlin.de/" "Mozilla/5.0 (Windows NT 6.0; rv:5.0) Gecko/20100101 Firefox/5.0"
46.14.224.15 - - [12/Aug/2011:10:32:55 +0200] "GET /clearpixel.gif HTTP/1.1" 200 43 "http://www.sirius-berlin.de/" "Mozilla/5.0 (Windows NT 6.0; rv:5.0) Gecko/20100101 Firefox/5.0"
46.14.224.15 - - [12/Aug/2011:10:32:55 +0200] "GET /Sirius-LOGO21.JPG HTTP/1.1" 200 2563 "http://www.sirius-berlin.de/" "Mozilla/5.0 (Windows NT 6.0; rv:5.0) Gecko/20100101 Firefox/5.0"
46.14.224.15 - - [12/Aug/2011:10:32:55 +0200] "GET /Home_Hp3.gif HTTP/1.1" 200 1773 "http://www.sirius-berlin.de/" "Mozilla/5.0 (Windows NT 6.0; rv:5.0) Gecko/20100101 Firefox/5.0"
46.14.224.15 - - [12/Aug/2011:10:32:55 +0200] "GET /Produkte_Np1.gif HTTP/1.1" 200 1744 "http://www.sirius-berlin.de/" "Mozilla/5.0 (Windows NT 6.0; rv:5.0) Gecko/20100101 Firefox/5.0"
46.14.224.15 - - [12/Aug/2011:10:32:55 +0200] "GET /Service_Kontakt_Np1.gif HTTP/1.1" 200 1794 "http://www.sirius-berlin.de/" "Mozilla/5.0 (Windows NT 6.0; rv:5.0) Gecko/20100101 Firefox/5.0"
46.14.224.15 - - [12/Aug/2011:10:32:55 +0200] "GET /Impressum_Np1.gif HTTP/1.1" 200 1750 "http://www.sirius-berlin.de/" "Mozilla/5.0 (Windows NT 6.0; rv:5.0) Gecko/20100101 Firefox/5.0"
46.14.224.15 - - [12/Aug/2011:10:32:55 +0200] "GET /Shop_Np1.gif HTTP/1.1" 200 1699 "http://www.sirius-berlin.de/" "Mozilla/5.0 (Windows NT 6.0; rv:5.0) Gecko/20100101 Firefox/5.0"
46.14.224.15 - - [12/Aug/2011:10:32:55 +0200] "GET /Home_NnBanner.gif HTTP/1.1" 200 5803 "http://www.sirius-berlin.de/" "Mozilla/5.0 (Windows NT 6.0; rv:5.0) Gecko/20100101 Firefox/5.0"
46.14.224.15 - - [12/Aug/2011:10:32:55 +0200] "GET /BuiltWithNOF.gif HTTP/1.1" 200 2587 "http://www.sirius-berlin.de/" "Mozilla/5.0 (Windows NT 6.0; rv:5.0) Gecko/20100101 Firefox/5.0"
46.14.224.15 - - [12/Aug/2011:10:32:55 +0200] "GET /Sirius-LOGO1.JPG HTTP/1.1" 200 4357 "http://www.sirius-berlin.de/" "Mozilla/5.0 (Windows NT 6.0; rv:5.0) Gecko/20100101 Firefox/5.0"
46.14.224.15 - - [12/Aug/2011:10:32:55 +0200] "GET /DSC0019902.JPG HTTP/1.1" 200 7772 "http://www.sirius-berlin.de/" "Mozilla/5.0 (Windows NT 6.0; rv:5.0) Gecko/20100101 Firefox/5.0"
46.14.224.15 - - [12/Aug/2011:10:32:55 +0200] "GET /rollover.js HTTP/1.1" 200 32709 "http://www.sirius-berlin.de/" "Mozilla/5.0 (Windows NT 6.0; rv:5.0) Gecko/20100101 Firefox/5.0"
46.14.224.15 - - [12/Aug/2011:10:32:56 +0200] "GET /Home_HRp4.gif HTTP/1.1" 200 2027 "http://www.sirius-berlin.de/" "Mozilla/5.0 (Windows NT 6.0; rv:5.0) Gecko/20100101 Firefox/5.0"
46.14.224.15 - - [12/Aug/2011:10:32:56 +0200] "GET /Produkte_NRp2.gif HTTP/1.1" 200 2001 "http://www.sirius-berlin.de/" "Mozilla/5.0 (Windows NT 6.0; rv:5.0) Gecko/20100101 Firefox/5.0"
46.14.224.15 - - [12/Aug/2011:10:32:56 +0200] "GET /Feinstaubfilter_NRp2.gif HTTP/1.1" 200 2034 "http://www.sirius-berlin.de/" "Mozilla/5.0 (Windows NT 6.0; rv:5.0) Gecko/20100101 Firefox/5.0"
46.14.224.15 - - [12/Aug/2011:10:32:56 +0200] "GET /Service_Kontakt_NRp2.gif HTTP/1.1" 200 2044 "http://www.sirius-berlin.de/" "Mozilla/5.0 (Windows NT 6.0; rv:5.0) Gecko/20100101 Firefox/5.0"
46.14.224.15 - - [12/Aug/2011:10:32:56 +0200] "GET /Impressum_NRp2.gif HTTP/1.1" 200 2011 "http://www.sirius-berlin.de/" "Mozilla/5.0 (Windows NT 6.0; rv:5.0) Gecko/20100101 Firefox/5.0"
46.14.224.15 - - [12/Aug/2011:10:32:56 +0200] "GET /Shop_NRp2.gif HTTP/1.1" 200 1954 "http://www.sirius-berlin.de/" "Mozilla/5.0 (Windows NT 6.0; rv:5.0) Gecko/20100101 Firefox/5.0"
46.14.224.15 - - [12/Aug/2011:10:32:57 +0200] "GET /background.gif HTTP/1.1" 200 5457 "http://www.sirius-berlin.de/" "Mozilla/5.0 (Windows NT 6.0; rv:5.0) Gecko/20100101 Firefox/5.0"
46.14.224.15 - - [12/Aug/2011:10:32:57 +0200] "GET /favicon.ico HTTP/1.1" 404 1256 "-" "Mozilla/5.0 (Windows NT 6.0; rv:5.0) Gecko/20100101 Firefox/5.0"
46.14.224.15 - - [12/Aug/2011:10:32:58 +0200] "GET /favicon.ico HTTP/1.1" 404 1256 "-" "Mozilla/5.0 (Windows NT 6.0; rv:5.0) Gecko/20100101 Firefox/5.0"
46.14.224.15 - - [12/Aug/2011:10:36:01 +0200] "GET /Produkte/produkte.html HTTP/1.1" 200 17755 "http://www.sirius-berlin.de/" "Mozilla/5.0 (Windows NT 6.0; rv:5.0) Gecko/20100101 Firefox/5.0"
46.14.224.15 - - [12/Aug/2011:10:36:03 +0200] "GET /Produkte_Hp3.gif HTTP/1.1" 200 1878 "http://www.sirius-berlin.de/Produkte/produkte.html" "Mozilla/5.0 (Windows NT 6.0; rv:5.0) Gecko/20100101 Firefox/5.0"
46.14.224.15 - - [12/Aug/2011:10:36:03 +0200] "GET /Produkte_NnBanner.gif HTTP/1.1" 200 5997 "http://www.sirius-berlin.de/Produkte/produkte.html" "Mozilla/5.0 (Windows NT 6.0; rv:5.0) Gecko/20100101 Firefox/5.0"
46.14.224.15 - - [12/Aug/2011:10:36:03 +0200] "GET /Produkte/a_thumb_Multipack02.jpg HTTP/1.1" 200 19266 "http://www.sirius-berlin.de/Produkte/produkte.html" "Mozilla/5.0 (Windows NT 6.0; rv:5.0) Gecko/20100101 Firefox/5.0"
46.14.224.15 - - [12/Aug/2011:10:36:05 +0200] "GET /RAL-UZ-55-FEB-2004_16003.jpg HTTP/1.1" 200 52762 "http://www.sirius-berlin.de/Produkte/produkte.html" "Mozilla/5.0 (Windows NT 6.0; rv:5.0) Gecko/20100101 Firefox/5.0"
46.14.224.15 - - [12/Aug/2011:10:36:05 +0200] "GET /zertifikat04.gif HTTP/1.1" 200 18090 "http://www.sirius-berlin.de/Produkte/produkte.html" "Mozilla/5.0 (Windows NT 6.0; rv:5.0) Gecko/20100101 Firefox/5.0"
46.14.224.15 - - [12/Aug/2011:10:36:05 +0200] "GET /Home_Np1.gif HTTP/1.1" 200 1706 "http://www.sirius-berlin.de/Produkte/produkte.html" "Mozilla/5.0 (Windows NT 6.0; rv:5.0) Gecko/20100101 Firefox/5.0"
46.14.224.15 - - [12/Aug/2011:10:36:05 +0200] "GET /Tintenpatronen_Ns1.gif HTTP/1.1" 200 1954 "http://www.sirius-berlin.de/Produkte/produkte.html" "Mozilla/5.0 (Windows NT 6.0; rv:5.0) Gecko/20100101 Firefox/5.0"
46.14.224.15 - - [12/Aug/2011:10:36:05 +0200] "GET /Tonerkartuschen_Ns1.gif HTTP/1.1" 200 1960 "http://www.sirius-berlin.de/Produkte/produkte.html" "Mozilla/5.0 (Windows NT 6.0; rv:5.0) Gecko/20100101 Firefox/5.0"
46.14.224.15 - - [12/Aug/2011:10:36:05 +0200] "GET /weitere_Produkte_Ns1.gif HTTP/1.1" 200 1960 "http://www.sirius-berlin.de/Produkte/produkte.html" "Mozilla/5.0 (Windows NT 6.0; rv:5.0) Gecko/20100101 Firefox/5.0"
46.14.224.15 - - [12/Aug/2011:10:36:05 +0200] "GET /Produkte_HRp4.gif HTTP/1.1" 200 2518 "http://www.sirius-berlin.de/Produkte/produkte.html" "Mozilla/5.0 (Windows NT 6.0; rv:5.0) Gecko/20100101 Firefox/5.0"
46.14.224.15 - - [12/Aug/2011:10:36:05 +0200] "GET /Home_NRp2.gif HTTP/1.1" 200 1965 "http://www.sirius-berlin.de/Produkte/produkte.html" "Mozilla/5.0 (Windows NT 6.0; rv:5.0) Gecko/20100101 Firefox/5.0"
46.14.224.15 - - [12/Aug/2011:10:36:05 +0200] "GET /Tintenpatronen_NRs2.gif HTTP/1.1" 200 1930 "http://www.sirius-berlin.de/Produkte/produkte.html" "Mozilla/5.0 (Windows NT 6.0; rv:5.0) Gecko/20100101 Firefox/5.0"
46.14.224.15 - - [12/Aug/2011:10:36:05 +0200] "GET /Tonerkartuschen_NRs2.gif HTTP/1.1" 200 1935 "http://www.sirius-berlin.de/Produkte/produkte.html" "Mozilla/5.0 (Windows NT 6.0; rv:5.0) Gecko/20100101 Firefox/5.0"
46.14.224.15 - - [12/Aug/2011:10:36:05 +0200] "GET /weitere_Produkte_NRs2.gif HTTP/1.1" 200 1935 "http://www.sirius-berlin.de/Produkte/produkte.html" "Mozilla/5.0 (Windows NT 6.0; rv:5.0) Gecko/20100101 Firefox/5.0"
46.14.224.15 - - [12/Aug/2011:10:36:06 +0200] "GET /DSC00199.JPG HTTP/1.1" 200 7772 "http://www.sirius-berlin.de/Produkte/produkte.html" "Mozilla/5.0 (Windows NT 6.0; rv:5.0) Gecko/20100101 Firefox/5.0"
95.108.158.244 - - [12/Aug/2011:12:14:24 +0200] "GET /clearpixel.gif HTTP/1.1" 304 - "-" "Mozilla/5.0 (compatible; YandexImages/3.0; +http://yandex.com/bots)"
65.52.104.82 - - [12/Aug/2011:15:16:53 +0200] "GET /robots.txt HTTP/1.1" 404 1256 "-" "Mozilla/5.0 (compatible; bingbot/2.0; +http://www.bing.com/bingbot.htm)"
65.52.104.82 - - [12/Aug/2011:15:17:59 +0200] "GET /Impressum/impressum.html HTTP/1.1" 304 - "-" "Mozilla/5.0 (compatible; bingbot/2.0; +http://www.bing.com/bingbot.htm)"
95.108.158.244 - - [12/Aug/2011:16:04:26 +0200] "GET /robots.txt HTTP/1.1" 404 1256 "-" "Mozilla/5.0 (compatible; YandexImages/3.0; +http://yandex.com/bots)"
209.160.65.104 - - [12/Aug/2011:16:24:02 +0200] "GET / HTTP/1.0" 206 12828 "-" "Mozilla/4.0 (compatible; MSIE 6.0; Windows NT 5.1; SV1)"
95.108.158.244 - - [12/Aug/2011:17:04:56 +0200] "GET /Shop_Np1.gif HTTP/1.1" 304 - "-" "Mozilla/5.0 (compatible; YandexImages/3.0; +http://yandex.com/bots)"
62.75.221.190 - - [12/Aug/2011:17:18:56 +0200] "GET / HTTP/1.1" 200 12828 "-" "Mozilla/4.0 (compatible; MSIE 6.0; Windows 98; Win 9x4.90)"
208.115.111.248 - - [12/Aug/2011:20:08:20 +0200] "GET /robots.txt HTTP/1.1" 404 1256 "-" "Mozilla/5.0 (compatible; DotBot/1.1; http://www.dotnetdotcom.org/, crawler@dotnetdotcom.org)"
208.115.111.248 - - [13/Aug/2011:00:16:35 +0200] "GET /robots.txt HTTP/1.1" 404 1256 "-" "Mozilla/5.0 (compatible; DotBot/1.1; http://www.dotnetdotcom.org/, crawler@dotnetdotcom.org)"
208.115.111.248 - - [13/Aug/2011:01:16:59 +0200] "GET / HTTP/1.1" 200 12828 "-" "Mozilla/5.0 (compatible; DotBot/1.1; http://www.dotnetdotcom.org/, crawler@dotnetdotcom.org)"
208.115.111.248 - - [13/Aug/2011:01:17:04 +0200] "GET /Feinstaubfilter/Dexwet/dexwet.html HTTP/1.1" 200 16100 "-" "Mozilla/5.0 (compatible; DotBot/1.1; http://www.dotnetdotcom.org/, crawler@dotnetdotcom.org)"
208.115.111.248 - - [13/Aug/2011:01:17:09 +0200] "GET /Feinstaubfilter/micronair/micronair.html HTTP/1.1" 200 19812 "-" "Mozilla/5.0 (compatible; DotBot/1.1; http://www.dotnetdotcom.org/, crawler@dotnetdotcom.org)"
208.115.111.248 - - [13/Aug/2011:01:17:14 +0200] "GET /Produkte/Tonerkartuschen/tonerkartuschen.html HTTP/1.1" 200 13203 "-" "Mozilla/5.0 (compatible; DotBot/1.1; http://www.dotnetdotcom.org/, crawler@dotnetdotcom.org)"
123.125.71.102 - - [13/Aug/2011:02:50:14 +0200] "GET / HTTP/1.1" 200 12828 "-" "Mozilla/5.0 (compatible; Baiduspider/2.0; +http://www.baidu.com/search/spider.html)"
208.115.111.248 - - [13/Aug/2011:04:41:46 +0200] "GET /robots.txt HTTP/1.1" 404 1256 "-" "Mozilla/5.0 (compatible; DotBot/1.1; http://www.dotnetdotcom.org/, crawler@dotnetdotcom.org)"
208.115.111.248 - - [13/Aug/2011:05:39:28 +0200] "GET /Feinstaubfilter/feinstaubfilter.html HTTP/1.1" 200 13065 "-" "Mozilla/5.0 (compatible; DotBot/1.1; http://www.dotnetdotcom.org/, crawler@dotnetdotcom.org)"
208.115.111.248 - - [13/Aug/2011:05:39:32 +0200] "GET /Impressum/impressum.html HTTP/1.1" 200 11991 "-" "Mozilla/5.0 (compatible; DotBot/1.1; http://www.dotnetdotcom.org/, crawler@dotnetdotcom.org)"
208.115.111.248 - - [13/Aug/2011:05:39:36 +0200] "GET /Produkte/Tintenpatronen/tintenpatronen.html HTTP/1.1" 200 15225 "-" "Mozilla/5.0 (compatible; DotBot/1.1; http://www.dotnetdotcom.org/, crawler@dotnetdotcom.org)"
208.115.111.248 - - [13/Aug/2011:05:39:41 +0200] "GET /Produkte/produkte.html HTTP/1.1" 200 17755 "-" "Mozilla/5.0 (compatible; DotBot/1.1; http://www.dotnetdotcom.org/, crawler@dotnetdotcom.org)"
208.115.111.248 - - [13/Aug/2011:05:39:46 +0200] "GET /Produkte/weitere_Produkte/weitere_produkte.html HTTP/1.1" 200 12524 "-" "Mozilla/5.0 (compatible; DotBot/1.1; http://www.dotnetdotcom.org/, crawler@dotnetdotcom.org)"
208.115.111.248 - - [13/Aug/2011:05:39:51 +0200] "GET /Service_Kontakt/service_kontakt.html HTTP/1.1" 200 11157 "-" "Mozilla/5.0 (compatible; DotBot/1.1; http://www.dotnetdotcom.org/, crawler@dotnetdotcom.org)"
208.115.111.248 - - [13/Aug/2011:05:39:56 +0200] "GET /Shop/Filter/filter_0.html HTTP/1.1" 200 26544 "-" "Mozilla/5.0 (compatible; DotBot/1.1; http://www.dotnetdotcom.org/, crawler@dotnetdotcom.org)"
208.115.111.248 - - [13/Aug/2011:05:40:01 +0200] "GET /Shop/Filter/filter_1.html HTTP/1.1" 200 26543 "-" "Mozilla/5.0 (compatible; DotBot/1.1; http://www.dotnetdotcom.org/, crawler@dotnetdotcom.org)"
208.115.111.248 - - [13/Aug/2011:05:40:07 +0200] "GET /Shop/Filter/filter_2.html HTTP/1.1" 200 26547 "-" "Mozilla/5.0 (compatible; DotBot/1.1; http://www.dotnetdotcom.org/, crawler@dotnetdotcom.org)"
208.115.111.248 - - [13/Aug/2011:05:40:12 +0200] "GET /index.html HTTP/1.1" 200 12828 "-" "Mozilla/5.0 (compatible; DotBot/1.1; http://www.dotnetdotcom.org/, crawler@dotnetdotcom.org)"
95.108.158.134 - - [13/Aug/2011:05:58:39 +0200] "GET /robots.txt HTTP/1.1" 404 1256 "-" "Mozilla/5.0 (compatible; YandexBot/3.0; +http://yandex.com/bots)"
208.115.111.248 - - [13/Aug/2011:09:47:07 +0200] "GET /Shop/shop.html HTTP/1.1" 200 59578 "-" "Mozilla/5.0 (compatible; DotBot/1.1; http://www.dotnetdotcom.org/, crawler@dotnetdotcom.org)"
95.108.158.134 - - [13/Aug/2011:10:12:20 +0200] "GET / HTTP/1.1" 200 12828 "-" "Mozilla/5.0 (compatible; YandexBot/3.0; +http://yandex.com/bots)"
85.25.71.15 - - [13/Aug/2011:11:16:21 +0200] "GET / HTTP/1.1" 200 12828 "-" "Mozilla/5.0 (X11; U; Linux i686; en-US; rv:1.9.0.1) Gecko/2008070206 Firefox/3.0.1"
85.25.71.15 - - [13/Aug/2011:11:16:21 +0200] "GET /Impressum/impressum.html HTTP/1.1" 200 11991 "-" "Mozilla/5.0 (X11; U; Linux i686; en-US; rv:1.9.0.1) Gecko/2008070206 Firefox/3.0.1"
95.108.158.244 - - [13/Aug/2011:12:02:36 +0200] "GET /clearpixel.gif HTTP/1.1" 304 - "-" "Mozilla/5.0 (compatible; YandexImages/3.0; +http://yandex.com/bots)"
193.99.144.71 - - [13/Aug/2011:13:56:41 +0200] "GET /robots.txt HTTP/1.0" 404 1256 "-" "heise-IT-Markt-Crawler (www.heise.de/itmarkt)"
193.99.144.71 - - [13/Aug/2011:13:56:42 +0200] "GET / HTTP/1.0" 200 12828 "-" "heise-IT-Markt-Crawler (www.heise.de/itmarkt)"
193.99.144.71 - - [13/Aug/2011:13:56:51 +0200] "GET /./index.html HTTP/1.0" 200 12828 "-" "heise-IT-Markt-Crawler (www.heise.de/itmarkt)"
193.99.144.71 - - [13/Aug/2011:13:56:55 +0200] "GET /./Produkte/produkte.html HTTP/1.0" 200 17755 "-" "heise-IT-Markt-Crawler (www.heise.de/itmarkt)"
193.99.144.71 - - [13/Aug/2011:13:57:01 +0200] "GET /./Feinstaubfilter/feinstaubfilter.html HTTP/1.0" 200 13065 "-" "heise-IT-Markt-Crawler (www.heise.de/itmarkt)"
193.99.144.71 - - [13/Aug/2011:13:57:10 +0200] "GET /./Service_Kontakt/service_kontakt.html HTTP/1.0" 200 11157 "-" "heise-IT-Markt-Crawler (www.heise.de/itmarkt)"
193.99.144.71 - - [13/Aug/2011:13:57:16 +0200] "GET /./Impressum/impressum.html HTTP/1.0" 200 11991 "-" "heise-IT-Markt-Crawler (www.heise.de/itmarkt)"
193.99.144.71 - - [13/Aug/2011:13:57:35 +0200] "GET /./Shop/shop.html HTTP/1.0" 200 59578 "-" "heise-IT-Markt-Crawler (www.heise.de/itmarkt)"
193.99.144.71 - - [13/Aug/2011:13:57:49 +0200] "GET /./index.html HTTP/1.0" 200 12828 "-" "heise-IT-Markt-Crawler (www.heise.de/itmarkt)"
193.99.144.71 - - [13/Aug/2011:13:57:49 +0200] "GET /././index.html HTTP/1.0" 200 12828 "-" "heise-IT-Markt-Crawler (www.heise.de/itmarkt)"
193.99.144.71 - - [13/Aug/2011:13:58:18 +0200] "GET /././Produkte/produkte.html HTTP/1.0" 200 17755 "-" "heise-IT-Markt-Crawler (www.heise.de/itmarkt)"
193.99.144.71 - - [13/Aug/2011:13:59:03 +0200] "GET /././Feinstaubfilter/feinstaubfilter.html HTTP/1.0" 200 13065 "-" "heise-IT-Markt-Crawler (www.heise.de/itmarkt)"
193.99.144.71 - - [13/Aug/2011:13:59:23 +0200] "GET /././Service_Kontakt/service_kontakt.html HTTP/1.0" 200 11157 "-" "heise-IT-Markt-Crawler (www.heise.de/itmarkt)"
193.99.144.71 - - [13/Aug/2011:13:59:42 +0200] "GET /././Impressum/impressum.html HTTP/1.0" 200 11991 "-" "heise-IT-Markt-Crawler (www.heise.de/itmarkt)"
193.99.144.71 - - [13/Aug/2011:13:59:51 +0200] "GET /././Shop/shop.html HTTP/1.0" 200 59578 "-" "heise-IT-Markt-Crawler (www.heise.de/itmarkt)"
193.99.144.71 - - [13/Aug/2011:13:59:58 +0200] "GET /././index.html HTTP/1.0" 200 12828 "-" "heise-IT-Markt-Crawler (www.heise.de/itmarkt)"
193.99.144.71 - - [13/Aug/2011:13:59:59 +0200] "GET /./././index.html HTTP/1.0" 200 12828 "-" "heise-IT-Markt-Crawler (www.heise.de/itmarkt)"
193.99.144.71 - - [13/Aug/2011:14:00:10 +0200] "GET /./././Produkte/produkte.html HTTP/1.0" 200 17755 "-" "heise-IT-Markt-Crawler (www.heise.de/itmarkt)"
193.99.144.71 - - [13/Aug/2011:14:00:11 +0200] "GET /./././Feinstaubfilter/feinstaubfilter.html HTTP/1.0" 200 13065 "-" "heise-IT-Markt-Crawler (www.heise.de/itmarkt)"
193.99.144.71 - - [13/Aug/2011:14:00:13 +0200] "GET /./././Service_Kontakt/service_kontakt.html HTTP/1.0" 200 11157 "-" "heise-IT-Markt-Crawler (www.heise.de/itmarkt)"
193.99.144.71 - - [13/Aug/2011:14:00:38 +0200] "GET /./././Impressum/impressum.html HTTP/1.0" 200 11991 "-" "heise-IT-Markt-Crawler (www.heise.de/itmarkt)"
193.99.144.71 - - [13/Aug/2011:14:00:45 +0200] "GET /./././Shop/shop.html HTTP/1.0" 200 59578 "-" "heise-IT-Markt-Crawler (www.heise.de/itmarkt)"
193.99.144.71 - - [13/Aug/2011:14:01:04 +0200] "GET /./././index.html HTTP/1.0" 200 12828 "-" "heise-IT-Markt-Crawler (www.heise.de/itmarkt)"
193.99.144.71 - - [13/Aug/2011:14:01:04 +0200] "GET /././././index.html HTTP/1.0" 200 12828 "-" "heise-IT-Markt-Crawler (www.heise.de/itmarkt)"
193.99.144.71 - - [13/Aug/2011:14:01:13 +0200] "GET /././././Produkte/produkte.html HTTP/1.0" 200 17755 "-" "heise-IT-Markt-Crawler (www.heise.de/itmarkt)"
193.99.144.71 - - [13/Aug/2011:14:01:20 +0200] "GET /././././Feinstaubfilter/feinstaubfilter.html HTTP/1.0" 200 13065 "-" "heise-IT-Markt-Crawler (www.heise.de/itmarkt)"
193.99.144.71 - - [13/Aug/2011:14:01:22 +0200] "GET /././././Service_Kontakt/service_kontakt.html HTTP/1.0" 200 11157 "-" "heise-IT-Markt-Crawler (www.heise.de/itmarkt)"
193.99.144.71 - - [13/Aug/2011:14:01:33 +0200] "GET /././././Impressum/impressum.html HTTP/1.0" 200 11991 "-" "heise-IT-Markt-Crawler (www.heise.de/itmarkt)"
193.99.144.71 - - [13/Aug/2011:14:01:35 +0200] "GET /././././Shop/shop.html HTTP/1.0" 200 59578 "-" "heise-IT-Markt-Crawler (www.heise.de/itmarkt)"
193.99.144.71 - - [13/Aug/2011:14:01:37 +0200] "GET /././././index.html HTTP/1.0" 200 12828 "-" "heise-IT-Markt-Crawler (www.heise.de/itmarkt)"
193.99.144.71 - - [13/Aug/2011:14:01:40 +0200] "GET /./././././index.html HTTP/1.0" 200 12828 "-" "heise-IT-Markt-Crawler (www.heise.de/itmarkt)"
208.80.194.33 - - [13/Aug/2011:14:35:13 +0200] "GET / HTTP/1.0" 200 12828 "-" "Mozilla/4.0 (compatible; MSIE 6.0; Windows NT 5.1; iP-CMPQ-HDD; SV1; .NET CLR 1.1.4322)"
96.45.173.3 - - [13/Aug/2011:22:28:51 +0200] "GET /public_html/ HTTP/1.0" 403 1222 "http://www.sirius-berlin.de/public_html/" "Mozilla/2.0 (compatible; MSIE 3.02; Windows CE; 240x320)"
96.45.173.3 - - [13/Aug/2011:22:28:52 +0200] "GET / HTTP/1.0" 200 12828 "http://www.sirius-berlin.de/public_html/" "Mozilla/2.0 (compatible; MSIE 3.02; Windows CE; 240x320)"
193.47.80.42 - - [14/Aug/2011:03:29:44 +0200] "GET /robots.txt HTTP/1.1" 404 1256 "-" "Mozilla/5.0 (compatible; Exabot/3.0; +http://www.exabot.com/go/robot)"
193.47.80.42 - - [14/Aug/2011:03:29:44 +0200] "GET / HTTP/1.1" 304 - "-" "Mozilla/5.0 (compatible; Exabot/3.0; +http://www.exabot.com/go/robot)"
95.108.158.134 - - [14/Aug/2011:04:25:15 +0200] "GET /robots.txt HTTP/1.1" 404 1256 "-" "Mozilla/5.0 (compatible; YandexBot/3.0; +http://yandex.com/bots)"
95.108.158.134 - - [14/Aug/2011:04:25:17 +0200] "GET / HTTP/1.1" 200 12828 "-" "Mozilla/5.0 (compatible; YandexBot/3.0; +http://yandex.com/bots)"
207.46.199.42 - - [14/Aug/2011:04:43:21 +0200] "GET /robots.txt HTTP/1.1" 404 1256 "-" "Mozilla/5.0 (compatible; bingbot/2.0; +http://www.bing.com/bingbot.htm)"
207.46.199.42 - - [14/Aug/2011:04:43:56 +0200] "GET /Service_Kontakt/service_kontakt.html HTTP/1.1" 304 - "-" "Mozilla/5.0 (compatible; bingbot/2.0; +http://www.bing.com/bingbot.htm)"
95.108.158.244 - - [14/Aug/2011:04:56:55 +0200] "GET /robots.txt HTTP/1.1" 404 1256 "-" "Mozilla/5.0 (compatible; YandexImages/3.0; +http://yandex.com/bots)"
82.165.37.69 - - [14/Aug/2011:05:14:47 +0200] "GET / HTTP/1.0" 200 12828 "http://logistique.li/?iptc/" "Mozilla/5.0 (compatible; IPTCBOT;"
66.249.72.45 - - [14/Aug/2011:05:48:54 +0200] "GET /robots.txt HTTP/1.1" 404 1256 "-" "Mozilla/5.0 (compatible; Googlebot/2.1; +http://www.google.com/bot.html)"
66.249.72.45 - - [14/Aug/2011:05:48:54 +0200] "GET /Impressum/impressum.html HTTP/1.1" 304 - "-" "Mozilla/5.0 (compatible; Googlebot/2.1; +http://www.google.com/bot.html)"
95.108.158.244 - - [14/Aug/2011:07:43:30 +0200] "GET /clearpixel.gif HTTP/1.1" 304 - "-" "Mozilla/5.0 (compatible; YandexImages/3.0; +http://yandex.com/bots)"
208.115.111.68 - - [14/Aug/2011:16:58:18 +0200] "GET /robots.txt HTTP/1.1" 404 1256 "-" "Mozilla/5.0 (compatible; Ezooms/1.0; ezooms.bot@gmail.com)"
95.108.158.244 - - [14/Aug/2011:18:32:22 +0200] "GET /robots.txt HTTP/1.1" 404 1256 "-" "Mozilla/5.0 (compatible; YandexImages/3.0; +http://yandex.com/bots)"
95.108.158.244 - - [14/Aug/2011:20:22:48 +0200] "GET /Home_NnBanner.gif HTTP/1.1" 304 - "-" "Mozilla/5.0 (compatible; YandexImages/3.0; +http://yandex.com/bots)"
93.219.93.91 - - [14/Aug/2011:21:44:01 +0200] "GET /robots.txt HTTP/1.0" 404 1256 "-" "Mozilla/5.0 (compatible; MJ12bot/v1.4.0; http://www.majestic12.co.uk/bot.php?+)"
93.219.93.91 - - [14/Aug/2011:21:44:02 +0200] "GET /Feinstaubfilter/feinstaubfilter.html HTTP/1.0" 200 13065 "-" "Mozilla/5.0 (compatible; MJ12bot/v1.4.0; http://www.majestic12.co.uk/bot.php?+)"
93.219.93.91 - - [14/Aug/2011:21:44:05 +0200] "GET /Impressum/impressum.html HTTP/1.0" 200 11991 "-" "Mozilla/5.0 (compatible; MJ12bot/v1.4.0; http://www.majestic12.co.uk/bot.php?+)"
93.219.93.91 - - [14/Aug/2011:21:44:07 +0200] "GET /Produkte/produkte.html HTTP/1.0" 200 17755 "-" "Mozilla/5.0 (compatible; MJ12bot/v1.4.0; http://www.majestic12.co.uk/bot.php?+)"
93.219.93.91 - - [14/Aug/2011:21:44:08 +0200] "GET /Service_Kontakt/service_kontakt.html HTTP/1.0" 200 11157 "-" "Mozilla/5.0 (compatible; MJ12bot/v1.4.0; http://www.majestic12.co.uk/bot.php?+)"
93.219.93.91 - - [14/Aug/2011:21:44:10 +0200] "GET /Shop/shop.html HTTP/1.0" 200 59578 "-" "Mozilla/5.0 (compatible; MJ12bot/v1.4.0; http://www.majestic12.co.uk/bot.php?+)"
93.219.93.91 - - [14/Aug/2011:21:44:12 +0200] "GET /index.html HTTP/1.0" 200 12828 "-" "Mozilla/5.0 (compatible; MJ12bot/v1.4.0; http://www.majestic12.co.uk/bot.php?+)"
123.125.71.99 - - [15/Aug/2011:03:26:17 +0200] "GET / HTTP/1.1" 200 12828 "-" "Mozilla/5.0 (compatible; Baiduspider/2.0; +http://www.baidu.com/search/spider.html)"
208.80.194.29 - - [15/Aug/2011:03:49:04 +0200] "GET / HTTP/1.0" 200 12828 "-" "Mozilla/4.0 (compatible; MSIE 7.0; Windows NT 6.0; SLCC1; .NET CLR 2.0.50727; Media Center PC 5.0; .NET CLR 3.0.04506; Alexa Toolbar)"
95.108.158.244 - - [15/Aug/2011:06:05:03 +0200] "GET /clearpixel.gif HTTP/1.1" 304 - "-" "Mozilla/5.0 (compatible; YandexImages/3.0; +http://yandex.com/bots)"
213.186.122.3 - - [15/Aug/2011:07:19:13 +0200] "GET /robots.txt HTTP/1.1" 404 1256 "-" "Mozilla/5.0 (compatible; SiteBot/0.1; +http://www.sitebot.org/robot/)"
213.186.122.3 - - [15/Aug/2011:07:19:13 +0200] "GET / HTTP/1.1" 200 12828 "-" "Mozilla/5.0 (compatible; SiteBot/0.1; +http://www.sitebot.org/robot/)"
213.186.122.3 - - [15/Aug/2011:07:19:15 +0200] "GET /Feinstaubfilter/Dexwet/dexwet.html HTTP/1.1" 200 16100 "-" "Mozilla/5.0 (compatible; SiteBot/0.1; +http://www.sitebot.org/robot/)"
213.186.122.3 - - [15/Aug/2011:07:19:16 +0200] "GET /Impressum/impressum.html HTTP/1.1" 200 11991 "-" "Mozilla/5.0 (compatible; SiteBot/0.1; +http://www.sitebot.org/robot/)"
213.186.122.3 - - [15/Aug/2011:07:19:18 +0200] "GET /Produkte/produkte.html HTTP/1.1" 200 17755 "-" "Mozilla/5.0 (compatible; SiteBot/0.1; +http://www.sitebot.org/robot/)"
213.186.122.3 - - [15/Aug/2011:07:19:20 +0200] "GET /index.html HTTP/1.1" 200 12828 "-" "Mozilla/5.0 (compatible; SiteBot/0.1; +http://www.sitebot.org/robot/)"
178.63.44.23 - - [15/Aug/2011:07:25:57 +0200] "GET /robots.txt HTTP/1.0" 404 1256 "-" "Mozilla/5.0 (compatible; MJ12bot/v1.4.0; http://www.majestic12.co.uk/bot.php?+)"
178.63.44.23 - - [15/Aug/2011:07:26:00 +0200] "GET / HTTP/1.0" 200 12828 "-" "Mozilla/5.0 (compatible; MJ12bot/v1.4.0; http://www.majestic12.co.uk/bot.php?+)"
193.47.80.42 - - [15/Aug/2011:12:48:53 +0200] "GET /robots.txt HTTP/1.1" 404 1256 "-" "Mozilla/5.0 (compatible; Exabot/3.0; +http://www.exabot.com/go/robot)"
193.47.80.42 - - [15/Aug/2011:12:48:53 +0200] "GET / HTTP/1.1" 304 - "-" "Mozilla/5.0 (compatible; Exabot/3.0; +http://www.exabot.com/go/robot)"
85.179.137.86 - - [15/Aug/2011:18:15:26 +0200] "GET / HTTP/1.1" 200 12828 "http://www.google.de/url?sa=t&source=web&cd=3&ved=0CDAQFjAC&url=http%3A%2F%2Fwww.sirius-berlin.de%2F&rct=j&q=schweizer%20tal%20pankow%20schreibwarenladen&tbm=plcs&ei=XkVJTrCPCIPCswbL1KG5Bw&usg=AFQjCNGPtAUXJumSlzcucuvDG92yo-pnyg&cad=rja" "Mozilla/5.0 (Windows NT 5.1; rv:5.0) Gecko/20100101 Firefox/5.0"
85.179.137.86 - - [15/Aug/2011:18:15:26 +0200] "GET /Feinstaubfilter_Np1.gif HTTP/1.1" 200 1780 "http://www.sirius-berlin.de/" "Mozilla/5.0 (Windows NT 5.1; rv:5.0) Gecko/20100101 Firefox/5.0"
85.179.137.86 - - [15/Aug/2011:18:15:26 +0200] "GET /clearpixel.gif HTTP/1.1" 200 43 "http://www.sirius-berlin.de/" "Mozilla/5.0 (Windows NT 5.1; rv:5.0) Gecko/20100101 Firefox/5.0"
85.179.137.86 - - [15/Aug/2011:18:15:26 +0200] "GET /Produkte_Np1.gif HTTP/1.1" 200 1744 "http://www.sirius-berlin.de/" "Mozilla/5.0 (Windows NT 5.1; rv:5.0) Gecko/20100101 Firefox/5.0"
85.179.137.86 - - [15/Aug/2011:18:15:26 +0200] "GET /rollover.js HTTP/1.1" 200 32709 "http://www.sirius-berlin.de/" "Mozilla/5.0 (Windows NT 5.1; rv:5.0) Gecko/20100101 Firefox/5.0"
85.179.137.86 - - [15/Aug/2011:18:15:26 +0200] "GET /Sirius-LOGO21.JPG HTTP/1.1" 200 2563 "http://www.sirius-berlin.de/" "Mozilla/5.0 (Windows NT 5.1; rv:5.0) Gecko/20100101 Firefox/5.0"
85.179.137.86 - - [15/Aug/2011:18:15:26 +0200] "GET /Home_Hp3.gif HTTP/1.1" 200 1773 "http://www.sirius-berlin.de/" "Mozilla/5.0 (Windows NT 5.1; rv:5.0) Gecko/20100101 Firefox/5.0"
85.179.137.86 - - [15/Aug/2011:18:15:27 +0200] "GET /Service_Kontakt_Np1.gif HTTP/1.1" 200 1794 "http://www.sirius-berlin.de/" "Mozilla/5.0 (Windows NT 5.1; rv:5.0) Gecko/20100101 Firefox/5.0"
85.179.137.86 - - [15/Aug/2011:18:15:27 +0200] "GET /Impressum_Np1.gif HTTP/1.1" 200 1750 "http://www.sirius-berlin.de/" "Mozilla/5.0 (Windows NT 5.1; rv:5.0) Gecko/20100101 Firefox/5.0"
85.179.137.86 - - [15/Aug/2011:18:15:27 +0200] "GET /Shop_Np1.gif HTTP/1.1" 200 1699 "http://www.sirius-berlin.de/" "Mozilla/5.0 (Windows NT 5.1; rv:5.0) Gecko/20100101 Firefox/5.0"
85.179.137.86 - - [15/Aug/2011:18:15:27 +0200] "GET /BuiltWithNOF.gif HTTP/1.1" 200 2587 "http://www.sirius-berlin.de/" "Mozilla/5.0 (Windows NT 5.1; rv:5.0) Gecko/20100101 Firefox/5.0"
85.179.137.86 - - [15/Aug/2011:18:15:27 +0200] "GET /Home_NnBanner.gif HTTP/1.1" 200 5803 "http://www.sirius-berlin.de/" "Mozilla/5.0 (Windows NT 5.1; rv:5.0) Gecko/20100101 Firefox/5.0"
85.179.137.86 - - [15/Aug/2011:18:15:27 +0200] "GET /DSC0019902.JPG HTTP/1.1" 200 7772 "http://www.sirius-berlin.de/" "Mozilla/5.0 (Windows NT 5.1; rv:5.0) Gecko/20100101 Firefox/5.0"
85.179.137.86 - - [15/Aug/2011:18:15:27 +0200] "GET /Produkte_NRp2.gif HTTP/1.1" 200 2001 "http://www.sirius-berlin.de/" "Mozilla/5.0 (Windows NT 5.1; rv:5.0) Gecko/20100101 Firefox/5.0"
85.179.137.86 - - [15/Aug/2011:18:15:27 +0200] "GET /Sirius-LOGO1.JPG HTTP/1.1" 200 4357 "http://www.sirius-berlin.de/" "Mozilla/5.0 (Windows NT 5.1; rv:5.0) Gecko/20100101 Firefox/5.0"
85.179.137.86 - - [15/Aug/2011:18:15:27 +0200] "GET /Feinstaubfilter_NRp2.gif HTTP/1.1" 200 2034 "http://www.sirius-berlin.de/" "Mozilla/5.0 (Windows NT 5.1; rv:5.0) Gecko/20100101 Firefox/5.0"
85.179.137.86 - - [15/Aug/2011:18:15:27 +0200] "GET /Service_Kontakt_NRp2.gif HTTP/1.1" 200 2044 "http://www.sirius-berlin.de/" "Mozilla/5.0 (Windows NT 5.1; rv:5.0) Gecko/20100101 Firefox/5.0"
85.179.137.86 - - [15/Aug/2011:18:15:27 +0200] "GET /Home_HRp4.gif HTTP/1.1" 200 2027 "http://www.sirius-berlin.de/" "Mozilla/5.0 (Windows NT 5.1; rv:5.0) Gecko/20100101 Firefox/5.0"
85.179.137.86 - - [15/Aug/2011:18:15:27 +0200] "GET /Shop_NRp2.gif HTTP/1.1" 200 1954 "http://www.sirius-berlin.de/" "Mozilla/5.0 (Windows NT 5.1; rv:5.0) Gecko/20100101 Firefox/5.0"
85.179.137.86 - - [15/Aug/2011:18:15:27 +0200] "GET /Impressum_NRp2.gif HTTP/1.1" 200 2011 "http://www.sirius-berlin.de/" "Mozilla/5.0 (Windows NT 5.1; rv:5.0) Gecko/20100101 Firefox/5.0"
85.179.137.86 - - [15/Aug/2011:18:15:28 +0200] "GET /background.gif HTTP/1.1" 200 5457 "http://www.sirius-berlin.de/" "Mozilla/5.0 (Windows NT 5.1; rv:5.0) Gecko/20100101 Firefox/5.0"
85.179.137.86 - - [15/Aug/2011:18:15:28 +0200] "GET /favicon.ico HTTP/1.1" 404 1256 "-" "Mozilla/5.0 (Windows NT 5.1; rv:5.0) Gecko/20100101 Firefox/5.0"
95.108.158.244 - - [15/Aug/2011:22:56:31 +0200] "GET /robots.txt HTTP/1.1" 404 1256 "-" "Mozilla/5.0 (compatible; YandexImages/3.0; +http://yandex.com/bots)"
95.108.158.244 - - [16/Aug/2011:00:19:01 +0200] "GET /clearpixel.gif HTTP/1.1" 304 - "-" "Mozilla/5.0 (compatible; YandexImages/3.0; +http://yandex.com/bots)"
67.195.115.38 - - [16/Aug/2011:01:50:50 +0200] "GET /robots.txt HTTP/1.0" 404 1256 "-" "Mozilla/5.0 (compatible; Yahoo! Slurp; http://help.yahoo.com/help/us/ysearch/slurp)"
67.195.115.38 - - [16/Aug/2011:01:50:50 +0200] "GET / HTTP/1.0" 200 12828 "-" "Mozilla/5.0 (compatible; Yahoo! Slurp; http://help.yahoo.com/help/us/ysearch/slurp)"
82.207.175.124 - - [16/Aug/2011:04:47:17 +0200] "GET / HTTP/1.1" 200 12828 "web2.cylex.de" "Mozilla/5.0 (Windows; U; Windows NT 5.1; en-US; rv:1.8.1.1) Gecko/20061204 Firefox/2.0.0.1"
82.207.175.124 - - [16/Aug/2011:04:47:17 +0200] "GET /index.html HTTP/1.1" 200 12828 "2" "Mozilla/5.0 (Windows; U; Windows NT 5.1; en-US; rv:1.8.1.1) Gecko/20061204 Firefox/2.0.0.1"
82.207.175.124 - - [16/Aug/2011:04:47:17 +0200] "GET /Produkte/produkte.html HTTP/1.1" 200 17755 "2" "Mozilla/5.0 (Windows; U; Windows NT 5.1; en-US; rv:1.8.1.1) Gecko/20061204 Firefox/2.0.0.1"
82.207.175.124 - - [16/Aug/2011:04:47:17 +0200] "GET /Produkte/Tonerkartuschen/tonerkartuschen.html HTTP/1.1" 200 13203 "2" "Mozilla/5.0 (Windows; U; Windows NT 5.1; en-US; rv:1.8.1.1) Gecko/20061204 Firefox/2.0.0.1"
82.207.175.124 - - [16/Aug/2011:04:47:17 +0200] "GET /Produkte/Tintenpatronen/tintenpatronen.html HTTP/1.1" 200 15225 "2" "Mozilla/5.0 (Windows; U; Windows NT 5.1; en-US; rv:1.8.1.1) Gecko/20061204 Firefox/2.0.0.1"
82.207.175.124 - - [16/Aug/2011:04:47:17 +0200] "GET /Produkte/weitere_Produkte/weitere_produkte.html HTTP/1.1" 200 12524 "2" "Mozilla/5.0 (Windows; U; Windows NT 5.1; en-US; rv:1.8.1.1) Gecko/20061204 Firefox/2.0.0.1"
82.207.175.124 - - [16/Aug/2011:04:47:17 +0200] "GET /Feinstaubfilter/feinstaubfilter.html HTTP/1.1" 200 13065 "2" "Mozilla/5.0 (Windows; U; Windows NT 5.1; en-US; rv:1.8.1.1) Gecko/20061204 Firefox/2.0.0.1"
82.207.175.124 - - [16/Aug/2011:04:47:17 +0200] "GET /Feinstaubfilter/Dexwet/dexwet.html HTTP/1.1" 200 16100 "2" "Mozilla/5.0 (Windows; U; Windows NT 5.1; en-US; rv:1.8.1.1) Gecko/20061204 Firefox/2.0.0.1"
82.207.175.124 - - [16/Aug/2011:04:47:17 +0200] "GET /Feinstaubfilter/micronair/micronair.html HTTP/1.1" 200 19812 "2" "Mozilla/5.0 (Windows; U; Windows NT 5.1; en-US; rv:1.8.1.1) Gecko/20061204 Firefox/2.0.0.1"
82.207.175.124 - - [16/Aug/2011:04:47:17 +0200] "GET /Service_Kontakt/service_kontakt.html HTTP/1.1" 200 11157 "2" "Mozilla/5.0 (Windows; U; Windows NT 5.1; en-US; rv:1.8.1.1) Gecko/20061204 Firefox/2.0.0.1"
141.15.33.1 - - [16/Aug/2011:10:11:42 +0200] "GET / HTTP/1.1" 200 12828 "-" "Mozilla/4.0 (compatible; MSIE 7.0; Windows NT 5.1)"
141.15.33.1 - - [16/Aug/2011:10:11:42 +0200] "GET /rollover.js HTTP/1.1" 200 32709 "http://www.sirius-berlin.de/" "Mozilla/4.0 (compatible; MSIE 7.0; Windows NT 5.1)"
141.15.33.1 - - [16/Aug/2011:10:11:42 +0200] "GET /Home_Hp3.gif HTTP/1.1" 200 1773 "http://www.sirius-berlin.de/" "Mozilla/4.0 (compatible; MSIE 7.0; Windows NT 5.1)"
141.15.33.1 - - [16/Aug/2011:10:11:42 +0200] "GET /clearpixel.gif HTTP/1.1" 200 43 "http://www.sirius-berlin.de/" "Mozilla/4.0 (compatible; MSIE 7.0; Windows NT 5.1)"
141.15.33.1 - - [16/Aug/2011:10:11:42 +0200] "GET /Sirius-LOGO21.JPG HTTP/1.1" 200 2563 "http://www.sirius-berlin.de/" "Mozilla/4.0 (compatible; MSIE 7.0; Windows NT 5.1)"
141.15.33.1 - - [16/Aug/2011:10:11:42 +0200] "GET /background.gif HTTP/1.1" 200 5457 "http://www.sirius-berlin.de/" "Mozilla/4.0 (compatible; MSIE 7.0; Windows NT 5.1)"
141.15.33.1 - - [16/Aug/2011:10:11:42 +0200] "GET /Produkte_Np1.gif HTTP/1.1" 200 1744 "http://www.sirius-berlin.de/" "Mozilla/4.0 (compatible; MSIE 7.0; Windows NT 5.1)"
141.15.33.1 - - [16/Aug/2011:10:11:42 +0200] "GET /Feinstaubfilter_Np1.gif HTTP/1.1" 200 1780 "http://www.sirius-berlin.de/" "Mozilla/4.0 (compatible; MSIE 7.0; Windows NT 5.1)"
141.15.33.1 - - [16/Aug/2011:10:11:42 +0200] "GET /Service_Kontakt_Np1.gif HTTP/1.1" 200 1794 "http://www.sirius-berlin.de/" "Mozilla/4.0 (compatible; MSIE 7.0; Windows NT 5.1)"
141.15.33.1 - - [16/Aug/2011:10:11:42 +0200] "GET /Impressum_Np1.gif HTTP/1.1" 200 1750 "http://www.sirius-berlin.de/" "Mozilla/4.0 (compatible; MSIE 7.0; Windows NT 5.1)"
141.15.33.1 - - [16/Aug/2011:10:11:42 +0200] "GET /Shop_Np1.gif HTTP/1.1" 200 1699 "http://www.sirius-berlin.de/" "Mozilla/4.0 (compatible; MSIE 7.0; Windows NT 5.1)"
141.15.33.1 - - [16/Aug/2011:10:11:42 +0200] "GET /Produkte_NRp2.gif HTTP/1.1" 200 2001 "http://www.sirius-berlin.de/" "Mozilla/4.0 (compatible; MSIE 7.0; Windows NT 5.1)"
141.15.33.1 - - [16/Aug/2011:10:11:42 +0200] "GET /Feinstaubfilter_NRp2.gif HTTP/1.1" 200 2034 "http://www.sirius-berlin.de/" "Mozilla/4.0 (compatible; MSIE 7.0; Windows NT 5.1)"
141.15.33.1 - - [16/Aug/2011:10:11:42 +0200] "GET /Service_Kontakt_NRp2.gif HTTP/1.1" 200 2044 "http://www.sirius-berlin.de/" "Mozilla/4.0 (compatible; MSIE 7.0; Windows NT 5.1)"
141.15.33.1 - - [16/Aug/2011:10:11:42 +0200] "GET /Impressum_NRp2.gif HTTP/1.1" 200 2011 "http://www.sirius-berlin.de/" "Mozilla/4.0 (compatible; MSIE 7.0; Windows NT 5.1)"
141.15.33.1 - - [16/Aug/2011:10:11:42 +0200] "GET /Shop_NRp2.gif HTTP/1.1" 200 1954 "http://www.sirius-berlin.de/" "Mozilla/4.0 (compatible; MSIE 7.0; Windows NT 5.1)"
141.15.33.1 - - [16/Aug/2011:10:11:42 +0200] "GET /Home_HRp4.gif HTTP/1.1" 200 2027 "http://www.sirius-berlin.de/" "Mozilla/4.0 (compatible; MSIE 7.0; Windows NT 5.1)"
141.15.33.1 - - [16/Aug/2011:10:11:44 +0200] "GET /BuiltWithNOF.gif HTTP/1.1" 200 2587 "http://www.sirius-berlin.de/" "Mozilla/4.0 (compatible; MSIE 7.0; Windows NT 5.1)"
141.15.33.1 - - [16/Aug/2011:10:11:44 +0200] "GET /Home_NnBanner.gif HTTP/1.1" 200 5803 "http://www.sirius-berlin.de/" "Mozilla/4.0 (compatible; MSIE 7.0; Windows NT 5.1)"
141.15.33.1 - - [16/Aug/2011:10:11:44 +0200] "GET /Sirius-LOGO1.JPG HTTP/1.1" 200 4357 "http://www.sirius-berlin.de/" "Mozilla/4.0 (compatible; MSIE 7.0; Windows NT 5.1)"
141.15.33.1 - - [16/Aug/2011:10:11:44 +0200] "GET /DSC0019902.JPG HTTP/1.1" 200 7772 "http://www.sirius-berlin.de/" "Mozilla/4.0 (compatible; MSIE 7.0; Windows NT 5.1)"
141.15.33.1 - - [16/Aug/2011:10:11:44 +0200] "GET /favicon.ico HTTP/1.1" 404 1256 "-" "Mozilla/4.0 (compatible; MSIE 7.0; Windows NT 5.1)"
141.15.33.1 - - [16/Aug/2011:10:11:54 +0200] "GET /Service_Kontakt/service_kontakt.html HTTP/1.1" 200 11157 "http://www.sirius-berlin.de/" "Mozilla/4.0 (compatible; MSIE 7.0; Windows NT 5.1)"
141.15.33.1 - - [16/Aug/2011:10:11:54 +0200] "GET /Home_Np1.gif HTTP/1.1" 200 1706 "http://www.sirius-berlin.de/Service_Kontakt/service_kontakt.html" "Mozilla/4.0 (compatible; MSIE 7.0; Windows NT 5.1)"
141.15.33.1 - - [16/Aug/2011:10:11:54 +0200] "GET /Service_Kontakt_Hp3.gif HTTP/1.1" 200 2451 "http://www.sirius-berlin.de/Service_Kontakt/service_kontakt.html" "Mozilla/4.0 (compatible; MSIE 7.0; Windows NT 5.1)"
141.15.33.1 - - [16/Aug/2011:10:11:54 +0200] "GET /Home_NRp2.gif HTTP/1.1" 200 1965 "http://www.sirius-berlin.de/Service_Kontakt/service_kontakt.html" "Mozilla/4.0 (compatible; MSIE 7.0; Windows NT 5.1)"
141.15.33.1 - - [16/Aug/2011:10:11:54 +0200] "GET /Service_Kontakt_HRp4.gif HTTP/1.1" 200 2700 "http://www.sirius-berlin.de/Service_Kontakt/service_kontakt.html" "Mozilla/4.0 (compatible; MSIE 7.0; Windows NT 5.1)"
141.15.33.1 - - [16/Aug/2011:10:11:54 +0200] "GET /Service_Kontakt_NnBanner.gif HTTP/1.1" 200 6313 "http://www.sirius-berlin.de/Service_Kontakt/service_kontakt.html" "Mozilla/4.0 (compatible; MSIE 7.0; Windows NT 5.1)"
95.108.158.134 - - [16/Aug/2011:12:22:27 +0200] "GET /robots.txt HTTP/1.1" 404 1256 "-" "Mozilla/5.0 (compatible; YandexBot/3.0; +http://yandex.com/bots)"
95.108.158.134 - - [16/Aug/2011:12:22:29 +0200] "GET /Feinstaubfilter/feinstaubfilter.html HTTP/1.1" 200 13065 "-" "Mozilla/5.0 (compatible; YandexBot/3.0; +http://yandex.com/bots)"
141.15.33.1 - - [16/Aug/2011:13:47:25 +0200] "GET /Produkte_Np1.gif HTTP/1.1" 200 1744 "http://www.sirius-berlin.de/" "Mozilla/5.0 (Windows; U; Windows NT 5.1; de; rv:1.9.1.5) Gecko/20091102 Firefox/3.5.5 (.NET CLR 3.5.30729)"
141.15.33.1 - - [16/Aug/2011:13:47:25 +0200] "GET /Feinstaubfilter_Np1.gif HTTP/1.1" 200 1780 "http://www.sirius-berlin.de/" "Mozilla/5.0 (Windows; U; Windows NT 5.1; de; rv:1.9.1.5) Gecko/20091102 Firefox/3.5.5 (.NET CLR 3.5.30729)"
141.15.33.1 - - [16/Aug/2011:13:47:25 +0200] "GET /background.gif HTTP/1.1" 200 5457 "http://www.sirius-berlin.de/" "Mozilla/5.0 (Windows; U; Windows NT 5.1; de; rv:1.9.1.5) Gecko/20091102 Firefox/3.5.5 (.NET CLR 3.5.30729)"
141.15.33.1 - - [16/Aug/2011:13:47:25 +0200] "GET /clearpixel.gif HTTP/1.1" 200 43 "http://www.sirius-berlin.de/" "Mozilla/5.0 (Windows; U; Windows NT 5.1; de; rv:1.9.1.5) Gecko/20091102 Firefox/3.5.5 (.NET CLR 3.5.30729)"
