192.249.36.3 - - [07/Dec/2010:10:19:28 +0100] "GET /opensite.js HTTP/1.1" 200 1125 "http://www.zahnarztpraxis-berlin-pankow.de/" "Mozilla/4.0 (compatible; MSIE 6.0; Windows NT 5.1; SV1; .NET CLR 2.0.50727; .NET CLR 3.0.04506.30; .NET CLR 3.0.04506.648; .NET CLR 3.0.4506.2152; .NET CLR 3.5.30729)"
192.249.36.3 - - [07/Dec/2010:10:19:28 +0100] "GET /flashopen.js HTTP/1.1" 200 604 "http://www.zahnarztpraxis-berlin-pankow.de/" "Mozilla/4.0 (compatible; MSIE 6.0; Windows NT 5.1; SV1; .NET CLR 2.0.50727; .NET CLR 3.0.04506.30; .NET CLR 3.0.04506.648; .NET CLR 3.0.4506.2152; .NET CLR 3.5.30729)"
192.249.36.3 - - [07/Dec/2010:10:19:29 +0100] "GET /hattke.swf HTTP/1.1" 200 12042 "http://www.zahnarztpraxis-berlin-pankow.de/" "Mozilla/4.0 (compatible; MSIE 6.0; Windows NT 5.1; SV1; .NET CLR 2.0.50727; .NET CLR 3.0.04506.30; .NET CLR 3.0.04506.648; .NET CLR 3.0.4506.2152; .NET CLR 3.5.30729)"
192.249.36.3 - - [07/Dec/2010:10:19:29 +0100] "GET /diashow.swf HTTP/1.1" 200 311957 "http://www.zahnarztpraxis-berlin-pankow.de/hattke.swf" "Mozilla/4.0 (compatible; MSIE 6.0; Windows NT 5.1; SV1; .NET CLR 2.0.50727; .NET CLR 3.0.04506.30; .NET CLR 3.0.04506.648; .NET CLR 3.0.4506.2152; .NET CLR 3.5.30729)"
77.89.161.228 - - [07/Dec/2010:11:48:31 +0100] "GET / HTTP/1.0" 200 12977 "http://www.google.de/url?sa=t&source=web&cd=1&ved=0CBsQFjAA&url=http%3A%2F%2Fwww.zahnarztpraxis-berlin-pankow.de%2F&rct=j&q=dr.%20reyk%20hattke&ei=_BD-TNShK4e2hQeqxpSgCw&usg=AFQjCNGhU0LSIXKAU9N4d8DNsS8g6WKbiA" "Mozilla/4.0 (compatible; MSIE 8.0; Windows NT 5.1; Trident/4.0)"
77.89.161.228 - - [07/Dec/2010:11:48:31 +0100] "GET /flashopen.js HTTP/1.0" 200 604 "http://www.zahnarztpraxis-berlin-pankow.de/" "Mozilla/4.0 (compatible; MSIE 8.0; Windows NT 5.1; Trident/4.0)"
77.89.161.228 - - [07/Dec/2010:11:48:31 +0100] "GET /opensite.js HTTP/1.0" 200 1125 "http://www.zahnarztpraxis-berlin-pankow.de/" "Mozilla/4.0 (compatible; MSIE 8.0; Windows NT 5.1; Trident/4.0)"
77.89.161.228 - - [07/Dec/2010:11:48:31 +0100] "GET /favicon.ico HTTP/1.0" 200 2550 "-" "Mozilla/4.0 (compatible; MSIE 8.0; Windows NT 5.1; Trident/4.0)"
77.89.161.228 - - [07/Dec/2010:11:48:32 +0100] "GET /hattke.swf HTTP/1.0" 200 12042 "-" "Mozilla/4.0 (compatible; MSIE 8.0; Windows NT 5.1; Trident/4.0)"
77.89.161.228 - - [07/Dec/2010:11:48:32 +0100] "GET /diashow.swf HTTP/1.0" 200 311957 "-" "Mozilla/4.0 (compatible; MSIE 8.0; Windows NT 5.1; Trident/4.0)"
88.198.23.110 - - [07/Dec/2010:14:32:32 +0100] "HEAD / HTTP/1.1" 200 - "-" "Mozilla/5.0 (Windows; U; Windows NT 5.0; en-US; rv:1.8) Gecko/20051107 Firefox/1.5"
150.70.64.197 - - [07/Dec/2010:14:40:07 +0100] "GET / HTTP/1.0" 200 12977 "-" "Mozilla/4.0 (compatible; MSIE 6.0; Windows NT 5.1)"
79.171.178.34 - - [07/Dec/2010:15:48:09 +0100] "GET / HTTP/1.1" 200 12977 "-" "Mozilla/5.0 (Macintosh; U; Intel Mac OS X 10_5_6; en-us) AppleWebKit/528.16 (KHTML, like Gecko) Version/4.0 Safari/528.16"
207.46.13.146 - - [07/Dec/2010:16:59:27 +0100] "GET /robots.txt HTTP/1.1" 200 24 "-" "Mozilla/5.0 (compatible; bingbot/2.0; +http://www.bing.com/bingbot.htm)"
207.46.13.146 - - [07/Dec/2010:17:12:59 +0100] "GET / HTTP/1.1" 304 - "-" "Mozilla/5.0 (compatible; bingbot/2.0; +http://www.bing.com/bingbot.htm)"
66.249.65.249 - - [08/Dec/2010:00:19:55 +0100] "GET /robots.txt HTTP/1.1" 200 24 "-" "Mozilla/5.0 (compatible; Googlebot/2.1; +http://www.google.com/bot.html)"
66.249.65.249 - - [08/Dec/2010:00:19:55 +0100] "GET /sitemap.xml HTTP/1.1" 200 796 "-" "Mozilla/5.0 (compatible; Googlebot/2.1; +http://www.google.com/bot.html)"
81.169.145.25 - - [08/Dec/2010:03:32:57 +0100] "GET / HTTP/1.0" 200 12977 "-" "-"
67.16.94.2 - - [08/Dec/2010:05:58:17 +0100] "GET /robots.txt HTTP/1.0" 200 24 "-" "Gigabot/3.0 (http://www.gigablast.com/spider.html)"
67.16.94.2 - - [08/Dec/2010:05:58:17 +0100] "GET / HTTP/1.0" 200 12977 "-" "Gigabot/3.0 (http://www.gigablast.com/spider.html)"
66.249.65.249 - - [08/Dec/2010:06:02:53 +0100] "GET /robots.txt HTTP/1.1" 200 24 "-" "Mozilla/5.0 (compatible; Googlebot/2.1; +http://www.google.com/bot.html)"
66.249.65.249 - - [08/Dec/2010:06:02:53 +0100] "GET /plan.swf HTTP/1.1" 200 27838 "-" "Mozilla/5.0 (compatible; Googlebot/2.1; +http://www.google.com/bot.html)"
119.63.198.10 - - [08/Dec/2010:09:54:38 +0100] "GET /robots.txt HTTP/1.1" 200 24 "-" "Baiduspider+(+http://www.baidu.com/search/spider.htm)"
94.23.211.138 - - [08/Dec/2010:09:55:43 +0100] "HEAD / HTTP/1.1" 200 - "-" "Mozilla/4.0 (compatible; MSIE 5.01; Windows NT 5.0)"
193.47.80.37 - - [08/Dec/2010:10:27:23 +0100] "GET /robots.txt HTTP/1.1" 200 24 "-" "Mozilla/5.0 (compatible; Exabot/3.0; +http://www.exabot.com/go/robot)"
193.47.80.37 - - [08/Dec/2010:10:27:23 +0100] "GET / HTTP/1.1" 304 - "-" "Mozilla/5.0 (compatible; Exabot/3.0; +http://www.exabot.com/go/robot)"
66.249.65.249 - - [08/Dec/2010:12:12:42 +0100] "GET /intro.html HTTP/1.1" 200 5170 "-" "Mozilla/5.0 (compatible; Googlebot/2.1; +http://www.google.com/bot.html)"
195.234.136.12 - - [08/Dec/2010:15:55:29 +0100] "GET / HTTP/1.1" 200 12977 "http://www.google.de/url?sa=t&source=web&cd=1&sqi=2&ved=0CCUQFjAA&url=http%3A%2F%2Fwww.zahnarztpraxis-berlin-pankow.de%2F&rct=j&q=zahnarzt%20berlin%2013158&ei=V5z_TLqwEMaWOuiv9ZQM&usg=AFQjCNGhU0LSIXKAU9N4d8DNsS8g6WKbiA&sig2=7zNAx_kttsvPFo9Z_fUb0g" "Mozilla/5.0 (Windows; U; Windows NT 5.1; de; rv:1.9.2.12) Gecko/20101026 Firefox/3.6.12 ( .NET CLR 3.5.30729)"
195.234.136.12 - - [08/Dec/2010:15:55:30 +0100] "GET /favicon.ico HTTP/1.1" 200 2550 "http://www.zahnarztpraxis-berlin-pankow.de/" "Mozilla/5.0 (Windows; U; Windows NT 5.1; de; rv:1.9.2.12) Gecko/20101026 Firefox/3.6.12 ( .NET CLR 3.5.30729)"
195.234.136.12 - - [08/Dec/2010:15:55:30 +0100] "GET /favicon.ico HTTP/1.1" 200 2550 "-" "Mozilla/5.0 (Windows; U; Windows NT 5.1; de; rv:1.9.2.12) Gecko/20101026 Firefox/3.6.12 ( .NET CLR 3.5.30729)"
195.234.136.12 - - [08/Dec/2010:15:55:30 +0100] "GET /opensite.js HTTP/1.1" 200 1125 "http://www.zahnarztpraxis-berlin-pankow.de/" "Mozilla/5.0 (Windows; U; Windows NT 5.1; de; rv:1.9.2.12) Gecko/20101026 Firefox/3.6.12 ( .NET CLR 3.5.30729)"
195.234.136.12 - - [08/Dec/2010:15:55:30 +0100] "GET /opensite.js HTTP/1.1" 200 1125 "http://www.zahnarztpraxis-berlin-pankow.de/" "Mozilla/5.0 (Windows; U; Windows NT 5.1; de; rv:1.9.2.12) Gecko/20101026 Firefox/3.6.12 ( .NET CLR 3.5.30729)"
195.234.136.12 - - [08/Dec/2010:15:55:30 +0100] "GET /flashopen.js HTTP/1.1" 200 604 "http://www.zahnarztpraxis-berlin-pankow.de/" "Mozilla/5.0 (Windows; U; Windows NT 5.1; de; rv:1.9.2.12) Gecko/20101026 Firefox/3.6.12 ( .NET CLR 3.5.30729)"
195.234.136.12 - - [08/Dec/2010:15:55:30 +0100] "GET /flashopen.js HTTP/1.1" 200 604 "http://www.zahnarztpraxis-berlin-pankow.de/" "Mozilla/5.0 (Windows; U; Windows NT 5.1; de; rv:1.9.2.12) Gecko/20101026 Firefox/3.6.12 ( .NET CLR 3.5.30729)"
195.234.136.12 - - [08/Dec/2010:15:55:30 +0100] "GET /hattke.swf HTTP/1.1" 200 12042 "http://www.zahnarztpraxis-berlin-pankow.de/" "Mozilla/5.0 (Windows; U; Windows NT 5.1; de; rv:1.9.2.12) Gecko/20101026 Firefox/3.6.12 ( .NET CLR 3.5.30729)"
195.234.136.12 - - [08/Dec/2010:15:55:30 +0100] "GET /diashow.swf HTTP/1.1" 200 311957 "-" "Mozilla/5.0 (Windows; U; Windows NT 5.1; de; rv:1.9.2.12) Gecko/20101026 Firefox/3.6.12 ( .NET CLR 3.5.30729)"
85.10.211.218 - - [08/Dec/2010:16:57:03 +0100] "GET /robots.txt HTTP/1.0" 200 24 "-" "weneobot/Nutch-1.2 (weneo.de bot; http://www.weneo.de/bot; bot at weneo.de)"
85.10.211.218 - - [08/Dec/2010:16:57:03 +0100] "GET /leistungen.html HTTP/1.0" 404 1256 "-" "weneobot/Nutch-1.2 (weneo.de bot; http://www.weneo.de/bot; bot at weneo.de)"
85.10.211.218 - - [08/Dec/2010:18:30:27 +0100] "GET /tele.html HTTP/1.0" 404 1256 "-" "weneobot/Nutch-1.2 (weneo.de bot; http://www.weneo.de/bot; bot at weneo.de)"
131.107.65.43 - - [08/Dec/2010:18:34:30 +0100] "GET / HTTP/1.1" 200 12977 "-" "Mozilla/4.0 (compatible; MSIE 7.0; Windows NT 6.1; WOW64; Trident/4.0; SLCC2; .NET CLR 2.0.50727)"
131.107.65.43 - - [08/Dec/2010:18:34:31 +0100] "GET /opensite.js HTTP/1.1" 200 1125 "http://www.zahnarztpraxis-berlin-pankow.de/" "Mozilla/4.0 (compatible; MSIE 7.0; Windows NT 6.1; WOW64; Trident/4.0; SLCC2; .NET CLR 2.0.50727)"
131.107.65.43 - - [08/Dec/2010:18:34:31 +0100] "GET /flashopen.js HTTP/1.1" 200 604 "http://www.zahnarztpraxis-berlin-pankow.de/" "Mozilla/4.0 (compatible; MSIE 7.0; Windows NT 6.1; WOW64; Trident/4.0; SLCC2; .NET CLR 2.0.50727)"
131.246.92.161 - - [09/Dec/2010:04:44:37 +0100] "GET / HTTP/1.1" 200 12977 "-" "-"
66.235.124.17 - - [09/Dec/2010:07:27:31 +0100] "GET /robots.txt HTTP/1.1" 200 24 "-" "Mozilla/5.0 (compatible; Ask Jeeves/Teoma; +http://about.ask.com/en/docs/about/webmasters.shtml)"
66.235.124.17 - - [09/Dec/2010:07:27:31 +0100] "GET / HTTP/1.1" 200 12977 "-" "Mozilla/5.0 (compatible; Ask Jeeves/Teoma; +http://about.ask.com/en/docs/about/webmasters.shtml)"
119.63.198.21 - - [09/Dec/2010:09:09:04 +0100] "GET /robots.txt HTTP/1.1" 200 24 "-" "Baiduspider+(+http://www.baidu.com/search/spider.htm)"
84.189.119.54 - - [09/Dec/2010:10:19:22 +0100] "GET / HTTP/1.1" 200 12977 "-" "Mozilla/5.0 (Windows; U; Windows NT 5.1; de; rv:1.9.2.12) Gecko/20101026 Firefox/3.6.12 ( .NET CLR 3.5.30729)"
84.189.119.54 - - [09/Dec/2010:10:19:22 +0100] "GET /opensite.js HTTP/1.1" 200 1125 "http://www.zahnarztpraxis-berlin-pankow.de/" "Mozilla/5.0 (Windows; U; Windows NT 5.1; de; rv:1.9.2.12) Gecko/20101026 Firefox/3.6.12 ( .NET CLR 3.5.30729)"
84.189.119.54 - - [09/Dec/2010:10:19:22 +0100] "GET /favicon.ico HTTP/1.1" 200 2550 "-" "Mozilla/5.0 (Windows; U; Windows NT 5.1; de; rv:1.9.2.12) Gecko/20101026 Firefox/3.6.12 ( .NET CLR 3.5.30729)"
84.189.119.54 - - [09/Dec/2010:10:19:22 +0100] "GET /flashopen.js HTTP/1.1" 200 604 "http://www.zahnarztpraxis-berlin-pankow.de/" "Mozilla/5.0 (Windows; U; Windows NT 5.1; de; rv:1.9.2.12) Gecko/20101026 Firefox/3.6.12 ( .NET CLR 3.5.30729)"
84.189.119.54 - - [09/Dec/2010:10:19:22 +0100] "GET /hattke.swf HTTP/1.1" 200 12042 "http://www.zahnarztpraxis-berlin-pankow.de/" "Mozilla/5.0 (Windows; U; Windows NT 5.1; de; rv:1.9.2.12) Gecko/20101026 Firefox/3.6.12 ( .NET CLR 3.5.30729)"
84.189.119.54 - - [09/Dec/2010:10:19:22 +0100] "GET /diashow.swf HTTP/1.1" 200 311957 "-" "Mozilla/5.0 (Windows; U; Windows NT 5.1; de; rv:1.9.2.12) Gecko/20101026 Firefox/3.6.12 ( .NET CLR 3.5.30729)"
194.127.5.246 - - [09/Dec/2010:10:54:40 +0100] "GET / HTTP/1.1" 200 12977 "http://www.google.de/search?hl=de&source=hp&q=zahnarztpraxis+hattke+berlin&aq=f&aqi=&aql=&oq=&gs_rfai=" "Mozilla/4.0 (compatible; MSIE 7.0; Windows NT 5.1; .NET CLR 1.1.4322; .NET CLR 2.0.50727; .NET CLR 3.0.4506.2152; .NET CLR 3.5.30729)"
194.127.5.246 - - [09/Dec/2010:10:54:40 +0100] "GET /opensite.js HTTP/1.1" 200 1125 "-" "Mozilla/4.0 (compatible;)"
194.127.5.246 - - [09/Dec/2010:10:54:40 +0100] "GET /favicon.ico HTTP/1.1" 200 2550 "-" "Mozilla/4.0 (compatible;)"
194.127.5.246 - - [09/Dec/2010:10:54:40 +0100] "GET /flashopen.js HTTP/1.1" 200 604 "-" "Mozilla/4.0 (compatible;)"
194.127.5.246 - - [09/Dec/2010:10:54:40 +0100] "GET /hattke.swf HTTP/1.1" 200 12042 "http://www.zahnarztpraxis-berlin-pankow.de/" "Mozilla/4.0 (compatible; MSIE 7.0; Windows NT 5.1; .NET CLR 1.1.4322; .NET CLR 2.0.50727; .NET CLR 3.0.4506.2152; .NET CLR 3.5.30729)"
194.127.5.246 - - [09/Dec/2010:10:54:41 +0100] "GET /diashow.swf HTTP/1.1" 200 311957 "http://www.zahnarztpraxis-berlin-pankow.de/hattke.swf" "Mozilla/4.0 (compatible; MSIE 7.0; Windows NT 5.1; .NET CLR 1.1.4322; .NET CLR 2.0.50727; .NET CLR 3.0.4506.2152; .NET CLR 3.5.30729)"
131.107.65.43 - - [09/Dec/2010:18:39:23 +0100] "GET / HTTP/1.1" 200 12977 "-" "Mozilla/4.0 (compatible; MSIE 7.0; Windows NT 6.1; WOW64; Trident/4.0; SLCC2; .NET CLR 2.0.50727)"
131.107.65.43 - - [09/Dec/2010:18:39:24 +0100] "GET /opensite.js HTTP/1.1" 200 1125 "http://www.zahnarztpraxis-berlin-pankow.de/" "Mozilla/4.0 (compatible; MSIE 7.0; Windows NT 6.1; WOW64; Trident/4.0; SLCC2; .NET CLR 2.0.50727)"
131.107.65.43 - - [09/Dec/2010:18:39:24 +0100] "GET /flashopen.js HTTP/1.1" 200 604 "http://www.zahnarztpraxis-berlin-pankow.de/" "Mozilla/4.0 (compatible; MSIE 7.0; Windows NT 6.1; WOW64; Trident/4.0; SLCC2; .NET CLR 2.0.50727)"
125.64.33.86 - - [09/Dec/2010:19:01:42 +0100] "GET / HTTP/1.1" 200 12977 "-" "Mozilla/4.0 (compatible; MSIE 6.0; Windows NT 5.0; SV1; .NET CLR 1.1.4322; InfoPath.2; .NET CLR 2.0.50727; .NET CLR 3.0.04506.648; .NET CLR 3.5.21022)"
125.64.33.86 - - [09/Dec/2010:19:01:43 +0100] "GET /opensite.js HTTP/1.1" 200 1125 "-" "Mozilla/4.0 (compatible; MSIE 6.0; Windows NT 5.0; SV1; .NET CLR 1.1.4322; InfoPath.2; .NET CLR 2.0.50727; .NET CLR 3.0.04506.648; .NET CLR 3.5.21022)"
125.64.33.86 - - [09/Dec/2010:19:01:43 +0100] "GET /flashopen.js HTTP/1.1" 200 604 "-" "Mozilla/4.0 (compatible; MSIE 6.0; Windows NT 5.0; SV1; .NET CLR 1.1.4322; InfoPath.2; .NET CLR 2.0.50727; .NET CLR 3.0.04506.648; .NET CLR 3.5.21022)"
95.108.158.134 - - [09/Dec/2010:21:18:27 +0100] "GET /robots.txt HTTP/1.1" 200 24 "-" "Mozilla/5.0 (compatible; YandexBot/3.0; +http://yandex.com/bots)"
66.249.71.101 - - [09/Dec/2010:22:13:25 +0100] "GET /robots.txt HTTP/1.1" 200 24 "-" "Mozilla/5.0 (compatible; Googlebot/2.1; +http://www.google.com/bot.html)"
66.249.71.101 - - [09/Dec/2010:22:13:25 +0100] "GET /intro.html HTTP/1.1" 200 5170 "-" "Mozilla/5.0 (compatible; Googlebot/2.1; +http://www.google.com/bot.html)"
66.249.71.101 - - [09/Dec/2010:23:31:33 +0100] "GET /hattke.swf HTTP/1.1" 200 12042 "-" "Mozilla/5.0 (compatible; Googlebot/2.1; +http://www.google.com/bot.html)"
220.181.7.18 - - [10/Dec/2010:02:36:18 +0100] "GET /robots.txt HTTP/1.1" 200 24 "-" "Baiduspider+(+http://www.baidu.com/search/spider.htm)"
95.108.158.134 - - [10/Dec/2010:04:00:38 +0100] "GET / HTTP/1.1" 200 12977 "-" "Mozilla/5.0 (compatible; YandexBot/3.0; +http://yandex.com/bots)"
119.63.198.18 - - [10/Dec/2010:08:43:17 +0100] "GET /robots.txt HTTP/1.1" 200 24 "-" "Baiduspider+(+http://www.baidu.com/search/spider.htm)"
188.111.75.1 - - [10/Dec/2010:12:43:04 +0100] "GET / HTTP/1.1" 200 12977 "http://www.google.de/search?q=zahnarzt+hattke&ie=utf-8&oe=utf-8&aq=t&rls=org.mozilla:de:official&client=firefox-a" "Mozilla/5.0 (Windows; U; Windows NT 6.1; de; rv:1.9.2.12) Gecko/20101026 Firefox/3.6.12"
188.111.75.1 - - [10/Dec/2010:12:43:07 +0100] "GET /opensite.js HTTP/1.1" 200 1125 "http://www.zahnarztpraxis-berlin-pankow.de/" "Mozilla/5.0 (Windows; U; Windows NT 6.1; de; rv:1.9.2.12) Gecko/20101026 Firefox/3.6.12"
188.111.75.1 - - [10/Dec/2010:12:43:07 +0100] "GET /favicon.ico HTTP/1.1" 200 2550 "-" "Mozilla/5.0 (Windows; U; Windows NT 6.1; de; rv:1.9.2.12) Gecko/20101026 Firefox/3.6.12"
188.111.75.1 - - [10/Dec/2010:12:43:07 +0100] "GET /flashopen.js HTTP/1.1" 200 604 "http://www.zahnarztpraxis-berlin-pankow.de/" "Mozilla/5.0 (Windows; U; Windows NT 6.1; de; rv:1.9.2.12) Gecko/20101026 Firefox/3.6.12"
188.111.75.1 - - [10/Dec/2010:12:43:07 +0100] "GET /hattke.swf HTTP/1.1" 200 12042 "http://www.zahnarztpraxis-berlin-pankow.de/" "Mozilla/5.0 (Windows; U; Windows NT 6.1; de; rv:1.9.2.12) Gecko/20101026 Firefox/3.6.12"
188.111.75.1 - - [10/Dec/2010:12:43:07 +0100] "GET /diashow.swf HTTP/1.1" 200 311957 "-" "Mozilla/5.0 (Windows; U; Windows NT 6.1; de; rv:1.9.2.12) Gecko/20101026 Firefox/3.6.12"
141.20.145.101 - - [10/Dec/2010:13:51:22 +0100] "GET / HTTP/1.1" 200 12977 "http://www.med-kolleg.de/arzt/zahnarzt/10460.html" "Mozilla/5.0 (Windows; U; Windows NT 5.1; de; rv:1.9.0.13) Gecko/2009073022 Firefox/3.0.13 (.NET CLR 3.5.30729)"
141.20.145.101 - - [10/Dec/2010:13:51:22 +0100] "GET /favicon.ico HTTP/1.1" 200 2550 "-" "Mozilla/5.0 (Windows; U; Windows NT 5.1; de; rv:1.9.0.13) Gecko/2009073022 Firefox/3.0.13 (.NET CLR 3.5.30729)"
141.20.145.101 - - [10/Dec/2010:13:51:22 +0100] "GET /opensite.js HTTP/1.1" 200 1125 "http://www.zahnarztpraxis-berlin-pankow.de/" "Mozilla/5.0 (Windows; U; Windows NT 5.1; de; rv:1.9.0.13) Gecko/2009073022 Firefox/3.0.13 (.NET CLR 3.5.30729)"
141.20.145.101 - - [10/Dec/2010:13:51:22 +0100] "GET /flashopen.js HTTP/1.1" 200 604 "http://www.zahnarztpraxis-berlin-pankow.de/" "Mozilla/5.0 (Windows; U; Windows NT 5.1; de; rv:1.9.0.13) Gecko/2009073022 Firefox/3.0.13 (.NET CLR 3.5.30729)"
141.20.145.101 - - [10/Dec/2010:13:51:22 +0100] "GET /hattke.swf HTTP/1.1" 200 12042 "http://www.zahnarztpraxis-berlin-pankow.de/" "Mozilla/5.0 (Windows; U; Windows NT 5.1; de; rv:1.9.0.13) Gecko/2009073022 Firefox/3.0.13 (.NET CLR 3.5.30729)"
141.20.145.101 - - [10/Dec/2010:13:51:23 +0100] "GET /diashow.swf HTTP/1.1" 200 311957 "-" "Mozilla/5.0 (Windows; U; Windows NT 5.1; de; rv:1.9.0.13) Gecko/2009073022 Firefox/3.0.13 (.NET CLR 3.5.30729)"
85.10.211.218 - - [10/Dec/2010:17:55:03 +0100] "GET /robots.txt HTTP/1.0" 200 24 "-" "weneobot/Nutch-1.2 (weneo.de bot; http://www.weneo.de/bot; bot at weneo.de)"
85.10.211.218 - - [10/Dec/2010:17:55:03 +0100] "GET / HTTP/1.0" 404 1256 "-" "weneobot/Nutch-1.2 (weneo.de bot; http://www.weneo.de/bot; bot at weneo.de)"
131.107.65.43 - - [10/Dec/2010:18:55:15 +0100] "GET / HTTP/1.1" 200 12977 "-" "Mozilla/4.0 (compatible; MSIE 7.0; Windows NT 6.1; WOW64; Trident/4.0; SLCC2; .NET CLR 2.0.50727)"
131.107.65.43 - - [10/Dec/2010:18:55:15 +0100] "GET /opensite.js HTTP/1.1" 200 1125 "http://www.zahnarztpraxis-berlin-pankow.de/" "Mozilla/4.0 (compatible; MSIE 7.0; Windows NT 6.1; WOW64; Trident/4.0; SLCC2; .NET CLR 2.0.50727)"
131.107.65.43 - - [10/Dec/2010:18:55:16 +0100] "GET /flashopen.js HTTP/1.1" 200 604 "http://www.zahnarztpraxis-berlin-pankow.de/" "Mozilla/4.0 (compatible; MSIE 7.0; Windows NT 6.1; WOW64; Trident/4.0; SLCC2; .NET CLR 2.0.50727)"
91.64.98.239 - - [10/Dec/2010:22:30:45 +0100] "GET / HTTP/1.1" 200 12977 "http://www.google.de/url?sa=t&source=web&cd=18&ved=0CFsQFjAHOAo&url=http%3A%2F%2Fwww.zahnarztpraxis-berlin-pankow.de%2F&rct=j&q=zahnarztpraxis%20berlin&ei=DJsCTcSIFoPAswa_5PGPCg&usg=AFQjCNGhU0LSIXKAU9N4d8DNsS8g6WKbiA&cad=rja" "Mozilla/5.0 (Windows; U; Windows NT 6.0; de; rv:1.9.2.13) Gecko/20101203 Firefox/3.6.13 ( .NET CLR 3.5.30729; .NET4.0C)"
91.64.98.239 - - [10/Dec/2010:22:30:45 +0100] "GET /opensite.js HTTP/1.1" 200 1125 "http://www.zahnarztpraxis-berlin-pankow.de/" "Mozilla/5.0 (Windows; U; Windows NT 6.0; de; rv:1.9.2.13) Gecko/20101203 Firefox/3.6.13 ( .NET CLR 3.5.30729; .NET4.0C)"
91.64.98.239 - - [10/Dec/2010:22:30:45 +0100] "GET /favicon.ico HTTP/1.1" 200 2550 "-" "Mozilla/5.0 (Windows; U; Windows NT 6.0; de; rv:1.9.2.13) Gecko/20101203 Firefox/3.6.13 ( .NET CLR 3.5.30729; .NET4.0C)"
91.64.98.239 - - [10/Dec/2010:22:30:45 +0100] "GET /flashopen.js HTTP/1.1" 200 604 "http://www.zahnarztpraxis-berlin-pankow.de/" "Mozilla/5.0 (Windows; U; Windows NT 6.0; de; rv:1.9.2.13) Gecko/20101203 Firefox/3.6.13 ( .NET CLR 3.5.30729; .NET4.0C)"
91.64.98.239 - - [10/Dec/2010:22:30:45 +0100] "GET /hattke.swf HTTP/1.1" 200 12042 "http://www.zahnarztpraxis-berlin-pankow.de/" "Mozilla/5.0 (Windows; U; Windows NT 6.0; de; rv:1.9.2.13) Gecko/20101203 Firefox/3.6.13 ( .NET CLR 3.5.30729; .NET4.0C)"
91.64.98.239 - - [10/Dec/2010:22:30:45 +0100] "GET /diashow.swf HTTP/1.1" 200 311957 "-" "Mozilla/5.0 (Windows; U; Windows NT 6.0; de; rv:1.9.2.13) Gecko/20101203 Firefox/3.6.13 ( .NET CLR 3.5.30729; .NET4.0C)"
207.46.12.240 - - [11/Dec/2010:06:21:17 +0100] "GET /robots.txt HTTP/1.1" 200 24 "-" "Mozilla/5.0 (compatible; bingbot/2.0; +http://www.bing.com/bingbot.htm)"
207.46.12.240 - - [11/Dec/2010:06:47:17 +0100] "GET / HTTP/1.1" 304 - "-" "Mozilla/5.0 (compatible; bingbot/2.0; +http://www.bing.com/bingbot.htm)"
119.63.198.8 - - [11/Dec/2010:09:48:51 +0100] "GET /robots.txt HTTP/1.1" 200 24 "-" "Baiduspider+(+http://www.baidu.com/search/spider.htm)"
212.34.185.68 - - [11/Dec/2010:14:05:51 +0100] "GET /robots.txt HTTP/1.1" 200 24 "-" "gonzo/2[P] (+http://www.suchen.de/faq.html)"
212.34.185.68 - - [11/Dec/2010:14:05:52 +0100] "GET / HTTP/1.1" 304 - "-" "gonzo/2[P] (+http://www.suchen.de/faq.html)"
212.34.185.68 - - [11/Dec/2010:14:06:52 +0100] "GET /teledienst.html HTTP/1.1" 304 - "http://www.zahnarztpraxis-berlin-pankow.de/" "gonzo/2[P] (+http://www.suchen.de/faq.html)"
194.169.234.13 - - [11/Dec/2010:18:18:29 +0100] "GET / HTTP/1.1" 200 12977 "-" "-"
131.107.65.43 - - [11/Dec/2010:19:07:10 +0100] "GET / HTTP/1.1" 200 12977 "-" "Mozilla/4.0 (compatible; MSIE 7.0; Windows NT 6.1; WOW64; Trident/4.0; SLCC2; .NET CLR 2.0.50727)"
131.107.65.43 - - [11/Dec/2010:19:07:10 +0100] "GET /opensite.js HTTP/1.1" 200 1125 "http://www.zahnarztpraxis-berlin-pankow.de/" "Mozilla/4.0 (compatible; MSIE 7.0; Windows NT 6.1; WOW64; Trident/4.0; SLCC2; .NET CLR 2.0.50727)"
131.107.65.43 - - [11/Dec/2010:19:07:11 +0100] "GET /flashopen.js HTTP/1.1" 200 604 "http://www.zahnarztpraxis-berlin-pankow.de/" "Mozilla/4.0 (compatible; MSIE 7.0; Windows NT 6.1; WOW64; Trident/4.0; SLCC2; .NET CLR 2.0.50727)"
216.38.216.220 - - [11/Dec/2010:22:25:27 +0100] "GET /teledienst.html HTTP/1.1" 200 4588 "-" "Mozilla/5.0 (compatible; MSIE 7.0b; Windows NT 6.0)"
216.38.216.220 - - [11/Dec/2010:22:25:28 +0100] "GET /opensite.js HTTP/1.1" 200 1125 "-" "Mozilla/5.0 (compatible; MSIE 7.0b; Windows NT 6.0)"
216.38.216.220 - - [11/Dec/2010:22:25:29 +0100] "GET / HTTP/1.1" 200 12977 "-" "Mozilla/5.0 (compatible; MSIE 7.0b; Windows NT 6.0)"
216.38.216.220 - - [11/Dec/2010:22:25:29 +0100] "GET /flashopen.js HTTP/1.1" 200 604 "-" "Mozilla/5.0 (compatible; MSIE 7.0b; Windows NT 6.0)"
83.133.125.202 - - [12/Dec/2010:03:42:43 +0100] "GET / HTTP/1.1" 200 12977 "http://www.bigfinder.de/" "Mozilla/5.0 (Windows; U; Windows NT 5.1; de; rv:1.9.0.12) Gecko/2009070611 Firefox/3.0.12 GTB7.1 (.NET CLR 3.5.30729)"
67.195.115.213 - - [12/Dec/2010:07:20:09 +0100] "GET /robots.txt HTTP/1.0" 200 24 "-" "Mozilla/5.0 (compatible; Yahoo! Slurp; http://help.yahoo.com/help/us/ysearch/slurp)"
67.195.115.213 - - [12/Dec/2010:07:20:10 +0100] "GET / HTTP/1.0" 200 12977 "-" "Mozilla/5.0 (compatible; Yahoo! Slurp; http://help.yahoo.com/help/us/ysearch/slurp)"
85.10.211.218 - - [12/Dec/2010:09:08:27 +0100] "GET /robots.txt HTTP/1.0" 200 24 "-" "weneobot/Nutch-1.2 (weneo.de bot; http://www.weneo.de/bot; bot at weneo.de)"
85.10.211.218 - - [12/Dec/2010:09:08:27 +0100] "GET / HTTP/1.0" 404 1256 "-" "weneobot/Nutch-1.2 (weneo.de bot; http://www.weneo.de/bot; bot at weneo.de)"
119.63.198.54 - - [12/Dec/2010:09:22:15 +0100] "GET /robots.txt HTTP/1.1" 200 24 "-" "Baiduspider+(+http://www.baidu.com/search/spider.htm)"
85.10.211.218 - - [12/Dec/2010:09:40:31 +0100] "GET /application/x-shockwave-flash HTTP/1.0" 404 1256 "-" "weneobot/Nutch-1.2 (weneo.de bot; http://www.weneo.de/bot; bot at weneo.de)"
66.235.124.17 - - [12/Dec/2010:13:54:13 +0100] "GET /robots.txt HTTP/1.1" 200 24 "-" "Mozilla/5.0 (compatible; Ask Jeeves/Teoma; +http://about.ask.com/en/docs/about/webmasters.shtml)"
66.235.124.17 - - [12/Dec/2010:13:54:14 +0100] "GET / HTTP/1.1" 200 12977 "-" "Mozilla/5.0 (compatible; Ask Jeeves/Teoma; +http://about.ask.com/en/docs/about/webmasters.shtml)"
131.107.65.43 - - [12/Dec/2010:19:03:24 +0100] "GET / HTTP/1.1" 200 12977 "-" "Mozilla/4.0 (compatible; MSIE 7.0; Windows NT 6.1; WOW64; Trident/4.0; SLCC2; .NET CLR 2.0.50727)"
131.107.65.43 - - [12/Dec/2010:19:03:25 +0100] "GET /opensite.js HTTP/1.1" 200 1125 "http://www.zahnarztpraxis-berlin-pankow.de/" "Mozilla/4.0 (compatible; MSIE 7.0; Windows NT 6.1; WOW64; Trident/4.0; SLCC2; .NET CLR 2.0.50727)"
131.107.65.43 - - [12/Dec/2010:19:03:25 +0100] "GET /flashopen.js HTTP/1.1" 200 604 "http://www.zahnarztpraxis-berlin-pankow.de/" "Mozilla/4.0 (compatible; MSIE 7.0; Windows NT 6.1; WOW64; Trident/4.0; SLCC2; .NET CLR 2.0.50727)"
74.52.245.146 - - [12/Dec/2010:19:13:54 +0100] "GET / HTTP/1.0" 200 12977 "-" "Mozilla/5.0 (X11; U; Linux i686; en-US; rv:1.7.5) Gecko/20041107 Firefox/1.0"
66.249.66.206 - - [12/Dec/2010:20:23:35 +0100] "GET /robots.txt HTTP/1.1" 200 24 "-" "Mozilla/5.0 (compatible; Googlebot/2.1; +http://www.google.com/bot.html)"
66.249.66.206 - - [12/Dec/2010:20:23:35 +0100] "GET / HTTP/1.1" 200 12977 "-" "Mozilla/5.0 (compatible; Googlebot/2.1; +http://www.google.com/bot.html)"
207.46.204.197 - - [12/Dec/2010:21:57:33 +0100] "GET /robots.txt HTTP/1.1" 200 24 "-" "Mozilla/5.0 (compatible; bingbot/2.0; +http://www.bing.com/bingbot.htm)"
207.46.204.197 - - [12/Dec/2010:22:09:33 +0100] "GET /hattke.swf HTTP/1.1" 200 12042 "-" "Mozilla/5.0 (compatible; bingbot/2.0; +http://www.bing.com/bingbot.htm)"
207.46.204.197 - - [12/Dec/2010:22:09:33 +0100] "GET /intro.html HTTP/1.1" 200 5170 "-" "Mozilla/5.0 (compatible; bingbot/2.0; +http://www.bing.com/bingbot.htm)"
85.10.211.218 - - [13/Dec/2010:03:47:37 +0100] "GET /robots.txt HTTP/1.0" 200 24 "-" "weneobot/Nutch-1.2 (weneo.de bot; http://www.weneo.de/bot; bot at weneo.de)"
85.10.211.218 - - [13/Dec/2010:03:47:37 +0100] "GET / HTTP/1.0" 200 12977 "-" "weneobot/Nutch-1.2 (weneo.de bot; http://www.weneo.de/bot; bot at weneo.de)"
84.191.250.131 - - [13/Dec/2010:07:04:38 +0100] "GET / HTTP/1.1" 200 12977 "http://www.google.com/Top/World/Deutsch/Regional/Europa/Deutschland/Berlin/Gesundheit/Praxen/Zahn%C3%A4rzte,_Kieferchirurgen_und_-orthop%C3%A4den/" "Mozilla/4.0 (compatible; MSIE 8.0; Windows NT 5.1; Trident/4.0; GTB6.5)"
84.191.250.131 - - [13/Dec/2010:07:04:39 +0100] "GET /opensite.js HTTP/1.1" 200 1125 "http://www.zahnarztpraxis-berlin-pankow.de/" "Mozilla/4.0 (compatible; MSIE 8.0; Windows NT 5.1; Trident/4.0; GTB6.5)"
84.191.250.131 - - [13/Dec/2010:07:04:39 +0100] "GET /flashopen.js HTTP/1.1" 200 604 "http://www.zahnarztpraxis-berlin-pankow.de/" "Mozilla/4.0 (compatible; MSIE 8.0; Windows NT 5.1; Trident/4.0; GTB6.5)"
84.191.250.131 - - [13/Dec/2010:07:04:40 +0100] "GET /hattke.swf HTTP/1.1" 200 12042 "http://www.zahnarztpraxis-berlin-pankow.de/" "Mozilla/4.0 (compatible; MSIE 8.0; Windows NT 5.1; Trident/4.0; GTB6.5)"
84.191.250.131 - - [13/Dec/2010:07:04:40 +0100] "GET /favicon.ico HTTP/1.1" 200 2550 "-" "Mozilla/4.0 (compatible; MSIE 8.0; Windows NT 5.1; Trident/4.0; GTB6.5)"
84.191.250.131 - - [13/Dec/2010:07:04:40 +0100] "GET /diashow.swf HTTP/1.1" 200 311957 "http://www.zahnarztpraxis-berlin-pankow.de/hattke.swf" "Mozilla/4.0 (compatible; MSIE 8.0; Windows NT 5.1; Trident/4.0; GTB6.5)"
194.115.250.131 - - [13/Dec/2010:07:28:02 +0100] "GET / HTTP/1.0" 200 12977 "http://www.bing.com/search?q=hattke&src=IE-SearchBox&Form=IE8SRC" "Mozilla/4.0 (compatible; MSIE 8.0; Windows NT 5.2; Trident/4.0; .NET CLR 1.1.4322; .NET CLR 2.0.50727; InfoPath.1)"
194.115.250.131 - - [13/Dec/2010:07:28:02 +0100] "GET /opensite.js HTTP/1.0" 200 1125 "http://www.zahnarztpraxis-berlin-pankow.de/" "Mozilla/4.0 (compatible; MSIE 8.0; Windows NT 5.2; Trident/4.0; .NET CLR 1.1.4322; .NET CLR 2.0.50727; InfoPath.1)"
194.115.250.131 - - [13/Dec/2010:07:28:02 +0100] "GET /flashopen.js HTTP/1.0" 200 604 "http://www.zahnarztpraxis-berlin-pankow.de/" "Mozilla/4.0 (compatible; MSIE 8.0; Windows NT 5.2; Trident/4.0; .NET CLR 1.1.4322; .NET CLR 2.0.50727; InfoPath.1)"
194.115.250.131 - - [13/Dec/2010:07:28:02 +0100] "GET /hattke.swf HTTP/1.0" 200 12042 "http://www.zahnarztpraxis-berlin-pankow.de/" "Mozilla/4.0 (compatible; MSIE 8.0; Windows NT 5.2; Trident/4.0; .NET CLR 1.1.4322; .NET CLR 2.0.50727; InfoPath.1)"
194.115.250.131 - - [13/Dec/2010:07:28:03 +0100] "GET /favicon.ico HTTP/1.0" 200 2550 "-" "Mozilla/4.0 (compatible; MSIE 8.0; Windows NT 5.2; Trident/4.0; .NET CLR 1.1.4322; .NET CLR 2.0.50727; InfoPath.1)"
194.115.250.131 - - [13/Dec/2010:07:28:03 +0100] "GET /diashow.swf HTTP/1.0" 200 311957 "http://www.zahnarztpraxis-berlin-pankow.de/hattke.swf" "Mozilla/4.0 (compatible; MSIE 8.0; Windows NT 5.2; Trident/4.0; .NET CLR 1.1.4322; .NET CLR 2.0.50727; InfoPath.1)"
150.70.75.29 - - [13/Dec/2010:07:33:21 +0100] "GET / HTTP/1.0" 200 12977 "-" "Mozilla/4.0 (compatible; MSIE 6.0; Windows NT 5.1)"
150.70.75.29 - - [13/Dec/2010:07:47:43 +0100] "GET / HTTP/1.0" 200 12977 "-" "Mozilla/4.0 (compatible; MSIE 6.0; Windows NT 5.1)"
119.63.198.48 - - [13/Dec/2010:09:50:37 +0100] "GET /robots.txt HTTP/1.1" 200 24 "-" "Baiduspider+(+http://www.baidu.com/search/spider.htm)"
92.224.223.99 - - [13/Dec/2010:15:03:33 +0100] "GET /favicon.ico HTTP/1.1" 200 2550 "-" "Safari/6533.18.5 CFNetwork/454.9.8 Darwin/10.4.0 (i386) (MacBookPro4%2C1)"
83.202.71.218 - - [13/Dec/2010:16:14:27 +0100] "GET / HTTP/1.1" 200 12977 "http://www.google.com/search?q=Zahnarzt+hattke+berlin&ie=utf-8&oe=utf-8&aq=t&rls=org.mozilla:de:official&client=firefox-a" "Mozilla/5.0 (Macintosh; U; Intel Mac OS X 10.6; de; rv:1.9.2.13) Gecko/20101203 Firefox/3.6.13"
131.107.65.43 - - [13/Dec/2010:19:15:03 +0100] "GET / HTTP/1.1" 200 12977 "-" "Mozilla/4.0 (compatible; MSIE 7.0; Windows NT 6.1; WOW64; Trident/4.0; SLCC2; .NET CLR 2.0.50727)"
131.107.65.43 - - [13/Dec/2010:19:15:03 +0100] "GET /opensite.js HTTP/1.1" 200 1125 "http://www.zahnarztpraxis-berlin-pankow.de/" "Mozilla/4.0 (compatible; MSIE 7.0; Windows NT 6.1; WOW64; Trident/4.0; SLCC2; .NET CLR 2.0.50727)"
131.107.65.43 - - [13/Dec/2010:19:15:03 +0100] "GET /flashopen.js HTTP/1.1" 200 604 "http://www.zahnarztpraxis-berlin-pankow.de/" "Mozilla/4.0 (compatible; MSIE 7.0; Windows NT 6.1; WOW64; Trident/4.0; SLCC2; .NET CLR 2.0.50727)"
92.78.103.241 - - [13/Dec/2010:20:08:10 +0100] "GET / HTTP/1.1" 200 12977 "http://www.google.de/search?q=zahnartz+13158&ie=utf-8&oe=utf-8&aq=t&rls=org.mozilla:de:official&client=firefox-a" "Mozilla/5.0 (Windows; U; Windows NT 6.0; de; rv:1.9.2.13) Gecko/20101203 (GMX/1.5) Firefox/3.6.13 (.NET CLR 3.5.30729)"
92.78.103.241 - - [13/Dec/2010:20:08:10 +0100] "GET /opensite.js HTTP/1.1" 200 1125 "http://www.zahnarztpraxis-berlin-pankow.de/" "Mozilla/5.0 (Windows; U; Windows NT 6.0; de; rv:1.9.2.13) Gecko/20101203 (GMX/1.5) Firefox/3.6.13 (.NET CLR 3.5.30729)"
92.78.103.241 - - [13/Dec/2010:20:08:10 +0100] "GET /favicon.ico HTTP/1.1" 200 2550 "-" "Mozilla/5.0 (Windows; U; Windows NT 6.0; de; rv:1.9.2.13) Gecko/20101203 (GMX/1.5) Firefox/3.6.13 (.NET CLR 3.5.30729)"
92.78.103.241 - - [13/Dec/2010:20:08:10 +0100] "GET /flashopen.js HTTP/1.1" 200 604 "http://www.zahnarztpraxis-berlin-pankow.de/" "Mozilla/5.0 (Windows; U; Windows NT 6.0; de; rv:1.9.2.13) Gecko/20101203 (GMX/1.5) Firefox/3.6.13 (.NET CLR 3.5.30729)"
92.78.103.241 - - [13/Dec/2010:20:08:11 +0100] "GET /hattke.swf HTTP/1.1" 200 12042 "http://www.zahnarztpraxis-berlin-pankow.de/" "Mozilla/5.0 (Windows; U; Windows NT 6.0; de; rv:1.9.2.13) Gecko/20101203 (GMX/1.5) Firefox/3.6.13 (.NET CLR 3.5.30729)"
92.78.103.241 - - [13/Dec/2010:20:08:11 +0100] "GET /diashow.swf HTTP/1.1" 200 311957 "-" "Mozilla/5.0 (Windows; U; Windows NT 6.0; de; rv:1.9.2.13) Gecko/20101203 (GMX/1.5) Firefox/3.6.13 (.NET CLR 3.5.30729)"
95.108.158.134 - - [13/Dec/2010:20:52:46 +0100] "GET /robots.txt HTTP/1.1" 200 24 "-" "Mozilla/5.0 (compatible; YandexBot/3.0; +http://yandex.com/bots)"
95.108.158.134 - - [13/Dec/2010:21:19:57 +0100] "GET / HTTP/1.1" 200 12977 "-" "Mozilla/5.0 (compatible; YandexBot/3.0; +http://yandex.com/bots)"
83.169.37.172 - - [13/Dec/2010:23:40:35 +0100] "GET / HTTP/1.1" 200 12977 "-" "-"
66.249.66.206 - - [14/Dec/2010:01:39:24 +0100] "GET /robots.txt HTTP/1.1" 200 24 "-" "Mozilla/5.0 (compatible; Googlebot/2.1; +http://www.google.com/bot.html)"
66.249.66.206 - - [14/Dec/2010:01:39:24 +0100] "GET / HTTP/1.1" 200 12977 "-" "Mozilla/5.0 (compatible; Googlebot/2.1; +http://www.google.com/bot.html)"
94.23.211.138 - - [14/Dec/2010:01:56:07 +0100] "HEAD / HTTP/1.1" 200 - "-" "Mozilla/4.0 (compatible; MSIE 5.01; Windows NT 5.0)"
83.133.125.202 - - [14/Dec/2010:02:07:41 +0100] "GET / HTTP/1.1" 200 12977 "http://www.bigfinder.de/" "T-Online Browser"
67.16.94.2 - - [14/Dec/2010:05:14:46 +0100] "GET /robots.txt HTTP/1.0" 200 24 "-" "Gigabot/3.0 (http://www.gigablast.com/spider.html)"
67.16.94.2 - - [14/Dec/2010:05:14:46 +0100] "GET / HTTP/1.0" 200 12977 "-" "Gigabot/3.0 (http://www.gigablast.com/spider.html)"
195.132.158.234 - - [14/Dec/2010:06:00:25 +0100] "OPTIONS / HTTP/1.1" 200 - "-" "Dillo/0.8.6-i18n-misc"
195.132.158.234 - - [14/Dec/2010:06:00:25 +0100] "OPTIONS / HTTP/1.1" 200 - "-" "Dillo/0.8.6-i18n-misc"
195.132.158.234 - - [14/Dec/2010:06:00:25 +0100] "HEAD / HTTP/1.1" 200 - "-" "Dillo/0.8.6-i18n-misc"
195.132.158.234 - - [14/Dec/2010:06:00:25 +0100] "GET / HTTP/1.1" 200 12977 "-" "Dillo/0.8.6-i18n-misc"
125.64.33.86 - - [14/Dec/2010:06:48:28 +0100] "GET / HTTP/1.1" 200 12977 "-" "Mozilla/4.0 (compatible; MSIE 6.0; Windows NT 5.0; SV1; .NET CLR 1.1.4322; InfoPath.2; .NET CLR 2.0.50727; .NET CLR 3.0.04506.648; .NET CLR 3.5.21022)"
125.64.33.86 - - [14/Dec/2010:06:48:29 +0100] "GET /opensite.js HTTP/1.1" 200 1125 "-" "Mozilla/4.0 (compatible; MSIE 6.0; Windows NT 5.0; SV1; .NET CLR 1.1.4322; InfoPath.2; .NET CLR 2.0.50727; .NET CLR 3.0.04506.648; .NET CLR 3.5.21022)"
125.64.33.86 - - [14/Dec/2010:06:48:29 +0100] "GET /flashopen.js HTTP/1.1" 200 604 "-" "Mozilla/4.0 (compatible; MSIE 6.0; Windows NT 5.0; SV1; .NET CLR 1.1.4322; InfoPath.2; .NET CLR 2.0.50727; .NET CLR 3.0.04506.648; .NET CLR 3.5.21022)"
80.68.160.18 - - [14/Dec/2010:07:20:50 +0100] "GET / HTTP/1.0" 200 12977 "http://www.google.de/url?sa=t&source=web&cd=1&ved=0CCgQFjAA&url=http%3A%2F%2Fwww.zahnarztpraxis-berlin-pankow.de%2F&rct=j&q=zahnarzt%20pankow%20hattke&ei=vQwHTb-MHI_B8QOn8pQ3&usg=AFQjCNGhU0LSIXKAU9N4d8DNsS8g6WKbiA" "Mozilla/4.0 (compatible; MSIE 8.0; Windows NT 5.1; Trident/4.0; .NET CLR 1.1.4322; .NET CLR 2.0.50727; .NET CLR 3.0.04506.30; .NET CLR 3.0.4506.2152; .NET CLR 3.5.30729)"
80.68.160.18 - - [14/Dec/2010:07:20:50 +0100] "GET /opensite.js HTTP/1.0" 200 1125 "http://www.zahnarztpraxis-berlin-pankow.de/" "Mozilla/4.0 (compatible; MSIE 8.0; Windows NT 5.1; Trident/4.0; .NET CLR 1.1.4322; .NET CLR 2.0.50727; .NET CLR 3.0.04506.30; .NET CLR 3.0.4506.2152; .NET CLR 3.5.30729)"
80.68.160.18 - - [14/Dec/2010:07:20:50 +0100] "GET /flashopen.js HTTP/1.0" 200 604 "http://www.zahnarztpraxis-berlin-pankow.de/" "Mozilla/4.0 (compatible; MSIE 8.0; Windows NT 5.1; Trident/4.0; .NET CLR 1.1.4322; .NET CLR 2.0.50727; .NET CLR 3.0.04506.30; .NET CLR 3.0.4506.2152; .NET CLR 3.5.30729)"
80.68.160.18 - - [14/Dec/2010:07:20:50 +0100] "GET /hattke.swf HTTP/1.0" 200 12042 "http://www.zahnarztpraxis-berlin-pankow.de/" "Mozilla/4.0 (compatible; MSIE 8.0; Windows NT 5.1; Trident/4.0; .NET CLR 1.1.4322; .NET CLR 2.0.50727; .NET CLR 3.0.04506.30; .NET CLR 3.0.4506.2152; .NET CLR 3.5.30729)"
80.68.160.18 - - [14/Dec/2010:07:20:50 +0100] "GET /favicon.ico HTTP/1.0" 200 2550 "-" "Mozilla/4.0 (compatible; MSIE 8.0; Windows NT 5.1; Trident/4.0; .NET CLR 1.1.4322; .NET CLR 2.0.50727; .NET CLR 3.0.04506.30; .NET CLR 3.0.4506.2152; .NET CLR 3.5.30729)"
80.68.160.18 - - [14/Dec/2010:07:20:50 +0100] "GET /diashow.swf HTTP/1.0" 200 311957 "http://www.zahnarztpraxis-berlin-pankow.de/hattke.swf" "Mozilla/4.0 (compatible; MSIE 8.0; Windows NT 5.1; Trident/4.0; .NET CLR 1.1.4322; .NET CLR 2.0.50727; .NET CLR 3.0.04506.30; .NET CLR 3.0.4506.2152; .NET CLR 3.5.30729)"
88.80.205.116 - - [14/Dec/2010:08:53:16 +0100] "GET /robots.txt HTTP/1.1" 200 24 "-" "Mozilla/4.0 (compatible; MSIE 5.01; Windows NT 5.0)"
88.80.205.116 - - [14/Dec/2010:08:53:16 +0100] "GET / HTTP/1.1" 200 12977 "-" "Mozilla/4.0 (compatible; MSIE 5.01; Windows NT 5.0)"
119.63.198.36 - - [14/Dec/2010:09:13:43 +0100] "GET /robots.txt HTTP/1.1" 200 24 "-" "Baiduspider+(+http://www.baidu.com/search/spider.htm)"
84.190.152.6 - - [14/Dec/2010:10:16:23 +0100] "GET / HTTP/1.1" 200 12977 "-" "Mozilla/5.0 (Windows; U; Windows NT 6.0; de; rv:1.9.2.12) Gecko/20101026 Firefox/3.6.12 (.NET CLR 3.5.30729)"
84.190.152.6 - - [14/Dec/2010:10:16:24 +0100] "GET /opensite.js HTTP/1.1" 200 1125 "http://www.zahnarztpraxis-berlin-pankow.de/" "Mozilla/5.0 (Windows; U; Windows NT 6.0; de; rv:1.9.2.12) Gecko/20101026 Firefox/3.6.12 (.NET CLR 3.5.30729)"
84.190.152.6 - - [14/Dec/2010:10:16:24 +0100] "GET /favicon.ico HTTP/1.1" 200 2550 "-" "Mozilla/5.0 (Windows; U; Windows NT 6.0; de; rv:1.9.2.12) Gecko/20101026 Firefox/3.6.12 (.NET CLR 3.5.30729)"
84.190.152.6 - - [14/Dec/2010:10:16:24 +0100] "GET /flashopen.js HTTP/1.1" 200 604 "http://www.zahnarztpraxis-berlin-pankow.de/" "Mozilla/5.0 (Windows; U; Windows NT 6.0; de; rv:1.9.2.12) Gecko/20101026 Firefox/3.6.12 (.NET CLR 3.5.30729)"
84.190.152.6 - - [14/Dec/2010:10:16:26 +0100] "GET /hattke.swf HTTP/1.1" 200 12042 "http://www.zahnarztpraxis-berlin-pankow.de/" "Mozilla/5.0 (Windows; U; Windows NT 6.0; de; rv:1.9.2.12) Gecko/20101026 Firefox/3.6.12 (.NET CLR 3.5.30729)"
84.190.152.6 - - [14/Dec/2010:10:16:26 +0100] "GET /diashow.swf HTTP/1.1" 200 311957 "-" "Mozilla/5.0 (Windows; U; Windows NT 6.0; de; rv:1.9.2.12) Gecko/20101026 Firefox/3.6.12 (.NET CLR 3.5.30729)"
143.248.92.151 - - [14/Dec/2010:10:57:41 +0100] "GET /robots.txt HTTP/1.0" 200 24 "-" "Nutch/Nutch-1.0 (academic purpose; cats.kaist.ac.kr; smiler82@naver.com)"
143.248.92.151 - - [14/Dec/2010:10:57:42 +0100] "GET / HTTP/1.0" 200 12977 "-" "Nutch/Nutch-1.0 (academic purpose; cats.kaist.ac.kr; smiler82@naver.com)"
85.10.211.218 - - [14/Dec/2010:12:24:29 +0100] "GET /robots.txt HTTP/1.0" 200 24 "-" "weneobot/Nutch-1.2 (weneo.de bot; http://www.weneo.de/bot; bot at weneo.de)"
85.10.211.218 - - [14/Dec/2010:12:24:29 +0100] "GET /leistungen.html HTTP/1.0" 404 1256 "-" "weneobot/Nutch-1.2 (weneo.de bot; http://www.weneo.de/bot; bot at weneo.de)"
85.10.211.218 - - [14/Dec/2010:13:49:24 +0100] "GET /tele.html HTTP/1.0" 404 1256 "-" "weneobot/Nutch-1.2 (weneo.de bot; http://www.weneo.de/bot; bot at weneo.de)"
92.230.120.46 - - [14/Dec/2010:15:44:03 +0100] "GET / HTTP/1.1" 200 12977 "-" "Mozilla/5.0 (Windows; U; Windows NT 5.1; en-US) AppleWebKit/534.10 (KHTML, like Gecko) Chrome/8.0.552.215 Safari/534.10"
92.230.120.46 - - [14/Dec/2010:15:44:03 +0100] "GET /opensite.js HTTP/1.1" 200 1125 "http://www.zahnarztpraxis-berlin-pankow.de/" "Mozilla/5.0 (Windows; U; Windows NT 5.1; en-US) AppleWebKit/534.10 (KHTML, like Gecko) Chrome/8.0.552.215 Safari/534.10"
92.230.120.46 - - [14/Dec/2010:15:44:03 +0100] "GET /flashopen.js HTTP/1.1" 200 604 "http://www.zahnarztpraxis-berlin-pankow.de/" "Mozilla/5.0 (Windows; U; Windows NT 5.1; en-US) AppleWebKit/534.10 (KHTML, like Gecko) Chrome/8.0.552.215 Safari/534.10"
92.230.120.46 - - [14/Dec/2010:15:44:03 +0100] "GET /hattke.swf HTTP/1.1" 200 12042 "http://www.zahnarztpraxis-berlin-pankow.de/" "Mozilla/5.0 (Windows; U; Windows NT 5.1; en-US) AppleWebKit/534.10 (KHTML, like Gecko) Chrome/8.0.552.215 Safari/534.10"
92.230.120.46 - - [14/Dec/2010:15:44:03 +0100] "GET /favicon.ico HTTP/1.1" 200 2550 "-" "Mozilla/5.0 (Windows; U; Windows NT 5.1; en-US) AppleWebKit/534.10 (KHTML, like Gecko) Chrome/8.0.552.215 Safari/534.10"
92.230.120.46 - - [14/Dec/2010:15:44:04 +0100] "GET /diashow.swf HTTP/1.1" 200 311957 "http://www.zahnarztpraxis-berlin-pankow.de/hattke.swf" "Mozilla/5.0 (Windows; U; Windows NT 5.1; en-US) AppleWebKit/534.10 (KHTML, like Gecko) Chrome/8.0.552.215 Safari/534.10"
92.230.120.46 - - [14/Dec/2010:15:47:36 +0100] "GET /callback.html HTTP/1.1" 200 3272 "http://www.zahnarztpraxis-berlin-pankow.de/hattke.swf" "Mozilla/5.0 (Windows; U; Windows NT 5.1; en-US) AppleWebKit/534.10 (KHTML, like Gecko) Chrome/8.0.552.215 Safari/534.10"
92.230.120.46 - - [14/Dec/2010:15:47:36 +0100] "GET /send.gif HTTP/1.1" 200 265 "http://www.zahnarztpraxis-berlin-pankow.de/callback.html" "Mozilla/5.0 (Windows; U; Windows NT 5.1; en-US) AppleWebKit/534.10 (KHTML, like Gecko) Chrome/8.0.552.215 Safari/534.10"
92.230.120.46 - - [14/Dec/2010:15:47:36 +0100] "GET /clear.gif HTTP/1.1" 200 230 "http://www.zahnarztpraxis-berlin-pankow.de/callback.html" "Mozilla/5.0 (Windows; U; Windows NT 5.1; en-US) AppleWebKit/534.10 (KHTML, like Gecko) Chrome/8.0.552.215 Safari/534.10"
131.107.65.43 - - [14/Dec/2010:18:46:58 +0100] "GET / HTTP/1.1" 200 12977 "-" "Mozilla/4.0 (compatible; MSIE 7.0; Windows NT 6.1; WOW64; Trident/4.0; SLCC2; .NET CLR 2.0.50727)"
131.107.65.43 - - [14/Dec/2010:18:46:58 +0100] "GET /opensite.js HTTP/1.1" 200 1125 "http://www.zahnarztpraxis-berlin-pankow.de/" "Mozilla/4.0 (compatible; MSIE 7.0; Windows NT 6.1; WOW64; Trident/4.0; SLCC2; .NET CLR 2.0.50727)"
131.107.65.43 - - [14/Dec/2010:18:46:58 +0100] "GET /flashopen.js HTTP/1.1" 200 604 "http://www.zahnarztpraxis-berlin-pankow.de/" "Mozilla/4.0 (compatible; MSIE 7.0; Windows NT 6.1; WOW64; Trident/4.0; SLCC2; .NET CLR 2.0.50727)"
77.185.0.169 - - [14/Dec/2010:22:53:32 +0100] "GET / HTTP/1.1" 200 12977 "http://www.kzv-berlin.de/cms/index.php?file=article&mode=entry&number=23&do=1&newsearch=1" "Mozilla/5.0 (Windows; U; Windows NT 5.1; de; rv:1.9.2.12) Gecko/20101026 YFF35 Firefox/3.6.12"
77.185.0.169 - - [14/Dec/2010:22:53:32 +0100] "GET /opensite.js HTTP/1.1" 200 1125 "http://www.zahnarztpraxis-berlin-pankow.de/" "Mozilla/5.0 (Windows; U; Windows NT 5.1; de; rv:1.9.2.12) Gecko/20101026 YFF35 Firefox/3.6.12"
77.185.0.169 - - [14/Dec/2010:22:53:32 +0100] "GET /favicon.ico HTTP/1.1" 200 2550 "-" "Mozilla/5.0 (Windows; U; Windows NT 5.1; de; rv:1.9.2.12) Gecko/20101026 YFF35 Firefox/3.6.12"
77.185.0.169 - - [14/Dec/2010:22:53:32 +0100] "GET /flashopen.js HTTP/1.1" 200 604 "http://www.zahnarztpraxis-berlin-pankow.de/" "Mozilla/5.0 (Windows; U; Windows NT 5.1; de; rv:1.9.2.12) Gecko/20101026 YFF35 Firefox/3.6.12"
77.185.0.169 - - [14/Dec/2010:22:53:32 +0100] "GET /hattke.swf HTTP/1.1" 200 12042 "http://www.zahnarztpraxis-berlin-pankow.de/" "Mozilla/5.0 (Windows; U; Windows NT 5.1; de; rv:1.9.2.12) Gecko/20101026 YFF35 Firefox/3.6.12"
77.185.0.169 - - [14/Dec/2010:22:53:32 +0100] "GET /diashow.swf HTTP/1.1" 200 311957 "-" "Mozilla/5.0 (Windows; U; Windows NT 5.1; de; rv:1.9.2.12) Gecko/20101026 YFF35 Firefox/3.6.12"
77.185.0.169 - - [14/Dec/2010:22:54:17 +0100] "GET /callback.html HTTP/1.1" 200 3272 "http://www.zahnarztpraxis-berlin-pankow.de/" "Mozilla/5.0 (Windows; U; Windows NT 5.1; de; rv:1.9.2.12) Gecko/20101026 YFF35 Firefox/3.6.12"
77.185.0.169 - - [14/Dec/2010:22:54:17 +0100] "GET /send.gif HTTP/1.1" 200 265 "http://www.zahnarztpraxis-berlin-pankow.de/callback.html" "Mozilla/5.0 (Windows; U; Windows NT 5.1; de; rv:1.9.2.12) Gecko/20101026 YFF35 Firefox/3.6.12"
77.185.0.169 - - [14/Dec/2010:22:54:17 +0100] "GET /clear.gif HTTP/1.1" 200 230 "http://www.zahnarztpraxis-berlin-pankow.de/callback.html" "Mozilla/5.0 (Windows; U; Windows NT 5.1; de; rv:1.9.2.12) Gecko/20101026 YFF35 Firefox/3.6.12"
119.63.198.9 - - [15/Dec/2010:09:22:03 +0100] "GET /robots.txt HTTP/1.1" 200 24 "-" "Baiduspider+(+http://www.baidu.com/search/spider.htm)"
131.107.65.43 - - [15/Dec/2010:19:34:56 +0100] "GET / HTTP/1.1" 200 12977 "-" "Mozilla/4.0 (compatible; MSIE 7.0; Windows NT 6.1; WOW64; Trident/4.0; SLCC2; .NET CLR 2.0.50727)"
131.107.65.43 - - [15/Dec/2010:19:34:56 +0100] "GET /flashopen.js HTTP/1.1" 200 604 "http://www.zahnarztpraxis-berlin-pankow.de/" "Mozilla/4.0 (compatible; MSIE 7.0; Windows NT 6.1; WOW64; Trident/4.0; SLCC2; .NET CLR 2.0.50727)"
131.107.65.43 - - [15/Dec/2010:19:34:56 +0100] "GET /opensite.js HTTP/1.1" 200 1125 "http://www.zahnarztpraxis-berlin-pankow.de/" "Mozilla/4.0 (compatible; MSIE 7.0; Windows NT 6.1; WOW64; Trident/4.0; SLCC2; .NET CLR 2.0.50727)"
207.46.204.180 - - [15/Dec/2010:20:27:21 +0100] "GET /robots.txt HTTP/1.1" 200 24 "-" "Mozilla/5.0 (compatible; bingbot/2.0; +http://www.bing.com/bingbot.htm)"
207.46.204.180 - - [15/Dec/2010:20:28:32 +0100] "GET / HTTP/1.1" 304 - "-" "Mozilla/5.0 (compatible; bingbot/2.0; +http://www.bing.com/bingbot.htm)"
67.16.94.2 - - [15/Dec/2010:22:04:06 +0100] "GET /robots.txt HTTP/1.0" 200 24 "-" "Gigabot/3.0 (http://www.gigablast.com/spider.html)"
67.16.94.2 - - [15/Dec/2010:22:04:06 +0100] "GET /teledienst.html HTTP/1.0" 200 4588 "-" "Gigabot/3.0 (http://www.gigablast.com/spider.html)"
64.121.56.246 - - [15/Dec/2010:23:03:46 +0100] "HEAD / HTTP/1.1" 200 - "-" "Mozilla/4.0 (compatible; MSIE 6.0; Windows NT 5.1; .NET CLR 1.1.4322)"
188.40.89.86 - - [16/Dec/2010:02:39:00 +0100] "GET / HTTP/1.0" 200 12977 "-" "-"
95.108.158.134 - - [16/Dec/2010:04:18:54 +0100] "GET /robots.txt HTTP/1.1" 200 24 "-" "Mozilla/5.0 (compatible; YandexBot/3.0; +http://yandex.com/bots)"
119.63.198.49 - - [16/Dec/2010:09:27:56 +0100] "GET /robots.txt HTTP/1.1" 200 24 "-" "Baiduspider+(+http://www.baidu.com/search/spider.htm)"
207.46.13.101 - - [16/Dec/2010:09:28:12 +0100] "GET /robots.txt HTTP/1.1" 200 24 "-" "Mozilla/5.0 (compatible; bingbot/2.0; +http://www.bing.com/bingbot.htm)"
207.46.13.101 - - [16/Dec/2010:09:30:36 +0100] "GET / HTTP/1.1" 304 - "-" "Mozilla/5.0 (compatible; bingbot/2.0; +http://www.bing.com/bingbot.htm)"
66.235.124.17 - - [16/Dec/2010:10:19:04 +0100] "GET /robots.txt HTTP/1.1" 200 24 "-" "Mozilla/5.0 (compatible; Ask Jeeves/Teoma; +http://about.ask.com/en/docs/about/webmasters.shtml)"
66.235.124.17 - - [16/Dec/2010:10:19:04 +0100] "GET / HTTP/1.1" 200 12977 "-" "Mozilla/5.0 (compatible; Ask Jeeves/Teoma; +http://about.ask.com/en/docs/about/webmasters.shtml)"
95.108.158.134 - - [16/Dec/2010:10:22:41 +0100] "GET / HTTP/1.1" 200 12977 "-" "Mozilla/5.0 (compatible; YandexBot/3.0; +http://yandex.com/bots)"
193.47.80.37 - - [16/Dec/2010:12:04:42 +0100] "GET /robots.txt HTTP/1.1" 200 24 "-" "Mozilla/5.0 (compatible; Exabot/3.0; +http://www.exabot.com/go/robot)"
193.47.80.37 - - [16/Dec/2010:12:04:42 +0100] "GET / HTTP/1.1" 304 - "-" "Mozilla/5.0 (compatible; Exabot/3.0; +http://www.exabot.com/go/robot)"
91.64.128.212 - - [16/Dec/2010:12:14:08 +0100] "GET / HTTP/1.1" 200 12977 "-" "Mozilla/4.0 (compatible; MSIE 8.0; Windows NT 5.1; Trident/4.0; GTB6.3; BTRS28059; Mozilla/4.0 (compatible; MSIE 6.0; Windows NT 5.1; SV1) ; .NET CLR 1.1.4322; .NET CLR 2.0.50727; .NET CLR 3.0.4506.2152; .NET CLR 3.5.30729; InfoPath.2)"
91.64.128.212 - - [16/Dec/2010:12:14:09 +0100] "GET /opensite.js HTTP/1.1" 200 1125 "http://www.zahnarztpraxis-berlin-pankow.de/" "Mozilla/4.0 (compatible; MSIE 8.0; Windows NT 5.1; Trident/4.0; GTB6.3; BTRS28059; Mozilla/4.0 (compatible; MSIE 6.0; Windows NT 5.1; SV1) ; .NET CLR 1.1.4322; .NET CLR 2.0.50727; .NET CLR 3.0.4506.2152; .NET CLR 3.5.30729; InfoPath.2)"
91.64.128.212 - - [16/Dec/2010:12:14:09 +0100] "GET /opensite.js HTTP/1.1" 200 1125 "http://www.zahnarztpraxis-berlin-pankow.de/" "Mozilla/4.0 (compatible; MSIE 8.0; Windows NT 5.1; Trident/4.0; GTB6.3; BTRS28059; Mozilla/4.0 (compatible; MSIE 6.0; Windows NT 5.1; SV1) ; .NET CLR 1.1.4322; .NET CLR 2.0.50727; .NET CLR 3.0.4506.2152; .NET CLR 3.5.30729; InfoPath.2)"
91.64.128.212 - - [16/Dec/2010:12:14:09 +0100] "GET /flashopen.js HTTP/1.1" 200 604 "http://www.zahnarztpraxis-berlin-pankow.de/" "Mozilla/4.0 (compatible; MSIE 8.0; Windows NT 5.1; Trident/4.0; GTB6.3; BTRS28059; Mozilla/4.0 (compatible; MSIE 6.0; Windows NT 5.1; SV1) ; .NET CLR 1.1.4322; .NET CLR 2.0.50727; .NET CLR 3.0.4506.2152; .NET CLR 3.5.30729; InfoPath.2)"
91.64.128.212 - - [16/Dec/2010:12:14:09 +0100] "GET /hattke.swf HTTP/1.1" 200 12042 "http://www.zahnarztpraxis-berlin-pankow.de/" "Mozilla/4.0 (compatible; MSIE 8.0; Windows NT 5.1; Trident/4.0; GTB6.3; BTRS28059; Mozilla/4.0 (compatible; MSIE 6.0; Windows NT 5.1; SV1) ; .NET CLR 1.1.4322; .NET CLR 2.0.50727; .NET CLR 3.0.4506.2152; .NET CLR 3.5.30729; InfoPath.2)"
91.64.128.212 - - [16/Dec/2010:12:14:09 +0100] "GET /favicon.ico HTTP/1.1" 200 2550 "-" "Mozilla/4.0 (compatible; MSIE 8.0; Windows NT 5.1; Trident/4.0; GTB6.3; BTRS28059; Mozilla/4.0 (compatible; MSIE 6.0; Windows NT 5.1; SV1) ; .NET CLR 1.1.4322; .NET CLR 2.0.50727; .NET CLR 3.0.4506.2152; .NET CLR 3.5.30729; InfoPath.2)"
91.64.128.212 - - [16/Dec/2010:12:14:09 +0100] "GET /diashow.swf HTTP/1.1" 200 311957 "http://www.zahnarztpraxis-berlin-pankow.de/hattke.swf" "Mozilla/4.0 (compatible; MSIE 8.0; Windows NT 5.1; Trident/4.0; GTB6.3; BTRS28059; Mozilla/4.0 (compatible; MSIE 6.0; Windows NT 5.1; SV1) ; .NET CLR 1.1.4322; .NET CLR 2.0.50727; .NET CLR 3.0.4506.2152; .NET CLR 3.5.30729; InfoPath.2)"
91.64.128.212 - - [16/Dec/2010:12:25:35 +0100] "GET /teledienst.html HTTP/1.1" 200 4588 "-" "Mozilla/4.0 (compatible; MSIE 8.0; Windows NT 5.1; Trident/4.0; GTB6.3; BTRS28059; Mozilla/4.0 (compatible; MSIE 6.0; Windows NT 5.1; SV1) ; .NET CLR 1.1.4322; .NET CLR 2.0.50727; .NET CLR 3.0.4506.2152; .NET CLR 3.5.30729; InfoPath.2)"
91.64.128.212 - - [16/Dec/2010:12:25:35 +0100] "GET /opensite.js HTTP/1.1" 304 - "http://www.zahnarztpraxis-berlin-pankow.de/teledienst.html" "Mozilla/4.0 (compatible; MSIE 8.0; Windows NT 5.1; Trident/4.0; GTB6.3; BTRS28059; Mozilla/4.0 (compatible; MSIE 6.0; Windows NT 5.1; SV1) ; .NET CLR 1.1.4322; .NET CLR 2.0.50727; .NET CLR 3.0.4506.2152; .NET CLR 3.5.30729; InfoPath.2)"
91.64.128.212 - - [16/Dec/2010:12:25:35 +0100] "GET /opensite.js HTTP/1.1" 304 - "http://www.zahnarztpraxis-berlin-pankow.de/teledienst.html" "Mozilla/4.0 (compatible; MSIE 8.0; Windows NT 5.1; Trident/4.0; GTB6.3; BTRS28059; Mozilla/4.0 (compatible; MSIE 6.0; Windows NT 5.1; SV1) ; .NET CLR 1.1.4322; .NET CLR 2.0.50727; .NET CLR 3.0.4506.2152; .NET CLR 3.5.30729; InfoPath.2)"
91.64.128.212 - - [16/Dec/2010:12:25:39 +0100] "GET /teledienst.html HTTP/1.1" 304 - "-" "Mozilla/4.0 (compatible; MSIE 8.0; Windows NT 5.1; Trident/4.0; GTB6.3; BTRS28059; Mozilla/4.0 (compatible; MSIE 6.0; Windows NT 5.1; SV1) ; .NET CLR 1.1.4322; .NET CLR 2.0.50727; .NET CLR 3.0.4506.2152; .NET CLR 3.5.30729; InfoPath.2)"
91.64.128.212 - - [16/Dec/2010:12:25:39 +0100] "GET /opensite.js HTTP/1.1" 304 - "http://www.zahnarztpraxis-berlin-pankow.de/teledienst.html" "Mozilla/4.0 (compatible; MSIE 8.0; Windows NT 5.1; Trident/4.0; GTB6.3; BTRS28059; Mozilla/4.0 (compatible; MSIE 6.0; Windows NT 5.1; SV1) ; .NET CLR 1.1.4322; .NET CLR 2.0.50727; .NET CLR 3.0.4506.2152; .NET CLR 3.5.30729; InfoPath.2)"
91.64.128.212 - - [16/Dec/2010:12:25:39 +0100] "GET /opensite.js HTTP/1.1" 304 - "http://www.zahnarztpraxis-berlin-pankow.de/teledienst.html" "Mozilla/4.0 (compatible; MSIE 8.0; Windows NT 5.1; Trident/4.0; GTB6.3; BTRS28059; Mozilla/4.0 (compatible; MSIE 6.0; Windows NT 5.1; SV1) ; .NET CLR 1.1.4322; .NET CLR 2.0.50727; .NET CLR 3.0.4506.2152; .NET CLR 3.5.30729; InfoPath.2)"
217.69.136.29 - - [16/Dec/2010:13:02:15 +0100] "GET /robots.txt HTTP/1.0" 200 24 "-" "Mail.Ru/1.0"
