217.69.136.29 - - [16/Dec/2010:13:02:15 +0100] "GET / HTTP/1.0" 200 12977 "-" "Mail.Ru/1.0"
84.191.179.109 - - [16/Dec/2010:13:40:42 +0100] "GET / HTTP/1.1" 200 12977 "-" "Mozilla/5.0 (Windows; U; Windows NT 5.1; de; rv:1.9.2.13) Gecko/20101203 Firefox/3.6.13 GTB7.1 ( .NET CLR 3.5.30729)"
84.191.179.109 - - [16/Dec/2010:13:40:42 +0100] "GET /opensite.js HTTP/1.1" 200 1125 "http://www.zahnarztpraxis-berlin-pankow.de/" "Mozilla/5.0 (Windows; U; Windows NT 5.1; de; rv:1.9.2.13) Gecko/20101203 Firefox/3.6.13 GTB7.1 ( .NET CLR 3.5.30729)"
84.191.179.109 - - [16/Dec/2010:13:40:42 +0100] "GET /favicon.ico HTTP/1.1" 200 2550 "-" "Mozilla/5.0 (Windows; U; Windows NT 5.1; de; rv:1.9.2.13) Gecko/20101203 Firefox/3.6.13 GTB7.1 ( .NET CLR 3.5.30729)"
84.191.179.109 - - [16/Dec/2010:13:40:42 +0100] "GET /flashopen.js HTTP/1.1" 200 604 "http://www.zahnarztpraxis-berlin-pankow.de/" "Mozilla/5.0 (Windows; U; Windows NT 5.1; de; rv:1.9.2.13) Gecko/20101203 Firefox/3.6.13 GTB7.1 ( .NET CLR 3.5.30729)"
84.191.179.109 - - [16/Dec/2010:13:40:42 +0100] "GET /hattke.swf HTTP/1.1" 200 12042 "http://www.zahnarztpraxis-berlin-pankow.de/" "Mozilla/5.0 (Windows; U; Windows NT 5.1; de; rv:1.9.2.13) Gecko/20101203 Firefox/3.6.13 GTB7.1 ( .NET CLR 3.5.30729)"
84.191.179.109 - - [16/Dec/2010:13:40:43 +0100] "GET /diashow.swf HTTP/1.1" 200 311957 "-" "Mozilla/5.0 (Windows; U; Windows NT 5.1; de; rv:1.9.2.13) Gecko/20101203 Firefox/3.6.13 GTB7.1 ( .NET CLR 3.5.30729)"
84.191.179.109 - - [16/Dec/2010:13:41:27 +0100] "GET /callback.html HTTP/1.1" 200 3272 "http://www.zahnarztpraxis-berlin-pankow.de/" "Mozilla/5.0 (Windows; U; Windows NT 5.1; de; rv:1.9.2.13) Gecko/20101203 Firefox/3.6.13 GTB7.1 ( .NET CLR 3.5.30729)"
84.191.179.109 - - [16/Dec/2010:13:41:27 +0100] "GET /send.gif HTTP/1.1" 200 265 "http://www.zahnarztpraxis-berlin-pankow.de/callback.html" "Mozilla/5.0 (Windows; U; Windows NT 5.1; de; rv:1.9.2.13) Gecko/20101203 Firefox/3.6.13 GTB7.1 ( .NET CLR 3.5.30729)"
84.191.179.109 - - [16/Dec/2010:13:41:28 +0100] "GET /clear.gif HTTP/1.1" 200 230 "http://www.zahnarztpraxis-berlin-pankow.de/callback.html" "Mozilla/5.0 (Windows; U; Windows NT 5.1; de; rv:1.9.2.13) Gecko/20101203 Firefox/3.6.13 GTB7.1 ( .NET CLR 3.5.30729)"
85.10.211.218 - - [16/Dec/2010:14:24:22 +0100] "GET /robots.txt HTTP/1.0" 200 24 "-" "weneobot/Nutch-1.2 (weneo.de bot; http://www.weneo.de/bot; bot at weneo.de)"
85.10.211.218 - - [16/Dec/2010:14:24:22 +0100] "GET / HTTP/1.0" 404 1256 "-" "weneobot/Nutch-1.2 (weneo.de bot; http://www.weneo.de/bot; bot at weneo.de)"
213.165.86.27 - - [16/Dec/2010:14:55:25 +0100] "HEAD / HTTP/1.1" 200 - "-" "Mozilla/5.0 (Windows; U; Windows NT 5.1; de; rv:1.9.1.5) Gecko/20091102 Firefox/3.5.5 (.NET CLR 3.5.30729)"
213.165.86.27 - - [16/Dec/2010:14:55:25 +0100] "HEAD / HTTP/1.1" 200 - "-" "Mozilla/5.0 (Windows; U; Windows NT 5.1; de; rv:1.9.1.5) Gecko/20091102 Firefox/3.5.5 (.NET CLR 3.5.30729)"
213.165.86.27 - - [16/Dec/2010:14:55:25 +0100] "GET / HTTP/1.1" 200 12977 "-" "Mozilla/5.0 (Windows; U; Windows NT 5.1; de; rv:1.9.1.5) Gecko/20091102 Firefox/3.5.5 (.NET CLR 3.5.30729)"
213.165.86.27 - - [16/Dec/2010:14:55:26 +0100] "HEAD / HTTP/1.1" 200 - "-" "Mozilla/5.0 (Windows; U; Windows NT 5.1; de; rv:1.9.1.5) Gecko/20091102 Firefox/3.5.5 (.NET CLR 3.5.30729)"
85.178.117.113 - - [16/Dec/2010:15:45:19 +0100] "GET / HTTP/1.1" 200 12977 "http://www.google.de/search?rlz=1C1SKPH_enDE384DE410&sourceid=chrome&ie=UTF-8&q=zahnarzt+hatke" "Mozilla/5.0 (Windows; U; Windows NT 5.1; en-US) AppleWebKit/534.10 (KHTML, like Gecko) Chrome/8.0.552.224 Safari/534.10"
85.178.117.113 - - [16/Dec/2010:15:45:19 +0100] "GET /opensite.js HTTP/1.1" 200 1125 "http://www.zahnarztpraxis-berlin-pankow.de/" "Mozilla/5.0 (Windows; U; Windows NT 5.1; en-US) AppleWebKit/534.10 (KHTML, like Gecko) Chrome/8.0.552.224 Safari/534.10"
85.178.117.113 - - [16/Dec/2010:15:45:19 +0100] "GET /flashopen.js HTTP/1.1" 200 604 "http://www.zahnarztpraxis-berlin-pankow.de/" "Mozilla/5.0 (Windows; U; Windows NT 5.1; en-US) AppleWebKit/534.10 (KHTML, like Gecko) Chrome/8.0.552.224 Safari/534.10"
85.178.117.113 - - [16/Dec/2010:15:45:19 +0100] "GET /hattke.swf HTTP/1.1" 200 12042 "http://www.zahnarztpraxis-berlin-pankow.de/" "Mozilla/5.0 (Windows; U; Windows NT 5.1; en-US) AppleWebKit/534.10 (KHTML, like Gecko) Chrome/8.0.552.224 Safari/534.10"
85.178.117.113 - - [16/Dec/2010:15:45:19 +0100] "GET /favicon.ico HTTP/1.1" 200 2550 "-" "Mozilla/5.0 (Windows; U; Windows NT 5.1; en-US) AppleWebKit/534.10 (KHTML, like Gecko) Chrome/8.0.552.224 Safari/534.10"
85.178.117.113 - - [16/Dec/2010:15:45:19 +0100] "GET /diashow.swf HTTP/1.1" 200 311957 "http://www.zahnarztpraxis-berlin-pankow.de/hattke.swf" "Mozilla/5.0 (Windows; U; Windows NT 5.1; en-US) AppleWebKit/534.10 (KHTML, like Gecko) Chrome/8.0.552.224 Safari/534.10"
131.107.65.43 - - [16/Dec/2010:18:37:15 +0100] "GET / HTTP/1.1" 200 12977 "-" "Mozilla/4.0 (compatible; MSIE 7.0; Windows NT 6.1; WOW64; Trident/4.0; SLCC2; .NET CLR 2.0.50727)"
131.107.65.43 - - [16/Dec/2010:18:37:16 +0100] "GET /opensite.js HTTP/1.1" 200 1125 "http://www.zahnarztpraxis-berlin-pankow.de/" "Mozilla/4.0 (compatible; MSIE 7.0; Windows NT 6.1; WOW64; Trident/4.0; SLCC2; .NET CLR 2.0.50727)"
131.107.65.43 - - [16/Dec/2010:18:37:16 +0100] "GET /flashopen.js HTTP/1.1" 200 604 "http://www.zahnarztpraxis-berlin-pankow.de/" "Mozilla/4.0 (compatible; MSIE 7.0; Windows NT 6.1; WOW64; Trident/4.0; SLCC2; .NET CLR 2.0.50727)"
157.55.16.231 - - [16/Dec/2010:18:50:00 +0100] "GET /robots.txt HTTP/1.1" 200 24 "-" "Mozilla/5.0 (compatible; bingbot/2.0; +http://www.bing.com/bingbot.htm)"
85.178.117.113 - - [16/Dec/2010:19:02:01 +0100] "GET / HTTP/1.1" 200 12977 "http://www.google.de/search?rlz=1C1DVCL_enDE389DE409&sourceid=chrome&ie=UTF-8&q=hattke+berlin+zahnarzt" "Mozilla/5.0 (Windows; U; Windows NT 6.0; en-US) AppleWebKit/534.10 (KHTML, like Gecko) Chrome/8.0.552.224 Safari/534.10"
85.178.117.113 - - [16/Dec/2010:19:02:01 +0100] "GET /opensite.js HTTP/1.1" 200 1125 "http://www.zahnarztpraxis-berlin-pankow.de/" "Mozilla/5.0 (Windows; U; Windows NT 6.0; en-US) AppleWebKit/534.10 (KHTML, like Gecko) Chrome/8.0.552.224 Safari/534.10"
85.178.117.113 - - [16/Dec/2010:19:02:01 +0100] "GET /flashopen.js HTTP/1.1" 200 604 "http://www.zahnarztpraxis-berlin-pankow.de/" "Mozilla/5.0 (Windows; U; Windows NT 6.0; en-US) AppleWebKit/534.10 (KHTML, like Gecko) Chrome/8.0.552.224 Safari/534.10"
85.178.117.113 - - [16/Dec/2010:19:02:01 +0100] "GET /hattke.swf HTTP/1.1" 200 12042 "http://www.zahnarztpraxis-berlin-pankow.de/" "Mozilla/5.0 (Windows; U; Windows NT 6.0; en-US) AppleWebKit/534.10 (KHTML, like Gecko) Chrome/8.0.552.224 Safari/534.10"
85.178.117.113 - - [16/Dec/2010:19:02:01 +0100] "GET /favicon.ico HTTP/1.1" 200 2550 "-" "Mozilla/5.0 (Windows; U; Windows NT 6.0; en-US) AppleWebKit/534.10 (KHTML, like Gecko) Chrome/8.0.552.224 Safari/534.10"
85.178.117.113 - - [16/Dec/2010:19:02:01 +0100] "GET /diashow.swf HTTP/1.1" 200 311957 "http://www.zahnarztpraxis-berlin-pankow.de/hattke.swf" "Mozilla/5.0 (Windows; U; Windows NT 6.0; en-US) AppleWebKit/534.10 (KHTML, like Gecko) Chrome/8.0.552.224 Safari/534.10"
85.178.117.113 - - [16/Dec/2010:19:02:16 +0100] "GET /callback.html HTTP/1.1" 200 3272 "http://www.zahnarztpraxis-berlin-pankow.de/hattke.swf" "Mozilla/5.0 (Windows; U; Windows NT 6.0; en-US) AppleWebKit/534.10 (KHTML, like Gecko) Chrome/8.0.552.224 Safari/534.10"
85.178.117.113 - - [16/Dec/2010:19:02:16 +0100] "GET /send.gif HTTP/1.1" 200 265 "http://www.zahnarztpraxis-berlin-pankow.de/callback.html" "Mozilla/5.0 (Windows; U; Windows NT 6.0; en-US) AppleWebKit/534.10 (KHTML, like Gecko) Chrome/8.0.552.224 Safari/534.10"
85.178.117.113 - - [16/Dec/2010:19:02:16 +0100] "GET /clear.gif HTTP/1.1" 200 230 "http://www.zahnarztpraxis-berlin-pankow.de/callback.html" "Mozilla/5.0 (Windows; U; Windows NT 6.0; en-US) AppleWebKit/534.10 (KHTML, like Gecko) Chrome/8.0.552.224 Safari/534.10"
85.178.117.113 - - [16/Dec/2010:19:05:18 +0100] "POST /callback.php HTTP/1.1" 302 1 "http://www.zahnarztpraxis-berlin-pankow.de/callback.html" "Mozilla/5.0 (Windows; U; Windows NT 6.0; en-US) AppleWebKit/534.10 (KHTML, like Gecko) Chrome/8.0.552.224 Safari/534.10"
85.178.117.113 - - [16/Dec/2010:19:05:18 +0100] "GET /callback_ok.htm HTTP/1.1" 200 1985 "http://www.zahnarztpraxis-berlin-pankow.de/callback.html" "Mozilla/5.0 (Windows; U; Windows NT 6.0; en-US) AppleWebKit/534.10 (KHTML, like Gecko) Chrome/8.0.552.224 Safari/534.10"
157.55.16.231 - - [16/Dec/2010:19:05:44 +0100] "GET /teledienst.html HTTP/1.1" 304 - "-" "Mozilla/5.0 (compatible; bingbot/2.0; +http://www.bing.com/bingbot.htm)"
81.169.145.25 - - [17/Dec/2010:00:25:40 +0100] "GET / HTTP/1.0" 200 12977 "-" "-"
202.156.10.247 - - [17/Dec/2010:05:01:25 +0100] "GET /robots.txt HTTP/1.0" 200 24 "-" "male.com.sg/Nutch-1.1 (http://www.male.com.sg; crawler@male.com.sg)"
202.156.10.247 - - [17/Dec/2010:05:01:26 +0100] "GET / HTTP/1.0" 200 12977 "-" "male.com.sg/Nutch-1.1 (http://www.male.com.sg; crawler@male.com.sg)"
83.133.125.202 - - [17/Dec/2010:06:27:13 +0100] "GET / HTTP/1.1" 200 12977 "http://www.bigfinder.de/" "Mozilla/5.0 (Windows; U; Windows NT 6.0; en-US) AppleWebKit/533.4 (KHTML, like Gecko) Chrome/5.0.375.126 Safari/533.4"
217.50.242.136 - - [17/Dec/2010:06:28:33 +0100] "GET /robots.txt HTTP/1.0" 200 24 "-" "Mozilla/5.0 (compatible; MJ12bot/v1.3.3; http://www.majestic12.co.uk/bot.php?+)"
217.50.242.136 - - [17/Dec/2010:06:28:36 +0100] "GET / HTTP/1.1" 200 12977 "-" "Mozilla/5.0 (compatible; MJ12bot/v1.3.3; http://www.majestic12.co.uk/bot.php?+)"
64.246.165.10 - - [17/Dec/2010:09:26:36 +0100] "GET /robots.txt HTTP/1.0" 200 24 "-" "Mozilla/5.0 (Windows; U; Windows NT 5.1; en; rv:1.9.0.13) Gecko/2009073022 Firefox/3.5.2 (.NET CLR 3.5.30729) SurveyBot/2.3 (DomainTools)"
64.246.165.10 - - [17/Dec/2010:09:26:36 +0100] "GET / HTTP/1.1" 200 12977 "http://whois.domaintools.com/zahnarztpraxis-berlin-pankow.de" "Mozilla/5.0 (Windows; U; Windows NT 5.1; en; rv:1.9.0.13) Gecko/2009073022 Firefox/3.5.2 (.NET CLR 3.5.30729) SurveyBot/2.3 (DomainTools)"
93.242.238.30 - - [17/Dec/2010:09:33:26 +0100] "GET / HTTP/1.1" 200 12977 "http://www.bing.com/search?q=zahnarztpraxis+berlin&src=IE-SearchBox&first=21&FORM=PERE" "Mozilla/4.0 (compatible; MSIE 8.0; Windows NT 5.1; Trident/4.0; .NET CLR 2.0.50727; .NET CLR 3.0.4506.2152; .NET CLR 3.5.30729)"
93.242.238.30 - - [17/Dec/2010:09:33:26 +0100] "GET /opensite.js HTTP/1.1" 200 1125 "http://www.zahnarztpraxis-berlin-pankow.de/" "Mozilla/4.0 (compatible; MSIE 8.0; Windows NT 5.1; Trident/4.0; .NET CLR 2.0.50727; .NET CLR 3.0.4506.2152; .NET CLR 3.5.30729)"
93.242.238.30 - - [17/Dec/2010:09:33:26 +0100] "GET /flashopen.js HTTP/1.1" 200 604 "http://www.zahnarztpraxis-berlin-pankow.de/" "Mozilla/4.0 (compatible; MSIE 8.0; Windows NT 5.1; Trident/4.0; .NET CLR 2.0.50727; .NET CLR 3.0.4506.2152; .NET CLR 3.5.30729)"
93.242.238.30 - - [17/Dec/2010:09:33:27 +0100] "GET /hattke.swf HTTP/1.1" 200 12042 "http://www.zahnarztpraxis-berlin-pankow.de/" "Mozilla/4.0 (compatible; MSIE 8.0; Windows NT 5.1; Trident/4.0; .NET CLR 2.0.50727; .NET CLR 3.0.4506.2152; .NET CLR 3.5.30729)"
93.242.238.30 - - [17/Dec/2010:09:33:27 +0100] "GET /favicon.ico HTTP/1.1" 200 2550 "-" "Mozilla/4.0 (compatible; MSIE 8.0; Windows NT 5.1; Trident/4.0; .NET CLR 2.0.50727; .NET CLR 3.0.4506.2152; .NET CLR 3.5.30729)"
93.242.238.30 - - [17/Dec/2010:09:33:27 +0100] "GET /diashow.swf HTTP/1.1" 200 311957 "http://www.zahnarztpraxis-berlin-pankow.de/hattke.swf" "Mozilla/4.0 (compatible; MSIE 8.0; Windows NT 5.1; Trident/4.0; .NET CLR 2.0.50727; .NET CLR 3.0.4506.2152; .NET CLR 3.5.30729)"
119.63.198.9 - - [17/Dec/2010:10:03:03 +0100] "GET /robots.txt HTTP/1.1" 200 24 "-" "Baiduspider+(+http://www.baidu.com/search/spider.htm)"
208.115.111.250 - - [17/Dec/2010:17:23:10 +0100] "GET /robots.txt HTTP/1.1" 200 24 "-" "Mozilla/5.0 (compatible; DotBot/1.1; http://www.dotnetdotcom.org/, crawler@dotnetdotcom.org)"
131.107.65.43 - - [17/Dec/2010:18:44:41 +0100] "GET / HTTP/1.1" 200 12977 "-" "Mozilla/4.0 (compatible; MSIE 7.0; Windows NT 6.1; WOW64; Trident/4.0; SLCC2; .NET CLR 2.0.50727)"
131.107.65.43 - - [17/Dec/2010:18:44:42 +0100] "GET /opensite.js HTTP/1.1" 200 1125 "http://www.zahnarztpraxis-berlin-pankow.de/" "Mozilla/4.0 (compatible; MSIE 7.0; Windows NT 6.1; WOW64; Trident/4.0; SLCC2; .NET CLR 2.0.50727)"
131.107.65.43 - - [17/Dec/2010:18:44:42 +0100] "GET /flashopen.js HTTP/1.1" 200 604 "http://www.zahnarztpraxis-berlin-pankow.de/" "Mozilla/4.0 (compatible; MSIE 7.0; Windows NT 6.1; WOW64; Trident/4.0; SLCC2; .NET CLR 2.0.50727)"
67.195.115.213 - - [17/Dec/2010:18:55:45 +0100] "GET /robots.txt HTTP/1.0" 200 24 "-" "Mozilla/5.0 (compatible; Yahoo! Slurp; http://help.yahoo.com/help/us/ysearch/slurp)"
67.195.115.213 - - [17/Dec/2010:18:55:46 +0100] "GET / HTTP/1.0" 200 12977 "-" "Mozilla/5.0 (compatible; Yahoo! Slurp; http://help.yahoo.com/help/us/ysearch/slurp)"
208.115.111.250 - - [17/Dec/2010:21:40:20 +0100] "GET / HTTP/1.1" 200 12977 "-" "Mozilla/5.0 (compatible; DotBot/1.1; http://www.dotnetdotcom.org/, crawler@dotnetdotcom.org)"
208.115.111.250 - - [17/Dec/2010:21:40:25 +0100] "GET /teledienst.html HTTP/1.1" 200 4588 "-" "Mozilla/5.0 (compatible; DotBot/1.1; http://www.dotnetdotcom.org/, crawler@dotnetdotcom.org)"
38.99.98.86 - - [17/Dec/2010:23:10:27 +0100] "GET /robots.txt HTTP/1.1" 200 24 "-" "Mozilla/5.0 (compatible; ScoutJet; +http://www.scoutjet.com/)"
38.99.98.86 - - [17/Dec/2010:23:10:35 +0100] "GET / HTTP/1.1" 200 12977 "-" "Mozilla/5.0 (compatible; ScoutJet; +http://www.scoutjet.com/)"
66.249.66.110 - - [17/Dec/2010:23:26:45 +0100] "GET /robots.txt HTTP/1.1" 200 24 "-" "Mozilla/5.0 (compatible; Googlebot/2.1; +http://www.google.com/bot.html)"
66.249.66.110 - - [17/Dec/2010:23:26:45 +0100] "GET /index_alt.html HTTP/1.1" 304 - "-" "Mozilla/5.0 (compatible; Googlebot/2.1; +http://www.google.com/bot.html)"
85.10.211.218 - - [18/Dec/2010:00:45:41 +0100] "GET /robots.txt HTTP/1.0" 200 24 "-" "weneobot/Nutch-1.2 (weneo.de bot; http://www.weneo.de/bot; bot at weneo.de)"
85.10.211.218 - - [18/Dec/2010:00:45:41 +0100] "GET / HTTP/1.0" 404 1256 "-" "weneobot/Nutch-1.2 (weneo.de bot; http://www.weneo.de/bot; bot at weneo.de)"
83.133.125.202 - - [18/Dec/2010:03:01:13 +0100] "GET / HTTP/1.1" 200 12977 "http://www.BigFinder.de/" "Mozilla/4.0 (compatible; MSIE 7.0; Windows NT 5.1)"
83.133.125.202 - - [18/Dec/2010:03:01:13 +0100] "GET / HTTP/1.0" 200 12977 "-" "-"
83.133.125.202 - - [18/Dec/2010:03:01:13 +0100] "GET / HTTP/1.0" 200 12977 "-" "-"
85.10.211.218 - - [18/Dec/2010:03:19:58 +0100] "GET /application/x-shockwave-flash HTTP/1.0" 404 1256 "-" "weneobot/Nutch-1.2 (weneo.de bot; http://www.weneo.de/bot; bot at weneo.de)"
195.127.173.170 - - [18/Dec/2010:05:49:15 +0100] "GET / HTTP/1.1" 200 12977 "-" "oBot"
119.63.198.20 - - [18/Dec/2010:10:12:54 +0100] "GET /robots.txt HTTP/1.1" 200 24 "-" "Baiduspider+(+http://www.baidu.com/search/spider.htm)"
131.107.65.43 - - [18/Dec/2010:19:00:39 +0100] "GET / HTTP/1.1" 200 12977 "-" "Mozilla/4.0 (compatible; MSIE 7.0; Windows NT 6.1; WOW64; Trident/4.0; SLCC2; .NET CLR 2.0.50727)"
131.107.65.43 - - [18/Dec/2010:19:00:40 +0100] "GET /opensite.js HTTP/1.1" 200 1125 "http://www.zahnarztpraxis-berlin-pankow.de/" "Mozilla/4.0 (compatible; MSIE 7.0; Windows NT 6.1; WOW64; Trident/4.0; SLCC2; .NET CLR 2.0.50727)"
131.107.65.43 - - [18/Dec/2010:19:00:40 +0100] "GET /flashopen.js HTTP/1.1" 200 604 "http://www.zahnarztpraxis-berlin-pankow.de/" "Mozilla/4.0 (compatible; MSIE 7.0; Windows NT 6.1; WOW64; Trident/4.0; SLCC2; .NET CLR 2.0.50727)"
85.10.211.218 - - [18/Dec/2010:20:54:15 +0100] "GET /robots.txt HTTP/1.0" 200 24 "-" "weneobot/Nutch-1.2 (weneo.de bot; http://www.weneo.de/bot; bot at weneo.de)"
85.10.211.218 - - [18/Dec/2010:20:54:15 +0100] "GET / HTTP/1.0" 200 12977 "-" "weneobot/Nutch-1.2 (weneo.de bot; http://www.weneo.de/bot; bot at weneo.de)"
67.195.115.213 - - [18/Dec/2010:21:01:16 +0100] "GET /robots.txt HTTP/1.0" 200 24 "-" "Mozilla/5.0 (compatible; Yahoo! Slurp; http://help.yahoo.com/help/us/ysearch/slurp)"
67.195.115.213 - - [18/Dec/2010:21:01:17 +0100] "GET /index_alt.html HTTP/1.0" 200 2254 "-" "Mozilla/5.0 (compatible; Yahoo! Slurp; http://help.yahoo.com/help/us/ysearch/slurp)"
95.108.158.134 - - [18/Dec/2010:22:38:13 +0100] "GET /robots.txt HTTP/1.1" 200 24 "-" "Mozilla/5.0 (compatible; YandexBot/3.0; +http://yandex.com/bots)"
62.89.187.209 - - [19/Dec/2010:01:00:04 +0100] "GET / HTTP/1.1" 200 12977 "-" "CligooRobot/1.0"
188.40.89.86 - - [19/Dec/2010:01:01:28 +0100] "GET / HTTP/1.0" 200 12977 "-" "-"
95.108.158.134 - - [19/Dec/2010:01:12:43 +0100] "GET / HTTP/1.1" 200 12977 "-" "Mozilla/5.0 (compatible; YandexBot/3.0; +http://yandex.com/bots)"
66.249.67.107 - - [19/Dec/2010:01:17:43 +0100] "GET /robots.txt HTTP/1.1" 200 24 "-" "Mozilla/5.0 (compatible; Googlebot/2.1; +http://www.google.com/bot.html)"
66.249.67.107 - - [19/Dec/2010:01:17:43 +0100] "GET /index_alt.html HTTP/1.1" 304 - "-" "Mozilla/5.0 (compatible; Googlebot/2.1; +http://www.google.com/bot.html)"
67.16.94.2 - - [19/Dec/2010:06:15:40 +0100] "GET /robots.txt HTTP/1.0" 200 24 "-" "Gigabot/3.0 (http://www.gigablast.com/spider.html)"
67.16.94.2 - - [19/Dec/2010:06:15:41 +0100] "GET / HTTP/1.0" 200 12977 "-" "Gigabot/3.0 (http://www.gigablast.com/spider.html)"
119.63.198.54 - - [19/Dec/2010:10:27:45 +0100] "GET /robots.txt HTTP/1.1" 200 24 "-" "Baiduspider+(+http://www.baidu.com/search/spider.htm)"
94.23.211.138 - - [19/Dec/2010:13:37:07 +0100] "HEAD / HTTP/1.1" 200 - "-" "Mozilla/4.0 (compatible; MSIE 5.01; Windows NT 5.0)"
88.198.17.185 - - [19/Dec/2010:14:00:38 +0100] "GET /robots.txt HTTP/1.0" 200 24 "-" "nutch-solr-integration-test/Nutch-1.2 (Tagvillage Web Crawler using Nutch 1.0; http://www.tagvillage.com/; admin@tagvillage.com)"
131.107.65.43 - - [19/Dec/2010:18:54:27 +0100] "GET / HTTP/1.1" 200 12977 "-" "Mozilla/4.0 (compatible; MSIE 7.0; Windows NT 6.1; WOW64; Trident/4.0; SLCC2; .NET CLR 2.0.50727)"
131.107.65.43 - - [19/Dec/2010:18:54:27 +0100] "GET /opensite.js HTTP/1.1" 200 1125 "http://www.zahnarztpraxis-berlin-pankow.de/" "Mozilla/4.0 (compatible; MSIE 7.0; Windows NT 6.1; WOW64; Trident/4.0; SLCC2; .NET CLR 2.0.50727)"
131.107.65.43 - - [19/Dec/2010:18:54:27 +0100] "GET /flashopen.js HTTP/1.1" 200 604 "http://www.zahnarztpraxis-berlin-pankow.de/" "Mozilla/4.0 (compatible; MSIE 7.0; Windows NT 6.1; WOW64; Trident/4.0; SLCC2; .NET CLR 2.0.50727)"
81.169.145.25 - - [20/Dec/2010:00:43:20 +0100] "GET / HTTP/1.0" 200 12977 "-" "-"
85.10.211.218 - - [20/Dec/2010:06:53:55 +0100] "GET /robots.txt HTTP/1.0" 200 24 "-" "weneobot/Nutch-1.2 (weneo.de bot; http://www.weneo.de/bot; bot at weneo.de)"
85.10.211.218 - - [20/Dec/2010:06:53:55 +0100] "GET /tele.html HTTP/1.0" 404 1256 "-" "weneobot/Nutch-1.2 (weneo.de bot; http://www.weneo.de/bot; bot at weneo.de)"
85.10.211.218 - - [20/Dec/2010:10:27:34 +0100] "GET /application/x-shockwave-flash HTTP/1.0" 404 1256 "-" "weneobot/Nutch-1.2 (weneo.de bot; http://www.weneo.de/bot; bot at weneo.de)"
119.63.198.14 - - [20/Dec/2010:10:45:58 +0100] "GET /robots.txt HTTP/1.1" 200 24 "-" "Baiduspider+(+http://www.baidu.com/search/spider.htm)"
83.133.125.202 - - [20/Dec/2010:12:11:03 +0100] "GET / HTTP/1.1" 200 12977 "http://www.bigfinder.de/" "Mozilla/4.0 (compatible; MSIE 8.0; Windows NT 6.1; Trident/4.0; SLCC2; .NET CLR 2.0.50727; .NET CLR 3.5.30729; .NET CLR 3.0.30729; Media Center PC 6.0)"
38.99.96.27 - - [20/Dec/2010:14:45:20 +0100] "GET /robots.txt HTTP/1.1" 200 24 "-" "Mozilla/5.0 (compatible; ScoutJet; +http://www.scoutjet.com/)"
38.99.96.27 - - [20/Dec/2010:14:45:24 +0100] "GET / HTTP/1.1" 200 12977 "-" "Mozilla/5.0 (compatible; ScoutJet; +http://www.scoutjet.com/)"
38.99.96.27 - - [20/Dec/2010:14:45:51 +0100] "GET /teledienst.html HTTP/1.1" 200 4588 "-" "Mozilla/5.0 (compatible; ScoutJet; +http://www.scoutjet.com/)"
72.14.164.107 - - [20/Dec/2010:14:58:31 +0100] "GET /robots.txt HTTP/1.1" 200 24 "www.seventwentyfour.com/" "LinkWalker/2.0"
72.14.164.107 - - [20/Dec/2010:14:59:30 +0100] "GET / HTTP/1.1" 200 12977 "http://www.berlin-bleibt-berlin.de/alpha-Z/" "LinkWalker/2.0"
83.133.125.202 - - [20/Dec/2010:16:09:36 +0100] "GET / HTTP/1.1" 200 12977 "http://www.bigfinder.de/" "Mozilla/5.0 (Windows; U; Windows NT 6.1; de; rv:1.9.2.8) Gecko/20100722 Firefox/3.6.8 GTB7.1"
83.133.125.202 - - [20/Dec/2010:16:10:40 +0100] "GET / HTTP/1.1" 200 12977 "http://www.bigfinder.de/" "T-Online Browser"
85.178.219.33 - - [20/Dec/2010:17:27:59 +0100] "GET / HTTP/1.1" 200 12977 "http://www.google.de/search?hl=de&rlz=1W1ADBF_de&q=zahnarztpraxis+berlin+pankow&revid=1276743596&sa=X&ei=iYEPTeXVGMmgOq797KIJ&ved=0CHYQ1QIoAA" "Mozilla/4.0 (compatible; MSIE 7.0; Windows NT 5.1; GTB6.6)"
85.178.219.33 - - [20/Dec/2010:17:27:59 +0100] "GET /opensite.js HTTP/1.1" 200 1125 "http://www.zahnarztpraxis-berlin-pankow.de/" "Mozilla/4.0 (compatible; MSIE 7.0; Windows NT 5.1; GTB6.6)"
85.178.219.33 - - [20/Dec/2010:17:28:00 +0100] "GET /flashopen.js HTTP/1.1" 200 604 "http://www.zahnarztpraxis-berlin-pankow.de/" "Mozilla/4.0 (compatible; MSIE 7.0; Windows NT 5.1; GTB6.6)"
85.178.219.33 - - [20/Dec/2010:17:28:00 +0100] "GET /hattke.swf HTTP/1.1" 200 12042 "http://www.zahnarztpraxis-berlin-pankow.de/" "Mozilla/4.0 (compatible; MSIE 7.0; Windows NT 5.1; GTB6.6)"
85.178.219.33 - - [20/Dec/2010:17:28:00 +0100] "GET /favicon.ico HTTP/1.1" 200 2550 "-" "Mozilla/4.0 (compatible; MSIE 7.0; Windows NT 5.1; GTB6.6)"
85.178.219.33 - - [20/Dec/2010:17:28:00 +0100] "GET /diashow.swf HTTP/1.1" 200 311957 "http://www.zahnarztpraxis-berlin-pankow.de/hattke.swf" "Mozilla/4.0 (compatible; MSIE 7.0; Windows NT 5.1; GTB6.6)"
78.51.164.109 - - [20/Dec/2010:18:41:28 +0100] "GET / HTTP/1.1" 200 12977 "http://maps.google.de/maps?hl=de&client=opera&hs=FKk&rls=de&channel=suggest&um=1&ie=UTF-8&q=Zahnarzt+Berlin&fb=1&gl=de&hq=Zahnarzt&hnear=Berlin&ei=hJMPTe-jL8q6jAees8S8Dg&sa=X&oi=local_group&ct=image&resnum=1&ved=0CA0QtgMwAA&iwloc=9328366068235788115" "Opera/9.80 (Windows NT 6.1; U; de) Presto/2.7.62 Version/11.00"
78.51.164.109 - - [20/Dec/2010:18:41:28 +0100] "GET /favicon.ico HTTP/1.1" 200 2550 "http://www.zahnarztpraxis-berlin-pankow.de/" "Opera/9.80 (Windows NT 6.1; U; de) Presto/2.7.62 Version/11.00"
78.51.164.109 - - [20/Dec/2010:18:41:28 +0100] "GET /opensite.js HTTP/1.1" 200 1125 "http://www.zahnarztpraxis-berlin-pankow.de/" "Opera/9.80 (Windows NT 6.1; U; de) Presto/2.7.62 Version/11.00"
78.51.164.109 - - [20/Dec/2010:18:41:29 +0100] "GET /flashopen.js HTTP/1.1" 200 604 "http://www.zahnarztpraxis-berlin-pankow.de/" "Opera/9.80 (Windows NT 6.1; U; de) Presto/2.7.62 Version/11.00"
78.51.164.109 - - [20/Dec/2010:18:41:29 +0100] "GET /hattke.swf HTTP/1.1" 200 12042 "http://www.zahnarztpraxis-berlin-pankow.de/" "Opera/9.80 (Windows NT 6.1; U; de) Presto/2.7.62 Version/11.00"
78.51.164.109 - - [20/Dec/2010:18:41:29 +0100] "GET /diashow.swf HTTP/1.1" 200 311957 "http://www.zahnarztpraxis-berlin-pankow.de/hattke.swf" "Opera/9.80 (Windows NT 6.1; U; de) Presto/2.7.62 Version/11.00"
131.107.65.43 - - [20/Dec/2010:18:45:56 +0100] "GET / HTTP/1.1" 200 12977 "-" "Mozilla/4.0 (compatible; MSIE 7.0; Windows NT 6.1; WOW64; Trident/4.0; SLCC2; .NET CLR 2.0.50727)"
131.107.65.43 - - [20/Dec/2010:18:45:56 +0100] "GET /opensite.js HTTP/1.1" 200 1125 "http://www.zahnarztpraxis-berlin-pankow.de/" "Mozilla/4.0 (compatible; MSIE 7.0; Windows NT 6.1; WOW64; Trident/4.0; SLCC2; .NET CLR 2.0.50727)"
131.107.65.43 - - [20/Dec/2010:18:45:57 +0100] "GET /flashopen.js HTTP/1.1" 200 604 "http://www.zahnarztpraxis-berlin-pankow.de/" "Mozilla/4.0 (compatible; MSIE 7.0; Windows NT 6.1; WOW64; Trident/4.0; SLCC2; .NET CLR 2.0.50727)"
66.235.124.17 - - [21/Dec/2010:05:14:52 +0100] "GET /robots.txt HTTP/1.1" 200 24 "-" "Mozilla/5.0 (compatible; Ask Jeeves/Teoma; +http://about.ask.com/en/docs/about/webmasters.shtml)"
66.235.124.17 - - [21/Dec/2010:05:14:52 +0100] "GET / HTTP/1.1" 200 12977 "-" "Mozilla/5.0 (compatible; Ask Jeeves/Teoma; +http://about.ask.com/en/docs/about/webmasters.shtml)"
66.249.72.197 - - [21/Dec/2010:07:24:49 +0100] "GET /robots.txt HTTP/1.1" 200 24 "-" "SAMSUNG-SGH-E250/1.0 Profile/MIDP-2.0 Configuration/CLDC-1.1 UP.Browser/6.2.3.3.c.1.101 (GUI) MMP/2.0 (compatible; Googlebot-Mobile/2.1; +http://www.google.com/bot.html)"
66.249.72.197 - - [21/Dec/2010:07:24:49 +0100] "GET / HTTP/1.1" 200 12977 "-" "SAMSUNG-SGH-E250/1.0 Profile/MIDP-2.0 Configuration/CLDC-1.1 UP.Browser/6.2.3.3.c.1.101 (GUI) MMP/2.0 (compatible; Googlebot-Mobile/2.1; +http://www.google.com/bot.html)"
74.208.16.10 - - [21/Dec/2010:09:02:26 +0100] "GET / HTTP/1.1" 200 12977 "-" "Mozilla/5.0 (compatible; pmoz.info ODP link checker; +http://pmoz.info/doc/botinfo.htm)"
119.63.198.18 - - [21/Dec/2010:10:36:22 +0100] "GET /robots.txt HTTP/1.1" 200 24 "-" "Baiduspider+(+http://www.baidu.com/search/spider.htm)"
80.153.4.188 - - [21/Dec/2010:11:09:40 +0100] "GET / HTTP/1.1" 200 12977 "http://www.google.de/search?hl=de&source=hp&q=Hattke+zahnarzt+berlin&aq=f&aqi=&aql=&oq=&gs_rfai=&fp=905072200cf3e114" "Mozilla/5.0 (Windows; U; Windows NT 5.1; de; rv:1.9.2.13) Gecko/20101203 Firefox/3.6.13 GTB7.1 ( .NET CLR 3.5.30729)"
80.153.4.188 - - [21/Dec/2010:11:10:12 +0100] "GET /opensite.js HTTP/1.1" 200 1125 "http://www.zahnarztpraxis-berlin-pankow.de/" "Mozilla/5.0 (Windows; U; Windows NT 5.1; de; rv:1.9.2.13) Gecko/20101203 Firefox/3.6.13 GTB7.1 ( .NET CLR 3.5.30729)"
80.153.4.188 - - [21/Dec/2010:11:10:12 +0100] "GET /favicon.ico HTTP/1.1" 200 2550 "-" "Mozilla/5.0 (Windows; U; Windows NT 5.1; de; rv:1.9.2.13) Gecko/20101203 Firefox/3.6.13 GTB7.1 ( .NET CLR 3.5.30729)"
80.153.4.188 - - [21/Dec/2010:11:10:12 +0100] "GET /flashopen.js HTTP/1.1" 200 604 "http://www.zahnarztpraxis-berlin-pankow.de/" "Mozilla/5.0 (Windows; U; Windows NT 5.1; de; rv:1.9.2.13) Gecko/20101203 Firefox/3.6.13 GTB7.1 ( .NET CLR 3.5.30729)"
80.153.4.188 - - [21/Dec/2010:11:10:13 +0100] "GET /hattke.swf HTTP/1.1" 200 12042 "http://www.zahnarztpraxis-berlin-pankow.de/" "Mozilla/5.0 (Windows; U; Windows NT 5.1; de; rv:1.9.2.13) Gecko/20101203 Firefox/3.6.13 GTB7.1 ( .NET CLR 3.5.30729)"
80.153.4.188 - - [21/Dec/2010:11:10:14 +0100] "GET /diashow.swf HTTP/1.1" 200 311957 "-" "Mozilla/5.0 (Windows; U; Windows NT 5.1; de; rv:1.9.2.13) Gecko/20101203 Firefox/3.6.13 GTB7.1 ( .NET CLR 3.5.30729)"
207.241.227.92 - - [21/Dec/2010:11:10:16 +0100] "GET /robots.txt HTTP/1.1" 200 24 "-" "ia_archiver-web.archive.org"
93.190.70.30 - - [21/Dec/2010:11:11:04 +0100] "GET /favicon.ico HTTP/1.1" 200 2550 "-" "Mozilla/5.0 (Windows; U; Windows NT 5.1; de; rv:1.8) Gecko/20051111 Firefox/1.5"
92.227.22.121 - - [21/Dec/2010:11:15:37 +0100] "GET / HTTP/1.1" 200 12977 "-" "Opera/9.80 (Windows NT 6.1; U; de) Presto/2.7.62 Version/11.00"
92.227.22.121 - - [21/Dec/2010:11:15:37 +0100] "GET /favicon.ico HTTP/1.1" 200 2550 "http://www.zahnarztpraxis-berlin-pankow.de/" "Opera/9.80 (Windows NT 6.1; U; de) Presto/2.7.62 Version/11.00"
92.227.22.121 - - [21/Dec/2010:11:15:37 +0100] "GET /opensite.js HTTP/1.1" 200 1125 "http://www.zahnarztpraxis-berlin-pankow.de/" "Opera/9.80 (Windows NT 6.1; U; de) Presto/2.7.62 Version/11.00"
92.227.22.121 - - [21/Dec/2010:11:15:37 +0100] "GET /flashopen.js HTTP/1.1" 200 604 "http://www.zahnarztpraxis-berlin-pankow.de/" "Opera/9.80 (Windows NT 6.1; U; de) Presto/2.7.62 Version/11.00"
92.227.22.121 - - [21/Dec/2010:11:15:37 +0100] "GET /hattke.swf HTTP/1.1" 200 12042 "http://www.zahnarztpraxis-berlin-pankow.de/" "Opera/9.80 (Windows NT 6.1; U; de) Presto/2.7.62 Version/11.00"
92.227.22.121 - - [21/Dec/2010:11:15:38 +0100] "GET /diashow.swf HTTP/1.1" 200 311957 "http://www.zahnarztpraxis-berlin-pankow.de/hattke.swf" "Opera/9.80 (Windows NT 6.1; U; de) Presto/2.7.62 Version/11.00"
84.163.168.220 - - [21/Dec/2010:15:23:38 +0100] "GET / HTTP/1.1" 200 12977 "http://www.google.de/search?hl=de&rlz=1T4ADFA_deDE373DE373&q=dr+reyk+hattke+in+berlin&aq=f&aqi=&aql=&oq=&gs_rfai=" "Mozilla/4.0 (compatible; MSIE 8.0; Windows NT 5.1; Trident/4.0; GTB6.6; .NET CLR 1.1.4322)"
84.163.168.220 - - [21/Dec/2010:15:23:38 +0100] "GET /opensite.js HTTP/1.1" 200 1125 "http://www.zahnarztpraxis-berlin-pankow.de/" "Mozilla/4.0 (compatible; MSIE 8.0; Windows NT 5.1; Trident/4.0; GTB6.6; .NET CLR 1.1.4322)"
84.163.168.220 - - [21/Dec/2010:15:23:38 +0100] "GET /flashopen.js HTTP/1.1" 200 604 "http://www.zahnarztpraxis-berlin-pankow.de/" "Mozilla/4.0 (compatible; MSIE 8.0; Windows NT 5.1; Trident/4.0; GTB6.6; .NET CLR 1.1.4322)"
84.163.168.220 - - [21/Dec/2010:15:23:38 +0100] "GET /hattke.swf HTTP/1.1" 200 12042 "http://www.zahnarztpraxis-berlin-pankow.de/" "Mozilla/4.0 (compatible; MSIE 8.0; Windows NT 5.1; Trident/4.0; GTB6.6; .NET CLR 1.1.4322)"
84.163.168.220 - - [21/Dec/2010:15:23:38 +0100] "GET /favicon.ico HTTP/1.1" 200 2550 "-" "Mozilla/4.0 (compatible; MSIE 8.0; Windows NT 5.1; Trident/4.0; GTB6.6; .NET CLR 1.1.4322)"
84.163.168.220 - - [21/Dec/2010:15:23:38 +0100] "GET /diashow.swf HTTP/1.1" 200 311957 "http://www.zahnarztpraxis-berlin-pankow.de/hattke.swf" "Mozilla/4.0 (compatible; MSIE 8.0; Windows NT 5.1; Trident/4.0; GTB6.6; .NET CLR 1.1.4322)"
131.107.65.43 - - [21/Dec/2010:18:39:48 +0100] "GET / HTTP/1.1" 200 12977 "-" "Mozilla/4.0 (compatible; MSIE 7.0; Windows NT 6.1; WOW64; Trident/4.0; SLCC2; .NET CLR 2.0.50727)"
131.107.65.43 - - [21/Dec/2010:18:39:48 +0100] "GET /opensite.js HTTP/1.1" 200 1125 "http://www.zahnarztpraxis-berlin-pankow.de/" "Mozilla/4.0 (compatible; MSIE 7.0; Windows NT 6.1; WOW64; Trident/4.0; SLCC2; .NET CLR 2.0.50727)"
131.107.65.43 - - [21/Dec/2010:18:39:49 +0100] "GET /flashopen.js HTTP/1.1" 200 604 "http://www.zahnarztpraxis-berlin-pankow.de/" "Mozilla/4.0 (compatible; MSIE 7.0; Windows NT 6.1; WOW64; Trident/4.0; SLCC2; .NET CLR 2.0.50727)"
84.191.187.124 - - [21/Dec/2010:19:37:54 +0100] "GET / HTTP/1.1" 200 12977 "-" "Mozilla/5.0 (Windows; U; Windows NT 5.1; de; rv:1.9.2.13) Gecko/20101203 Firefox/3.6.13 ( .NET CLR 3.5.30729)"
84.191.187.124 - - [21/Dec/2010:19:37:54 +0100] "GET /opensite.js HTTP/1.1" 200 1125 "http://www.zahnarztpraxis-berlin-pankow.de/" "Mozilla/5.0 (Windows; U; Windows NT 5.1; de; rv:1.9.2.13) Gecko/20101203 Firefox/3.6.13 ( .NET CLR 3.5.30729)"
84.191.187.124 - - [21/Dec/2010:19:37:54 +0100] "GET /favicon.ico HTTP/1.1" 200 2550 "-" "Mozilla/5.0 (Windows; U; Windows NT 5.1; de; rv:1.9.2.13) Gecko/20101203 Firefox/3.6.13 ( .NET CLR 3.5.30729)"
84.191.187.124 - - [21/Dec/2010:19:37:54 +0100] "GET /flashopen.js HTTP/1.1" 200 604 "http://www.zahnarztpraxis-berlin-pankow.de/" "Mozilla/5.0 (Windows; U; Windows NT 5.1; de; rv:1.9.2.13) Gecko/20101203 Firefox/3.6.13 ( .NET CLR 3.5.30729)"
84.191.187.124 - - [21/Dec/2010:19:37:55 +0100] "GET /hattke.swf HTTP/1.1" 200 12042 "http://www.zahnarztpraxis-berlin-pankow.de/" "Mozilla/5.0 (Windows; U; Windows NT 5.1; de; rv:1.9.2.13) Gecko/20101203 Firefox/3.6.13 ( .NET CLR 3.5.30729)"
84.191.187.124 - - [21/Dec/2010:19:37:55 +0100] "GET /diashow.swf HTTP/1.1" 200 311957 "-" "Mozilla/5.0 (Windows; U; Windows NT 5.1; de; rv:1.9.2.13) Gecko/20101203 Firefox/3.6.13 ( .NET CLR 3.5.30729)"
66.249.72.197 - - [21/Dec/2010:20:52:24 +0100] "GET / HTTP/1.1" 200 12977 "-" "DoCoMo/2.0 N905i(c100;TB;W24H16) (compatible; Googlebot-Mobile/2.1; +http://www.google.com/bot.html)"
95.108.158.134 - - [21/Dec/2010:21:28:05 +0100] "GET /robots.txt HTTP/1.1" 200 24 "-" "Mozilla/5.0 (compatible; YandexBot/3.0; +http://yandex.com/bots)"
95.108.158.134 - - [22/Dec/2010:04:20:32 +0100] "GET / HTTP/1.1" 200 12977 "-" "Mozilla/5.0 (compatible; YandexBot/3.0; +http://yandex.com/bots)"
119.63.198.7 - - [22/Dec/2010:10:44:30 +0100] "GET /robots.txt HTTP/1.1" 200 24 "-" "Baiduspider+(+http://www.baidu.com/search/spider.htm)"
78.159.115.122 - - [22/Dec/2010:16:51:41 +0100] "GET / HTTP/1.1" 200 12977 "-" "-"
131.107.65.43 - - [22/Dec/2010:18:55:05 +0100] "GET / HTTP/1.1" 200 12977 "-" "Mozilla/4.0 (compatible; MSIE 7.0; Windows NT 6.1; WOW64; Trident/4.0; SLCC2; .NET CLR 2.0.50727)"
131.107.65.43 - - [22/Dec/2010:18:55:05 +0100] "GET /opensite.js HTTP/1.1" 200 1125 "http://www.zahnarztpraxis-berlin-pankow.de/" "Mozilla/4.0 (compatible; MSIE 7.0; Windows NT 6.1; WOW64; Trident/4.0; SLCC2; .NET CLR 2.0.50727)"
131.107.65.43 - - [22/Dec/2010:18:55:05 +0100] "GET /flashopen.js HTTP/1.1" 200 604 "http://www.zahnarztpraxis-berlin-pankow.de/" "Mozilla/4.0 (compatible; MSIE 7.0; Windows NT 6.1; WOW64; Trident/4.0; SLCC2; .NET CLR 2.0.50727)"
208.115.111.250 - - [23/Dec/2010:02:07:40 +0100] "GET /robots.txt HTTP/1.1" 200 24 "-" "Mozilla/5.0 (compatible; DotBot/1.1; http://www.dotnetdotcom.org/, crawler@dotnetdotcom.org)"
208.115.111.250 - - [23/Dec/2010:06:53:05 +0100] "GET / HTTP/1.1" 200 12977 "-" "Mozilla/5.0 (compatible; DotBot/1.1; http://www.dotnetdotcom.org/, crawler@dotnetdotcom.org)"
208.115.111.250 - - [23/Dec/2010:06:53:09 +0100] "GET /teledienst.html HTTP/1.1" 200 4588 "-" "Mozilla/5.0 (compatible; DotBot/1.1; http://www.dotnetdotcom.org/, crawler@dotnetdotcom.org)"
62.80.124.135 - - [23/Dec/2010:09:04:07 +0100] "GET / HTTP/1.1" 200 12977 "http://www.whoisde.de" "Mozilla/5.0 (compatible; http://www.whoisde.de/2.1; +http://www.whoisde.de)"
62.80.124.135 - - [23/Dec/2010:09:04:07 +0100] "GET /catalog/ HTTP/1.1" 404 1256 "http://www.whoisde.de" "Mozilla/5.0 (compatible; http://www.whoisde.de/2.1; +http://www.whoisde.de)"
62.80.124.135 - - [23/Dec/2010:09:04:07 +0100] "GET /shop/ HTTP/1.1" 404 1256 "http://www.whoisde.de" "Mozilla/5.0 (compatible; http://www.whoisde.de/2.1; +http://www.whoisde.de)"
62.80.124.135 - - [23/Dec/2010:09:04:07 +0100] "GET /webshop/ HTTP/1.1" 404 1256 "http://www.whoisde.de" "Mozilla/5.0 (compatible; http://www.whoisde.de/2.1; +http://www.whoisde.de)"
62.80.124.135 - - [23/Dec/2010:09:04:07 +0100] "GET /oscommerce/ HTTP/1.1" 404 1256 "http://www.whoisde.de" "Mozilla/5.0 (compatible; http://www.whoisde.de/2.1; +http://www.whoisde.de)"
62.80.124.135 - - [23/Dec/2010:09:04:07 +0100] "GET /osCommerce/ HTTP/1.1" 404 1256 "http://www.whoisde.de" "Mozilla/5.0 (compatible; http://www.whoisde.de/2.1; +http://www.whoisde.de)"
62.80.125.195 - - [23/Dec/2010:10:17:07 +0100] "GET / HTTP/1.1" 200 12977 "http://www.whoisde.de" "Mozilla/5.0 (compatible; http://www.whoisde.de/2.1; +http://www.whoisde.de)"
62.80.125.195 - - [23/Dec/2010:10:17:07 +0100] "GET /catalog/ HTTP/1.1" 404 1256 "http://www.whoisde.de" "Mozilla/5.0 (compatible; http://www.whoisde.de/2.1; +http://www.whoisde.de)"
62.80.125.195 - - [23/Dec/2010:10:17:07 +0100] "GET /shop/ HTTP/1.1" 404 1256 "http://www.whoisde.de" "Mozilla/5.0 (compatible; http://www.whoisde.de/2.1; +http://www.whoisde.de)"
62.80.125.195 - - [23/Dec/2010:10:17:07 +0100] "GET /webshop/ HTTP/1.1" 404 1256 "http://www.whoisde.de" "Mozilla/5.0 (compatible; http://www.whoisde.de/2.1; +http://www.whoisde.de)"
62.80.125.195 - - [23/Dec/2010:10:17:07 +0100] "GET /oscommerce/ HTTP/1.1" 404 1256 "http://www.whoisde.de" "Mozilla/5.0 (compatible; http://www.whoisde.de/2.1; +http://www.whoisde.de)"
62.80.125.195 - - [23/Dec/2010:10:17:07 +0100] "GET /osCommerce/ HTTP/1.1" 404 1256 "http://www.whoisde.de" "Mozilla/5.0 (compatible; http://www.whoisde.de/2.1; +http://www.whoisde.de)"
66.249.72.34 - - [23/Dec/2010:10:19:27 +0100] "GET /robots.txt HTTP/1.1" 200 24 "-" "Mozilla/5.0 (compatible; Googlebot/2.1; +http://www.google.com/bot.html)"
66.249.72.34 - - [23/Dec/2010:10:19:27 +0100] "GET /google6cbc7c57957fae22.html HTTP/1.1" 200 - "-" "Mozilla/5.0 (compatible; Googlebot/2.1; +http://www.google.com/bot.html)"
66.249.72.34 - - [23/Dec/2010:10:19:28 +0100] "GET /noexist_6cbc7c57957fae22.html HTTP/1.1" 404 1256 "-" "Mozilla/5.0 (compatible; Googlebot/2.1; +http://www.google.com/bot.html)"
119.63.198.40 - - [23/Dec/2010:10:20:51 +0100] "GET /robots.txt HTTP/1.1" 200 24 "-" "Baiduspider+(+http://www.baidu.com/search/spider.htm)"
66.249.72.34 - - [23/Dec/2010:11:01:36 +0100] "GET /sitemap.xml HTTP/1.1" 200 796 "-" "Mozilla/5.0 (compatible; Googlebot/2.1; +http://www.google.com/bot.html)"
85.178.63.151 - - [23/Dec/2010:11:42:53 +0100] "GET / HTTP/1.1" 200 12977 "http://www.google.de/search?rlz=1C1SKPH_enDE384DE410&sourceid=chrome&ie=UTF-8&q=hattke+zahnarzt" "Mozilla/5.0 (Windows; U; Windows NT 5.1; en-US) AppleWebKit/534.10 (KHTML, like Gecko) Chrome/8.0.552.224 Safari/534.10"
85.178.63.151 - - [23/Dec/2010:11:42:58 +0100] "GET /opensite.js HTTP/1.1" 200 1125 "http://www.zahnarztpraxis-berlin-pankow.de/" "Mozilla/5.0 (Windows; U; Windows NT 5.1; en-US) AppleWebKit/534.10 (KHTML, like Gecko) Chrome/8.0.552.224 Safari/534.10"
85.178.63.151 - - [23/Dec/2010:11:42:58 +0100] "GET /flashopen.js HTTP/1.1" 200 604 "http://www.zahnarztpraxis-berlin-pankow.de/" "Mozilla/5.0 (Windows; U; Windows NT 5.1; en-US) AppleWebKit/534.10 (KHTML, like Gecko) Chrome/8.0.552.224 Safari/534.10"
85.178.63.151 - - [23/Dec/2010:11:42:58 +0100] "GET /hattke.swf HTTP/1.1" 200 12042 "http://www.zahnarztpraxis-berlin-pankow.de/" "Mozilla/5.0 (Windows; U; Windows NT 5.1; en-US) AppleWebKit/534.10 (KHTML, like Gecko) Chrome/8.0.552.224 Safari/534.10"
85.178.63.151 - - [23/Dec/2010:11:42:58 +0100] "GET /favicon.ico HTTP/1.1" 200 2550 "-" "Mozilla/5.0 (Windows; U; Windows NT 5.1; en-US) AppleWebKit/534.10 (KHTML, like Gecko) Chrome/8.0.552.224 Safari/534.10"
85.178.63.151 - - [23/Dec/2010:11:42:58 +0100] "GET /diashow.swf HTTP/1.1" 200 311957 "http://www.zahnarztpraxis-berlin-pankow.de/hattke.swf" "Mozilla/5.0 (Windows; U; Windows NT 5.1; en-US) AppleWebKit/534.10 (KHTML, like Gecko) Chrome/8.0.552.224 Safari/534.10"
195.62.112.2 - - [23/Dec/2010:13:15:27 +0100] "GET / HTTP/1.1" 200 12977 "-" "-"
195.62.112.2 - - [23/Dec/2010:14:52:01 +0100] "GET / HTTP/1.1" 200 12977 "-" "-"
131.107.65.43 - - [23/Dec/2010:18:36:59 +0100] "GET / HTTP/1.1" 200 12977 "-" "Mozilla/4.0 (compatible; MSIE 7.0; Windows NT 6.1; WOW64; Trident/4.0; SLCC2; .NET CLR 2.0.50727)"
131.107.65.43 - - [23/Dec/2010:18:37:00 +0100] "GET /opensite.js HTTP/1.1" 200 1125 "http://www.zahnarztpraxis-berlin-pankow.de/" "Mozilla/4.0 (compatible; MSIE 7.0; Windows NT 6.1; WOW64; Trident/4.0; SLCC2; .NET CLR 2.0.50727)"
131.107.65.43 - - [23/Dec/2010:18:37:00 +0100] "GET /flashopen.js HTTP/1.1" 200 604 "http://www.zahnarztpraxis-berlin-pankow.de/" "Mozilla/4.0 (compatible; MSIE 7.0; Windows NT 6.1; WOW64; Trident/4.0; SLCC2; .NET CLR 2.0.50727)"
85.10.211.218 - - [23/Dec/2010:18:44:43 +0100] "GET /robots.txt HTTP/1.0" 200 24 "-" "weneobot/Nutch-1.2 (weneo.de bot; http://www.weneo.de/bot; bot at weneo.de)"
85.10.211.218 - - [23/Dec/2010:18:44:43 +0100] "GET / HTTP/1.0" 404 1256 "-" "weneobot/Nutch-1.2 (weneo.de bot; http://www.weneo.de/bot; bot at weneo.de)"
85.10.211.218 - - [23/Dec/2010:20:43:29 +0100] "GET / HTTP/1.0" 404 1256 "-" "weneobot/Nutch-1.2 (weneo.de bot; http://www.weneo.de/bot; bot at weneo.de)"
207.46.13.140 - - [24/Dec/2010:00:37:34 +0100] "GET /robots.txt HTTP/1.1" 200 24 "-" "Mozilla/5.0 (compatible; bingbot/2.0; +http://www.bing.com/bingbot.htm)"
207.46.13.140 - - [24/Dec/2010:00:38:22 +0100] "GET / HTTP/1.1" 304 - "-" "Mozilla/5.0 (compatible; bingbot/2.0; +http://www.bing.com/bingbot.htm)"
66.249.72.34 - - [24/Dec/2010:00:43:48 +0100] "GET /diashow.swf HTTP/1.1" 200 311957 "-" "Mozilla/5.0 (compatible; Googlebot/2.1; +http://www.google.com/bot.html)"
66.235.124.17 - - [24/Dec/2010:05:56:46 +0100] "GET /robots.txt HTTP/1.1" 200 24 "-" "Mozilla/5.0 (compatible; Ask Jeeves/Teoma; +http://about.ask.com/en/docs/about/webmasters.shtml)"
66.235.124.17 - - [24/Dec/2010:05:56:46 +0100] "GET / HTTP/1.1" 200 12977 "-" "Mozilla/5.0 (compatible; Ask Jeeves/Teoma; +http://about.ask.com/en/docs/about/webmasters.shtml)"
66.249.72.34 - - [24/Dec/2010:07:23:11 +0100] "GET /teledienst.html HTTP/1.1" 304 - "-" "Mozilla/5.0 (compatible; Googlebot/2.1; +http://www.google.com/bot.html)"
119.63.198.25 - - [24/Dec/2010:10:10:00 +0100] "GET /robots.txt HTTP/1.1" 200 24 "-" "Baiduspider+(+http://www.baidu.com/search/spider.htm)"
85.10.211.218 - - [24/Dec/2010:14:00:41 +0100] "GET /robots.txt HTTP/1.0" 200 24 "-" "weneobot/Nutch-1.2 (weneo.de bot; http://www.weneo.de/bot; bot at weneo.de)"
85.10.211.218 - - [24/Dec/2010:14:00:41 +0100] "GET / HTTP/1.0" 200 12977 "-" "weneobot/Nutch-1.2 (weneo.de bot; http://www.weneo.de/bot; bot at weneo.de)"
195.50.168.2 - - [24/Dec/2010:14:19:02 +0100] "GET / HTTP/1.0" 200 12977 "-" "Mozilla/5.0 (Windows; U; Windows NT 5.1; en-US; rv:1.8.1.3) Gecko/20070309 Firefox/2.0.0.3)"
213.165.86.27 - - [24/Dec/2010:14:32:06 +0100] "HEAD / HTTP/1.1" 200 - "-" "Mozilla/5.0 (Windows; U; Windows NT 5.1; de; rv:1.9.1.5) Gecko/20091102 Firefox/3.5.5 (.NET CLR 3.5.30729)"
213.165.86.27 - - [24/Dec/2010:14:32:06 +0100] "HEAD / HTTP/1.1" 200 - "-" "Mozilla/5.0 (Windows; U; Windows NT 5.1; de; rv:1.9.1.5) Gecko/20091102 Firefox/3.5.5 (.NET CLR 3.5.30729)"
213.165.86.27 - - [24/Dec/2010:14:32:06 +0100] "GET / HTTP/1.1" 200 12977 "-" "Mozilla/5.0 (Windows; U; Windows NT 5.1; de; rv:1.9.1.5) Gecko/20091102 Firefox/3.5.5 (.NET CLR 3.5.30729)"
213.165.86.27 - - [24/Dec/2010:14:32:06 +0100] "HEAD / HTTP/1.1" 200 - "-" "Mozilla/5.0 (Windows; U; Windows NT 5.1; de; rv:1.9.1.5) Gecko/20091102 Firefox/3.5.5 (.NET CLR 3.5.30729)"
193.47.80.37 - - [24/Dec/2010:15:49:04 +0100] "GET /robots.txt HTTP/1.1" 200 24 "-" "Mozilla/5.0 (compatible; Exabot/3.0; +http://www.exabot.com/go/robot)"
193.47.80.37 - - [24/Dec/2010:15:49:04 +0100] "GET / HTTP/1.1" 304 - "-" "Mozilla/5.0 (compatible; Exabot/3.0; +http://www.exabot.com/go/robot)"
83.133.125.202 - - [24/Dec/2010:18:34:14 +0100] "GET / HTTP/1.1" 200 12977 "http://www.bigfinder.de/" "Mozilla/4.0 (compatible; MSIE 7.0; Windows NT 6.0; GTB6; SLCC1; .NET CLR 2.0.50727; Media Center PC 5.0; eSobiSubscriber 2.0.4.16; .NET CLR 3.5.30729; .NET CLR 3.0.30729; .NET4.0C)"
131.107.65.43 - - [24/Dec/2010:18:49:04 +0100] "GET / HTTP/1.1" 200 12977 "-" "Mozilla/4.0 (compatible; MSIE 7.0; Windows NT 6.1; WOW64; Trident/4.0; SLCC2; .NET CLR 2.0.50727)"
131.107.65.43 - - [24/Dec/2010:18:49:05 +0100] "GET /opensite.js HTTP/1.1" 200 1125 "http://www.zahnarztpraxis-berlin-pankow.de/" "Mozilla/4.0 (compatible; MSIE 7.0; Windows NT 6.1; WOW64; Trident/4.0; SLCC2; .NET CLR 2.0.50727)"
131.107.65.43 - - [24/Dec/2010:18:49:05 +0100] "GET /flashopen.js HTTP/1.1" 200 604 "http://www.zahnarztpraxis-berlin-pankow.de/" "Mozilla/4.0 (compatible; MSIE 7.0; Windows NT 6.1; WOW64; Trident/4.0; SLCC2; .NET CLR 2.0.50727)"
67.195.115.213 - - [24/Dec/2010:20:05:43 +0100] "GET /robots.txt HTTP/1.0" 200 24 "-" "Mozilla/5.0 (compatible; Yahoo! Slurp; http://help.yahoo.com/help/us/ysearch/slurp)"
67.195.115.213 - - [24/Dec/2010:20:05:44 +0100] "GET / HTTP/1.0" 200 12977 "-" "Mozilla/5.0 (compatible; Yahoo! Slurp; http://help.yahoo.com/help/us/ysearch/slurp)"
95.108.158.134 - - [24/Dec/2010:23:01:50 +0100] "GET /robots.txt HTTP/1.1" 200 24 "-" "Mozilla/5.0 (compatible; YandexBot/3.0; +http://yandex.com/bots)"
94.23.211.138 - - [25/Dec/2010:02:53:49 +0100] "HEAD / HTTP/1.1" 200 - "-" "Mozilla/4.0 (compatible; MSIE 5.01; Windows NT 5.0)"
81.169.145.25 - - [25/Dec/2010:03:31:15 +0100] "GET / HTTP/1.0" 200 12977 "-" "-"
62.231.141.195 - - [25/Dec/2010:05:04:34 +0100] "GET /robots.txt HTTP/1.0" 200 24 "-" "Mozilla/5.0 (compatible; MJ12bot/v1.3.3; http://www.majestic12.co.uk/bot.php?+)"
62.231.141.195 - - [25/Dec/2010:05:04:35 +0100] "GET / HTTP/1.0" 200 12977 "-" "Mozilla/5.0 (compatible; MJ12bot/v1.3.3; http://www.majestic12.co.uk/bot.php?+)"
95.108.158.134 - - [25/Dec/2010:10:00:14 +0100] "GET / HTTP/1.1" 200 12977 "-" "Mozilla/5.0 (compatible; YandexBot/3.0; +http://yandex.com/bots)"
119.63.198.11 - - [25/Dec/2010:10:04:28 +0100] "GET /robots.txt HTTP/1.1" 200 24 "-" "Baiduspider+(+http://www.baidu.com/search/spider.htm)"
207.46.204.206 - - [25/Dec/2010:14:32:59 +0100] "GET /teledienst.html HTTP/1.1" 200 4588 "-" "Mozilla/4.0 (compatible; MSIE 6.0; Windows NT 5.2; SLCC1; .NET CLR 1.1.4325; .NET CLR 2.0.50727; .NET CLR 3.0.30729)"
207.46.204.206 - - [25/Dec/2010:14:33:01 +0100] "GET /opensite.js HTTP/1.1" 200 1125 "http://www.zahnarztpraxis-berlin-pankow.de/teledienst.html" "Mozilla/4.0 (compatible; MSIE 6.0; Windows NT 5.2; SLCC1; .NET CLR 1.1.4325; .NET CLR 2.0.50727; .NET CLR 3.0.30729)"
195.110.61.246 - - [25/Dec/2010:15:34:24 +0100] "HEAD / HTTP/1.1" 200 - "-" "Xenu Link Sleuth/1.3.8"
193.47.80.37 - - [25/Dec/2010:17:06:18 +0100] "GET /robots.txt HTTP/1.1" 200 24 "-" "Mozilla/5.0 (compatible; Exabot/3.0; +http://www.exabot.com/go/robot)"
193.47.80.37 - - [25/Dec/2010:17:06:18 +0100] "GET / HTTP/1.1" 304 - "-" "Mozilla/5.0 (compatible; Exabot/3.0; +http://www.exabot.com/go/robot)"
79.238.86.62 - - [25/Dec/2010:17:21:45 +0100] "GET / HTTP/1.1" 200 12977 "http://www.google.de/" "Mozilla/5.0 (Windows; U; Windows NT 6.1; en-US) AppleWebKit/534.10 (KHTML, like Gecko) Chrome/8.0.552.224 Safari/534.10"
131.107.65.43 - - [25/Dec/2010:19:15:27 +0100] "GET / HTTP/1.1" 200 12977 "-" "Mozilla/4.0 (compatible; MSIE 7.0; Windows NT 6.1; WOW64; Trident/4.0; SLCC2; .NET CLR 2.0.50727)"
131.107.65.43 - - [25/Dec/2010:19:15:27 +0100] "GET /opensite.js HTTP/1.1" 200 1125 "http://www.zahnarztpraxis-berlin-pankow.de/" "Mozilla/4.0 (compatible; MSIE 7.0; Windows NT 6.1; WOW64; Trident/4.0; SLCC2; .NET CLR 2.0.50727)"
131.107.65.43 - - [25/Dec/2010:19:15:28 +0100] "GET /flashopen.js HTTP/1.1" 200 604 "http://www.zahnarztpraxis-berlin-pankow.de/" "Mozilla/4.0 (compatible; MSIE 7.0; Windows NT 6.1; WOW64; Trident/4.0; SLCC2; .NET CLR 2.0.50727)"
66.249.72.34 - - [26/Dec/2010:00:16:55 +0100] "GET /robots.txt HTTP/1.1" 200 24 "-" "Mozilla/5.0 (compatible; Googlebot/2.1; +http://www.google.com/bot.html)"
66.249.72.34 - - [26/Dec/2010:00:16:55 +0100] "GET /diashow.swf HTTP/1.1" 200 311957 "-" "Mozilla/5.0 (compatible; Googlebot/2.1; +http://www.google.com/bot.html)"
220.231.27.130 - - [26/Dec/2010:02:39:59 +0100] "GET / HTTP/1.1" 200 12977 "-" "Mozilla/4.0 (compatible; MSIE 6.0; Windows NT 5.0; SV1; .NET CLR 1.1.4322; InfoPath.2; .NET CLR 2.0.50727; .NET CLR 3.0.04506.648; .NET CLR 3.5.21022)"
220.231.27.130 - - [26/Dec/2010:02:40:01 +0100] "GET /opensite.js HTTP/1.1" 200 1125 "-" "Mozilla/4.0 (compatible; MSIE 6.0; Windows NT 5.0; SV1; .NET CLR 1.1.4322; InfoPath.2; .NET CLR 2.0.50727; .NET CLR 3.0.04506.648; .NET CLR 3.5.21022)"
220.231.27.130 - - [26/Dec/2010:02:40:01 +0100] "GET /flashopen.js HTTP/1.1" 200 604 "-" "Mozilla/4.0 (compatible; MSIE 6.0; Windows NT 5.0; SV1; .NET CLR 1.1.4322; InfoPath.2; .NET CLR 2.0.50727; .NET CLR 3.0.04506.648; .NET CLR 3.5.21022)"
85.10.211.218 - - [26/Dec/2010:03:08:25 +0100] "GET /robots.txt HTTP/1.0" 200 24 "-" "weneobot/Nutch-1.2 (weneo.de bot; http://www.weneo.de/bot; bot at weneo.de)"
85.10.211.218 - - [26/Dec/2010:03:08:25 +0100] "GET / HTTP/1.0" 404 1256 "-" "weneobot/Nutch-1.2 (weneo.de bot; http://www.weneo.de/bot; bot at weneo.de)"
85.10.211.218 - - [26/Dec/2010:03:52:18 +0100] "GET /application/x-shockwave-flash HTTP/1.0" 404 1256 "-" "weneobot/Nutch-1.2 (weneo.de bot; http://www.weneo.de/bot; bot at weneo.de)"
119.63.198.7 - - [26/Dec/2010:10:04:41 +0100] "GET /robots.txt HTTP/1.1" 200 24 "-" "Baiduspider+(+http://www.baidu.com/search/spider.htm)"
207.46.195.232 - - [26/Dec/2010:14:30:41 +0100] "GET /robots.txt HTTP/1.1" 200 24 "-" "Mozilla/5.0 (compatible; bingbot/2.0; +http://www.bing.com/bingbot.htm)"
207.46.195.232 - - [26/Dec/2010:14:32:53 +0100] "GET / HTTP/1.1" 304 - "-" "Mozilla/5.0 (compatible; bingbot/2.0; +http://www.bing.com/bingbot.htm)"
131.107.65.43 - - [26/Dec/2010:18:32:14 +0100] "GET / HTTP/1.1" 200 12977 "-" "Mozilla/4.0 (compatible; MSIE 7.0; Windows NT 6.1; WOW64; Trident/4.0; SLCC2; .NET CLR 2.0.50727)"
131.107.65.43 - - [26/Dec/2010:18:32:14 +0100] "GET /opensite.js HTTP/1.1" 200 1125 "http://www.zahnarztpraxis-berlin-pankow.de/" "Mozilla/4.0 (compatible; MSIE 7.0; Windows NT 6.1; WOW64; Trident/4.0; SLCC2; .NET CLR 2.0.50727)"
131.107.65.43 - - [26/Dec/2010:18:32:15 +0100] "GET /flashopen.js HTTP/1.1" 200 604 "http://www.zahnarztpraxis-berlin-pankow.de/" "Mozilla/4.0 (compatible; MSIE 7.0; Windows NT 6.1; WOW64; Trident/4.0; SLCC2; .NET CLR 2.0.50727)"
93.198.154.27 - - [26/Dec/2010:20:41:41 +0100] "GET /intro.html HTTP/1.0" 200 5170 "http://www.google.de/search?hl=de&rlz=1T4HPNN_deDE306DE306&q=mundkamera+bedienungsanleitung&aq=f&aqi=&aql=&oq=&gs_rfai=" "Mozilla/4.0 (compatible; MSIE 8.0; Windows NT 6.0; Trident/4.0; GTB6.6; SLCC1; .NET CLR 2.0.50727; .NET CLR 1.1.4322; .NET CLR 3.5.30729; .NET CLR 3.0.30729; .NET4.0C)"
93.198.154.27 - - [26/Dec/2010:20:41:42 +0100] "GET /opensite.js HTTP/1.0" 200 1125 "http://www.zahnarztpraxis-berlin-pankow.de/intro.html" "Mozilla/4.0 (compatible; MSIE 8.0; Windows NT 6.0; Trident/4.0; GTB6.6; SLCC1; .NET CLR 2.0.50727; .NET CLR 1.1.4322; .NET CLR 3.5.30729; .NET CLR 3.0.30729; .NET4.0C)"
93.198.154.27 - - [26/Dec/2010:20:41:42 +0100] "GET /hattke.swf HTTP/1.0" 200 12042 "http://www.zahnarztpraxis-berlin-pankow.de/intro.html" "Mozilla/4.0 (compatible; MSIE 8.0; Windows NT 6.0; Trident/4.0; GTB6.6; SLCC1; .NET CLR 2.0.50727; .NET CLR 1.1.4322; .NET CLR 3.5.30729; .NET CLR 3.0.30729; .NET4.0C)"
93.198.154.27 - - [26/Dec/2010:20:41:42 +0100] "GET /favicon.ico HTTP/1.0" 200 2550 "-" "Mozilla/4.0 (compatible; MSIE 8.0; Windows NT 6.0; Trident/4.0; GTB6.6; SLCC1; .NET CLR 2.0.50727; .NET CLR 1.1.4322; .NET CLR 3.5.30729; .NET CLR 3.0.30729; .NET4.0C)"
93.198.154.27 - - [26/Dec/2010:20:41:42 +0100] "GET /diashow.swf HTTP/1.0" 200 311957 "http://www.zahnarztpraxis-berlin-pankow.de/hattke.swf" "Mozilla/4.0 (compatible; MSIE 8.0; Windows NT 6.0; Trident/4.0; GTB6.6; SLCC1; .NET CLR 2.0.50727; .NET CLR 1.1.4322; .NET CLR 3.5.30729; .NET CLR 3.0.30729; .NET4.0C)"
66.235.124.17 - - [27/Dec/2010:01:04:35 +0100] "GET /robots.txt HTTP/1.1" 200 24 "-" "Mozilla/5.0 (compatible; Ask Jeeves/Teoma; +http://about.ask.com/en/docs/about/webmasters.shtml)"
66.235.124.17 - - [27/Dec/2010:01:04:35 +0100] "GET / HTTP/1.1" 200 12977 "-" "Mozilla/5.0 (compatible; Ask Jeeves/Teoma; +http://about.ask.com/en/docs/about/webmasters.shtml)"
