46.118.158.87 - - [11/May/2013:13:36:23 +0200] "GET /robots.txt HTTP/1.0" 200 24 "-" "Mozilla/5.0 (compatible; MJ12bot/v1.4.3; http://www.majestic12.co.uk/bot.php?+)"
46.118.158.87 - - [11/May/2013:13:36:25 +0200] "GET / HTTP/1.1" 200 12977 "-" "Mozilla/5.0 (compatible; MJ12bot/v1.4.3; http://www.majestic12.co.uk/bot.php?+)"
83.133.125.202 - - [11/May/2013:14:11:58 +0200] "GET / HTTP/1.1" 200 12977 "http://www.sumaja.de/?such_wert=professionelle" "Mozilla/4.0 (compatible; MSIE 8.0; Windows NT 6.1; Trident/4.0; SLCC2; .NET CLR 2.0.50727; .NET CLR 3.5.30729; .NET CLR 3.0.30729; Media Center PC 6.0)"
66.249.78.173 - - [12/May/2013:03:03:06 +0200] "GET /robots.txt HTTP/1.1" 200 24 "-" "Mozilla/5.0 (compatible; Googlebot/2.1; +http://www.google.com/bot.html)"
66.249.78.173 - - [12/May/2013:03:03:06 +0200] "GET / HTTP/1.1" 200 12977 "-" "Mozilla/5.0 (iPhone; U; CPU iPhone OS 4_1 like Mac OS X; en-us) AppleWebKit/532.9 (KHTML, like Gecko) Version/4.0.5 Mobile/8B117 Safari/6531.22.7 (compatible; Googlebot-Mobile/2.1; +http://www.google.com/bot.html)"
66.249.78.173 - - [12/May/2013:03:56:34 +0200] "GET /intro.html HTTP/1.1" 304 - "-" "Mozilla/5.0 (iPhone; U; CPU iPhone OS 4_1 like Mac OS X; en-us) AppleWebKit/532.9 (KHTML, like Gecko) Version/4.0.5 Mobile/8B117 Safari/6531.22.7 (compatible; Googlebot-Mobile/2.1; +http://www.google.com/bot.html)"
66.249.78.173 - - [12/May/2013:10:16:30 +0200] "GET / HTTP/1.1" 200 12977 "-" "Mozilla/5.0 (compatible; Googlebot/2.1; +http://www.google.com/bot.html)"
37.5.23.147 - - [12/May/2013:14:22:34 +0200] "GET / HTTP/1.1" 200 12977 "http://www.google.de/url?sa=t&rct=j&q=&esrc=s&source=web&cd=1&sqi=2&ved=0CDAQFjAA&url=http%3A%2F%2Fwww.zahnarztpraxis-berlin-pankow.de%2F&ei=cYiPUYuQOsGhtAaW54GwDA&usg=AFQjCNGhU0LSIXKAU9N4d8DNsS8g6WKbiA&bvm=bv.46340616,d.Yms" "Mozilla/5.0 (Windows NT 5.1; rv:20.0) Gecko/20100101 Firefox/20.0"
37.5.23.147 - - [12/May/2013:14:22:35 +0200] "GET /favicon.ico HTTP/1.1" 200 2550 "-" "Mozilla/5.0 (Windows NT 5.1; rv:20.0) Gecko/20100101 Firefox/20.0"
37.5.23.147 - - [12/May/2013:14:22:35 +0200] "GET /opensite.js HTTP/1.1" 200 1125 "http://www.zahnarztpraxis-berlin-pankow.de/" "Mozilla/5.0 (Windows NT 5.1; rv:20.0) Gecko/20100101 Firefox/20.0"
37.5.23.147 - - [12/May/2013:14:22:35 +0200] "GET /flashopen.js HTTP/1.1" 200 604 "http://www.zahnarztpraxis-berlin-pankow.de/" "Mozilla/5.0 (Windows NT 5.1; rv:20.0) Gecko/20100101 Firefox/20.0"
37.5.23.147 - - [12/May/2013:14:22:35 +0200] "GET /hattke.swf HTTP/1.1" 200 12042 "http://www.zahnarztpraxis-berlin-pankow.de/" "Mozilla/5.0 (Windows NT 5.1; rv:20.0) Gecko/20100101 Firefox/20.0"
37.5.23.147 - - [12/May/2013:14:22:35 +0200] "GET /diashow.swf HTTP/1.1" 200 23825 "http://www.zahnarztpraxis-berlin-pankow.de/hattke.swf" "Mozilla/5.0 (Windows NT 5.1; rv:20.0) Gecko/20100101 Firefox/20.0"
157.55.35.34 - - [12/May/2013:17:55:27 +0200] "GET /robots.txt HTTP/1.1" 200 24 "-" "Mozilla/5.0 (compatible; bingbot/2.0; +http://www.bing.com/bingbot.htm)"
141.8.147.12 - - [12/May/2013:21:15:23 +0200] "GET /robots.txt HTTP/1.1" 200 24 "-" "Mozilla/5.0 (compatible; YandexBot/3.0; +http://yandex.com/bots)"
141.8.147.12 - - [13/May/2013:06:03:50 +0200] "GET / HTTP/1.1" 200 12977 "-" "Mozilla/5.0 (compatible; YandexBot/3.0; +http://yandex.com/bots)"
91.64.16.228 - - [13/May/2013:07:13:27 +0200] "GET / HTTP/1.1" 200 12977 "http://www.google.de/url?sa=t&rct=j&q=hattke%20za&source=web&cd=1&sqi=2&ved=0CC0QFjAA&url=http%3A%2F%2Fwww.zahnarztpraxis-berlin-pankow.de%2F&ei=CnaQUdi9H4SztAbu94GoDA&usg=AFQjCNGhU0LSIXKAU9N4d8DNsS8g6WKbiA&bvm=bv.46340616,d.Yms" "Mozilla/5.0 (Windows NT 6.1; WOW64) AppleWebKit/537.31 (KHTML, like Gecko) Chrome/26.0.1410.64 Safari/537.31"
91.64.16.228 - - [13/May/2013:07:13:27 +0200] "GET /opensite.js HTTP/1.1" 200 1125 "http://www.zahnarztpraxis-berlin-pankow.de/" "Mozilla/5.0 (Windows NT 6.1; WOW64) AppleWebKit/537.31 (KHTML, like Gecko) Chrome/26.0.1410.64 Safari/537.31"
91.64.16.228 - - [13/May/2013:07:13:27 +0200] "GET /flashopen.js HTTP/1.1" 200 604 "http://www.zahnarztpraxis-berlin-pankow.de/" "Mozilla/5.0 (Windows NT 6.1; WOW64) AppleWebKit/537.31 (KHTML, like Gecko) Chrome/26.0.1410.64 Safari/537.31"
91.64.16.228 - - [13/May/2013:07:13:27 +0200] "GET /favicon.ico HTTP/1.1" 200 2550 "-" "Mozilla/5.0 (Windows NT 6.1; WOW64) AppleWebKit/537.31 (KHTML, like Gecko) Chrome/26.0.1410.64 Safari/537.31"
91.64.16.228 - - [13/May/2013:07:13:28 +0200] "GET /hattke.swf HTTP/1.1" 200 12042 "http://www.zahnarztpraxis-berlin-pankow.de/" "Mozilla/5.0 (Windows NT 6.1; WOW64) AppleWebKit/537.31 (KHTML, like Gecko) Chrome/26.0.1410.64 Safari/537.31"
91.64.16.228 - - [13/May/2013:07:13:28 +0200] "GET /diashow.swf HTTP/1.1" 200 23825 "http://www.zahnarztpraxis-berlin-pankow.de/" "Mozilla/5.0 (Windows NT 6.1; WOW64) AppleWebKit/537.31 (KHTML, like Gecko) Chrome/26.0.1410.64 Safari/537.31"
85.25.120.73 - - [13/May/2013:11:58:45 +0200] "GET / HTTP/1.1" 200 12977 "-" "Mozilla/5.0 (X11; U; Linux i686; en-US; rv:1.9.0.1) Gecko/2008070206 Firefox/3.0.1"
85.25.120.73 - - [13/May/2013:11:58:45 +0200] "GET /teledienst.html HTTP/1.1" 200 4588 "-" "Mozilla/5.0 (X11; U; Linux i686; en-US; rv:1.9.0.1) Gecko/2008070206 Firefox/3.0.1"
157.55.35.98 - - [13/May/2013:12:49:38 +0200] "GET /robots.txt HTTP/1.1" 200 24 "-" "Mozilla/5.0 (compatible; bingbot/2.0; +http://www.bing.com/bingbot.htm)"
157.55.35.98 - - [13/May/2013:12:51:34 +0200] "GET / HTTP/1.1" 200 12977 "-" "Mozilla/5.0 (compatible; bingbot/2.0; +http://www.bing.com/bingbot.htm)"
88.73.42.227 - - [13/May/2013:13:01:54 +0200] "GET /teledienst.html HTTP/1.1" 200 4588 "http://www.google.de/url?sa=t&rct=j&q=%09%20%20zahnarztpraxis%20%20vorname%20%09%20%20roumiana%20und%20reyk%20hattke&source=web&cd=1&ved=0CDAQFjAA&url=http%3A%2F%2Fwww.zahnarztpraxis-berlin-pankow.de%2Fteledienst.html&ei=rceQUbLYIIfNswaO_oGYDA&usg=AFQjCNEIL46Ocw3J--Jg5Z8VYqI_QzunAw&bvm=bv.46340616,d.Yms" "Mozilla/5.0 (Windows NT 6.1; rv:20.0) Gecko/20100101 Firefox/20.0"
88.73.42.227 - - [13/May/2013:13:01:54 +0200] "GET /opensite.js HTTP/1.1" 200 1125 "http://www.zahnarztpraxis-berlin-pankow.de/teledienst.html" "Mozilla/5.0 (Windows NT 6.1; rv:20.0) Gecko/20100101 Firefox/20.0"
88.73.42.227 - - [13/May/2013:13:01:54 +0200] "GET /favicon.ico HTTP/1.1" 200 2550 "-" "Mozilla/5.0 (Windows NT 6.1; rv:20.0) Gecko/20100101 Firefox/20.0"
157.55.35.79 - - [13/May/2013:13:53:06 +0200] "GET /robots.txt HTTP/1.1" 200 24 "-" "Mozilla/5.0 (compatible; bingbot/2.0; +http://www.bing.com/bingbot.htm)"
157.55.35.79 - - [13/May/2013:13:55:02 +0200] "GET /opensite.js HTTP/1.1" 200 1125 "-" "Mozilla/5.0 (compatible; bingbot/2.0; +http://www.bing.com/bingbot.htm)"
217.69.133.67 - - [13/May/2013:14:13:17 +0200] "GET / HTTP/1.0" 200 12977 "-" "Mozilla/5.0 (compatible; Mail.RU_Bot/2.0; +http://go.mail.ru/help/robots)"
94.23.225.68 - - [13/May/2013:18:56:21 +0200] "GET / HTTP/1.1" 200 12977 "-" "Mozilla/5.0 (X11; Linux i686; rv:6.0) Gecko/20100101 Firefox/6.0"
88.214.193.210 - - [13/May/2013:19:03:40 +0200] "GET / HTTP/1.0" 200 12977 "-" "Mozilla/5.0 (Windows; U; Windows NT 5.1; en-US; rv:1.7.10) Gecko/20050716 Firefox/1.0.6"
88.214.193.210 - - [13/May/2013:19:03:47 +0200] "GET /teledienst.html HTTP/1.0" 200 4588 "-" "Mozilla/5.0 (Windows; U; Windows NT 5.1; en-US; rv:1.7.10) Gecko/20050716 Firefox/1.0.6"
64.74.215.130 - - [13/May/2013:20:29:20 +0200] "GET / HTTP/1.1" 200 12977 "-" "Mozilla/5.0 (X11; Linux x86_64) AppleWebKit/534.34 (KHTML, like Gecko) Qt/4.8.4 Safari/534.34"
64.74.215.130 - - [13/May/2013:20:29:21 +0200] "GET /opensite.js HTTP/1.1" 200 1125 "http://www.zahnarztpraxis-berlin-pankow.de/" "Mozilla/5.0 (X11; Linux x86_64) AppleWebKit/534.34 (KHTML, like Gecko) Qt/4.8.4 Safari/534.34"
64.74.215.130 - - [13/May/2013:20:29:21 +0200] "GET /flashopen.js HTTP/1.1" 200 604 "http://www.zahnarztpraxis-berlin-pankow.de/" "Mozilla/5.0 (X11; Linux x86_64) AppleWebKit/534.34 (KHTML, like Gecko) Qt/4.8.4 Safari/534.34"
38.111.147.84 - - [14/May/2013:00:16:12 +0200] "GET /robots.txt HTTP/1.0" 200 24 "-" "TurnitinBot/2.1 (http://www.turnitin.com/robot/crawlerinfo.html)"
38.111.147.84 - - [14/May/2013:00:16:42 +0200] "GET / HTTP/1.0" 200 12977 "-" "TurnitinBot/2.1 (http://www.turnitin.com/robot/crawlerinfo.html)"
66.249.78.173 - - [14/May/2013:01:45:50 +0200] "GET /robots.txt HTTP/1.1" 200 24 "-" "Mozilla/5.0 (compatible; Googlebot/2.1; +http://www.google.com/bot.html)"
66.249.78.173 - - [14/May/2013:01:45:50 +0200] "GET / HTTP/1.1" 200 12977 "-" "Mozilla/5.0 (iPhone; U; CPU iPhone OS 4_1 like Mac OS X; en-us) AppleWebKit/532.9 (KHTML, like Gecko) Version/4.0.5 Mobile/8B117 Safari/6531.22.7 (compatible; Googlebot-Mobile/2.1; +http://www.google.com/bot.html)"
194.153.113.7 - - [14/May/2013:03:30:09 +0200] "GET / HTTP/1.1" 200 12977 "-" "Mozilla/5.0 (compatible; oBot/2.3.1; +http://filterdb.iss.net/crawler/)"
141.8.147.12 - - [14/May/2013:04:17:09 +0200] "GET /robots.txt HTTP/1.1" 200 24 "-" "Mozilla/5.0 (compatible; YandexBot/3.0; +http://yandex.com/bots)"
141.8.147.12 - - [14/May/2013:06:21:03 +0200] "GET / HTTP/1.1" 200 12977 "-" "Mozilla/5.0 (compatible; YandexBot/3.0; +http://yandex.com/bots)"
66.249.78.173 - - [14/May/2013:07:07:54 +0200] "GET /teledienst.html HTTP/1.1" 200 4588 "-" "Mozilla/5.0 (iPhone; U; CPU iPhone OS 4_1 like Mac OS X; en-us) AppleWebKit/532.9 (KHTML, like Gecko) Version/4.0.5 Mobile/8B117 Safari/6531.22.7 (compatible; Googlebot-Mobile/2.1; +http://www.google.com/bot.html)"
173.199.120.155 - - [14/May/2013:12:51:05 +0200] "GET /teledienst.html HTTP/1.1" 200 4588 "-" "Mozilla/5.0 (compatible; AhrefsBot/4.0; +http://ahrefs.com/robot/)"
157.56.93.74 - - [14/May/2013:13:24:37 +0200] "GET /robots.txt HTTP/1.1" 200 24 "-" "Mozilla/5.0 (compatible; bingbot/2.0; +http://www.bing.com/bingbot.htm)"
157.56.93.74 - - [14/May/2013:13:26:53 +0200] "GET /intro.html HTTP/1.1" 200 5170 "-" "Mozilla/5.0 (compatible; bingbot/2.0; +http://www.bing.com/bingbot.htm)"
157.55.35.98 - - [14/May/2013:13:38:50 +0200] "GET / HTTP/1.1" 200 12977 "-" "Mozilla/5.0 (compatible; bingbot/2.0; +http://www.bing.com/bingbot.htm)"
66.249.78.173 - - [14/May/2013:19:36:24 +0200] "GET /sitemap.xml HTTP/1.1" 200 796 "-" "Mozilla/5.0 (compatible; Googlebot/2.1; +http://www.google.com/bot.html)"
37.59.16.73 - - [14/May/2013:19:55:50 +0200] "GET /index_alt.html HTTP/1.1" 200 2254 "-" "Mozilla/5.0 (X11; Linux i686; rv:6.0) Gecko/20100101 Firefox/6.0"
176.57.143.60 - - [14/May/2013:19:55:50 +0200] "GET /intro.html HTTP/1.1" 200 5170 "-" "Mozilla/5.0 (X11; Linux i686; rv:6.0) Gecko/20100101 Firefox/6.0"
81.7.13.161 - - [14/May/2013:19:55:50 +0200] "GET /teledienst.html HTTP/1.1" 200 4588 "-" "Mozilla/5.0 (X11; Linux i686; rv:6.0) Gecko/20100101 Firefox/6.0"
46.105.114.127 - - [14/May/2013:19:55:51 +0200] "GET / HTTP/1.1" 200 12977 "-" "Mozilla/5.0 (X11; Linux i686; rv:6.0) Gecko/20100101 Firefox/6.0"
173.199.120.155 - - [14/May/2013:20:18:16 +0200] "GET / HTTP/1.1" 200 12977 "-" "Mozilla/5.0 (compatible; AhrefsBot/4.0; +http://ahrefs.com/robot/)"
88.73.142.46 - - [14/May/2013:20:48:54 +0200] "GET / HTTP/1.1" 200 12977 "http://www.google.de/url?sa=t&rct=j&q=Roumiana+und+Reyk+Hattke&source=web&cd=1&ved=0CC8QFjAA&url=http%3A%2F%2Fwww.zahnarztpraxis-berlin-pankow.de%2F&ei=BoeSUaigE8LJtQbKzoCoDQ&usg=AFQjCNGhU0LSIXKAU9N4d8DNsS8g6WKbiA&bvm=bv.46471029,d.Yms" "Mozilla/5.0 (Windows NT 6.1; rv:20.0) Gecko/20100101 Firefox/20.0"
88.73.142.46 - - [14/May/2013:20:48:54 +0200] "GET /opensite.js HTTP/1.1" 200 1125 "http://www.zahnarztpraxis-berlin-pankow.de/" "Mozilla/5.0 (Windows NT 6.1; rv:20.0) Gecko/20100101 Firefox/20.0"
88.73.142.46 - - [14/May/2013:20:48:54 +0200] "GET /flashopen.js HTTP/1.1" 200 604 "http://www.zahnarztpraxis-berlin-pankow.de/" "Mozilla/5.0 (Windows NT 6.1; rv:20.0) Gecko/20100101 Firefox/20.0"
88.73.142.46 - - [14/May/2013:20:48:54 +0200] "GET /favicon.ico HTTP/1.1" 200 2550 "-" "Mozilla/5.0 (Windows NT 6.1; rv:20.0) Gecko/20100101 Firefox/20.0"
88.73.142.46 - - [14/May/2013:20:49:00 +0200] "GET /hattke.swf HTTP/1.1" 200 12042 "http://www.zahnarztpraxis-berlin-pankow.de/" "Mozilla/5.0 (Windows NT 6.1; rv:20.0) Gecko/20100101 Firefox/20.0"
88.73.142.46 - - [14/May/2013:20:49:08 +0200] "GET /diashow.swf HTTP/1.1" 200 23825 "http://www.zahnarztpraxis-berlin-pankow.de/hattke.swf" "Mozilla/5.0 (Windows NT 6.1; rv:20.0) Gecko/20100101 Firefox/20.0"
66.249.78.173 - - [14/May/2013:22:22:44 +0200] "GET / HTTP/1.1" 200 12977 "-" "Mozilla/5.0 (compatible; Googlebot/2.1; +http://www.google.com/bot.html)"
178.255.215.65 - - [15/May/2013:02:52:14 +0200] "GET /robots.txt HTTP/1.1" 200 24 "-" "Mozilla/5.0 (compatible; Exabot/3.0; +http://www.exabot.com/go/robot)"
178.255.215.65 - - [15/May/2013:02:52:14 +0200] "GET / HTTP/1.1" 304 - "-" "Mozilla/5.0 (compatible; Exabot/3.0; +http://www.exabot.com/go/robot)"
66.249.78.173 - - [15/May/2013:04:15:14 +0200] "GET /robots.txt HTTP/1.1" 200 24 "-" "Mozilla/5.0 (compatible; Googlebot/2.1; +http://www.google.com/bot.html)"
66.249.78.173 - - [15/May/2013:04:15:14 +0200] "GET /hattke.swf HTTP/1.1" 200 12042 "-" "Mozilla/5.0 (iPhone; U; CPU iPhone OS 4_1 like Mac OS X; en-us) AppleWebKit/532.9 (KHTML, like Gecko) Version/4.0.5 Mobile/8B117 Safari/6531.22.7 (compatible; Googlebot-Mobile/2.1; +http://www.google.com/bot.html)"
66.249.78.173 - - [15/May/2013:05:05:20 +0200] "GET / HTTP/1.1" 200 12977 "-" "SAMSUNG-SGH-E250/1.0 Profile/MIDP-2.0 Configuration/CLDC-1.1 UP.Browser/6.2.3.3.c.1.101 (GUI) MMP/2.0 (compatible; Googlebot-Mobile/2.1; +http://www.google.com/bot.html)"
91.65.207.81 - - [15/May/2013:09:58:36 +0200] "GET / HTTP/1.1" 200 12977 "http://www.google.de/url?sa=t&rct=j&q=&esrc=s&source=web&cd=3&ved=0CGwQFjAC&url=http%3A%2F%2Fwww.zahnarztpraxis-berlin-pankow.de%2F&ei=DUCTUc6ZHofNswbEv4GQDg&usg=AFQjCNGhU0LSIXKAU9N4d8DNsS8g6WKbiA&sig2=wa8tJRE_NpPam4hB00rROg&bvm=bv.46471029,d.Yms" "Mozilla/5.0 (Windows NT 5.1; rv:20.0) Gecko/20100101 Firefox/20.0"
91.65.207.81 - - [15/May/2013:09:58:36 +0200] "GET /opensite.js HTTP/1.1" 200 1125 "http://www.zahnarztpraxis-berlin-pankow.de/" "Mozilla/5.0 (Windows NT 5.1; rv:20.0) Gecko/20100101 Firefox/20.0"
91.65.207.81 - - [15/May/2013:09:58:36 +0200] "GET /favicon.ico HTTP/1.1" 200 2550 "-" "Mozilla/5.0 (Windows NT 5.1; rv:20.0) Gecko/20100101 Firefox/20.0"
91.65.207.81 - - [15/May/2013:09:58:36 +0200] "GET /flashopen.js HTTP/1.1" 200 604 "http://www.zahnarztpraxis-berlin-pankow.de/" "Mozilla/5.0 (Windows NT 5.1; rv:20.0) Gecko/20100101 Firefox/20.0"
91.65.207.81 - - [15/May/2013:09:58:37 +0200] "GET /hattke.swf HTTP/1.1" 200 12042 "http://www.zahnarztpraxis-berlin-pankow.de/" "Mozilla/5.0 (Windows NT 5.1; rv:20.0) Gecko/20100101 Firefox/20.0"
91.65.207.81 - - [15/May/2013:09:58:37 +0200] "GET /diashow.swf HTTP/1.1" 200 23825 "http://www.zahnarztpraxis-berlin-pankow.de/hattke.swf" "Mozilla/5.0 (Windows NT 5.1; rv:20.0) Gecko/20100101 Firefox/20.0"
173.254.216.66 - - [15/May/2013:11:56:26 +0200] "GET / HTTP/1.0" 200 12977 "-" "-"
88.73.28.194 - - [15/May/2013:14:23:39 +0200] "GET / HTTP/1.1" 200 12977 "http://www.google.de/url?sa=t&rct=j&q=%20%20roumiana%20und%20reyk%20hattke&source=web&cd=1&sqi=2&ved=0CDwQFjAA&url=http%3A%2F%2Fwww.zahnarztpraxis-berlin-pankow.de%2F&ei=JH6TUcviFNDysgaGvIDoDA&usg=AFQjCNGhU0LSIXKAU9N4d8DNsS8g6WKbiA&bvm=bv.46471029,d.Yms" "Mozilla/5.0 (Windows NT 6.1; rv:20.0) Gecko/20100101 Firefox/20.0"
88.73.28.194 - - [15/May/2013:14:23:39 +0200] "GET /opensite.js HTTP/1.1" 200 1125 "http://www.zahnarztpraxis-berlin-pankow.de/" "Mozilla/5.0 (Windows NT 6.1; rv:20.0) Gecko/20100101 Firefox/20.0"
88.73.28.194 - - [15/May/2013:14:23:40 +0200] "GET /flashopen.js HTTP/1.1" 200 604 "http://www.zahnarztpraxis-berlin-pankow.de/" "Mozilla/5.0 (Windows NT 6.1; rv:20.0) Gecko/20100101 Firefox/20.0"
88.73.28.194 - - [15/May/2013:14:23:40 +0200] "GET /favicon.ico HTTP/1.1" 200 2550 "-" "Mozilla/5.0 (Windows NT 6.1; rv:20.0) Gecko/20100101 Firefox/20.0"
88.73.28.194 - - [15/May/2013:14:23:44 +0200] "GET /hattke.swf HTTP/1.1" 200 12042 "http://www.zahnarztpraxis-berlin-pankow.de/" "Mozilla/5.0 (Windows NT 6.1; rv:20.0) Gecko/20100101 Firefox/20.0"
88.73.28.194 - - [15/May/2013:14:23:56 +0200] "GET /diashow.swf HTTP/1.1" 200 23825 "http://www.zahnarztpraxis-berlin-pankow.de/hattke.swf" "Mozilla/5.0 (Windows NT 6.1; rv:20.0) Gecko/20100101 Firefox/20.0"
91.64.17.181 - - [15/May/2013:18:19:08 +0200] "GET / HTTP/1.1" 200 12977 "-" "Mozilla/5.0 (iPad; CPU OS 6_1_3 like Mac OS X) AppleWebKit/536.26 (KHTML, like Gecko) Version/6.0 Mobile/10B329 Safari/8536.25"
91.64.17.181 - - [15/May/2013:18:19:08 +0200] "GET /opensite.js HTTP/1.1" 200 1125 "http://www.zahnarztpraxis-berlin-pankow.de/" "Mozilla/5.0 (iPad; CPU OS 6_1_3 like Mac OS X) AppleWebKit/536.26 (KHTML, like Gecko) Version/6.0 Mobile/10B329 Safari/8536.25"
91.64.17.181 - - [15/May/2013:18:19:08 +0200] "GET /flashopen.js HTTP/1.1" 200 604 "http://www.zahnarztpraxis-berlin-pankow.de/" "Mozilla/5.0 (iPad; CPU OS 6_1_3 like Mac OS X) AppleWebKit/536.26 (KHTML, like Gecko) Version/6.0 Mobile/10B329 Safari/8536.25"
91.64.17.181 - - [15/May/2013:18:19:30 +0200] "GET / HTTP/1.1" 200 12977 "-" "Mozilla/5.0 (iPad; CPU OS 6_1_3 like Mac OS X) AppleWebKit/536.26 (KHTML, like Gecko) Version/6.0 Mobile/10B329 Safari/8536.25"
91.64.17.181 - - [15/May/2013:18:19:31 +0200] "GET /opensite.js HTTP/1.1" 304 - "http://www.zahnarztpraxis-berlin-pankow.de/" "Mozilla/5.0 (iPad; CPU OS 6_1_3 like Mac OS X) AppleWebKit/536.26 (KHTML, like Gecko) Version/6.0 Mobile/10B329 Safari/8536.25"
91.64.17.181 - - [15/May/2013:18:19:31 +0200] "GET /flashopen.js HTTP/1.1" 304 - "http://www.zahnarztpraxis-berlin-pankow.de/" "Mozilla/5.0 (iPad; CPU OS 6_1_3 like Mac OS X) AppleWebKit/536.26 (KHTML, like Gecko) Version/6.0 Mobile/10B329 Safari/8536.25"
209.190.1.131 - - [15/May/2013:18:55:00 +0200] "GET / HTTP/1.1" 200 12977 "-" "Mozilla/5.0 (compatible; MSIE 8.0; Windows NT 5.1) KomodiaBot/1.0"
85.178.120.177 - - [15/May/2013:22:32:25 +0200] "GET /intro.html HTTP/1.1" 200 5170 "http://www.google.de/url?sa=t&rct=j&q=&esrc=s&source=web&cd=1&ved=0CDIQFjAA&url=http%3A%2F%2Fwww.zahnarztpraxis-berlin-pankow.de%2Fintro.html&ei=r_CTUdvTMc7itQar4YG4DQ&usg=AFQjCNFyIP-APaGkBUHn0zTmoUtkP72mRA&bvm=bv.46471029,d.Yms" "Mozilla/5.0 (Windows NT 5.1; rv:20.0) Gecko/20100101 Firefox/20.0"
85.178.120.177 - - [15/May/2013:22:32:25 +0200] "GET /opensite.js HTTP/1.1" 200 1125 "http://www.zahnarztpraxis-berlin-pankow.de/intro.html" "Mozilla/5.0 (Windows NT 5.1; rv:20.0) Gecko/20100101 Firefox/20.0"
85.178.120.177 - - [15/May/2013:22:32:25 +0200] "GET /favicon.ico HTTP/1.1" 200 2550 "-" "Mozilla/5.0 (Windows NT 5.1; rv:20.0) Gecko/20100101 Firefox/20.0"
85.178.120.177 - - [15/May/2013:22:32:25 +0200] "GET /hattke.swf HTTP/1.1" 200 12042 "http://www.zahnarztpraxis-berlin-pankow.de/intro.html" "Mozilla/5.0 (Windows NT 5.1; rv:20.0) Gecko/20100101 Firefox/20.0"
85.178.120.177 - - [15/May/2013:22:32:26 +0200] "GET /diashow.swf HTTP/1.1" 200 23825 "http://www.zahnarztpraxis-berlin-pankow.de/hattke.swf" "Mozilla/5.0 (Windows NT 5.1; rv:20.0) Gecko/20100101 Firefox/20.0"
66.249.78.173 - - [16/May/2013:00:49:50 +0200] "GET / HTTP/1.1" 200 12977 "-" "Mozilla/5.0 (iPhone; U; CPU iPhone OS 4_1 like Mac OS X; en-us) AppleWebKit/532.9 (KHTML, like Gecko) Version/4.0.5 Mobile/8B117 Safari/6531.22.7 (compatible; Googlebot-Mobile/2.1; +http://www.google.com/bot.html)"
66.249.78.173 - - [16/May/2013:01:12:21 +0200] "GET /intro.html HTTP/1.1" 304 - "-" "Mozilla/5.0 (iPhone; U; CPU iPhone OS 4_1 like Mac OS X; en-us) AppleWebKit/532.9 (KHTML, like Gecko) Version/4.0.5 Mobile/8B117 Safari/6531.22.7 (compatible; Googlebot-Mobile/2.1; +http://www.google.com/bot.html)"
66.249.78.173 - - [16/May/2013:04:54:50 +0200] "GET /robots.txt HTTP/1.1" 200 24 "-" "Mozilla/5.0 (compatible; Googlebot/2.1; +http://www.google.com/bot.html)"
66.249.78.173 - - [16/May/2013:04:54:50 +0200] "GET / HTTP/1.1" 200 12977 "-" "Mozilla/5.0 (compatible; Googlebot/2.1; +http://www.google.com/bot.html)"
144.76.71.140 - - [16/May/2013:10:54:04 +0200] "GET /robots.txt HTTP/1.1" 200 24 "-" "Mozilla/5.0 (compatible; SISTRIX Crawler; http://crawler.sistrix.net/)"
144.76.71.140 - - [16/May/2013:10:54:04 +0200] "GET / HTTP/1.1" 206 12977 "-" "Mozilla/5.0 (compatible; SISTRIX Crawler; http://crawler.sistrix.net/)"
64.246.187.42 - - [16/May/2013:11:29:41 +0200] "GET /robots.txt HTTP/1.0" 200 24 "-" "Mozilla/5.0 (Windows; U; Windows NT 5.1; en; rv:1.9.0.13) Gecko/2009073022 Firefox/3.5.2 (.NET CLR 3.5.30729) SurveyBot/2.3 (DomainTools)"
64.246.187.42 - - [16/May/2013:11:29:42 +0200] "GET / HTTP/1.1" 200 12977 "http://whois.domaintools.com/zahnarztpraxis-berlin-pankow.de" "Mozilla/5.0 (Windows; U; Windows NT 5.1; en; rv:1.9.0.13) Gecko/2009073022 Firefox/3.5.2 (.NET CLR 3.5.30729) SurveyBot/2.3 (DomainTools)"
37.5.181.164 - - [16/May/2013:16:30:53 +0200] "GET / HTTP/1.1" 200 12977 "http://www.google.de/url?sa=t&rct=j&q=roumiana%20und%20reyk%20hattke&source=web&cd=1&ved=0CC8QFjAA&url=http%3A%2F%2Fwww.zahnarztpraxis-berlin-pankow.de%2F&ei=be2UUeTtNKqD4gTRo4DQAg&usg=AFQjCNGhU0LSIXKAU9N4d8DNsS8g6WKbiA&bvm=bv.46471029,d.Yms" "Mozilla/5.0 (compatible; MSIE 10.0; Windows NT 6.1; WOW64; Trident/6.0)"
37.5.181.164 - - [16/May/2013:16:30:54 +0200] "GET /opensite.js HTTP/1.1" 200 1125 "http://www.zahnarztpraxis-berlin-pankow.de/" "Mozilla/5.0 (compatible; MSIE 10.0; Windows NT 6.1; WOW64; Trident/6.0)"
37.5.181.164 - - [16/May/2013:16:30:54 +0200] "GET /flashopen.js HTTP/1.1" 200 604 "http://www.zahnarztpraxis-berlin-pankow.de/" "Mozilla/5.0 (compatible; MSIE 10.0; Windows NT 6.1; WOW64; Trident/6.0)"
37.5.181.164 - - [16/May/2013:16:30:54 +0200] "GET /hattke.swf HTTP/1.1" 200 12042 "http://www.zahnarztpraxis-berlin-pankow.de/" "Mozilla/5.0 (compatible; MSIE 10.0; Windows NT 6.1; WOW64; Trident/6.0)"
37.5.181.164 - - [16/May/2013:16:30:54 +0200] "GET /favicon.ico HTTP/1.1" 200 2550 "-" "Mozilla/5.0 (compatible; MSIE 10.0; Windows NT 6.1; Win64; x64; Trident/6.0)"
37.5.181.164 - - [16/May/2013:16:30:54 +0200] "GET /diashow.swf HTTP/1.1" 200 23825 "http://www.zahnarztpraxis-berlin-pankow.de/hattke.swf" "Mozilla/5.0 (compatible; MSIE 10.0; Windows NT 6.1; WOW64; Trident/6.0)"
173.199.119.11 - - [16/May/2013:17:21:24 +0200] "GET /robots.txt HTTP/1.1" 200 24 "-" "Mozilla/5.0 (compatible; AhrefsBot/4.0; +http://ahrefs.com/robot/)"
85.25.71.119 - - [16/May/2013:17:29:30 +0200] "GET /robots.txt HTTP/1.1" 200 24 "-" "Mozilla/5.0 (X11; U; Linux i686; de; rv:1.9.0.1; compatible; iCjobs Stellenangebote Jobs; http://www.icjobs.de) Gecko/20100401 iCjobs/3.2.3"
85.25.71.119 - - [16/May/2013:17:29:30 +0200] "GET / HTTP/1.1" 200 12977 "-" "Mozilla/5.0 (X11; U; Linux i686; de; rv:1.9.0.1; compatible; iCjobs Stellenangebote Jobs; http://www.icjobs.de) Gecko/20100401 iCjobs/3.2.3"
85.25.71.119 - - [16/May/2013:17:29:30 +0200] "GET / HTTP/1.1" 200 12977 "-" "Mozilla/5.0 (X11; U; Linux i686; de; rv:1.9.0.1; compatible; iCjobs Stellenangebote Jobs; http://www.icjobs.de) Gecko/20100401 iCjobs/3.2.3"
85.25.71.119 - - [16/May/2013:17:29:33 +0200] "GET /opensite.js HTTP/1.1" 200 1125 "-" "Mozilla/5.0 (X11; U; Linux i686; de; rv:1.9.0.1; compatible; iCjobs Stellenangebote Jobs; http://www.icjobs.de) Gecko/20100401 iCjobs/3.2.3"
85.25.71.119 - - [16/May/2013:17:29:33 +0200] "GET /flashopen.js HTTP/1.1" 200 604 "-" "Mozilla/5.0 (X11; U; Linux i686; de; rv:1.9.0.1; compatible; iCjobs Stellenangebote Jobs; http://www.icjobs.de) Gecko/20100401 iCjobs/3.2.3"
85.25.71.119 - - [16/May/2013:17:29:34 +0200] "GET /hattke.swf HTTP/1.1" 200 12042 "-" "Mozilla/5.0 (X11; U; Linux i686; de; rv:1.9.0.1; compatible; iCjobs Stellenangebote Jobs; http://www.icjobs.de) Gecko/20100401 iCjobs/3.2.3"
85.25.71.119 - - [16/May/2013:17:29:35 +0200] "GET /teledienst.html HTTP/1.1" 200 4588 "-" "Mozilla/5.0 (X11; U; Linux i686; de; rv:1.9.0.1; compatible; iCjobs Stellenangebote Jobs; http://www.icjobs.de) Gecko/20100401 iCjobs/3.2.3"
85.25.71.119 - - [16/May/2013:17:29:40 +0200] "GET /callback.html HTTP/1.1" 200 3272 "-" "Mozilla/5.0 (X11; U; Linux i686; de; rv:1.9.0.1; compatible; iCjobs Stellenangebote Jobs; http://www.icjobs.de) Gecko/20100401 iCjobs/3.2.3"
37.58.52.15 - - [16/May/2013:22:31:34 +0200] "GET /robots.txt HTTP/1.0" 200 24 "-" "Mozilla/5.0 (compatible; AcoonBot/4.11.1; +http://www.acoon.de/robot.asp)"
37.58.52.15 - - [16/May/2013:22:31:34 +0200] "GET / HTTP/1.0" 200 12977 "-" "Mozilla/5.0 (compatible; AcoonBot/4.11.1; +http://www.acoon.de/robot.asp)"
64.125.222.50 - - [16/May/2013:23:01:12 +0200] "GET /robots.txt HTTP/1.1" 200 24 "-" "Mozilla/5.0 (compatible; 008/0.83; http://www.80legs.com/webcrawler.html;) Gecko/2008032620"
37.194.249.212 - - [16/May/2013:23:03:53 +0200] "GET / HTTP/1.1" 200 12977 "-" "Mozilla/5.0 (compatible; 008/0.85; http://www.80legs.com/webcrawler.html) Gecko/2008032620"
64.125.222.50 - - [17/May/2013:02:33:58 +0200] "GET /robots.txt HTTP/1.1" 200 24 "-" "Mozilla/5.0 (compatible; 008/0.83; http://www.80legs.com/webcrawler.html;) Gecko/2008032620"
188.227.20.185 - - [17/May/2013:02:37:15 +0200] "GET /teledienst.html HTTP/1.1" 200 4588 "-" "Mozilla/5.0 (compatible; 008/0.85; http://www.80legs.com/webcrawler.html) Gecko/2008032620"
91.231.233.253 - - [17/May/2013:02:40:04 +0200] "GET /teledienst.html HTTP/1.1" 200 4588 "-" "Mozilla/5.0 (compatible; 008/0.85; http://www.80legs.com/webcrawler.html) Gecko/2008032620"
66.249.78.173 - - [17/May/2013:03:00:07 +0200] "GET /robots.txt HTTP/1.1" 200 24 "-" "Mozilla/5.0 (compatible; Googlebot/2.1; +http://www.google.com/bot.html)"
66.249.78.173 - - [17/May/2013:03:00:08 +0200] "GET /hattke.swf HTTP/1.1" 200 12042 "-" "Mozilla/5.0 (iPhone; U; CPU iPhone OS 4_1 like Mac OS X; en-us) AppleWebKit/532.9 (KHTML, like Gecko) Version/4.0.5 Mobile/8B117 Safari/6531.22.7 (compatible; Googlebot-Mobile/2.1; +http://www.google.com/bot.html)"
141.8.147.12 - - [17/May/2013:06:53:55 +0200] "GET /robots.txt HTTP/1.1" 200 24 "-" "Mozilla/5.0 (compatible; YandexBot/3.0; +http://yandex.com/bots)"
74.52.245.146 - - [17/May/2013:07:21:56 +0200] "GET / HTTP/1.0" 200 12977 "-" "Mozilla/5.0 (X11; U; Linux i686; en-US; rv:1.7.5) Gecko/20041107 Firefox/1.0"
66.249.78.173 - - [17/May/2013:09:35:42 +0200] "GET /Zahn HTTP/1.1" 404 1256 "-" "Mozilla/5.0 (compatible; Googlebot/2.1; +http://www.google.com/bot.html)"
141.8.147.12 - - [17/May/2013:09:44:16 +0200] "GET /teledienst.html HTTP/1.1" 200 4588 "-" "Mozilla/5.0 (compatible; YandexBot/3.0; +http://yandex.com/bots)"
84.38.65.176 - - [17/May/2013:09:52:18 +0200] "GET / HTTP/1.1" 200 12977 "http://www.sumaja.de/" "Mozilla/5.0 (Windows; U; Windows NT 5.1; de; rv:1.9.0.12) Gecko/2009070611 Firefox/3.0.12 GTB7.1 (.NET CLR 3.5.30729)"
83.133.125.202 - - [17/May/2013:09:52:18 +0200] "GET / HTTP/1.0" 200 12977 "-" "-"
83.133.125.202 - - [17/May/2013:09:52:18 +0200] "GET / HTTP/1.0" 200 12977 "-" "-"
37.58.52.15 - - [17/May/2013:10:42:08 +0200] "GET /robots.txt HTTP/1.0" 200 24 "-" "Mozilla/5.0 (compatible; AcoonBot/4.11.1; +http://www.acoon.de/robot.asp)"
37.58.52.15 - - [17/May/2013:10:42:08 +0200] "GET /teledienst.html HTTP/1.0" 200 4588 "-" "Mozilla/5.0 (compatible; AcoonBot/4.11.1; +http://www.acoon.de/robot.asp)"
173.192.235.226 - - [17/May/2013:13:38:22 +0200] "GET /robots.txt HTTP/1.1" 200 24 "-" "Mozilla/5.0 (compatible; SiteExplorer/1.0b; +http://siteexplorer.info/)"
173.192.235.226 - - [17/May/2013:13:38:26 +0200] "GET / HTTP/1.1" 200 12977 "-" "Mozilla/5.0 (compatible; SiteExplorer/1.0b; +http://siteexplorer.info/)"
2.207.236.79 - - [17/May/2013:14:12:25 +0200] "GET / HTTP/1.1" 200 12977 "http://www.google.de/url?sa=t&rct=j&q=zahnarztpraxis%20pankow&source=web&cd=17&ved=0CMEBEBYwEA&url=http%3A%2F%2Fwww.zahnarztpraxis-berlin-pankow.de%2F&ei=RB2WUeCwO8HYswb3s4DABA&usg=AFQjCNGhU0LSIXKAU9N4d8DNsS8g6WKbiA" "Mozilla/5.0 (Windows NT 5.1; WOW64; rv:11.0) Gecko/20100101 Firefox/11.0"
2.207.236.79 - - [17/May/2013:14:12:25 +0200] "GET /opensite.js HTTP/1.1" 200 1125 "http://www.zahnarztpraxis-berlin-pankow.de/" "Mozilla/5.0 (Windows NT 5.1; WOW64; rv:11.0) Gecko/20100101 Firefox/11.0"
2.207.236.79 - - [17/May/2013:14:12:25 +0200] "GET /flashopen.js HTTP/1.1" 200 604 "http://www.zahnarztpraxis-berlin-pankow.de/" "Mozilla/5.0 (Windows NT 5.1; WOW64; rv:11.0) Gecko/20100101 Firefox/11.0"
2.207.236.79 - - [17/May/2013:14:12:26 +0200] "GET /favicon.ico HTTP/1.1" 200 2550 "-" "Mozilla/5.0 (Windows NT 5.1; WOW64; rv:11.0) Gecko/20100101 Firefox/11.0"
2.207.236.79 - - [17/May/2013:14:12:26 +0200] "GET /hattke.swf HTTP/1.1" 200 12042 "http://www.zahnarztpraxis-berlin-pankow.de/" "Mozilla/5.0 (Windows NT 5.1; WOW64; rv:11.0) Gecko/20100101 Firefox/11.0"
2.207.236.79 - - [17/May/2013:14:12:26 +0200] "GET /diashow.swf HTTP/1.1" 200 23825 "-" "Mozilla/5.0 (Windows NT 5.1; WOW64; rv:11.0) Gecko/20100101 Firefox/11.0"
204.236.226.210 - - [17/May/2013:15:58:09 +0200] "GET /robots.txt HTTP/1.0" 200 24 "-" "ia_archiver (+http://www.alexa.com/site/help/webmasters; crawler@alexa.com)"
204.236.226.210 - - [17/May/2013:15:58:09 +0200] "GET /teledienst.html HTTP/1.0" 200 4588 "-" "ia_archiver (+http://www.alexa.com/site/help/webmasters; crawler@alexa.com)"
204.236.226.210 - - [17/May/2013:16:10:40 +0200] "GET / HTTP/1.0" 200 12977 "-" "ia_archiver (+http://www.alexa.com/site/help/webmasters; crawler@alexa.com)"
66.249.78.173 - - [17/May/2013:17:12:09 +0200] "GET /robots.txt HTTP/1.1" 200 24 "-" "Mozilla/5.0 (compatible; Googlebot/2.1; +http://www.google.com/bot.html)"
66.249.78.173 - - [17/May/2013:17:12:09 +0200] "GET / HTTP/1.1" 200 12977 "-" "Mozilla/5.0 (compatible; Googlebot/2.1; +http://www.google.com/bot.html)"
141.8.147.12 - - [17/May/2013:19:52:28 +0200] "GET /robots.txt HTTP/1.1" 200 24 "-" "Mozilla/5.0 (compatible; YandexBot/3.0; +http://yandex.com/bots)"
78.52.206.190 - - [17/May/2013:19:58:45 +0200] "GET / HTTP/1.1" 200 12977 "http://www.google.de/url?sa=t&rct=j&q=roumiana%20und%20reyk%20hattke&source=web&cd=1&sqi=2&ved=0CC8QFjAA&url=http%3A%2F%2Fwww.zahnarztpraxis-berlin-pankow.de%2F&ei=j2-WUb7cN4nQtAaKgIHoAQ&usg=AFQjCNGhU0LSIXKAU9N4d8DNsS8g6WKbiA&bvm=bv.46751780,d.Yms" "Mozilla/5.0 (Windows NT 6.1; WOW64) AppleWebKit/537.31 (KHTML, like Gecko) Chrome/26.0.1410.64 Safari/537.31"
78.52.206.190 - - [17/May/2013:19:58:45 +0200] "GET /opensite.js HTTP/1.1" 200 1125 "http://www.zahnarztpraxis-berlin-pankow.de/" "Mozilla/5.0 (Windows NT 6.1; WOW64) AppleWebKit/537.31 (KHTML, like Gecko) Chrome/26.0.1410.64 Safari/537.31"
78.52.206.190 - - [17/May/2013:19:58:45 +0200] "GET /flashopen.js HTTP/1.1" 200 604 "http://www.zahnarztpraxis-berlin-pankow.de/" "Mozilla/5.0 (Windows NT 6.1; WOW64) AppleWebKit/537.31 (KHTML, like Gecko) Chrome/26.0.1410.64 Safari/537.31"
78.52.206.190 - - [17/May/2013:19:58:48 +0200] "GET /hattke.swf HTTP/1.1" 200 12042 "http://www.zahnarztpraxis-berlin-pankow.de/" "Mozilla/5.0 (Windows NT 6.1; WOW64) AppleWebKit/537.31 (KHTML, like Gecko) Chrome/26.0.1410.64 Safari/537.31"
78.52.206.190 - - [17/May/2013:19:58:48 +0200] "GET /favicon.ico HTTP/1.1" 200 2550 "-" "Mozilla/5.0 (Windows NT 6.1; WOW64) AppleWebKit/537.31 (KHTML, like Gecko) Chrome/26.0.1410.64 Safari/537.31"
78.52.206.190 - - [17/May/2013:19:58:48 +0200] "GET /diashow.swf HTTP/1.1" 200 23825 "http://www.zahnarztpraxis-berlin-pankow.de/" "Mozilla/5.0 (Windows NT 6.1; WOW64) AppleWebKit/537.31 (KHTML, like Gecko) Chrome/26.0.1410.64 Safari/537.31"
141.8.147.12 - - [17/May/2013:22:57:32 +0200] "GET / HTTP/1.1" 200 12977 "-" "Mozilla/5.0 (compatible; YandexBot/3.0; +http://yandex.com/bots)"
66.249.78.173 - - [18/May/2013:02:38:59 +0200] "GET / HTTP/1.1" 304 - "-" "Mozilla/5.0 (iPhone; U; CPU iPhone OS 4_1 like Mac OS X; en-us) AppleWebKit/532.9 (KHTML, like Gecko) Version/4.0.5 Mobile/8B117 Safari/6531.22.7 (compatible; Googlebot-Mobile/2.1; +http://www.google.com/bot.html)"
157.55.33.29 - - [18/May/2013:03:55:56 +0200] "GET /robots.txt HTTP/1.1" 200 24 "-" "Mozilla/5.0 (compatible; bingbot/2.0; +http://www.bing.com/bingbot.htm)"
157.55.33.29 - - [18/May/2013:03:58:09 +0200] "GET / HTTP/1.1" 304 - "-" "Mozilla/5.0 (compatible; bingbot/2.0; +http://www.bing.com/bingbot.htm)"
81.7.13.161 - - [18/May/2013:09:03:54 +0200] "GET / HTTP/1.1" 200 12977 "-" "Mozilla/5.0 (X11; Linux i686; rv:6.0) Gecko/20100101 Firefox/6.0"
204.12.226.2 - - [18/May/2013:14:23:43 +0200] "GET /robots.txt HTTP/1.0" 200 24 "-" "Mozilla/5.0 (compatible; MJ12bot/v1.4.3; http://www.majestic12.co.uk/bot.php?+)"
204.12.226.2 - - [18/May/2013:14:23:45 +0200] "GET / HTTP/1.0" 200 12977 "-" "Mozilla/5.0 (compatible; MJ12bot/v1.4.3; http://www.majestic12.co.uk/bot.php?+)"
46.235.12.156 - - [18/May/2013:15:07:20 +0200] "HEAD / HTTP/1.1" 200 - "-" "Mozilla/5.0 (Windows; U; Windows NT 5.1; en-US; rv:1.8.1.6) Gecko/20070725 Firefox/2.0.0.6 Ara.com.tr AraBot 1.0"
46.235.12.156 - - [18/May/2013:15:07:23 +0200] "GET /robots.txt HTTP/1.1" 200 24 "-" "Mozilla/5.0 (Windows; U; Windows NT 5.1; en-US; rv:1.8.1.6) Gecko/20070725 Firefox/2.0.0.6 Ara.com.tr AraBot 1.0"
46.235.12.156 - - [18/May/2013:15:07:26 +0200] "HEAD /favicon.ico HTTP/1.1" 200 - "http://www.zahnarztpraxis-berlin-pankow.de/" "Mozilla/5.0 (Windows; U; Windows NT 5.1; en-US; rv:1.8.1.6) Gecko/20070725 Firefox/2.0.0.6 Ara.com.tr AraBot 1.0"
46.235.12.156 - - [18/May/2013:15:07:29 +0200] "HEAD /teledienst.html HTTP/1.1" 200 - "http://www.zahnarztpraxis-berlin-pankow.de/" "Mozilla/5.0 (Windows; U; Windows NT 5.1; en-US; rv:1.8.1.6) Gecko/20070725 Firefox/2.0.0.6 Ara.com.tr AraBot 1.0"
195.93.60.3 - - [18/May/2013:21:29:32 +0200] "GET / HTTP/1.1" 200 12977 "http://suche.aol.de/aol/search?s_it=topsearchbox.search&v_t=aolde-homePage50&s_chn=hp&q=zahnarztpraxis+berlin+pankow" "Mozilla/4.0 (compatible; MSIE 7.0; AOL 9.0; Windows NT 5.1; Trident/4.0; GTB7.4; (R1 1.6); .NET CLR 1.1.4322; .NET CLR 2.0.50727; .NET CLR 3.0.4506.2152; .NET CLR 3.5.30729)"
195.93.60.9 - - [18/May/2013:21:29:32 +0200] "GET /flashopen.js HTTP/1.1" 200 604 "http://www.zahnarztpraxis-berlin-pankow.de/" "Mozilla/4.0 (compatible; MSIE 7.0; AOL 9.0; Windows NT 5.1; Trident/4.0; GTB7.4; (R1 1.6); .NET CLR 1.1.4322; .NET CLR 2.0.50727; .NET CLR 3.0.4506.2152; .NET CLR 3.5.30729)"
195.93.60.1 - - [18/May/2013:21:29:32 +0200] "GET /opensite.js HTTP/1.1" 200 1125 "http://www.zahnarztpraxis-berlin-pankow.de/" "Mozilla/4.0 (compatible; MSIE 7.0; AOL 9.0; Windows NT 5.1; Trident/4.0; GTB7.4; (R1 1.6); .NET CLR 1.1.4322; .NET CLR 2.0.50727; .NET CLR 3.0.4506.2152; .NET CLR 3.5.30729)"
195.93.60.6 - - [18/May/2013:21:29:33 +0200] "GET /hattke.swf HTTP/1.1" 200 12042 "http://www.zahnarztpraxis-berlin-pankow.de/" "Mozilla/4.0 (compatible; MSIE 7.0; AOL 9.0; Windows NT 5.1; Trident/4.0; GTB7.4; (R1 1.6); .NET CLR 1.1.4322; .NET CLR 2.0.50727; .NET CLR 3.0.4506.2152; .NET CLR 3.5.30729)"
195.93.60.36 - - [18/May/2013:21:29:34 +0200] "GET /diashow.swf HTTP/1.1" 200 23825 "http://www.zahnarztpraxis-berlin-pankow.de/hattke.swf" "Mozilla/4.0 (compatible; MSIE 7.0; AOL 9.0; Windows NT 5.1; Trident/4.0; GTB7.4; (R1 1.6); .NET CLR 1.1.4322; .NET CLR 2.0.50727; .NET CLR 3.0.4506.2152; .NET CLR 3.5.30729)"
207.172.191.39 - - [19/May/2013:01:04:29 +0200] "HEAD / HTTP/1.1" 200 - "-" "Mozilla/5.0 (compatible; pmoz.info ODP link checker; +http://pmoz.info/doc/botinfo.htm)"
66.249.78.173 - - [19/May/2013:02:36:39 +0200] "GET /robots.txt HTTP/1.1" 200 24 "-" "Mozilla/5.0 (compatible; Googlebot/2.1; +http://www.google.com/bot.html)"
66.249.78.173 - - [19/May/2013:02:36:39 +0200] "GET /intro.html HTTP/1.1" 304 - "-" "Mozilla/5.0 (iPhone; U; CPU iPhone OS 4_1 like Mac OS X; en-us) AppleWebKit/532.9 (KHTML, like Gecko) Version/4.0.5 Mobile/8B117 Safari/6531.22.7 (compatible; Googlebot-Mobile/2.1; +http://www.google.com/bot.html)"
141.8.147.12 - - [19/May/2013:07:40:11 +0200] "GET /robots.txt HTTP/1.1" 200 24 "-" "Mozilla/5.0 (compatible; YandexBot/3.0; +http://yandex.com/bots)"
141.8.147.12 - - [19/May/2013:09:36:58 +0200] "GET / HTTP/1.1" 200 12977 "-" "Mozilla/5.0 (compatible; YandexBot/3.0; +http://yandex.com/bots)"
66.249.78.173 - - [19/May/2013:15:14:32 +0200] "GET /robots.txt HTTP/1.1" 200 24 "-" "Mozilla/5.0 (compatible; Googlebot/2.1; +http://www.google.com/bot.html)"
66.249.78.173 - - [19/May/2013:15:14:32 +0200] "GET /plan.swf HTTP/1.1" 200 27838 "-" "Mozilla/5.0 (compatible; Googlebot/2.1; +http://www.google.com/bot.html)"
83.77.173.159 - - [19/May/2013:18:48:28 +0200] "GET / HTTP/1.1" 200 12977 "http://www.zapmeta.de/?vid=l8377173159I1368980956&pp=8&template=&asid=zapmeta_de1_lco&awc=zmde1&q=Zahnarztpraxen+In+berlin" "Mozilla/4.0 (compatible; MSIE 8.0; Windows NT 5.1; Trident/4.0; BTRS129145; .NET CLR 1.1.4322; InfoPath.1; OfficeLiveConnector.1.5; OfficeLivePatch.1.3; .NET CLR 2.0.50727; .NET CLR 3.0.4506.2152; .NET CLR 3.5.30729)"
83.77.173.159 - - [19/May/2013:18:48:28 +0200] "GET /opensite.js HTTP/1.1" 200 1125 "http://www.zahnarztpraxis-berlin-pankow.de/" "Mozilla/4.0 (compatible; MSIE 8.0; Windows NT 5.1; Trident/4.0; BTRS129145; .NET CLR 1.1.4322; InfoPath.1; OfficeLiveConnector.1.5; OfficeLivePatch.1.3; .NET CLR 2.0.50727; .NET CLR 3.0.4506.2152; .NET CLR 3.5.30729)"
83.77.173.159 - - [19/May/2013:18:48:28 +0200] "GET /flashopen.js HTTP/1.1" 200 604 "http://www.zahnarztpraxis-berlin-pankow.de/" "Mozilla/4.0 (compatible; MSIE 8.0; Windows NT 5.1; Trident/4.0; BTRS129145; .NET CLR 1.1.4322; InfoPath.1; OfficeLiveConnector.1.5; OfficeLivePatch.1.3; .NET CLR 2.0.50727; .NET CLR 3.0.4506.2152; .NET CLR 3.5.30729)"
83.77.173.159 - - [19/May/2013:18:48:28 +0200] "GET /favicon.ico HTTP/1.1" 200 2550 "-" "Mozilla/4.0 (compatible; MSIE 8.0; Windows NT 5.1; Trident/4.0; BTRS129145; .NET CLR 1.1.4322; InfoPath.1; OfficeLiveConnector.1.5; OfficeLivePatch.1.3; .NET CLR 2.0.50727; .NET CLR 3.0.4506.2152; .NET CLR 3.5.30729)"
83.77.173.159 - - [19/May/2013:18:48:28 +0200] "GET /hattke.swf HTTP/1.1" 200 12042 "http://www.zahnarztpraxis-berlin-pankow.de/" "Mozilla/4.0 (compatible; MSIE 8.0; Windows NT 5.1; Trident/4.0; BTRS129145; .NET CLR 1.1.4322; InfoPath.1; OfficeLiveConnector.1.5; OfficeLivePatch.1.3; .NET CLR 2.0.50727; .NET CLR 3.0.4506.2152; .NET CLR 3.5.30729)"
83.77.173.159 - - [19/May/2013:18:48:29 +0200] "GET /diashow.swf HTTP/1.1" 200 23825 "http://www.zahnarztpraxis-berlin-pankow.de/hattke.swf" "Mozilla/4.0 (compatible; MSIE 8.0; Windows NT 5.1; Trident/4.0; BTRS129145; .NET CLR 1.1.4322; InfoPath.1; OfficeLiveConnector.1.5; OfficeLivePatch.1.3; .NET CLR 2.0.50727; .NET CLR 3.0.4506.2152; .NET CLR 3.5.30729)"
173.208.168.11 - - [19/May/2013:20:29:55 +0200] "GET / HTTP/1.1" 200 12977 "-" "Xenu Link Sleuth/1.3.8"
173.208.168.11 - - [19/May/2013:20:56:13 +0200] "GET / HTTP/1.1" 200 12977 "-" "Xenu Link Sleuth/1.3.8"
66.249.78.173 - - [20/May/2013:02:37:03 +0200] "GET /robots.txt HTTP/1.1" 200 24 "-" "Mozilla/5.0 (compatible; Googlebot/2.1; +http://www.google.com/bot.html)"
66.249.78.173 - - [20/May/2013:02:37:03 +0200] "GET / HTTP/1.1" 200 12977 "-" "Mozilla/5.0 (iPhone; U; CPU iPhone OS 4_1 like Mac OS X; en-us) AppleWebKit/532.9 (KHTML, like Gecko) Version/4.0.5 Mobile/8B117 Safari/6531.22.7 (compatible; Googlebot-Mobile/2.1; +http://www.google.com/bot.html)"
66.249.78.173 - - [20/May/2013:03:35:08 +0200] "GET /intro.html HTTP/1.1" 304 - "-" "Mozilla/5.0 (compatible; Googlebot/2.1; +http://www.google.com/bot.html)"
66.249.78.173 - - [20/May/2013:04:05:57 +0200] "GET /hattke.swf HTTP/1.1" 200 12042 "-" "Mozilla/5.0 (iPhone; U; CPU iPhone OS 4_1 like Mac OS X; en-us) AppleWebKit/532.9 (KHTML, like Gecko) Version/4.0.5 Mobile/8B117 Safari/6531.22.7 (compatible; Googlebot-Mobile/2.1; +http://www.google.com/bot.html)"
66.249.75.71 - - [20/May/2013:06:28:29 +0200] "GET / HTTP/1.1" 200 12977 "-" "Mozilla/5.0 (compatible; Googlebot/2.1; +http://www.google.com/bot.html)"
157.55.32.75 - - [20/May/2013:06:41:17 +0200] "GET /robots.txt HTTP/1.1" 200 24 "-" "Mozilla/5.0 (compatible; bingbot/2.0; +http://www.bing.com/bingbot.htm)"
157.55.32.75 - - [20/May/2013:06:42:48 +0200] "GET /teledienst.html HTTP/1.1" 200 4588 "-" "Mozilla/5.0 (compatible; bingbot/2.0; +http://www.bing.com/bingbot.htm)"
50.19.164.190 - - [20/May/2013:09:54:26 +0200] "GET / HTTP/1.1" 200 12977 "-" "Python-urllib/2.7"
173.199.117.235 - - [20/May/2013:10:12:37 +0200] "GET / HTTP/1.1" 200 12977 "-" "Mozilla/5.0 (compatible; AhrefsBot/4.0; +http://ahrefs.com/robot/)"
93.219.157.225 - - [20/May/2013:10:52:15 +0200] "GET / HTTP/1.1" 200 12977 "http://www.google.de/url?sa=t&rct=j&q=hattke%20zahnarzt%20berlin&source=web&cd=1&sqi=2&ved=0CE0QFjAA&url=http%3A%2F%2Fwww.zahnarztpraxis-berlin-pankow.de%2F&ei=xeOZUZj3MYOr4AS-04HgCw&usg=AFQjCNGhU0LSIXKAU9N4d8DNsS8g6WKbiA&bvm=bv.46751780,d.bGE" "Mozilla/5.0 (compatible; MSIE 9.0; Windows NT 6.1; Win64; x64; Trident/5.0; NP06)"
93.219.157.225 - - [20/May/2013:10:52:15 +0200] "GET /opensite.js HTTP/1.1" 200 1125 "http://www.zahnarztpraxis-berlin-pankow.de/" "Mozilla/5.0 (compatible; MSIE 9.0; Windows NT 6.1; Win64; x64; Trident/5.0; NP06)"
93.219.157.225 - - [20/May/2013:10:52:15 +0200] "GET /flashopen.js HTTP/1.1" 200 604 "http://www.zahnarztpraxis-berlin-pankow.de/" "Mozilla/5.0 (compatible; MSIE 9.0; Windows NT 6.1; Win64; x64; Trident/5.0; NP06)"
93.219.157.225 - - [20/May/2013:10:52:15 +0200] "GET /hattke.swf HTTP/1.1" 200 12042 "http://www.zahnarztpraxis-berlin-pankow.de/" "Mozilla/5.0 (compatible; MSIE 9.0; Windows NT 6.1; Win64; x64; Trident/5.0; NP06)"
93.219.157.225 - - [20/May/2013:10:52:16 +0200] "GET /favicon.ico HTTP/1.1" 200 2550 "-" "Mozilla/5.0 (compatible; MSIE 9.0; Windows NT 6.1; Win64; x64; Trident/5.0; NP06)"
93.219.157.225 - - [20/May/2013:10:52:16 +0200] "GET /diashow.swf HTTP/1.1" 200 23825 "http://www.zahnarztpraxis-berlin-pankow.de/hattke.swf" "Mozilla/5.0 (compatible; MSIE 9.0; Windows NT 6.1; Win64; x64; Trident/5.0; NP06)"
50.19.164.190 - - [20/May/2013:13:48:29 +0200] "GET / HTTP/1.1" 200 12977 "-" "Python-urllib/2.7"
91.64.25.244 - - [20/May/2013:13:56:00 +0200] "GET /intro.html HTTP/1.1" 200 5170 "http://www.google.com/url?sa=t&rct=j&q=&esrc=s&source=web&cd=1&ved=0CEYQFjAA&url=http%3A%2F%2Fwww.zahnarztpraxis-berlin-pankow.de%2Fintro.html&ei=3Q6aUcOUCsjLsgbh64HwDA&usg=AFQjCNFyIP-APaGkBUHn0zTmoUtkP72mRA&sig2=KtQERvqgPaOC3997BX-_lg&bvm=bv.46751780,d.Yms" "Opera/9.80 (Windows NT 6.1; Win64; x64) Presto/2.12.388 Version/12.15"
91.64.25.244 - - [20/May/2013:13:56:01 +0200] "GET /favicon.ico HTTP/1.1" 200 2550 "http://www.zahnarztpraxis-berlin-pankow.de/intro.html" "Opera/9.80 (Windows NT 6.1; Win64; x64) Presto/2.12.388 Version/12.15"
91.64.25.244 - - [20/May/2013:13:56:01 +0200] "GET /opensite.js HTTP/1.1" 200 1125 "http://www.zahnarztpraxis-berlin-pankow.de/intro.html" "Opera/9.80 (Windows NT 6.1; Win64; x64) Presto/2.12.388 Version/12.15"
91.64.25.244 - - [20/May/2013:13:56:01 +0200] "GET /hattke.swf HTTP/1.1" 200 12042 "http://www.zahnarztpraxis-berlin-pankow.de/intro.html" "Opera/9.80 (Windows NT 6.1; Win64; x64) Presto/2.12.388 Version/12.15"
91.64.25.244 - - [20/May/2013:13:56:02 +0200] "GET /diashow.swf HTTP/1.1" 200 23825 "http://www.zahnarztpraxis-berlin-pankow.de/hattke.swf" "Opera/9.80 (Windows NT 6.1; Win64; x64) Presto/2.12.388 Version/12.15"
91.64.25.244 - - [20/May/2013:13:57:14 +0200] "GET /callback.html HTTP/1.1" 200 3272 "http://www.zahnarztpraxis-berlin-pankow.de/intro.html" "Opera/9.80 (Windows NT 6.1; Win64; x64) Presto/2.12.388 Version/12.15"
91.64.25.244 - - [20/May/2013:13:57:14 +0200] "GET /send.gif HTTP/1.1" 200 265 "http://www.zahnarztpraxis-berlin-pankow.de/callback.html" "Opera/9.80 (Windows NT 6.1; Win64; x64) Presto/2.12.388 Version/12.15"
91.64.25.244 - - [20/May/2013:13:57:14 +0200] "GET /clear.gif HTTP/1.1" 200 230 "http://www.zahnarztpraxis-berlin-pankow.de/callback.html" "Opera/9.80 (Windows NT 6.1; Win64; x64) Presto/2.12.388 Version/12.15"
2.171.104.59 - - [20/May/2013:15:05:24 +0200] "GET / HTTP/1.1" 200 12977 "http://www.med-kolleg.de/arzt/zahnarzt/10460.html" "Mozilla/5.0 (Windows NT 5.1; rv:20.0) Gecko/20100101 Firefox/20.0"
2.171.104.59 - - [20/May/2013:15:05:24 +0200] "GET /opensite.js HTTP/1.1" 200 1125 "http://www.zahnarztpraxis-berlin-pankow.de/" "Mozilla/5.0 (Windows NT 5.1; rv:20.0) Gecko/20100101 Firefox/20.0"
2.171.104.59 - - [20/May/2013:15:05:24 +0200] "GET /favicon.ico HTTP/1.1" 200 2550 "-" "Mozilla/5.0 (Windows NT 5.1; rv:20.0) Gecko/20100101 Firefox/20.0"
2.171.104.59 - - [20/May/2013:15:05:24 +0200] "GET /flashopen.js HTTP/1.1" 200 604 "http://www.zahnarztpraxis-berlin-pankow.de/" "Mozilla/5.0 (Windows NT 5.1; rv:20.0) Gecko/20100101 Firefox/20.0"
2.171.104.59 - - [20/May/2013:15:05:27 +0200] "GET /hattke.swf HTTP/1.1" 200 12042 "http://www.zahnarztpraxis-berlin-pankow.de/" "Mozilla/5.0 (Windows NT 5.1; rv:20.0) Gecko/20100101 Firefox/20.0"
2.171.104.59 - - [20/May/2013:15:05:28 +0200] "GET /diashow.swf HTTP/1.1" 200 23825 "http://www.zahnarztpraxis-berlin-pankow.de/hattke.swf" "Mozilla/5.0 (Windows NT 5.1; rv:20.0) Gecko/20100101 Firefox/20.0"
66.249.78.173 - - [20/May/2013:22:17:37 +0200] "GET /teledienst.html HTTP/1.1" 200 4588 "-" "Mozilla/5.0 (compatible; Googlebot/2.1; +http://www.google.com/bot.html)"
84.38.65.176 - - [21/May/2013:00:59:25 +0200] "GET / HTTP/1.0" 200 12977 "http://www.backlink-webkatalog.de/" "Mozilla/5.0 (Windows; U; Windows NT 6.0; en-US) AppleWebKit/533.4 (KHTML, like Gecko) Chrome/5.0.375.126 Safari/533.4"
112.198.64.33 - - [21/May/2013:03:06:22 +0200] "GET / HTTP/1.1" 200 12977 "-" "Mozilla/5.0 (Windows NT 6.1) AppleWebKit/537.31 (KHTML, like Gecko) Chrome/26.0.1410.64 Safari/537.31"
112.198.64.33 - - [21/May/2013:03:06:22 +0200] "GET /opensite.js HTTP/1.1" 200 1125 "http://www.zahnarztpraxis-berlin-pankow.de/" "Mozilla/5.0 (Windows NT 6.1) AppleWebKit/537.31 (KHTML, like Gecko) Chrome/26.0.1410.64 Safari/537.31"
112.198.64.33 - - [21/May/2013:03:06:23 +0200] "GET /flashopen.js HTTP/1.1" 200 604 "http://www.zahnarztpraxis-berlin-pankow.de/" "Mozilla/5.0 (Windows NT 6.1) AppleWebKit/537.31 (KHTML, like Gecko) Chrome/26.0.1410.64 Safari/537.31"
112.198.64.33 - - [21/May/2013:03:06:24 +0200] "GET /hattke.swf HTTP/1.1" 200 12042 "http://www.zahnarztpraxis-berlin-pankow.de/" "Mozilla/5.0 (Windows NT 6.1) AppleWebKit/537.31 (KHTML, like Gecko) Chrome/26.0.1410.64 Safari/537.31"
112.198.64.33 - - [21/May/2013:03:06:24 +0200] "GET /favicon.ico HTTP/1.1" 200 2550 "-" "Mozilla/5.0 (Windows NT 6.1) AppleWebKit/537.31 (KHTML, like Gecko) Chrome/26.0.1410.64 Safari/537.31"
112.198.64.33 - - [21/May/2013:03:06:25 +0200] "GET /diashow.swf HTTP/1.1" 200 23825 "http://www.zahnarztpraxis-berlin-pankow.de/" "Mozilla/5.0 (Windows NT 6.1) AppleWebKit/537.31 (KHTML, like Gecko) Chrome/26.0.1410.64 Safari/537.31"
66.249.78.173 - - [21/May/2013:04:25:36 +0200] "GET /robots.txt HTTP/1.1" 200 24 "-" "Mozilla/5.0 (compatible; Googlebot/2.1; +http://www.google.com/bot.html)"
66.249.75.71 - - [21/May/2013:04:25:37 +0200] "GET / HTTP/1.1" 200 12977 "-" "DoCoMo/2.0 N905i(c100;TB;W24H16) (compatible; Googlebot-Mobile/2.1; +http://www.google.com/bot.html)"
157.56.93.148 - - [21/May/2013:04:27:00 +0200] "GET /robots.txt HTTP/1.1" 200 24 "-" "Mozilla/5.0 (compatible; bingbot/2.0; +http://www.bing.com/bingbot.htm)"
157.56.93.148 - - [21/May/2013:04:29:05 +0200] "GET /hattke.swf HTTP/1.1" 200 12042 "-" "Mozilla/5.0 (compatible; bingbot/2.0; +http://www.bing.com/bingbot.htm)"
83.133.125.202 - - [21/May/2013:04:59:07 +0200] "GET / HTTP/1.1" 200 12977 "http://www.sumaja.de/?such_wert=berlin" "Mozilla/4.0 (compatible; MSIE 8.0; Windows NT 6.0; Trident/4.0; GTB0.0; SLCC1; .NET CLR 2.0.50727; Media Center PC 5.0; .NET CLR 3.5.30729; .NET CLR 3.0.30729; .NET4.0C)"
208.115.113.90 - - [21/May/2013:05:48:08 +0200] "GET /robots.txt HTTP/1.1" 200 24 "-" "Mozilla/5.0 (compatible; Ezooms/1.0; ezooms.bot@gmail.com)"
217.230.162.144 - - [21/May/2013:06:04:27 +0200] "GET / HTTP/1.1" 200 12977 "http://www.bigfinder.de/online-11.html" "Mozilla/5.0 (Macintosh; U; Intel Mac OS X 10.6; de-DE; rv:1.9.2.8) Gecko/20100722 Firefox/3.6.8"
85.25.137.24 - - [21/May/2013:06:33:39 +0200] "GET /robots.txt HTTP/1.1" 200 24 "http://netcomber.com" "NCBot (http://netcomber.com : tool for finding true domain owners) Queries/complaints: bot@netcomber.com"
85.25.137.24 - - [21/May/2013:06:33:40 +0200] "GET / HTTP/1.1" 200 12977 "http://netcomber.com" "NCBot (http://netcomber.com : tool for finding true domain owners) Queries/complaints: bot@netcomber.com"
80.68.161.22 - - [21/May/2013:06:51:35 +0200] "GET / HTTP/1.1" 200 12977 "http://www.google.de/url?sa=t&rct=j&q=zahnarzt%20hattke&source=web&cd=1&sqi=2&ved=0CD0QFjAA&url=http%3A%2F%2Fwww.zahnarztpraxis-berlin-pankow.de%2F&ei=UP2aUdumGsniOtS7gYAH&usg=AFQjCNGhU0LSIXKAU9N4d8DNsS8g6WKbiA&bvm=bv.46751780,d.d2k" "Mozilla/4.0 (compatible; MSIE 8.0; Windows NT 5.1; Trident/4.0; GTB7.4; .NET CLR 1.1.4322; .NET CLR 2.0.50727; .NET CLR 3.0.04506.30; .NET CLR 3.0.4506.2152; .NET CLR 3.5.30729; .NET4.0C; .NET4.0E)"
80.68.161.22 - - [21/May/2013:06:51:35 +0200] "GET /flashopen.js HTTP/1.1" 200 604 "http://www.zahnarztpraxis-berlin-pankow.de/" "Mozilla/4.0 (compatible; MSIE 8.0; Windows NT 5.1; Trident/4.0; GTB7.4; .NET CLR 1.1.4322; .NET CLR 2.0.50727; .NET CLR 3.0.04506.30; .NET CLR 3.0.4506.2152; .NET CLR 3.5.30729; .NET4.0C; .NET4.0E)"
80.68.161.22 - - [21/May/2013:06:51:35 +0200] "GET /opensite.js HTTP/1.1" 200 1125 "http://www.zahnarztpraxis-berlin-pankow.de/" "Mozilla/4.0 (compatible; MSIE 8.0; Windows NT 5.1; Trident/4.0; GTB7.4; .NET CLR 1.1.4322; .NET CLR 2.0.50727; .NET CLR 3.0.04506.30; .NET CLR 3.0.4506.2152; .NET CLR 3.5.30729; .NET4.0C; .NET4.0E)"
80.68.161.22 - - [21/May/2013:06:51:35 +0200] "GET /hattke.swf HTTP/1.1" 200 12042 "http://www.zahnarztpraxis-berlin-pankow.de/" "Mozilla/4.0 (compatible; MSIE 8.0; Windows NT 5.1; Trident/4.0; GTB7.4; .NET CLR 1.1.4322; .NET CLR 2.0.50727; .NET CLR 3.0.04506.30; .NET CLR 3.0.4506.2152; .NET CLR 3.5.30729; .NET4.0C; .NET4.0E)"
80.68.161.22 - - [21/May/2013:06:51:35 +0200] "GET /favicon.ico HTTP/1.1" 200 2550 "-" "Mozilla/4.0 (compatible; MSIE 8.0; Windows NT 5.1; Trident/4.0; GTB7.4; .NET CLR 1.1.4322; .NET CLR 2.0.50727; .NET CLR 3.0.04506.30; .NET CLR 3.0.4506.2152; .NET CLR 3.5.30729; .NET4.0C; .NET4.0E)"
