65.55.25.136 - - [01/Jan/2011:00:31:50 +0100] "GET /motul_pflegeberater/ HTTP/1.1" 200 20828 "-" "msnbot/2.0b (+http://search.msn.com/msnbot.htm)._"
83.233.186.30 - - [01/Jan/2011:00:36:26 +0100] "GET /robots.txt HTTP/1.1" 200 918 "-" "Mozilla/5.0 (Windows; U; Windows NT 5.1; en-US; rv:1.7.7) Gecko/20050414 Firefox/1.0.3"
83.233.186.30 - - [01/Jan/2011:00:36:26 +0100] "GET / HTTP/1.1" 200 20687 "-" "Mozilla/5.0 (Windows; U; Windows NT 5.1; en-US; rv:1.7.7) Gecko/20050414 Firefox/1.0.3"
83.233.186.30 - - [01/Jan/2011:00:36:28 +0100] "GET / HTTP/1.1" 200 20687 "-" "Mozilla/5.0 (Windows; U; Windows NT 5.1; en-US; rv:1.7.7) Gecko/20050414 Firefox/1.0.3"
83.233.186.30 - - [01/Jan/2011:00:36:30 +0100] "GET /contacts/ HTTP/1.1" 200 18328 "-" "Mozilla/5.0 (Windows; U; Windows NT 5.1; en-US; rv:1.7.7) Gecko/20050414 Firefox/1.0.3"
83.233.186.30 - - [01/Jan/2011:00:36:32 +0100] "GET /angebote-des-monats/ HTTP/1.1" 200 20460 "-" "Mozilla/5.0 (Windows; U; Windows NT 5.1; en-US; rv:1.7.7) Gecko/20050414 Firefox/1.0.3"
83.233.186.30 - - [01/Jan/2011:00:36:33 +0100] "GET /motul-schmierstoffe.html HTTP/1.1" 200 47642 "-" "Mozilla/5.0 (Windows; U; Windows NT 5.1; en-US; rv:1.7.7) Gecko/20050414 Firefox/1.0.3"
83.233.186.30 - - [01/Jan/2011:00:36:36 +0100] "GET /esso-heizoel.html HTTP/1.1" 200 23788 "-" "Mozilla/5.0 (Windows; U; Windows NT 5.1; en-US; rv:1.7.7) Gecko/20050414 Firefox/1.0.3"
67.195.115.163 - - [01/Jan/2011:00:45:33 +0100] "GET /motul-schmierstoffe/scooter/motul-scooter-expert-2t.html HTTP/1.0" 200 30675 "-" "Mozilla/5.0 (compatible; Yahoo! Slurp; http://help.yahoo.com/help/us/ysearch/slurp)"
65.55.25.136 - - [01/Jan/2011:00:49:13 +0100] "GET /lieferung HTTP/1.1" 200 22916 "-" "msnbot/2.0b (+http://search.msn.com/msnbot.htm)._"
65.55.25.136 - - [01/Jan/2011:00:49:23 +0100] "GET /datenschutz/ HTTP/1.1" 200 26739 "-" "msnbot/2.0b (+http://search.msn.com/msnbot.htm)._"
65.55.25.136 - - [01/Jan/2011:00:49:26 +0100] "GET /bestellung/ HTTP/1.1" 200 23106 "-" "msnbot/2.0b (+http://search.msn.com/msnbot.htm)._"
65.55.25.136 - - [01/Jan/2011:00:49:32 +0100] "GET /esso-diesel.html HTTP/1.1" 200 23911 "-" "msnbot/2.0b (+http://search.msn.com/msnbot.htm)._"
65.55.25.136 - - [01/Jan/2011:00:49:36 +0100] "GET /motul-zusatzstoffe.html HTTP/1.1" 200 42989 "-" "msnbot/2.0b (+http://search.msn.com/msnbot.htm)._"
65.55.25.136 - - [01/Jan/2011:00:49:40 +0100] "GET /motul-5100-4t-49.html HTTP/1.1" 200 28828 "-" "msnbot/2.0b (+http://search.msn.com/msnbot.htm)._"
65.55.25.136 - - [01/Jan/2011:00:58:54 +0100] "GET /e-z-clean.html HTTP/1.1" 200 28860 "-" "msnbot/2.0b (+http://search.msn.com/msnbot.htm)._"
65.55.25.136 - - [01/Jan/2011:00:58:58 +0100] "GET /zahlung/ HTTP/1.1" 200 23458 "-" "msnbot/2.0b (+http://search.msn.com/msnbot.htm)._"
64.233.172.6 - - [01/Jan/2011:01:06:20 +0100] "GET /js/scriptaculous/builder.js HTTP/1.1" 200 4744 "http://www.markenoele.de/motul-schmierstoffe/quad.html" "Mozilla/5.0 (Windows; U; Windows NT 5.1; en-US; rv:1.8.0.7) Gecko/20060909 Firefox/1.5.0.7"
67.195.115.163 - - [01/Jan/2011:01:17:45 +0100] "GET /motul-pflegeprodukte/garten.html HTTP/1.0" 200 29629 "-" "Mozilla/5.0 (compatible; Yahoo! Slurp; http://help.yahoo.com/help/us/ysearch/slurp)"
67.195.115.163 - - [01/Jan/2011:01:23:41 +0100] "GET /esso-heizoel.html HTTP/1.0" 200 23788 "-" "Mozilla/5.0 (compatible; Yahoo! Slurp; http://help.yahoo.com/help/us/ysearch/slurp)"
95.108.158.134 - - [01/Jan/2011:01:28:05 +0100] "GET /motul-schmierstoffe/snowmobile/motorenol-2-takt.html HTTP/1.1" 200 33482 "-" "Mozilla/5.0 (compatible; YandexBot/3.0; +http://yandex.com/bots)"
66.249.72.197 - - [01/Jan/2011:01:30:12 +0100] "GET /motul-quad-4t-63.html HTTP/1.1" 200 28659 "-" "Mozilla/5.0 (compatible; Googlebot/2.1; +http://www.google.com/bot.html)"
66.249.72.197 - - [01/Jan/2011:01:30:26 +0100] "GET /motul-800-2t-factory-line-road-racing.html HTTP/1.1" 200 28991 "-" "Mozilla/5.0 (compatible; Googlebot/2.1; +http://www.google.com/bot.html)"
66.249.72.197 - - [01/Jan/2011:01:31:12 +0100] "GET /moto-wash.html HTTP/1.1" 200 29290 "-" "Mozilla/5.0 (compatible; Googlebot/2.1; +http://www.google.com/bot.html)"
95.108.158.134 - - [01/Jan/2011:01:32:17 +0100] "GET /fanshop/race-chronometer.html HTTP/1.1" 301 - "-" "Mozilla/5.0 (compatible; YandexBot/3.0; +http://yandex.com/bots)"
95.108.158.134 - - [01/Jan/2011:01:32:20 +0100] "GET /motul-fanshop-artikel/race-chronometer.html HTTP/1.1" 200 29023 "-" "Mozilla/5.0 (compatible; YandexBot/3.0; +http://yandex.com/bots)"
66.249.72.197 - - [01/Jan/2011:01:33:47 +0100] "GET /chain-clean.html HTTP/1.1" 200 29350 "-" "Mozilla/5.0 (compatible; Googlebot/2.1; +http://www.google.com/bot.html)"
67.195.115.163 - - [01/Jan/2011:01:44:40 +0100] "GET /pflegeprodukte/wash-wax.html HTTP/1.0" 301 - "-" "Mozilla/5.0 (compatible; Yahoo! Slurp; http://help.yahoo.com/help/us/ysearch/slurp)"
67.195.115.163 - - [01/Jan/2011:01:44:41 +0100] "GET /motul-pflegeprodukte/wash-wax.html HTTP/1.0" 200 29872 "-" "Mozilla/5.0 (compatible; Yahoo! Slurp; http://help.yahoo.com/help/us/ysearch/slurp)"
67.195.115.163 - - [01/Jan/2011:01:45:14 +0100] "GET /motul-zusatzstoffe/chain-lube-road.html HTTP/1.0" 200 30071 "-" "Mozilla/5.0 (compatible; Yahoo! Slurp; http://help.yahoo.com/help/us/ysearch/slurp)"
66.249.72.197 - - [01/Jan/2011:01:51:13 +0100] "GET /mocool.html HTTP/1.1" 200 29216 "-" "Mozilla/5.0 (compatible; Googlebot/2.1; +http://www.google.com/bot.html)"
66.249.72.197 - - [01/Jan/2011:01:51:29 +0100] "GET /inboard-tech-4t-85.html HTTP/1.1" 200 29757 "-" "Mozilla/5.0 (compatible; Googlebot/2.1; +http://www.google.com/bot.html)"
66.249.72.197 - - [01/Jan/2011:01:51:53 +0100] "GET /moto-wash-plus.html HTTP/1.1" 200 29282 "-" "Mozilla/5.0 (compatible; Googlebot/2.1; +http://www.google.com/bot.html)"
66.249.72.197 - - [01/Jan/2011:02:04:26 +0100] "GET /timber-120.html HTTP/1.1" 200 28787 "-" "Mozilla/5.0 (compatible; Googlebot/2.1; +http://www.google.com/bot.html)"
64.233.172.6 - - [01/Jan/2011:02:10:45 +0100] "GET /js/varien/form.js HTTP/1.1" 200 11714 "http://www.markenoele.de/motul-schmierstoffe/quad.html" "Mozilla/5.0 (Windows; U; Windows NT 5.1; en-US; rv:1.8.0.7) Gecko/20060909 Firefox/1.5.0.7"
74.125.75.20 - - [01/Jan/2011:02:10:44 +0100] "GET /js/scriptaculous/dragdrop.js HTTP/1.1" 200 31192 "http://www.markenoele.de/motul-schmierstoffe/quad.html" "Mozilla/5.0 (Windows; U; Windows NT 5.1; en-US; rv:1.8.0.7) Gecko/20060909 Firefox/1.5.0.7"
64.233.172.6 - - [01/Jan/2011:02:10:45 +0100] "GET /js/scriptaculous/controls.js HTTP/1.1" 200 34797 "http://www.markenoele.de/motul-schmierstoffe/quad.html" "Mozilla/5.0 (Windows; U; Windows NT 5.1; en-US; rv:1.8.0.7) Gecko/20060909 Firefox/1.5.0.7"
95.108.150.241 - - [01/Jan/2011:02:12:13 +0100] "HEAD /sitemap.xml HTTP/1.1" 200 - "-" "Yandex/1.01.001 (compatible; Win16; I)"
66.249.72.197 - - [01/Jan/2011:02:27:37 +0100] "GET /fork-oil-light-medium.html HTTP/1.1" 200 28693 "-" "Mozilla/5.0 (compatible; Googlebot/2.1; +http://www.google.com/bot.html)"
74.125.75.20 - - [01/Jan/2011:02:27:40 +0100] "GET /js/scriptaculous/slider.js HTTP/1.1" 200 10331 "http://www.markenoele.de/motul-schmierstoffe/quad.html" "Mozilla/5.0 (Windows; U; Windows NT 5.1; en-US; rv:1.8.0.7) Gecko/20060909 Firefox/1.5.0.7"
66.249.72.197 - - [01/Jan/2011:02:43:18 +0100] "GET /motul-aufnaher-28-x-7-0-cm.html HTTP/1.1" 200 28231 "-" "Mozilla/5.0 (compatible; Googlebot/2.1; +http://www.google.com/bot.html)"
66.249.72.197 - - [01/Jan/2011:02:48:01 +0100] "GET /softshell-weste-damen.html HTTP/1.1" 200 35056 "-" "Mozilla/5.0 (compatible; Googlebot/2.1; +http://www.google.com/bot.html)"
74.125.75.20 - - [01/Jan/2011:02:50:23 +0100] "GET /js/scriptaculous/effects.js HTTP/1.1" 200 38745 "http://www.markenoele.de/motul-schmierstoffe/quad.html" "Mozilla/5.0 (Windows; U; Windows NT 5.1; en-US; rv:1.8.0.7) Gecko/20060909 Firefox/1.5.0.7"
67.195.115.163 - - [01/Jan/2011:02:51:18 +0100] "GET /motul-zusatzstoffe/fett.html HTTP/1.0" 200 35737 "-" "Mozilla/5.0 (compatible; Yahoo! Slurp; http://help.yahoo.com/help/us/ysearch/slurp)"
66.249.72.197 - - [01/Jan/2011:02:53:01 +0100] "GET /carbu-clean.html HTTP/1.1" 200 29289 "-" "Mozilla/5.0 (compatible; Googlebot/2.1; +http://www.google.com/bot.html)"
66.249.72.197 - - [01/Jan/2011:02:53:18 +0100] "GET /air-filter-clean.html HTTP/1.1" 200 28977 "-" "Mozilla/5.0 (compatible; Googlebot/2.1; +http://www.google.com/bot.html)"
66.249.72.197 - - [01/Jan/2011:02:55:05 +0100] "GET /motul-300v-chrono.html HTTP/1.1" 200 29205 "-" "Mozilla/5.0 (compatible; Googlebot/2.1; +http://www.google.com/bot.html)"
66.249.72.197 - - [01/Jan/2011:02:55:32 +0100] "GET /motul-8100-x-cess-5l.html HTTP/1.1" 200 28939 "-" "Mozilla/5.0 (compatible; Googlebot/2.1; +http://www.google.com/bot.html)"
66.249.72.197 - - [01/Jan/2011:03:02:11 +0100] "GET /motul-3000-4t.html HTTP/1.1" 200 28621 "-" "Mozilla/5.0 (compatible; Googlebot/2.1; +http://www.google.com/bot.html)"
67.195.115.163 - - [01/Jan/2011:03:04:21 +0100] "GET /motul-zusatzstoffe/chain-lube-road-plus.html HTTP/1.0" 200 30189 "-" "Mozilla/5.0 (compatible; Yahoo! Slurp; http://help.yahoo.com/help/us/ysearch/slurp)"
66.249.72.197 - - [01/Jan/2011:03:05:10 +0100] "GET /motul-8100-x-clean-c3-5l-177.html HTTP/1.1" 200 28973 "-" "Mozilla/5.0 (compatible; Googlebot/2.1; +http://www.google.com/bot.html)"
66.249.72.197 - - [01/Jan/2011:03:05:38 +0100] "GET /valve-expert.html HTTP/1.1" 200 29114 "-" "Mozilla/5.0 (compatible; Googlebot/2.1; +http://www.google.com/bot.html)"
66.249.72.197 - - [01/Jan/2011:03:13:58 +0100] "GET /motul-schmierstoffe/snowmobile/motorenol-2-takt/motul-snowpower-2t-1l.html HTTP/1.1" 200 33260 "-" "Mozilla/5.0 (compatible; Googlebot/2.1; +http://www.google.com/bot.html)"
66.249.72.197 - - [01/Jan/2011:03:32:08 +0100] "GET /tyre-repair.html HTTP/1.1" 200 28924 "-" "Mozilla/5.0 (compatible; Googlebot/2.1; +http://www.google.com/bot.html)"
66.249.72.197 - - [01/Jan/2011:03:34:08 +0100] "GET /motul-classic-motor-oil-65.html HTTP/1.1" 200 28721 "-" "Mozilla/5.0 (compatible; Googlebot/2.1; +http://www.google.com/bot.html)"
67.195.115.163 - - [01/Jan/2011:03:49:00 +0100] "GET /motul-zusatzstoffe/bleiersatz.html HTTP/1.0" 200 29781 "-" "Mozilla/5.0 (compatible; Yahoo! Slurp; http://help.yahoo.com/help/us/ysearch/slurp)"
66.249.72.197 - - [01/Jan/2011:03:55:05 +0100] "GET /outboard-tech-4t.html HTTP/1.1" 200 29230 "-" "Mozilla/5.0 (compatible; Googlebot/2.1; +http://www.google.com/bot.html)"
66.249.72.197 - - [01/Jan/2011:04:02:04 +0100] "GET /outboard-tech-4t-81.html HTTP/1.1" 200 29237 "-" "Mozilla/5.0 (compatible; Googlebot/2.1; +http://www.google.com/bot.html)"
66.249.72.197 - - [01/Jan/2011:04:12:16 +0100] "GET /einzelbuchstaben-28-x-5-5-cm.html HTTP/1.1" 200 27673 "-" "Mozilla/5.0 (compatible; Googlebot/2.1; +http://www.google.com/bot.html)"
66.249.72.197 - - [01/Jan/2011:04:12:53 +0100] "GET /motocross-aufkleber.html HTTP/1.1" 200 28234 "-" "Mozilla/5.0 (compatible; Googlebot/2.1; +http://www.google.com/bot.html)"
66.249.72.197 - - [01/Jan/2011:04:21:55 +0100] "GET /inboard-tech-4t.html HTTP/1.1" 200 29744 "-" "Mozilla/5.0 (compatible; Googlebot/2.1; +http://www.google.com/bot.html)"
66.249.72.197 - - [01/Jan/2011:04:26:16 +0100] "GET /motul-100-motomix-2t.html HTTP/1.1" 200 28568 "-" "Mozilla/5.0 (compatible; Googlebot/2.1; +http://www.google.com/bot.html)"
66.249.72.197 - - [01/Jan/2011:04:30:45 +0100] "GET /motul-snowpower-4t-1l.html HTTP/1.1" 200 31002 "-" "Mozilla/5.0 (compatible; Googlebot/2.1; +http://www.google.com/bot.html)"
66.249.72.197 - - [01/Jan/2011:04:31:10 +0100] "GET /motul-aufkleber-15-x-4-0-cm.html HTTP/1.1" 200 28292 "-" "Mozilla/5.0 (compatible; Googlebot/2.1; +http://www.google.com/bot.html)"
66.249.72.197 - - [01/Jan/2011:04:46:44 +0100] "GET /motul-300v-competition-68.html HTTP/1.1" 200 29325 "-" "Mozilla/5.0 (compatible; Googlebot/2.1; +http://www.google.com/bot.html)"
95.108.158.134 - - [01/Jan/2011:04:48:21 +0100] "GET /robots.txt HTTP/1.1" 200 918 "-" "Mozilla/5.0 (compatible; YandexBot/3.0; +http://yandex.com/bots)"
95.108.158.134 - - [01/Jan/2011:04:48:24 +0100] "GET /motul-pflegeprodukte/motorrad/air-filter-spray.html HTTP/1.1" 200 30119 "-" "Mozilla/5.0 (compatible; YandexBot/3.0; +http://yandex.com/bots)"
66.249.72.197 - - [01/Jan/2011:04:54:54 +0100] "GET /e-z-lube-multi-protect.html HTTP/1.1" 200 29276 "-" "Mozilla/5.0 (compatible; Googlebot/2.1; +http://www.google.com/bot.html)"
67.195.115.163 - - [01/Jan/2011:04:59:37 +0100] "GET /motul-pflegeprodukte/brake-clean.html HTTP/1.0" 200 29794 "-" "Mozilla/5.0 (compatible; Yahoo! Slurp; http://help.yahoo.com/help/us/ysearch/slurp)"
66.249.72.197 - - [01/Jan/2011:05:04:09 +0100] "GET /motul-snowpower-2t-4l.html HTTP/1.1" 200 29039 "-" "Mozilla/5.0 (compatible; Googlebot/2.1; +http://www.google.com/bot.html)"
66.249.72.197 - - [01/Jan/2011:05:04:23 +0100] "GET /motul-specific-ll-a-b-025-21.html HTTP/1.1" 200 29196 "-" "Mozilla/5.0 (compatible; Googlebot/2.1; +http://www.google.com/bot.html)"
66.249.72.197 - - [01/Jan/2011:05:07:09 +0100] "GET /fork-oil-light.html HTTP/1.1" 200 28566 "-" "Mozilla/5.0 (compatible; Googlebot/2.1; +http://www.google.com/bot.html)"
66.249.72.197 - - [01/Jan/2011:05:12:22 +0100] "GET /motul-300v-4t-factory-line-76.html HTTP/1.1" 200 29025 "-" "Mozilla/5.0 (compatible; Googlebot/2.1; +http://www.google.com/bot.html)"
66.249.72.197 - - [01/Jan/2011:05:13:36 +0100] "GET /motul-300v-power.html HTTP/1.1" 200 29148 "-" "Mozilla/5.0 (compatible; Googlebot/2.1; +http://www.google.com/bot.html)"
66.249.72.197 - - [01/Jan/2011:05:32:58 +0100] "GET /outboard-tech-2t-92.html HTTP/1.1" 200 29175 "-" "Mozilla/5.0 (compatible; Googlebot/2.1; +http://www.google.com/bot.html)"
66.249.72.197 - - [01/Jan/2011:05:33:14 +0100] "GET /inboard-tech-4t-86.html HTTP/1.1" 200 29172 "-" "Mozilla/5.0 (compatible; Googlebot/2.1; +http://www.google.com/bot.html)"
66.249.72.197 - - [01/Jan/2011:05:33:30 +0100] "GET /usb-stick.html HTTP/1.1" 200 28094 "-" "Mozilla/5.0 (compatible; Googlebot/2.1; +http://www.google.com/bot.html)"
66.249.72.197 - - [01/Jan/2011:05:33:49 +0100] "GET /shine-go-silicone-clean.html HTTP/1.1" 200 29327 "-" "Mozilla/5.0 (compatible; Googlebot/2.1; +http://www.google.com/bot.html)"
66.249.72.197 - - [01/Jan/2011:05:35:11 +0100] "GET /fork-oil-very-light.html HTTP/1.1" 200 28653 "-" "Mozilla/5.0 (compatible; Googlebot/2.1; +http://www.google.com/bot.html)"
67.195.115.163 - - [01/Jan/2011:05:42:31 +0100] "GET /motul-pflegeprodukte/air-filter-oil.html HTTP/1.0" 200 29971 "-" "Mozilla/5.0 (compatible; Yahoo! Slurp; http://help.yahoo.com/help/us/ysearch/slurp)"
66.249.72.197 - - [01/Jan/2011:05:43:32 +0100] "GET /motul-300-v-le-mans.html HTTP/1.1" 200 29279 "-" "Mozilla/5.0 (compatible; Googlebot/2.1; +http://www.google.com/bot.html)"
66.249.72.197 - - [01/Jan/2011:05:44:17 +0100] "GET /motul-specific-ford-913-c-1l.html HTTP/1.1" 200 29034 "-" "Mozilla/5.0 (compatible; Googlebot/2.1; +http://www.google.com/bot.html)"
66.249.72.197 - - [01/Jan/2011:05:45:22 +0100] "GET /motul-8100-x-lite.html HTTP/1.1" 200 28739 "-" "Mozilla/5.0 (compatible; Googlebot/2.1; +http://www.google.com/bot.html)"
66.249.72.197 - - [01/Jan/2011:05:53:12 +0100] "GET /outboard-tech-4t-83.html HTTP/1.1" 200 29230 "-" "Mozilla/5.0 (compatible; Googlebot/2.1; +http://www.google.com/bot.html)"
66.249.72.197 - - [01/Jan/2011:06:12:51 +0100] "GET /motul-scooter-power-2t.html HTTP/1.1" 200 28816 "-" "Mozilla/5.0 (compatible; Googlebot/2.1; +http://www.google.com/bot.html)"
66.249.72.197 - - [01/Jan/2011:06:23:29 +0100] "GET /motul-scooter-expert-2t.html HTTP/1.1" 200 28733 "-" "Mozilla/5.0 (compatible; Googlebot/2.1; +http://www.google.com/bot.html)"
95.108.158.134 - - [01/Jan/2011:06:32:23 +0100] "GET /motul-pflegeprodukte/motorrad/e-z-lube-multi-protect.html HTTP/1.1" 200 30260 "-" "Mozilla/5.0 (compatible; YandexBot/3.0; +http://yandex.com/bots)"
66.249.72.197 - - [01/Jan/2011:06:44:36 +0100] "GET /motul-8100-eco-clean-c2-5l.html HTTP/1.1" 200 29191 "-" "Mozilla/5.0 (compatible; Googlebot/2.1; +http://www.google.com/bot.html)"
66.249.72.197 - - [01/Jan/2011:06:54:28 +0100] "GET /motul-schmierstoffe/motul-8100-x-cess-1l.html HTTP/1.1" 200 30292 "-" "Mozilla/5.0 (compatible; Googlebot/2.1; +http://www.google.com/bot.html)"
66.249.72.197 - - [01/Jan/2011:06:58:06 +0100] "GET /poloshirt-sw-damen.html HTTP/1.1" 200 35384 "-" "Mozilla/5.0 (compatible; Googlebot/2.1; +http://www.google.com/bot.html)"
66.249.72.197 - - [01/Jan/2011:07:04:50 +0100] "GET /fuel-system-clean.html HTTP/1.1" 200 29655 "-" "Mozilla/5.0 (compatible; Googlebot/2.1; +http://www.google.com/bot.html)"
66.249.72.197 - - [01/Jan/2011:07:15:00 +0100] "GET /motul-300v-high-rpm.html HTTP/1.1" 200 29211 "-" "Mozilla/5.0 (compatible; Googlebot/2.1; +http://www.google.com/bot.html)"
66.249.72.197 - - [01/Jan/2011:07:43:32 +0100] "GET /motul-7100-4t-52.html HTTP/1.1" 200 29102 "-" "Mozilla/5.0 (compatible; Googlebot/2.1; +http://www.google.com/bot.html)"
66.249.72.197 - - [01/Jan/2011:07:53:32 +0100] "GET /garden-4t.html HTTP/1.1" 200 29024 "-" "Mozilla/5.0 (compatible; Googlebot/2.1; +http://www.google.com/bot.html)"
67.195.115.163 - - [01/Jan/2011:08:05:48 +0100] "GET /motul-schmierstoffe/marine/outboard-tech-4t.html HTTP/1.0" 200 31171 "-" "Mozilla/5.0 (compatible; Yahoo! Slurp; http://help.yahoo.com/help/us/ysearch/slurp)"
66.249.72.197 - - [01/Jan/2011:08:12:23 +0100] "GET /motul-8100-x-lite-28.html HTTP/1.1" 200 28797 "-" "Mozilla/5.0 (compatible; Googlebot/2.1; +http://www.google.com/bot.html)"
66.249.72.197 - - [01/Jan/2011:08:13:52 +0100] "GET /motul-quad-4t.html HTTP/1.1" 200 28601 "-" "Mozilla/5.0 (compatible; Googlebot/2.1; +http://www.google.com/bot.html)"
66.249.72.197 - - [01/Jan/2011:08:14:55 +0100] "GET /motul-specific-506-01-506-00-503-00-26.html HTTP/1.1" 200 29493 "-" "Mozilla/5.0 (compatible; Googlebot/2.1; +http://www.google.com/bot.html)"
95.108.158.134 - - [01/Jan/2011:08:16:22 +0100] "GET /motul-schmierstoffe/modellbau/motorenol/micro-2t.html HTTP/1.1" 200 31240 "-" "Mozilla/5.0 (compatible; YandexBot/3.0; +http://yandex.com/bots)"
66.249.72.197 - - [01/Jan/2011:08:32:30 +0100] "GET /latzhose-mit-motul-einstickung-201.html HTTP/1.1" 200 35176 "-" "Mozilla/5.0 (compatible; Googlebot/2.1; +http://www.google.com/bot.html)"
66.249.72.197 - - [01/Jan/2011:08:33:16 +0100] "GET /outboard-2t-94.html HTTP/1.1" 200 28887 "-" "Mozilla/5.0 (compatible; Googlebot/2.1; +http://www.google.com/bot.html)"
66.249.72.197 - - [01/Jan/2011:08:33:49 +0100] "GET /garden-2t-hi-tech.html HTTP/1.1" 200 28758 "-" "Mozilla/5.0 (compatible; Googlebot/2.1; +http://www.google.com/bot.html)"
66.249.72.197 - - [01/Jan/2011:08:44:27 +0100] "GET /chain-lube-road.html HTTP/1.1" 200 29285 "-" "Mozilla/5.0 (compatible; Googlebot/2.1; +http://www.google.com/bot.html)"
66.249.72.197 - - [01/Jan/2011:09:02:18 +0100] "GET /outboard-tech-4t-82.html HTTP/1.1" 200 29230 "-" "Mozilla/5.0 (compatible; Googlebot/2.1; +http://www.google.com/bot.html)"
95.108.158.134 - - [01/Jan/2011:09:04:04 +0100] "GET /motul-schmierstoffe/snowmobile/motul-snowpower-2t-1l.html HTTP/1.1" 200 32889 "-" "Mozilla/5.0 (compatible; YandexBot/3.0; +http://yandex.com/bots)"
95.108.158.134 - - [01/Jan/2011:09:04:08 +0100] "GET /esso-diesel.html HTTP/1.1" 200 23911 "-" "Mozilla/5.0 (compatible; YandexBot/3.0; +http://yandex.com/bots)"
66.249.72.197 - - [01/Jan/2011:09:04:55 +0100] "GET /motul-300v-4t-factory-line-74.html HTTP/1.1" 200 29017 "-" "Mozilla/5.0 (compatible; Googlebot/2.1; +http://www.google.com/bot.html)"
95.108.158.134 - - [01/Jan/2011:09:42:30 +0100] "GET /motul-schmierstoffe/snowmobile/motul-snowpower-2t-4l.html HTTP/1.1" 200 31008 "-" "Mozilla/5.0 (compatible; YandexBot/3.0; +http://yandex.com/bots)"
95.108.158.134 - - [01/Jan/2011:09:42:34 +0100] "GET /motul_pflegeberater/ HTTP/1.1" 200 20828 "-" "Mozilla/5.0 (compatible; YandexBot/3.0; +http://yandex.com/bots)"
67.195.115.163 - - [01/Jan/2011:09:57:26 +0100] "GET /motul-schmierstoffe/scooter/motorenol-2-takt.html HTTP/1.0" 200 33344 "-" "Mozilla/5.0 (compatible; Yahoo! Slurp; http://help.yahoo.com/help/us/ysearch/slurp)"
80.156.20.21 - - [01/Jan/2011:09:58:52 +0100] "GET /media/catalog/product/cache/2/small_image/85x/9df78eab33525d08d6e5fb8d27136e95/3/3/336611.jpg HTTP/1.1" 304 - "-" "Mozilla/4.0 (compatible;)"
67.195.115.163 - - [01/Jan/2011:10:31:41 +0100] "GET /blechschild-pin-up-ii.html HTTP/1.0" 200 28325 "-" "Mozilla/5.0 (compatible; Yahoo! Slurp; http://help.yahoo.com/help/us/ysearch/slurp)"
67.195.115.163 - - [01/Jan/2011:10:40:01 +0100] "GET /motul-pflegeprodukte/wash-wax.html HTTP/1.0" 200 29872 "-" "Mozilla/5.0 (compatible; Yahoo! Slurp; http://help.yahoo.com/help/us/ysearch/slurp)"
95.108.158.134 - - [01/Jan/2011:10:51:07 +0100] "GET /motul-schmierstoffe/snowmobile/motul-snowpower-4t-4l.html HTTP/1.1" 200 31067 "-" "Mozilla/5.0 (compatible; YandexBot/3.0; +http://yandex.com/bots)"
95.108.158.134 - - [01/Jan/2011:10:51:11 +0100] "GET /wash-wax.html HTTP/1.1" 200 29190 "-" "Mozilla/5.0 (compatible; YandexBot/3.0; +http://yandex.com/bots)"
67.195.115.163 - - [01/Jan/2011:10:51:26 +0100] "GET /robots.txt HTTP/1.0" 200 918 "-" "Mozilla/5.0 (compatible; Yahoo! Slurp; http://help.yahoo.com/help/us/ysearch/slurp)"
67.195.115.163 - - [01/Jan/2011:10:51:26 +0100] "GET /datenschutz/ HTTP/1.0" 200 26739 "-" "Mozilla/5.0 (compatible; Yahoo! Slurp; http://help.yahoo.com/help/us/ysearch/slurp)"
79.207.57.252 - - [01/Jan/2011:11:13:28 +0100] "GET / HTTP/1.1" 302 - "http://www.google.de/search?hl=de&q=2+takt+%C3%B6l+vollsynthetisch+motul&btnG=Suche&aq=f&aqi=&aql=&oq=&gs_rfai=" "Opera/9.80 (Windows NT 6.1; U; de) Presto/2.7.62 Version/11.00"
79.207.57.252 - - [01/Jan/2011:11:13:30 +0100] "GET / HTTP/1.1" 200 20687 "http://www.google.de/search?hl=de&q=2+takt+%C3%B6l+vollsynthetisch+motul&btnG=Suche&aq=f&aqi=&aql=&oq=&gs_rfai=" "Opera/9.80 (Windows NT 6.1; U; de) Presto/2.7.62 Version/11.00"
79.207.57.252 - - [01/Jan/2011:11:13:32 +0100] "GET /skin/frontend/esso/standard/favicon.ico HTTP/1.1" 200 3638 "http://www.markenoele.de/" "Opera/9.80 (Windows NT 6.1; U; de) Presto/2.7.62 Version/11.00"
79.207.57.252 - - [01/Jan/2011:11:13:32 +0100] "GET /skin/frontend/esso/standard/css/widgets.css HTTP/1.1" 200 4369 "http://www.markenoele.de/" "Opera/9.80 (Windows NT 6.1; U; de) Presto/2.7.62 Version/11.00"
79.207.57.252 - - [01/Jan/2011:11:13:32 +0100] "GET /skin/frontend/esso/standard/css/print.css HTTP/1.1" 200 1580 "http://www.markenoele.de/" "Opera/9.80 (Windows NT 6.1; U; de) Presto/2.7.62 Version/11.00"
79.207.57.252 - - [01/Jan/2011:11:13:32 +0100] "GET /skin/frontend/esso/standard/css/styles.css HTTP/1.1" 200 79554 "http://www.markenoele.de/" "Opera/9.80 (Windows NT 6.1; U; de) Presto/2.7.62 Version/11.00"
79.207.57.252 - - [01/Jan/2011:11:13:32 +0100] "GET /js/prototype/prototype.js HTTP/1.1" 200 129960 "http://www.markenoele.de/" "Opera/9.80 (Windows NT 6.1; U; de) Presto/2.7.62 Version/11.00"
79.207.57.252 - - [01/Jan/2011:11:13:33 +0100] "GET /js/prototype/validation.js HTTP/1.1" 200 34677 "http://www.markenoele.de/" "Opera/9.80 (Windows NT 6.1; U; de) Presto/2.7.62 Version/11.00"
79.207.57.252 - - [01/Jan/2011:11:13:34 +0100] "GET /js/scriptaculous/builder.js HTTP/1.1" 200 4744 "http://www.markenoele.de/" "Opera/9.80 (Windows NT 6.1; U; de) Presto/2.7.62 Version/11.00"
79.207.57.252 - - [01/Jan/2011:11:13:34 +0100] "GET /js/scriptaculous/effects.js HTTP/1.1" 200 38745 "http://www.markenoele.de/" "Opera/9.80 (Windows NT 6.1; U; de) Presto/2.7.62 Version/11.00"
79.207.57.252 - - [01/Jan/2011:11:13:34 +0100] "GET /js/scriptaculous/dragdrop.js HTTP/1.1" 200 31192 "http://www.markenoele.de/" "Opera/9.80 (Windows NT 6.1; U; de) Presto/2.7.62 Version/11.00"
79.207.57.252 - - [01/Jan/2011:11:13:35 +0100] "GET /js/scriptaculous/controls.js HTTP/1.1" 200 34797 "http://www.markenoele.de/" "Opera/9.80 (Windows NT 6.1; U; de) Presto/2.7.62 Version/11.00"
79.207.57.252 - - [01/Jan/2011:11:13:35 +0100] "GET /js/scriptaculous/slider.js HTTP/1.1" 200 10331 "http://www.markenoele.de/" "Opera/9.80 (Windows NT 6.1; U; de) Presto/2.7.62 Version/11.00"
79.207.57.252 - - [01/Jan/2011:11:13:36 +0100] "GET /js/varien/js.js HTTP/1.1" 200 16581 "http://www.markenoele.de/" "Opera/9.80 (Windows NT 6.1; U; de) Presto/2.7.62 Version/11.00"
79.207.57.252 - - [01/Jan/2011:11:13:36 +0100] "GET /js/varien/form.js HTTP/1.1" 200 11714 "http://www.markenoele.de/" "Opera/9.80 (Windows NT 6.1; U; de) Presto/2.7.62 Version/11.00"
79.207.57.252 - - [01/Jan/2011:11:13:36 +0100] "GET /js/varien/menu.js HTTP/1.1" 200 4426 "http://www.markenoele.de/" "Opera/9.80 (Windows NT 6.1; U; de) Presto/2.7.62 Version/11.00"
79.207.57.252 - - [01/Jan/2011:11:13:36 +0100] "GET /js/mage/translate.js HTTP/1.1" 200 1597 "http://www.markenoele.de/" "Opera/9.80 (Windows NT 6.1; U; de) Presto/2.7.62 Version/11.00"
79.207.57.252 - - [01/Jan/2011:11:13:36 +0100] "GET /js/mage/cookies.js HTTP/1.1" 200 2615 "http://www.markenoele.de/" "Opera/9.80 (Windows NT 6.1; U; de) Presto/2.7.62 Version/11.00"
79.207.57.252 - - [01/Jan/2011:11:13:40 +0100] "GET /skin/frontend/esso/standard/images/logo.png HTTP/1.1" 200 27553 "http://www.markenoele.de/" "Opera/9.80 (Windows NT 6.1; U; de) Presto/2.7.62 Version/11.00"
79.207.57.252 - - [01/Jan/2011:11:13:40 +0100] "GET /skin/frontend/esso/standard/images/icon_lupe_sm.png HTTP/1.1" 200 1235 "http://www.markenoele.de/" "Opera/9.80 (Windows NT 6.1; U; de) Presto/2.7.62 Version/11.00"
79.207.57.252 - - [01/Jan/2011:11:13:40 +0100] "GET /skin/frontend/esso/standard/images/search_arrow_right.png HTTP/1.1" 200 662 "http://www.markenoele.de/" "Opera/9.80 (Windows NT 6.1; U; de) Presto/2.7.62 Version/11.00"
79.207.57.252 - - [01/Jan/2011:11:13:40 +0100] "GET /skin/frontend/esso/standard/images/tropf-sm.png HTTP/1.1" 200 1179 "http://www.markenoele.de/" "Opera/9.80 (Windows NT 6.1; U; de) Presto/2.7.62 Version/11.00"
79.207.57.252 - - [01/Jan/2011:11:13:40 +0100] "GET /skin/frontend/esso/standard/images/akt-art-sm.png HTTP/1.1" 200 1091 "http://www.markenoele.de/" "Opera/9.80 (Windows NT 6.1; U; de) Presto/2.7.62 Version/11.00"
79.207.57.252 - - [01/Jan/2011:11:13:40 +0100] "GET /skin/frontend/esso/standard/images/motul_pflege_teaser.png HTTP/1.1" 200 15151 "http://www.markenoele.de/" "Opera/9.80 (Windows NT 6.1; U; de) Presto/2.7.62 Version/11.00"
79.207.57.252 - - [01/Jan/2011:11:13:40 +0100] "GET /skin/frontend/esso/standard/images/bg_yellow.jpg HTTP/1.1" 200 22020 "http://www.markenoele.de/" "Opera/9.80 (Windows NT 6.1; U; de) Presto/2.7.62 Version/11.00"
79.207.57.252 - - [01/Jan/2011:11:13:40 +0100] "GET /skin/frontend/esso/standard/images/siegel.gif HTTP/1.1" 200 3150 "http://www.markenoele.de/" "Opera/9.80 (Windows NT 6.1; U; de) Presto/2.7.62 Version/11.00"
79.207.57.252 - - [01/Jan/2011:11:13:40 +0100] "GET /skin/frontend/esso/standard/images/bkg_pipe1.gif HTTP/1.1" 200 44 "http://www.markenoele.de/" "Opera/9.80 (Windows NT 6.1; U; de) Presto/2.7.62 Version/11.00"
79.207.57.252 - - [01/Jan/2011:11:13:40 +0100] "GET /skin/frontend/esso/standard/images/bkg_pipe1.gif HTTP/1.1" 200 44 "http://www.markenoele.de/" "Opera/9.80 (Windows NT 6.1; U; de) Presto/2.7.62 Version/11.00"
79.207.57.252 - - [01/Jan/2011:11:13:53 +0100] "GET /motul-schmierstoffe.html HTTP/1.1" 200 47642 "http://www.markenoele.de/" "Opera/9.80 (Windows NT 6.1; U; de) Presto/2.7.62 Version/11.00"
79.207.57.252 - - [01/Jan/2011:11:13:56 +0100] "GET /skin/frontend/esso/standard/images/bkg_toolbar.gif HTTP/1.1" 200 154 "http://www.markenoele.de/motul-schmierstoffe.html" "Opera/9.80 (Windows NT 6.1; U; de) Presto/2.7.62 Version/11.00"
79.207.57.252 - - [01/Jan/2011:11:13:56 +0100] "GET /media/catalog/product/cache/2/small_image/170x/9df78eab33525d08d6e5fb8d27136e95/8/1/8100_x-cess_5w40_1l.jpg HTTP/1.1" 200 7747 "http://www.markenoele.de/motul-schmierstoffe.html" "Opera/9.80 (Windows NT 6.1; U; de) Presto/2.7.62 Version/11.00"
79.207.57.252 - - [01/Jan/2011:11:13:56 +0100] "GET /skin/frontend/esso/standard/images/i_pager-next.gif HTTP/1.1" 200 158 "http://www.markenoele.de/motul-schmierstoffe.html" "Opera/9.80 (Windows NT 6.1; U; de) Presto/2.7.62 Version/11.00"
79.207.57.252 - - [01/Jan/2011:11:13:56 +0100] "GET /skin/frontend/esso/standard/images/i_asc_arrow.gif HTTP/1.1" 200 115 "http://www.markenoele.de/motul-schmierstoffe.html" "Opera/9.80 (Windows NT 6.1; U; de) Presto/2.7.62 Version/11.00"
79.207.57.252 - - [01/Jan/2011:11:13:56 +0100] "GET /media/catalog/product/cache/2/small_image/170x/9df78eab33525d08d6e5fb8d27136e95/4/1/4100_power-15w50_5l.jpg HTTP/1.1" 200 8384 "http://www.markenoele.de/motul-schmierstoffe.html" "Opera/9.80 (Windows NT 6.1; U; de) Presto/2.7.62 Version/11.00"
79.207.57.252 - - [01/Jan/2011:11:13:56 +0100] "GET /skin/frontend/esso/standard/images/bkg_btn.png HTTP/1.1" 200 890 "http://www.markenoele.de/motul-schmierstoffe.html" "Opera/9.80 (Windows NT 6.1; U; de) Presto/2.7.62 Version/11.00"
79.207.57.252 - - [01/Jan/2011:11:13:56 +0100] "GET /media/catalog/product/cache/2/small_image/170x/9df78eab33525d08d6e5fb8d27136e95/4/1/4100_power_15w50_1l.jpg HTTP/1.1" 200 7710 "http://www.markenoele.de/motul-schmierstoffe.html" "Opera/9.80 (Windows NT 6.1; U; de) Presto/2.7.62 Version/11.00"
79.207.57.252 - - [01/Jan/2011:11:13:56 +0100] "GET /media/catalog/product/cache/2/small_image/170x/9df78eab33525d08d6e5fb8d27136e95/6/1/6100_synergieplus_10w40_1l.jpg HTTP/1.1" 200 7991 "http://www.markenoele.de/motul-schmierstoffe.html" "Opera/9.80 (Windows NT 6.1; U; de) Presto/2.7.62 Version/11.00"
79.207.57.252 - - [01/Jan/2011:11:13:56 +0100] "GET /media/catalog/product/cache/2/small_image/170x/9df78eab33525d08d6e5fb8d27136e95/6/1/6100_synergieplus_10w40_5l.jpg HTTP/1.1" 200 8701 "http://www.markenoele.de/motul-schmierstoffe.html" "Opera/9.80 (Windows NT 6.1; U; de) Presto/2.7.62 Version/11.00"
79.207.57.252 - - [01/Jan/2011:11:13:56 +0100] "GET /media/catalog/product/cache/2/small_image/170x/9df78eab33525d08d6e5fb8d27136e95/8/1/8100_x-cess_5w40_5l.jpg HTTP/1.1" 200 8326 "http://www.markenoele.de/motul-schmierstoffe.html" "Opera/9.80 (Windows NT 6.1; U; de) Presto/2.7.62 Version/11.00"
79.207.57.252 - - [01/Jan/2011:11:13:56 +0100] "GET /media/catalog/product/cache/2/small_image/170x/9df78eab33525d08d6e5fb8d27136e95/8/1/8100_x-cess_5w40_5l.jpg HTTP/1.1" 200 8326 "http://www.markenoele.de/motul-schmierstoffe.html" "Opera/9.80 (Windows NT 6.1; U; de) Presto/2.7.62 Version/11.00"
79.207.57.252 - - [01/Jan/2011:11:13:57 +0100] "GET /media/catalog/product/cache/2/small_image/170x/9df78eab33525d08d6e5fb8d27136e95/8/1/8100_xclean_5w40_1l.jpg HTTP/1.1" 200 7941 "http://www.markenoele.de/motul-schmierstoffe.html" "Opera/9.80 (Windows NT 6.1; U; de) Presto/2.7.62 Version/11.00"
79.207.57.252 - - [01/Jan/2011:11:13:57 +0100] "GET /media/catalog/product/cache/2/small_image/170x/9df78eab33525d08d6e5fb8d27136e95/8/1/8100_xclean_5w40_5l.jpg HTTP/1.1" 200 8644 "http://www.markenoele.de/motul-schmierstoffe.html" "Opera/9.80 (Windows NT 6.1; U; de) Presto/2.7.62 Version/11.00"
79.207.57.252 - - [01/Jan/2011:11:13:57 +0100] "GET /media/catalog/product/cache/2/small_image/170x/9df78eab33525d08d6e5fb8d27136e95/s/p/specific_cng_lpg_1l.jpg HTTP/1.1" 200 8019 "http://www.markenoele.de/motul-schmierstoffe.html" "Opera/9.80 (Windows NT 6.1; U; de) Presto/2.7.62 Version/11.00"
79.207.57.252 - - [01/Jan/2011:11:13:57 +0100] "GET /media/catalog/product/cache/2/small_image/170x/9df78eab33525d08d6e5fb8d27136e95/8/1/8100_xclean_5w40_5l.jpg HTTP/1.1" 200 8644 "http://www.markenoele.de/motul-schmierstoffe.html" "Opera/9.80 (Windows NT 6.1; U; de) Presto/2.7.62 Version/11.00"
66.249.72.197 - - [01/Jan/2011:11:14:16 +0100] "GET /motul-8100-x-clean-plus-5l.html HTTP/1.1" 200 29206 "-" "Mozilla/5.0 (compatible; Googlebot/2.1; +http://www.google.com/bot.html)"
79.207.57.252 - - [01/Jan/2011:11:14:42 +0100] "GET /motul-schmierstoffe.html?p=2 HTTP/1.1" 200 48804 "http://www.markenoele.de/motul-schmierstoffe.html" "Opera/9.80 (Windows NT 6.1; U; de) Presto/2.7.62 Version/11.00"
79.207.57.252 - - [01/Jan/2011:11:14:45 +0100] "GET /skin/frontend/esso/standard/images/i_pager-prev.gif HTTP/1.1" 200 158 "http://www.markenoele.de/motul-schmierstoffe.html?p=2" "Opera/9.80 (Windows NT 6.1; U; de) Presto/2.7.62 Version/11.00"
79.207.57.252 - - [01/Jan/2011:11:14:45 +0100] "GET /media/catalog/product/cache/2/small_image/170x/9df78eab33525d08d6e5fb8d27136e95/8/1/8100_ecocleanplus_5w30_5l.jpg HTTP/1.1" 200 8771 "http://www.markenoele.de/motul-schmierstoffe.html?p=2" "Opera/9.80 (Windows NT 6.1; U; de) Presto/2.7.62 Version/11.00"
79.207.57.252 - - [01/Jan/2011:11:14:45 +0100] "GET /media/catalog/product/cache/2/small_image/170x/9df78eab33525d08d6e5fb8d27136e95/s/p/specific_cng_lpl_5l.jpg HTTP/1.1" 200 9255 "http://www.markenoele.de/motul-schmierstoffe.html?p=2" "Opera/9.80 (Windows NT 6.1; U; de) Presto/2.7.62 Version/11.00"
79.207.57.252 - - [01/Jan/2011:11:14:46 +0100] "GET /media/catalog/product/cache/2/small_image/170x/9df78eab33525d08d6e5fb8d27136e95/f/i/file.jpg HTTP/1.1" 200 8178 "http://www.markenoele.de/motul-schmierstoffe.html?p=2" "Opera/9.80 (Windows NT 6.1; U; de) Presto/2.7.62 Version/11.00"
79.207.57.252 - - [01/Jan/2011:11:14:46 +0100] "GET /media/catalog/product/cache/2/small_image/170x/9df78eab33525d08d6e5fb8d27136e95/f/i/file_2.jpg HTTP/1.1" 200 8679 "http://www.markenoele.de/motul-schmierstoffe.html?p=2" "Opera/9.80 (Windows NT 6.1; U; de) Presto/2.7.62 Version/11.00"
79.207.57.252 - - [01/Jan/2011:11:14:46 +0100] "GET /media/catalog/product/cache/2/small_image/170x/9df78eab33525d08d6e5fb8d27136e95/g/e/gear_300_1l.jpg HTTP/1.1" 200 5981 "http://www.markenoele.de/motul-schmierstoffe.html?p=2" "Opera/9.80 (Windows NT 6.1; U; de) Presto/2.7.62 Version/11.00"
79.207.57.252 - - [01/Jan/2011:11:14:46 +0100] "GET /media/catalog/product/cache/2/small_image/170x/9df78eab33525d08d6e5fb8d27136e95/8/1/8100_ecoclean_5w30_1l.jpg HTTP/1.1" 200 8026 "http://www.markenoele.de/motul-schmierstoffe.html?p=2" "Opera/9.80 (Windows NT 6.1; U; de) Presto/2.7.62 Version/11.00"
79.207.57.252 - - [01/Jan/2011:11:14:46 +0100] "GET /media/catalog/product/cache/2/small_image/170x/9df78eab33525d08d6e5fb8d27136e95/8/1/8100_ecoclean_5w30_5l.jpg HTTP/1.1" 200 8617 "http://www.markenoele.de/motul-schmierstoffe.html?p=2" "Opera/9.80 (Windows NT 6.1; U; de) Presto/2.7.62 Version/11.00"
79.207.57.252 - - [01/Jan/2011:11:14:46 +0100] "GET /media/catalog/product/cache/2/small_image/170x/9df78eab33525d08d6e5fb8d27136e95/8/1/8100_ecocleanplus_5w30_1l.jpg HTTP/1.1" 200 7951 "http://www.markenoele.de/motul-schmierstoffe.html?p=2" "Opera/9.80 (Windows NT 6.1; U; de) Presto/2.7.62 Version/11.00"
79.207.57.252 - - [01/Jan/2011:11:14:46 +0100] "GET /media/catalog/product/cache/2/small_image/170x/9df78eab33525d08d6e5fb8d27136e95/s/p/specific_llab025_5w30_1l.jpg HTTP/1.1" 200 7404 "http://www.markenoele.de/motul-schmierstoffe.html?p=2" "Opera/9.80 (Windows NT 6.1; U; de) Presto/2.7.62 Version/11.00"
79.207.57.252 - - [01/Jan/2011:11:14:46 +0100] "GET /media/catalog/product/cache/2/small_image/170x/9df78eab33525d08d6e5fb8d27136e95/s/p/specific_llab025_5w30_1l.jpg HTTP/1.1" 200 7404 "http://www.markenoele.de/motul-schmierstoffe.html?p=2" "Opera/9.80 (Windows NT 6.1; U; de) Presto/2.7.62 Version/11.00"
79.207.57.252 - - [01/Jan/2011:11:15:10 +0100] "GET /motul-schmierstoffe.html?p=3 HTTP/1.1" 200 48842 "http://www.markenoele.de/motul-schmierstoffe.html?p=2" "Opera/9.80 (Windows NT 6.1; U; de) Presto/2.7.62 Version/11.00"
79.207.57.252 - - [01/Jan/2011:11:15:13 +0100] "GET /media/catalog/product/cache/2/small_image/170x/9df78eab33525d08d6e5fb8d27136e95/s/p/specific_llab025_5w30_5l.jpg HTTP/1.1" 200 8347 "http://www.markenoele.de/motul-schmierstoffe.html?p=3" "Opera/9.80 (Windows NT 6.1; U; de) Presto/2.7.62 Version/11.00"
79.207.57.252 - - [01/Jan/2011:11:15:13 +0100] "GET /media/catalog/product/cache/2/small_image/170x/9df78eab33525d08d6e5fb8d27136e95/g/e/gearbox_1l.jpg HTTP/1.1" 200 5824 "http://www.markenoele.de/motul-schmierstoffe.html?p=3" "Opera/9.80 (Windows NT 6.1; U; de) Presto/2.7.62 Version/11.00"
79.207.57.252 - - [01/Jan/2011:11:15:13 +0100] "GET /media/catalog/product/cache/2/small_image/170x/9df78eab33525d08d6e5fb8d27136e95/s/p/specific_504-00_507-00_5w30_1l.jpg HTTP/1.1" 200 7662 "http://www.markenoele.de/motul-schmierstoffe.html?p=3" "Opera/9.80 (Windows NT 6.1; U; de) Presto/2.7.62 Version/11.00"
79.207.57.252 - - [01/Jan/2011:11:15:13 +0100] "GET /media/catalog/product/cache/2/small_image/170x/9df78eab33525d08d6e5fb8d27136e95/s/p/specific_504-00_507-00_5w30_5l.jpg HTTP/1.1" 200 9251 "http://www.markenoele.de/motul-schmierstoffe.html?p=3" "Opera/9.80 (Windows NT 6.1; U; de) Presto/2.7.62 Version/11.00"
79.207.57.252 - - [01/Jan/2011:11:15:13 +0100] "GET /media/catalog/product/cache/2/small_image/170x/9df78eab33525d08d6e5fb8d27136e95/s/p/specific_229.51_1l.jpg HTTP/1.1" 200 7869 "http://www.markenoele.de/motul-schmierstoffe.html?p=3" "Opera/9.80 (Windows NT 6.1; U; de) Presto/2.7.62 Version/11.00"
79.207.57.252 - - [01/Jan/2011:11:15:13 +0100] "GET /media/catalog/product/cache/2/small_image/170x/9df78eab33525d08d6e5fb8d27136e95/s/p/specific_506-01_0w30_1l.jpg HTTP/1.1" 200 7425 "http://www.markenoele.de/motul-schmierstoffe.html?p=3" "Opera/9.80 (Windows NT 6.1; U; de) Presto/2.7.62 Version/11.00"
79.207.57.252 - - [01/Jan/2011:11:15:13 +0100] "GET /media/catalog/product/cache/2/small_image/170x/9df78eab33525d08d6e5fb8d27136e95/s/p/specific_504-00_507-00_5w30_5l_1.jpg HTTP/1.1" 200 9251 "http://www.markenoele.de/motul-schmierstoffe.html?p=3" "Opera/9.80 (Windows NT 6.1; U; de) Presto/2.7.62 Version/11.00"
79.207.57.252 - - [01/Jan/2011:11:15:13 +0100] "GET /media/catalog/product/cache/2/small_image/170x/9df78eab33525d08d6e5fb8d27136e95/8/1/8100_xlite_0w30_1l.jpg HTTP/1.1" 200 7990 "http://www.markenoele.de/motul-schmierstoffe.html?p=3" "Opera/9.80 (Windows NT 6.1; U; de) Presto/2.7.62 Version/11.00"
79.207.57.252 - - [01/Jan/2011:11:15:13 +0100] "GET /media/catalog/product/cache/2/small_image/170x/9df78eab33525d08d6e5fb8d27136e95/8/1/8100_xlite_0w30_5l.jpg HTTP/1.1" 200 8560 "http://www.markenoele.de/motul-schmierstoffe.html?p=3" "Opera/9.80 (Windows NT 6.1; U; de) Presto/2.7.62 Version/11.00"
79.207.57.252 - - [01/Jan/2011:11:15:33 +0100] "GET /motul-schmierstoffe.html?p=4 HTTP/1.1" 200 48906 "http://www.markenoele.de/motul-schmierstoffe.html?p=3" "Opera/9.80 (Windows NT 6.1; U; de) Presto/2.7.62 Version/11.00"
79.207.57.252 - - [01/Jan/2011:11:15:36 +0100] "GET /media/catalog/product/cache/2/small_image/170x/9df78eab33525d08d6e5fb8d27136e95/g/e/gear_comp_75w140_3d_hd.jpg HTTP/1.1" 200 6492 "http://www.markenoele.de/motul-schmierstoffe.html?p=4" "Opera/9.80 (Windows NT 6.1; U; de) Presto/2.7.62 Version/11.00"
79.207.57.252 - - [01/Jan/2011:11:15:36 +0100] "GET /media/catalog/product/cache/2/small_image/170x/9df78eab33525d08d6e5fb8d27136e95/7/1/7100_20w50_4l_1.jpg HTTP/1.1" 200 8866 "http://www.markenoele.de/motul-schmierstoffe.html?p=4" "Opera/9.80 (Windows NT 6.1; U; de) Presto/2.7.62 Version/11.00"
79.207.57.252 - - [01/Jan/2011:11:15:36 +0100] "GET /media/catalog/product/cache/2/small_image/170x/9df78eab33525d08d6e5fb8d27136e95/3/0/3000_20w50_1l.jpg HTTP/1.1" 200 7432 "http://www.markenoele.de/motul-schmierstoffe.html?p=4" "Opera/9.80 (Windows NT 6.1; U; de) Presto/2.7.62 Version/11.00"
79.207.57.252 - - [01/Jan/2011:11:15:36 +0100] "GET /media/catalog/product/cache/2/small_image/170x/9df78eab33525d08d6e5fb8d27136e95/3/0/3000_20w50_4l.jpg HTTP/1.1" 200 8696 "http://www.markenoele.de/motul-schmierstoffe.html?p=4" "Opera/9.80 (Windows NT 6.1; U; de) Presto/2.7.62 Version/11.00"
79.207.57.252 - - [01/Jan/2011:11:15:36 +0100] "GET /media/catalog/product/cache/2/small_image/170x/9df78eab33525d08d6e5fb8d27136e95/5/1/5100_15w50_1l.jpg HTTP/1.1" 200 7358 "http://www.markenoele.de/motul-schmierstoffe.html?p=4" "Opera/9.80 (Windows NT 6.1; U; de) Presto/2.7.62 Version/11.00"
79.207.57.252 - - [01/Jan/2011:11:15:36 +0100] "GET /media/catalog/product/cache/2/small_image/170x/9df78eab33525d08d6e5fb8d27136e95/5/1/5100_15w50_4l_1.jpg HTTP/1.1" 200 8378 "http://www.markenoele.de/motul-schmierstoffe.html?p=4" "Opera/9.80 (Windows NT 6.1; U; de) Presto/2.7.62 Version/11.00"
79.207.57.252 - - [01/Jan/2011:11:15:36 +0100] "GET /media/catalog/product/cache/2/small_image/170x/9df78eab33525d08d6e5fb8d27136e95/5/1/5100_10w40_1l_2.jpg HTTP/1.1" 200 7274 "http://www.markenoele.de/motul-schmierstoffe.html?p=4" "Opera/9.80 (Windows NT 6.1; U; de) Presto/2.7.62 Version/11.00"
79.207.57.252 - - [01/Jan/2011:11:15:36 +0100] "GET /media/catalog/product/cache/2/small_image/170x/9df78eab33525d08d6e5fb8d27136e95/5/1/5100_10w40_4l_1.jpg HTTP/1.1" 200 8381 "http://www.markenoele.de/motul-schmierstoffe.html?p=4" "Opera/9.80 (Windows NT 6.1; U; de) Presto/2.7.62 Version/11.00"
79.207.57.252 - - [01/Jan/2011:11:15:36 +0100] "GET /media/catalog/product/cache/2/small_image/170x/9df78eab33525d08d6e5fb8d27136e95/7/1/7100_20w50_1l_1.jpg HTTP/1.1" 200 7819 "http://www.markenoele.de/motul-schmierstoffe.html?p=4" "Opera/9.80 (Windows NT 6.1; U; de) Presto/2.7.62 Version/11.00"
79.207.57.252 - - [01/Jan/2011:11:15:49 +0100] "GET /motul-schmierstoffe.html?p=5 HTTP/1.1" 200 48067 "http://www.markenoele.de/motul-schmierstoffe.html?p=4" "Opera/9.80 (Windows NT 6.1; U; de) Presto/2.7.62 Version/11.00"
79.207.57.252 - - [01/Jan/2011:11:15:52 +0100] "GET /media/catalog/product/cache/2/small_image/170x/9df78eab33525d08d6e5fb8d27136e95/7/1/7100_10w40_4l.jpg HTTP/1.1" 200 8917 "http://www.markenoele.de/motul-schmierstoffe.html?p=5" "Opera/9.80 (Windows NT 6.1; U; de) Presto/2.7.62 Version/11.00"
79.207.57.252 - - [01/Jan/2011:11:15:52 +0100] "GET /media/catalog/product/cache/2/small_image/170x/9df78eab33525d08d6e5fb8d27136e95/1/0/100-2t_1l_1.jpg HTTP/1.1" 200 7128 "http://www.markenoele.de/motul-schmierstoffe.html?p=5" "Opera/9.80 (Windows NT 6.1; U; de) Presto/2.7.62 Version/11.00"
79.207.57.252 - - [01/Jan/2011:11:15:52 +0100] "GET /media/catalog/product/cache/2/small_image/170x/9df78eab33525d08d6e5fb8d27136e95/5/1/510-2t_1l_1.jpg HTTP/1.1" 200 6903 "http://www.markenoele.de/motul-schmierstoffe.html?p=5" "Opera/9.80 (Windows NT 6.1; U; de) Presto/2.7.62 Version/11.00"
79.207.57.252 - - [01/Jan/2011:11:15:52 +0100] "GET /media/catalog/product/cache/2/small_image/170x/9df78eab33525d08d6e5fb8d27136e95/7/1/710-2t_1l_1.jpg HTTP/1.1" 200 7545 "http://www.markenoele.de/motul-schmierstoffe.html?p=5" "Opera/9.80 (Windows NT 6.1; U; de) Presto/2.7.62 Version/11.00"
79.207.57.252 - - [01/Jan/2011:11:15:52 +0100] "GET /media/catalog/product/cache/2/small_image/170x/9df78eab33525d08d6e5fb8d27136e95/s/c/scooter_expert_2t_1l_front_1.jpg HTTP/1.1" 200 9603 "http://www.markenoele.de/motul-schmierstoffe.html?p=5" "Opera/9.80 (Windows NT 6.1; U; de) Presto/2.7.62 Version/11.00"
79.207.57.252 - - [01/Jan/2011:11:15:52 +0100] "GET /media/catalog/product/cache/2/small_image/170x/9df78eab33525d08d6e5fb8d27136e95/7/1/7100_10w60_1l_1.jpg HTTP/1.1" 200 7955 "http://www.markenoele.de/motul-schmierstoffe.html?p=5" "Opera/9.80 (Windows NT 6.1; U; de) Presto/2.7.62 Version/11.00"
79.207.57.252 - - [01/Jan/2011:11:15:52 +0100] "GET /media/catalog/product/cache/2/small_image/170x/9df78eab33525d08d6e5fb8d27136e95/s/c/scooter_power_2t_1l_front_1.jpg HTTP/1.1" 200 9954 "http://www.markenoele.de/motul-schmierstoffe.html?p=5" "Opera/9.80 (Windows NT 6.1; U; de) Presto/2.7.62 Version/11.00"
79.207.57.252 - - [01/Jan/2011:11:15:52 +0100] "GET /media/catalog/product/cache/2/small_image/170x/9df78eab33525d08d6e5fb8d27136e95/7/1/7100_10w40_1l_2.jpg HTTP/1.1" 200 7852 "http://www.markenoele.de/motul-schmierstoffe.html?p=5" "Opera/9.80 (Windows NT 6.1; U; de) Presto/2.7.62 Version/11.00"
79.207.57.252 - - [01/Jan/2011:11:15:52 +0100] "GET /media/catalog/product/cache/2/small_image/170x/9df78eab33525d08d6e5fb8d27136e95/7/1/7100_10w60_4l_1.jpg HTTP/1.1" 200 8976 "http://www.markenoele.de/motul-schmierstoffe.html?p=5" "Opera/9.80 (Windows NT 6.1; U; de) Presto/2.7.62 Version/11.00"
79.207.57.252 - - [01/Jan/2011:11:17:23 +0100] "GET /media/catalog/product/cache/2/small_image/170x/9df78eab33525d08d6e5fb8d27136e95/q/u/quad_1l_bd.jpg HTTP/1.1" 200 7964 "http://www.markenoele.de/motul-schmierstoffe.html?p=6" "Opera/9.80 (Windows NT 6.1; U; de) Presto/2.7.62 Version/11.00"
79.207.57.252 - - [01/Jan/2011:11:17:23 +0100] "GET /media/catalog/product/cache/2/small_image/170x/9df78eab33525d08d6e5fb8d27136e95/q/u/quad_4l_bd.jpg HTTP/1.1" 200 9026 "http://www.markenoele.de/motul-schmierstoffe.html?p=6" "Opera/9.80 (Windows NT 6.1; U; de) Presto/2.7.62 Version/11.00"
79.207.57.252 - - [01/Jan/2011:11:17:16 +0100] "GET /motul-schmierstoffe.html?p=6 HTTP/1.1" 200 48869 "http://www.markenoele.de/motul-schmierstoffe.html?p=5" "Opera/9.80 (Windows NT 6.1; U; de) Presto/2.7.62 Version/11.00"
79.207.57.252 - - [01/Jan/2011:11:17:23 +0100] "GET /media/catalog/product/cache/2/small_image/170x/9df78eab33525d08d6e5fb8d27136e95/s/a/sae_50_hd.jpg HTTP/1.1" 200 7709 "http://www.markenoele.de/motul-schmierstoffe.html?p=6" "Opera/9.80 (Windows NT 6.1; U; de) Presto/2.7.62 Version/11.00"
79.207.57.252 - - [01/Jan/2011:11:17:23 +0100] "GET /media/catalog/product/cache/2/small_image/170x/9df78eab33525d08d6e5fb8d27136e95/s/a/sae_20w50_hd.jpg HTTP/1.1" 200 7583 "http://www.markenoele.de/motul-schmierstoffe.html?p=6" "Opera/9.80 (Windows NT 6.1; U; de) Presto/2.7.62 Version/11.00"
79.207.57.252 - - [01/Jan/2011:11:17:23 +0100] "GET /media/catalog/product/cache/2/small_image/170x/9df78eab33525d08d6e5fb8d27136e95/3/0/300v_chrono_10w40.jpg HTTP/1.1" 200 10802 "http://www.markenoele.de/motul-schmierstoffe.html?p=6" "Opera/9.80 (Windows NT 6.1; U; de) Presto/2.7.62 Version/11.00"
79.207.57.252 - - [01/Jan/2011:11:17:23 +0100] "GET /media/catalog/product/cache/2/small_image/170x/9df78eab33525d08d6e5fb8d27136e95/3/0/300v_competition_15w50.jpg HTTP/1.1" 200 10714 "http://www.markenoele.de/motul-schmierstoffe.html?p=6" "Opera/9.80 (Windows NT 6.1; U; de) Presto/2.7.62 Version/11.00"
79.207.57.252 - - [01/Jan/2011:11:17:23 +0100] "GET /media/catalog/product/cache/2/small_image/170x/9df78eab33525d08d6e5fb8d27136e95/3/0/300v_le_mans_20w60.jpg HTTP/1.1" 200 10566 "http://www.markenoele.de/motul-schmierstoffe.html?p=6" "Opera/9.80 (Windows NT 6.1; U; de) Presto/2.7.62 Version/11.00"
79.207.57.252 - - [01/Jan/2011:11:17:23 +0100] "GET /media/catalog/product/cache/2/small_image/170x/9df78eab33525d08d6e5fb8d27136e95/3/0/300v_high_rpm_0w20.jpg HTTP/1.1" 200 10594 "http://www.markenoele.de/motul-schmierstoffe.html?p=6" "Opera/9.80 (Windows NT 6.1; U; de) Presto/2.7.62 Version/11.00"
79.207.57.252 - - [01/Jan/2011:11:17:24 +0100] "GET /media/catalog/product/cache/2/small_image/170x/9df78eab33525d08d6e5fb8d27136e95/3/0/300v_competition_15w50_1.jpg HTTP/1.1" 200 10714 "http://www.markenoele.de/motul-schmierstoffe.html?p=6" "Opera/9.80 (Windows NT 6.1; U; de) Presto/2.7.62 Version/11.00"
79.207.57.252 - - [01/Jan/2011:11:17:24 +0100] "GET /media/catalog/product/cache/2/small_image/170x/9df78eab33525d08d6e5fb8d27136e95/3/0/300v_le_mans_20w60.jpg HTTP/1.1" 200 10566 "http://www.markenoele.de/motul-schmierstoffe.html?p=6" "Opera/9.80 (Windows NT 6.1; U; de) Presto/2.7.62 Version/11.00"
79.207.57.252 - - [01/Jan/2011:11:18:00 +0100] "GET /motul-schmierstoffe.html?p=7 HTTP/1.1" 200 48735 "http://www.markenoele.de/motul-schmierstoffe.html?p=6" "Opera/9.80 (Windows NT 6.1; U; de) Presto/2.7.62 Version/11.00"
79.207.57.252 - - [01/Jan/2011:11:18:03 +0100] "GET /media/catalog/product/cache/2/small_image/170x/9df78eab33525d08d6e5fb8d27136e95/3/0/300v_power_racing_5w30.jpg HTTP/1.1" 200 10973 "http://www.markenoele.de/motul-schmierstoffe.html?p=7" "Opera/9.80 (Windows NT 6.1; U; de) Presto/2.7.62 Version/11.00"
79.207.57.252 - - [01/Jan/2011:11:18:03 +0100] "GET /media/catalog/product/cache/2/small_image/170x/9df78eab33525d08d6e5fb8d27136e95/k/a/kart_grandprix_1l.jpg HTTP/1.1" 200 7338 "http://www.markenoele.de/motul-schmierstoffe.html?p=7" "Opera/9.80 (Windows NT 6.1; U; de) Presto/2.7.62 Version/11.00"
79.207.57.252 - - [01/Jan/2011:11:18:03 +0100] "GET /media/catalog/product/cache/2/small_image/170x/9df78eab33525d08d6e5fb8d27136e95/3/0/300v_power_5w40.jpg HTTP/1.1" 200 10651 "http://www.markenoele.de/motul-schmierstoffe.html?p=7" "Opera/9.80 (Windows NT 6.1; U; de) Presto/2.7.62 Version/11.00"
79.207.57.252 - - [01/Jan/2011:11:18:03 +0100] "GET /media/catalog/product/cache/2/small_image/170x/9df78eab33525d08d6e5fb8d27136e95/3/0/300v_fl_5w30_1l_front.jpg HTTP/1.1" 200 7304 "http://www.markenoele.de/motul-schmierstoffe.html?p=7" "Opera/9.80 (Windows NT 6.1; U; de) Presto/2.7.62 Version/11.00"
79.207.57.252 - - [01/Jan/2011:11:18:03 +0100] "GET /media/catalog/product/cache/2/small_image/170x/9df78eab33525d08d6e5fb8d27136e95/3/0/300v_fl_5w40_1l_front.jpg HTTP/1.1" 200 7594 "http://www.markenoele.de/motul-schmierstoffe.html?p=7" "Opera/9.80 (Windows NT 6.1; U; de) Presto/2.7.62 Version/11.00"
79.207.57.252 - - [01/Jan/2011:11:18:03 +0100] "GET /media/catalog/product/cache/2/small_image/170x/9df78eab33525d08d6e5fb8d27136e95/3/0/300v_fl_10w40_1l_front.jpg HTTP/1.1" 200 7391 "http://www.markenoele.de/motul-schmierstoffe.html?p=7" "Opera/9.80 (Windows NT 6.1; U; de) Presto/2.7.62 Version/11.00"
79.207.57.252 - - [01/Jan/2011:11:18:04 +0100] "GET /media/catalog/product/cache/2/small_image/170x/9df78eab33525d08d6e5fb8d27136e95/3/0/300v_fl_15w50_1l_front.jpg HTTP/1.1" 200 7345 "http://www.markenoele.de/motul-schmierstoffe.html?p=7" "Opera/9.80 (Windows NT 6.1; U; de) Presto/2.7.62 Version/11.00"
79.207.57.252 - - [01/Jan/2011:11:18:04 +0100] "GET /media/catalog/product/cache/2/small_image/170x/9df78eab33525d08d6e5fb8d27136e95/8/0/800-2t_fl_off_roadt_1l_front.jpg HTTP/1.1" 200 7013 "http://www.markenoele.de/motul-schmierstoffe.html?p=7" "Opera/9.80 (Windows NT 6.1; U; de) Presto/2.7.62 Version/11.00"
