213.23.75.25 - - [03/Jan/2011:00:55:17 +0100] "GET /media/catalog/product/cache/2/small_image/170x/9df78eab33525d08d6e5fb8d27136e95/8/1/8100_x-clean_c3_5w30_5l.jpg HTTP/1.0" 200 8658 "http://www.markenoele.de/motul-schmierstoffe/motul-autoschmierstoffe.html?p=4" "Mozilla/5.0 (Windows; U; Windows NT 5.1; de; rv:1.9.2.13) Gecko/20101203 Firefox/3.6.13 (.NET CLR 3.5.30729)"
213.23.75.25 - - [03/Jan/2011:00:55:17 +0100] "GET /media/catalog/product/cache/2/small_image/170x/9df78eab33525d08d6e5fb8d27136e95/m/u/multi_atf_1l.jpg HTTP/1.0" 200 6220 "http://www.markenoele.de/motul-schmierstoffe/motul-autoschmierstoffe.html?p=4" "Mozilla/5.0 (Windows; U; Windows NT 5.1; de; rv:1.9.2.13) Gecko/20101203 Firefox/3.6.13 (.NET CLR 3.5.30729)"
213.23.75.25 - - [03/Jan/2011:00:55:18 +0100] "GET /media/catalog/product/cache/2/small_image/170x/9df78eab33525d08d6e5fb8d27136e95/d/e/dexron_iii_1l.jpg HTTP/1.0" 200 5532 "http://www.markenoele.de/motul-schmierstoffe/motul-autoschmierstoffe.html?p=4" "Mozilla/5.0 (Windows; U; Windows NT 5.1; de; rv:1.9.2.13) Gecko/20101203 Firefox/3.6.13 (.NET CLR 3.5.30729)"
213.23.75.25 - - [03/Jan/2011:00:55:18 +0100] "GET /media/catalog/product/cache/2/small_image/170x/9df78eab33525d08d6e5fb8d27136e95/d/e/dexron_iid_1l.jpg HTTP/1.0" 200 5455 "http://www.markenoele.de/motul-schmierstoffe/motul-autoschmierstoffe.html?p=4" "Mozilla/5.0 (Windows; U; Windows NT 5.1; de; rv:1.9.2.13) Gecko/20101203 Firefox/3.6.13 (.NET CLR 3.5.30729)"
213.23.75.25 - - [03/Jan/2011:00:55:18 +0100] "GET /media/catalog/product/cache/2/small_image/170x/9df78eab33525d08d6e5fb8d27136e95/s/p/specific_913c_5w30_1l.jpg HTTP/1.0" 200 7950 "http://www.markenoele.de/motul-schmierstoffe/motul-autoschmierstoffe.html?p=4" "Mozilla/5.0 (Windows; U; Windows NT 5.1; de; rv:1.9.2.13) Gecko/20101203 Firefox/3.6.13 (.NET CLR 3.5.30729)"
213.23.75.25 - - [03/Jan/2011:00:55:18 +0100] "GET /media/catalog/product/cache/2/small_image/170x/9df78eab33525d08d6e5fb8d27136e95/s/p/specific_913c_5w30_5l.jpg HTTP/1.0" 200 8815 "http://www.markenoele.de/motul-schmierstoffe/motul-autoschmierstoffe.html?p=4" "Mozilla/5.0 (Windows; U; Windows NT 5.1; de; rv:1.9.2.13) Gecko/20101203 Firefox/3.6.13 (.NET CLR 3.5.30729)"
213.23.75.25 - - [03/Jan/2011:00:56:09 +0100] "GET /motul-schmierstoffe/motul-autoschmierstoffe.html?p=3 HTTP/1.0" 200 51015 "http://www.markenoele.de/motul-schmierstoffe/motul-autoschmierstoffe.html?p=4" "Mozilla/5.0 (Windows; U; Windows NT 5.1; de; rv:1.9.2.13) Gecko/20101203 Firefox/3.6.13 (.NET CLR 3.5.30729)"
213.23.75.25 - - [03/Jan/2011:00:56:39 +0100] "GET /motul-schmierstoffe/motul-autoschmierstoffe.html?p=4 HTTP/1.0" 200 47708 "http://www.markenoele.de/motul-schmierstoffe/motul-autoschmierstoffe.html?p=3" "Mozilla/5.0 (Windows; U; Windows NT 5.1; de; rv:1.9.2.13) Gecko/20101203 Firefox/3.6.13 (.NET CLR 3.5.30729)"
213.23.75.25 - - [03/Jan/2011:00:56:43 +0100] "GET /motul-schmierstoffe/motul-autoschmierstoffe.html?p=3 HTTP/1.0" 200 51015 "http://www.markenoele.de/motul-schmierstoffe/motul-autoschmierstoffe.html?p=2" "Mozilla/5.0 (Windows; U; Windows NT 5.1; de; rv:1.9.2.13) Gecko/20101203 Firefox/3.6.13 (.NET CLR 3.5.30729)"
213.23.75.25 - - [03/Jan/2011:00:56:45 +0100] "GET /motul-schmierstoffe/motul-autoschmierstoffe.html?p=3 HTTP/1.0" 200 51015 "http://www.markenoele.de/motul-schmierstoffe/motul-autoschmierstoffe.html?p=2" "Mozilla/5.0 (Windows; U; Windows NT 5.1; de; rv:1.9.2.13) Gecko/20101203 Firefox/3.6.13 (.NET CLR 3.5.30729)"
213.23.75.25 - - [03/Jan/2011:00:56:50 +0100] "GET /motul-schmierstoffe/motul-autoschmierstoffe.html?p=2 HTTP/1.0" 200 50977 "http://www.markenoele.de/motul-schmierstoffe/motul-autoschmierstoffe.html" "Mozilla/5.0 (Windows; U; Windows NT 5.1; de; rv:1.9.2.13) Gecko/20101203 Firefox/3.6.13 (.NET CLR 3.5.30729)"
213.23.75.25 - - [03/Jan/2011:00:56:52 +0100] "GET /motul-schmierstoffe/motul-autoschmierstoffe.html?p=2 HTTP/1.0" 200 50977 "http://www.markenoele.de/motul-schmierstoffe/motul-autoschmierstoffe.html" "Mozilla/5.0 (Windows; U; Windows NT 5.1; de; rv:1.9.2.13) Gecko/20101203 Firefox/3.6.13 (.NET CLR 3.5.30729)"
213.23.75.25 - - [03/Jan/2011:00:56:55 +0100] "GET /motul-schmierstoffe/motul-autoschmierstoffe.html HTTP/1.0" 200 49767 "http://www.markenoele.de/motul-schmierstoffe.html" "Mozilla/5.0 (Windows; U; Windows NT 5.1; de; rv:1.9.2.13) Gecko/20101203 Firefox/3.6.13 (.NET CLR 3.5.30729)"
213.23.75.25 - - [03/Jan/2011:00:56:59 +0100] "GET /motul-schmierstoffe.html HTTP/1.0" 200 47642 "http://www.markenoele.de/" "Mozilla/5.0 (Windows; U; Windows NT 5.1; de; rv:1.9.2.13) Gecko/20101203 Firefox/3.6.13 (.NET CLR 3.5.30729)"
213.23.75.25 - - [03/Jan/2011:00:57:01 +0100] "GET / HTTP/1.0" 200 20687 "http://www.google.de/search?hl=de&client=firefox-a&rls=org.mozilla%3Ade%3Aofficial&q=motul+%C3%B6l&aq=f&aqi=g10&aql=&oq=&gs_rfai=" "Mozilla/5.0 (Windows; U; Windows NT 5.1; de; rv:1.9.2.13) Gecko/20101203 Firefox/3.6.13 (.NET CLR 3.5.30729)"
109.47.71.12 - - [03/Jan/2011:01:09:09 +0100] "GET / HTTP/1.1" 302 - "http://www.google.de/search?hl=de&rls=ig&q=motul+7100+20w-50&aq=f&aqi=&aql=&oq=&gs_rfai=" "Mozilla/4.0 (compatible; MSIE 7.0; Windows NT 5.1; SIMBAR={7FA0ABC1-68D6-4014-9B74-AF3AF27364FF}; .NET CLR 1.1.4322; .NET CLR 2.0.50727; .NET CLR 3.0.4506.2152; .NET CLR 3.5.30729)"
109.47.71.12 - - [03/Jan/2011:01:09:11 +0100] "GET / HTTP/1.1" 200 20687 "http://www.google.de/search?hl=de&rls=ig&q=motul+7100+20w-50&aq=f&aqi=&aql=&oq=&gs_rfai=" "Mozilla/4.0 (compatible; MSIE 7.0; Windows NT 5.1; SIMBAR={7FA0ABC1-68D6-4014-9B74-AF3AF27364FF}; .NET CLR 1.1.4322; .NET CLR 2.0.50727; .NET CLR 3.0.4506.2152; .NET CLR 3.5.30729)"
109.47.71.12 - - [03/Jan/2011:01:09:13 +0100] "GET /skin/frontend/esso/standard/css/widgets.css HTTP/1.1" 200 4369 "http://www.markenoele.de/" "Mozilla/4.0 (compatible; MSIE 7.0; Windows NT 5.1; SIMBAR={7FA0ABC1-68D6-4014-9B74-AF3AF27364FF}; .NET CLR 1.1.4322; .NET CLR 2.0.50727; .NET CLR 3.0.4506.2152; .NET CLR 3.5.30729)"
109.47.71.12 - - [03/Jan/2011:01:09:13 +0100] "GET /skin/frontend/esso/standard/css/styles.css HTTP/1.1" 200 79554 "http://www.markenoele.de/" "Mozilla/4.0 (compatible; MSIE 7.0; Windows NT 5.1; SIMBAR={7FA0ABC1-68D6-4014-9B74-AF3AF27364FF}; .NET CLR 1.1.4322; .NET CLR 2.0.50727; .NET CLR 3.0.4506.2152; .NET CLR 3.5.30729)"
109.47.71.12 - - [03/Jan/2011:01:09:15 +0100] "GET /js/prototype/prototype.js HTTP/1.1" 200 129960 "http://www.markenoele.de/" "Mozilla/4.0 (compatible; MSIE 7.0; Windows NT 5.1; SIMBAR={7FA0ABC1-68D6-4014-9B74-AF3AF27364FF}; .NET CLR 1.1.4322; .NET CLR 2.0.50727; .NET CLR 3.0.4506.2152; .NET CLR 3.5.30729)"
109.47.71.12 - - [03/Jan/2011:01:09:15 +0100] "GET /skin/frontend/esso/standard/css/print.css HTTP/1.1" 200 1580 "http://www.markenoele.de/" "Mozilla/4.0 (compatible; MSIE 7.0; Windows NT 5.1; SIMBAR={7FA0ABC1-68D6-4014-9B74-AF3AF27364FF}; .NET CLR 1.1.4322; .NET CLR 2.0.50727; .NET CLR 3.0.4506.2152; .NET CLR 3.5.30729)"
109.47.71.12 - - [03/Jan/2011:01:09:20 +0100] "GET /js/prototype/validation.js HTTP/1.1" 200 34677 "http://www.markenoele.de/" "Mozilla/4.0 (compatible; MSIE 7.0; Windows NT 5.1; SIMBAR={7FA0ABC1-68D6-4014-9B74-AF3AF27364FF}; .NET CLR 1.1.4322; .NET CLR 2.0.50727; .NET CLR 3.0.4506.2152; .NET CLR 3.5.30729)"
109.47.71.12 - - [03/Jan/2011:01:09:21 +0100] "GET /js/scriptaculous/builder.js HTTP/1.1" 200 4744 "http://www.markenoele.de/" "Mozilla/4.0 (compatible; MSIE 7.0; Windows NT 5.1; SIMBAR={7FA0ABC1-68D6-4014-9B74-AF3AF27364FF}; .NET CLR 1.1.4322; .NET CLR 2.0.50727; .NET CLR 3.0.4506.2152; .NET CLR 3.5.30729)"
109.47.71.12 - - [03/Jan/2011:01:09:22 +0100] "GET /js/scriptaculous/effects.js HTTP/1.1" 200 38745 "http://www.markenoele.de/" "Mozilla/4.0 (compatible; MSIE 7.0; Windows NT 5.1; SIMBAR={7FA0ABC1-68D6-4014-9B74-AF3AF27364FF}; .NET CLR 1.1.4322; .NET CLR 2.0.50727; .NET CLR 3.0.4506.2152; .NET CLR 3.5.30729)"
109.47.71.12 - - [03/Jan/2011:01:09:23 +0100] "GET /js/scriptaculous/dragdrop.js HTTP/1.1" 200 31192 "http://www.markenoele.de/" "Mozilla/4.0 (compatible; MSIE 7.0; Windows NT 5.1; SIMBAR={7FA0ABC1-68D6-4014-9B74-AF3AF27364FF}; .NET CLR 1.1.4322; .NET CLR 2.0.50727; .NET CLR 3.0.4506.2152; .NET CLR 3.5.30729)"
109.47.71.12 - - [03/Jan/2011:01:09:23 +0100] "GET /js/scriptaculous/controls.js HTTP/1.1" 200 34797 "http://www.markenoele.de/" "Mozilla/4.0 (compatible; MSIE 7.0; Windows NT 5.1; SIMBAR={7FA0ABC1-68D6-4014-9B74-AF3AF27364FF}; .NET CLR 1.1.4322; .NET CLR 2.0.50727; .NET CLR 3.0.4506.2152; .NET CLR 3.5.30729)"
109.47.71.12 - - [03/Jan/2011:01:09:24 +0100] "GET /js/scriptaculous/slider.js HTTP/1.1" 200 10331 "http://www.markenoele.de/" "Mozilla/4.0 (compatible; MSIE 7.0; Windows NT 5.1; SIMBAR={7FA0ABC1-68D6-4014-9B74-AF3AF27364FF}; .NET CLR 1.1.4322; .NET CLR 2.0.50727; .NET CLR 3.0.4506.2152; .NET CLR 3.5.30729)"
109.47.71.12 - - [03/Jan/2011:01:09:25 +0100] "GET /js/varien/js.js HTTP/1.1" 200 16581 "http://www.markenoele.de/" "Mozilla/4.0 (compatible; MSIE 7.0; Windows NT 5.1; SIMBAR={7FA0ABC1-68D6-4014-9B74-AF3AF27364FF}; .NET CLR 1.1.4322; .NET CLR 2.0.50727; .NET CLR 3.0.4506.2152; .NET CLR 3.5.30729)"
109.47.71.12 - - [03/Jan/2011:01:09:25 +0100] "GET /js/varien/form.js HTTP/1.1" 200 11714 "http://www.markenoele.de/" "Mozilla/4.0 (compatible; MSIE 7.0; Windows NT 5.1; SIMBAR={7FA0ABC1-68D6-4014-9B74-AF3AF27364FF}; .NET CLR 1.1.4322; .NET CLR 2.0.50727; .NET CLR 3.0.4506.2152; .NET CLR 3.5.30729)"
109.47.71.12 - - [03/Jan/2011:01:09:26 +0100] "GET /js/varien/menu.js HTTP/1.1" 200 4426 "http://www.markenoele.de/" "Mozilla/4.0 (compatible; MSIE 7.0; Windows NT 5.1; SIMBAR={7FA0ABC1-68D6-4014-9B74-AF3AF27364FF}; .NET CLR 1.1.4322; .NET CLR 2.0.50727; .NET CLR 3.0.4506.2152; .NET CLR 3.5.30729)"
109.47.71.12 - - [03/Jan/2011:01:09:26 +0100] "GET /js/mage/translate.js HTTP/1.1" 200 1597 "http://www.markenoele.de/" "Mozilla/4.0 (compatible; MSIE 7.0; Windows NT 5.1; SIMBAR={7FA0ABC1-68D6-4014-9B74-AF3AF27364FF}; .NET CLR 1.1.4322; .NET CLR 2.0.50727; .NET CLR 3.0.4506.2152; .NET CLR 3.5.30729)"
109.47.71.12 - - [03/Jan/2011:01:09:27 +0100] "GET /js/mage/cookies.js HTTP/1.1" 200 2615 "http://www.markenoele.de/" "Mozilla/4.0 (compatible; MSIE 7.0; Windows NT 5.1; SIMBAR={7FA0ABC1-68D6-4014-9B74-AF3AF27364FF}; .NET CLR 1.1.4322; .NET CLR 2.0.50727; .NET CLR 3.0.4506.2152; .NET CLR 3.5.30729)"
109.47.71.12 - - [03/Jan/2011:01:09:27 +0100] "GET /skin/frontend/esso/standard/css/styles-ie.css HTTP/1.1" 200 4778 "http://www.markenoele.de/" "Mozilla/4.0 (compatible; MSIE 7.0; Windows NT 5.1; SIMBAR={7FA0ABC1-68D6-4014-9B74-AF3AF27364FF}; .NET CLR 1.1.4322; .NET CLR 2.0.50727; .NET CLR 3.0.4506.2152; .NET CLR 3.5.30729)"
109.47.71.12 - - [03/Jan/2011:01:09:30 +0100] "GET /skin/frontend/esso/standard/images/bg_yellow.jpg HTTP/1.1" 200 22020 "http://www.markenoele.de/" "Mozilla/4.0 (compatible; MSIE 7.0; Windows NT 5.1; SIMBAR={7FA0ABC1-68D6-4014-9B74-AF3AF27364FF}; .NET CLR 1.1.4322; .NET CLR 2.0.50727; .NET CLR 3.0.4506.2152; .NET CLR 3.5.30729)"
109.47.71.12 - - [03/Jan/2011:01:09:30 +0100] "GET /skin/frontend/esso/standard/images/logo.png HTTP/1.1" 200 27553 "http://www.markenoele.de/" "Mozilla/4.0 (compatible; MSIE 7.0; Windows NT 5.1; SIMBAR={7FA0ABC1-68D6-4014-9B74-AF3AF27364FF}; .NET CLR 1.1.4322; .NET CLR 2.0.50727; .NET CLR 3.0.4506.2152; .NET CLR 3.5.30729)"
109.47.71.12 - - [03/Jan/2011:01:09:30 +0100] "GET /skin/frontend/esso/standard/images/icon_lupe_sm.png HTTP/1.1" 200 1235 "http://www.markenoele.de/" "Mozilla/4.0 (compatible; MSIE 7.0; Windows NT 5.1; SIMBAR={7FA0ABC1-68D6-4014-9B74-AF3AF27364FF}; .NET CLR 1.1.4322; .NET CLR 2.0.50727; .NET CLR 3.0.4506.2152; .NET CLR 3.5.30729)"
109.47.71.12 - - [03/Jan/2011:01:09:30 +0100] "GET /skin/frontend/esso/standard/images/tropf-sm.png HTTP/1.1" 200 1179 "http://www.markenoele.de/" "Mozilla/4.0 (compatible; MSIE 7.0; Windows NT 5.1; SIMBAR={7FA0ABC1-68D6-4014-9B74-AF3AF27364FF}; .NET CLR 1.1.4322; .NET CLR 2.0.50727; .NET CLR 3.0.4506.2152; .NET CLR 3.5.30729)"
109.47.71.12 - - [03/Jan/2011:01:09:31 +0100] "GET /skin/frontend/esso/standard/images/akt-art-sm.png HTTP/1.1" 200 1091 "http://www.markenoele.de/" "Mozilla/4.0 (compatible; MSIE 7.0; Windows NT 5.1; SIMBAR={7FA0ABC1-68D6-4014-9B74-AF3AF27364FF}; .NET CLR 1.1.4322; .NET CLR 2.0.50727; .NET CLR 3.0.4506.2152; .NET CLR 3.5.30729)"
109.47.71.12 - - [03/Jan/2011:01:09:31 +0100] "GET /skin/frontend/esso/standard/images/motul_pflege_teaser.png HTTP/1.1" 200 15151 "http://www.markenoele.de/" "Mozilla/4.0 (compatible; MSIE 7.0; Windows NT 5.1; SIMBAR={7FA0ABC1-68D6-4014-9B74-AF3AF27364FF}; .NET CLR 1.1.4322; .NET CLR 2.0.50727; .NET CLR 3.0.4506.2152; .NET CLR 3.5.30729)"
109.47.71.12 - - [03/Jan/2011:01:09:31 +0100] "GET /skin/frontend/esso/standard/images/siegel.gif HTTP/1.1" 200 3150 "http://www.markenoele.de/" "Mozilla/4.0 (compatible; MSIE 7.0; Windows NT 5.1; SIMBAR={7FA0ABC1-68D6-4014-9B74-AF3AF27364FF}; .NET CLR 1.1.4322; .NET CLR 2.0.50727; .NET CLR 3.0.4506.2152; .NET CLR 3.5.30729)"
109.47.71.12 - - [03/Jan/2011:01:09:31 +0100] "GET /skin/frontend/esso/standard/images/bkg_pipe1.gif HTTP/1.1" 200 44 "http://www.markenoele.de/" "Mozilla/4.0 (compatible; MSIE 7.0; Windows NT 5.1; SIMBAR={7FA0ABC1-68D6-4014-9B74-AF3AF27364FF}; .NET CLR 1.1.4322; .NET CLR 2.0.50727; .NET CLR 3.0.4506.2152; .NET CLR 3.5.30729)"
109.47.71.12 - - [03/Jan/2011:01:09:31 +0100] "GET /skin/frontend/esso/standard/images/search_arrow_right.png HTTP/1.1" 200 662 "http://www.markenoele.de/" "Mozilla/4.0 (compatible; MSIE 7.0; Windows NT 5.1; SIMBAR={7FA0ABC1-68D6-4014-9B74-AF3AF27364FF}; .NET CLR 1.1.4322; .NET CLR 2.0.50727; .NET CLR 3.0.4506.2152; .NET CLR 3.5.30729)"
109.47.71.12 - - [03/Jan/2011:01:09:39 +0100] "GET /skin/frontend/esso/standard/favicon.ico HTTP/1.1" 200 3638 "-" "Mozilla/4.0 (compatible; MSIE 7.0; Windows NT 5.1; SIMBAR={7FA0ABC1-68D6-4014-9B74-AF3AF27364FF}; .NET CLR 1.1.4322; .NET CLR 2.0.50727; .NET CLR 3.0.4506.2152; .NET CLR 3.5.30729)"
109.47.71.12 - - [03/Jan/2011:01:09:52 +0100] "GET /catalogsearch/ajax/suggest/?q=20 HTTP/1.1" 200 538 "http://www.markenoele.de/" "Mozilla/4.0 (compatible; MSIE 7.0; Windows NT 5.1; SIMBAR={7FA0ABC1-68D6-4014-9B74-AF3AF27364FF}; .NET CLR 1.1.4322; .NET CLR 2.0.50727; .NET CLR 3.0.4506.2152; .NET CLR 3.5.30729)"
109.47.71.12 - - [03/Jan/2011:01:09:54 +0100] "GET /catalogsearch/ajax/suggest/?q=20w HTTP/1.1" 200 258 "http://www.markenoele.de/" "Mozilla/4.0 (compatible; MSIE 7.0; Windows NT 5.1; SIMBAR={7FA0ABC1-68D6-4014-9B74-AF3AF27364FF}; .NET CLR 1.1.4322; .NET CLR 2.0.50727; .NET CLR 3.0.4506.2152; .NET CLR 3.5.30729)"
109.47.71.12 - - [03/Jan/2011:01:09:54 +0100] "GET /catalogsearch/ajax/suggest/?q=20w%2050 HTTP/1.1" 200 121 "http://www.markenoele.de/" "Mozilla/4.0 (compatible; MSIE 7.0; Windows NT 5.1; SIMBAR={7FA0ABC1-68D6-4014-9B74-AF3AF27364FF}; .NET CLR 1.1.4322; .NET CLR 2.0.50727; .NET CLR 3.0.4506.2152; .NET CLR 3.5.30729)"
109.47.71.12 - - [03/Jan/2011:01:09:55 +0100] "GET /catalogsearch/result/?q=20w+50 HTTP/1.1" 200 36100 "http://www.markenoele.de/" "Mozilla/4.0 (compatible; MSIE 7.0; Windows NT 5.1; SIMBAR={7FA0ABC1-68D6-4014-9B74-AF3AF27364FF}; .NET CLR 1.1.4322; .NET CLR 2.0.50727; .NET CLR 3.0.4506.2152; .NET CLR 3.5.30729)"
109.47.71.12 - - [03/Jan/2011:01:10:02 +0100] "GET /skin/frontend/esso/standard/images/bkg_toolbar.gif HTTP/1.1" 200 154 "http://www.markenoele.de/catalogsearch/result/?q=20w+50" "Mozilla/4.0 (compatible; MSIE 7.0; Windows NT 5.1; SIMBAR={7FA0ABC1-68D6-4014-9B74-AF3AF27364FF}; .NET CLR 1.1.4322; .NET CLR 2.0.50727; .NET CLR 3.0.4506.2152; .NET CLR 3.5.30729)"
109.47.71.12 - - [03/Jan/2011:01:10:02 +0100] "GET /skin/frontend/esso/standard/images/bkg_btn.png HTTP/1.1" 200 890 "http://www.markenoele.de/catalogsearch/result/?q=20w+50" "Mozilla/4.0 (compatible; MSIE 7.0; Windows NT 5.1; SIMBAR={7FA0ABC1-68D6-4014-9B74-AF3AF27364FF}; .NET CLR 1.1.4322; .NET CLR 2.0.50727; .NET CLR 3.0.4506.2152; .NET CLR 3.5.30729)"
109.47.71.12 - - [03/Jan/2011:01:10:02 +0100] "GET /skin/frontend/esso/standard/images/i_desc_arrow.gif HTTP/1.1" 200 114 "http://www.markenoele.de/catalogsearch/result/?q=20w+50" "Mozilla/4.0 (compatible; MSIE 7.0; Windows NT 5.1; SIMBAR={7FA0ABC1-68D6-4014-9B74-AF3AF27364FF}; .NET CLR 1.1.4322; .NET CLR 2.0.50727; .NET CLR 3.0.4506.2152; .NET CLR 3.5.30729)"
109.47.71.12 - - [03/Jan/2011:01:10:02 +0100] "GET /media/catalog/product/cache/2/small_image/170x/9df78eab33525d08d6e5fb8d27136e95/s/a/sae_20w50_hd.jpg HTTP/1.1" 200 7583 "http://www.markenoele.de/catalogsearch/result/?q=20w+50" "Mozilla/4.0 (compatible; MSIE 7.0; Windows NT 5.1; SIMBAR={7FA0ABC1-68D6-4014-9B74-AF3AF27364FF}; .NET CLR 1.1.4322; .NET CLR 2.0.50727; .NET CLR 3.0.4506.2152; .NET CLR 3.5.30729)"
109.47.71.12 - - [03/Jan/2011:01:10:02 +0100] "GET /media/catalog/product/cache/2/small_image/170x/9df78eab33525d08d6e5fb8d27136e95/7/1/7100_20w50_4l_1.jpg HTTP/1.1" 200 8866 "http://www.markenoele.de/catalogsearch/result/?q=20w+50" "Mozilla/4.0 (compatible; MSIE 7.0; Windows NT 5.1; SIMBAR={7FA0ABC1-68D6-4014-9B74-AF3AF27364FF}; .NET CLR 1.1.4322; .NET CLR 2.0.50727; .NET CLR 3.0.4506.2152; .NET CLR 3.5.30729)"
109.47.71.12 - - [03/Jan/2011:01:10:02 +0100] "GET /media/catalog/product/cache/2/small_image/170x/9df78eab33525d08d6e5fb8d27136e95/7/1/7100_20w50_1l_1.jpg HTTP/1.1" 200 7819 "http://www.markenoele.de/catalogsearch/result/?q=20w+50" "Mozilla/4.0 (compatible; MSIE 7.0; Windows NT 5.1; SIMBAR={7FA0ABC1-68D6-4014-9B74-AF3AF27364FF}; .NET CLR 1.1.4322; .NET CLR 2.0.50727; .NET CLR 3.0.4506.2152; .NET CLR 3.5.30729)"
109.47.71.12 - - [03/Jan/2011:01:10:02 +0100] "GET /media/catalog/product/cache/2/small_image/170x/9df78eab33525d08d6e5fb8d27136e95/3/0/3000_20w50_1l.jpg HTTP/1.1" 200 7432 "http://www.markenoele.de/catalogsearch/result/?q=20w+50" "Mozilla/4.0 (compatible; MSIE 7.0; Windows NT 5.1; SIMBAR={7FA0ABC1-68D6-4014-9B74-AF3AF27364FF}; .NET CLR 1.1.4322; .NET CLR 2.0.50727; .NET CLR 3.0.4506.2152; .NET CLR 3.5.30729)"
109.47.71.12 - - [03/Jan/2011:01:10:03 +0100] "GET /media/catalog/product/cache/2/small_image/170x/9df78eab33525d08d6e5fb8d27136e95/3/0/3000_20w50_4l.jpg HTTP/1.1" 200 8696 "http://www.markenoele.de/catalogsearch/result/?q=20w+50" "Mozilla/4.0 (compatible; MSIE 7.0; Windows NT 5.1; SIMBAR={7FA0ABC1-68D6-4014-9B74-AF3AF27364FF}; .NET CLR 1.1.4322; .NET CLR 2.0.50727; .NET CLR 3.0.4506.2152; .NET CLR 3.5.30729)"
66.249.71.148 - - [03/Jan/2011:01:32:07 +0100] "GET /robots.txt HTTP/1.1" 200 918 "-" "Mozilla/5.0 (compatible; Googlebot/2.1; +http://www.google.com/bot.html)"
66.249.71.148 - - [03/Jan/2011:01:32:07 +0100] "GET /moto-wash.html HTTP/1.1" 200 29290 "-" "Mozilla/5.0 (compatible; Googlebot/2.1; +http://www.google.com/bot.html)"
66.249.71.148 - - [03/Jan/2011:01:42:23 +0100] "GET /motul-3000-4t-32.html HTTP/1.1" 200 28678 "-" "Mozilla/5.0 (compatible; Googlebot/2.1; +http://www.google.com/bot.html)"
66.249.71.148 - - [03/Jan/2011:01:44:24 +0100] "GET /motul-aufkleber-30-x-7-5-cm.html HTTP/1.1" 200 28288 "-" "Mozilla/5.0 (compatible; Googlebot/2.1; +http://www.google.com/bot.html)"
66.249.71.148 - - [03/Jan/2011:01:49:14 +0100] "GET /motul-300v-4t-factory-line.html HTTP/1.1" 200 29010 "-" "Mozilla/5.0 (compatible; Googlebot/2.1; +http://www.google.com/bot.html)"
66.249.72.197 - - [03/Jan/2011:01:51:17 +0100] "GET /robots.txt HTTP/1.1" 200 918 "-" "Mozilla/5.0 (compatible; Googlebot/2.1; +http://www.google.com/bot.html)"
66.249.72.197 - - [03/Jan/2011:01:51:17 +0100] "GET /motul-gear-ff-competition.html HTTP/1.1" 200 28832 "-" "Mozilla/5.0 (compatible; Googlebot/2.1; +http://www.google.com/bot.html)"
66.249.72.197 - - [03/Jan/2011:01:51:45 +0100] "GET /e-z-clean.html HTTP/1.1" 200 28860 "-" "Mozilla/5.0 (compatible; Googlebot/2.1; +http://www.google.com/bot.html)"
66.249.72.197 - - [03/Jan/2011:01:57:19 +0100] "GET /moto-wash-plus.html HTTP/1.1" 200 29282 "-" "Mozilla/5.0 (compatible; Googlebot/2.1; +http://www.google.com/bot.html)"
66.249.72.197 - - [03/Jan/2011:02:04:14 +0100] "GET /powerjet-4t.html HTTP/1.1" 200 28717 "-" "Mozilla/5.0 (compatible; Googlebot/2.1; +http://www.google.com/bot.html)"
66.249.72.197 - - [03/Jan/2011:02:04:43 +0100] "GET /timber-120.html HTTP/1.1" 200 28787 "-" "Mozilla/5.0 (compatible; Googlebot/2.1; +http://www.google.com/bot.html)"
66.249.72.197 - - [03/Jan/2011:02:06:49 +0100] "GET /outboard-tech-4t-81.html HTTP/1.1" 200 29237 "-" "Mozilla/5.0 (compatible; Googlebot/2.1; +http://www.google.com/bot.html)"
66.249.72.197 - - [03/Jan/2011:02:11:53 +0100] "GET /schlusselanhanger.html HTTP/1.1" 200 28185 "-" "Mozilla/5.0 (compatible; Googlebot/2.1; +http://www.google.com/bot.html)"
66.249.72.197 - - [03/Jan/2011:02:13:01 +0100] "GET /race-chronometer.html HTTP/1.1" 200 28313 "-" "Mozilla/5.0 (compatible; Googlebot/2.1; +http://www.google.com/bot.html)"
66.249.72.197 - - [03/Jan/2011:02:13:30 +0100] "GET /poloshirt-herren.html HTTP/1.1" 200 35032 "-" "Mozilla/5.0 (compatible; Googlebot/2.1; +http://www.google.com/bot.html)"
66.249.72.197 - - [03/Jan/2011:02:17:24 +0100] "GET /motul-gear-300.html HTTP/1.1" 200 29097 "-" "Mozilla/5.0 (compatible; Googlebot/2.1; +http://www.google.com/bot.html)"
66.249.72.197 - - [03/Jan/2011:02:25:51 +0100] "GET /fork-oil-light-medium.html HTTP/1.1" 200 28693 "-" "Mozilla/5.0 (compatible; Googlebot/2.1; +http://www.google.com/bot.html)"
66.249.72.197 - - [03/Jan/2011:02:36:15 +0100] "GET /regenschirm.html HTTP/1.1" 200 28136 "-" "Mozilla/5.0 (compatible; Googlebot/2.1; +http://www.google.com/bot.html)"
66.249.72.197 - - [03/Jan/2011:02:36:33 +0100] "GET /motul-snowpower-4t-4l.html HTTP/1.1" 200 29092 "-" "Mozilla/5.0 (compatible; Googlebot/2.1; +http://www.google.com/bot.html)"
66.249.72.197 - - [03/Jan/2011:02:42:10 +0100] "GET /powerjet-2t.html HTTP/1.1" 200 28765 "-" "Mozilla/5.0 (compatible; Googlebot/2.1; +http://www.google.com/bot.html)"
66.249.72.197 - - [03/Jan/2011:02:46:13 +0100] "GET /motul-6100-synergie-5l.html HTTP/1.1" 200 28963 "-" "Mozilla/5.0 (compatible; Googlebot/2.1; +http://www.google.com/bot.html)"
66.249.72.197 - - [03/Jan/2011:02:51:55 +0100] "GET /fork-oil-expert-medium-heavy.html HTTP/1.1" 200 28724 "-" "Mozilla/5.0 (compatible; Googlebot/2.1; +http://www.google.com/bot.html)"
66.249.72.197 - - [03/Jan/2011:02:56:31 +0100] "GET /outboard-synth-2t.html HTTP/1.1" 200 29306 "-" "Mozilla/5.0 (compatible; Googlebot/2.1; +http://www.google.com/bot.html)"
66.249.72.197 - - [03/Jan/2011:03:02:10 +0100] "GET /motul-dexron-iid-1l.html HTTP/1.1" 200 28952 "-" "Mozilla/5.0 (compatible; Googlebot/2.1; +http://www.google.com/bot.html)"
66.249.72.197 - - [03/Jan/2011:03:03:38 +0100] "GET /carbu-clean.html HTTP/1.1" 200 29289 "-" "Mozilla/5.0 (compatible; Googlebot/2.1; +http://www.google.com/bot.html)"
66.249.72.197 - - [03/Jan/2011:03:03:53 +0100] "GET /air-filter-clean.html HTTP/1.1" 200 28977 "-" "Mozilla/5.0 (compatible; Googlebot/2.1; +http://www.google.com/bot.html)"
66.249.72.197 - - [03/Jan/2011:03:04:07 +0100] "GET /motul-8100-x-cess-5l.html HTTP/1.1" 200 28939 "-" "Mozilla/5.0 (compatible; Googlebot/2.1; +http://www.google.com/bot.html)"
66.249.72.197 - - [03/Jan/2011:03:15:08 +0100] "GET /motul-8100-eco-clean-c1.html HTTP/1.1" 200 29061 "-" "Mozilla/5.0 (compatible; Googlebot/2.1; +http://www.google.com/bot.html)"
66.249.72.197 - - [03/Jan/2011:03:21:48 +0100] "GET /einzelbuchstaben-28-x-5-5-cm.html HTTP/1.1" 200 27673 "-" "Mozilla/5.0 (compatible; Googlebot/2.1; +http://www.google.com/bot.html)"
67.195.115.163 - - [03/Jan/2011:03:27:57 +0100] "GET /robots.txt HTTP/1.0" 200 918 "-" "Mozilla/5.0 (compatible; Yahoo! Slurp; http://help.yahoo.com/help/us/ysearch/slurp)"
67.195.115.163 - - [03/Jan/2011:03:27:58 +0100] "GET /motul-zusatzstoffe/handwaschgel.html HTTP/1.0" 200 29793 "-" "Mozilla/5.0 (compatible; Yahoo! Slurp; http://help.yahoo.com/help/us/ysearch/slurp)"
66.249.72.197 - - [03/Jan/2011:03:32:04 +0100] "GET /tyre-repair.html HTTP/1.1" 200 28924 "-" "Mozilla/5.0 (compatible; Googlebot/2.1; +http://www.google.com/bot.html)"
66.249.72.197 - - [03/Jan/2011:03:33:50 +0100] "GET /motul-8100-x-clean-c3-5l.html HTTP/1.1" 200 29683 "-" "Mozilla/5.0 (compatible; Googlebot/2.1; +http://www.google.com/bot.html)"
66.249.72.197 - - [03/Jan/2011:03:35:42 +0100] "GET /motul-classic-motor-oil-65.html HTTP/1.1" 200 28721 "-" "Mozilla/5.0 (compatible; Googlebot/2.1; +http://www.google.com/bot.html)"
66.249.72.197 - - [03/Jan/2011:03:44:49 +0100] "GET /600-di-jet-2t.html HTTP/1.1" 200 28777 "-" "Mozilla/5.0 (compatible; Googlebot/2.1; +http://www.google.com/bot.html)"
66.249.72.197 - - [03/Jan/2011:03:53:26 +0100] "GET /motul-aufnaher-11-x-3-8-cm.html HTTP/1.1" 200 28225 "-" "Mozilla/5.0 (compatible; Googlebot/2.1; +http://www.google.com/bot.html)"
66.249.72.197 - - [03/Jan/2011:04:03:09 +0100] "GET /motul-specific-506-01-506-00-503-00.html HTTP/1.1" 200 29387 "-" "Mozilla/5.0 (compatible; Googlebot/2.1; +http://www.google.com/bot.html)"
67.195.115.163 - - [03/Jan/2011:04:09:33 +0100] "GET /motul-zusatzstoffe/bleiersatz/valve-expert.html HTTP/1.0" 200 30202 "-" "Mozilla/5.0 (compatible; Yahoo! Slurp; http://help.yahoo.com/help/us/ysearch/slurp)"
66.249.72.197 - - [03/Jan/2011:04:14:39 +0100] "GET /top-gel.html HTTP/1.1" 200 28523 "-" "Mozilla/5.0 (compatible; Googlebot/2.1; +http://www.google.com/bot.html)"
66.249.72.197 - - [03/Jan/2011:04:21:34 +0100] "GET /motul-aufkleber-15-x-4-0-cm.html HTTP/1.1" 200 28292 "-" "Mozilla/5.0 (compatible; Googlebot/2.1; +http://www.google.com/bot.html)"
66.249.72.197 - - [03/Jan/2011:04:22:59 +0100] "GET /motul-4100-power-5l-15w-50.html HTTP/1.1" 200 29598 "-" "Mozilla/5.0 (compatible; Googlebot/2.1; +http://www.google.com/bot.html)"
66.249.72.197 - - [03/Jan/2011:04:31:22 +0100] "GET /baseball-cap-flame.html HTTP/1.1" 200 28305 "-" "Mozilla/5.0 (compatible; Googlebot/2.1; +http://www.google.com/bot.html)"
66.249.72.197 - - [03/Jan/2011:04:42:21 +0100] "GET /lanyard.html HTTP/1.1" 200 28100 "-" "Mozilla/5.0 (compatible; Googlebot/2.1; +http://www.google.com/bot.html)"
66.249.72.197 - - [03/Jan/2011:04:42:41 +0100] "GET /e-z-lube-multi-protect.html HTTP/1.1" 200 29276 "-" "Mozilla/5.0 (compatible; Googlebot/2.1; +http://www.google.com/bot.html)"
66.249.72.197 - - [03/Jan/2011:04:45:24 +0100] "GET /motul-7100-4t-54.html HTTP/1.1" 200 29022 "-" "Mozilla/5.0 (compatible; Googlebot/2.1; +http://www.google.com/bot.html)"
66.249.72.197 - - [03/Jan/2011:04:51:17 +0100] "GET /schmierstoffe/motul-8100-x-cess-1l.html HTTP/1.1" 301 - "-" "Mozilla/5.0 (compatible; Googlebot/2.1; +http://www.google.com/bot.html)"
66.249.72.197 - - [03/Jan/2011:04:51:18 +0100] "GET /motul-schmierstoffe/motul-8100-x-cess-1l.html HTTP/1.1" 200 30292 "-" "Mozilla/5.0 (compatible; Googlebot/2.1; +http://www.google.com/bot.html)"
66.249.72.197 - - [03/Jan/2011:04:52:55 +0100] "GET /outboard-synth-2t-90.html HTTP/1.1" 200 29364 "-" "Mozilla/5.0 (compatible; Googlebot/2.1; +http://www.google.com/bot.html)"
66.249.72.197 - - [03/Jan/2011:04:53:10 +0100] "GET /motul-7100-4t-55.html HTTP/1.1" 200 28971 "-" "Mozilla/5.0 (compatible; Googlebot/2.1; +http://www.google.com/bot.html)"
66.249.72.197 - - [03/Jan/2011:04:53:30 +0100] "GET /motul-specific-ll-a-b-025-21.html HTTP/1.1" 200 29196 "-" "Mozilla/5.0 (compatible; Googlebot/2.1; +http://www.google.com/bot.html)"
66.249.72.197 - - [03/Jan/2011:04:54:11 +0100] "GET /motul-6100-synergie-1l.html HTTP/1.1" 200 28911 "-" "Mozilla/5.0 (compatible; Googlebot/2.1; +http://www.google.com/bot.html)"
207.46.13.45 - - [03/Jan/2011:04:54:28 +0100] "GET /robots.txt HTTP/1.1" 200 918 "-" "Mozilla/5.0 (compatible; bingbot/2.0; +http://www.bing.com/bingbot.htm)"
66.249.72.197 - - [03/Jan/2011:04:55:32 +0100] "GET /fork-oil-light.html HTTP/1.1" 200 28566 "-" "Mozilla/5.0 (compatible; Googlebot/2.1; +http://www.google.com/bot.html)"
66.249.72.197 - - [03/Jan/2011:04:57:10 +0100] "GET /einzelbuchstaben-71-x-14-5-cm.html HTTP/1.1" 200 27683 "-" "Mozilla/5.0 (compatible; Googlebot/2.1; +http://www.google.com/bot.html)"
95.108.158.134 - - [03/Jan/2011:05:00:44 +0100] "GET /motul-pflegeprodukte/motorrad/wash-wax.html HTTP/1.1" 200 30165 "-" "Mozilla/5.0 (compatible; YandexBot/3.0; +http://yandex.com/bots)"
66.249.72.197 - - [03/Jan/2011:05:01:32 +0100] "GET /inboard-tech-4t-87.html HTTP/1.1" 200 29172 "-" "Mozilla/5.0 (compatible; Googlebot/2.1; +http://www.google.com/bot.html)"
66.249.72.197 - - [03/Jan/2011:05:04:58 +0100] "GET /motul-300v-power.html HTTP/1.1" 200 29148 "-" "Mozilla/5.0 (compatible; Googlebot/2.1; +http://www.google.com/bot.html)"
160.44.232.35 - - [03/Jan/2011:05:07:31 +0100] "GET /skin/frontend/esso/standard/images/siegel.gif HTTP/1.1" 304 - "-" "Mozilla/4.0 (compatible;)"
207.46.13.45 - - [03/Jan/2011:05:09:46 +0100] "GET /widerruf/ HTTP/1.1" 200 24484 "-" "Mozilla/5.0 (compatible; bingbot/2.0; +http://www.bing.com/bingbot.htm)"
66.249.72.197 - - [03/Jan/2011:05:23:23 +0100] "GET /fork-oil-very-light.html HTTP/1.1" 200 28653 "-" "Mozilla/5.0 (compatible; Googlebot/2.1; +http://www.google.com/bot.html)"
66.249.72.197 - - [03/Jan/2011:05:33:02 +0100] "GET /motul-300-v-le-mans.html HTTP/1.1" 200 29279 "-" "Mozilla/5.0 (compatible; Googlebot/2.1; +http://www.google.com/bot.html)"
66.249.72.197 - - [03/Jan/2011:05:33:17 +0100] "GET /motul-specific-504-00-507-00.html HTTP/1.1" 200 29724 "-" "Mozilla/5.0 (compatible; Googlebot/2.1; +http://www.google.com/bot.html)"
67.195.115.163 - - [03/Jan/2011:05:39:52 +0100] "GET /motul-schmierstoffe/motul-motorrad/motul-3000-4t-32.html HTTP/1.0" 200 30744 "-" "Mozilla/5.0 (compatible; Yahoo! Slurp; http://help.yahoo.com/help/us/ysearch/slurp)"
66.249.72.197 - - [03/Jan/2011:05:54:02 +0100] "GET /micro-2t.html HTTP/1.1" 200 29097 "-" "Mozilla/5.0 (compatible; Googlebot/2.1; +http://www.google.com/bot.html)"
66.249.72.197 - - [03/Jan/2011:06:04:31 +0100] "GET /motul-scooter-power-2t.html HTTP/1.1" 200 28816 "-" "Mozilla/5.0 (compatible; Googlebot/2.1; +http://www.google.com/bot.html)"
66.249.72.197 - - [03/Jan/2011:06:14:56 +0100] "GET /motul-8100-x-lite-28.html HTTP/1.1" 200 28797 "-" "Mozilla/5.0 (compatible; Googlebot/2.1; +http://www.google.com/bot.html)"
67.195.115.163 - - [03/Jan/2011:06:29:55 +0100] "GET /wash-wax.html HTTP/1.0" 200 29190 "-" "Mozilla/5.0 (compatible; Yahoo! Slurp; http://help.yahoo.com/help/us/ysearch/slurp)"
66.249.72.197 - - [03/Jan/2011:06:42:09 +0100] "GET /poloshirt-sw-damen.html HTTP/1.1" 200 35384 "-" "Mozilla/5.0 (compatible; Googlebot/2.1; +http://www.google.com/bot.html)"
66.249.72.197 - - [03/Jan/2011:06:53:09 +0100] "GET /motul-gearbox.html HTTP/1.1" 200 29171 "-" "Mozilla/5.0 (compatible; Googlebot/2.1; +http://www.google.com/bot.html)"
66.249.72.197 - - [03/Jan/2011:06:54:07 +0100] "GET /motul-kart-grand-prix-2t.html HTTP/1.1" 200 29051 "-" "Mozilla/5.0 (compatible; Googlebot/2.1; +http://www.google.com/bot.html)"
66.249.72.197 - - [03/Jan/2011:07:04:24 +0100] "GET /motul-300v-high-rpm.html HTTP/1.1" 200 29211 "-" "Mozilla/5.0 (compatible; Googlebot/2.1; +http://www.google.com/bot.html)"
192.168.10.18 - - [03/Jan/2011:08:02:16 +0100] "GET /skin/frontend/default/default/images/logo_email.gif HTTP/1.1" 304 - "-" "Mozilla/4.0 (compatible; MSIE 7.0; Windows NT 5.1; Trident/4.0; .NET CLR 1.1.4322; .NET CLR 2.0.50727; .NET CLR 3.0.4506.2152; .NET CLR 3.5.30729)"
66.249.72.197 - - [03/Jan/2011:08:03:43 +0100] "GET /garden-4t.html HTTP/1.1" 200 29024 "-" "Mozilla/5.0 (compatible; Googlebot/2.1; +http://www.google.com/bot.html)"
192.168.10.33 - - [03/Jan/2011:08:08:30 +0100] "GET /skin/frontend/default/default/images/logo_email.gif HTTP/1.1" 200 2607 "-" "Mozilla/4.0 (compatible; MSIE 7.0; Windows NT 6.1; WOW64; Trident/4.0; SLCC2; .NET CLR 2.0.50727; .NET CLR 3.5.30729; .NET CLR 3.0.30729; Media Center PC 6.0; InfoPath.3; .NET4.0C)"
192.168.10.34 - - [03/Jan/2011:08:09:34 +0100] "GET /functions/sammelpruefung.php HTTP/1.1" 200 3106 "-" "Mozilla/5.0 (Windows; U; Windows NT 5.1; de; rv:1.9.2.13) Gecko/20101203 Firefox/3.6.13 ( .NET CLR 3.5.30729)"
192.168.10.34 - - [03/Jan/2011:08:09:39 +0100] "GET /favicon.ico HTTP/1.1" 200 3638 "-" "Mozilla/5.0 (Windows; U; Windows NT 5.1; de; rv:1.9.2.13) Gecko/20101203 Firefox/3.6.13 ( .NET CLR 3.5.30729)"
192.168.10.34 - - [03/Jan/2011:08:09:43 +0100] "GET /favicon.ico HTTP/1.1" 200 3638 "-" "Mozilla/5.0 (Windows; U; Windows NT 5.1; de; rv:1.9.2.13) Gecko/20101203 Firefox/3.6.13 ( .NET CLR 3.5.30729)"
192.168.10.34 - - [03/Jan/2011:08:10:16 +0100] "GET /functions/sammelpruefung.php HTTP/1.1" 200 3106 "http://www.markenoele.de/functions/sammelpruefung.php" "Mozilla/5.0 (Windows; U; Windows NT 5.1; de; rv:1.9.2.13) Gecko/20101203 Firefox/3.6.13 ( .NET CLR 3.5.30729)"
66.249.72.197 - - [03/Jan/2011:08:14:35 +0100] "GET /kaffeebecher.html HTTP/1.1" 200 28244 "-" "Mozilla/5.0 (compatible; Googlebot/2.1; +http://www.google.com/bot.html)"
66.249.72.197 - - [03/Jan/2011:08:23:54 +0100] "GET /t-shirt-174.html HTTP/1.1" 200 34841 "-" "Mozilla/5.0 (compatible; Googlebot/2.1; +http://www.google.com/bot.html)"
66.249.72.197 - - [03/Jan/2011:08:26:39 +0100] "GET /motul-specific-506-01-506-00-503-00-26.html HTTP/1.1" 200 29493 "-" "Mozilla/5.0 (compatible; Googlebot/2.1; +http://www.google.com/bot.html)"
216.113.169.253 - - [03/Jan/2011:08:41:57 +0100] "GET / HTTP/1.1" 302 - "-" "-"
216.113.169.253 - - [03/Jan/2011:08:41:58 +0100] "GET / HTTP/1.1" 200 20687 "http://www.motulshop.de" "-"
216.113.169.253 - - [03/Jan/2011:08:42:01 +0100] "GET / HTTP/1.1" 302 - "-" "-"
216.113.169.253 - - [03/Jan/2011:08:42:02 +0100] "GET / HTTP/1.1" 200 20687 "http://www.motulshop.de" "-"
66.249.72.197 - - [03/Jan/2011:08:43:12 +0100] "GET /latzhose-mit-motul-einstickung-201.html HTTP/1.1" 200 35176 "-" "Mozilla/5.0 (compatible; Googlebot/2.1; +http://www.google.com/bot.html)"
66.249.72.197 - - [03/Jan/2011:08:55:43 +0100] "GET /chain-lube-road.html HTTP/1.1" 200 29285 "-" "Mozilla/5.0 (compatible; Googlebot/2.1; +http://www.google.com/bot.html)"
80.153.167.142 - - [03/Jan/2011:09:05:03 +0100] "GET /functions/bestandsliste.php?sortierung=Bestand&richtung= HTTP/1.1" 200 40115 "-" "Mozilla/4.0 (compatible; MSIE 8.0; Windows NT 5.1; Trident/4.0; GTB6.6; .NET CLR 1.1.4322)"
66.249.72.197 - - [03/Jan/2011:09:06:06 +0100] "GET /motul-5100-4t-48.html HTTP/1.1" 200 28879 "-" "Mozilla/5.0 (compatible; Googlebot/2.1; +http://www.google.com/bot.html)"
80.153.167.142 - - [03/Jan/2011:09:08:16 +0100] "GET /functions/bestandsliste.php?sortierung=Bestand&richtung= HTTP/1.1" 200 40115 "-" "Mozilla/4.0 (compatible; MSIE 8.0; Windows NT 5.1; Trident/4.0; GTB6.6; .NET CLR 1.1.4322)"
192.168.10.10 - - [03/Jan/2011:09:11:44 +0100] "GET /skin/frontend/default/default/images/logo_email.gif HTTP/1.1" 304 - "-" "Mozilla/4.0 (compatible; MSIE 7.0; Windows NT 6.1; WOW64; Trident/4.0; SLCC2; .NET CLR 2.0.50727; .NET CLR 3.5.30729; .NET CLR 3.0.30729; Media Center PC 6.0; .NET4.0C; InfoPath.3; AskTbFXTV5/5.9.1.14019)"
66.249.72.197 - - [03/Jan/2011:09:12:55 +0100] "GET /motul-8100-x-cess-1l.html HTTP/1.1" 200 28889 "-" "Mozilla/5.0 (compatible; Googlebot/2.1; +http://www.google.com/bot.html)"
66.249.72.197 - - [03/Jan/2011:09:23:43 +0100] "GET /brake-clean.html HTTP/1.1" 200 29115 "-" "Mozilla/5.0 (compatible; Googlebot/2.1; +http://www.google.com/bot.html)"
66.249.72.197 - - [03/Jan/2011:09:43:14 +0100] "GET /inboard-4t-2l.html HTTP/1.1" 200 29123 "-" "Mozilla/5.0 (compatible; Googlebot/2.1; +http://www.google.com/bot.html)"
66.249.72.197 - - [03/Jan/2011:09:44:22 +0100] "GET /motul-specific-cng-lpg-1l.html HTTP/1.1" 200 29100 "-" "Mozilla/5.0 (compatible; Googlebot/2.1; +http://www.google.com/bot.html)"
67.195.115.163 - - [03/Jan/2011:09:55:01 +0100] "GET /motul-pflegeprodukte/shine-go-silicone-clean.html HTTP/1.0" 200 30024 "-" "Mozilla/5.0 (compatible; Yahoo! Slurp; http://help.yahoo.com/help/us/ysearch/slurp)"
66.249.72.197 - - [03/Jan/2011:10:13:14 +0100] "GET /motul-pflegeberater.html HTTP/1.1" 200 28139 "-" "Mozilla/5.0 (compatible; Googlebot/2.1; +http://www.google.com/bot.html)"
67.195.115.163 - - [03/Jan/2011:10:31:45 +0100] "GET /motul-schmierstoffe/motul-autoschmierstoffe.html HTTP/1.0" 200 49767 "-" "Mozilla/5.0 (compatible; Yahoo! Slurp; http://help.yahoo.com/help/us/ysearch/slurp)"
80.153.167.142 - - [03/Jan/2011:11:07:39 +0100] "GET /functions/bestandsliste.php?sortierung=Bestand&richtung= HTTP/1.1" 200 40115 "-" "Mozilla/4.0 (compatible; MSIE 8.0; Windows NT 5.1; Trident/4.0; GTB6.6; .NET CLR 1.1.4322)"
80.153.167.142 - - [03/Jan/2011:11:08:06 +0100] "GET /functions/bestandsliste.php?sortierung=Bestand&richtung=DESC HTTP/1.1" 200 40122 "http://www.markenoele.de/functions/bestandsliste.php?sortierung=Bestand&richtung=" "Mozilla/4.0 (compatible; MSIE 8.0; Windows NT 5.1; Trident/4.0; GTB6.6; .NET CLR 1.1.4322)"
80.153.167.142 - - [03/Jan/2011:11:08:12 +0100] "GET /functions/bestandsliste.php?sortierung=Erwartung&richtung=DESC HTTP/1.1" 200 40124 "http://www.markenoele.de/functions/bestandsliste.php?sortierung=Bestand&richtung=DESC" "Mozilla/4.0 (compatible; MSIE 8.0; Windows NT 5.1; Trident/4.0; GTB6.6; .NET CLR 1.1.4322)"
80.153.167.142 - - [03/Jan/2011:11:08:50 +0100] "GET /functions/bestandsliste.php?sortierung=Bestand&richtung=DESC HTTP/1.1" 200 40122 "http://www.markenoele.de/functions/bestandsliste.php?sortierung=Erwartung&richtung=DESC" "Mozilla/4.0 (compatible; MSIE 8.0; Windows NT 5.1; Trident/4.0; GTB6.6; .NET CLR 1.1.4322)"
84.175.0.13 - - [03/Jan/2011:11:10:43 +0100] "GET / HTTP/1.1" 302 - "http://www.google.de/search?q=Motul+Wash+%26+Wax" "Mozilla/4.0 (compatible; MSIE 8.0; Windows NT 5.1; Trident/4.0; InfoPath.2; .NET CLR 2.0.50727; .NET CLR 3.0.04506.648; .NET CLR 3.5.21022; .NET CLR 3.0.4506.2152; .NET CLR 3.5.30729)"
84.175.0.13 - - [03/Jan/2011:11:10:46 +0100] "GET / HTTP/1.1" 200 20687 "http://www.google.de/search?q=Motul+Wash+%26+Wax" "Mozilla/4.0 (compatible; MSIE 8.0; Windows NT 5.1; Trident/4.0; InfoPath.2; .NET CLR 2.0.50727; .NET CLR 3.0.04506.648; .NET CLR 3.5.21022; .NET CLR 3.0.4506.2152; .NET CLR 3.5.30729)"
84.175.0.13 - - [03/Jan/2011:11:10:48 +0100] "GET /skin/frontend/esso/standard/css/widgets.css HTTP/1.1" 200 4369 "http://www.markenoele.de/" "Mozilla/4.0 (compatible; MSIE 8.0; Windows NT 5.1; Trident/4.0; InfoPath.2; .NET CLR 2.0.50727; .NET CLR 3.0.04506.648; .NET CLR 3.5.21022; .NET CLR 3.0.4506.2152; .NET CLR 3.5.30729)"
84.175.0.13 - - [03/Jan/2011:11:10:48 +0100] "GET /skin/frontend/esso/standard/css/print.css HTTP/1.1" 200 1580 "http://www.markenoele.de/" "Mozilla/4.0 (compatible; MSIE 8.0; Windows NT 5.1; Trident/4.0; InfoPath.2; .NET CLR 2.0.50727; .NET CLR 3.0.04506.648; .NET CLR 3.5.21022; .NET CLR 3.0.4506.2152; .NET CLR 3.5.30729)"
84.175.0.13 - - [03/Jan/2011:11:10:48 +0100] "GET /js/scriptaculous/builder.js HTTP/1.1" 200 4744 "http://www.markenoele.de/" "Mozilla/4.0 (compatible; MSIE 8.0; Windows NT 5.1; Trident/4.0; InfoPath.2; .NET CLR 2.0.50727; .NET CLR 3.0.04506.648; .NET CLR 3.5.21022; .NET CLR 3.0.4506.2152; .NET CLR 3.5.30729)"
84.175.0.13 - - [03/Jan/2011:11:10:48 +0100] "GET /skin/frontend/esso/standard/css/styles.css HTTP/1.1" 200 79554 "http://www.markenoele.de/" "Mozilla/4.0 (compatible; MSIE 8.0; Windows NT 5.1; Trident/4.0; InfoPath.2; .NET CLR 2.0.50727; .NET CLR 3.0.04506.648; .NET CLR 3.5.21022; .NET CLR 3.0.4506.2152; .NET CLR 3.5.30729)"
84.175.0.13 - - [03/Jan/2011:11:10:48 +0100] "GET /js/scriptaculous/effects.js HTTP/1.1" 200 38745 "http://www.markenoele.de/" "Mozilla/4.0 (compatible; MSIE 8.0; Windows NT 5.1; Trident/4.0; InfoPath.2; .NET CLR 2.0.50727; .NET CLR 3.0.04506.648; .NET CLR 3.5.21022; .NET CLR 3.0.4506.2152; .NET CLR 3.5.30729)"
84.175.0.13 - - [03/Jan/2011:11:10:48 +0100] "GET /js/prototype/validation.js HTTP/1.1" 200 34677 "http://www.markenoele.de/" "Mozilla/4.0 (compatible; MSIE 8.0; Windows NT 5.1; Trident/4.0; InfoPath.2; .NET CLR 2.0.50727; .NET CLR 3.0.04506.648; .NET CLR 3.5.21022; .NET CLR 3.0.4506.2152; .NET CLR 3.5.30729)"
84.175.0.13 - - [03/Jan/2011:11:10:48 +0100] "GET /js/scriptaculous/dragdrop.js HTTP/1.1" 200 31192 "http://www.markenoele.de/" "Mozilla/4.0 (compatible; MSIE 8.0; Windows NT 5.1; Trident/4.0; InfoPath.2; .NET CLR 2.0.50727; .NET CLR 3.0.04506.648; .NET CLR 3.5.21022; .NET CLR 3.0.4506.2152; .NET CLR 3.5.30729)"
84.175.0.13 - - [03/Jan/2011:11:10:48 +0100] "GET /js/scriptaculous/controls.js HTTP/1.1" 200 34797 "http://www.markenoele.de/" "Mozilla/4.0 (compatible; MSIE 8.0; Windows NT 5.1; Trident/4.0; InfoPath.2; .NET CLR 2.0.50727; .NET CLR 3.0.04506.648; .NET CLR 3.5.21022; .NET CLR 3.0.4506.2152; .NET CLR 3.5.30729)"
84.175.0.13 - - [03/Jan/2011:11:10:48 +0100] "GET /js/scriptaculous/slider.js HTTP/1.1" 200 10331 "http://www.markenoele.de/" "Mozilla/4.0 (compatible; MSIE 8.0; Windows NT 5.1; Trident/4.0; InfoPath.2; .NET CLR 2.0.50727; .NET CLR 3.0.04506.648; .NET CLR 3.5.21022; .NET CLR 3.0.4506.2152; .NET CLR 3.5.30729)"
84.175.0.13 - - [03/Jan/2011:11:10:48 +0100] "GET /js/varien/js.js HTTP/1.1" 200 16581 "http://www.markenoele.de/" "Mozilla/4.0 (compatible; MSIE 8.0; Windows NT 5.1; Trident/4.0; InfoPath.2; .NET CLR 2.0.50727; .NET CLR 3.0.04506.648; .NET CLR 3.5.21022; .NET CLR 3.0.4506.2152; .NET CLR 3.5.30729)"
84.175.0.13 - - [03/Jan/2011:11:10:48 +0100] "GET /js/varien/form.js HTTP/1.1" 200 11714 "http://www.markenoele.de/" "Mozilla/4.0 (compatible; MSIE 8.0; Windows NT 5.1; Trident/4.0; InfoPath.2; .NET CLR 2.0.50727; .NET CLR 3.0.04506.648; .NET CLR 3.5.21022; .NET CLR 3.0.4506.2152; .NET CLR 3.5.30729)"
84.175.0.13 - - [03/Jan/2011:11:10:48 +0100] "GET /js/varien/menu.js HTTP/1.1" 200 4426 "http://www.markenoele.de/" "Mozilla/4.0 (compatible; MSIE 8.0; Windows NT 5.1; Trident/4.0; InfoPath.2; .NET CLR 2.0.50727; .NET CLR 3.0.04506.648; .NET CLR 3.5.21022; .NET CLR 3.0.4506.2152; .NET CLR 3.5.30729)"
84.175.0.13 - - [03/Jan/2011:11:10:48 +0100] "GET /js/mage/translate.js HTTP/1.1" 200 1597 "http://www.markenoele.de/" "Mozilla/4.0 (compatible; MSIE 8.0; Windows NT 5.1; Trident/4.0; InfoPath.2; .NET CLR 2.0.50727; .NET CLR 3.0.04506.648; .NET CLR 3.5.21022; .NET CLR 3.0.4506.2152; .NET CLR 3.5.30729)"
84.175.0.13 - - [03/Jan/2011:11:10:48 +0100] "GET /js/mage/cookies.js HTTP/1.1" 200 2615 "http://www.markenoele.de/" "Mozilla/4.0 (compatible; MSIE 8.0; Windows NT 5.1; Trident/4.0; InfoPath.2; .NET CLR 2.0.50727; .NET CLR 3.0.04506.648; .NET CLR 3.5.21022; .NET CLR 3.0.4506.2152; .NET CLR 3.5.30729)"
84.175.0.13 - - [03/Jan/2011:11:10:48 +0100] "GET /js/prototype/prototype.js HTTP/1.1" 200 129960 "http://www.markenoele.de/" "Mozilla/4.0 (compatible; MSIE 8.0; Windows NT 5.1; Trident/4.0; InfoPath.2; .NET CLR 2.0.50727; .NET CLR 3.0.04506.648; .NET CLR 3.5.21022; .NET CLR 3.0.4506.2152; .NET CLR 3.5.30729)"
84.175.0.13 - - [03/Jan/2011:11:10:50 +0100] "GET /skin/frontend/esso/standard/images/logo.png HTTP/1.1" 200 27553 "http://www.markenoele.de/" "Mozilla/4.0 (compatible; MSIE 8.0; Windows NT 5.1; Trident/4.0; InfoPath.2; .NET CLR 2.0.50727; .NET CLR 3.0.04506.648; .NET CLR 3.5.21022; .NET CLR 3.0.4506.2152; .NET CLR 3.5.30729)"
84.175.0.13 - - [03/Jan/2011:11:10:50 +0100] "GET /skin/frontend/esso/standard/images/icon_lupe_sm.png HTTP/1.1" 200 1235 "http://www.markenoele.de/" "Mozilla/4.0 (compatible; MSIE 8.0; Windows NT 5.1; Trident/4.0; InfoPath.2; .NET CLR 2.0.50727; .NET CLR 3.0.04506.648; .NET CLR 3.5.21022; .NET CLR 3.0.4506.2152; .NET CLR 3.5.30729)"
84.175.0.13 - - [03/Jan/2011:11:10:50 +0100] "GET /skin/frontend/esso/standard/images/search_arrow_right.png HTTP/1.1" 200 662 "http://www.markenoele.de/" "Mozilla/4.0 (compatible; MSIE 8.0; Windows NT 5.1; Trident/4.0; InfoPath.2; .NET CLR 2.0.50727; .NET CLR 3.0.04506.648; .NET CLR 3.5.21022; .NET CLR 3.0.4506.2152; .NET CLR 3.5.30729)"
84.175.0.13 - - [03/Jan/2011:11:10:50 +0100] "GET /skin/frontend/esso/standard/images/tropf-sm.png HTTP/1.1" 200 1179 "http://www.markenoele.de/" "Mozilla/4.0 (compatible; MSIE 8.0; Windows NT 5.1; Trident/4.0; InfoPath.2; .NET CLR 2.0.50727; .NET CLR 3.0.04506.648; .NET CLR 3.5.21022; .NET CLR 3.0.4506.2152; .NET CLR 3.5.30729)"
84.175.0.13 - - [03/Jan/2011:11:10:50 +0100] "GET /skin/frontend/esso/standard/images/akt-art-sm.png HTTP/1.1" 200 1091 "http://www.markenoele.de/" "Mozilla/4.0 (compatible; MSIE 8.0; Windows NT 5.1; Trident/4.0; InfoPath.2; .NET CLR 2.0.50727; .NET CLR 3.0.04506.648; .NET CLR 3.5.21022; .NET CLR 3.0.4506.2152; .NET CLR 3.5.30729)"
84.175.0.13 - - [03/Jan/2011:11:10:50 +0100] "GET /skin/frontend/esso/standard/images/motul_pflege_teaser.png HTTP/1.1" 200 15151 "http://www.markenoele.de/" "Mozilla/4.0 (compatible; MSIE 8.0; Windows NT 5.1; Trident/4.0; InfoPath.2; .NET CLR 2.0.50727; .NET CLR 3.0.04506.648; .NET CLR 3.5.21022; .NET CLR 3.0.4506.2152; .NET CLR 3.5.30729)"
84.175.0.13 - - [03/Jan/2011:11:10:50 +0100] "GET /skin/frontend/esso/standard/images/siegel.gif HTTP/1.1" 200 3150 "http://www.markenoele.de/" "Mozilla/4.0 (compatible; MSIE 8.0; Windows NT 5.1; Trident/4.0; InfoPath.2; .NET CLR 2.0.50727; .NET CLR 3.0.04506.648; .NET CLR 3.5.21022; .NET CLR 3.0.4506.2152; .NET CLR 3.5.30729)"
84.175.0.13 - - [03/Jan/2011:11:10:50 +0100] "GET /skin/frontend/esso/standard/images/bg_yellow.jpg HTTP/1.1" 200 22020 "http://www.markenoele.de/" "Mozilla/4.0 (compatible; MSIE 8.0; Windows NT 5.1; Trident/4.0; InfoPath.2; .NET CLR 2.0.50727; .NET CLR 3.0.04506.648; .NET CLR 3.5.21022; .NET CLR 3.0.4506.2152; .NET CLR 3.5.30729)"
84.175.0.13 - - [03/Jan/2011:11:10:50 +0100] "GET /skin/frontend/esso/standard/images/bkg_pipe1.gif HTTP/1.1" 200 44 "http://www.markenoele.de/" "Mozilla/4.0 (compatible; MSIE 8.0; Windows NT 5.1; Trident/4.0; InfoPath.2; .NET CLR 2.0.50727; .NET CLR 3.0.04506.648; .NET CLR 3.5.21022; .NET CLR 3.0.4506.2152; .NET CLR 3.5.30729)"
84.175.0.13 - - [03/Jan/2011:11:10:50 +0100] "GET /skin/frontend/esso/standard/favicon.ico HTTP/1.1" 200 3638 "-" "Mozilla/4.0 (compatible; MSIE 8.0; Windows NT 5.1; Trident/4.0; InfoPath.2; .NET CLR 2.0.50727; .NET CLR 3.0.04506.648; .NET CLR 3.5.21022; .NET CLR 3.0.4506.2152; .NET CLR 3.5.30729)"
84.175.0.13 - - [03/Jan/2011:11:10:57 +0100] "GET /motul-pflegeprodukte.html HTTP/1.1" 200 46630 "http://www.markenoele.de/" "Mozilla/4.0 (compatible; MSIE 8.0; Windows NT 5.1; Trident/4.0; InfoPath.2; .NET CLR 2.0.50727; .NET CLR 3.0.04506.648; .NET CLR 3.5.21022; .NET CLR 3.0.4506.2152; .NET CLR 3.5.30729)"
84.175.0.13 - - [03/Jan/2011:11:11:00 +0100] "GET /motul-pflegeprodukte.html HTTP/1.1" 200 46630 "http://www.markenoele.de/" "Mozilla/4.0 (compatible; MSIE 8.0; Windows NT 5.1; Trident/4.0; InfoPath.2; .NET CLR 2.0.50727; .NET CLR 3.0.04506.648; .NET CLR 3.5.21022; .NET CLR 3.0.4506.2152; .NET CLR 3.5.30729)"
84.175.0.13 - - [03/Jan/2011:11:11:02 +0100] "GET /skin/frontend/esso/standard/images/i_pager-next.gif HTTP/1.1" 200 158 "http://www.markenoele.de/motul-pflegeprodukte.html" "Mozilla/4.0 (compatible; MSIE 8.0; Windows NT 5.1; Trident/4.0; InfoPath.2; .NET CLR 2.0.50727; .NET CLR 3.0.04506.648; .NET CLR 3.5.21022; .NET CLR 3.0.4506.2152; .NET CLR 3.5.30729)"
84.175.0.13 - - [03/Jan/2011:11:11:02 +0100] "GET /skin/frontend/esso/standard/images/bkg_toolbar.gif HTTP/1.1" 200 154 "http://www.markenoele.de/motul-pflegeprodukte.html" "Mozilla/4.0 (compatible; MSIE 8.0; Windows NT 5.1; Trident/4.0; InfoPath.2; .NET CLR 2.0.50727; .NET CLR 3.0.04506.648; .NET CLR 3.5.21022; .NET CLR 3.0.4506.2152; .NET CLR 3.5.30729)"
84.175.0.13 - - [03/Jan/2011:11:11:02 +0100] "GET /skin/frontend/esso/standard/images/i_asc_arrow.gif HTTP/1.1" 200 115 "http://www.markenoele.de/motul-pflegeprodukte.html" "Mozilla/4.0 (compatible; MSIE 8.0; Windows NT 5.1; Trident/4.0; InfoPath.2; .NET CLR 2.0.50727; .NET CLR 3.0.04506.648; .NET CLR 3.5.21022; .NET CLR 3.0.4506.2152; .NET CLR 3.5.30729)"
84.175.0.13 - - [03/Jan/2011:11:11:02 +0100] "GET /media/catalog/product/cache/2/small_image/170x/9df78eab33525d08d6e5fb8d27136e95/a/i/air_filter_oil_spray_1.jpg HTTP/1.1" 200 4744 "http://www.markenoele.de/motul-pflegeprodukte.html" "Mozilla/4.0 (compatible; MSIE 8.0; Windows NT 5.1; Trident/4.0; InfoPath.2; .NET CLR 2.0.50727; .NET CLR 3.0.04506.648; .NET CLR 3.5.21022; .NET CLR 3.0.4506.2152; .NET CLR 3.5.30729)"
84.175.0.13 - - [03/Jan/2011:11:11:02 +0100] "GET /media/catalog/product/cache/2/small_image/170x/9df78eab33525d08d6e5fb8d27136e95/c/h/chain_clean.jpg HTTP/1.1" 200 4851 "http://www.markenoele.de/motul-pflegeprodukte.html" "Mozilla/4.0 (compatible; MSIE 8.0; Windows NT 5.1; Trident/4.0; InfoPath.2; .NET CLR 2.0.50727; .NET CLR 3.0.04506.648; .NET CLR 3.5.21022; .NET CLR 3.0.4506.2152; .NET CLR 3.5.30729)"
84.175.0.13 - - [03/Jan/2011:11:11:02 +0100] "GET /media/catalog/product/cache/2/small_image/170x/9df78eab33525d08d6e5fb8d27136e95/c/a/carbu_clean.jpg HTTP/1.1" 200 4761 "http://www.markenoele.de/motul-pflegeprodukte.html" "Mozilla/4.0 (compatible; MSIE 8.0; Windows NT 5.1; Trident/4.0; InfoPath.2; .NET CLR 2.0.50727; .NET CLR 3.0.04506.648; .NET CLR 3.5.21022; .NET CLR 3.0.4506.2152; .NET CLR 3.5.30729)"
84.175.0.13 - - [03/Jan/2011:11:11:02 +0100] "GET /media/catalog/product/cache/2/small_image/170x/9df78eab33525d08d6e5fb8d27136e95/a/i/airfilter_clean.jpg HTTP/1.1" 200 7702 "http://www.markenoele.de/motul-pflegeprodukte.html" "Mozilla/4.0 (compatible; MSIE 8.0; Windows NT 5.1; Trident/4.0; InfoPath.2; .NET CLR 2.0.50727; .NET CLR 3.0.04506.648; .NET CLR 3.5.21022; .NET CLR 3.0.4506.2152; .NET CLR 3.5.30729)"
84.175.0.13 - - [03/Jan/2011:11:11:02 +0100] "GET /media/catalog/product/cache/2/small_image/170x/9df78eab33525d08d6e5fb8d27136e95/b/r/brake_clean.jpg HTTP/1.1" 200 4918 "http://www.markenoele.de/motul-pflegeprodukte.html" "Mozilla/4.0 (compatible; MSIE 8.0; Windows NT 5.1; Trident/4.0; InfoPath.2; .NET CLR 2.0.50727; .NET CLR 3.0.04506.648; .NET CLR 3.5.21022; .NET CLR 3.0.4506.2152; .NET CLR 3.5.30729)"
