87.167.222.236 - - [04/Jan/2011:11:27:06 +0100] "GET /js/varien/form.js HTTP/1.1" 200 11714 "http://www.markenoele.de/" "Mozilla/5.0 (Windows; U; Windows NT 5.1; en-US) AppleWebKit/534.10 (KHTML, like Gecko) Chrome/8.0.552.224 Safari/534.10"
87.167.222.236 - - [04/Jan/2011:11:27:06 +0100] "GET /js/varien/menu.js HTTP/1.1" 200 4426 "http://www.markenoele.de/" "Mozilla/5.0 (Windows; U; Windows NT 5.1; en-US) AppleWebKit/534.10 (KHTML, like Gecko) Chrome/8.0.552.224 Safari/534.10"
87.167.222.236 - - [04/Jan/2011:11:27:06 +0100] "GET /js/mage/translate.js HTTP/1.1" 200 1597 "http://www.markenoele.de/" "Mozilla/5.0 (Windows; U; Windows NT 5.1; en-US) AppleWebKit/534.10 (KHTML, like Gecko) Chrome/8.0.552.224 Safari/534.10"
87.167.222.236 - - [04/Jan/2011:11:27:06 +0100] "GET /js/mage/cookies.js HTTP/1.1" 200 2615 "http://www.markenoele.de/" "Mozilla/5.0 (Windows; U; Windows NT 5.1; en-US) AppleWebKit/534.10 (KHTML, like Gecko) Chrome/8.0.552.224 Safari/534.10"
87.167.222.236 - - [04/Jan/2011:11:27:06 +0100] "GET /skin/frontend/esso/standard/images/logo.png HTTP/1.1" 200 27553 "http://www.markenoele.de/" "Mozilla/5.0 (Windows; U; Windows NT 5.1; en-US) AppleWebKit/534.10 (KHTML, like Gecko) Chrome/8.0.552.224 Safari/534.10"
87.167.222.236 - - [04/Jan/2011:11:27:06 +0100] "GET /skin/frontend/esso/standard/images/icon_lupe_sm.png HTTP/1.1" 200 1235 "http://www.markenoele.de/" "Mozilla/5.0 (Windows; U; Windows NT 5.1; en-US) AppleWebKit/534.10 (KHTML, like Gecko) Chrome/8.0.552.224 Safari/534.10"
87.167.222.236 - - [04/Jan/2011:11:27:06 +0100] "GET /skin/frontend/esso/standard/images/tropf-sm.png HTTP/1.1" 200 1179 "http://www.markenoele.de/" "Mozilla/5.0 (Windows; U; Windows NT 5.1; en-US) AppleWebKit/534.10 (KHTML, like Gecko) Chrome/8.0.552.224 Safari/534.10"
87.167.222.236 - - [04/Jan/2011:11:27:06 +0100] "GET /skin/frontend/esso/standard/images/akt-art-sm.png HTTP/1.1" 200 1091 "http://www.markenoele.de/" "Mozilla/5.0 (Windows; U; Windows NT 5.1; en-US) AppleWebKit/534.10 (KHTML, like Gecko) Chrome/8.0.552.224 Safari/534.10"
87.167.222.236 - - [04/Jan/2011:11:27:06 +0100] "GET /skin/frontend/esso/standard/images/motul_pflege_teaser.png HTTP/1.1" 200 15151 "http://www.markenoele.de/" "Mozilla/5.0 (Windows; U; Windows NT 5.1; en-US) AppleWebKit/534.10 (KHTML, like Gecko) Chrome/8.0.552.224 Safari/534.10"
87.167.222.236 - - [04/Jan/2011:11:27:06 +0100] "GET /skin/frontend/esso/standard/images/siegel.gif HTTP/1.1" 200 3150 "http://www.markenoele.de/" "Mozilla/5.0 (Windows; U; Windows NT 5.1; en-US) AppleWebKit/534.10 (KHTML, like Gecko) Chrome/8.0.552.224 Safari/534.10"
87.167.222.236 - - [04/Jan/2011:11:27:07 +0100] "GET /skin/frontend/esso/standard/images/search_arrow_right.png HTTP/1.1" 200 662 "http://www.markenoele.de/" "Mozilla/5.0 (Windows; U; Windows NT 5.1; en-US) AppleWebKit/534.10 (KHTML, like Gecko) Chrome/8.0.552.224 Safari/534.10"
87.167.222.236 - - [04/Jan/2011:11:27:07 +0100] "GET /skin/frontend/esso/standard/images/bg_yellow.jpg HTTP/1.1" 200 22020 "http://www.markenoele.de/" "Mozilla/5.0 (Windows; U; Windows NT 5.1; en-US) AppleWebKit/534.10 (KHTML, like Gecko) Chrome/8.0.552.224 Safari/534.10"
87.167.222.236 - - [04/Jan/2011:11:27:07 +0100] "GET /skin/frontend/esso/standard/images/bkg_pipe1.gif HTTP/1.1" 200 44 "http://www.markenoele.de/" "Mozilla/5.0 (Windows; U; Windows NT 5.1; en-US) AppleWebKit/534.10 (KHTML, like Gecko) Chrome/8.0.552.224 Safari/534.10"
87.167.222.236 - - [04/Jan/2011:11:27:07 +0100] "GET /skin/frontend/esso/standard/favicon.ico HTTP/1.1" 200 3638 "-" "Mozilla/5.0 (Windows; U; Windows NT 5.1; en-US) AppleWebKit/534.10 (KHTML, like Gecko) Chrome/8.0.552.224 Safari/534.10"
80.153.167.142 - - [04/Jan/2011:11:27:20 +0100] "GET /motul-schmierstoffe/oldtimer.html HTTP/1.1" 200 32456 "http://www.markenoele.de/motul-schmierstoffe/snowmobile.html" "Mozilla/5.0 (Windows; U; Windows NT 5.1; de; rv:1.9.2.13) Gecko/20101203 Firefox/3.6.13"
80.153.167.142 - - [04/Jan/2011:11:27:22 +0100] "GET /media/catalog/product/cache/2/small_image/170x/9df78eab33525d08d6e5fb8d27136e95/s/a/sae_50_hd.jpg HTTP/1.1" 200 7709 "http://www.markenoele.de/motul-schmierstoffe/oldtimer.html" "Mozilla/5.0 (Windows; U; Windows NT 5.1; de; rv:1.9.2.13) Gecko/20101203 Firefox/3.6.13"
80.153.167.142 - - [04/Jan/2011:11:27:22 +0100] "GET /media/catalog/product/cache/2/small_image/170x/9df78eab33525d08d6e5fb8d27136e95/s/a/sae_20w50_hd.jpg HTTP/1.1" 200 7583 "http://www.markenoele.de/motul-schmierstoffe/oldtimer.html" "Mozilla/5.0 (Windows; U; Windows NT 5.1; de; rv:1.9.2.13) Gecko/20101203 Firefox/3.6.13"
80.153.167.142 - - [04/Jan/2011:11:27:34 +0100] "GET /motul-schmierstoffe/motul-motorrad.html HTTP/1.1" 200 49189 "http://www.markenoele.de/motul-schmierstoffe/oldtimer.html" "Mozilla/5.0 (Windows; U; Windows NT 5.1; de; rv:1.9.2.13) Gecko/20101203 Firefox/3.6.13"
80.153.167.142 - - [04/Jan/2011:11:27:39 +0100] "GET /motul-zusatzstoffe.html HTTP/1.1" 200 42989 "http://www.markenoele.de/motul-schmierstoffe/motul-motorrad.html" "Mozilla/5.0 (Windows; U; Windows NT 5.1; de; rv:1.9.2.13) Gecko/20101203 Firefox/3.6.13"
80.153.167.142 - - [04/Jan/2011:11:27:41 +0100] "GET /media/catalog/product/cache/2/small_image/170x/9df78eab33525d08d6e5fb8d27136e95/m/o/motocool_factoryline_1l.jpg HTTP/1.1" 200 6554 "http://www.markenoele.de/motul-zusatzstoffe.html" "Mozilla/5.0 (Windows; U; Windows NT 5.1; de; rv:1.9.2.13) Gecko/20101203 Firefox/3.6.13"
80.153.167.142 - - [04/Jan/2011:11:27:41 +0100] "GET /media/catalog/product/cache/2/small_image/170x/9df78eab33525d08d6e5fb8d27136e95/m/o/mocool_1l.jpg HTTP/1.1" 200 8881 "http://www.markenoele.de/motul-zusatzstoffe.html" "Mozilla/5.0 (Windows; U; Windows NT 5.1; de; rv:1.9.2.13) Gecko/20101203 Firefox/3.6.13"
80.153.167.142 - - [04/Jan/2011:11:27:41 +0100] "GET /media/catalog/product/cache/2/small_image/170x/9df78eab33525d08d6e5fb8d27136e95/c/h/chain_lube_fl.jpg HTTP/1.1" 200 5369 "http://www.markenoele.de/motul-zusatzstoffe.html" "Mozilla/5.0 (Windows; U; Windows NT 5.1; de; rv:1.9.2.13) Gecko/20101203 Firefox/3.6.13"
80.153.167.142 - - [04/Jan/2011:11:27:41 +0100] "GET /media/catalog/product/cache/2/small_image/170x/9df78eab33525d08d6e5fb8d27136e95/c/h/chain_lube_road.jpg HTTP/1.1" 200 4945 "http://www.markenoele.de/motul-zusatzstoffe.html" "Mozilla/5.0 (Windows; U; Windows NT 5.1; de; rv:1.9.2.13) Gecko/20101203 Firefox/3.6.13"
80.153.167.142 - - [04/Jan/2011:11:27:41 +0100] "GET /media/catalog/product/cache/2/small_image/170x/9df78eab33525d08d6e5fb8d27136e95/c/h/chain_lube_off_road.jpg HTTP/1.1" 200 4992 "http://www.markenoele.de/motul-zusatzstoffe.html" "Mozilla/5.0 (Windows; U; Windows NT 5.1; de; rv:1.9.2.13) Gecko/20101203 Firefox/3.6.13"
80.153.167.142 - - [04/Jan/2011:11:27:41 +0100] "GET /media/catalog/product/cache/2/small_image/170x/9df78eab33525d08d6e5fb8d27136e95/c/h/chain_lube_road_plus.jpg HTTP/1.1" 200 4943 "http://www.markenoele.de/motul-zusatzstoffe.html" "Mozilla/5.0 (Windows; U; Windows NT 5.1; de; rv:1.9.2.13) Gecko/20101203 Firefox/3.6.13"
80.153.167.142 - - [04/Jan/2011:11:27:41 +0100] "GET /media/catalog/product/cache/2/small_image/170x/9df78eab33525d08d6e5fb8d27136e95/v/a/valve_expert_250ml.jpg HTTP/1.1" 200 4984 "http://www.markenoele.de/motul-zusatzstoffe.html" "Mozilla/5.0 (Windows; U; Windows NT 5.1; de; rv:1.9.2.13) Gecko/20101203 Firefox/3.6.13"
80.153.167.142 - - [04/Jan/2011:11:27:41 +0100] "GET /media/catalog/product/cache/2/small_image/170x/9df78eab33525d08d6e5fb8d27136e95/t/o/topgel.jpg HTTP/1.1" 200 5389 "http://www.markenoele.de/motul-zusatzstoffe.html" "Mozilla/5.0 (Windows; U; Windows NT 5.1; de; rv:1.9.2.13) Gecko/20101203 Firefox/3.6.13"
80.153.167.142 - - [04/Jan/2011:11:27:49 +0100] "GET /motul-zusatzstoffe/mocool.html HTTP/1.1" 200 29993 "http://www.markenoele.de/motul-zusatzstoffe.html" "Mozilla/5.0 (Windows; U; Windows NT 5.1; de; rv:1.9.2.13) Gecko/20101203 Firefox/3.6.13"
80.153.167.142 - - [04/Jan/2011:11:27:51 +0100] "GET /js/calendar/calendar-win2k-1.css HTTP/1.1" 200 5986 "http://www.markenoele.de/motul-zusatzstoffe/mocool.html" "Mozilla/5.0 (Windows; U; Windows NT 5.1; de; rv:1.9.2.13) Gecko/20101203 Firefox/3.6.13"
80.153.167.142 - - [04/Jan/2011:11:27:51 +0100] "GET /skin/frontend/base/default/css/baseprice.css HTTP/1.1" 404 1256 "http://www.markenoele.de/motul-zusatzstoffe/mocool.html" "Mozilla/5.0 (Windows; U; Windows NT 5.1; de; rv:1.9.2.13) Gecko/20101203 Firefox/3.6.13"
80.153.167.142 - - [04/Jan/2011:11:27:51 +0100] "GET /skin/frontend/esso/standard/css/jqzoom.css HTTP/1.1" 200 1051 "http://www.markenoele.de/motul-zusatzstoffe/mocool.html" "Mozilla/5.0 (Windows; U; Windows NT 5.1; de; rv:1.9.2.13) Gecko/20101203 Firefox/3.6.13"
80.153.167.142 - - [04/Jan/2011:11:27:51 +0100] "GET /js/varien/product.js HTTP/1.1" 200 23531 "http://www.markenoele.de/motul-zusatzstoffe/mocool.html" "Mozilla/5.0 (Windows; U; Windows NT 5.1; de; rv:1.9.2.13) Gecko/20101203 Firefox/3.6.13"
80.153.167.142 - - [04/Jan/2011:11:27:51 +0100] "GET /js/calendar/calendar.js HTTP/1.1" 200 53130 "http://www.markenoele.de/motul-zusatzstoffe/mocool.html" "Mozilla/5.0 (Windows; U; Windows NT 5.1; de; rv:1.9.2.13) Gecko/20101203 Firefox/3.6.13"
80.153.167.142 - - [04/Jan/2011:11:27:51 +0100] "GET /js/calendar/calendar-setup.js HTTP/1.1" 200 4986 "http://www.markenoele.de/motul-zusatzstoffe/mocool.html" "Mozilla/5.0 (Windows; U; Windows NT 5.1; de; rv:1.9.2.13) Gecko/20101203 Firefox/3.6.13"
80.153.167.142 - - [04/Jan/2011:11:27:51 +0100] "GET /skin/frontend/esso/standard/js/jquery.jqzoom.js HTTP/1.1" 200 5131 "http://www.markenoele.de/motul-zusatzstoffe/mocool.html" "Mozilla/5.0 (Windows; U; Windows NT 5.1; de; rv:1.9.2.13) Gecko/20101203 Firefox/3.6.13"
80.153.167.142 - - [04/Jan/2011:11:27:51 +0100] "GET /skin/frontend/esso/standard/js/effects.scale.js HTTP/1.1" 200 7057 "http://www.markenoele.de/motul-zusatzstoffe/mocool.html" "Mozilla/5.0 (Windows; U; Windows NT 5.1; de; rv:1.9.2.13) Gecko/20101203 Firefox/3.6.13"
80.153.167.142 - - [04/Jan/2011:11:27:51 +0100] "GET /skin/frontend/esso/standard/js/effects.core.js HTTP/1.1" 200 19170 "http://www.markenoele.de/motul-zusatzstoffe/mocool.html" "Mozilla/5.0 (Windows; U; Windows NT 5.1; de; rv:1.9.2.13) Gecko/20101203 Firefox/3.6.13"
80.153.167.142 - - [04/Jan/2011:11:27:51 +0100] "GET /media/catalog/product/cache/2/thumbnail2/250x250/9df78eab33525d08d6e5fb8d27136e95/m/o/mocool_1l.jpg HTTP/1.1" 200 16413 "http://www.markenoele.de/motul-zusatzstoffe/mocool.html" "Mozilla/5.0 (Windows; U; Windows NT 5.1; de; rv:1.9.2.13) Gecko/20101203 Firefox/3.6.13"
80.153.167.142 - - [04/Jan/2011:11:27:51 +0100] "GET /skin/frontend/esso/standard/js/jquery-1.3.2.min.js HTTP/1.1" 200 57254 "http://www.markenoele.de/motul-zusatzstoffe/mocool.html" "Mozilla/5.0 (Windows; U; Windows NT 5.1; de; rv:1.9.2.13) Gecko/20101203 Firefox/3.6.13"
80.153.167.142 - - [04/Jan/2011:11:27:52 +0100] "GET /skin/frontend/esso/standard/images/bkg_tabs.gif HTTP/1.1" 200 151 "http://www.markenoele.de/skin/frontend/esso/standard/css/styles.css" "Mozilla/5.0 (Windows; U; Windows NT 5.1; de; rv:1.9.2.13) Gecko/20101203 Firefox/3.6.13"
80.153.167.142 - - [04/Jan/2011:11:27:52 +0100] "GET /media/catalog/product/m/o/mocool_1l.jpg HTTP/1.1" 200 1064928 "http://www.markenoele.de/motul-zusatzstoffe/mocool.html" "Mozilla/5.0 (Windows; U; Windows NT 5.1; de; rv:1.9.2.13) Gecko/20101203 Firefox/3.6.13"
80.153.167.142 - - [04/Jan/2011:11:28:04 +0100] "GET /skin/frontend/esso/standard/images/jqzoon_lens.png HTTP/1.1" 404 1256 "http://www.markenoele.de/skin/frontend/esso/standard/css/jqzoom.css" "Mozilla/5.0 (Windows; U; Windows NT 5.1; de; rv:1.9.2.13) Gecko/20101203 Firefox/3.6.13"
80.153.167.142 - - [04/Jan/2011:11:28:07 +0100] "GET /motul-zusatzstoffe/kuhlflussigkeit.html HTTP/1.1" 200 31888 "http://www.markenoele.de/motul-zusatzstoffe/mocool.html" "Mozilla/5.0 (Windows; U; Windows NT 5.1; de; rv:1.9.2.13) Gecko/20101203 Firefox/3.6.13"
65.55.25.136 - - [04/Jan/2011:11:28:13 +0100] "GET /robots.txt HTTP/1.1" 200 918 "-" "msnbot/2.0b (+http://search.msn.com/msnbot.htm)._"
65.55.25.136 - - [04/Jan/2011:11:28:14 +0100] "GET /motul-schmierstoffe/kart/motul-kart-grand-prix-2t.html HTTP/1.1" 200 30844 "-" "msnbot/2.0b (+http://search.msn.com/msnbot.htm)._"
80.153.167.142 - - [04/Jan/2011:11:28:14 +0100] "GET /motul-zusatzstoffe.html HTTP/1.1" 200 42989 "http://www.markenoele.de/motul-zusatzstoffe/kuhlflussigkeit.html" "Mozilla/5.0 (Windows; U; Windows NT 5.1; de; rv:1.9.2.13) Gecko/20101203 Firefox/3.6.13"
80.153.167.142 - - [04/Jan/2011:11:28:19 +0100] "GET /motul-zusatzstoffe.html HTTP/1.1" 200 42989 "http://www.markenoele.de/motul-zusatzstoffe/kuhlflussigkeit.html" "Mozilla/5.0 (Windows; U; Windows NT 5.1; de; rv:1.9.2.13) Gecko/20101203 Firefox/3.6.13"
65.55.25.136 - - [04/Jan/2011:11:28:22 +0100] "GET /motul-schmierstoffe/motul-motorrad/gabelol.html HTTP/1.1" 200 47771 "-" "msnbot/2.0b (+http://search.msn.com/msnbot.htm)._"
65.55.25.136 - - [04/Jan/2011:11:28:30 +0100] "GET /motul-schmierstoffe/scooter/motorenol-2-takt.html HTTP/1.1" 200 33344 "-" "msnbot/2.0b (+http://search.msn.com/msnbot.htm)._"
80.153.167.142 - - [04/Jan/2011:11:28:39 +0100] "GET /motul-zusatzstoffe/chain-lube-road.html HTTP/1.1" 200 30071 "http://www.markenoele.de/motul-zusatzstoffe.html" "Mozilla/5.0 (Windows; U; Windows NT 5.1; de; rv:1.9.2.13) Gecko/20101203 Firefox/3.6.13"
80.153.167.142 - - [04/Jan/2011:11:28:42 +0100] "GET /skin/frontend/base/default/css/baseprice.css HTTP/1.1" 404 1256 "http://www.markenoele.de/motul-zusatzstoffe/chain-lube-road.html" "Mozilla/5.0 (Windows; U; Windows NT 5.1; de; rv:1.9.2.13) Gecko/20101203 Firefox/3.6.13"
80.153.167.142 - - [04/Jan/2011:11:28:42 +0100] "GET /media/catalog/product/cache/2/thumbnail2/250x250/9df78eab33525d08d6e5fb8d27136e95/c/h/chain_lube_road.jpg HTTP/1.1" 200 8561 "http://www.markenoele.de/motul-zusatzstoffe/chain-lube-road.html" "Mozilla/5.0 (Windows; U; Windows NT 5.1; de; rv:1.9.2.13) Gecko/20101203 Firefox/3.6.13"
80.153.167.142 - - [04/Jan/2011:11:28:43 +0100] "GET /media/catalog/product/c/h/chain_lube_road.jpg HTTP/1.1" 200 1407686 "http://www.markenoele.de/motul-zusatzstoffe/chain-lube-road.html" "Mozilla/5.0 (Windows; U; Windows NT 5.1; de; rv:1.9.2.13) Gecko/20101203 Firefox/3.6.13"
65.55.25.136 - - [04/Jan/2011:11:28:42 +0100] "GET /motul-zusatzstoffe/fett/chain-lube-road.html HTTP/1.1" 200 30332 "-" "msnbot/2.0b (+http://search.msn.com/msnbot.htm)._"
65.55.25.136 - - [04/Jan/2011:11:28:49 +0100] "GET /motul-schmierstoffe/motorsport/motul-300v-competition.html HTTP/1.1" 200 31248 "-" "msnbot/2.0b (+http://search.msn.com/msnbot.htm)._"
80.153.167.142 - - [04/Jan/2011:11:28:54 +0100] "GET /skin/frontend/esso/standard/images/jqzoon_lens.png HTTP/1.1" 404 1256 "http://www.markenoele.de/skin/frontend/esso/standard/css/jqzoom.css" "Mozilla/5.0 (Windows; U; Windows NT 5.1; de; rv:1.9.2.13) Gecko/20101203 Firefox/3.6.13"
65.55.25.136 - - [04/Jan/2011:11:28:56 +0100] "GET /motul-fanshop-artikel/accessoires/race-chronometer.html HTTP/1.1" 200 29324 "-" "msnbot/2.0b (+http://search.msn.com/msnbot.htm)._"
80.153.167.142 - - [04/Jan/2011:11:28:57 +0100] "GET /motul-pflegeprodukte.html HTTP/1.1" 200 46630 "http://www.markenoele.de/motul-zusatzstoffe/chain-lube-road.html" "Mozilla/5.0 (Windows; U; Windows NT 5.1; de; rv:1.9.2.13) Gecko/20101203 Firefox/3.6.13"
80.153.167.142 - - [04/Jan/2011:11:29:00 +0100] "GET /media/catalog/product/cache/2/small_image/170x/9df78eab33525d08d6e5fb8d27136e95/c/h/chain_clean.jpg HTTP/1.1" 200 4851 "http://www.markenoele.de/motul-pflegeprodukte.html" "Mozilla/5.0 (Windows; U; Windows NT 5.1; de; rv:1.9.2.13) Gecko/20101203 Firefox/3.6.13"
80.153.167.142 - - [04/Jan/2011:11:29:00 +0100] "GET /media/catalog/product/cache/2/small_image/170x/9df78eab33525d08d6e5fb8d27136e95/a/i/air_filter_oil_spray_1.jpg HTTP/1.1" 200 4744 "http://www.markenoele.de/motul-pflegeprodukte.html" "Mozilla/5.0 (Windows; U; Windows NT 5.1; de; rv:1.9.2.13) Gecko/20101203 Firefox/3.6.13"
80.153.167.142 - - [04/Jan/2011:11:29:00 +0100] "GET /media/catalog/product/cache/2/small_image/170x/9df78eab33525d08d6e5fb8d27136e95/a/i/airfilter_clean.jpg HTTP/1.1" 200 7702 "http://www.markenoele.de/motul-pflegeprodukte.html" "Mozilla/5.0 (Windows; U; Windows NT 5.1; de; rv:1.9.2.13) Gecko/20101203 Firefox/3.6.13"
80.153.167.142 - - [04/Jan/2011:11:29:00 +0100] "GET /media/catalog/product/cache/2/small_image/170x/9df78eab33525d08d6e5fb8d27136e95/c/a/carbu_clean.jpg HTTP/1.1" 200 4761 "http://www.markenoele.de/motul-pflegeprodukte.html" "Mozilla/5.0 (Windows; U; Windows NT 5.1; de; rv:1.9.2.13) Gecko/20101203 Firefox/3.6.13"
80.153.167.142 - - [04/Jan/2011:11:29:00 +0100] "GET /media/catalog/product/cache/2/small_image/170x/9df78eab33525d08d6e5fb8d27136e95/b/r/brake_clean.jpg HTTP/1.1" 200 4918 "http://www.markenoele.de/motul-pflegeprodukte.html" "Mozilla/5.0 (Windows; U; Windows NT 5.1; de; rv:1.9.2.13) Gecko/20101203 Firefox/3.6.13"
80.153.167.142 - - [04/Jan/2011:11:29:00 +0100] "GET /media/catalog/product/cache/2/small_image/170x/9df78eab33525d08d6e5fb8d27136e95/e/z/ez_lube.jpg HTTP/1.1" 200 5048 "http://www.markenoele.de/motul-pflegeprodukte.html" "Mozilla/5.0 (Windows; U; Windows NT 5.1; de; rv:1.9.2.13) Gecko/20101203 Firefox/3.6.13"
80.153.167.142 - - [04/Jan/2011:11:29:00 +0100] "GET /media/catalog/product/cache/2/small_image/170x/9df78eab33525d08d6e5fb8d27136e95/f/i/file_3.jpg HTTP/1.1" 200 5016 "http://www.markenoele.de/motul-pflegeprodukte.html" "Mozilla/5.0 (Windows; U; Windows NT 5.1; de; rv:1.9.2.13) Gecko/20101203 Firefox/3.6.13"
80.153.167.142 - - [04/Jan/2011:11:29:01 +0100] "GET /media/catalog/product/cache/2/small_image/170x/9df78eab33525d08d6e5fb8d27136e95/f/i/file_4.jpg HTTP/1.1" 200 5070 "http://www.markenoele.de/motul-pflegeprodukte.html" "Mozilla/5.0 (Windows; U; Windows NT 5.1; de; rv:1.9.2.13) Gecko/20101203 Firefox/3.6.13"
80.153.167.142 - - [04/Jan/2011:11:29:01 +0100] "GET /media/catalog/product/cache/2/small_image/170x/9df78eab33525d08d6e5fb8d27136e95/m/o/moto_wash_1l.jpg HTTP/1.1" 200 5288 "http://www.markenoele.de/motul-pflegeprodukte.html" "Mozilla/5.0 (Windows; U; Windows NT 5.1; de; rv:1.9.2.13) Gecko/20101203 Firefox/3.6.13"
65.55.25.136 - - [04/Jan/2011:11:29:04 +0100] "GET /motul-schmierstoffe/motul-motorrad/motul-5100-4t-48.html HTTP/1.1" 200 30945 "-" "msnbot/2.0b (+http://search.msn.com/msnbot.htm)._"
80.153.167.142 - - [04/Jan/2011:11:29:06 +0100] "GET /motul-pflegeprodukte/air-filter-clean.html HTTP/1.1" 200 29658 "http://www.markenoele.de/motul-pflegeprodukte.html" "Mozilla/5.0 (Windows; U; Windows NT 5.1; de; rv:1.9.2.13) Gecko/20101203 Firefox/3.6.13"
80.153.167.142 - - [04/Jan/2011:11:29:08 +0100] "GET /skin/frontend/base/default/css/baseprice.css HTTP/1.1" 404 1256 "http://www.markenoele.de/motul-pflegeprodukte/air-filter-clean.html" "Mozilla/5.0 (Windows; U; Windows NT 5.1; de; rv:1.9.2.13) Gecko/20101203 Firefox/3.6.13"
80.153.167.142 - - [04/Jan/2011:11:29:08 +0100] "GET /media/catalog/product/cache/2/thumbnail2/250x250/9df78eab33525d08d6e5fb8d27136e95/a/i/airfilter_clean.jpg HTTP/1.1" 200 13068 "http://www.markenoele.de/motul-pflegeprodukte/air-filter-clean.html" "Mozilla/5.0 (Windows; U; Windows NT 5.1; de; rv:1.9.2.13) Gecko/20101203 Firefox/3.6.13"
80.153.167.142 - - [04/Jan/2011:11:29:09 +0100] "GET /media/catalog/product/a/i/airfilter_clean.jpg HTTP/1.1" 200 3247810 "http://www.markenoele.de/motul-pflegeprodukte/air-filter-clean.html" "Mozilla/5.0 (Windows; U; Windows NT 5.1; de; rv:1.9.2.13) Gecko/20101203 Firefox/3.6.13"
65.55.25.136 - - [04/Jan/2011:11:29:13 +0100] "GET /motul-schmierstoffe/snowmobile/motul-snowpower-4t-4l.html HTTP/1.1" 200 31067 "-" "msnbot/2.0b (+http://search.msn.com/msnbot.htm)._"
80.153.167.142 - - [04/Jan/2011:11:29:19 +0100] "GET /skin/frontend/esso/standard/images/jqzoon_lens.png HTTP/1.1" 404 1256 "http://www.markenoele.de/skin/frontend/esso/standard/css/jqzoom.css" "Mozilla/5.0 (Windows; U; Windows NT 5.1; de; rv:1.9.2.13) Gecko/20101203 Firefox/3.6.13"
80.153.167.142 - - [04/Jan/2011:11:29:18 +0100] "GET /motul-pflegeprodukte/motorrad.html HTTP/1.1" 200 47656 "http://www.markenoele.de/motul-pflegeprodukte/air-filter-clean.html" "Mozilla/5.0 (Windows; U; Windows NT 5.1; de; rv:1.9.2.13) Gecko/20101203 Firefox/3.6.13"
80.153.167.142 - - [04/Jan/2011:11:29:21 +0100] "GET /media/catalog/product/cache/2/small_image/170x/9df78eab33525d08d6e5fb8d27136e95/a/i/air_filter_oil_spray.jpg HTTP/1.1" 200 4744 "http://www.markenoele.de/motul-pflegeprodukte/motorrad.html" "Mozilla/5.0 (Windows; U; Windows NT 5.1; de; rv:1.9.2.13) Gecko/20101203 Firefox/3.6.13"
65.55.25.136 - - [04/Jan/2011:11:29:21 +0100] "GET /motul-fanshop-artikel/aufkleber/motul-aufkleber-30-x-7-5-cm.html HTTP/1.1" 200 29289 "-" "msnbot/2.0b (+http://search.msn.com/msnbot.htm)._"
65.55.25.136 - - [04/Jan/2011:11:29:27 +0100] "GET /motul-fanshop-artikel/bekleidung/softshell-weste-herren.html HTTP/1.1" 200 36140 "-" "msnbot/2.0b (+http://search.msn.com/msnbot.htm)._"
80.153.167.142 - - [04/Jan/2011:11:29:32 +0100] "GET /motul-pflegeprodukte/motorrad/air-filter-clean.html HTTP/1.1" 200 29951 "http://www.markenoele.de/motul-pflegeprodukte/motorrad.html" "Mozilla/5.0 (Windows; U; Windows NT 5.1; de; rv:1.9.2.13) Gecko/20101203 Firefox/3.6.13"
80.153.167.142 - - [04/Jan/2011:11:29:34 +0100] "GET /skin/frontend/base/default/css/baseprice.css HTTP/1.1" 404 1256 "http://www.markenoele.de/motul-pflegeprodukte/motorrad/air-filter-clean.html" "Mozilla/5.0 (Windows; U; Windows NT 5.1; de; rv:1.9.2.13) Gecko/20101203 Firefox/3.6.13"
80.153.167.142 - - [04/Jan/2011:11:29:39 +0100] "GET /skin/frontend/esso/standard/images/jqzoon_lens.png HTTP/1.1" 404 1256 "http://www.markenoele.de/skin/frontend/esso/standard/css/jqzoom.css" "Mozilla/5.0 (Windows; U; Windows NT 5.1; de; rv:1.9.2.13) Gecko/20101203 Firefox/3.6.13"
65.55.25.136 - - [04/Jan/2011:11:29:38 +0100] "GET /motul-schmierstoffe/motul-motorrad/motul-3000-4t-32.html HTTP/1.1" 200 30744 "-" "msnbot/2.0b (+http://search.msn.com/msnbot.htm)._"
65.55.25.136 - - [04/Jan/2011:11:29:43 +0100] "GET /motul-schmierstoffe/motul-motorrad/motul-5100-4t.html HTTP/1.1" 200 30882 "-" "msnbot/2.0b (+http://search.msn.com/msnbot.htm)._"
65.55.25.136 - - [04/Jan/2011:11:29:51 +0100] "GET /motul-fanshop-artikel/aufkleber/motul-aufnaher-28-x-7-0-cm.html HTTP/1.1" 200 29232 "-" "msnbot/2.0b (+http://search.msn.com/msnbot.htm)._"
80.153.167.142 - - [04/Jan/2011:11:29:50 +0100] "GET /motul-pflegeprodukte/auto.html HTTP/1.1" 200 47485 "http://www.markenoele.de/motul-pflegeprodukte/motorrad/air-filter-clean.html" "Mozilla/5.0 (Windows; U; Windows NT 5.1; de; rv:1.9.2.13) Gecko/20101203 Firefox/3.6.13"
80.153.167.142 - - [04/Jan/2011:11:29:55 +0100] "GET /media/catalog/product/cache/2/small_image/170x/9df78eab33525d08d6e5fb8d27136e95/t/y/tyre_repair.jpg HTTP/1.1" 200 5727 "http://www.markenoele.de/motul-pflegeprodukte/auto.html" "Mozilla/5.0 (Windows; U; Windows NT 5.1; de; rv:1.9.2.13) Gecko/20101203 Firefox/3.6.13"
80.153.167.142 - - [04/Jan/2011:11:29:55 +0100] "GET /media/catalog/product/cache/2/small_image/170x/9df78eab33525d08d6e5fb8d27136e95/e/z/ez_clean2.jpg HTTP/1.1" 200 9012 "http://www.markenoele.de/motul-pflegeprodukte/auto.html" "Mozilla/5.0 (Windows; U; Windows NT 5.1; de; rv:1.9.2.13) Gecko/20101203 Firefox/3.6.13"
80.153.167.142 - - [04/Jan/2011:11:29:55 +0100] "GET /media/catalog/product/cache/2/small_image/170x/9df78eab33525d08d6e5fb8d27136e95/d/i/diesel_syst_clean_auto.jpg HTTP/1.1" 200 5838 "http://www.markenoele.de/motul-pflegeprodukte/auto.html" "Mozilla/5.0 (Windows; U; Windows NT 5.1; de; rv:1.9.2.13) Gecko/20101203 Firefox/3.6.13"
80.153.167.142 - - [04/Jan/2011:11:29:55 +0100] "GET /media/catalog/product/cache/2/small_image/170x/9df78eab33525d08d6e5fb8d27136e95/f/u/fuel_syst_clean_auto.jpg HTTP/1.1" 200 5914 "http://www.markenoele.de/motul-pflegeprodukte/auto.html" "Mozilla/5.0 (Windows; U; Windows NT 5.1; de; rv:1.9.2.13) Gecko/20101203 Firefox/3.6.13"
65.55.25.136 - - [04/Jan/2011:11:29:58 +0100] "GET /motul-schmierstoffe/snowmobile/motorenol-2-takt.html HTTP/1.1" 200 33482 "-" "msnbot/2.0b (+http://search.msn.com/msnbot.htm)._"
80.153.167.142 - - [04/Jan/2011:11:30:00 +0100] "GET /motul-pflegeprodukte/auto/e-z-clean.html HTTP/1.1" 200 29802 "http://www.markenoele.de/motul-pflegeprodukte/auto.html" "Mozilla/5.0 (Windows; U; Windows NT 5.1; de; rv:1.9.2.13) Gecko/20101203 Firefox/3.6.13"
80.153.167.142 - - [04/Jan/2011:11:30:03 +0100] "GET /skin/frontend/base/default/css/baseprice.css HTTP/1.1" 404 1256 "http://www.markenoele.de/motul-pflegeprodukte/auto/e-z-clean.html" "Mozilla/5.0 (Windows; U; Windows NT 5.1; de; rv:1.9.2.13) Gecko/20101203 Firefox/3.6.13"
80.153.167.142 - - [04/Jan/2011:11:30:03 +0100] "GET /media/catalog/product/cache/2/thumbnail2/250x250/9df78eab33525d08d6e5fb8d27136e95/e/z/ez_clean2.jpg HTTP/1.1" 200 15742 "http://www.markenoele.de/motul-pflegeprodukte/auto/e-z-clean.html" "Mozilla/5.0 (Windows; U; Windows NT 5.1; de; rv:1.9.2.13) Gecko/20101203 Firefox/3.6.13"
80.153.167.142 - - [04/Jan/2011:11:30:03 +0100] "GET /media/catalog/product/e/z/ez_clean2.jpg HTTP/1.1" 200 41648 "http://www.markenoele.de/motul-pflegeprodukte/auto/e-z-clean.html" "Mozilla/5.0 (Windows; U; Windows NT 5.1; de; rv:1.9.2.13) Gecko/20101203 Firefox/3.6.13"
65.55.25.136 - - [04/Jan/2011:11:30:05 +0100] "GET /motul-schmierstoffe/modellbau.html HTTP/1.1" 200 30476 "-" "msnbot/2.0b (+http://search.msn.com/msnbot.htm)._"
80.153.167.142 - - [04/Jan/2011:11:30:10 +0100] "GET /skin/frontend/esso/standard/images/jqzoon_lens.png HTTP/1.1" 404 1256 "http://www.markenoele.de/skin/frontend/esso/standard/css/jqzoom.css" "Mozilla/5.0 (Windows; U; Windows NT 5.1; de; rv:1.9.2.13) Gecko/20101203 Firefox/3.6.13"
65.55.25.136 - - [04/Jan/2011:11:30:10 +0100] "GET /motul-schmierstoffe/garten/bio-2t.html HTTP/1.1" 200 30909 "-" "msnbot/2.0b (+http://search.msn.com/msnbot.htm)._"
65.55.25.136 - - [04/Jan/2011:11:30:16 +0100] "GET /motul-schmierstoffe/kart/motorenol.html HTTP/1.1" 200 30873 "-" "msnbot/2.0b (+http://search.msn.com/msnbot.htm)._"
65.55.25.136 - - [04/Jan/2011:11:30:21 +0100] "GET /motul-fanshop-artikel/accessoires/usb-stick.html HTTP/1.1" 200 29109 "-" "msnbot/2.0b (+http://search.msn.com/msnbot.htm)._"
85.180.116.36 - - [04/Jan/2011:11:57:27 +0100] "GET / HTTP/1.1" 302 - "http://www.google.de/search?source=ig&hl=de&rlz=&=&q=motul+%C3%B6l&btnG=Google-Suche&aq=f&oq=" "Mozilla/5.0 (Windows; U; Windows NT 6.0; de; rv:1.9.2.13) Gecko/20101203 Firefox/3.6.13 ( .NET CLR 3.5.30729; .NET4.0C)"
85.180.116.36 - - [04/Jan/2011:11:57:28 +0100] "GET / HTTP/1.1" 200 20687 "http://www.google.de/search?source=ig&hl=de&rlz=&=&q=motul+%C3%B6l&btnG=Google-Suche&aq=f&oq=" "Mozilla/5.0 (Windows; U; Windows NT 6.0; de; rv:1.9.2.13) Gecko/20101203 Firefox/3.6.13 ( .NET CLR 3.5.30729; .NET4.0C)"
85.180.116.36 - - [04/Jan/2011:11:57:30 +0100] "GET /skin/frontend/esso/standard/css/widgets.css HTTP/1.1" 200 4369 "http://www.markenoele.de/" "Mozilla/5.0 (Windows; U; Windows NT 6.0; de; rv:1.9.2.13) Gecko/20101203 Firefox/3.6.13 ( .NET CLR 3.5.30729; .NET4.0C)"
85.180.116.36 - - [04/Jan/2011:11:57:30 +0100] "GET /skin/frontend/esso/standard/css/print.css HTTP/1.1" 200 1580 "http://www.markenoele.de/" "Mozilla/5.0 (Windows; U; Windows NT 6.0; de; rv:1.9.2.13) Gecko/20101203 Firefox/3.6.13 ( .NET CLR 3.5.30729; .NET4.0C)"
85.180.116.36 - - [04/Jan/2011:11:57:30 +0100] "GET /skin/frontend/esso/standard/favicon.ico HTTP/1.1" 200 3638 "-" "Mozilla/5.0 (Windows; U; Windows NT 6.0; de; rv:1.9.2.13) Gecko/20101203 Firefox/3.6.13 ( .NET CLR 3.5.30729; .NET4.0C)"
85.180.116.36 - - [04/Jan/2011:11:57:30 +0100] "GET /js/prototype/validation.js HTTP/1.1" 200 34677 "http://www.markenoele.de/" "Mozilla/5.0 (Windows; U; Windows NT 6.0; de; rv:1.9.2.13) Gecko/20101203 Firefox/3.6.13 ( .NET CLR 3.5.30729; .NET4.0C)"
85.180.116.36 - - [04/Jan/2011:11:57:30 +0100] "GET /js/scriptaculous/builder.js HTTP/1.1" 200 4744 "http://www.markenoele.de/" "Mozilla/5.0 (Windows; U; Windows NT 6.0; de; rv:1.9.2.13) Gecko/20101203 Firefox/3.6.13 ( .NET CLR 3.5.30729; .NET4.0C)"
85.180.116.36 - - [04/Jan/2011:11:57:30 +0100] "GET /js/scriptaculous/dragdrop.js HTTP/1.1" 200 31192 "http://www.markenoele.de/" "Mozilla/5.0 (Windows; U; Windows NT 6.0; de; rv:1.9.2.13) Gecko/20101203 Firefox/3.6.13 ( .NET CLR 3.5.30729; .NET4.0C)"
85.180.116.36 - - [04/Jan/2011:11:57:30 +0100] "GET /js/scriptaculous/controls.js HTTP/1.1" 200 34797 "http://www.markenoele.de/" "Mozilla/5.0 (Windows; U; Windows NT 6.0; de; rv:1.9.2.13) Gecko/20101203 Firefox/3.6.13 ( .NET CLR 3.5.30729; .NET4.0C)"
85.180.116.36 - - [04/Jan/2011:11:57:30 +0100] "GET /js/scriptaculous/slider.js HTTP/1.1" 200 10331 "http://www.markenoele.de/" "Mozilla/5.0 (Windows; U; Windows NT 6.0; de; rv:1.9.2.13) Gecko/20101203 Firefox/3.6.13 ( .NET CLR 3.5.30729; .NET4.0C)"
85.180.116.36 - - [04/Jan/2011:11:57:30 +0100] "GET /skin/frontend/esso/standard/css/styles.css HTTP/1.1" 200 79554 "http://www.markenoele.de/" "Mozilla/5.0 (Windows; U; Windows NT 6.0; de; rv:1.9.2.13) Gecko/20101203 Firefox/3.6.13 ( .NET CLR 3.5.30729; .NET4.0C)"
85.180.116.36 - - [04/Jan/2011:11:57:30 +0100] "GET /js/varien/js.js HTTP/1.1" 200 16581 "http://www.markenoele.de/" "Mozilla/5.0 (Windows; U; Windows NT 6.0; de; rv:1.9.2.13) Gecko/20101203 Firefox/3.6.13 ( .NET CLR 3.5.30729; .NET4.0C)"
85.180.116.36 - - [04/Jan/2011:11:57:30 +0100] "GET /js/prototype/prototype.js HTTP/1.1" 200 129960 "http://www.markenoele.de/" "Mozilla/5.0 (Windows; U; Windows NT 6.0; de; rv:1.9.2.13) Gecko/20101203 Firefox/3.6.13 ( .NET CLR 3.5.30729; .NET4.0C)"
85.180.116.36 - - [04/Jan/2011:11:57:30 +0100] "GET /js/scriptaculous/effects.js HTTP/1.1" 200 38745 "http://www.markenoele.de/" "Mozilla/5.0 (Windows; U; Windows NT 6.0; de; rv:1.9.2.13) Gecko/20101203 Firefox/3.6.13 ( .NET CLR 3.5.30729; .NET4.0C)"
85.180.116.36 - - [04/Jan/2011:11:57:30 +0100] "GET /js/varien/form.js HTTP/1.1" 200 11714 "http://www.markenoele.de/" "Mozilla/5.0 (Windows; U; Windows NT 6.0; de; rv:1.9.2.13) Gecko/20101203 Firefox/3.6.13 ( .NET CLR 3.5.30729; .NET4.0C)"
85.180.116.36 - - [04/Jan/2011:11:57:30 +0100] "GET /skin/frontend/esso/standard/images/logo.png HTTP/1.1" 200 27553 "http://www.markenoele.de/" "Mozilla/5.0 (Windows; U; Windows NT 6.0; de; rv:1.9.2.13) Gecko/20101203 Firefox/3.6.13 ( .NET CLR 3.5.30729; .NET4.0C)"
85.180.116.36 - - [04/Jan/2011:11:57:30 +0100] "GET /skin/frontend/esso/standard/images/icon_lupe_sm.png HTTP/1.1" 200 1235 "http://www.markenoele.de/" "Mozilla/5.0 (Windows; U; Windows NT 6.0; de; rv:1.9.2.13) Gecko/20101203 Firefox/3.6.13 ( .NET CLR 3.5.30729; .NET4.0C)"
85.180.116.36 - - [04/Jan/2011:11:57:30 +0100] "GET /skin/frontend/esso/standard/images/tropf-sm.png HTTP/1.1" 200 1179 "http://www.markenoele.de/" "Mozilla/5.0 (Windows; U; Windows NT 6.0; de; rv:1.9.2.13) Gecko/20101203 Firefox/3.6.13 ( .NET CLR 3.5.30729; .NET4.0C)"
85.180.116.36 - - [04/Jan/2011:11:57:30 +0100] "GET /skin/frontend/esso/standard/images/akt-art-sm.png HTTP/1.1" 200 1091 "http://www.markenoele.de/" "Mozilla/5.0 (Windows; U; Windows NT 6.0; de; rv:1.9.2.13) Gecko/20101203 Firefox/3.6.13 ( .NET CLR 3.5.30729; .NET4.0C)"
85.180.116.36 - - [04/Jan/2011:11:57:30 +0100] "GET /skin/frontend/esso/standard/images/motul_pflege_teaser.png HTTP/1.1" 200 15151 "http://www.markenoele.de/" "Mozilla/5.0 (Windows; U; Windows NT 6.0; de; rv:1.9.2.13) Gecko/20101203 Firefox/3.6.13 ( .NET CLR 3.5.30729; .NET4.0C)"
85.180.116.36 - - [04/Jan/2011:11:57:30 +0100] "GET /skin/frontend/esso/standard/images/siegel.gif HTTP/1.1" 200 3150 "http://www.markenoele.de/" "Mozilla/5.0 (Windows; U; Windows NT 6.0; de; rv:1.9.2.13) Gecko/20101203 Firefox/3.6.13 ( .NET CLR 3.5.30729; .NET4.0C)"
85.180.116.36 - - [04/Jan/2011:11:57:30 +0100] "GET /js/varien/menu.js HTTP/1.1" 200 4426 "http://www.markenoele.de/" "Mozilla/5.0 (Windows; U; Windows NT 6.0; de; rv:1.9.2.13) Gecko/20101203 Firefox/3.6.13 ( .NET CLR 3.5.30729; .NET4.0C)"
85.180.116.36 - - [04/Jan/2011:11:57:31 +0100] "GET /js/mage/translate.js HTTP/1.1" 200 1597 "http://www.markenoele.de/" "Mozilla/5.0 (Windows; U; Windows NT 6.0; de; rv:1.9.2.13) Gecko/20101203 Firefox/3.6.13 ( .NET CLR 3.5.30729; .NET4.0C)"
85.180.116.36 - - [04/Jan/2011:11:57:31 +0100] "GET /js/mage/cookies.js HTTP/1.1" 200 2615 "http://www.markenoele.de/" "Mozilla/5.0 (Windows; U; Windows NT 6.0; de; rv:1.9.2.13) Gecko/20101203 Firefox/3.6.13 ( .NET CLR 3.5.30729; .NET4.0C)"
85.180.116.36 - - [04/Jan/2011:11:57:31 +0100] "GET /skin/frontend/esso/standard/images/search_arrow_right.png HTTP/1.1" 200 662 "http://www.markenoele.de/" "Mozilla/5.0 (Windows; U; Windows NT 6.0; de; rv:1.9.2.13) Gecko/20101203 Firefox/3.6.13 ( .NET CLR 3.5.30729; .NET4.0C)"
85.180.116.36 - - [04/Jan/2011:11:57:31 +0100] "GET /skin/frontend/esso/standard/images/bg_yellow.jpg HTTP/1.1" 200 22020 "http://www.markenoele.de/" "Mozilla/5.0 (Windows; U; Windows NT 6.0; de; rv:1.9.2.13) Gecko/20101203 Firefox/3.6.13 ( .NET CLR 3.5.30729; .NET4.0C)"
85.180.116.36 - - [04/Jan/2011:11:57:31 +0100] "GET /skin/frontend/esso/standard/images/bkg_pipe1.gif HTTP/1.1" 200 44 "http://www.markenoele.de/skin/frontend/esso/standard/css/styles.css" "Mozilla/5.0 (Windows; U; Windows NT 6.0; de; rv:1.9.2.13) Gecko/20101203 Firefox/3.6.13 ( .NET CLR 3.5.30729; .NET4.0C)"
85.180.116.36 - - [04/Jan/2011:11:57:40 +0100] "GET /motul-schmierstoffe.html HTTP/1.1" 200 47642 "http://www.markenoele.de/" "Mozilla/5.0 (Windows; U; Windows NT 6.0; de; rv:1.9.2.13) Gecko/20101203 Firefox/3.6.13 ( .NET CLR 3.5.30729; .NET4.0C)"
85.180.116.36 - - [04/Jan/2011:11:57:42 +0100] "GET /skin/frontend/esso/standard/images/i_pager-next.gif HTTP/1.1" 200 158 "http://www.markenoele.de/motul-schmierstoffe.html" "Mozilla/5.0 (Windows; U; Windows NT 6.0; de; rv:1.9.2.13) Gecko/20101203 Firefox/3.6.13 ( .NET CLR 3.5.30729; .NET4.0C)"
85.180.116.36 - - [04/Jan/2011:11:57:42 +0100] "GET /skin/frontend/esso/standard/images/i_asc_arrow.gif HTTP/1.1" 200 115 "http://www.markenoele.de/motul-schmierstoffe.html" "Mozilla/5.0 (Windows; U; Windows NT 6.0; de; rv:1.9.2.13) Gecko/20101203 Firefox/3.6.13 ( .NET CLR 3.5.30729; .NET4.0C)"
85.180.116.36 - - [04/Jan/2011:11:57:42 +0100] "GET /media/catalog/product/cache/2/small_image/170x/9df78eab33525d08d6e5fb8d27136e95/4/1/4100_power-15w50_5l.jpg HTTP/1.1" 200 8384 "http://www.markenoele.de/motul-schmierstoffe.html" "Mozilla/5.0 (Windows; U; Windows NT 6.0; de; rv:1.9.2.13) Gecko/20101203 Firefox/3.6.13 ( .NET CLR 3.5.30729; .NET4.0C)"
85.180.116.36 - - [04/Jan/2011:11:57:42 +0100] "GET /media/catalog/product/cache/2/small_image/170x/9df78eab33525d08d6e5fb8d27136e95/4/1/4100_power_15w50_1l.jpg HTTP/1.1" 200 7710 "http://www.markenoele.de/motul-schmierstoffe.html" "Mozilla/5.0 (Windows; U; Windows NT 6.0; de; rv:1.9.2.13) Gecko/20101203 Firefox/3.6.13 ( .NET CLR 3.5.30729; .NET4.0C)"
85.180.116.36 - - [04/Jan/2011:11:57:42 +0100] "GET /media/catalog/product/cache/2/small_image/170x/9df78eab33525d08d6e5fb8d27136e95/6/1/6100_synergieplus_10w40_1l.jpg HTTP/1.1" 200 7991 "http://www.markenoele.de/motul-schmierstoffe.html" "Mozilla/5.0 (Windows; U; Windows NT 6.0; de; rv:1.9.2.13) Gecko/20101203 Firefox/3.6.13 ( .NET CLR 3.5.30729; .NET4.0C)"
85.180.116.36 - - [04/Jan/2011:11:57:42 +0100] "GET /media/catalog/product/cache/2/small_image/170x/9df78eab33525d08d6e5fb8d27136e95/6/1/6100_synergieplus_10w40_5l.jpg HTTP/1.1" 200 8701 "http://www.markenoele.de/motul-schmierstoffe.html" "Mozilla/5.0 (Windows; U; Windows NT 6.0; de; rv:1.9.2.13) Gecko/20101203 Firefox/3.6.13 ( .NET CLR 3.5.30729; .NET4.0C)"
85.180.116.36 - - [04/Jan/2011:11:57:42 +0100] "GET /media/catalog/product/cache/2/small_image/170x/9df78eab33525d08d6e5fb8d27136e95/8/1/8100_x-cess_5w40_1l.jpg HTTP/1.1" 200 7747 "http://www.markenoele.de/motul-schmierstoffe.html" "Mozilla/5.0 (Windows; U; Windows NT 6.0; de; rv:1.9.2.13) Gecko/20101203 Firefox/3.6.13 ( .NET CLR 3.5.30729; .NET4.0C)"
85.180.116.36 - - [04/Jan/2011:11:57:42 +0100] "GET /media/catalog/product/cache/2/small_image/170x/9df78eab33525d08d6e5fb8d27136e95/8/1/8100_x-cess_5w40_5l.jpg HTTP/1.1" 200 8326 "http://www.markenoele.de/motul-schmierstoffe.html" "Mozilla/5.0 (Windows; U; Windows NT 6.0; de; rv:1.9.2.13) Gecko/20101203 Firefox/3.6.13 ( .NET CLR 3.5.30729; .NET4.0C)"
85.180.116.36 - - [04/Jan/2011:11:57:42 +0100] "GET /motul-schmierstoffe.html HTTP/1.1" 200 47642 "http://www.markenoele.de/" "Mozilla/5.0 (Windows; U; Windows NT 6.0; de; rv:1.9.2.13) Gecko/20101203 Firefox/3.6.13 ( .NET CLR 3.5.30729; .NET4.0C)"
85.180.116.36 - - [04/Jan/2011:11:57:44 +0100] "GET /media/catalog/product/cache/2/small_image/170x/9df78eab33525d08d6e5fb8d27136e95/4/1/4100_power-15w50_5l.jpg HTTP/1.1" 206 4346 "http://www.markenoele.de/motul-schmierstoffe.html" "Mozilla/5.0 (Windows; U; Windows NT 6.0; de; rv:1.9.2.13) Gecko/20101203 Firefox/3.6.13 ( .NET CLR 3.5.30729; .NET4.0C)"
85.180.116.36 - - [04/Jan/2011:11:57:45 +0100] "GET /media/catalog/product/cache/2/small_image/170x/9df78eab33525d08d6e5fb8d27136e95/4/1/4100_power_15w50_1l.jpg HTTP/1.1" 206 3672 "http://www.markenoele.de/motul-schmierstoffe.html" "Mozilla/5.0 (Windows; U; Windows NT 6.0; de; rv:1.9.2.13) Gecko/20101203 Firefox/3.6.13 ( .NET CLR 3.5.30729; .NET4.0C)"
85.180.116.36 - - [04/Jan/2011:11:57:45 +0100] "GET /media/catalog/product/cache/2/small_image/170x/9df78eab33525d08d6e5fb8d27136e95/8/1/8100_xclean_5w40_1l.jpg HTTP/1.1" 200 7941 "http://www.markenoele.de/motul-schmierstoffe.html" "Mozilla/5.0 (Windows; U; Windows NT 6.0; de; rv:1.9.2.13) Gecko/20101203 Firefox/3.6.13 ( .NET CLR 3.5.30729; .NET4.0C)"
85.180.116.36 - - [04/Jan/2011:11:57:45 +0100] "GET /media/catalog/product/cache/2/small_image/170x/9df78eab33525d08d6e5fb8d27136e95/6/1/6100_synergieplus_10w40_1l.jpg HTTP/1.1" 206 3953 "http://www.markenoele.de/motul-schmierstoffe.html" "Mozilla/5.0 (Windows; U; Windows NT 6.0; de; rv:1.9.2.13) Gecko/20101203 Firefox/3.6.13 ( .NET CLR 3.5.30729; .NET4.0C)"
85.180.116.36 - - [04/Jan/2011:11:57:45 +0100] "GET /media/catalog/product/cache/2/small_image/170x/9df78eab33525d08d6e5fb8d27136e95/6/1/6100_synergieplus_10w40_5l.jpg HTTP/1.1" 200 8701 "http://www.markenoele.de/motul-schmierstoffe.html" "Mozilla/5.0 (Windows; U; Windows NT 6.0; de; rv:1.9.2.13) Gecko/20101203 Firefox/3.6.13 ( .NET CLR 3.5.30729; .NET4.0C)"
85.180.116.36 - - [04/Jan/2011:11:57:45 +0100] "GET /media/catalog/product/cache/2/small_image/170x/9df78eab33525d08d6e5fb8d27136e95/8/1/8100_x-cess_5w40_1l.jpg HTTP/1.1" 200 7747 "http://www.markenoele.de/motul-schmierstoffe.html" "Mozilla/5.0 (Windows; U; Windows NT 6.0; de; rv:1.9.2.13) Gecko/20101203 Firefox/3.6.13 ( .NET CLR 3.5.30729; .NET4.0C)"
85.180.116.36 - - [04/Jan/2011:11:57:45 +0100] "GET /media/catalog/product/cache/2/small_image/170x/9df78eab33525d08d6e5fb8d27136e95/8/1/8100_x-cess_5w40_5l.jpg HTTP/1.1" 200 8326 "http://www.markenoele.de/motul-schmierstoffe.html" "Mozilla/5.0 (Windows; U; Windows NT 6.0; de; rv:1.9.2.13) Gecko/20101203 Firefox/3.6.13 ( .NET CLR 3.5.30729; .NET4.0C)"
85.180.116.36 - - [04/Jan/2011:11:57:45 +0100] "GET /media/catalog/product/cache/2/small_image/170x/9df78eab33525d08d6e5fb8d27136e95/8/1/8100_xclean_5w40_5l.jpg HTTP/1.1" 200 8644 "http://www.markenoele.de/motul-schmierstoffe.html" "Mozilla/5.0 (Windows; U; Windows NT 6.0; de; rv:1.9.2.13) Gecko/20101203 Firefox/3.6.13 ( .NET CLR 3.5.30729; .NET4.0C)"
85.180.116.36 - - [04/Jan/2011:11:57:45 +0100] "GET /media/catalog/product/cache/2/small_image/170x/9df78eab33525d08d6e5fb8d27136e95/s/p/specific_cng_lpg_1l.jpg HTTP/1.1" 200 8019 "http://www.markenoele.de/motul-schmierstoffe.html" "Mozilla/5.0 (Windows; U; Windows NT 6.0; de; rv:1.9.2.13) Gecko/20101203 Firefox/3.6.13 ( .NET CLR 3.5.30729; .NET4.0C)"
85.180.116.36 - - [04/Jan/2011:11:57:45 +0100] "GET /skin/frontend/esso/standard/images/bkg_toolbar.gif HTTP/1.1" 200 154 "http://www.markenoele.de/skin/frontend/esso/standard/css/styles.css" "Mozilla/5.0 (Windows; U; Windows NT 6.0; de; rv:1.9.2.13) Gecko/20101203 Firefox/3.6.13 ( .NET CLR 3.5.30729; .NET4.0C)"
85.180.116.36 - - [04/Jan/2011:11:57:45 +0100] "GET /skin/frontend/esso/standard/images/bkg_btn.png HTTP/1.1" 200 890 "http://www.markenoele.de/skin/frontend/esso/standard/css/styles.css" "Mozilla/5.0 (Windows; U; Windows NT 6.0; de; rv:1.9.2.13) Gecko/20101203 Firefox/3.6.13 ( .NET CLR 3.5.30729; .NET4.0C)"
85.180.116.36 - - [04/Jan/2011:11:57:55 +0100] "GET /motul-schmierstoffe/motul-motorrad.html HTTP/1.1" 200 49189 "http://www.markenoele.de/motul-schmierstoffe.html" "Mozilla/5.0 (Windows; U; Windows NT 6.0; de; rv:1.9.2.13) Gecko/20101203 Firefox/3.6.13 ( .NET CLR 3.5.30729; .NET4.0C)"
85.180.116.36 - - [04/Jan/2011:11:57:57 +0100] "GET /media/catalog/product/cache/2/small_image/170x/9df78eab33525d08d6e5fb8d27136e95/3/0/3000_20w50_1l.jpg HTTP/1.1" 200 7432 "http://www.markenoele.de/motul-schmierstoffe/motul-motorrad.html" "Mozilla/5.0 (Windows; U; Windows NT 6.0; de; rv:1.9.2.13) Gecko/20101203 Firefox/3.6.13 ( .NET CLR 3.5.30729; .NET4.0C)"
85.180.116.36 - - [04/Jan/2011:11:57:57 +0100] "GET /media/catalog/product/cache/2/small_image/170x/9df78eab33525d08d6e5fb8d27136e95/3/0/3000_20w50_4l.jpg HTTP/1.1" 200 8696 "http://www.markenoele.de/motul-schmierstoffe/motul-motorrad.html" "Mozilla/5.0 (Windows; U; Windows NT 6.0; de; rv:1.9.2.13) Gecko/20101203 Firefox/3.6.13 ( .NET CLR 3.5.30729; .NET4.0C)"
85.180.116.36 - - [04/Jan/2011:11:57:57 +0100] "GET /media/catalog/product/cache/2/small_image/170x/9df78eab33525d08d6e5fb8d27136e95/5/1/5100_15w50_1l.jpg HTTP/1.1" 200 7358 "http://www.markenoele.de/motul-schmierstoffe/motul-motorrad.html" "Mozilla/5.0 (Windows; U; Windows NT 6.0; de; rv:1.9.2.13) Gecko/20101203 Firefox/3.6.13 ( .NET CLR 3.5.30729; .NET4.0C)"
85.180.116.36 - - [04/Jan/2011:11:57:57 +0100] "GET /media/catalog/product/cache/2/small_image/170x/9df78eab33525d08d6e5fb8d27136e95/5/1/5100_15w50_4l_1.jpg HTTP/1.1" 200 8378 "http://www.markenoele.de/motul-schmierstoffe/motul-motorrad.html" "Mozilla/5.0 (Windows; U; Windows NT 6.0; de; rv:1.9.2.13) Gecko/20101203 Firefox/3.6.13 ( .NET CLR 3.5.30729; .NET4.0C)"
85.180.116.36 - - [04/Jan/2011:11:57:57 +0100] "GET /media/catalog/product/cache/2/small_image/170x/9df78eab33525d08d6e5fb8d27136e95/5/1/5100_10w40_1l_2.jpg HTTP/1.1" 200 7274 "http://www.markenoele.de/motul-schmierstoffe/motul-motorrad.html" "Mozilla/5.0 (Windows; U; Windows NT 6.0; de; rv:1.9.2.13) Gecko/20101203 Firefox/3.6.13 ( .NET CLR 3.5.30729; .NET4.0C)"
85.180.116.36 - - [04/Jan/2011:11:57:57 +0100] "GET /media/catalog/product/cache/2/small_image/170x/9df78eab33525d08d6e5fb8d27136e95/5/1/5100_10w40_4l_1.jpg HTTP/1.1" 200 8381 "http://www.markenoele.de/motul-schmierstoffe/motul-motorrad.html" "Mozilla/5.0 (Windows; U; Windows NT 6.0; de; rv:1.9.2.13) Gecko/20101203 Firefox/3.6.13 ( .NET CLR 3.5.30729; .NET4.0C)"
85.180.116.36 - - [04/Jan/2011:11:57:57 +0100] "GET /media/catalog/product/cache/2/small_image/170x/9df78eab33525d08d6e5fb8d27136e95/7/1/7100_20w50_1l_1.jpg HTTP/1.1" 200 7819 "http://www.markenoele.de/motul-schmierstoffe/motul-motorrad.html" "Mozilla/5.0 (Windows; U; Windows NT 6.0; de; rv:1.9.2.13) Gecko/20101203 Firefox/3.6.13 ( .NET CLR 3.5.30729; .NET4.0C)"
85.180.116.36 - - [04/Jan/2011:11:57:57 +0100] "GET /media/catalog/product/cache/2/small_image/170x/9df78eab33525d08d6e5fb8d27136e95/7/1/7100_20w50_4l_1.jpg HTTP/1.1" 200 8866 "http://www.markenoele.de/motul-schmierstoffe/motul-motorrad.html" "Mozilla/5.0 (Windows; U; Windows NT 6.0; de; rv:1.9.2.13) Gecko/20101203 Firefox/3.6.13 ( .NET CLR 3.5.30729; .NET4.0C)"
85.180.116.36 - - [04/Jan/2011:11:57:57 +0100] "GET /media/catalog/product/cache/2/small_image/170x/9df78eab33525d08d6e5fb8d27136e95/7/1/7100_10w60_1l_1.jpg HTTP/1.1" 200 7955 "http://www.markenoele.de/motul-schmierstoffe/motul-motorrad.html" "Mozilla/5.0 (Windows; U; Windows NT 6.0; de; rv:1.9.2.13) Gecko/20101203 Firefox/3.6.13 ( .NET CLR 3.5.30729; .NET4.0C)"
85.180.116.36 - - [04/Jan/2011:11:58:14 +0100] "GET /motul-schmierstoffe/motul-motorrad/motul-5100-4t.html HTTP/1.1" 200 30882 "http://www.markenoele.de/motul-schmierstoffe/motul-motorrad.html" "Mozilla/5.0 (Windows; U; Windows NT 6.0; de; rv:1.9.2.13) Gecko/20101203 Firefox/3.6.13 ( .NET CLR 3.5.30729; .NET4.0C)"
85.180.116.36 - - [04/Jan/2011:11:58:16 +0100] "GET /js/calendar/calendar-win2k-1.css HTTP/1.1" 200 5986 "http://www.markenoele.de/motul-schmierstoffe/motul-motorrad/motul-5100-4t.html" "Mozilla/5.0 (Windows; U; Windows NT 6.0; de; rv:1.9.2.13) Gecko/20101203 Firefox/3.6.13 ( .NET CLR 3.5.30729; .NET4.0C)"
85.180.116.36 - - [04/Jan/2011:11:58:16 +0100] "GET /skin/frontend/base/default/css/baseprice.css HTTP/1.1" 404 1256 "http://www.markenoele.de/motul-schmierstoffe/motul-motorrad/motul-5100-4t.html" "Mozilla/5.0 (Windows; U; Windows NT 6.0; de; rv:1.9.2.13) Gecko/20101203 Firefox/3.6.13 ( .NET CLR 3.5.30729; .NET4.0C)"
85.180.116.36 - - [04/Jan/2011:11:58:16 +0100] "GET /skin/frontend/esso/standard/css/jqzoom.css HTTP/1.1" 200 1051 "http://www.markenoele.de/motul-schmierstoffe/motul-motorrad/motul-5100-4t.html" "Mozilla/5.0 (Windows; U; Windows NT 6.0; de; rv:1.9.2.13) Gecko/20101203 Firefox/3.6.13 ( .NET CLR 3.5.30729; .NET4.0C)"
85.180.116.36 - - [04/Jan/2011:11:58:17 +0100] "GET /js/varien/product.js HTTP/1.1" 200 23531 "http://www.markenoele.de/motul-schmierstoffe/motul-motorrad/motul-5100-4t.html" "Mozilla/5.0 (Windows; U; Windows NT 6.0; de; rv:1.9.2.13) Gecko/20101203 Firefox/3.6.13 ( .NET CLR 3.5.30729; .NET4.0C)"
85.180.116.36 - - [04/Jan/2011:11:58:17 +0100] "GET /js/calendar/calendar-setup.js HTTP/1.1" 200 4986 "http://www.markenoele.de/motul-schmierstoffe/motul-motorrad/motul-5100-4t.html" "Mozilla/5.0 (Windows; U; Windows NT 6.0; de; rv:1.9.2.13) Gecko/20101203 Firefox/3.6.13 ( .NET CLR 3.5.30729; .NET4.0C)"
85.180.116.36 - - [04/Jan/2011:11:58:17 +0100] "GET /skin/frontend/esso/standard/js/effects.scale.js HTTP/1.1" 200 7057 "http://www.markenoele.de/motul-schmierstoffe/motul-motorrad/motul-5100-4t.html" "Mozilla/5.0 (Windows; U; Windows NT 6.0; de; rv:1.9.2.13) Gecko/20101203 Firefox/3.6.13 ( .NET CLR 3.5.30729; .NET4.0C)"
85.180.116.36 - - [04/Jan/2011:11:58:17 +0100] "GET /skin/frontend/esso/standard/js/jquery.jqzoom.js HTTP/1.1" 200 5131 "http://www.markenoele.de/motul-schmierstoffe/motul-motorrad/motul-5100-4t.html" "Mozilla/5.0 (Windows; U; Windows NT 6.0; de; rv:1.9.2.13) Gecko/20101203 Firefox/3.6.13 ( .NET CLR 3.5.30729; .NET4.0C)"
85.180.116.36 - - [04/Jan/2011:11:58:17 +0100] "GET /skin/frontend/esso/standard/js/effects.core.js HTTP/1.1" 200 19170 "http://www.markenoele.de/motul-schmierstoffe/motul-motorrad/motul-5100-4t.html" "Mozilla/5.0 (Windows; U; Windows NT 6.0; de; rv:1.9.2.13) Gecko/20101203 Firefox/3.6.13 ( .NET CLR 3.5.30729; .NET4.0C)"
85.180.116.36 - - [04/Jan/2011:11:58:17 +0100] "GET /skin/frontend/esso/standard/js/jquery-1.3.2.min.js HTTP/1.1" 200 57254 "http://www.markenoele.de/motul-schmierstoffe/motul-motorrad/motul-5100-4t.html" "Mozilla/5.0 (Windows; U; Windows NT 6.0; de; rv:1.9.2.13) Gecko/20101203 Firefox/3.6.13 ( .NET CLR 3.5.30729; .NET4.0C)"
85.180.116.36 - - [04/Jan/2011:11:58:17 +0100] "GET /media/catalog/product/cache/2/thumbnail2/250x250/9df78eab33525d08d6e5fb8d27136e95/5/1/5100_15w50_1l.jpg HTTP/1.1" 200 12685 "http://www.markenoele.de/motul-schmierstoffe/motul-motorrad/motul-5100-4t.html" "Mozilla/5.0 (Windows; U; Windows NT 6.0; de; rv:1.9.2.13) Gecko/20101203 Firefox/3.6.13 ( .NET CLR 3.5.30729; .NET4.0C)"
85.180.116.36 - - [04/Jan/2011:11:58:17 +0100] "GET /js/calendar/calendar.js HTTP/1.1" 200 53130 "http://www.markenoele.de/motul-schmierstoffe/motul-motorrad/motul-5100-4t.html" "Mozilla/5.0 (Windows; U; Windows NT 6.0; de; rv:1.9.2.13) Gecko/20101203 Firefox/3.6.13 ( .NET CLR 3.5.30729; .NET4.0C)"
85.180.116.36 - - [04/Jan/2011:11:58:17 +0100] "GET /skin/frontend/esso/standard/images/bkg_tabs.gif HTTP/1.1" 200 151 "http://www.markenoele.de/skin/frontend/esso/standard/css/styles.css" "Mozilla/5.0 (Windows; U; Windows NT 6.0; de; rv:1.9.2.13) Gecko/20101203 Firefox/3.6.13 ( .NET CLR 3.5.30729; .NET4.0C)"
85.180.116.36 - - [04/Jan/2011:11:58:17 +0100] "GET /media/catalog/product/5/1/5100_15w50_1l.jpg HTTP/1.1" 200 2985966 "http://www.markenoele.de/motul-schmierstoffe/motul-motorrad/motul-5100-4t.html" "Mozilla/5.0 (Windows; U; Windows NT 6.0; de; rv:1.9.2.13) Gecko/20101203 Firefox/3.6.13 ( .NET CLR 3.5.30729; .NET4.0C)"
85.180.116.36 - - [04/Jan/2011:11:58:26 +0100] "GET /skin/frontend/esso/standard/images/jqzoon_lens.png HTTP/1.1" 404 1256 "http://www.markenoele.de/skin/frontend/esso/standard/css/jqzoom.css" "Mozilla/5.0 (Windows; U; Windows NT 6.0; de; rv:1.9.2.13) Gecko/20101203 Firefox/3.6.13 ( .NET CLR 3.5.30729; .NET4.0C)"
85.180.116.36 - - [04/Jan/2011:11:58:41 +0100] "GET /motul-schmierstoffe/motul-motorrad/motorenol.html HTTP/1.1" 200 49862 "http://www.markenoele.de/motul-schmierstoffe/motul-motorrad/motul-5100-4t.html" "Mozilla/5.0 (Windows; U; Windows NT 6.0; de; rv:1.9.2.13) Gecko/20101203 Firefox/3.6.13 ( .NET CLR 3.5.30729; .NET4.0C)"
85.180.116.36 - - [04/Jan/2011:11:58:49 +0100] "GET /motul-fanshop-artikel.html HTTP/1.1" 200 46158 "http://www.markenoele.de/motul-schmierstoffe/motul-motorrad/motorenol.html" "Mozilla/5.0 (Windows; U; Windows NT 6.0; de; rv:1.9.2.13) Gecko/20101203 Firefox/3.6.13 ( .NET CLR 3.5.30729; .NET4.0C)"
85.180.116.36 - - [04/Jan/2011:11:58:51 +0100] "GET /media/catalog/product/cache/2/small_image/170x/9df78eab33525d08d6e5fb8d27136e95/h/a/handschuhe.jpg HTTP/1.1" 200 11030 "http://www.markenoele.de/motul-fanshop-artikel.html" "Mozilla/5.0 (Windows; U; Windows NT 6.0; de; rv:1.9.2.13) Gecko/20101203 Firefox/3.6.13 ( .NET CLR 3.5.30729; .NET4.0C)"
