208.115.111.70 - - [06/Jan/2012:01:08:01 +0100] "GET /motul-schmierstoffe/motul-specific-cng-lpg-1l.html HTTP/1.1" 200 31519 "-" "Mozilla/5.0 (compatible; Ezooms/1.0; ezooms.bot@gmail.com)"
188.40.85.200 - - [06/Jan/2012:01:09:37 +0100] "GET /robots.txt HTTP/1.1" 200 918 "-" "Pixray-Seeker/1.1 (Pixray-Seeker; crawler@pixray.com)"
66.249.71.229 - - [06/Jan/2012:01:31:35 +0100] "GET /moto-wash.html HTTP/1.1" 200 30300 "-" "Mozilla/5.0 (compatible; Googlebot/2.1; +http://www.google.com/bot.html)"
220.181.108.144 - - [06/Jan/2012:01:38:13 +0100] "GET /robots.txt HTTP/1.1" 200 918 "-" "Baiduspider+(+http://www.baidu.com/search/spider.htm)"
66.249.71.229 - - [06/Jan/2012:01:51:03 +0100] "GET /motul-gear-ff-competition.html HTTP/1.1" 200 29842 "-" "Mozilla/5.0 (compatible; Googlebot/2.1; +http://www.google.com/bot.html)"
66.249.71.229 - - [06/Jan/2012:01:51:38 +0100] "GET /fork-oil-expert-light.html HTTP/1.1" 200 29683 "-" "Mozilla/5.0 (compatible; Googlebot/2.1; +http://www.google.com/bot.html)"
77.21.147.173 - - [06/Jan/2012:01:59:28 +0100] "GET /zahlung/ HTTP/1.1" 200 24468 "-" "findlinks/2.0.2 (+http://wortschatz.uni-leipzig.de/findlinks/)"
77.21.147.173 - - [06/Jan/2012:01:59:30 +0100] "GET /zahlung/ HTTP/1.1" 200 24468 "-" "findlinks/2.0.2 (+http://wortschatz.uni-leipzig.de/findlinks/)"
66.249.71.229 - - [06/Jan/2012:02:11:12 +0100] "GET /motul-8100-x-clean-c3-1l.html HTTP/1.1" 200 30642 "-" "Mozilla/5.0 (compatible; Googlebot/2.1; +http://www.google.com/bot.html)"
66.249.71.229 - - [06/Jan/2012:02:12:49 +0100] "GET /e-z-clean.html HTTP/1.1" 200 29870 "-" "Mozilla/5.0 (compatible; Googlebot/2.1; +http://www.google.com/bot.html)"
66.249.71.229 - - [06/Jan/2012:02:14:38 +0100] "GET /bio-2t.html HTTP/1.1" 200 29892 "-" "Mozilla/5.0 (compatible; Googlebot/2.1; +http://www.google.com/bot.html)"
46.4.116.100 - - [06/Jan/2012:02:29:56 +0100] "GET /robots.txt HTTP/1.1" 200 918 "-" "Pixray-Seeker/1.1 (Pixray-Seeker; crawler@pixray.com)"
176.9.0.13 - - [06/Jan/2012:02:45:51 +0100] "GET /robots.txt HTTP/1.1" 200 918 "-" "Pixray-Seeker/1.1 (Pixray-Seeker; crawler@pixray.com)"
176.9.0.13 - - [06/Jan/2012:02:45:51 +0100] "GET /robots.txt HTTP/1.1" 200 918 "-" "Pixray-Seeker/1.1 (Pixray-Seeker; crawler@pixray.com)"
176.9.0.13 - - [06/Jan/2012:02:45:51 +0100] "GET /motul-schmierstoffe/quad.html?dir=desc&mode=grid&order=position HTTP/1.1" 200 34060 "-" "Pixray-Seeker/1.1 (Pixray-Seeker; crawler@pixray.com)"
65.52.108.198 - - [06/Jan/2012:02:51:55 +0100] "GET /robots.txt HTTP/1.1" 200 918 "-" "Mozilla/5.0 (compatible; bingbot/2.0; +http://www.bing.com/bingbot.htm)"
66.249.71.229 - - [06/Jan/2012:02:52:03 +0100] "GET /powerjet-2t.html HTTP/1.1" 200 29775 "-" "Mozilla/5.0 (compatible; Googlebot/2.1; +http://www.google.com/bot.html)"
65.52.108.198 - - [06/Jan/2012:02:53:28 +0100] "GET /motul-schmierstoffe/scooter.html HTTP/1.1" 200 36281 "-" "Mozilla/5.0 (compatible; bingbot/2.0; +http://www.bing.com/bingbot.htm)"
66.249.71.229 - - [06/Jan/2012:02:55:46 +0100] "GET /outboard-synth-2t.html HTTP/1.1" 200 30316 "-" "Mozilla/5.0 (compatible; Googlebot/2.1; +http://www.google.com/bot.html)"
66.249.71.229 - - [06/Jan/2012:03:01:19 +0100] "GET /motul-800-2t-factory-line-road-racing.html HTTP/1.1" 200 30001 "-" "Mozilla/5.0 (compatible; Googlebot/2.1; +http://www.google.com/bot.html)"
66.249.71.229 - - [06/Jan/2012:03:08:35 +0100] "GET /motul-dexron-iid-1l.html HTTP/1.1" 200 29962 "-" "Mozilla/5.0 (compatible; Googlebot/2.1; +http://www.google.com/bot.html)"
66.249.71.229 - - [06/Jan/2012:03:08:50 +0100] "GET /motul-710-2t.html HTTP/1.1" 200 30327 "-" "Mozilla/5.0 (compatible; Googlebot/2.1; +http://www.google.com/bot.html)"
66.249.71.229 - - [06/Jan/2012:03:09:06 +0100] "GET /carbu-clean.html HTTP/1.1" 200 30299 "-" "Mozilla/5.0 (compatible; Googlebot/2.1; +http://www.google.com/bot.html)"
66.249.71.229 - - [06/Jan/2012:03:09:21 +0100] "GET /motul-300v-chrono.html HTTP/1.1" 200 30215 "-" "Mozilla/5.0 (compatible; Googlebot/2.1; +http://www.google.com/bot.html)"
176.9.19.103 - - [06/Jan/2012:03:21:22 +0100] "GET /robots.txt HTTP/1.1" 200 918 "-" "Pixray-Seeker/1.1 (Pixray-Seeker; crawler@pixray.com)"
66.249.71.229 - - [06/Jan/2012:03:21:59 +0100] "GET /motul-8100-x-clean-c3-5l-177.html HTTP/1.1" 200 29959 "-" "Mozilla/5.0 (compatible; Googlebot/2.1; +http://www.google.com/bot.html)"
66.249.71.229 - - [06/Jan/2012:03:22:27 +0100] "GET /wash-wax.html HTTP/1.1" 200 30237 "-" "Mozilla/5.0 (compatible; Googlebot/2.1; +http://www.google.com/bot.html)"
66.249.71.229 - - [06/Jan/2012:03:29:42 +0100] "GET /motul-6100-synergie-5l.html HTTP/1.1" 200 29973 "-" "Mozilla/5.0 (compatible; Googlebot/2.1; +http://www.google.com/bot.html)"
66.249.71.229 - - [06/Jan/2012:03:31:18 +0100] "GET /blechschild-pin-up-i.html HTTP/1.1" 200 29325 "-" "Mozilla/5.0 (compatible; Googlebot/2.1; +http://www.google.com/bot.html)"
66.249.71.229 - - [06/Jan/2012:03:32:58 +0100] "GET /tyre-repair.html HTTP/1.1" 200 29934 "-" "Mozilla/5.0 (compatible; Googlebot/2.1; +http://www.google.com/bot.html)"
208.115.111.70 - - [06/Jan/2012:03:38:18 +0100] "GET /robots.txt HTTP/1.1" 200 918 "-" "Mozilla/5.0 (compatible; Ezooms/1.0; ezooms.bot@gmail.com)"
46.4.119.231 - - [06/Jan/2012:03:43:38 +0100] "GET /robots.txt HTTP/1.1" 200 918 "-" "Pixray-Seeker/1.1 (Pixray-Seeker; crawler@pixray.com)"
66.249.71.229 - - [06/Jan/2012:03:45:20 +0100] "GET /motul-schmierstoffe/motul-autoschmierstoffe.html HTTP/1.1" 200 52282 "-" "Mozilla/5.0 (compatible; Googlebot/2.1; +http://www.google.com/bot.html)"
66.249.71.229 - - [06/Jan/2012:03:47:21 +0100] "GET /motul-300v-4t-factory-line.html HTTP/1.1" 200 30020 "-" "Mozilla/5.0 (compatible; Googlebot/2.1; +http://www.google.com/bot.html)"
66.249.71.229 - - [06/Jan/2012:03:52:54 +0100] "GET /motul-specific-504-00-507-00-23.html HTTP/1.1" 200 30792 "-" "Mozilla/5.0 (compatible; Googlebot/2.1; +http://www.google.com/bot.html)"
66.249.71.229 - - [06/Jan/2012:03:55:47 +0100] "GET /motul-8100-x-clean-plus-1l-11.html HTTP/1.1" 200 30168 "-" "Mozilla/5.0 (compatible; Googlebot/2.1; +http://www.google.com/bot.html)"
66.249.71.229 - - [06/Jan/2012:04:05:33 +0100] "GET /powerjet-4t.html HTTP/1.1" 200 29727 "-" "Mozilla/5.0 (compatible; Googlebot/2.1; +http://www.google.com/bot.html)"
66.249.71.229 - - [06/Jan/2012:04:05:51 +0100] "GET /timber-120.html HTTP/1.1" 200 29797 "-" "Mozilla/5.0 (compatible; Googlebot/2.1; +http://www.google.com/bot.html)"
66.249.71.229 - - [06/Jan/2012:04:06:06 +0100] "GET /outboard-tech-4t-81.html HTTP/1.1" 200 30247 "-" "Mozilla/5.0 (compatible; Googlebot/2.1; +http://www.google.com/bot.html)"
66.249.71.229 - - [06/Jan/2012:04:10:59 +0100] "GET /motul-snowpower-2t-1l.html HTTP/1.1" 200 32308 "-" "Mozilla/5.0 (compatible; Googlebot/2.1; +http://www.google.com/bot.html)"
66.249.71.229 - - [06/Jan/2012:04:12:05 +0100] "GET /motul-gear-300.html HTTP/1.1" 200 30107 "-" "Mozilla/5.0 (compatible; Googlebot/2.1; +http://www.google.com/bot.html)"
66.249.71.229 - - [06/Jan/2012:04:13:56 +0100] "GET /chain-lube-factory-line.html HTTP/1.1" 200 30073 "-" "Mozilla/5.0 (compatible; Googlebot/2.1; +http://www.google.com/bot.html)"
66.249.71.229 - - [06/Jan/2012:04:14:11 +0100] "GET /einzelbuchstaben-28-x-5-5-cm.html HTTP/1.1" 200 28683 "-" "Mozilla/5.0 (compatible; Googlebot/2.1; +http://www.google.com/bot.html)"
66.249.71.229 - - [06/Jan/2012:04:28:34 +0100] "GET /top-gel.html HTTP/1.1" 200 29533 "-" "Mozilla/5.0 (compatible; Googlebot/2.1; +http://www.google.com/bot.html)"
66.249.71.229 - - [06/Jan/2012:04:31:16 +0100] "GET /motul-snowpower-4t-4l.html HTTP/1.1" 200 30102 "-" "Mozilla/5.0 (compatible; Googlebot/2.1; +http://www.google.com/bot.html)"
66.249.71.229 - - [06/Jan/2012:04:32:56 +0100] "GET /motul-snowpower-4t-1l.html HTTP/1.1" 200 32012 "-" "Mozilla/5.0 (compatible; Googlebot/2.1; +http://www.google.com/bot.html)"
66.249.71.229 - - [06/Jan/2012:04:34:25 +0100] "GET /angebote-des-monats/ HTTP/1.1" 200 59955 "-" "Mozilla/5.0 (compatible; Googlebot/2.1; +http://www.google.com/bot.html)"
66.249.71.229 - - [06/Jan/2012:04:37:58 +0100] "GET /motul-aufkleber-15-x-4-0-cm.html HTTP/1.1" 200 29302 "-" "Mozilla/5.0 (compatible; Googlebot/2.1; +http://www.google.com/bot.html)"
46.4.116.100 - - [06/Jan/2012:04:38:16 +0100] "GET /robots.txt HTTP/1.1" 200 918 "-" "Pixray-Seeker/1.1 (Pixray-Seeker; crawler@pixray.com)"
46.4.116.100 - - [06/Jan/2012:04:38:16 +0100] "GET /motul-schmierstoffe/marine.html?mode=grid&p=2 HTTP/1.1" 200 50621 "-" "Pixray-Seeker/1.1 (Pixray-Seeker; crawler@pixray.com)"
46.4.116.100 - - [06/Jan/2012:04:39:21 +0100] "GET /motul-zusatzstoffe/kuhlflussigkeit.html?dir=desc&order=position HTTP/1.1" 200 33756 "-" "Pixray-Seeker/1.1 (Pixray-Seeker; crawler@pixray.com)"
78.46.90.27 - - [06/Jan/2012:04:48:36 +0100] "GET /robots.txt HTTP/1.1" 200 918 "-" "Pixray-Seeker/1.1 (Pixray-Seeker; crawler@pixray.com)"
78.46.90.27 - - [06/Jan/2012:04:49:24 +0100] "GET /motul-schmierstoffe/marine/inboard-4t-2l.html HTTP/1.1" 200 32068 "-" "Pixray-Seeker/1.1 (Pixray-Seeker; crawler@pixray.com)"
66.249.71.229 - - [06/Jan/2012:04:51:34 +0100] "GET /motul-8100-x-cess-5l.html HTTP/1.1" 200 29949 "-" "Mozilla/5.0 (compatible; Googlebot/2.1; +http://www.google.com/bot.html)"
66.249.71.229 - - [06/Jan/2012:05:05:55 +0100] "GET /valve-expert.html HTTP/1.1" 200 30123 "-" "Mozilla/5.0 (compatible; Googlebot/2.1; +http://www.google.com/bot.html)"
66.249.71.229 - - [06/Jan/2012:05:06:10 +0100] "GET /motul-scooter-gear-80w90.html HTTP/1.1" 200 30097 "-" "Mozilla/5.0 (compatible; Googlebot/2.1; +http://www.google.com/bot.html)"
188.40.85.200 - - [06/Jan/2012:05:07:54 +0100] "GET /robots.txt HTTP/1.1" 200 918 "-" "Pixray-Seeker/1.1 (Pixray-Seeker; crawler@pixray.com)"
188.40.85.200 - - [06/Jan/2012:05:07:54 +0100] "GET /motul-schmierstoffe/marine.html?mode=list&p=2 HTTP/1.1" 200 55251 "-" "Pixray-Seeker/1.1 (Pixray-Seeker; crawler@pixray.com)"
188.40.85.200 - - [06/Jan/2012:05:07:54 +0100] "GET /motul-schmierstoffe/marine.html?dir=desc&mode=grid&order=position HTTP/1.1" 200 50845 "-" "Pixray-Seeker/1.1 (Pixray-Seeker; crawler@pixray.com)"
208.115.111.70 - - [06/Jan/2012:05:09:31 +0100] "GET /motul-schmierstoffe/motul-autoschmierstoffe/motul-auto-motorenoel/motul-specific-cng-lpg-1l.html HTTP/1.1" 200 32555 "-" "Mozilla/5.0 (compatible; Ezooms/1.0; ezooms.bot@gmail.com)"
208.115.111.70 - - [06/Jan/2012:05:09:45 +0100] "GET /motul-schmierstoffe/snowmobile/motul-snowpower-4t-4l.html HTTP/1.1" 200 32082 "-" "Mozilla/5.0 (compatible; Ezooms/1.0; ezooms.bot@gmail.com)"
208.115.113.86 - - [06/Jan/2012:05:23:20 +0100] "GET /robots.txt HTTP/1.1" 200 918 "-" "Mozilla/5.0 (compatible; Ezooms/1.0; ezooms.bot@gmail.com)"
66.249.71.229 - - [06/Jan/2012:05:25:56 +0100] "GET /motul-classic-motor-oil-65.html HTTP/1.1" 200 29731 "-" "Mozilla/5.0 (compatible; Googlebot/2.1; +http://www.google.com/bot.html)"
176.9.7.28 - - [06/Jan/2012:05:32:00 +0100] "GET /robots.txt HTTP/1.1" 200 918 "-" "Pixray-Seeker/1.1 (Pixray-Seeker; crawler@pixray.com)"
176.9.7.28 - - [06/Jan/2012:05:32:00 +0100] "GET /motul-schmierstoffe/marine/inboard-4t-5l.html HTTP/1.1" 200 32412 "-" "Pixray-Seeker/1.1 (Pixray-Seeker; crawler@pixray.com)"
66.249.71.229 - - [06/Jan/2012:05:43:01 +0100] "GET /outboard-tech-4t.html HTTP/1.1" 200 30240 "-" "Mozilla/5.0 (compatible; Googlebot/2.1; +http://www.google.com/bot.html)"
66.249.71.229 - - [06/Jan/2012:05:45:37 +0100] "GET /motul-aufnaher-11-x-3-8-cm.html HTTP/1.1" 200 29235 "-" "Mozilla/5.0 (compatible; Googlebot/2.1; +http://www.google.com/bot.html)"
66.249.71.229 - - [06/Jan/2012:05:52:48 +0100] "GET /garden-2t.html HTTP/1.1" 200 29691 "-" "Mozilla/5.0 (compatible; Googlebot/2.1; +http://www.google.com/bot.html)"
66.249.71.229 - - [06/Jan/2012:06:06:55 +0100] "GET /motocross-aufkleber.html HTTP/1.1" 200 29244 "-" "Mozilla/5.0 (compatible; Googlebot/2.1; +http://www.google.com/bot.html)"
66.249.71.229 - - [06/Jan/2012:06:25:49 +0100] "GET /motul-4100-power-5l-15w-50.html HTTP/1.1" 200 30608 "-" "Mozilla/5.0 (compatible; Googlebot/2.1; +http://www.google.com/bot.html)"
66.249.71.229 - - [06/Jan/2012:06:45:48 +0100] "GET /e-z-lube-multi-protect.html HTTP/1.1" 200 30286 "-" "Mozilla/5.0 (compatible; Googlebot/2.1; +http://www.google.com/bot.html)"
208.115.113.86 - - [06/Jan/2012:06:47:44 +0100] "GET /motul-pflegeprodukte/auto/e-z-clean.html HTTP/1.1" 200 30817 "-" "Mozilla/5.0 (compatible; Ezooms/1.0; ezooms.bot@gmail.com)"
208.115.113.86 - - [06/Jan/2012:06:47:54 +0100] "GET /motul-schmierstoffe/scooter/motorenol-4-takt.html HTTP/1.1" 200 23752 "-" "Mozilla/5.0 (compatible; Ezooms/1.0; ezooms.bot@gmail.com)"
66.249.71.229 - - [06/Jan/2012:06:53:32 +0100] "GET /blechschild-pin-up-iii.html HTTP/1.1" 200 29349 "-" "Mozilla/5.0 (compatible; Googlebot/2.1; +http://www.google.com/bot.html)"
66.249.71.229 - - [06/Jan/2012:06:53:47 +0100] "GET /outboard-synth-2t-90.html HTTP/1.1" 200 30374 "-" "Mozilla/5.0 (compatible; Googlebot/2.1; +http://www.google.com/bot.html)"
66.249.71.229 - - [06/Jan/2012:07:33:36 +0100] "GET /motul-8100-eco-clean-c1-17.html HTTP/1.1" 200 30129 "-" "Mozilla/5.0 (compatible; Googlebot/2.1; +http://www.google.com/bot.html)"
66.249.71.229 - - [06/Jan/2012:07:34:13 +0100] "GET /600-di-jet-2t.html HTTP/1.1" 200 29787 "-" "Mozilla/5.0 (compatible; Googlebot/2.1; +http://www.google.com/bot.html)"
208.115.111.70 - - [06/Jan/2012:07:36:46 +0100] "GET /robots.txt HTTP/1.1" 200 918 "-" "Mozilla/5.0 (compatible; Ezooms/1.0; ezooms.bot@gmail.com)"
65.52.108.198 - - [06/Jan/2012:07:49:36 +0100] "GET /robots.txt HTTP/1.1" 200 918 "-" "Mozilla/5.0 (compatible; bingbot/2.0; +http://www.bing.com/bingbot.htm)"
65.52.108.198 - - [06/Jan/2012:07:50:41 +0100] "GET /zahlung/ HTTP/1.1" 200 24468 "-" "Mozilla/5.0 (compatible; bingbot/2.0; +http://www.bing.com/bingbot.htm)"
212.91.246.65 - - [06/Jan/2012:08:10:38 +0100] "GET /skin/frontend/default/default/images/logo_email.gif HTTP/1.1" 304 - "-" "Mozilla/4.0 (compatible; MSIE 7.0; Windows NT 6.1; WOW64; Trident/5.0; SLCC2; .NET CLR 2.0.50727; .NET CLR 3.5.30729; .NET CLR 3.0.30729; Media Center PC 6.0; InfoPath.2; .NET4.0C)"
66.249.71.229 - - [06/Jan/2012:08:14:50 +0100] "GET /motul-100-motomix-2t.html HTTP/1.1" 200 29954 "-" "Mozilla/5.0 (compatible; Googlebot/2.1; +http://www.google.com/bot.html)"
66.249.71.229 - - [06/Jan/2012:08:35:53 +0100] "GET /motul-300v-competition-68.html HTTP/1.1" 200 30335 "-" "Mozilla/5.0 (compatible; Googlebot/2.1; +http://www.google.com/bot.html)"
66.249.71.229 - - [06/Jan/2012:08:42:19 +0100] "GET /motul-7100-4t-54.html HTTP/1.1" 200 30032 "-" "Mozilla/5.0 (compatible; Googlebot/2.1; +http://www.google.com/bot.html)"
66.249.71.229 - - [06/Jan/2012:08:54:20 +0100] "GET /motul-6100-synergie-1l.html HTTP/1.1" 200 29921 "-" "Mozilla/5.0 (compatible; Googlebot/2.1; +http://www.google.com/bot.html)"
66.249.71.229 - - [06/Jan/2012:08:54:42 +0100] "GET /fork-oil-light.html HTTP/1.1" 200 29576 "-" "Mozilla/5.0 (compatible; Googlebot/2.1; +http://www.google.com/bot.html)"
66.249.71.229 - - [06/Jan/2012:08:54:56 +0100] "GET /motocool-factory-line.html HTTP/1.1" 200 29657 "-" "Mozilla/5.0 (compatible; Googlebot/2.1; +http://www.google.com/bot.html)"
66.249.71.229 - - [06/Jan/2012:08:55:22 +0100] "GET /motul-4100-power-1l.html HTTP/1.1" 200 32865 "-" "Mozilla/5.0 (compatible; Googlebot/2.1; +http://www.google.com/bot.html)"
208.115.111.70 - - [06/Jan/2012:09:02:23 +0100] "GET /motul-fanshop-artikel/accessoires/aschenbecher.html HTTP/1.1" 200 30184 "-" "Mozilla/5.0 (compatible; Ezooms/1.0; ezooms.bot@gmail.com)"
208.115.111.70 - - [06/Jan/2012:09:02:33 +0100] "GET /motul-gear-300.html HTTP/1.1" 200 30107 "-" "Mozilla/5.0 (compatible; Ezooms/1.0; ezooms.bot@gmail.com)"
208.115.111.70 - - [06/Jan/2012:09:02:44 +0100] "GET /motul-schmierstoffe/motorsport/motorrad.html HTTP/1.1" 200 42509 "-" "Mozilla/5.0 (compatible; Ezooms/1.0; ezooms.bot@gmail.com)"
208.115.111.70 - - [06/Jan/2012:09:02:53 +0100] "GET /motul-zusatzstoffe.html HTTP/1.1" 200 44758 "-" "Mozilla/5.0 (compatible; Ezooms/1.0; ezooms.bot@gmail.com)"
62.154.218.91 - - [06/Jan/2012:09:03:55 +0100] "GET /motul-schmierstoffe/motul-8100-x-cess-1l.html HTTP/1.1" 200 31307 "http://www.google.de/search?hl=de&source=hp&q=8100+X-cess+MOTUL+SAE+5W40&btnG=Google-Suche&gbv=2&oq=8100+X-cess+MOTUL+SAE+5W40&aq=f&aqi=&aql=&gs_sm=s&gs_upl=1156l1156l0l2593l1l1l0l0l0l0l94l94l1l1l0" "Mozilla/4.0 (compatible; MSIE 7.0; Windows NT 5.1; .NET CLR 1.1.4322; .NET CLR 2.0.50727; .NET CLR 3.0.4506.2152; .NET CLR 3.5.30729; InfoPath.1)"
62.154.218.91 - - [06/Jan/2012:09:03:57 +0100] "GET /js/calendar/calendar-win2k-1.css HTTP/1.1" 200 5986 "http://www.markenoele.de/motul-schmierstoffe/motul-8100-x-cess-1l.html" "Mozilla/4.0 (compatible; MSIE 7.0; Windows NT 5.1; .NET CLR 1.1.4322; .NET CLR 2.0.50727; .NET CLR 3.0.4506.2152; .NET CLR 3.5.30729; InfoPath.1)"
62.154.218.91 - - [06/Jan/2012:09:03:58 +0100] "GET /skin/frontend/esso/standard/css/widgets.css HTTP/1.1" 200 4369 "http://www.markenoele.de/motul-schmierstoffe/motul-8100-x-cess-1l.html" "Mozilla/4.0 (compatible; MSIE 7.0; Windows NT 5.1; .NET CLR 1.1.4322; .NET CLR 2.0.50727; .NET CLR 3.0.4506.2152; .NET CLR 3.5.30729; InfoPath.1)"
62.154.218.91 - - [06/Jan/2012:09:03:58 +0100] "GET /skin/frontend/esso/standard/css/styles.css HTTP/1.1" 200 79554 "http://www.markenoele.de/motul-schmierstoffe/motul-8100-x-cess-1l.html" "Mozilla/4.0 (compatible; MSIE 7.0; Windows NT 5.1; .NET CLR 1.1.4322; .NET CLR 2.0.50727; .NET CLR 3.0.4506.2152; .NET CLR 3.5.30729; InfoPath.1)"
62.154.218.91 - - [06/Jan/2012:09:03:58 +0100] "GET /skin/frontend/base/default/css/baseprice.css HTTP/1.1" 404 1256 "http://www.markenoele.de/motul-schmierstoffe/motul-8100-x-cess-1l.html" "Mozilla/4.0 (compatible; MSIE 7.0; Windows NT 5.1; .NET CLR 1.1.4322; .NET CLR 2.0.50727; .NET CLR 3.0.4506.2152; .NET CLR 3.5.30729; InfoPath.1)"
62.154.218.91 - - [06/Jan/2012:09:03:58 +0100] "GET /skin/frontend/esso/standard/css/jqzoom.css HTTP/1.1" 200 1051 "http://www.markenoele.de/motul-schmierstoffe/motul-8100-x-cess-1l.html" "Mozilla/4.0 (compatible; MSIE 7.0; Windows NT 5.1; .NET CLR 1.1.4322; .NET CLR 2.0.50727; .NET CLR 3.0.4506.2152; .NET CLR 3.5.30729; InfoPath.1)"
62.154.218.91 - - [06/Jan/2012:09:03:59 +0100] "GET /skin/frontend/esso/standard/css/print.css HTTP/1.1" 200 1580 "http://www.markenoele.de/motul-schmierstoffe/motul-8100-x-cess-1l.html" "Mozilla/4.0 (compatible; MSIE 7.0; Windows NT 5.1; .NET CLR 1.1.4322; .NET CLR 2.0.50727; .NET CLR 3.0.4506.2152; .NET CLR 3.5.30729; InfoPath.1)"
62.154.218.91 - - [06/Jan/2012:09:03:59 +0100] "GET /js/prototype/prototype.js HTTP/1.1" 200 129960 "http://www.markenoele.de/motul-schmierstoffe/motul-8100-x-cess-1l.html" "Mozilla/4.0 (compatible; MSIE 7.0; Windows NT 5.1; .NET CLR 1.1.4322; .NET CLR 2.0.50727; .NET CLR 3.0.4506.2152; .NET CLR 3.5.30729; InfoPath.1)"
62.154.218.91 - - [06/Jan/2012:09:04:00 +0100] "GET /js/prototype/validation.js HTTP/1.1" 200 34677 "http://www.markenoele.de/motul-schmierstoffe/motul-8100-x-cess-1l.html" "Mozilla/4.0 (compatible; MSIE 7.0; Windows NT 5.1; .NET CLR 1.1.4322; .NET CLR 2.0.50727; .NET CLR 3.0.4506.2152; .NET CLR 3.5.30729; InfoPath.1)"
62.154.218.91 - - [06/Jan/2012:09:04:01 +0100] "GET /js/scriptaculous/builder.js HTTP/1.1" 200 4744 "http://www.markenoele.de/motul-schmierstoffe/motul-8100-x-cess-1l.html" "Mozilla/4.0 (compatible; MSIE 7.0; Windows NT 5.1; .NET CLR 1.1.4322; .NET CLR 2.0.50727; .NET CLR 3.0.4506.2152; .NET CLR 3.5.30729; InfoPath.1)"
62.154.218.91 - - [06/Jan/2012:09:04:01 +0100] "GET /js/scriptaculous/effects.js HTTP/1.1" 200 38745 "http://www.markenoele.de/motul-schmierstoffe/motul-8100-x-cess-1l.html" "Mozilla/4.0 (compatible; MSIE 7.0; Windows NT 5.1; .NET CLR 1.1.4322; .NET CLR 2.0.50727; .NET CLR 3.0.4506.2152; .NET CLR 3.5.30729; InfoPath.1)"
62.154.218.91 - - [06/Jan/2012:09:04:01 +0100] "GET /js/scriptaculous/dragdrop.js HTTP/1.1" 200 31192 "http://www.markenoele.de/motul-schmierstoffe/motul-8100-x-cess-1l.html" "Mozilla/4.0 (compatible; MSIE 7.0; Windows NT 5.1; .NET CLR 1.1.4322; .NET CLR 2.0.50727; .NET CLR 3.0.4506.2152; .NET CLR 3.5.30729; InfoPath.1)"
62.154.218.91 - - [06/Jan/2012:09:04:02 +0100] "GET /js/scriptaculous/controls.js HTTP/1.1" 200 34797 "http://www.markenoele.de/motul-schmierstoffe/motul-8100-x-cess-1l.html" "Mozilla/4.0 (compatible; MSIE 7.0; Windows NT 5.1; .NET CLR 1.1.4322; .NET CLR 2.0.50727; .NET CLR 3.0.4506.2152; .NET CLR 3.5.30729; InfoPath.1)"
62.154.218.91 - - [06/Jan/2012:09:04:02 +0100] "GET /js/scriptaculous/slider.js HTTP/1.1" 200 10331 "http://www.markenoele.de/motul-schmierstoffe/motul-8100-x-cess-1l.html" "Mozilla/4.0 (compatible; MSIE 7.0; Windows NT 5.1; .NET CLR 1.1.4322; .NET CLR 2.0.50727; .NET CLR 3.0.4506.2152; .NET CLR 3.5.30729; InfoPath.1)"
62.154.218.91 - - [06/Jan/2012:09:04:03 +0100] "GET /js/varien/js.js HTTP/1.1" 200 16581 "http://www.markenoele.de/motul-schmierstoffe/motul-8100-x-cess-1l.html" "Mozilla/4.0 (compatible; MSIE 7.0; Windows NT 5.1; .NET CLR 1.1.4322; .NET CLR 2.0.50727; .NET CLR 3.0.4506.2152; .NET CLR 3.5.30729; InfoPath.1)"
62.154.218.91 - - [06/Jan/2012:09:04:03 +0100] "GET /js/varien/form.js HTTP/1.1" 200 11714 "http://www.markenoele.de/motul-schmierstoffe/motul-8100-x-cess-1l.html" "Mozilla/4.0 (compatible; MSIE 7.0; Windows NT 5.1; .NET CLR 1.1.4322; .NET CLR 2.0.50727; .NET CLR 3.0.4506.2152; .NET CLR 3.5.30729; InfoPath.1)"
62.154.218.91 - - [06/Jan/2012:09:04:04 +0100] "GET /js/varien/menu.js HTTP/1.1" 200 4426 "http://www.markenoele.de/motul-schmierstoffe/motul-8100-x-cess-1l.html" "Mozilla/4.0 (compatible; MSIE 7.0; Windows NT 5.1; .NET CLR 1.1.4322; .NET CLR 2.0.50727; .NET CLR 3.0.4506.2152; .NET CLR 3.5.30729; InfoPath.1)"
62.154.218.91 - - [06/Jan/2012:09:04:04 +0100] "GET /js/mage/translate.js HTTP/1.1" 200 1597 "http://www.markenoele.de/motul-schmierstoffe/motul-8100-x-cess-1l.html" "Mozilla/4.0 (compatible; MSIE 7.0; Windows NT 5.1; .NET CLR 1.1.4322; .NET CLR 2.0.50727; .NET CLR 3.0.4506.2152; .NET CLR 3.5.30729; InfoPath.1)"
62.154.218.91 - - [06/Jan/2012:09:04:05 +0100] "GET /js/mage/cookies.js HTTP/1.1" 200 2615 "http://www.markenoele.de/motul-schmierstoffe/motul-8100-x-cess-1l.html" "Mozilla/4.0 (compatible; MSIE 7.0; Windows NT 5.1; .NET CLR 1.1.4322; .NET CLR 2.0.50727; .NET CLR 3.0.4506.2152; .NET CLR 3.5.30729; InfoPath.1)"
62.154.218.91 - - [06/Jan/2012:09:04:05 +0100] "GET /js/varien/product.js HTTP/1.1" 200 23531 "http://www.markenoele.de/motul-schmierstoffe/motul-8100-x-cess-1l.html" "Mozilla/4.0 (compatible; MSIE 7.0; Windows NT 5.1; .NET CLR 1.1.4322; .NET CLR 2.0.50727; .NET CLR 3.0.4506.2152; .NET CLR 3.5.30729; InfoPath.1)"
62.154.218.91 - - [06/Jan/2012:09:04:05 +0100] "GET /js/calendar/calendar.js HTTP/1.1" 200 53130 "http://www.markenoele.de/motul-schmierstoffe/motul-8100-x-cess-1l.html" "Mozilla/4.0 (compatible; MSIE 7.0; Windows NT 5.1; .NET CLR 1.1.4322; .NET CLR 2.0.50727; .NET CLR 3.0.4506.2152; .NET CLR 3.5.30729; InfoPath.1)"
62.154.218.91 - - [06/Jan/2012:09:04:06 +0100] "GET /js/calendar/calendar-setup.js HTTP/1.1" 200 4986 "http://www.markenoele.de/motul-schmierstoffe/motul-8100-x-cess-1l.html" "Mozilla/4.0 (compatible; MSIE 7.0; Windows NT 5.1; .NET CLR 1.1.4322; .NET CLR 2.0.50727; .NET CLR 3.0.4506.2152; .NET CLR 3.5.30729; InfoPath.1)"
62.154.218.91 - - [06/Jan/2012:09:04:07 +0100] "GET /skin/frontend/esso/standard/js/jquery-1.3.2.min.js HTTP/1.1" 200 57254 "http://www.markenoele.de/motul-schmierstoffe/motul-8100-x-cess-1l.html" "Mozilla/4.0 (compatible; MSIE 7.0; Windows NT 5.1; .NET CLR 1.1.4322; .NET CLR 2.0.50727; .NET CLR 3.0.4506.2152; .NET CLR 3.5.30729; InfoPath.1)"
62.154.218.91 - - [06/Jan/2012:09:04:07 +0100] "GET /skin/frontend/esso/standard/js/jquery.jqzoom.js HTTP/1.1" 200 5131 "http://www.markenoele.de/motul-schmierstoffe/motul-8100-x-cess-1l.html" "Mozilla/4.0 (compatible; MSIE 7.0; Windows NT 5.1; .NET CLR 1.1.4322; .NET CLR 2.0.50727; .NET CLR 3.0.4506.2152; .NET CLR 3.5.30729; InfoPath.1)"
62.154.218.91 - - [06/Jan/2012:09:04:08 +0100] "GET /skin/frontend/esso/standard/js/effects.core.js HTTP/1.1" 200 19170 "http://www.markenoele.de/motul-schmierstoffe/motul-8100-x-cess-1l.html" "Mozilla/4.0 (compatible; MSIE 7.0; Windows NT 5.1; .NET CLR 1.1.4322; .NET CLR 2.0.50727; .NET CLR 3.0.4506.2152; .NET CLR 3.5.30729; InfoPath.1)"
62.154.218.91 - - [06/Jan/2012:09:04:08 +0100] "GET /skin/frontend/esso/standard/js/effects.scale.js HTTP/1.1" 200 7057 "http://www.markenoele.de/motul-schmierstoffe/motul-8100-x-cess-1l.html" "Mozilla/4.0 (compatible; MSIE 7.0; Windows NT 5.1; .NET CLR 1.1.4322; .NET CLR 2.0.50727; .NET CLR 3.0.4506.2152; .NET CLR 3.5.30729; InfoPath.1)"
62.154.218.91 - - [06/Jan/2012:09:04:09 +0100] "GET /skin/frontend/esso/standard/css/styles-ie.css HTTP/1.1" 200 4778 "http://www.markenoele.de/motul-schmierstoffe/motul-8100-x-cess-1l.html" "Mozilla/4.0 (compatible; MSIE 7.0; Windows NT 5.1; .NET CLR 1.1.4322; .NET CLR 2.0.50727; .NET CLR 3.0.4506.2152; .NET CLR 3.5.30729; InfoPath.1)"
62.154.218.91 - - [06/Jan/2012:09:04:10 +0100] "GET /skin/frontend/esso/standard/images/logo.png HTTP/1.1" 200 27553 "http://www.markenoele.de/motul-schmierstoffe/motul-8100-x-cess-1l.html" "Mozilla/4.0 (compatible; MSIE 7.0; Windows NT 5.1; .NET CLR 1.1.4322; .NET CLR 2.0.50727; .NET CLR 3.0.4506.2152; .NET CLR 3.5.30729; InfoPath.1)"
62.154.218.91 - - [06/Jan/2012:09:04:10 +0100] "GET /skin/frontend/esso/standard/images/icon_lupe_sm.png HTTP/1.1" 200 1235 "http://www.markenoele.de/motul-schmierstoffe/motul-8100-x-cess-1l.html" "Mozilla/4.0 (compatible; MSIE 7.0; Windows NT 5.1; .NET CLR 1.1.4322; .NET CLR 2.0.50727; .NET CLR 3.0.4506.2152; .NET CLR 3.5.30729; InfoPath.1)"
62.154.218.91 - - [06/Jan/2012:09:04:11 +0100] "GET /skin/frontend/esso/standard/images/tropf-sm.png HTTP/1.1" 200 1179 "http://www.markenoele.de/motul-schmierstoffe/motul-8100-x-cess-1l.html" "Mozilla/4.0 (compatible; MSIE 7.0; Windows NT 5.1; .NET CLR 1.1.4322; .NET CLR 2.0.50727; .NET CLR 3.0.4506.2152; .NET CLR 3.5.30729; InfoPath.1)"
62.154.218.91 - - [06/Jan/2012:09:04:11 +0100] "GET /skin/frontend/esso/standard/images/akt-art-sm.png HTTP/1.1" 200 1091 "http://www.markenoele.de/motul-schmierstoffe/motul-8100-x-cess-1l.html" "Mozilla/4.0 (compatible; MSIE 7.0; Windows NT 5.1; .NET CLR 1.1.4322; .NET CLR 2.0.50727; .NET CLR 3.0.4506.2152; .NET CLR 3.5.30729; InfoPath.1)"
62.154.218.91 - - [06/Jan/2012:09:04:11 +0100] "GET /media/catalog/product/cache/2/thumbnail2/250x250/9df78eab33525d08d6e5fb8d27136e95/8/1/8100_x-cess_5w40_1l.jpg HTTP/1.1" 200 14142 "http://www.markenoele.de/motul-schmierstoffe/motul-8100-x-cess-1l.html" "Mozilla/4.0 (compatible; MSIE 7.0; Windows NT 5.1; .NET CLR 1.1.4322; .NET CLR 2.0.50727; .NET CLR 3.0.4506.2152; .NET CLR 3.5.30729; InfoPath.1)"
62.154.218.91 - - [06/Jan/2012:09:04:11 +0100] "GET /skin/frontend/esso/standard/images/search_arrow_right.png HTTP/1.1" 200 662 "http://www.markenoele.de/motul-schmierstoffe/motul-8100-x-cess-1l.html" "Mozilla/4.0 (compatible; MSIE 7.0; Windows NT 5.1; .NET CLR 1.1.4322; .NET CLR 2.0.50727; .NET CLR 3.0.4506.2152; .NET CLR 3.5.30729; InfoPath.1)"
62.154.218.91 - - [06/Jan/2012:09:04:12 +0100] "GET /skin/frontend/esso/standard/images/bkg_btn.png HTTP/1.1" 200 890 "http://www.markenoele.de/motul-schmierstoffe/motul-8100-x-cess-1l.html" "Mozilla/4.0 (compatible; MSIE 7.0; Windows NT 5.1; .NET CLR 1.1.4322; .NET CLR 2.0.50727; .NET CLR 3.0.4506.2152; .NET CLR 3.5.30729; InfoPath.1)"
62.154.218.91 - - [06/Jan/2012:09:04:12 +0100] "GET /skin/frontend/esso/standard/images/bkg_tabs.gif HTTP/1.1" 200 151 "http://www.markenoele.de/motul-schmierstoffe/motul-8100-x-cess-1l.html" "Mozilla/4.0 (compatible; MSIE 7.0; Windows NT 5.1; .NET CLR 1.1.4322; .NET CLR 2.0.50727; .NET CLR 3.0.4506.2152; .NET CLR 3.5.30729; InfoPath.1)"
62.154.218.91 - - [06/Jan/2012:09:04:12 +0100] "GET /skin/frontend/esso/standard/images/motul_pflege_teaser.png HTTP/1.1" 200 15151 "http://www.markenoele.de/motul-schmierstoffe/motul-8100-x-cess-1l.html" "Mozilla/4.0 (compatible; MSIE 7.0; Windows NT 5.1; .NET CLR 1.1.4322; .NET CLR 2.0.50727; .NET CLR 3.0.4506.2152; .NET CLR 3.5.30729; InfoPath.1)"
62.154.218.91 - - [06/Jan/2012:09:04:12 +0100] "GET /skin/frontend/esso/standard/images/siegel.gif HTTP/1.1" 200 3150 "http://www.markenoele.de/motul-schmierstoffe/motul-8100-x-cess-1l.html" "Mozilla/4.0 (compatible; MSIE 7.0; Windows NT 5.1; .NET CLR 1.1.4322; .NET CLR 2.0.50727; .NET CLR 3.0.4506.2152; .NET CLR 3.5.30729; InfoPath.1)"
62.154.218.91 - - [06/Jan/2012:09:04:14 +0100] "GET /skin/frontend/esso/standard/images/bg_yellow.jpg HTTP/1.1" 200 22020 "http://www.markenoele.de/motul-schmierstoffe/motul-8100-x-cess-1l.html" "Mozilla/4.0 (compatible; MSIE 7.0; Windows NT 5.1; .NET CLR 1.1.4322; .NET CLR 2.0.50727; .NET CLR 3.0.4506.2152; .NET CLR 3.5.30729; InfoPath.1)"
62.154.218.91 - - [06/Jan/2012:09:04:14 +0100] "GET /skin/frontend/esso/standard/images/bkg_pipe1.gif HTTP/1.1" 200 44 "http://www.markenoele.de/motul-schmierstoffe/motul-8100-x-cess-1l.html" "Mozilla/4.0 (compatible; MSIE 7.0; Windows NT 5.1; .NET CLR 1.1.4322; .NET CLR 2.0.50727; .NET CLR 3.0.4506.2152; .NET CLR 3.5.30729; InfoPath.1)"
66.249.71.229 - - [06/Jan/2012:09:04:11 +0100] "GET /poloshirt-sw-herren-1.html HTTP/1.1" 200 36656 "-" "Mozilla/5.0 (compatible; Googlebot/2.1; +http://www.google.com/bot.html)"
62.154.218.91 - - [06/Jan/2012:09:04:14 +0100] "GET /media/catalog/product/8/1/8100_x-cess_5w40_1l.jpg HTTP/1.1" 200 3084148 "http://www.markenoele.de/motul-schmierstoffe/motul-8100-x-cess-1l.html" "Mozilla/4.0 (compatible; MSIE 7.0; Windows NT 5.1; .NET CLR 1.1.4322; .NET CLR 2.0.50727; .NET CLR 3.0.4506.2152; .NET CLR 3.5.30729; InfoPath.1)"
62.154.218.91 - - [06/Jan/2012:09:04:33 +0100] "GET /skin/frontend/esso/standard/favicon.ico HTTP/1.1" 200 3638 "-" "Mozilla/4.0 (compatible; MSIE 7.0; Windows NT 5.1; .NET CLR 1.1.4322; .NET CLR 2.0.50727; .NET CLR 3.0.4506.2152; .NET CLR 3.5.30729; InfoPath.1)"
62.154.218.91 - - [06/Jan/2012:09:05:54 +0100] "GET /skin/frontend/esso/standard/images/jqzoon_lens.png HTTP/1.1" 404 1256 "http://www.markenoele.de/motul-schmierstoffe/motul-8100-x-cess-1l.html" "Mozilla/4.0 (compatible; MSIE 7.0; Windows NT 5.1; .NET CLR 1.1.4322; .NET CLR 2.0.50727; .NET CLR 3.0.4506.2152; .NET CLR 3.5.30729; InfoPath.1)"
62.154.218.91 - - [06/Jan/2012:09:05:55 +0100] "GET /motul-schmierstoffe/motul-autoschmierstoffe.html HTTP/1.1" 200 52282 "http://www.markenoele.de/motul-schmierstoffe/motul-8100-x-cess-1l.html" "Mozilla/4.0 (compatible; MSIE 7.0; Windows NT 5.1; .NET CLR 1.1.4322; .NET CLR 2.0.50727; .NET CLR 3.0.4506.2152; .NET CLR 3.5.30729; InfoPath.1)"
62.154.218.91 - - [06/Jan/2012:09:05:59 +0100] "GET /skin/frontend/esso/standard/images/i_pager-next.gif HTTP/1.1" 200 158 "http://www.markenoele.de/motul-schmierstoffe/motul-autoschmierstoffe.html" "Mozilla/4.0 (compatible; MSIE 7.0; Windows NT 5.1; .NET CLR 1.1.4322; .NET CLR 2.0.50727; .NET CLR 3.0.4506.2152; .NET CLR 3.5.30729; InfoPath.1)"
62.154.218.91 - - [06/Jan/2012:09:05:59 +0100] "GET /skin/frontend/esso/standard/images/i_asc_arrow.gif HTTP/1.1" 200 115 "http://www.markenoele.de/motul-schmierstoffe/motul-autoschmierstoffe.html" "Mozilla/4.0 (compatible; MSIE 7.0; Windows NT 5.1; .NET CLR 1.1.4322; .NET CLR 2.0.50727; .NET CLR 3.0.4506.2152; .NET CLR 3.5.30729; InfoPath.1)"
62.154.218.91 - - [06/Jan/2012:09:05:59 +0100] "GET /media/catalog/product/cache/2/small_image/170x/9df78eab33525d08d6e5fb8d27136e95/4/1/4100_power-15w50_5l.jpg HTTP/1.1" 200 8384 "http://www.markenoele.de/motul-schmierstoffe/motul-autoschmierstoffe.html" "Mozilla/4.0 (compatible; MSIE 7.0; Windows NT 5.1; .NET CLR 1.1.4322; .NET CLR 2.0.50727; .NET CLR 3.0.4506.2152; .NET CLR 3.5.30729; InfoPath.1)"
62.154.218.91 - - [06/Jan/2012:09:05:59 +0100] "GET /media/catalog/product/cache/2/small_image/170x/9df78eab33525d08d6e5fb8d27136e95/4/1/4100_power_15w50_1l.jpg HTTP/1.1" 200 7710 "http://www.markenoele.de/motul-schmierstoffe/motul-autoschmierstoffe.html" "Mozilla/4.0 (compatible; MSIE 7.0; Windows NT 5.1; .NET CLR 1.1.4322; .NET CLR 2.0.50727; .NET CLR 3.0.4506.2152; .NET CLR 3.5.30729; InfoPath.1)"
62.154.218.91 - - [06/Jan/2012:09:06:00 +0100] "GET /media/catalog/product/cache/2/small_image/170x/9df78eab33525d08d6e5fb8d27136e95/6/1/6100_synergieplus_10w40_1l.jpg HTTP/1.1" 200 7991 "http://www.markenoele.de/motul-schmierstoffe/motul-autoschmierstoffe.html" "Mozilla/4.0 (compatible; MSIE 7.0; Windows NT 5.1; .NET CLR 1.1.4322; .NET CLR 2.0.50727; .NET CLR 3.0.4506.2152; .NET CLR 3.5.30729; InfoPath.1)"
62.154.218.91 - - [06/Jan/2012:09:06:00 +0100] "GET /media/catalog/product/cache/2/small_image/170x/9df78eab33525d08d6e5fb8d27136e95/6/1/6100_synergieplus_10w40_5l.jpg HTTP/1.1" 200 8701 "http://www.markenoele.de/motul-schmierstoffe/motul-autoschmierstoffe.html" "Mozilla/4.0 (compatible; MSIE 7.0; Windows NT 5.1; .NET CLR 1.1.4322; .NET CLR 2.0.50727; .NET CLR 3.0.4506.2152; .NET CLR 3.5.30729; InfoPath.1)"
62.154.218.91 - - [06/Jan/2012:09:06:00 +0100] "GET /media/catalog/product/cache/2/small_image/170x/9df78eab33525d08d6e5fb8d27136e95/8/1/8100_x-cess_5w40_1l.jpg HTTP/1.1" 200 7747 "http://www.markenoele.de/motul-schmierstoffe/motul-autoschmierstoffe.html" "Mozilla/4.0 (compatible; MSIE 7.0; Windows NT 5.1; .NET CLR 1.1.4322; .NET CLR 2.0.50727; .NET CLR 3.0.4506.2152; .NET CLR 3.5.30729; InfoPath.1)"
62.154.218.91 - - [06/Jan/2012:09:06:01 +0100] "GET /media/catalog/product/cache/2/small_image/170x/9df78eab33525d08d6e5fb8d27136e95/8/1/8100_x-cess_5w40_5l.jpg HTTP/1.1" 200 8326 "http://www.markenoele.de/motul-schmierstoffe/motul-autoschmierstoffe.html" "Mozilla/4.0 (compatible; MSIE 7.0; Windows NT 5.1; .NET CLR 1.1.4322; .NET CLR 2.0.50727; .NET CLR 3.0.4506.2152; .NET CLR 3.5.30729; InfoPath.1)"
62.154.218.91 - - [06/Jan/2012:09:06:01 +0100] "GET /media/catalog/product/cache/2/small_image/170x/9df78eab33525d08d6e5fb8d27136e95/8/1/8100_xclean_5w40_1l.jpg HTTP/1.1" 200 7941 "http://www.markenoele.de/motul-schmierstoffe/motul-autoschmierstoffe.html" "Mozilla/4.0 (compatible; MSIE 7.0; Windows NT 5.1; .NET CLR 1.1.4322; .NET CLR 2.0.50727; .NET CLR 3.0.4506.2152; .NET CLR 3.5.30729; InfoPath.1)"
62.154.218.91 - - [06/Jan/2012:09:06:01 +0100] "GET /media/catalog/product/cache/2/small_image/170x/9df78eab33525d08d6e5fb8d27136e95/8/1/8100_xclean_5w40_5l.jpg HTTP/1.1" 200 8644 "http://www.markenoele.de/motul-schmierstoffe/motul-autoschmierstoffe.html" "Mozilla/4.0 (compatible; MSIE 7.0; Windows NT 5.1; .NET CLR 1.1.4322; .NET CLR 2.0.50727; .NET CLR 3.0.4506.2152; .NET CLR 3.5.30729; InfoPath.1)"
62.154.218.91 - - [06/Jan/2012:09:06:02 +0100] "GET /media/catalog/product/cache/2/small_image/170x/9df78eab33525d08d6e5fb8d27136e95/s/p/specific_cng_lpg_1l.jpg HTTP/1.1" 200 8019 "http://www.markenoele.de/motul-schmierstoffe/motul-autoschmierstoffe.html" "Mozilla/4.0 (compatible; MSIE 7.0; Windows NT 5.1; .NET CLR 1.1.4322; .NET CLR 2.0.50727; .NET CLR 3.0.4506.2152; .NET CLR 3.5.30729; InfoPath.1)"
62.154.218.91 - - [06/Jan/2012:09:06:02 +0100] "GET /skin/frontend/esso/standard/images/bkg_toolbar.gif HTTP/1.1" 200 154 "http://www.markenoele.de/motul-schmierstoffe/motul-autoschmierstoffe.html" "Mozilla/4.0 (compatible; MSIE 7.0; Windows NT 5.1; .NET CLR 1.1.4322; .NET CLR 2.0.50727; .NET CLR 3.0.4506.2152; .NET CLR 3.5.30729; InfoPath.1)"
62.154.218.91 - - [06/Jan/2012:09:06:18 +0100] "GET /motul-schmierstoffe/motul-autoschmierstoffe/motul-specific-cng-lpg-1l.html HTTP/1.1" 200 32167 "http://www.markenoele.de/motul-schmierstoffe/motul-autoschmierstoffe.html" "Mozilla/4.0 (compatible; MSIE 7.0; Windows NT 5.1; .NET CLR 1.1.4322; .NET CLR 2.0.50727; .NET CLR 3.0.4506.2152; .NET CLR 3.5.30729; InfoPath.1)"
62.154.218.91 - - [06/Jan/2012:09:06:21 +0100] "GET /skin/frontend/base/default/css/baseprice.css HTTP/1.1" 404 1256 "http://www.markenoele.de/motul-schmierstoffe/motul-autoschmierstoffe/motul-specific-cng-lpg-1l.html" "Mozilla/4.0 (compatible; MSIE 7.0; Windows NT 5.1; .NET CLR 1.1.4322; .NET CLR 2.0.50727; .NET CLR 3.0.4506.2152; .NET CLR 3.5.30729; InfoPath.1)"
62.154.218.91 - - [06/Jan/2012:09:06:22 +0100] "GET /media/catalog/product/cache/2/thumbnail2/250x250/9df78eab33525d08d6e5fb8d27136e95/s/p/specific_cng_lpg_1l.jpg HTTP/1.1" 200 14404 "http://www.markenoele.de/motul-schmierstoffe/motul-autoschmierstoffe/motul-specific-cng-lpg-1l.html" "Mozilla/4.0 (compatible; MSIE 7.0; Windows NT 5.1; .NET CLR 1.1.4322; .NET CLR 2.0.50727; .NET CLR 3.0.4506.2152; .NET CLR 3.5.30729; InfoPath.1)"
62.154.218.91 - - [06/Jan/2012:09:06:22 +0100] "GET /media/catalog/product/s/p/specific_cng_lpg_1l.jpg HTTP/1.1" 200 1889142 "http://www.markenoele.de/motul-schmierstoffe/motul-autoschmierstoffe/motul-specific-cng-lpg-1l.html" "Mozilla/4.0 (compatible; MSIE 7.0; Windows NT 5.1; .NET CLR 1.1.4322; .NET CLR 2.0.50727; .NET CLR 3.0.4506.2152; .NET CLR 3.5.30729; InfoPath.1)"
62.154.218.91 - - [06/Jan/2012:09:06:36 +0100] "GET /motul-schmierstoffe/motul-autoschmierstoffe.html HTTP/1.1" 200 52282 "http://www.markenoele.de/motul-schmierstoffe/motul-8100-x-cess-1l.html" "Mozilla/4.0 (compatible; MSIE 7.0; Windows NT 5.1; .NET CLR 1.1.4322; .NET CLR 2.0.50727; .NET CLR 3.0.4506.2152; .NET CLR 3.5.30729; InfoPath.1)"
62.154.218.91 - - [06/Jan/2012:09:06:38 +0100] "GET /motul-schmierstoffe/motul-8100-x-cess-1l.html HTTP/1.1" 200 31307 "http://www.google.de/search?hl=de&source=hp&q=8100+X-cess+MOTUL+SAE+5W40&btnG=Google-Suche&gbv=2&oq=8100+X-cess+MOTUL+SAE+5W40&aq=f&aqi=&aql=&gs_sm=s&gs_upl=1156l1156l0l2593l1l1l0l0l0l0l94l94l1l1l0" "Mozilla/4.0 (compatible; MSIE 7.0; Windows NT 5.1; .NET CLR 1.1.4322; .NET CLR 2.0.50727; .NET CLR 3.0.4506.2152; .NET CLR 3.5.30729; InfoPath.1)"
62.154.218.91 - - [06/Jan/2012:09:06:40 +0100] "GET /skin/frontend/base/default/css/baseprice.css HTTP/1.1" 404 1256 "http://www.markenoele.de/motul-schmierstoffe/motul-8100-x-cess-1l.html" "Mozilla/4.0 (compatible; MSIE 7.0; Windows NT 5.1; .NET CLR 1.1.4322; .NET CLR 2.0.50727; .NET CLR 3.0.4506.2152; .NET CLR 3.5.30729; InfoPath.1)"
66.249.71.229 - - [06/Jan/2012:09:07:37 +0100] "GET /motul-8100-eco-clean-c1-17.html HTTP/1.1" 200 30129 "-" "Mozilla/5.0 (iPhone; U; CPU iPhone OS 4_1 like Mac OS X; en-us) AppleWebKit/532.9 (KHTML, like Gecko) Version/4.0.5 Mobile/8B117 Safari/6531.22.7 (compatible; Googlebot-Mobile/2.1; +http://www.google.com/bot.html)"
208.115.113.86 - - [06/Jan/2012:09:20:34 +0100] "GET /robots.txt HTTP/1.1" 200 918 "-" "Mozilla/5.0 (compatible; Ezooms/1.0; ezooms.bot@gmail.com)"
66.249.71.229 - - [06/Jan/2012:09:33:23 +0100] "GET /motul-specific-504-00-507-00.html HTTP/1.1" 200 30734 "-" "Mozilla/5.0 (compatible; Googlebot/2.1; +http://www.google.com/bot.html)"
66.249.71.229 - - [06/Jan/2012:09:33:36 +0100] "GET /motul-specific-ford-913-c-1l.html HTTP/1.1" 200 30044 "-" "Mozilla/5.0 (compatible; Googlebot/2.1; +http://www.google.com/bot.html)"
66.249.71.229 - - [06/Jan/2012:09:34:06 +0100] "GET /motul-8100-x-lite.html HTTP/1.1" 200 29749 "-" "Mozilla/5.0 (compatible; Googlebot/2.1; +http://www.google.com/bot.html)"
66.249.71.229 - - [06/Jan/2012:09:58:05 +0100] "GET /motul-zusatzstoffe/motocool-factory-line.html HTTP/1.1" 200 30451 "-" "Mozilla/5.0 (iPhone; U; CPU iPhone OS 4_1 like Mac OS X; en-us) AppleWebKit/532.9 (KHTML, like Gecko) Version/4.0.5 Mobile/8B117 Safari/6531.22.7 (compatible; Googlebot-Mobile/2.1; +http://www.google.com/bot.html)"
65.52.108.199 - - [06/Jan/2012:10:14:42 +0100] "GET /robots.txt HTTP/1.1" 200 918 "-" "Mozilla/5.0 (compatible; bingbot/2.0; +http://www.bing.com/bingbot.htm)"
65.52.108.199 - - [06/Jan/2012:10:16:46 +0100] "GET /motul-schmierstoffe/modellbau/motorenol/micro-2t.html HTTP/1.1" 200 32255 "-" "Mozilla/5.0 (compatible; bingbot/2.0; +http://www.bing.com/bingbot.htm)"
80.86.81.6 - - [06/Jan/2012:10:22:59 +0100] "GET /customer/account/ HTTP/1.1" 302 - "-" "Mozilla/4.0 (compatible; MSIE 6.0; Windows 98; Win 9x4.90)"
80.86.81.6 - - [06/Jan/2012:10:23:00 +0100] "GET /customer/account/login/ HTTP/1.1" 200 19299 "-" "Mozilla/4.0 (compatible; MSIE 6.0; Windows 98; Win 9x4.90)"
65.52.108.199 - - [06/Jan/2012:10:30:32 +0100] "GET /motul-pflegeprodukte/e-z-lube-multi-protect.html HTTP/1.1" 200 30982 "-" "Mozilla/5.0 (compatible; bingbot/2.0; +http://www.bing.com/bingbot.htm)"
207.46.12.71 - - [06/Jan/2012:10:30:35 +0100] "GET /motul-pflegeprodukte/e-z-lube-multi-protect.html HTTP/1.1" 200 30982 "-" "Mozilla/5.0 (Windows NT 6.1; WOW64) AppleWebKit/534+ (KHTML, like Gecko)"
207.46.12.71 - - [06/Jan/2012:10:30:43 +0100] "GET /js/prototype/validation.js HTTP/1.1" 200 34677 "http://www.markenoele.de/motul-pflegeprodukte/e-z-lube-multi-protect.html" "Mozilla/5.0 (Windows NT 6.1; WOW64) AppleWebKit/534+ (KHTML, like Gecko)"
207.46.12.71 - - [06/Jan/2012:10:30:44 +0100] "GET /js/scriptaculous/builder.js HTTP/1.1" 200 4744 "http://www.markenoele.de/motul-pflegeprodukte/e-z-lube-multi-protect.html" "Mozilla/5.0 (Windows NT 6.1; WOW64) AppleWebKit/534+ (KHTML, like Gecko)"
207.46.12.71 - - [06/Jan/2012:10:30:43 +0100] "GET /js/prototype/prototype.js HTTP/1.1" 200 129960 "http://www.markenoele.de/motul-pflegeprodukte/e-z-lube-multi-protect.html" "Mozilla/5.0 (Windows NT 6.1; WOW64) AppleWebKit/534+ (KHTML, like Gecko)"
207.46.12.71 - - [06/Jan/2012:10:30:44 +0100] "GET /js/scriptaculous/effects.js HTTP/1.1" 200 38745 "http://www.markenoele.de/motul-pflegeprodukte/e-z-lube-multi-protect.html" "Mozilla/5.0 (Windows NT 6.1; WOW64) AppleWebKit/534+ (KHTML, like Gecko)"
207.46.12.71 - - [06/Jan/2012:10:30:45 +0100] "GET /js/scriptaculous/dragdrop.js HTTP/1.1" 200 31192 "http://www.markenoele.de/motul-pflegeprodukte/e-z-lube-multi-protect.html" "Mozilla/5.0 (Windows NT 6.1; WOW64) AppleWebKit/534+ (KHTML, like Gecko)"
207.46.12.71 - - [06/Jan/2012:10:30:46 +0100] "GET /js/scriptaculous/controls.js HTTP/1.1" 200 34797 "http://www.markenoele.de/motul-pflegeprodukte/e-z-lube-multi-protect.html" "Mozilla/5.0 (Windows NT 6.1; WOW64) AppleWebKit/534+ (KHTML, like Gecko)"
207.46.12.71 - - [06/Jan/2012:10:30:47 +0100] "GET /js/scriptaculous/slider.js HTTP/1.1" 200 10331 "http://www.markenoele.de/motul-pflegeprodukte/e-z-lube-multi-protect.html" "Mozilla/5.0 (Windows NT 6.1; WOW64) AppleWebKit/534+ (KHTML, like Gecko)"
207.46.12.71 - - [06/Jan/2012:10:30:48 +0100] "GET /js/varien/js.js HTTP/1.1" 200 16581 "http://www.markenoele.de/motul-pflegeprodukte/e-z-lube-multi-protect.html" "Mozilla/5.0 (Windows NT 6.1; WOW64) AppleWebKit/534+ (KHTML, like Gecko)"
207.46.12.71 - - [06/Jan/2012:10:30:49 +0100] "GET /js/varien/form.js HTTP/1.1" 200 11714 "http://www.markenoele.de/motul-pflegeprodukte/e-z-lube-multi-protect.html" "Mozilla/5.0 (Windows NT 6.1; WOW64) AppleWebKit/534+ (KHTML, like Gecko)"
207.46.12.71 - - [06/Jan/2012:10:30:50 +0100] "GET /js/varien/menu.js HTTP/1.1" 200 4426 "http://www.markenoele.de/motul-pflegeprodukte/e-z-lube-multi-protect.html" "Mozilla/5.0 (Windows NT 6.1; WOW64) AppleWebKit/534+ (KHTML, like Gecko)"
207.46.12.71 - - [06/Jan/2012:10:30:52 +0100] "GET /js/mage/translate.js HTTP/1.1" 200 1597 "http://www.markenoele.de/motul-pflegeprodukte/e-z-lube-multi-protect.html" "Mozilla/5.0 (Windows NT 6.1; WOW64) AppleWebKit/534+ (KHTML, like Gecko)"
207.46.12.71 - - [06/Jan/2012:10:30:52 +0100] "GET /js/mage/cookies.js HTTP/1.1" 200 2615 "http://www.markenoele.de/motul-pflegeprodukte/e-z-lube-multi-protect.html" "Mozilla/5.0 (Windows NT 6.1; WOW64) AppleWebKit/534+ (KHTML, like Gecko)"
207.46.12.71 - - [06/Jan/2012:10:30:52 +0100] "GET /js/varien/product.js HTTP/1.1" 200 23531 "http://www.markenoele.de/motul-pflegeprodukte/e-z-lube-multi-protect.html" "Mozilla/5.0 (Windows NT 6.1; WOW64) AppleWebKit/534+ (KHTML, like Gecko)"
207.46.12.71 - - [06/Jan/2012:10:30:53 +0100] "GET /js/calendar/calendar.js HTTP/1.1" 200 53130 "http://www.markenoele.de/motul-pflegeprodukte/e-z-lube-multi-protect.html" "Mozilla/5.0 (Windows NT 6.1; WOW64) AppleWebKit/534+ (KHTML, like Gecko)"
207.46.12.71 - - [06/Jan/2012:10:30:54 +0100] "GET /js/calendar/calendar-setup.js HTTP/1.1" 200 4986 "http://www.markenoele.de/motul-pflegeprodukte/e-z-lube-multi-protect.html" "Mozilla/5.0 (Windows NT 6.1; WOW64) AppleWebKit/534+ (KHTML, like Gecko)"
207.46.12.71 - - [06/Jan/2012:10:30:54 +0100] "GET /skin/frontend/esso/standard/js/jquery-1.3.2.min.js HTTP/1.1" 200 57254 "http://www.markenoele.de/motul-pflegeprodukte/e-z-lube-multi-protect.html" "Mozilla/5.0 (Windows NT 6.1; WOW64) AppleWebKit/534+ (KHTML, like Gecko)"
207.46.12.71 - - [06/Jan/2012:10:30:54 +0100] "GET /skin/frontend/esso/standard/js/jquery.jqzoom.js HTTP/1.1" 200 5131 "http://www.markenoele.de/motul-pflegeprodukte/e-z-lube-multi-protect.html" "Mozilla/5.0 (Windows NT 6.1; WOW64) AppleWebKit/534+ (KHTML, like Gecko)"
207.46.12.71 - - [06/Jan/2012:10:30:55 +0100] "GET /skin/frontend/esso/standard/js/effects.core.js HTTP/1.1" 200 19170 "http://www.markenoele.de/motul-pflegeprodukte/e-z-lube-multi-protect.html" "Mozilla/5.0 (Windows NT 6.1; WOW64) AppleWebKit/534+ (KHTML, like Gecko)"
207.46.12.71 - - [06/Jan/2012:10:30:56 +0100] "GET /skin/frontend/esso/standard/js/effects.scale.js HTTP/1.1" 200 7057 "http://www.markenoele.de/motul-pflegeprodukte/e-z-lube-multi-protect.html" "Mozilla/5.0 (Windows NT 6.1; WOW64) AppleWebKit/534+ (KHTML, like Gecko)"
66.249.71.229 - - [06/Jan/2012:10:43:12 +0100] "GET /poloshirt-sw-damen.html HTTP/1.1" 200 37278 "-" "Mozilla/5.0 (compatible; Googlebot/2.1; +http://www.google.com/bot.html)"
66.249.71.229 - - [06/Jan/2012:10:44:02 +0100] "GET /motul-7100-4t.html HTTP/1.1" 200 30054 "-" "Mozilla/5.0 (compatible; Googlebot/2.1; +http://www.google.com/bot.html)"
208.115.113.86 - - [06/Jan/2012:10:44:32 +0100] "GET /motul-schmierstoffe/quad.html HTTP/1.1" 200 33230 "-" "Mozilla/5.0 (compatible; Ezooms/1.0; ezooms.bot@gmail.com)"
130.83.167.153 - - [06/Jan/2012:10:55:08 +0100] "GET /datenschutz/ HTTP/1.1" 200 28120 "-" "findlinks/2.0.4 (+http://wortschatz.uni-leipzig.de/findlinks/)"
130.83.167.153 - - [06/Jan/2012:10:55:10 +0100] "GET /datenschutz/ HTTP/1.1" 200 28120 "-" "findlinks/2.0.4 (+http://wortschatz.uni-leipzig.de/findlinks/)"
192.168.10.33 - - [06/Jan/2012:10:55:55 +0100] "GET /admin HTTP/1.1" 200 3327 "-" "Mozilla/5.0 (Windows NT 6.1; WOW64; rv:8.0) Gecko/20100101 Firefox/8.0"
192.168.10.33 - - [06/Jan/2012:10:56:00 +0100] "GET /functions/index.php HTTP/1.1" 200 1833 "-" "Mozilla/5.0 (Windows NT 6.1; WOW64; rv:8.0) Gecko/20100101 Firefox/8.0"
192.168.10.33 - - [06/Jan/2012:10:56:02 +0100] "POST /functions/index.php HTTP/1.1" 302 2148 "http://www.markenoele.de/functions/index.php" "Mozilla/5.0 (Windows NT 6.1; WOW64; rv:8.0) Gecko/20100101 Firefox/8.0"
192.168.10.33 - - [06/Jan/2012:10:56:02 +0100] "GET /functions/abrechnung.php HTTP/1.1" 200 113480 "http://www.markenoele.de/functions/index.php" "Mozilla/5.0 (Windows NT 6.1; WOW64; rv:8.0) Gecko/20100101 Firefox/8.0"
192.168.10.33 - - [06/Jan/2012:10:56:05 +0100] "GET /functions/sammelpruefung.php HTTP/1.1" 200 2691 "http://www.markenoele.de/functions/abrechnung.php" "Mozilla/5.0 (Windows NT 6.1; WOW64; rv:8.0) Gecko/20100101 Firefox/8.0"
192.168.10.33 - - [06/Jan/2012:10:56:08 +0100] "POST /admin HTTP/1.1" 302 - "http://www.markenoele.de/admin" "Mozilla/5.0 (Windows NT 6.1; WOW64; rv:8.0) Gecko/20100101 Firefox/8.0"
192.168.10.33 - - [06/Jan/2012:10:56:12 +0100] "GET /index.php/admin/index/index/key/c7973ee28972eeffde19defe67c507af/ HTTP/1.1" 302 - "http://www.markenoele.de/admin" "Mozilla/5.0 (Windows NT 6.1; WOW64; rv:8.0) Gecko/20100101 Firefox/8.0"
192.168.10.33 - - [06/Jan/2012:10:56:15 +0100] "GET /index.php/admin/dashboard/index/key/2adf7ff848a966df4f2730b655ebcff1/ HTTP/1.1" 200 52495 "http://www.markenoele.de/admin" "Mozilla/5.0 (Windows NT 6.1; WOW64; rv:8.0) Gecko/20100101 Firefox/8.0"
66.249.71.229 - - [06/Jan/2012:10:56:25 +0100] "GET /motul-gearbox.html HTTP/1.1" 200 30181 "-" "Mozilla/5.0 (compatible; Googlebot/2.1; +http://www.google.com/bot.html)"
192.168.10.33 - - [06/Jan/2012:10:56:26 +0100] "GET /index.php/admin/sales_order/index/key/3155da81623c46f99a43186e42a0c70f/ HTTP/1.1" 200 115753 "http://www.markenoele.de/index.php/admin/dashboard/index/key/2adf7ff848a966df4f2730b655ebcff1/" "Mozilla/5.0 (Windows NT 6.1; WOW64; rv:8.0) Gecko/20100101 Firefox/8.0"
192.168.10.33 - - [06/Jan/2012:10:56:44 +0100] "GET /index.php/admin/catalog_product/index/key/2a132f0c7e16e5ebb0cb61aa40685cb3/ HTTP/1.1" 200 124447 "http://www.markenoele.de/index.php/admin/sales_order/index/key/3155da81623c46f99a43186e42a0c70f/" "Mozilla/5.0 (Windows NT 6.1; WOW64; rv:8.0) Gecko/20100101 Firefox/8.0"
192.168.10.33 - - [06/Jan/2012:10:56:49 +0100] "POST /index.php/admin/catalog_product/grid/key/feee7bbee9bc947fff4d00c7090d69f0/product_filter/c2t1PTc3MDAwNyZwcmljZSU1QmN1cnJlbmN5JTVEPUVVUg==/?ajax=true&isAjax=true HTTP/1.1" 200 17983 "http://www.markenoele.de/index.php/admin/catalog_product/index/key/2a132f0c7e16e5ebb0cb61aa40685cb3/" "Mozilla/5.0 (Windows NT 6.1; WOW64; rv:8.0) Gecko/20100101 Firefox/8.0"
192.168.10.33 - - [06/Jan/2012:10:56:54 +0100] "GET /index.php/admin/catalog_product/edit/id/180/key/5fcb54eadcbfbb0b00110c49a3cea5c5/ HTTP/1.1" 200 143862 "http://www.markenoele.de/index.php/admin/catalog_product/index/key/2a132f0c7e16e5ebb0cb61aa40685cb3/" "Mozilla/5.0 (Windows NT 6.1; WOW64; rv:8.0) Gecko/20100101 Firefox/8.0"
192.168.10.33 - - [06/Jan/2012:10:57:12 +0100] "POST /index.php/admin/catalog_product/validate/id/180/key/f778b0a531564bc7e22ac5ff763e2dab/?isAjax=true HTTP/1.1" 200 15 "http://www.markenoele.de/index.php/admin/catalog_product/edit/id/180/key/5fcb54eadcbfbb0b00110c49a3cea5c5/" "Mozilla/5.0 (Windows NT 6.1; WOW64; rv:8.0) Gecko/20100101 Firefox/8.0"
192.168.10.33 - - [06/Jan/2012:10:57:13 +0100] "POST /index.php/admin/catalog_product/save/id/180/key/438f80f885399fcefebd5cb3f8885495/ HTTP/1.1" 302 - "http://www.markenoele.de/index.php/admin/catalog_product/edit/id/180/key/5fcb54eadcbfbb0b00110c49a3cea5c5/" "Mozilla/5.0 (Windows NT 6.1; WOW64; rv:8.0) Gecko/20100101 Firefox/8.0"
