66.249.71.180 - - [01/Jan/2012:00:00:03 +0100] "GET /moto-wash-plus.html HTTP/1.1" 200 30670 "-" "Mozilla/5.0 (compatible; Googlebot/2.1; +http://www.google.com/bot.html)"
66.249.71.180 - - [01/Jan/2012:00:02:33 +0100] "GET /chain-lube-offroad.html HTTP/1.1" 200 30214 "-" "Mozilla/5.0 (compatible; Googlebot/2.1; +http://www.google.com/bot.html)"
66.249.71.180 - - [01/Jan/2012:00:03:20 +0100] "GET /bio-2t.html HTTP/1.1" 200 29892 "-" "Mozilla/5.0 (compatible; Googlebot/2.1; +http://www.google.com/bot.html)"
66.249.71.180 - - [01/Jan/2012:00:05:28 +0100] "GET /karabinerhaken.html HTTP/1.1" 200 29179 "-" "Mozilla/5.0 (compatible; Googlebot/2.1; +http://www.google.com/bot.html)"
139.18.2.17 - - [01/Jan/2012:00:25:23 +0100] "GET /widerruf/ HTTP/1.1" 200 25715 "-" "findlinks/2.1.5 (+http://wortschatz.uni-leipzig.de/findlinks/)"
139.18.2.17 - - [01/Jan/2012:00:25:25 +0100] "GET /widerruf/ HTTP/1.1" 200 25715 "-" "findlinks/2.1.5 (+http://wortschatz.uni-leipzig.de/findlinks/)"
213.186.127.10 - - [01/Jan/2012:00:26:20 +0100] "GET /motul-pflegeprodukte/chain-clean.html HTTP/1.1" 200 31044 "-" "Mozilla/5.0 (compatible; AhrefsBot/2.0; +http://ahrefs.com/robot/)"
80.123.35.239 - - [01/Jan/2012:00:37:03 +0100] "GET /motul-fanshop-artikel.html?p=2 HTTP/1.1" 200 49763 "-" "Mozilla/5.0 (Windows NT 5.1; rv:8.0.1) Gecko/20100101 Firefox/8.0.1"
80.123.35.239 - - [01/Jan/2012:00:37:10 +0100] "GET /motul-schmierstoffe.html HTTP/1.1" 200 50157 "http://www.markenoele.de/motul-fanshop-artikel.html?p=2" "Mozilla/5.0 (Windows NT 5.1; rv:8.0.1) Gecko/20100101 Firefox/8.0.1"
80.123.35.239 - - [01/Jan/2012:00:37:16 +0100] "GET /motul-schmierstoffe/scooter.html HTTP/1.1" 200 36657 "http://www.markenoele.de/motul-schmierstoffe.html" "Mozilla/5.0 (Windows NT 5.1; rv:8.0.1) Gecko/20100101 Firefox/8.0.1"
80.123.35.239 - - [01/Jan/2012:00:37:20 +0100] "GET /motul-schmierstoffe/scooter/motorenol-4-takt.html HTTP/1.1" 200 23752 "http://www.markenoele.de/motul-schmierstoffe/scooter.html" "Mozilla/5.0 (Windows NT 5.1; rv:8.0.1) Gecko/20100101 Firefox/8.0.1"
80.123.35.239 - - [01/Jan/2012:00:37:25 +0100] "GET /motul-schmierstoffe/scooter/motorenol-4-takt.html HTTP/1.1" 200 23752 "http://www.markenoele.de/motul-schmierstoffe/scooter/motorenol-4-takt.html" "Mozilla/5.0 (Windows NT 5.1; rv:8.0.1) Gecko/20100101 Firefox/8.0.1"
80.123.35.239 - - [01/Jan/2012:00:37:32 +0100] "GET /motul-schmierstoffe/scooter/motorenol-2-takt.html HTTP/1.1" 200 37621 "http://www.markenoele.de/motul-schmierstoffe/scooter/motorenol-4-takt.html" "Mozilla/5.0 (Windows NT 5.1; rv:8.0.1) Gecko/20100101 Firefox/8.0.1"
80.123.35.239 - - [01/Jan/2012:00:37:39 +0100] "GET /motul-schmierstoffe/motul-motorrad.html HTTP/1.1" 200 49942 "http://www.markenoele.de/motul-schmierstoffe/scooter/motorenol-2-takt.html" "Mozilla/5.0 (Windows NT 5.1; rv:8.0.1) Gecko/20100101 Firefox/8.0.1"
80.123.35.239 - - [01/Jan/2012:00:37:41 +0100] "GET /media/catalog/product/cache/2/small_image/170x/9df78eab33525d08d6e5fb8d27136e95/3/0/3000_20w50_1l.jpg HTTP/1.1" 200 7432 "http://www.markenoele.de/motul-schmierstoffe/motul-motorrad.html" "Mozilla/5.0 (Windows NT 5.1; rv:8.0.1) Gecko/20100101 Firefox/8.0.1"
80.123.35.239 - - [01/Jan/2012:00:37:41 +0100] "GET /media/catalog/product/cache/2/small_image/170x/9df78eab33525d08d6e5fb8d27136e95/3/0/3000_20w50_4l.jpg HTTP/1.1" 200 8696 "http://www.markenoele.de/motul-schmierstoffe/motul-motorrad.html" "Mozilla/5.0 (Windows NT 5.1; rv:8.0.1) Gecko/20100101 Firefox/8.0.1"
80.123.35.239 - - [01/Jan/2012:00:37:41 +0100] "GET /media/catalog/product/cache/2/small_image/170x/9df78eab33525d08d6e5fb8d27136e95/5/1/5100_15w50_4l_1.jpg HTTP/1.1" 200 8378 "http://www.markenoele.de/motul-schmierstoffe/motul-motorrad.html" "Mozilla/5.0 (Windows NT 5.1; rv:8.0.1) Gecko/20100101 Firefox/8.0.1"
80.123.35.239 - - [01/Jan/2012:00:37:41 +0100] "GET /media/catalog/product/cache/2/small_image/170x/9df78eab33525d08d6e5fb8d27136e95/7/1/7100_20w50_1l_1.jpg HTTP/1.1" 200 7819 "http://www.markenoele.de/motul-schmierstoffe/motul-motorrad.html" "Mozilla/5.0 (Windows NT 5.1; rv:8.0.1) Gecko/20100101 Firefox/8.0.1"
80.123.35.239 - - [01/Jan/2012:00:37:42 +0100] "GET /media/catalog/product/cache/2/small_image/170x/9df78eab33525d08d6e5fb8d27136e95/7/1/7100_20w50_4l_1.jpg HTTP/1.1" 200 8866 "http://www.markenoele.de/motul-schmierstoffe/motul-motorrad.html" "Mozilla/5.0 (Windows NT 5.1; rv:8.0.1) Gecko/20100101 Firefox/8.0.1"
80.123.35.239 - - [01/Jan/2012:00:37:44 +0100] "GET /motul-schmierstoffe/motul-motorrad/motorenol.html HTTP/1.1" 200 50615 "http://www.markenoele.de/motul-schmierstoffe/motul-motorrad.html" "Mozilla/5.0 (Windows NT 5.1; rv:8.0.1) Gecko/20100101 Firefox/8.0.1"
80.123.35.239 - - [01/Jan/2012:00:37:50 +0100] "GET /motul-schmierstoffe/motul-motorrad/motorenol.html HTTP/1.1" 200 50615 "http://www.markenoele.de/motul-schmierstoffe/motul-motorrad/motorenol.html" "Mozilla/5.0 (Windows NT 5.1; rv:8.0.1) Gecko/20100101 Firefox/8.0.1"
80.123.35.239 - - [01/Jan/2012:00:38:03 +0100] "GET /motul-schmierstoffe/motul-motorrad/motorenol.html?p=2 HTTP/1.1" 200 45216 "http://www.markenoele.de/motul-schmierstoffe/motul-motorrad/motorenol.html" "Mozilla/5.0 (Windows NT 5.1; rv:8.0.1) Gecko/20100101 Firefox/8.0.1"
80.123.35.239 - - [01/Jan/2012:00:38:05 +0100] "GET /media/catalog/product/cache/2/small_image/170x/9df78eab33525d08d6e5fb8d27136e95/7/1/7100_10w60_4l_1.jpg HTTP/1.1" 200 8976 "http://www.markenoele.de/motul-schmierstoffe/motul-motorrad/motorenol.html?p=2" "Mozilla/5.0 (Windows NT 5.1; rv:8.0.1) Gecko/20100101 Firefox/8.0.1"
80.123.35.239 - - [01/Jan/2012:00:38:05 +0100] "GET /media/catalog/product/cache/2/small_image/170x/9df78eab33525d08d6e5fb8d27136e95/5/1/510-2t_1l_1.jpg HTTP/1.1" 200 6903 "http://www.markenoele.de/motul-schmierstoffe/motul-motorrad/motorenol.html?p=2" "Mozilla/5.0 (Windows NT 5.1; rv:8.0.1) Gecko/20100101 Firefox/8.0.1"
80.123.35.239 - - [01/Jan/2012:00:38:23 +0100] "GET /motul-schmierstoffe/motul-motorrad/motorenol.html?p=1 HTTP/1.1" 200 50691 "http://www.markenoele.de/motul-schmierstoffe/motul-motorrad/motorenol.html?p=2" "Mozilla/5.0 (Windows NT 5.1; rv:8.0.1) Gecko/20100101 Firefox/8.0.1"
80.123.35.239 - - [01/Jan/2012:00:38:40 +0100] "GET /motul-schmierstoffe/motul-motorrad/motorenol/motul-5100-4t-50.html HTTP/1.1" 200 32242 "http://www.markenoele.de/motul-schmierstoffe/motul-motorrad/motorenol.html?p=1" "Mozilla/5.0 (Windows NT 5.1; rv:8.0.1) Gecko/20100101 Firefox/8.0.1"
80.123.35.239 - - [01/Jan/2012:00:38:43 +0100] "GET /js/calendar/calendar-win2k-1.css HTTP/1.1" 200 5986 "http://www.markenoele.de/motul-schmierstoffe/motul-motorrad/motorenol/motul-5100-4t-50.html" "Mozilla/5.0 (Windows NT 5.1; rv:8.0.1) Gecko/20100101 Firefox/8.0.1"
80.123.35.239 - - [01/Jan/2012:00:38:43 +0100] "GET /skin/frontend/base/default/css/baseprice.css HTTP/1.1" 404 1256 "http://www.markenoele.de/motul-schmierstoffe/motul-motorrad/motorenol/motul-5100-4t-50.html" "Mozilla/5.0 (Windows NT 5.1; rv:8.0.1) Gecko/20100101 Firefox/8.0.1"
80.123.35.239 - - [01/Jan/2012:00:38:43 +0100] "GET /skin/frontend/esso/standard/css/jqzoom.css HTTP/1.1" 200 1051 "http://www.markenoele.de/motul-schmierstoffe/motul-motorrad/motorenol/motul-5100-4t-50.html" "Mozilla/5.0 (Windows NT 5.1; rv:8.0.1) Gecko/20100101 Firefox/8.0.1"
80.123.35.239 - - [01/Jan/2012:00:38:43 +0100] "GET /js/varien/product.js HTTP/1.1" 200 23531 "http://www.markenoele.de/motul-schmierstoffe/motul-motorrad/motorenol/motul-5100-4t-50.html" "Mozilla/5.0 (Windows NT 5.1; rv:8.0.1) Gecko/20100101 Firefox/8.0.1"
80.123.35.239 - - [01/Jan/2012:00:38:43 +0100] "GET /js/calendar/calendar.js HTTP/1.1" 200 53130 "http://www.markenoele.de/motul-schmierstoffe/motul-motorrad/motorenol/motul-5100-4t-50.html" "Mozilla/5.0 (Windows NT 5.1; rv:8.0.1) Gecko/20100101 Firefox/8.0.1"
80.123.35.239 - - [01/Jan/2012:00:38:43 +0100] "GET /js/calendar/calendar-setup.js HTTP/1.1" 200 4986 "http://www.markenoele.de/motul-schmierstoffe/motul-motorrad/motorenol/motul-5100-4t-50.html" "Mozilla/5.0 (Windows NT 5.1; rv:8.0.1) Gecko/20100101 Firefox/8.0.1"
80.123.35.239 - - [01/Jan/2012:00:38:43 +0100] "GET /skin/frontend/esso/standard/js/jquery.jqzoom.js HTTP/1.1" 200 5131 "http://www.markenoele.de/motul-schmierstoffe/motul-motorrad/motorenol/motul-5100-4t-50.html" "Mozilla/5.0 (Windows NT 5.1; rv:8.0.1) Gecko/20100101 Firefox/8.0.1"
80.123.35.239 - - [01/Jan/2012:00:38:43 +0100] "GET /skin/frontend/esso/standard/js/effects.core.js HTTP/1.1" 200 19170 "http://www.markenoele.de/motul-schmierstoffe/motul-motorrad/motorenol/motul-5100-4t-50.html" "Mozilla/5.0 (Windows NT 5.1; rv:8.0.1) Gecko/20100101 Firefox/8.0.1"
80.123.35.239 - - [01/Jan/2012:00:38:43 +0100] "GET /skin/frontend/esso/standard/js/effects.scale.js HTTP/1.1" 200 7057 "http://www.markenoele.de/motul-schmierstoffe/motul-motorrad/motorenol/motul-5100-4t-50.html" "Mozilla/5.0 (Windows NT 5.1; rv:8.0.1) Gecko/20100101 Firefox/8.0.1"
80.123.35.239 - - [01/Jan/2012:00:38:43 +0100] "GET /skin/frontend/esso/standard/js/jquery-1.3.2.min.js HTTP/1.1" 200 57254 "http://www.markenoele.de/motul-schmierstoffe/motul-motorrad/motorenol/motul-5100-4t-50.html" "Mozilla/5.0 (Windows NT 5.1; rv:8.0.1) Gecko/20100101 Firefox/8.0.1"
80.123.35.239 - - [01/Jan/2012:00:38:43 +0100] "GET /media/catalog/product/cache/2/thumbnail2/250x250/9df78eab33525d08d6e5fb8d27136e95/5/1/5100_10w40_4l_1.jpg HTTP/1.1" 200 14704 "http://www.markenoele.de/motul-schmierstoffe/motul-motorrad/motorenol/motul-5100-4t-50.html" "Mozilla/5.0 (Windows NT 5.1; rv:8.0.1) Gecko/20100101 Firefox/8.0.1"
80.123.35.239 - - [01/Jan/2012:00:38:44 +0100] "GET /skin/frontend/esso/standard/images/bkg_tabs.gif HTTP/1.1" 200 151 "http://www.markenoele.de/skin/frontend/esso/standard/css/styles.css" "Mozilla/5.0 (Windows NT 5.1; rv:8.0.1) Gecko/20100101 Firefox/8.0.1"
80.123.35.239 - - [01/Jan/2012:00:38:46 +0100] "GET /skin/frontend/esso/standard/images/jqzoon_lens.png HTTP/1.1" 404 1256 "http://www.markenoele.de/skin/frontend/esso/standard/css/jqzoom.css" "Mozilla/5.0 (Windows NT 5.1; rv:8.0.1) Gecko/20100101 Firefox/8.0.1"
80.123.35.239 - - [01/Jan/2012:00:38:45 +0100] "GET /media/catalog/product/5/1/5100_10w40_4l_1.jpg HTTP/1.1" 200 3405405 "http://www.markenoele.de/motul-schmierstoffe/motul-motorrad/motorenol/motul-5100-4t-50.html" "Mozilla/5.0 (Windows NT 5.1; rv:8.0.1) Gecko/20100101 Firefox/8.0.1"
65.52.109.200 - - [01/Jan/2012:00:46:39 +0100] "GET /robots.txt HTTP/1.1" 200 918 "-" "Mozilla/5.0 (compatible; bingbot/2.0; +http://www.bing.com/bingbot.htm)"
65.52.109.200 - - [01/Jan/2012:00:47:30 +0100] "GET /motul-300v-power.html HTTP/1.1" 200 30535 "-" "Mozilla/5.0 (compatible; bingbot/2.0; +http://www.bing.com/bingbot.htm)"
207.46.204.213 - - [01/Jan/2012:00:47:33 +0100] "GET /motul-300v-power.html HTTP/1.1" 200 30535 "-" "Mozilla/5.0 (Windows NT 6.1; WOW64) AppleWebKit/534+ (KHTML, like Gecko)"
207.46.204.213 - - [01/Jan/2012:00:47:36 +0100] "GET /js/prototype/validation.js HTTP/1.1" 200 34677 "http://www.markenoele.de/motul-300v-power.html" "Mozilla/5.0 (Windows NT 6.1; WOW64) AppleWebKit/534+ (KHTML, like Gecko)"
207.46.204.213 - - [01/Jan/2012:00:47:36 +0100] "GET /js/scriptaculous/builder.js HTTP/1.1" 200 4744 "http://www.markenoele.de/motul-300v-power.html" "Mozilla/5.0 (Windows NT 6.1; WOW64) AppleWebKit/534+ (KHTML, like Gecko)"
207.46.204.213 - - [01/Jan/2012:00:47:37 +0100] "GET /js/scriptaculous/dragdrop.js HTTP/1.1" 200 31192 "http://www.markenoele.de/motul-300v-power.html" "Mozilla/5.0 (Windows NT 6.1; WOW64) AppleWebKit/534+ (KHTML, like Gecko)"
207.46.204.213 - - [01/Jan/2012:00:47:36 +0100] "GET /js/scriptaculous/effects.js HTTP/1.1" 200 38745 "http://www.markenoele.de/motul-300v-power.html" "Mozilla/5.0 (Windows NT 6.1; WOW64) AppleWebKit/534+ (KHTML, like Gecko)"
207.46.204.213 - - [01/Jan/2012:00:47:36 +0100] "GET /js/prototype/prototype.js HTTP/1.1" 200 129960 "http://www.markenoele.de/motul-300v-power.html" "Mozilla/5.0 (Windows NT 6.1; WOW64) AppleWebKit/534+ (KHTML, like Gecko)"
207.46.204.213 - - [01/Jan/2012:00:47:37 +0100] "GET /js/scriptaculous/controls.js HTTP/1.1" 200 34797 "http://www.markenoele.de/motul-300v-power.html" "Mozilla/5.0 (Windows NT 6.1; WOW64) AppleWebKit/534+ (KHTML, like Gecko)"
207.46.204.213 - - [01/Jan/2012:00:47:37 +0100] "GET /js/varien/js.js HTTP/1.1" 200 16581 "http://www.markenoele.de/motul-300v-power.html" "Mozilla/5.0 (Windows NT 6.1; WOW64) AppleWebKit/534+ (KHTML, like Gecko)"
207.46.204.213 - - [01/Jan/2012:00:47:38 +0100] "GET /js/scriptaculous/slider.js HTTP/1.1" 200 10331 "http://www.markenoele.de/motul-300v-power.html" "Mozilla/5.0 (Windows NT 6.1; WOW64) AppleWebKit/534+ (KHTML, like Gecko)"
207.46.204.213 - - [01/Jan/2012:00:47:38 +0100] "GET /js/varien/form.js HTTP/1.1" 200 11714 "http://www.markenoele.de/motul-300v-power.html" "Mozilla/5.0 (Windows NT 6.1; WOW64) AppleWebKit/534+ (KHTML, like Gecko)"
207.46.204.213 - - [01/Jan/2012:00:47:38 +0100] "GET /js/varien/menu.js HTTP/1.1" 200 4426 "http://www.markenoele.de/motul-300v-power.html" "Mozilla/5.0 (Windows NT 6.1; WOW64) AppleWebKit/534+ (KHTML, like Gecko)"
207.46.204.213 - - [01/Jan/2012:00:47:38 +0100] "GET /js/mage/translate.js HTTP/1.1" 200 1597 "http://www.markenoele.de/motul-300v-power.html" "Mozilla/5.0 (Windows NT 6.1; WOW64) AppleWebKit/534+ (KHTML, like Gecko)"
207.46.204.213 - - [01/Jan/2012:00:47:38 +0100] "GET /js/mage/cookies.js HTTP/1.1" 200 2615 "http://www.markenoele.de/motul-300v-power.html" "Mozilla/5.0 (Windows NT 6.1; WOW64) AppleWebKit/534+ (KHTML, like Gecko)"
207.46.204.213 - - [01/Jan/2012:00:47:38 +0100] "GET /js/varien/product.js HTTP/1.1" 200 23531 "http://www.markenoele.de/motul-300v-power.html" "Mozilla/5.0 (Windows NT 6.1; WOW64) AppleWebKit/534+ (KHTML, like Gecko)"
207.46.204.213 - - [01/Jan/2012:00:47:38 +0100] "GET /js/calendar/calendar.js HTTP/1.1" 200 53130 "http://www.markenoele.de/motul-300v-power.html" "Mozilla/5.0 (Windows NT 6.1; WOW64) AppleWebKit/534+ (KHTML, like Gecko)"
207.46.204.213 - - [01/Jan/2012:00:47:38 +0100] "GET /js/calendar/calendar-setup.js HTTP/1.1" 200 4986 "http://www.markenoele.de/motul-300v-power.html" "Mozilla/5.0 (Windows NT 6.1; WOW64) AppleWebKit/534+ (KHTML, like Gecko)"
207.46.204.213 - - [01/Jan/2012:00:47:38 +0100] "GET /skin/frontend/esso/standard/js/jquery-1.3.2.min.js HTTP/1.1" 200 57254 "http://www.markenoele.de/motul-300v-power.html" "Mozilla/5.0 (Windows NT 6.1; WOW64) AppleWebKit/534+ (KHTML, like Gecko)"
207.46.204.213 - - [01/Jan/2012:00:47:38 +0100] "GET /skin/frontend/esso/standard/js/jquery.jqzoom.js HTTP/1.1" 200 5131 "http://www.markenoele.de/motul-300v-power.html" "Mozilla/5.0 (Windows NT 6.1; WOW64) AppleWebKit/534+ (KHTML, like Gecko)"
207.46.204.213 - - [01/Jan/2012:00:47:39 +0100] "GET /skin/frontend/esso/standard/js/effects.core.js HTTP/1.1" 200 19170 "http://www.markenoele.de/motul-300v-power.html" "Mozilla/5.0 (Windows NT 6.1; WOW64) AppleWebKit/534+ (KHTML, like Gecko)"
207.46.204.213 - - [01/Jan/2012:00:47:39 +0100] "GET /skin/frontend/esso/standard/js/effects.scale.js HTTP/1.1" 200 7057 "http://www.markenoele.de/motul-300v-power.html" "Mozilla/5.0 (Windows NT 6.1; WOW64) AppleWebKit/534+ (KHTML, like Gecko)"
66.249.71.180 - - [01/Jan/2012:00:47:51 +0100] "GET /motul-quad-4t-63.html HTTP/1.1" 200 29669 "-" "Mozilla/5.0 (compatible; Googlebot/2.1; +http://www.google.com/bot.html)"
66.249.71.180 - - [01/Jan/2012:00:48:09 +0100] "GET /outboard-synth-2t.html HTTP/1.1" 200 30316 "-" "Mozilla/5.0 (compatible; Googlebot/2.1; +http://www.google.com/bot.html)"
66.249.71.180 - - [01/Jan/2012:00:48:25 +0100] "GET /motul-800-2t-factory-line-road-racing.html HTTP/1.1" 200 30001 "-" "Mozilla/5.0 (compatible; Googlebot/2.1; +http://www.google.com/bot.html)"
66.249.71.180 - - [01/Jan/2012:00:53:36 +0100] "GET /motul-dexron-iid-1l.html HTTP/1.1" 200 29962 "-" "Mozilla/5.0 (compatible; Googlebot/2.1; +http://www.google.com/bot.html)"
66.249.71.180 - - [01/Jan/2012:00:57:08 +0100] "GET /motul-710-2t.html HTTP/1.1" 200 30327 "-" "Mozilla/5.0 (compatible; Googlebot/2.1; +http://www.google.com/bot.html)"
66.249.71.180 - - [01/Jan/2012:00:57:54 +0100] "GET /carbu-clean.html HTTP/1.1" 200 30299 "-" "Mozilla/5.0 (compatible; Googlebot/2.1; +http://www.google.com/bot.html)"
66.249.71.180 - - [01/Jan/2012:00:58:08 +0100] "GET /motul-8100-x-cess-5l.html HTTP/1.1" 200 29949 "-" "Mozilla/5.0 (compatible; Googlebot/2.1; +http://www.google.com/bot.html)"
66.249.71.180 - - [01/Jan/2012:01:03:58 +0100] "GET /motul-schmierstoffe/quad/motorenol.html HTTP/1.1" 200 33859 "-" "Mozilla/5.0 (compatible; Googlebot/2.1; +http://www.google.com/bot.html)"
66.249.71.180 - - [01/Jan/2012:01:08:50 +0100] "GET /motul-3000-4t.html HTTP/1.1" 200 29631 "-" "Mozilla/5.0 (compatible; Googlebot/2.1; +http://www.google.com/bot.html)"
207.46.195.200 - - [01/Jan/2012:01:09:10 +0100] "GET / HTTP/1.1" 200 33302 "-" "Mozilla/4.0 (compatible; MSIE 7.0; Windows NT 5.1; SV1; .NET CLR 1.1.4325; .NET CLR 2.0.40607; .NET CLR 3.0.04506.648)"
207.46.195.200 - - [01/Jan/2012:01:09:26 +0100] "GET /skin/frontend/esso/standard/css/widgets.css HTTP/1.1" 200 4369 "http://www.markenoele.de/" "Mozilla/4.0 (compatible; MSIE 7.0; Windows NT 5.1; SV1; .NET CLR 1.1.4325; .NET CLR 2.0.40607; .NET CLR 3.0.04506.648)"
207.46.195.200 - - [01/Jan/2012:01:09:33 +0100] "GET /skin/frontend/esso/standard/css/print.css HTTP/1.1" 200 1580 "http://www.markenoele.de/" "Mozilla/4.0 (compatible; MSIE 7.0; Windows NT 5.1; SV1; .NET CLR 1.1.4325; .NET CLR 2.0.40607; .NET CLR 3.0.04506.648)"
207.46.195.200 - - [01/Jan/2012:01:09:33 +0100] "GET /skin/frontend/esso/standard/css/styles.css HTTP/1.1" 200 79554 "http://www.markenoele.de/" "Mozilla/4.0 (compatible; MSIE 7.0; Windows NT 5.1; SV1; .NET CLR 1.1.4325; .NET CLR 2.0.40607; .NET CLR 3.0.04506.648)"
207.46.195.200 - - [01/Jan/2012:01:09:34 +0100] "GET /js/prototype/prototype.js HTTP/1.1" 200 129960 "http://www.markenoele.de/" "Mozilla/4.0 (compatible; MSIE 7.0; Windows NT 5.1; SV1; .NET CLR 1.1.4325; .NET CLR 2.0.40607; .NET CLR 3.0.04506.648)"
207.46.195.200 - - [01/Jan/2012:01:09:45 +0100] "GET /js/prototype/validation.js HTTP/1.1" 200 34677 "http://www.markenoele.de/" "Mozilla/4.0 (compatible; MSIE 7.0; Windows NT 5.1; SV1; .NET CLR 1.1.4325; .NET CLR 2.0.40607; .NET CLR 3.0.04506.648)"
207.46.195.200 - - [01/Jan/2012:01:09:46 +0100] "GET /js/scriptaculous/builder.js HTTP/1.1" 200 4744 "http://www.markenoele.de/" "Mozilla/4.0 (compatible; MSIE 7.0; Windows NT 5.1; SV1; .NET CLR 1.1.4325; .NET CLR 2.0.40607; .NET CLR 3.0.04506.648)"
66.249.71.180 - - [01/Jan/2012:01:11:31 +0100] "GET /motul-8100-x-clean-c3-5l-177.html HTTP/1.1" 200 29959 "-" "Mozilla/5.0 (compatible; Googlebot/2.1; +http://www.google.com/bot.html)"
72.14.199.151 - - [01/Jan/2012:01:20:09 +0100] "GET / HTTP/1.1" 200 33302 "-" "AdsBot-Google-Mobile (+http://www.google.com/mobile/adsbot.html) Mozilla (iPhone; U; CPU iPhone OS 3 0 like Mac OS X) AppleWebKit (KHTML, like Gecko) Mobile Safari"
72.14.199.151 - - [01/Jan/2012:01:21:39 +0100] "GET /media/catalog/product/cache/2/small_image/85x/9df78eab33525d08d6e5fb8d27136e95/1/0/101269_scooter_gear_150ml.jpg HTTP/1.1" 200 3108 "-" "AdsBot-Google-Mobile (+http://www.google.com/mobile/adsbot.html) Mozilla (iPhone; U; CPU iPhone OS 3 0 like Mac OS X) AppleWebKit (KHTML, like Gecko) Mobile Safari"
72.14.199.151 - - [01/Jan/2012:01:21:40 +0100] "GET /skin/frontend/esso/standard/images/logo.png HTTP/1.1" 200 27553 "-" "AdsBot-Google-Mobile (+http://www.google.com/mobile/adsbot.html) Mozilla (iPhone; U; CPU iPhone OS 3 0 like Mac OS X) AppleWebKit (KHTML, like Gecko) Mobile Safari"
72.14.199.151 - - [01/Jan/2012:01:21:41 +0100] "GET /skin/frontend/esso/standard/images/akt-art-sm.png HTTP/1.1" 200 1091 "-" "AdsBot-Google-Mobile (+http://www.google.com/mobile/adsbot.html) Mozilla (iPhone; U; CPU iPhone OS 3 0 like Mac OS X) AppleWebKit (KHTML, like Gecko) Mobile Safari"
72.14.199.151 - - [01/Jan/2012:01:21:42 +0100] "GET /js/prototype/validation.js HTTP/1.1" 200 34677 "-" "AdsBot-Google-Mobile (+http://www.google.com/mobile/adsbot.html) Mozilla (iPhone; U; CPU iPhone OS 3 0 like Mac OS X) AppleWebKit (KHTML, like Gecko) Mobile Safari"
72.14.199.151 - - [01/Jan/2012:01:21:42 +0100] "GET /js/varien/form.js HTTP/1.1" 200 11714 "-" "AdsBot-Google-Mobile (+http://www.google.com/mobile/adsbot.html) Mozilla (iPhone; U; CPU iPhone OS 3 0 like Mac OS X) AppleWebKit (KHTML, like Gecko) Mobile Safari"
72.14.199.151 - - [01/Jan/2012:01:21:43 +0100] "GET /js/scriptaculous/slider.js HTTP/1.1" 200 10331 "-" "AdsBot-Google-Mobile (+http://www.google.com/mobile/adsbot.html) Mozilla (iPhone; U; CPU iPhone OS 3 0 like Mac OS X) AppleWebKit (KHTML, like Gecko) Mobile Safari"
72.14.199.151 - - [01/Jan/2012:01:21:44 +0100] "GET /js/mage/translate.js HTTP/1.1" 200 1597 "-" "AdsBot-Google-Mobile (+http://www.google.com/mobile/adsbot.html) Mozilla (iPhone; U; CPU iPhone OS 3 0 like Mac OS X) AppleWebKit (KHTML, like Gecko) Mobile Safari"
72.14.199.151 - - [01/Jan/2012:01:21:44 +0100] "GET /media/catalog/product/cache/2/small_image/85x/9df78eab33525d08d6e5fb8d27136e95/s/n/snowpower_2t_1l.jpg HTTP/1.1" 200 3218 "-" "AdsBot-Google-Mobile (+http://www.google.com/mobile/adsbot.html) Mozilla (iPhone; U; CPU iPhone OS 3 0 like Mac OS X) AppleWebKit (KHTML, like Gecko) Mobile Safari"
72.14.199.151 - - [01/Jan/2012:01:21:45 +0100] "GET /js/varien/menu.js HTTP/1.1" 200 4426 "-" "AdsBot-Google-Mobile (+http://www.google.com/mobile/adsbot.html) Mozilla (iPhone; U; CPU iPhone OS 3 0 like Mac OS X) AppleWebKit (KHTML, like Gecko) Mobile Safari"
72.14.199.151 - - [01/Jan/2012:01:21:45 +0100] "GET /js/scriptaculous/controls.js HTTP/1.1" 200 34797 "-" "AdsBot-Google-Mobile (+http://www.google.com/mobile/adsbot.html) Mozilla (iPhone; U; CPU iPhone OS 3 0 like Mac OS X) AppleWebKit (KHTML, like Gecko) Mobile Safari"
72.14.199.151 - - [01/Jan/2012:01:21:46 +0100] "GET /skin/frontend/esso/standard/images/icon_lupe_sm.png HTTP/1.1" 200 1235 "-" "AdsBot-Google-Mobile (+http://www.google.com/mobile/adsbot.html) Mozilla (iPhone; U; CPU iPhone OS 3 0 like Mac OS X) AppleWebKit (KHTML, like Gecko) Mobile Safari"
72.14.199.151 - - [01/Jan/2012:01:21:47 +0100] "GET /skin/frontend/esso/standard/images/motul_pflege_teaser.png HTTP/1.1" 200 15151 "-" "AdsBot-Google-Mobile (+http://www.google.com/mobile/adsbot.html) Mozilla (iPhone; U; CPU iPhone OS 3 0 like Mac OS X) AppleWebKit (KHTML, like Gecko) Mobile Safari"
72.14.199.151 - - [01/Jan/2012:01:21:47 +0100] "GET /skin/frontend/esso/standard/images/siegel.gif HTTP/1.1" 200 3150 "-" "AdsBot-Google-Mobile (+http://www.google.com/mobile/adsbot.html) Mozilla (iPhone; U; CPU iPhone OS 3 0 like Mac OS X) AppleWebKit (KHTML, like Gecko) Mobile Safari"
66.249.71.180 - - [01/Jan/2012:01:32:11 +0100] "GET /motul-300v-4t-factory-line.html HTTP/1.1" 200 30020 "-" "Mozilla/5.0 (compatible; Googlebot/2.1; +http://www.google.com/bot.html)"
66.249.71.180 - - [01/Jan/2012:01:32:36 +0100] "GET /motul-5100-4t.html HTTP/1.1" 200 30202 "-" "Mozilla/5.0 (compatible; Googlebot/2.1; +http://www.google.com/bot.html)"
66.249.71.180 - - [01/Jan/2012:01:39:31 +0100] "GET /motul-specific-504-00-507-00-23.html HTTP/1.1" 200 30792 "-" "Mozilla/5.0 (compatible; Googlebot/2.1; +http://www.google.com/bot.html)"
208.115.113.86 - - [01/Jan/2012:01:41:42 +0100] "GET /robots.txt HTTP/1.1" 200 918 "-" "Mozilla/5.0 (compatible; Ezooms/1.0; ezooms.bot@gmail.com)"
66.249.71.180 - - [01/Jan/2012:01:42:29 +0100] "GET /motul-8100-x-clean-c3-1l-176.html HTTP/1.1" 200 30313 "-" "Mozilla/5.0 (compatible; Googlebot/2.1; +http://www.google.com/bot.html)"
66.249.71.180 - - [01/Jan/2012:01:46:20 +0100] "GET /powerjet-4t.html HTTP/1.1" 200 29727 "-" "Mozilla/5.0 (compatible; Googlebot/2.1; +http://www.google.com/bot.html)"
66.249.71.180 - - [01/Jan/2012:01:52:51 +0100] "GET /motul-gear-300.html HTTP/1.1" 200 30484 "-" "Mozilla/5.0 (compatible; Googlebot/2.1; +http://www.google.com/bot.html)"
66.249.71.180 - - [01/Jan/2012:01:56:02 +0100] "GET /einzelbuchstaben-28-x-5-5-cm.html HTTP/1.1" 200 28683 "-" "Mozilla/5.0 (compatible; Googlebot/2.1; +http://www.google.com/bot.html)"
66.249.71.180 - - [01/Jan/2012:02:26:04 +0100] "GET /motul-snowpower-4t-4l.html HTTP/1.1" 200 30102 "-" "Mozilla/5.0 (compatible; Googlebot/2.1; +http://www.google.com/bot.html)"
66.249.71.180 - - [01/Jan/2012:02:28:58 +0100] "GET /motul-specific-ford-913-c-5l.html HTTP/1.1" 200 30044 "-" "Mozilla/5.0 (compatible; Googlebot/2.1; +http://www.google.com/bot.html)"
66.249.71.180 - - [01/Jan/2012:02:29:01 +0100] "GET /top-gel.html HTTP/1.1" 200 29533 "-" "Mozilla/5.0 (compatible; Googlebot/2.1; +http://www.google.com/bot.html)"
66.249.71.180 - - [01/Jan/2012:02:29:12 +0100] "GET /inboard-tech-4t.html HTTP/1.1" 200 30754 "-" "Mozilla/5.0 (compatible; Googlebot/2.1; +http://www.google.com/bot.html)"
66.249.71.180 - - [01/Jan/2012:02:31:34 +0100] "GET /wash-wax.html HTTP/1.1" 200 30237 "-" "Mozilla/5.0 (compatible; Googlebot/2.1; +http://www.google.com/bot.html)"
66.249.71.180 - - [01/Jan/2012:02:32:35 +0100] "GET /motul-6100-synergie-5l.html HTTP/1.1" 200 29973 "-" "Mozilla/5.0 (compatible; Googlebot/2.1; +http://www.google.com/bot.html)"
213.186.127.10 - - [01/Jan/2012:02:33:09 +0100] "GET /motul-5100-4t-252.html HTTP/1.1" 200 30087 "-" "Mozilla/5.0 (compatible; AhrefsBot/2.0; +http://ahrefs.com/robot/)"
66.249.71.180 - - [01/Jan/2012:02:39:33 +0100] "GET /baseball-cap-flame.html HTTP/1.1" 200 29692 "-" "Mozilla/5.0 (compatible; Googlebot/2.1; +http://www.google.com/bot.html)"
207.46.13.145 - - [01/Jan/2012:02:40:26 +0100] "GET /robots.txt HTTP/1.1" 200 918 "-" "Mozilla/5.0 (compatible; bingbot/2.0; +http://www.bing.com/bingbot.htm)"
50.23.239.14 - - [01/Jan/2012:03:02:46 +0100] "GET /robots.txt HTTP/1.1" 200 918 "http://www.orangeask.com/" "Mozilla/4.0 (compatible; MSIE 7.0; Windows NT 5.1; Mozilla/4.0 (compatible; MSIE 6.0; Windows NT 5.1; SV1) ; .NET CLR 2.0.50727; .NET CLR 3.0.4506.2152; .NET CLR 3.5.30729)"
50.23.239.14 - - [01/Jan/2012:03:02:46 +0100] "GET / HTTP/1.1" 302 - "http://www.orangeask.com/" "Mozilla/4.0 (compatible; MSIE 7.0; Windows NT 5.1; Mozilla/4.0 (compatible; MSIE 6.0; Windows NT 5.1; SV1) ; .NET CLR 2.0.50727; .NET CLR 3.0.4506.2152; .NET CLR 3.5.30729)"
50.23.239.14 - - [01/Jan/2012:03:02:48 +0100] "GET / HTTP/1.1" 200 33302 "http://www.orangeask.com/" "Mozilla/4.0 (compatible; MSIE 7.0; Windows NT 5.1; Mozilla/4.0 (compatible; MSIE 6.0; Windows NT 5.1; SV1) ; .NET CLR 2.0.50727; .NET CLR 3.0.4506.2152; .NET CLR 3.5.30729)"
208.115.113.86 - - [01/Jan/2012:03:04:01 +0100] "GET /motul-fanshop-artikel/aufkleber/motul-aufkleber-15-x-4-0-cm.html HTTP/1.1" 200 30685 "-" "Mozilla/5.0 (compatible; Ezooms/1.0; ezooms.bot@gmail.com)"
66.249.71.180 - - [01/Jan/2012:03:12:02 +0100] "GET /motul-8100-eco-clean-c1.html HTTP/1.1" 200 30071 "-" "Mozilla/5.0 (compatible; Googlebot/2.1; +http://www.google.com/bot.html)"
66.249.71.180 - - [01/Jan/2012:03:15:59 +0100] "GET /motul-300v-4t-factory-line-76.html HTTP/1.1" 200 30035 "-" "Mozilla/5.0 (compatible; Googlebot/2.1; +http://www.google.com/bot.html)"
66.249.71.180 - - [01/Jan/2012:03:23:53 +0100] "GET /motul-aufkleber-15-x-4-0-cm.html HTTP/1.1" 200 29679 "-" "Mozilla/5.0 (compatible; Googlebot/2.1; +http://www.google.com/bot.html)"
66.249.71.180 - - [01/Jan/2012:03:33:49 +0100] "GET /motul-classic-motor-oil-65.html HTTP/1.1" 200 29731 "-" "Mozilla/5.0 (compatible; Googlebot/2.1; +http://www.google.com/bot.html)"
208.115.111.70 - - [01/Jan/2012:03:36:30 +0100] "GET /robots.txt HTTP/1.1" 200 918 "-" "Mozilla/5.0 (compatible; Ezooms/1.0; ezooms.bot@gmail.com)"
66.249.71.180 - - [01/Jan/2012:03:50:56 +0100] "GET /outboard-tech-4t.html HTTP/1.1" 200 30240 "-" "Mozilla/5.0 (compatible; Googlebot/2.1; +http://www.google.com/bot.html)"
66.249.71.180 - - [01/Jan/2012:03:51:18 +0100] "GET /motul-aufnaher-11-x-3-8-cm.html HTTP/1.1" 200 29235 "-" "Mozilla/5.0 (compatible; Googlebot/2.1; +http://www.google.com/bot.html)"
220.181.108.139 - - [01/Jan/2012:04:28:21 +0100] "GET /robots.txt HTTP/1.1" 200 918 "-" "Baiduspider+(+http://www.baidu.com/search/spider.htm)"
66.249.71.180 - - [01/Jan/2012:04:37:38 +0100] "GET /motul-300v-competition-68.html HTTP/1.1" 200 30335 "-" "Mozilla/5.0 (compatible; Googlebot/2.1; +http://www.google.com/bot.html)"
66.249.71.180 - - [01/Jan/2012:04:37:53 +0100] "GET /classic-aufkleber.html HTTP/1.1" 200 29228 "-" "Mozilla/5.0 (compatible; Googlebot/2.1; +http://www.google.com/bot.html)"
184.171.169.116 - - [01/Jan/2012:04:42:00 +0100] "GET / HTTP/1.1" 200 33302 "http://www.youtube.com/results?hl=en&q=Tire+Chains+online+sell&num=100&cr=countryAU&um=1&ie=UTF-8&sa=N&tab=w1&gl=AU" "-"
66.249.71.180 - - [01/Jan/2012:04:43:09 +0100] "GET /e-z-lube-multi-protect.html HTTP/1.1" 200 30286 "-" "Mozilla/5.0 (compatible; Googlebot/2.1; +http://www.google.com/bot.html)"
66.249.71.180 - - [01/Jan/2012:04:44:19 +0100] "GET /motul-7100-4t-54.html HTTP/1.1" 200 30032 "-" "Mozilla/5.0 (compatible; Googlebot/2.1; +http://www.google.com/bot.html)"
66.249.71.180 - - [01/Jan/2012:04:54:40 +0100] "GET /motul-specific-ll-a-b-025-21.html HTTP/1.1" 200 30206 "-" "Mozilla/5.0 (compatible; Googlebot/2.1; +http://www.google.com/bot.html)"
66.249.71.180 - - [01/Jan/2012:04:54:55 +0100] "GET /motul-6100-synergie-1l.html HTTP/1.1" 200 29921 "-" "Mozilla/5.0 (compatible; Googlebot/2.1; +http://www.google.com/bot.html)"
208.115.111.70 - - [01/Jan/2012:04:56:24 +0100] "GET /motul-fanshop-artikel/accessoires/lanyard.html HTTP/1.1" 200 30503 "-" "Mozilla/5.0 (compatible; Ezooms/1.0; ezooms.bot@gmail.com)"
208.115.111.70 - - [01/Jan/2012:04:56:33 +0100] "GET /motul-schmierstoffe/scooter/motul-scooter-gear-80w90.html HTTP/1.1" 200 32053 "-" "Mozilla/5.0 (compatible; Ezooms/1.0; ezooms.bot@gmail.com)"
66.249.71.180 - - [01/Jan/2012:05:02:48 +0100] "GET /motul-300v-power.html HTTP/1.1" 200 30535 "-" "Mozilla/5.0 (compatible; Googlebot/2.1; +http://www.google.com/bot.html)"
66.249.71.180 - - [01/Jan/2012:05:06:26 +0100] "GET /motul-specific-506-01-506-00-503-00.html HTTP/1.1" 200 30397 "-" "Mozilla/5.0 (compatible; Googlebot/2.1; +http://www.google.com/bot.html)"
66.249.71.180 - - [01/Jan/2012:05:07:59 +0100] "GET /poloshirt-sw-herren-1.html HTTP/1.1" 200 36656 "-" "Mozilla/5.0 (compatible; Googlebot/2.1; +http://www.google.com/bot.html)"
188.40.85.200 - - [01/Jan/2012:05:08:51 +0100] "GET /robots.txt HTTP/1.1" 200 918 "-" "Pixray-Seeker/1.1 (Pixray-Seeker; crawler@pixray.com)"
208.115.113.86 - - [01/Jan/2012:05:35:36 +0100] "GET /robots.txt HTTP/1.1" 200 918 "-" "Mozilla/5.0 (compatible; Ezooms/1.0; ezooms.bot@gmail.com)"
207.46.13.145 - - [01/Jan/2012:05:39:40 +0100] "GET /robots.txt HTTP/1.1" 200 918 "-" "Mozilla/5.0 (compatible; bingbot/2.0; +http://www.bing.com/bingbot.htm)"
207.46.13.145 - - [01/Jan/2012:05:40:30 +0100] "GET /angebote-des-monats/ HTTP/1.1" 200 82171 "-" "Mozilla/5.0 (compatible; bingbot/2.0; +http://www.bing.com/bingbot.htm)"
66.249.71.180 - - [01/Jan/2012:05:44:24 +0100] "GET /inboard-tech-4t-86.html HTTP/1.1" 200 30182 "-" "Mozilla/5.0 (compatible; Googlebot/2.1; +http://www.google.com/bot.html)"
66.249.71.180 - - [01/Jan/2012:05:53:01 +0100] "GET /600-di-jet-2t.html HTTP/1.1" 200 29787 "-" "Mozilla/5.0 (compatible; Googlebot/2.1; +http://www.google.com/bot.html)"
66.249.71.180 - - [01/Jan/2012:05:53:15 +0100] "GET /motul-300-v-le-mans.html HTTP/1.1" 200 30289 "-" "Mozilla/5.0 (compatible; Googlebot/2.1; +http://www.google.com/bot.html)"
66.249.71.180 - - [01/Jan/2012:06:17:03 +0100] "GET /micro-2t.html HTTP/1.1" 200 30485 "-" "Mozilla/5.0 (compatible; Googlebot/2.1; +http://www.google.com/bot.html)"
66.249.71.180 - - [01/Jan/2012:06:32:59 +0100] "GET /motul-100-motomix-2t.html HTTP/1.1" 200 29954 "-" "Mozilla/5.0 (compatible; Googlebot/2.1; +http://www.google.com/bot.html)"
66.249.71.180 - - [01/Jan/2012:06:33:12 +0100] "GET /motul-snowpower-2t-4l.html HTTP/1.1" 200 30049 "-" "Mozilla/5.0 (compatible; Googlebot/2.1; +http://www.google.com/bot.html)"
66.249.71.180 - - [01/Jan/2012:06:34:59 +0100] "GET /motul-scooter-expert-2t.html HTTP/1.1" 200 30119 "-" "Mozilla/5.0 (compatible; Googlebot/2.1; +http://www.google.com/bot.html)"
208.115.113.86 - - [01/Jan/2012:06:36:01 +0100] "GET /fuel-system-clean.html HTTP/1.1" 200 31043 "-" "Mozilla/5.0 (compatible; Ezooms/1.0; ezooms.bot@gmail.com)"
208.115.113.86 - - [01/Jan/2012:06:36:11 +0100] "GET /motul-fanshop-artikel/aschenbecher.html HTTP/1.1" 200 29883 "-" "Mozilla/5.0 (compatible; Ezooms/1.0; ezooms.bot@gmail.com)"
66.249.71.180 - - [01/Jan/2012:06:56:32 +0100] "GET /motul-specific-229-51.html HTTP/1.1" 200 30223 "-" "Mozilla/5.0 (compatible; Googlebot/2.1; +http://www.google.com/bot.html)"
65.52.110.199 - - [01/Jan/2012:06:59:28 +0100] "GET /robots.txt HTTP/1.1" 200 918 "-" "Mozilla/5.0 (compatible; bingbot/2.0; +http://www.bing.com/bingbot.htm)"
65.52.110.199 - - [01/Jan/2012:07:00:31 +0100] "GET /motul-schmierstoffe/motul-motorrad/getriebeol.html HTTP/1.1" 200 23830 "-" "Mozilla/5.0 (compatible; bingbot/2.0; +http://www.bing.com/bingbot.htm)"
66.249.71.180 - - [01/Jan/2012:07:03:46 +0100] "GET /poloshirt-sw-damen.html HTTP/1.1" 200 37278 "-" "Mozilla/5.0 (compatible; Googlebot/2.1; +http://www.google.com/bot.html)"
66.249.71.180 - - [01/Jan/2012:07:06:03 +0100] "GET /motul-7100-4t.html HTTP/1.1" 200 30054 "-" "Mozilla/5.0 (compatible; Googlebot/2.1; +http://www.google.com/bot.html)"
95.108.128.242 - - [01/Jan/2012:07:13:21 +0100] "GET /motul-pflegeprodukte.html HTTP/1.1" 200 47710 "-" "Mozilla/5.0 (compatible; YandexBot/3.0; +http://yandex.com/bots)"
66.249.71.180 - - [01/Jan/2012:07:13:24 +0100] "GET /motocool-factory-line.html HTTP/1.1" 200 29657 "-" "Mozilla/5.0 (compatible; Googlebot/2.1; +http://www.google.com/bot.html)"
66.249.71.180 - - [01/Jan/2012:07:13:38 +0100] "GET /motul-4100-power-1l.html HTTP/1.1" 200 32865 "-" "Mozilla/5.0 (compatible; Googlebot/2.1; +http://www.google.com/bot.html)"
77.21.146.23 - - [01/Jan/2012:07:14:37 +0100] "GET /motul-5100-4t-48.html HTTP/1.1" 200 29889 "-" "findlinks/2.0.2 (+http://wortschatz.uni-leipzig.de/findlinks/)"
77.21.146.23 - - [01/Jan/2012:07:14:40 +0100] "GET /motul-5100-4t-48.html HTTP/1.1" 200 29889 "-" "findlinks/2.0.2 (+http://wortschatz.uni-leipzig.de/findlinks/)"
66.249.71.180 - - [01/Jan/2012:07:42:44 +0100] "GET /motul-8100-x-lite.html HTTP/1.1" 200 29749 "-" "Mozilla/5.0 (compatible; Googlebot/2.1; +http://www.google.com/bot.html)"
208.115.111.70 - - [01/Jan/2012:07:47:43 +0100] "GET /robots.txt HTTP/1.1" 200 918 "-" "Mozilla/5.0 (compatible; Ezooms/1.0; ezooms.bot@gmail.com)"
65.52.109.200 - - [01/Jan/2012:07:58:39 +0100] "GET /robots.txt HTTP/1.1" 200 918 "-" "Mozilla/5.0 (compatible; bingbot/2.0; +http://www.bing.com/bingbot.htm)"
65.52.109.200 - - [01/Jan/2012:07:59:33 +0100] "GET /motul-gear-300.html HTTP/1.1" 200 30484 "-" "Mozilla/5.0 (compatible; bingbot/2.0; +http://www.bing.com/bingbot.htm)"
65.52.109.200 - - [01/Jan/2012:08:04:14 +0100] "GET /motul-quad-4t-63.html HTTP/1.1" 200 29669 "-" "Mozilla/5.0 (compatible; bingbot/2.0; +http://www.bing.com/bingbot.htm)"
207.46.12.74 - - [01/Jan/2012:08:06:14 +0100] "GET /motul-quad-4t-63.html HTTP/1.1" 200 29669 "-" "Mozilla/5.0 (Windows NT 6.1; WOW64) AppleWebKit/534+ (KHTML, like Gecko)"
207.46.12.74 - - [01/Jan/2012:08:06:18 +0100] "GET /js/prototype/validation.js HTTP/1.1" 200 34677 "http://www.markenoele.de/motul-quad-4t-63.html" "Mozilla/5.0 (Windows NT 6.1; WOW64) AppleWebKit/534+ (KHTML, like Gecko)"
207.46.12.74 - - [01/Jan/2012:08:06:18 +0100] "GET /js/scriptaculous/builder.js HTTP/1.1" 200 4744 "http://www.markenoele.de/motul-quad-4t-63.html" "Mozilla/5.0 (Windows NT 6.1; WOW64) AppleWebKit/534+ (KHTML, like Gecko)"
207.46.12.74 - - [01/Jan/2012:08:06:18 +0100] "GET /js/prototype/prototype.js HTTP/1.1" 200 129960 "http://www.markenoele.de/motul-quad-4t-63.html" "Mozilla/5.0 (Windows NT 6.1; WOW64) AppleWebKit/534+ (KHTML, like Gecko)"
207.46.12.74 - - [01/Jan/2012:08:06:19 +0100] "GET /js/scriptaculous/dragdrop.js HTTP/1.1" 200 31192 "http://www.markenoele.de/motul-quad-4t-63.html" "Mozilla/5.0 (Windows NT 6.1; WOW64) AppleWebKit/534+ (KHTML, like Gecko)"
207.46.12.74 - - [01/Jan/2012:08:06:19 +0100] "GET /js/scriptaculous/controls.js HTTP/1.1" 200 34797 "http://www.markenoele.de/motul-quad-4t-63.html" "Mozilla/5.0 (Windows NT 6.1; WOW64) AppleWebKit/534+ (KHTML, like Gecko)"
207.46.12.74 - - [01/Jan/2012:08:06:19 +0100] "GET /js/scriptaculous/slider.js HTTP/1.1" 200 10331 "http://www.markenoele.de/motul-quad-4t-63.html" "Mozilla/5.0 (Windows NT 6.1; WOW64) AppleWebKit/534+ (KHTML, like Gecko)"
207.46.12.74 - - [01/Jan/2012:08:06:19 +0100] "GET /js/varien/js.js HTTP/1.1" 200 16581 "http://www.markenoele.de/motul-quad-4t-63.html" "Mozilla/5.0 (Windows NT 6.1; WOW64) AppleWebKit/534+ (KHTML, like Gecko)"
207.46.12.74 - - [01/Jan/2012:08:06:19 +0100] "GET /js/scriptaculous/effects.js HTTP/1.1" 200 38745 "http://www.markenoele.de/motul-quad-4t-63.html" "Mozilla/5.0 (Windows NT 6.1; WOW64) AppleWebKit/534+ (KHTML, like Gecko)"
207.46.12.74 - - [01/Jan/2012:08:06:20 +0100] "GET /js/varien/form.js HTTP/1.1" 200 11714 "http://www.markenoele.de/motul-quad-4t-63.html" "Mozilla/5.0 (Windows NT 6.1; WOW64) AppleWebKit/534+ (KHTML, like Gecko)"
207.46.12.74 - - [01/Jan/2012:08:06:20 +0100] "GET /js/varien/menu.js HTTP/1.1" 200 4426 "http://www.markenoele.de/motul-quad-4t-63.html" "Mozilla/5.0 (Windows NT 6.1; WOW64) AppleWebKit/534+ (KHTML, like Gecko)"
207.46.12.74 - - [01/Jan/2012:08:06:20 +0100] "GET /js/mage/translate.js HTTP/1.1" 200 1597 "http://www.markenoele.de/motul-quad-4t-63.html" "Mozilla/5.0 (Windows NT 6.1; WOW64) AppleWebKit/534+ (KHTML, like Gecko)"
207.46.12.74 - - [01/Jan/2012:08:06:20 +0100] "GET /js/mage/cookies.js HTTP/1.1" 200 2615 "http://www.markenoele.de/motul-quad-4t-63.html" "Mozilla/5.0 (Windows NT 6.1; WOW64) AppleWebKit/534+ (KHTML, like Gecko)"
207.46.12.74 - - [01/Jan/2012:08:06:20 +0100] "GET /js/varien/product.js HTTP/1.1" 200 23531 "http://www.markenoele.de/motul-quad-4t-63.html" "Mozilla/5.0 (Windows NT 6.1; WOW64) AppleWebKit/534+ (KHTML, like Gecko)"
207.46.12.74 - - [01/Jan/2012:08:06:20 +0100] "GET /js/calendar/calendar-setup.js HTTP/1.1" 200 4986 "http://www.markenoele.de/motul-quad-4t-63.html" "Mozilla/5.0 (Windows NT 6.1; WOW64) AppleWebKit/534+ (KHTML, like Gecko)"
207.46.12.74 - - [01/Jan/2012:08:06:20 +0100] "GET /js/calendar/calendar.js HTTP/1.1" 200 53130 "http://www.markenoele.de/motul-quad-4t-63.html" "Mozilla/5.0 (Windows NT 6.1; WOW64) AppleWebKit/534+ (KHTML, like Gecko)"
207.46.12.74 - - [01/Jan/2012:08:06:20 +0100] "GET /skin/frontend/esso/standard/js/jquery-1.3.2.min.js HTTP/1.1" 200 57254 "http://www.markenoele.de/motul-quad-4t-63.html" "Mozilla/5.0 (Windows NT 6.1; WOW64) AppleWebKit/534+ (KHTML, like Gecko)"
207.46.12.74 - - [01/Jan/2012:08:06:21 +0100] "GET /skin/frontend/esso/standard/js/jquery.jqzoom.js HTTP/1.1" 200 5131 "http://www.markenoele.de/motul-quad-4t-63.html" "Mozilla/5.0 (Windows NT 6.1; WOW64) AppleWebKit/534+ (KHTML, like Gecko)"
207.46.12.74 - - [01/Jan/2012:08:06:21 +0100] "GET /skin/frontend/esso/standard/js/effects.core.js HTTP/1.1" 200 19170 "http://www.markenoele.de/motul-quad-4t-63.html" "Mozilla/5.0 (Windows NT 6.1; WOW64) AppleWebKit/534+ (KHTML, like Gecko)"
207.46.12.74 - - [01/Jan/2012:08:06:21 +0100] "GET /skin/frontend/esso/standard/js/effects.scale.js HTTP/1.1" 200 7057 "http://www.markenoele.de/motul-quad-4t-63.html" "Mozilla/5.0 (Windows NT 6.1; WOW64) AppleWebKit/534+ (KHTML, like Gecko)"
66.249.71.180 - - [01/Jan/2012:08:11:01 +0100] "GET /fork-oil-medium.html HTTP/1.1" 200 29581 "-" "Mozilla/5.0 (compatible; Googlebot/2.1; +http://www.google.com/bot.html)"
66.249.71.180 - - [01/Jan/2012:08:13:08 +0100] "GET /kaffeebecher.html HTTP/1.1" 200 29256 "-" "Mozilla/5.0 (compatible; Googlebot/2.1; +http://www.google.com/bot.html)"
66.249.71.180 - - [01/Jan/2012:08:15:06 +0100] "GET /motul-300v-competition.html HTTP/1.1" 200 30324 "-" "Mozilla/5.0 (compatible; Googlebot/2.1; +http://www.google.com/bot.html)"
66.249.71.180 - - [01/Jan/2012:08:23:51 +0100] "GET /motul-510-2t.html HTTP/1.1" 200 30326 "-" "Mozilla/5.0 (compatible; Googlebot/2.1; +http://www.google.com/bot.html)"
66.249.71.180 - - [01/Jan/2012:08:25:18 +0100] "GET /inboard-4t-5l.html HTTP/1.1" 200 30476 "-" "Mozilla/5.0 (compatible; Googlebot/2.1; +http://www.google.com/bot.html)"
66.249.71.180 - - [01/Jan/2012:08:33:08 +0100] "GET /motul-8100-eco-clean-c2-1l.html HTTP/1.1" 200 30150 "-" "Mozilla/5.0 (compatible; Googlebot/2.1; +http://www.google.com/bot.html)"
207.46.204.240 - - [01/Jan/2012:08:40:24 +0100] "GET /robots.txt HTTP/1.1" 200 918 "-" "Mozilla/5.0 (compatible; bingbot/2.0; +http://www.bing.com/bingbot.htm)"
66.249.71.180 - - [01/Jan/2012:08:43:58 +0100] "GET /outboard-2t-94.html HTTP/1.1" 200 29897 "-" "Mozilla/5.0 (compatible; Googlebot/2.1; +http://www.google.com/bot.html)"
65.52.104.90 - - [01/Jan/2012:08:54:33 +0100] "GET /motul-fanshop-artikel/aufkleber/motul-aufkleber-30-x-7-5-cm.html HTTP/1.1" 200 30681 "-" "Mozilla/5.0 (compatible; bingbot/2.0; +http://www.bing.com/bingbot.htm)"
66.249.71.180 - - [01/Jan/2012:09:03:24 +0100] "GET /motul-gearbox.html HTTP/1.1" 200 30557 "-" "Mozilla/5.0 (compatible; Googlebot/2.1; +http://www.google.com/bot.html)"
66.249.71.180 - - [01/Jan/2012:09:05:04 +0100] "GET /fuel-system-clean.html HTTP/1.1" 200 31043 "-" "Mozilla/5.0 (compatible; Googlebot/2.1; +http://www.google.com/bot.html)"
66.249.71.180 - - [01/Jan/2012:09:06:50 +0100] "GET /motul-kart-grand-prix-2t.html HTTP/1.1" 200 30061 "-" "Mozilla/5.0 (compatible; Googlebot/2.1; +http://www.google.com/bot.html)"
208.115.111.70 - - [01/Jan/2012:09:11:16 +0100] "GET /motul-schmierstoffe/marine/motorenol-2-takt/specific-di-jet-2t.html HTTP/1.1" 200 32153 "-" "Mozilla/5.0 (compatible; Ezooms/1.0; ezooms.bot@gmail.com)"
208.115.111.70 - - [01/Jan/2012:09:11:25 +0100] "GET /schlusselanhanger.html HTTP/1.1" 200 29572 "-" "Mozilla/5.0 (compatible; Ezooms/1.0; ezooms.bot@gmail.com)"
66.249.71.180 - - [01/Jan/2012:09:13:13 +0100] "GET /diesel-system-clean.html HTTP/1.1" 200 30921 "-" "Mozilla/5.0 (compatible; Googlebot/2.1; +http://www.google.com/bot.html)"
66.249.71.180 - - [01/Jan/2012:09:13:30 +0100] "GET /fuel-system-clean-121.html HTTP/1.1" 200 30651 "-" "Mozilla/5.0 (compatible; Googlebot/2.1; +http://www.google.com/bot.html)"
66.249.71.180 - - [01/Jan/2012:09:14:07 +0100] "GET /motul-300v-high-rpm.html HTTP/1.1" 200 30221 "-" "Mozilla/5.0 (compatible; Googlebot/2.1; +http://www.google.com/bot.html)"
66.249.71.180 - - [01/Jan/2012:09:14:33 +0100] "GET /motul-8100-x-cess-1l.html HTTP/1.1" 200 30274 "-" "Mozilla/5.0 (compatible; Googlebot/2.1; +http://www.google.com/bot.html)"
66.249.71.180 - - [01/Jan/2012:09:14:47 +0100] "GET /outboard-tech-4t-82.html HTTP/1.1" 200 30240 "-" "Mozilla/5.0 (compatible; Googlebot/2.1; +http://www.google.com/bot.html)"
213.186.127.10 - - [01/Jan/2012:09:15:04 +0100] "GET /motul-schmierstoffe/motul-6100-synergie-5l.html HTTP/1.1" 200 31381 "-" "Mozilla/5.0 (compatible; AhrefsBot/2.0; +http://ahrefs.com/robot/)"
66.249.71.180 - - [01/Jan/2012:09:32:49 +0100] "GET /motul-7100-4t-52.html HTTP/1.1" 200 30112 "-" "Mozilla/5.0 (compatible; Googlebot/2.1; +http://www.google.com/bot.html)"
207.46.13.145 - - [01/Jan/2012:09:44:15 +0100] "GET /robots.txt HTTP/1.1" 200 918 "-" "Mozilla/5.0 (compatible; bingbot/2.0; +http://www.bing.com/bingbot.htm)"
207.46.13.145 - - [01/Jan/2012:09:44:57 +0100] "GET /motul-schmierstoffe/motul-6100-synergie-1l.html HTTP/1.1" 200 31329 "-" "Mozilla/5.0 (compatible; bingbot/2.0; +http://www.bing.com/bingbot.htm)"
65.52.109.200 - - [01/Jan/2012:09:46:59 +0100] "GET /motul-schmierstoffe/motul-motorrad/motorenol.html HTTP/1.1" 200 50615 "-" "Mozilla/5.0 (compatible; bingbot/2.0; +http://www.bing.com/bingbot.htm)"
208.115.113.86 - - [01/Jan/2012:09:47:19 +0100] "GET /robots.txt HTTP/1.1" 200 918 "-" "Mozilla/5.0 (compatible; Ezooms/1.0; ezooms.bot@gmail.com)"
66.249.71.180 - - [01/Jan/2012:09:48:37 +0100] "GET /motul-3000-4t.html HTTP/1.1" 200 29631 "-" "Mozilla/5.0 (iPhone; U; CPU iPhone OS 4_1 like Mac OS X; en-us) AppleWebKit/532.9 (KHTML, like Gecko) Version/4.0.5 Mobile/8B117 Safari/6531.22.7 (compatible; Googlebot-Mobile/2.1; +http://www.google.com/bot.html)"
66.249.71.180 - - [01/Jan/2012:10:22:59 +0100] "GET /fuel-system-clean-120.html HTTP/1.1" 200 30644 "-" "Mozilla/5.0 (compatible; Googlebot/2.1; +http://www.google.com/bot.html)"
66.249.71.180 - - [01/Jan/2012:10:23:52 +0100] "GET /motul-quad-4t.html HTTP/1.1" 200 29611 "-" "Mozilla/5.0 (compatible; Googlebot/2.1; +http://www.google.com/bot.html)"
66.249.71.180 - - [01/Jan/2012:10:33:09 +0100] "GET /fork-oil-expert-heavy.html HTTP/1.1" 200 29733 "-" "Mozilla/5.0 (compatible; Googlebot/2.1; +http://www.google.com/bot.html)"
95.108.128.242 - - [01/Jan/2012:10:34:05 +0100] "GET /esso-diesel.html HTTP/1.1" 200 24137 "-" "Mozilla/5.0 (compatible; YandexBot/3.0; +http://yandex.com/bots)"
207.46.204.240 - - [01/Jan/2012:10:34:06 +0100] "GET /robots.txt HTTP/1.1" 200 918 "-" "Mozilla/5.0 (compatible; bingbot/2.0; +http://www.bing.com/bingbot.htm)"
207.46.13.145 - - [01/Jan/2012:10:38:59 +0100] "GET /blechschild-pin-up-ii.html HTTP/1.1" 200 29335 "-" "Mozilla/5.0 (compatible; bingbot/2.0; +http://www.bing.com/bingbot.htm)"
207.46.204.213 - - [01/Jan/2012:10:39:01 +0100] "GET /blechschild-pin-up-ii.html HTTP/1.1" 200 29335 "-" "Mozilla/5.0 (Windows NT 6.1; WOW64) AppleWebKit/534+ (KHTML, like Gecko)"
207.46.204.213 - - [01/Jan/2012:10:39:04 +0100] "GET /js/scriptaculous/builder.js HTTP/1.1" 200 4744 "http://www.markenoele.de/blechschild-pin-up-ii.html" "Mozilla/5.0 (Windows NT 6.1; WOW64) AppleWebKit/534+ (KHTML, like Gecko)"
207.46.204.213 - - [01/Jan/2012:10:39:04 +0100] "GET /js/prototype/validation.js HTTP/1.1" 200 34677 "http://www.markenoele.de/blechschild-pin-up-ii.html" "Mozilla/5.0 (Windows NT 6.1; WOW64) AppleWebKit/534+ (KHTML, like Gecko)"
207.46.204.213 - - [01/Jan/2012:10:39:04 +0100] "GET /js/scriptaculous/dragdrop.js HTTP/1.1" 200 31192 "http://www.markenoele.de/blechschild-pin-up-ii.html" "Mozilla/5.0 (Windows NT 6.1; WOW64) AppleWebKit/534+ (KHTML, like Gecko)"
207.46.204.213 - - [01/Jan/2012:10:39:04 +0100] "GET /js/scriptaculous/effects.js HTTP/1.1" 200 38745 "http://www.markenoele.de/blechschild-pin-up-ii.html" "Mozilla/5.0 (Windows NT 6.1; WOW64) AppleWebKit/534+ (KHTML, like Gecko)"
207.46.204.213 - - [01/Jan/2012:10:39:04 +0100] "GET /js/prototype/prototype.js HTTP/1.1" 200 129960 "http://www.markenoele.de/blechschild-pin-up-ii.html" "Mozilla/5.0 (Windows NT 6.1; WOW64) AppleWebKit/534+ (KHTML, like Gecko)"
207.46.204.213 - - [01/Jan/2012:10:39:05 +0100] "GET /js/scriptaculous/controls.js HTTP/1.1" 200 34797 "http://www.markenoele.de/blechschild-pin-up-ii.html" "Mozilla/5.0 (Windows NT 6.1; WOW64) AppleWebKit/534+ (KHTML, like Gecko)"
207.46.204.213 - - [01/Jan/2012:10:39:05 +0100] "GET /js/varien/js.js HTTP/1.1" 200 16581 "http://www.markenoele.de/blechschild-pin-up-ii.html" "Mozilla/5.0 (Windows NT 6.1; WOW64) AppleWebKit/534+ (KHTML, like Gecko)"
207.46.204.213 - - [01/Jan/2012:10:39:05 +0100] "GET /js/scriptaculous/slider.js HTTP/1.1" 200 10331 "http://www.markenoele.de/blechschild-pin-up-ii.html" "Mozilla/5.0 (Windows NT 6.1; WOW64) AppleWebKit/534+ (KHTML, like Gecko)"
207.46.204.213 - - [01/Jan/2012:10:39:05 +0100] "GET /js/varien/menu.js HTTP/1.1" 200 4426 "http://www.markenoele.de/blechschild-pin-up-ii.html" "Mozilla/5.0 (Windows NT 6.1; WOW64) AppleWebKit/534+ (KHTML, like Gecko)"
207.46.204.213 - - [01/Jan/2012:10:39:05 +0100] "GET /js/varien/form.js HTTP/1.1" 200 11714 "http://www.markenoele.de/blechschild-pin-up-ii.html" "Mozilla/5.0 (Windows NT 6.1; WOW64) AppleWebKit/534+ (KHTML, like Gecko)"
207.46.204.213 - - [01/Jan/2012:10:39:06 +0100] "GET /js/mage/translate.js HTTP/1.1" 200 1597 "http://www.markenoele.de/blechschild-pin-up-ii.html" "Mozilla/5.0 (Windows NT 6.1; WOW64) AppleWebKit/534+ (KHTML, like Gecko)"
207.46.204.213 - - [01/Jan/2012:10:39:06 +0100] "GET /js/mage/cookies.js HTTP/1.1" 200 2615 "http://www.markenoele.de/blechschild-pin-up-ii.html" "Mozilla/5.0 (Windows NT 6.1; WOW64) AppleWebKit/534+ (KHTML, like Gecko)"
207.46.204.213 - - [01/Jan/2012:10:39:06 +0100] "GET /js/varien/product.js HTTP/1.1" 200 23531 "http://www.markenoele.de/blechschild-pin-up-ii.html" "Mozilla/5.0 (Windows NT 6.1; WOW64) AppleWebKit/534+ (KHTML, like Gecko)"
207.46.204.213 - - [01/Jan/2012:10:39:06 +0100] "GET /js/calendar/calendar-setup.js HTTP/1.1" 200 4986 "http://www.markenoele.de/blechschild-pin-up-ii.html" "Mozilla/5.0 (Windows NT 6.1; WOW64) AppleWebKit/534+ (KHTML, like Gecko)"
207.46.204.213 - - [01/Jan/2012:10:39:06 +0100] "GET /js/calendar/calendar.js HTTP/1.1" 200 53130 "http://www.markenoele.de/blechschild-pin-up-ii.html" "Mozilla/5.0 (Windows NT 6.1; WOW64) AppleWebKit/534+ (KHTML, like Gecko)"
207.46.204.213 - - [01/Jan/2012:10:39:06 +0100] "GET /skin/frontend/esso/standard/js/jquery.jqzoom.js HTTP/1.1" 200 5131 "http://www.markenoele.de/blechschild-pin-up-ii.html" "Mozilla/5.0 (Windows NT 6.1; WOW64) AppleWebKit/534+ (KHTML, like Gecko)"
207.46.204.213 - - [01/Jan/2012:10:39:06 +0100] "GET /skin/frontend/esso/standard/js/effects.core.js HTTP/1.1" 200 19170 "http://www.markenoele.de/blechschild-pin-up-ii.html" "Mozilla/5.0 (Windows NT 6.1; WOW64) AppleWebKit/534+ (KHTML, like Gecko)"
207.46.204.213 - - [01/Jan/2012:10:39:06 +0100] "GET /skin/frontend/esso/standard/js/jquery-1.3.2.min.js HTTP/1.1" 200 57254 "http://www.markenoele.de/blechschild-pin-up-ii.html" "Mozilla/5.0 (Windows NT 6.1; WOW64) AppleWebKit/534+ (KHTML, like Gecko)"
207.46.204.213 - - [01/Jan/2012:10:39:06 +0100] "GET /skin/frontend/esso/standard/js/effects.scale.js HTTP/1.1" 200 7057 "http://www.markenoele.de/blechschild-pin-up-ii.html" "Mozilla/5.0 (Windows NT 6.1; WOW64) AppleWebKit/534+ (KHTML, like Gecko)"
