208.115.113.86 - - [02/Jan/2012:02:48:36 +0100] "GET /motul-schmierstoffe/motul-motorrad/gabelol.html HTTP/1.1" 200 48786 "-" "Mozilla/5.0 (compatible; Ezooms/1.0; ezooms.bot@gmail.com)"
66.249.71.180 - - [02/Jan/2012:03:04:17 +0100] "GET /motul-schmierstoffe/motul-autoschmierstoffe/motul-auto-motorenoel.html HTTP/1.1" 200 54112 "-" "Mozilla/5.0 (compatible; Googlebot/2.1; +http://www.google.com/bot.html)"
66.249.71.180 - - [02/Jan/2012:03:22:15 +0100] "GET /motul-specific-cng-lpg-5l.html HTTP/1.1" 200 30167 "-" "Mozilla/5.0 (compatible; Googlebot/2.1; +http://www.google.com/bot.html)"
65.52.109.147 - - [02/Jan/2012:03:24:49 +0100] "GET /robots.txt HTTP/1.1" 200 918 "-" "Mozilla/5.0 (compatible; bingbot/2.0; +http://www.bing.com/bingbot.htm)"
65.52.109.147 - - [02/Jan/2012:03:25:30 +0100] "GET /motul-schmierstoffe/scooter/motorenol-2-takt.html HTTP/1.1" 200 37621 "-" "Mozilla/5.0 (compatible; bingbot/2.0; +http://www.bing.com/bingbot.htm)"
85.25.71.15 - - [02/Jan/2012:03:36:08 +0100] "GET / HTTP/1.1" 200 33302 "-" "Mozilla/5.0 (X11; U; Linux i686; en-US; rv:1.9.0.1) Gecko/2008070206 Firefox/3.0.1"
85.25.71.15 - - [02/Jan/2012:03:36:11 +0100] "GET /impressum/ HTTP/1.1" 200 22710 "-" "Mozilla/5.0 (X11; U; Linux i686; en-US; rv:1.9.0.1) Gecko/2008070206 Firefox/3.0.1"
66.249.71.180 - - [02/Jan/2012:03:41:08 +0100] "GET /motul-gear-ff-competition.html HTTP/1.1" 200 29842 "-" "Mozilla/5.0 (compatible; Googlebot/2.1; +http://www.google.com/bot.html)"
66.249.71.180 - - [02/Jan/2012:03:41:23 +0100] "GET /inboard-tech-4t-85.html HTTP/1.1" 200 30767 "-" "Mozilla/5.0 (compatible; Googlebot/2.1; +http://www.google.com/bot.html)"
66.249.71.180 - - [02/Jan/2012:03:41:38 +0100] "GET /e-z-clean.html HTTP/1.1" 200 29870 "-" "Mozilla/5.0 (compatible; Googlebot/2.1; +http://www.google.com/bot.html)"
208.115.111.70 - - [02/Jan/2012:03:43:42 +0100] "GET /robots.txt HTTP/1.1" 200 918 "-" "Mozilla/5.0 (compatible; Ezooms/1.0; ezooms.bot@gmail.com)"
66.249.71.180 - - [02/Jan/2012:03:53:20 +0100] "GET /karabinerhaken.html HTTP/1.1" 200 29179 "-" "Mozilla/5.0 (compatible; Googlebot/2.1; +http://www.google.com/bot.html)"
66.249.71.180 - - [02/Jan/2012:03:55:08 +0100] "GET /motul-aufkleber-30-x-7-5-cm.html HTTP/1.1" 200 29298 "-" "Mozilla/5.0 (compatible; Googlebot/2.1; +http://www.google.com/bot.html)"
66.249.71.180 - - [02/Jan/2012:03:56:17 +0100] "GET /motul-8100-x-clean-c3-1l.html HTTP/1.1" 200 30642 "-" "Mozilla/5.0 (compatible; Googlebot/2.1; +http://www.google.com/bot.html)"
65.52.109.200 - - [02/Jan/2012:04:05:13 +0100] "GET /robots.txt HTTP/1.1" 200 918 "-" "Mozilla/5.0 (compatible; bingbot/2.0; +http://www.bing.com/bingbot.htm)"
157.55.112.209 - - [02/Jan/2012:04:08:14 +0100] "GET /motul-300v-4t-factory-line-75.html HTTP/1.1" 200 30035 "-" "Mozilla/5.0 (Windows NT 6.1; WOW64) AppleWebKit/534+ (KHTML, like Gecko)"
65.52.109.200 - - [02/Jan/2012:04:08:13 +0100] "GET /motul-300v-4t-factory-line-75.html HTTP/1.1" 200 30035 "-" "Mozilla/5.0 (compatible; bingbot/2.0; +http://www.bing.com/bingbot.htm)"
157.55.112.209 - - [02/Jan/2012:04:08:18 +0100] "GET /js/prototype/validation.js HTTP/1.1" 200 34677 "http://www.markenoele.de/motul-300v-4t-factory-line-75.html" "Mozilla/5.0 (Windows NT 6.1; WOW64) AppleWebKit/534+ (KHTML, like Gecko)"
157.55.112.209 - - [02/Jan/2012:04:08:18 +0100] "GET /js/scriptaculous/builder.js HTTP/1.1" 200 4744 "http://www.markenoele.de/motul-300v-4t-factory-line-75.html" "Mozilla/5.0 (Windows NT 6.1; WOW64) AppleWebKit/534+ (KHTML, like Gecko)"
157.55.112.209 - - [02/Jan/2012:04:08:18 +0100] "GET /js/scriptaculous/dragdrop.js HTTP/1.1" 200 31192 "http://www.markenoele.de/motul-300v-4t-factory-line-75.html" "Mozilla/5.0 (Windows NT 6.1; WOW64) AppleWebKit/534+ (KHTML, like Gecko)"
157.55.112.209 - - [02/Jan/2012:04:08:18 +0100] "GET /js/scriptaculous/controls.js HTTP/1.1" 200 34797 "http://www.markenoele.de/motul-300v-4t-factory-line-75.html" "Mozilla/5.0 (Windows NT 6.1; WOW64) AppleWebKit/534+ (KHTML, like Gecko)"
157.55.112.209 - - [02/Jan/2012:04:08:18 +0100] "GET /js/scriptaculous/effects.js HTTP/1.1" 200 38745 "http://www.markenoele.de/motul-300v-4t-factory-line-75.html" "Mozilla/5.0 (Windows NT 6.1; WOW64) AppleWebKit/534+ (KHTML, like Gecko)"
157.55.112.209 - - [02/Jan/2012:04:08:18 +0100] "GET /js/scriptaculous/slider.js HTTP/1.1" 200 10331 "http://www.markenoele.de/motul-300v-4t-factory-line-75.html" "Mozilla/5.0 (Windows NT 6.1; WOW64) AppleWebKit/534+ (KHTML, like Gecko)"
157.55.112.209 - - [02/Jan/2012:04:08:18 +0100] "GET /js/prototype/prototype.js HTTP/1.1" 200 129960 "http://www.markenoele.de/motul-300v-4t-factory-line-75.html" "Mozilla/5.0 (Windows NT 6.1; WOW64) AppleWebKit/534+ (KHTML, like Gecko)"
157.55.112.209 - - [02/Jan/2012:04:08:19 +0100] "GET /js/varien/js.js HTTP/1.1" 200 16581 "http://www.markenoele.de/motul-300v-4t-factory-line-75.html" "Mozilla/5.0 (Windows NT 6.1; WOW64) AppleWebKit/534+ (KHTML, like Gecko)"
157.55.112.209 - - [02/Jan/2012:04:08:19 +0100] "GET /js/varien/form.js HTTP/1.1" 200 11714 "http://www.markenoele.de/motul-300v-4t-factory-line-75.html" "Mozilla/5.0 (Windows NT 6.1; WOW64) AppleWebKit/534+ (KHTML, like Gecko)"
157.55.112.209 - - [02/Jan/2012:04:08:19 +0100] "GET /js/mage/translate.js HTTP/1.1" 200 1597 "http://www.markenoele.de/motul-300v-4t-factory-line-75.html" "Mozilla/5.0 (Windows NT 6.1; WOW64) AppleWebKit/534+ (KHTML, like Gecko)"
157.55.112.209 - - [02/Jan/2012:04:08:19 +0100] "GET /js/varien/menu.js HTTP/1.1" 200 4426 "http://www.markenoele.de/motul-300v-4t-factory-line-75.html" "Mozilla/5.0 (Windows NT 6.1; WOW64) AppleWebKit/534+ (KHTML, like Gecko)"
157.55.112.209 - - [02/Jan/2012:04:08:19 +0100] "GET /js/varien/product.js HTTP/1.1" 200 23531 "http://www.markenoele.de/motul-300v-4t-factory-line-75.html" "Mozilla/5.0 (Windows NT 6.1; WOW64) AppleWebKit/534+ (KHTML, like Gecko)"
157.55.112.209 - - [02/Jan/2012:04:08:19 +0100] "GET /js/mage/cookies.js HTTP/1.1" 200 2615 "http://www.markenoele.de/motul-300v-4t-factory-line-75.html" "Mozilla/5.0 (Windows NT 6.1; WOW64) AppleWebKit/534+ (KHTML, like Gecko)"
157.55.112.209 - - [02/Jan/2012:04:08:19 +0100] "GET /js/calendar/calendar.js HTTP/1.1" 200 53130 "http://www.markenoele.de/motul-300v-4t-factory-line-75.html" "Mozilla/5.0 (Windows NT 6.1; WOW64) AppleWebKit/534+ (KHTML, like Gecko)"
157.55.112.209 - - [02/Jan/2012:04:08:19 +0100] "GET /js/calendar/calendar-setup.js HTTP/1.1" 200 4986 "http://www.markenoele.de/motul-300v-4t-factory-line-75.html" "Mozilla/5.0 (Windows NT 6.1; WOW64) AppleWebKit/534+ (KHTML, like Gecko)"
157.55.112.209 - - [02/Jan/2012:04:08:19 +0100] "GET /skin/frontend/esso/standard/js/jquery.jqzoom.js HTTP/1.1" 200 5131 "http://www.markenoele.de/motul-300v-4t-factory-line-75.html" "Mozilla/5.0 (Windows NT 6.1; WOW64) AppleWebKit/534+ (KHTML, like Gecko)"
157.55.112.209 - - [02/Jan/2012:04:08:19 +0100] "GET /skin/frontend/esso/standard/js/effects.core.js HTTP/1.1" 200 19170 "http://www.markenoele.de/motul-300v-4t-factory-line-75.html" "Mozilla/5.0 (Windows NT 6.1; WOW64) AppleWebKit/534+ (KHTML, like Gecko)"
157.55.112.209 - - [02/Jan/2012:04:08:19 +0100] "GET /skin/frontend/esso/standard/js/jquery-1.3.2.min.js HTTP/1.1" 200 57254 "http://www.markenoele.de/motul-300v-4t-factory-line-75.html" "Mozilla/5.0 (Windows NT 6.1; WOW64) AppleWebKit/534+ (KHTML, like Gecko)"
157.55.112.209 - - [02/Jan/2012:04:08:19 +0100] "GET /skin/frontend/esso/standard/js/effects.scale.js HTTP/1.1" 200 7057 "http://www.markenoele.de/motul-300v-4t-factory-line-75.html" "Mozilla/5.0 (Windows NT 6.1; WOW64) AppleWebKit/534+ (KHTML, like Gecko)"
207.46.204.240 - - [02/Jan/2012:04:33:49 +0100] "GET /robots.txt HTTP/1.1" 200 918 "-" "Mozilla/5.0 (compatible; bingbot/2.0; +http://www.bing.com/bingbot.htm)"
66.249.71.180 - - [02/Jan/2012:04:37:53 +0100] "GET /powerjet-2t.html HTTP/1.1" 200 29775 "-" "Mozilla/5.0 (compatible; Googlebot/2.1; +http://www.google.com/bot.html)"
66.249.71.180 - - [02/Jan/2012:04:41:44 +0100] "GET /e-z-clean.html HTTP/1.1" 200 29870 "-" "Mozilla/5.0 (compatible; Googlebot/2.1; +http://www.google.com/bot.html)"
208.115.111.70 - - [02/Jan/2012:04:43:41 +0100] "GET /motul-schmierstoffe/motul-autoschmierstoffe/motul-auto-motorenoel/motul-6100-synergie-5l.html HTTP/1.1" 200 32417 "-" "Mozilla/5.0 (compatible; Ezooms/1.0; ezooms.bot@gmail.com)"
208.115.111.70 - - [02/Jan/2012:04:43:50 +0100] "GET /motul-schmierstoffe/motul-8100-x-clean-c3-1l.html HTTP/1.1" 200 32054 "-" "Mozilla/5.0 (compatible; Ezooms/1.0; ezooms.bot@gmail.com)"
207.46.204.240 - - [02/Jan/2012:04:49:01 +0100] "GET /baseball-cap-300v.html HTTP/1.1" 404 17050 "-" "Mozilla/5.0 (compatible; bingbot/2.0; +http://www.bing.com/bingbot.htm)"
66.249.71.180 - - [02/Jan/2012:04:53:53 +0100] "GET /motul-quad-4t-63.html HTTP/1.1" 200 29669 "-" "Mozilla/5.0 (compatible; Googlebot/2.1; +http://www.google.com/bot.html)"
66.249.71.180 - - [02/Jan/2012:04:54:08 +0100] "GET /outboard-synth-2t.html HTTP/1.1" 200 30316 "-" "Mozilla/5.0 (compatible; Googlebot/2.1; +http://www.google.com/bot.html)"
66.249.71.180 - - [02/Jan/2012:04:54:23 +0100] "GET /motul-800-2t-factory-line-road-racing.html HTTP/1.1" 200 30001 "-" "Mozilla/5.0 (compatible; Googlebot/2.1; +http://www.google.com/bot.html)"
66.249.71.180 - - [02/Jan/2012:05:03:24 +0100] "GET /motul-710-2t.html HTTP/1.1" 200 30327 "-" "Mozilla/5.0 (compatible; Googlebot/2.1; +http://www.google.com/bot.html)"
66.249.71.180 - - [02/Jan/2012:05:04:10 +0100] "GET /carbu-clean.html HTTP/1.1" 200 30299 "-" "Mozilla/5.0 (compatible; Googlebot/2.1; +http://www.google.com/bot.html)"
66.249.71.180 - - [02/Jan/2012:05:07:50 +0100] "GET /air-filter-clean.html HTTP/1.1" 200 29987 "-" "Mozilla/5.0 (compatible; Googlebot/2.1; +http://www.google.com/bot.html)"
66.249.71.180 - - [02/Jan/2012:05:08:59 +0100] "GET /motul-8100-x-cess-5l.html HTTP/1.1" 200 29949 "-" "Mozilla/5.0 (compatible; Googlebot/2.1; +http://www.google.com/bot.html)"
66.249.71.180 - - [02/Jan/2012:05:14:41 +0100] "GET /garden-4t-159.html HTTP/1.1" 200 29847 "-" "Mozilla/5.0 (compatible; Googlebot/2.1; +http://www.google.com/bot.html)"
66.249.71.180 - - [02/Jan/2012:05:21:10 +0100] "GET /blechschild-pin-up-i.html HTTP/1.1" 200 29325 "-" "Mozilla/5.0 (compatible; Googlebot/2.1; +http://www.google.com/bot.html)"
66.249.71.180 - - [02/Jan/2012:05:32:04 +0100] "GET /motul-300v-4t-factory-line.html HTTP/1.1" 200 30020 "-" "Mozilla/5.0 (compatible; Googlebot/2.1; +http://www.google.com/bot.html)"
66.249.71.180 - - [02/Jan/2012:05:32:25 +0100] "GET /motul-5100-4t.html HTTP/1.1" 200 30202 "-" "Mozilla/5.0 (compatible; Googlebot/2.1; +http://www.google.com/bot.html)"
208.115.113.86 - - [02/Jan/2012:05:38:21 +0100] "GET /robots.txt HTTP/1.1" 200 918 "-" "Mozilla/5.0 (compatible; Ezooms/1.0; ezooms.bot@gmail.com)"
66.249.71.180 - - [02/Jan/2012:05:41:17 +0100] "GET /air-filter-oil.html HTTP/1.1" 200 30302 "-" "Mozilla/5.0 (compatible; Googlebot/2.1; +http://www.google.com/bot.html)"
66.249.71.180 - - [02/Jan/2012:05:41:30 +0100] "GET /motul-specific-504-00-507-00-23.html HTTP/1.1" 200 30792 "-" "Mozilla/5.0 (compatible; Googlebot/2.1; +http://www.google.com/bot.html)"
66.249.71.180 - - [02/Jan/2012:05:42:42 +0100] "GET /motul-8100-x-clean-plus-1l-11.html HTTP/1.1" 200 30168 "-" "Mozilla/5.0 (compatible; Googlebot/2.1; +http://www.google.com/bot.html)"
66.249.71.180 - - [02/Jan/2012:05:46:58 +0100] "GET /motul-aufnaher-11-x-3-8-cm.html HTTP/1.1" 200 29235 "-" "Mozilla/5.0 (compatible; Googlebot/2.1; +http://www.google.com/bot.html)"
66.249.71.180 - - [02/Jan/2012:05:52:22 +0100] "GET /motul-8100-x-clean-c3-1l-176.html HTTP/1.1" 200 30313 "-" "Mozilla/5.0 (compatible; Googlebot/2.1; +http://www.google.com/bot.html)"
66.249.71.180 - - [02/Jan/2012:05:52:58 +0100] "GET /powerjet-4t.html HTTP/1.1" 200 29727 "-" "Mozilla/5.0 (compatible; Googlebot/2.1; +http://www.google.com/bot.html)"
66.249.71.180 - - [02/Jan/2012:05:53:20 +0100] "GET /timber-120.html HTTP/1.1" 200 29797 "-" "Mozilla/5.0 (compatible; Googlebot/2.1; +http://www.google.com/bot.html)"
66.249.71.180 - - [02/Jan/2012:05:55:35 +0100] "GET /outboard-tech-4t-81.html HTTP/1.1" 200 30247 "-" "Mozilla/5.0 (compatible; Googlebot/2.1; +http://www.google.com/bot.html)"
66.249.71.180 - - [02/Jan/2012:05:56:15 +0100] "GET /shock-oil-factory-line.html HTTP/1.1" 200 29799 "-" "Mozilla/5.0 (compatible; Googlebot/2.1; +http://www.google.com/bot.html)"
66.249.71.180 - - [02/Jan/2012:06:02:14 +0100] "GET /motul-snowpower-2t-1l.html HTTP/1.1" 200 32308 "-" "Mozilla/5.0 (compatible; Googlebot/2.1; +http://www.google.com/bot.html)"
66.249.71.180 - - [02/Jan/2012:06:03:17 +0100] "GET /motul-gear-300.html HTTP/1.1" 200 30107 "-" "Mozilla/5.0 (compatible; Googlebot/2.1; +http://www.google.com/bot.html)"
66.249.71.180 - - [02/Jan/2012:06:11:00 +0100] "GET /fork-oil-light-medium.html HTTP/1.1" 200 29703 "-" "Mozilla/5.0 (compatible; Googlebot/2.1; +http://www.google.com/bot.html)"
66.249.71.180 - - [02/Jan/2012:06:14:24 +0100] "GET /inboard-tech-4t.html HTTP/1.1" 200 30754 "-" "Mozilla/5.0 (compatible; Googlebot/2.1; +http://www.google.com/bot.html)"
66.249.71.180 - - [02/Jan/2012:06:21:05 +0100] "GET /motul-snowpower-4t-4l.html HTTP/1.1" 200 30102 "-" "Mozilla/5.0 (compatible; Googlebot/2.1; +http://www.google.com/bot.html)"
66.249.71.180 - - [02/Jan/2012:06:26:16 +0100] "GET /motul-specific-ford-913-c-5l.html HTTP/1.1" 200 30044 "-" "Mozilla/5.0 (compatible; Googlebot/2.1; +http://www.google.com/bot.html)"
95.108.128.242 - - [02/Jan/2012:06:30:36 +0100] "GET / HTTP/1.1" 200 33302 "-" "Mozilla/5.0 (compatible; YandexBot/3.0; +http://yandex.com/bots)"
66.249.71.180 - - [02/Jan/2012:06:37:13 +0100] "GET /motul-6100-synergie-5l.html HTTP/1.1" 200 29973 "-" "Mozilla/5.0 (compatible; Googlebot/2.1; +http://www.google.com/bot.html)"
66.249.71.180 - - [02/Jan/2012:06:38:52 +0100] "GET /baseball-cap-flame.html HTTP/1.1" 200 29315 "-" "Mozilla/5.0 (compatible; Googlebot/2.1; +http://www.google.com/bot.html)"
72.14.199.151 - - [02/Jan/2012:07:01:05 +0100] "GET / HTTP/1.1" 200 33302 "-" "AdsBot-Google-Mobile (+http://www.google.com/mobile/adsbot.html) Mozilla (iPhone; U; CPU iPhone OS 3 0 like Mac OS X) AppleWebKit (KHTML, like Gecko) Mobile Safari"
208.115.113.86 - - [02/Jan/2012:07:03:34 +0100] "GET /motul-schmierstoffe/marine/outboard-tech-4t-82.html HTTP/1.1" 200 32185 "-" "Mozilla/5.0 (compatible; Ezooms/1.0; ezooms.bot@gmail.com)"
208.115.113.86 - - [02/Jan/2012:07:03:43 +0100] "GET /motul-schmierstoffe/motul-motorrad/getriebeol.html HTTP/1.1" 200 23830 "-" "Mozilla/5.0 (compatible; Ezooms/1.0; ezooms.bot@gmail.com)"
208.115.113.86 - - [02/Jan/2012:07:03:50 +0100] "GET /overall-mit-motul-einstickung.html HTTP/1.1" 404 17062 "-" "Mozilla/5.0 (compatible; Ezooms/1.0; ezooms.bot@gmail.com)"
66.249.71.180 - - [02/Jan/2012:07:09:58 +0100] "GET /motul-8100-eco-clean-c1.html HTTP/1.1" 200 30071 "-" "Mozilla/5.0 (compatible; Googlebot/2.1; +http://www.google.com/bot.html)"
66.249.71.180 - - [02/Jan/2012:07:10:13 +0100] "GET /inboard-tech-4t-87.html HTTP/1.1" 200 30182 "-" "Mozilla/5.0 (compatible; Googlebot/2.1; +http://www.google.com/bot.html)"
66.249.71.180 - - [02/Jan/2012:07:23:14 +0100] "GET /motul-8100-x-clean-c3-5l.html HTTP/1.1" 200 30693 "-" "Mozilla/5.0 (compatible; Googlebot/2.1; +http://www.google.com/bot.html)"
66.249.71.180 - - [02/Jan/2012:07:25:45 +0100] "GET /inboard-tech-4t-86.html HTTP/1.1" 200 30182 "-" "Mozilla/5.0 (compatible; Googlebot/2.1; +http://www.google.com/bot.html)"
66.249.71.180 - - [02/Jan/2012:07:34:20 +0100] "GET /motul-8100-eco-clean-c1-17.html HTTP/1.1" 200 30129 "-" "Mozilla/5.0 (compatible; Googlebot/2.1; +http://www.google.com/bot.html)"
66.249.71.180 - - [02/Jan/2012:07:44:52 +0100] "GET /outboard-tech-4t-83.html HTTP/1.1" 200 30240 "-" "Mozilla/5.0 (compatible; Googlebot/2.1; +http://www.google.com/bot.html)"
80.153.167.142 - - [02/Jan/2012:07:47:35 +0100] "GET /functions/index.php HTTP/1.1" 200 1833 "-" "Mozilla/5.0 (compatible; MSIE 9.0; Windows NT 6.1; WOW64; Trident/5.0)"
80.153.167.142 - - [02/Jan/2012:07:47:39 +0100] "POST /functions/index.php HTTP/1.1" 302 2148 "http://www.markenoele.de/functions/index.php" "Mozilla/5.0 (compatible; MSIE 9.0; Windows NT 6.1; WOW64; Trident/5.0)"
80.153.167.142 - - [02/Jan/2012:07:47:39 +0100] "GET /functions/abrechnung.php HTTP/1.1" 200 113211 "http://www.markenoele.de/functions/index.php" "Mozilla/5.0 (compatible; MSIE 9.0; Windows NT 6.1; WOW64; Trident/5.0)"
80.153.167.142 - - [02/Jan/2012:07:47:41 +0100] "GET /functions/bestandsliste.php HTTP/1.1" 200 26895 "http://www.markenoele.de/functions/abrechnung.php" "Mozilla/5.0 (compatible; MSIE 9.0; Windows NT 6.1; WOW64; Trident/5.0)"
80.153.167.142 - - [02/Jan/2012:07:47:43 +0100] "GET /functions/bestandsliste.php?sortierung=Bestand&richtung= HTTP/1.1" 200 26924 "http://www.markenoele.de/functions/bestandsliste.php" "Mozilla/5.0 (compatible; MSIE 9.0; Windows NT 6.1; WOW64; Trident/5.0)"
80.153.167.142 - - [02/Jan/2012:07:47:57 +0100] "POST /functions/bestandsliste.php?sortierung=Bestand&richtung=ASC HTTP/1.1" 200 26965 "http://www.markenoele.de/functions/bestandsliste.php?sortierung=Bestand&richtung=" "Mozilla/5.0 (compatible; MSIE 9.0; Windows NT 6.1; WOW64; Trident/5.0)"
66.249.71.180 - - [02/Jan/2012:07:52:23 +0100] "GET /garden-2t.html HTTP/1.1" 200 29691 "-" "Mozilla/5.0 (compatible; Googlebot/2.1; +http://www.google.com/bot.html)"
208.115.111.70 - - [02/Jan/2012:08:01:54 +0100] "GET /robots.txt HTTP/1.1" 200 918 "-" "Mozilla/5.0 (compatible; Ezooms/1.0; ezooms.bot@gmail.com)"
66.249.71.180 - - [02/Jan/2012:08:03:00 +0100] "GET /chain-lube-factory-line.html HTTP/1.1" 200 30073 "-" "Mozilla/5.0 (compatible; Googlebot/2.1; +http://www.google.com/bot.html)"
66.249.71.180 - - [02/Jan/2012:08:05:05 +0100] "GET /einzelbuchstaben-28-x-5-5-cm.html HTTP/1.1" 200 28683 "-" "Mozilla/5.0 (compatible; Googlebot/2.1; +http://www.google.com/bot.html)"
212.91.246.65 - - [02/Jan/2012:08:05:18 +0100] "GET /skin/frontend/default/default/images/logo_email.gif HTTP/1.1" 304 - "-" "Mozilla/4.0 (compatible; MSIE 7.0; Windows NT 6.1; WOW64; Trident/5.0; SLCC2; .NET CLR 2.0.50727; .NET CLR 3.5.30729; .NET CLR 3.0.30729; Media Center PC 6.0; InfoPath.2; .NET4.0C)"
66.249.71.180 - - [02/Jan/2012:08:05:19 +0100] "GET /motocross-aufkleber.html HTTP/1.1" 200 29244 "-" "Mozilla/5.0 (compatible; Googlebot/2.1; +http://www.google.com/bot.html)"
212.91.246.65 - - [02/Jan/2012:08:06:00 +0100] "GET /skin/frontend/default/default/images/logo_email.gif HTTP/1.1" 304 - "-" "Mozilla/4.0 (compatible; MSIE 7.0; Windows NT 6.1; WOW64; Trident/5.0; SLCC2; .NET CLR 2.0.50727; .NET CLR 3.5.30729; .NET CLR 3.0.30729; Media Center PC 6.0; InfoPath.2; .NET4.0C)"
65.52.108.145 - - [02/Jan/2012:08:14:14 +0100] "GET /robots.txt HTTP/1.1" 200 918 "-" "Mozilla/5.0 (compatible; bingbot/2.0; +http://www.bing.com/bingbot.htm)"
192.168.10.33 - - [02/Jan/2012:08:36:33 +0100] "GET /functions/spezialpreise.php?sortierung=Artikel%20neu%20bis&richtung=ASC HTTP/1.1" 302 35926 "http://www.markenoele.de/functions/spezialpreise.php?sortierung=Artikel%20neu%20bis&richtung=ASC" "Mozilla/5.0 (Windows NT 6.1; WOW64; rv:8.0) Gecko/20100101 Firefox/8.0"
192.168.10.33 - - [02/Jan/2012:08:36:34 +0100] "GET /functions/index.php HTTP/1.1" 200 1833 "http://www.markenoele.de/functions/spezialpreise.php?sortierung=Artikel%20neu%20bis&richtung=ASC" "Mozilla/5.0 (Windows NT 6.1; WOW64; rv:8.0) Gecko/20100101 Firefox/8.0"
192.168.10.33 - - [02/Jan/2012:08:36:31 +0100] "GET /index.php/admin/catalog_product/edit/store/0/id/58/key/c254ed790a337dbb0c8224e524758751/ HTTP/1.1" 200 147479 "http://www.markenoele.de/index.php/admin/catalog_product/index/store/0/key/a97bf2b02c9f83da792247a736bb18b1/" "Mozilla/5.0 (Windows NT 6.1; WOW64; rv:8.0) Gecko/20100101 Firefox/8.0"
192.168.10.33 - - [02/Jan/2012:08:36:49 +0100] "GET /index.php/admin/index/logout/key/1e6b25d57d5d89117c6eda3fba63b5d6/ HTTP/1.1" 302 - "http://www.markenoele.de/index.php/admin/catalog_product/edit/store/0/id/58/key/c254ed790a337dbb0c8224e524758751/" "Mozilla/5.0 (Windows NT 6.1; WOW64; rv:8.0) Gecko/20100101 Firefox/8.0"
192.168.10.33 - - [02/Jan/2012:08:36:50 +0100] "GET /index.php/admin/index/index/key/b3e5778c7b476b18f6746114bf9cafa3/ HTTP/1.1" 200 3420 "http://www.markenoele.de/index.php/admin/catalog_product/edit/store/0/id/58/key/c254ed790a337dbb0c8224e524758751/" "Mozilla/5.0 (Windows NT 6.1; WOW64; rv:8.0) Gecko/20100101 Firefox/8.0"
66.249.71.180 - - [02/Jan/2012:08:37:48 +0100] "GET /motul-300v-competition-68.html HTTP/1.1" 200 30335 "-" "Mozilla/5.0 (compatible; Googlebot/2.1; +http://www.google.com/bot.html)"
66.249.71.180 - - [02/Jan/2012:08:43:07 +0100] "GET /lanyard.html HTTP/1.1" 200 29110 "-" "Mozilla/5.0 (compatible; Googlebot/2.1; +http://www.google.com/bot.html)"
193.158.102.234 - - [02/Jan/2012:08:46:36 +0100] "GET /oelberater HTTP/1.1" 200 16523 "http://www.google.de/search?q=%C3%B6lberater+" "Mozilla/4.0 (compatible; MSIE 7.0; Windows NT 5.1; .NET CLR 2.0.50727; .NET CLR 3.0.4506.2152; .NET CLR 3.5.30729)"
193.158.102.234 - - [02/Jan/2012:08:46:38 +0100] "GET /skin/frontend/esso/standard/css/widgets.css HTTP/1.1" 200 4369 "http://www.markenoele.de/oelberater" "Mozilla/4.0 (compatible; MSIE 7.0; Windows NT 5.1; .NET CLR 2.0.50727; .NET CLR 3.0.4506.2152; .NET CLR 3.5.30729)"
193.158.102.234 - - [02/Jan/2012:08:46:38 +0100] "GET /skin/frontend/esso/standard/css/styles.css HTTP/1.1" 200 79554 "http://www.markenoele.de/oelberater" "Mozilla/4.0 (compatible; MSIE 7.0; Windows NT 5.1; .NET CLR 2.0.50727; .NET CLR 3.0.4506.2152; .NET CLR 3.5.30729)"
193.158.102.234 - - [02/Jan/2012:08:46:38 +0100] "GET /skin/frontend/esso/standard/css/print.css HTTP/1.1" 200 1580 "http://www.markenoele.de/oelberater" "Mozilla/4.0 (compatible; MSIE 7.0; Windows NT 5.1; .NET CLR 2.0.50727; .NET CLR 3.0.4506.2152; .NET CLR 3.5.30729)"
193.158.102.234 - - [02/Jan/2012:08:46:38 +0100] "GET /js/prototype/prototype.js HTTP/1.1" 200 129960 "http://www.markenoele.de/oelberater" "Mozilla/4.0 (compatible; MSIE 7.0; Windows NT 5.1; .NET CLR 2.0.50727; .NET CLR 3.0.4506.2152; .NET CLR 3.5.30729)"
193.158.102.234 - - [02/Jan/2012:08:46:39 +0100] "GET /js/prototype/validation.js HTTP/1.1" 200 34677 "http://www.markenoele.de/oelberater" "Mozilla/4.0 (compatible; MSIE 7.0; Windows NT 5.1; .NET CLR 2.0.50727; .NET CLR 3.0.4506.2152; .NET CLR 3.5.30729)"
193.158.102.234 - - [02/Jan/2012:08:46:39 +0100] "GET /js/scriptaculous/builder.js HTTP/1.1" 200 4744 "http://www.markenoele.de/oelberater" "Mozilla/4.0 (compatible; MSIE 7.0; Windows NT 5.1; .NET CLR 2.0.50727; .NET CLR 3.0.4506.2152; .NET CLR 3.5.30729)"
193.158.102.234 - - [02/Jan/2012:08:46:39 +0100] "GET /js/scriptaculous/effects.js HTTP/1.1" 200 38745 "http://www.markenoele.de/oelberater" "Mozilla/4.0 (compatible; MSIE 7.0; Windows NT 5.1; .NET CLR 2.0.50727; .NET CLR 3.0.4506.2152; .NET CLR 3.5.30729)"
193.158.102.234 - - [02/Jan/2012:08:46:39 +0100] "GET /js/scriptaculous/dragdrop.js HTTP/1.1" 200 31192 "http://www.markenoele.de/oelberater" "Mozilla/4.0 (compatible; MSIE 7.0; Windows NT 5.1; .NET CLR 2.0.50727; .NET CLR 3.0.4506.2152; .NET CLR 3.5.30729)"
193.158.102.234 - - [02/Jan/2012:08:46:39 +0100] "GET /js/scriptaculous/controls.js HTTP/1.1" 200 34797 "http://www.markenoele.de/oelberater" "Mozilla/4.0 (compatible; MSIE 7.0; Windows NT 5.1; .NET CLR 2.0.50727; .NET CLR 3.0.4506.2152; .NET CLR 3.5.30729)"
193.158.102.234 - - [02/Jan/2012:08:46:39 +0100] "GET /js/scriptaculous/slider.js HTTP/1.1" 200 10331 "http://www.markenoele.de/oelberater" "Mozilla/4.0 (compatible; MSIE 7.0; Windows NT 5.1; .NET CLR 2.0.50727; .NET CLR 3.0.4506.2152; .NET CLR 3.5.30729)"
193.158.102.234 - - [02/Jan/2012:08:46:39 +0100] "GET /js/varien/js.js HTTP/1.1" 200 16581 "http://www.markenoele.de/oelberater" "Mozilla/4.0 (compatible; MSIE 7.0; Windows NT 5.1; .NET CLR 2.0.50727; .NET CLR 3.0.4506.2152; .NET CLR 3.5.30729)"
193.158.102.234 - - [02/Jan/2012:08:46:40 +0100] "GET /js/varien/form.js HTTP/1.1" 200 11714 "http://www.markenoele.de/oelberater" "Mozilla/4.0 (compatible; MSIE 7.0; Windows NT 5.1; .NET CLR 2.0.50727; .NET CLR 3.0.4506.2152; .NET CLR 3.5.30729)"
193.158.102.234 - - [02/Jan/2012:08:46:40 +0100] "GET /js/varien/menu.js HTTP/1.1" 200 4426 "http://www.markenoele.de/oelberater" "Mozilla/4.0 (compatible; MSIE 7.0; Windows NT 5.1; .NET CLR 2.0.50727; .NET CLR 3.0.4506.2152; .NET CLR 3.5.30729)"
193.158.102.234 - - [02/Jan/2012:08:46:40 +0100] "GET /js/mage/translate.js HTTP/1.1" 200 1597 "http://www.markenoele.de/oelberater" "Mozilla/4.0 (compatible; MSIE 7.0; Windows NT 5.1; .NET CLR 2.0.50727; .NET CLR 3.0.4506.2152; .NET CLR 3.5.30729)"
193.158.102.234 - - [02/Jan/2012:08:46:40 +0100] "GET /js/mage/cookies.js HTTP/1.1" 200 2615 "http://www.markenoele.de/oelberater" "Mozilla/4.0 (compatible; MSIE 7.0; Windows NT 5.1; .NET CLR 2.0.50727; .NET CLR 3.0.4506.2152; .NET CLR 3.5.30729)"
193.158.102.234 - - [02/Jan/2012:08:46:40 +0100] "GET /skin/frontend/esso/standard/css/styles-ie.css HTTP/1.1" 200 4778 "http://www.markenoele.de/oelberater" "Mozilla/4.0 (compatible; MSIE 7.0; Windows NT 5.1; .NET CLR 2.0.50727; .NET CLR 3.0.4506.2152; .NET CLR 3.5.30729)"
193.158.102.234 - - [02/Jan/2012:08:46:40 +0100] "GET /skin/frontend/esso/standard/images/logo.png HTTP/1.1" 200 27553 "http://www.markenoele.de/oelberater" "Mozilla/4.0 (compatible; MSIE 7.0; Windows NT 5.1; .NET CLR 2.0.50727; .NET CLR 3.0.4506.2152; .NET CLR 3.5.30729)"
193.158.102.234 - - [02/Jan/2012:08:46:40 +0100] "GET /skin/frontend/esso/standard/images/icon_lupe_sm.png HTTP/1.1" 200 1235 "http://www.markenoele.de/oelberater" "Mozilla/4.0 (compatible; MSIE 7.0; Windows NT 5.1; .NET CLR 2.0.50727; .NET CLR 3.0.4506.2152; .NET CLR 3.5.30729)"
193.158.102.234 - - [02/Jan/2012:08:46:40 +0100] "GET /skin/frontend/esso/standard/images/tropf-sm.png HTTP/1.1" 200 1179 "http://www.markenoele.de/oelberater" "Mozilla/4.0 (compatible; MSIE 7.0; Windows NT 5.1; .NET CLR 2.0.50727; .NET CLR 3.0.4506.2152; .NET CLR 3.5.30729)"
193.158.102.234 - - [02/Jan/2012:08:46:40 +0100] "GET /skin/frontend/esso/standard/images/akt-art-sm.png HTTP/1.1" 200 1091 "http://www.markenoele.de/oelberater" "Mozilla/4.0 (compatible; MSIE 7.0; Windows NT 5.1; .NET CLR 2.0.50727; .NET CLR 3.0.4506.2152; .NET CLR 3.5.30729)"
193.158.102.234 - - [02/Jan/2012:08:46:40 +0100] "GET /skin/frontend/esso/standard/images/search_arrow_right.png HTTP/1.1" 200 662 "http://www.markenoele.de/oelberater" "Mozilla/4.0 (compatible; MSIE 7.0; Windows NT 5.1; .NET CLR 2.0.50727; .NET CLR 3.0.4506.2152; .NET CLR 3.5.30729)"
193.158.102.234 - - [02/Jan/2012:08:46:40 +0100] "GET /skin/frontend/esso/standard/images/bkg_pipe1.gif HTTP/1.1" 200 44 "http://www.markenoele.de/oelberater" "Mozilla/4.0 (compatible; MSIE 7.0; Windows NT 5.1; .NET CLR 2.0.50727; .NET CLR 3.0.4506.2152; .NET CLR 3.5.30729)"
193.158.102.234 - - [02/Jan/2012:08:46:40 +0100] "GET /skin/frontend/esso/standard/favicon.ico HTTP/1.1" 200 3638 "-" "Mozilla/4.0 (compatible; MSIE 7.0; Windows NT 5.1; .NET CLR 2.0.50727; .NET CLR 3.0.4506.2152; .NET CLR 3.5.30729)"
66.249.71.180 - - [02/Jan/2012:08:47:01 +0100] "GET /motul-7100-4t-54.html HTTP/1.1" 200 30032 "-" "Mozilla/5.0 (compatible; Googlebot/2.1; +http://www.google.com/bot.html)"
207.46.204.240 - - [02/Jan/2012:08:54:19 +0100] "GET /robots.txt HTTP/1.1" 200 918 "-" "Mozilla/5.0 (compatible; bingbot/2.0; +http://www.bing.com/bingbot.htm)"
66.249.71.180 - - [02/Jan/2012:08:56:08 +0100] "GET /blechschild-pin-up-iii.html HTTP/1.1" 200 29349 "-" "Mozilla/5.0 (compatible; Googlebot/2.1; +http://www.google.com/bot.html)"
66.249.71.180 - - [02/Jan/2012:08:56:28 +0100] "GET /motul-7100-4t-55.html HTTP/1.1" 200 29981 "-" "Mozilla/5.0 (compatible; Googlebot/2.1; +http://www.google.com/bot.html)"
207.46.204.240 - - [02/Jan/2012:08:57:32 +0100] "GET /motul-fanshop-artikel/poloshirt-sw-herren.html HTTP/1.1" 200 37389 "-" "Mozilla/5.0 (compatible; bingbot/2.0; +http://www.bing.com/bingbot.htm)"
66.249.71.180 - - [02/Jan/2012:08:58:06 +0100] "GET /motul-specific-ll-a-b-025-21.html HTTP/1.1" 200 30206 "-" "Mozilla/5.0 (compatible; Googlebot/2.1; +http://www.google.com/bot.html)"
66.249.71.180 - - [02/Jan/2012:08:58:21 +0100] "GET /motul-6100-synergie-1l.html HTTP/1.1" 200 29921 "-" "Mozilla/5.0 (compatible; Googlebot/2.1; +http://www.google.com/bot.html)"
80.153.167.142 - - [02/Jan/2012:09:04:56 +0100] "GET /functions/bestandsliste.php?sortierung=Bestand&richtung=DESC HTTP/1.1" 200 26929 "http://www.markenoele.de/functions/bestandsliste.php?sortierung=Bestand&richtung=ASC" "Mozilla/5.0 (compatible; MSIE 9.0; Windows NT 6.1; WOW64; Trident/5.0)"
80.153.167.142 - - [02/Jan/2012:09:04:59 +0100] "GET /functions/bestandsliste.php?sortierung=Bestand&richtung=ASC HTTP/1.1" 200 26924 "http://www.markenoele.de/functions/bestandsliste.php?sortierung=Bestand&richtung=DESC" "Mozilla/5.0 (compatible; MSIE 9.0; Windows NT 6.1; WOW64; Trident/5.0)"
80.153.167.142 - - [02/Jan/2012:09:05:14 +0100] "GET / HTTP/1.1" 200 33302 "-" "Mozilla/5.0 (compatible; MSIE 9.0; Windows NT 6.1; WOW64; Trident/5.0)"
80.153.167.142 - - [02/Jan/2012:09:05:17 +0100] "GET /media/catalog/product/cache/2/small_image/85x/9df78eab33525d08d6e5fb8d27136e95/7/1/710-2t_1l_1.jpg HTTP/1.1" 200 3144 "http://www.markenoele.de/" "Mozilla/5.0 (compatible; MSIE 9.0; Windows NT 6.1; WOW64; Trident/5.0)"
80.153.167.142 - - [02/Jan/2012:09:05:17 +0100] "GET /media/catalog/product/cache/2/small_image/85x/9df78eab33525d08d6e5fb8d27136e95/c/h/chain_lube_fl.jpg HTTP/1.1" 200 2292 "http://www.markenoele.de/" "Mozilla/5.0 (compatible; MSIE 9.0; Windows NT 6.1; WOW64; Trident/5.0)"
80.153.167.142 - - [02/Jan/2012:09:05:17 +0100] "GET /media/catalog/product/cache/2/small_image/85x/9df78eab33525d08d6e5fb8d27136e95/3/0/300v_power_5w40.jpg HTTP/1.1" 200 3895 "http://www.markenoele.de/" "Mozilla/5.0 (compatible; MSIE 9.0; Windows NT 6.1; WOW64; Trident/5.0)"
80.153.167.142 - - [02/Jan/2012:09:05:17 +0100] "GET /media/catalog/product/cache/2/small_image/85x/9df78eab33525d08d6e5fb8d27136e95/s/n/snowpower_2t_1l.jpg HTTP/1.1" 304 - "http://www.markenoele.de/" "Mozilla/5.0 (compatible; MSIE 9.0; Windows NT 6.1; WOW64; Trident/5.0)"
80.153.167.142 - - [02/Jan/2012:09:05:17 +0100] "GET /media/catalog/product/cache/2/small_image/85x/9df78eab33525d08d6e5fb8d27136e95/m/o/mocool_1l.jpg HTTP/1.1" 200 3253 "http://www.markenoele.de/" "Mozilla/5.0 (compatible; MSIE 9.0; Windows NT 6.1; WOW64; Trident/5.0)"
80.153.167.142 - - [02/Jan/2012:09:05:45 +0100] "GET /motul-fanshop-artikel.html HTTP/1.1" 200 48193 "http://www.markenoele.de/" "Mozilla/5.0 (compatible; MSIE 9.0; Windows NT 6.1; WOW64; Trident/5.0)"
80.153.167.142 - - [02/Jan/2012:09:05:50 +0100] "GET /motul-fanshop-artikel/bekleidung.html HTTP/1.1" 200 35513 "http://www.markenoele.de/motul-fanshop-artikel.html" "Mozilla/5.0 (compatible; MSIE 9.0; Windows NT 6.1; WOW64; Trident/5.0)"
66.249.71.180 - - [02/Jan/2012:09:06:08 +0100] "GET /motul-300v-power.html HTTP/1.1" 200 30535 "-" "Mozilla/5.0 (compatible; Googlebot/2.1; +http://www.google.com/bot.html)"
80.153.167.142 - - [02/Jan/2012:09:06:25 +0100] "GET /angebote-des-monats/ HTTP/1.1" 200 59955 "http://www.markenoele.de/motul-fanshop-artikel/bekleidung.html" "Mozilla/5.0 (compatible; MSIE 9.0; Windows NT 6.1; WOW64; Trident/5.0)"
80.153.167.142 - - [02/Jan/2012:09:06:28 +0100] "GET /media/catalog/product/cache/2/small_image/170x/9df78eab33525d08d6e5fb8d27136e95/m/o/mocool_1l.jpg HTTP/1.1" 200 8881 "http://www.markenoele.de/angebote-des-monats/" "Mozilla/5.0 (compatible; MSIE 9.0; Windows NT 6.1; WOW64; Trident/5.0)"
80.153.167.142 - - [02/Jan/2012:09:06:28 +0100] "GET /media/catalog/product/cache/2/small_image/170x/9df78eab33525d08d6e5fb8d27136e95/c/h/chain_lube_fl.jpg HTTP/1.1" 200 5369 "http://www.markenoele.de/angebote-des-monats/" "Mozilla/5.0 (compatible; MSIE 9.0; Windows NT 6.1; WOW64; Trident/5.0)"
80.153.167.142 - - [02/Jan/2012:09:06:28 +0100] "GET /media/catalog/product/cache/2/small_image/170x/9df78eab33525d08d6e5fb8d27136e95/3/0/300v_power_5w40.jpg HTTP/1.1" 200 10651 "http://www.markenoele.de/angebote-des-monats/" "Mozilla/5.0 (compatible; MSIE 9.0; Windows NT 6.1; WOW64; Trident/5.0)"
80.153.167.142 - - [02/Jan/2012:09:06:28 +0100] "GET /media/catalog/product/cache/2/small_image/170x/9df78eab33525d08d6e5fb8d27136e95/3/3/336611.jpg HTTP/1.1" 200 6874 "http://www.markenoele.de/angebote-des-monats/" "Mozilla/5.0 (compatible; MSIE 9.0; Windows NT 6.1; WOW64; Trident/5.0)"
80.153.167.142 - - [02/Jan/2012:09:06:28 +0100] "GET /media/catalog/product/cache/2/small_image/170x/9df78eab33525d08d6e5fb8d27136e95/e/n/engine_clean_auto.jpg HTTP/1.1" 200 5939 "http://www.markenoele.de/angebote-des-monats/" "Mozilla/5.0 (compatible; MSIE 9.0; Windows NT 6.1; WOW64; Trident/5.0)"
80.153.167.142 - - [02/Jan/2012:09:06:28 +0100] "GET /media/catalog/product/cache/2/small_image/170x/9df78eab33525d08d6e5fb8d27136e95/5/1/510-2t_1l_1.jpg HTTP/1.1" 200 6903 "http://www.markenoele.de/angebote-des-monats/" "Mozilla/5.0 (compatible; MSIE 9.0; Windows NT 6.1; WOW64; Trident/5.0)"
80.153.167.142 - - [02/Jan/2012:09:06:28 +0100] "GET /media/catalog/product/cache/2/small_image/170x/9df78eab33525d08d6e5fb8d27136e95/1/0/101269_scooter_gear_150ml.jpg HTTP/1.1" 304 - "http://www.markenoele.de/angebote-des-monats/" "Mozilla/5.0 (compatible; MSIE 9.0; Windows NT 6.1; WOW64; Trident/5.0)"
80.153.167.142 - - [02/Jan/2012:09:06:31 +0100] "GET / HTTP/1.1" 200 33302 "http://www.markenoele.de/angebote-des-monats/" "Mozilla/5.0 (compatible; MSIE 9.0; Windows NT 6.1; WOW64; Trident/5.0)"
80.153.167.142 - - [02/Jan/2012:09:07:06 +0100] "GET /angebote-des-monats/ HTTP/1.1" 200 59955 "http://www.markenoele.de/" "Mozilla/5.0 (compatible; MSIE 9.0; Windows NT 6.1; WOW64; Trident/5.0)"
66.249.71.180 - - [02/Jan/2012:09:22:41 +0100] "GET /shine-go-silicone-clean.html HTTP/1.1" 200 30337 "-" "Mozilla/5.0 (compatible; Googlebot/2.1; +http://www.google.com/bot.html)"
208.115.111.70 - - [02/Jan/2012:09:25:50 +0100] "GET /motul-schmierstoffe/motul-motorrad/motul-5100-4t-49.html HTTP/1.1" 200 31909 "-" "Mozilla/5.0 (compatible; Ezooms/1.0; ezooms.bot@gmail.com)"
66.249.71.180 - - [02/Jan/2012:09:33:03 +0100] "GET /600-di-jet-2t.html HTTP/1.1" 200 29787 "-" "Mozilla/5.0 (compatible; Googlebot/2.1; +http://www.google.com/bot.html)"
66.249.71.180 - - [02/Jan/2012:09:33:20 +0100] "GET /motul-300-v-le-mans.html HTTP/1.1" 200 30289 "-" "Mozilla/5.0 (compatible; Googlebot/2.1; +http://www.google.com/bot.html)"
208.115.113.86 - - [02/Jan/2012:09:33:33 +0100] "GET /robots.txt HTTP/1.1" 200 918 "-" "Mozilla/5.0 (compatible; Ezooms/1.0; ezooms.bot@gmail.com)"
66.249.71.180 - - [02/Jan/2012:09:33:48 +0100] "GET /motul-specific-504-00-507-00.html HTTP/1.1" 200 30734 "-" "Mozilla/5.0 (compatible; Googlebot/2.1; +http://www.google.com/bot.html)"
66.249.71.180 - - [02/Jan/2012:09:34:03 +0100] "GET /motul-specific-ford-913-c-1l.html HTTP/1.1" 200 30044 "-" "Mozilla/5.0 (compatible; Googlebot/2.1; +http://www.google.com/bot.html)"
69.171.228.250 - - [02/Jan/2012:09:34:24 +0100] "GET /skin/frontend/esso/standard/images/logo.png HTTP/1.1" 200 27553 "-" "facebookexternalhit/1.0 (+http://www.facebook.com/externalhit_uatext.php)"
77.21.146.23 - - [02/Jan/2012:09:39:49 +0100] "GET /robots.txt HTTP/1.1" 200 918 "-" "findlinks/2.0.2 (+http://wortschatz.uni-leipzig.de/findlinks/)"
66.249.71.180 - - [02/Jan/2012:09:41:29 +0100] "GET /motul-zusatzstoffe/kuhlflussigkeit.html HTTP/1.1" 200 33280 "-" "Mozilla/5.0 (compatible; Googlebot/2.1; +http://www.google.com/bot.html)"
65.52.108.145 - - [02/Jan/2012:09:45:56 +0100] "GET /agb HTTP/1.1" 200 27809 "-" "Mozilla/5.0 (compatible; bingbot/2.0; +http://www.bing.com/bingbot.htm)"
212.91.246.65 - - [02/Jan/2012:09:52:32 +0100] "GET /skin/frontend/default/default/images/logo_email.gif HTTP/1.1" 304 - "-" "Mozilla/4.0 (compatible; MSIE 7.0; Windows NT 6.1; WOW64; Trident/4.0; SLCC2; .NET CLR 2.0.50727; .NET CLR 3.5.30729; .NET CLR 3.0.30729; Media Center PC 6.0; .NET4.0C; InfoPath.3; .NET4.0E; AskTbFXTV5/5.13.1.18107)"
66.249.71.180 - - [02/Jan/2012:10:06:24 +0100] "GET /motul-100-motomix-2t.html HTTP/1.1" 200 29954 "-" "Mozilla/5.0 (compatible; Googlebot/2.1; +http://www.google.com/bot.html)"
66.249.71.180 - - [02/Jan/2012:10:06:39 +0100] "GET /motul-snowpower-2t-4l.html HTTP/1.1" 200 30049 "-" "Mozilla/5.0 (compatible; Googlebot/2.1; +http://www.google.com/bot.html)"
207.46.13.100 - - [02/Jan/2012:10:07:33 +0100] "GET /robots.txt HTTP/1.1" 200 918 "-" "Mozilla/5.0 (compatible; bingbot/2.0; +http://www.bing.com/bingbot.htm)"
207.46.13.145 - - [02/Jan/2012:10:17:58 +0100] "GET /motul-schmierstoffe/motul-autoschmierstoffe/motul-auto-motorenoel.html HTTP/1.1" 200 54112 "-" "Mozilla/5.0 (compatible; bingbot/2.0; +http://www.bing.com/bingbot.htm)"
136.8.33.68 - - [02/Jan/2012:10:21:47 +0100] "GET /motul-schmierstoffe.html?p=4 HTTP/1.1" 200 50036 "-" "Mozilla/4.0 (compatible; MSIE 8.0; Windows NT 5.1; Trident/4.0; F-6.0SP2-20041109; InfoPath.1; .NET CLR 1.1.4322; .NET CLR 2.0.50727; .NET CLR 3.0.04506.30; .NET CLR 3.0.4506.2152; .NET CLR 3.5.30729)"
136.8.33.68 - - [02/Jan/2012:10:21:50 +0100] "GET /skin/frontend/esso/standard/css/widgets.css HTTP/1.1" 200 4369 "http://www.markenoele.de/motul-schmierstoffe.html?p=4" "Mozilla/4.0 (compatible; MSIE 8.0; Windows NT 5.1; Trident/4.0; F-6.0SP2-20041109; InfoPath.1; .NET CLR 1.1.4322; .NET CLR 2.0.50727; .NET CLR 3.0.04506.30; .NET CLR 3.0.4506.2152; .NET CLR 3.5.30729)"
136.8.33.68 - - [02/Jan/2012:10:21:50 +0100] "GET /skin/frontend/esso/standard/css/print.css HTTP/1.1" 200 1580 "http://www.markenoele.de/motul-schmierstoffe.html?p=4" "Mozilla/4.0 (compatible; MSIE 8.0; Windows NT 5.1; Trident/4.0; F-6.0SP2-20041109; InfoPath.1; .NET CLR 1.1.4322; .NET CLR 2.0.50727; .NET CLR 3.0.04506.30; .NET CLR 3.0.4506.2152; .NET CLR 3.5.30729)"
136.8.33.68 - - [02/Jan/2012:10:21:50 +0100] "GET /js/scriptaculous/effects.js HTTP/1.1" 200 38745 "http://www.markenoele.de/motul-schmierstoffe.html?p=4" "Mozilla/4.0 (compatible; MSIE 8.0; Windows NT 5.1; Trident/4.0; F-6.0SP2-20041109; InfoPath.1; .NET CLR 1.1.4322; .NET CLR 2.0.50727; .NET CLR 3.0.04506.30; .NET CLR 3.0.4506.2152; .NET CLR 3.5.30729)"
136.8.33.68 - - [02/Jan/2012:10:21:50 +0100] "GET /js/prototype/validation.js HTTP/1.1" 200 34677 "http://www.markenoele.de/motul-schmierstoffe.html?p=4" "Mozilla/4.0 (compatible; MSIE 8.0; Windows NT 5.1; Trident/4.0; F-6.0SP2-20041109; InfoPath.1; .NET CLR 1.1.4322; .NET CLR 2.0.50727; .NET CLR 3.0.04506.30; .NET CLR 3.0.4506.2152; .NET CLR 3.5.30729)"
136.8.33.68 - - [02/Jan/2012:10:21:50 +0100] "GET /js/scriptaculous/builder.js HTTP/1.1" 200 4744 "http://www.markenoele.de/motul-schmierstoffe.html?p=4" "Mozilla/4.0 (compatible; MSIE 8.0; Windows NT 5.1; Trident/4.0; F-6.0SP2-20041109; InfoPath.1; .NET CLR 1.1.4322; .NET CLR 2.0.50727; .NET CLR 3.0.04506.30; .NET CLR 3.0.4506.2152; .NET CLR 3.5.30729)"
136.8.33.68 - - [02/Jan/2012:10:21:50 +0100] "GET /js/scriptaculous/dragdrop.js HTTP/1.1" 200 31192 "http://www.markenoele.de/motul-schmierstoffe.html?p=4" "Mozilla/4.0 (compatible; MSIE 8.0; Windows NT 5.1; Trident/4.0; F-6.0SP2-20041109; InfoPath.1; .NET CLR 1.1.4322; .NET CLR 2.0.50727; .NET CLR 3.0.04506.30; .NET CLR 3.0.4506.2152; .NET CLR 3.5.30729)"
136.8.33.68 - - [02/Jan/2012:10:21:50 +0100] "GET /skin/frontend/esso/standard/css/styles.css HTTP/1.1" 200 79554 "http://www.markenoele.de/motul-schmierstoffe.html?p=4" "Mozilla/4.0 (compatible; MSIE 8.0; Windows NT 5.1; Trident/4.0; F-6.0SP2-20041109; InfoPath.1; .NET CLR 1.1.4322; .NET CLR 2.0.50727; .NET CLR 3.0.04506.30; .NET CLR 3.0.4506.2152; .NET CLR 3.5.30729)"
136.8.33.68 - - [02/Jan/2012:10:21:50 +0100] "GET /js/prototype/prototype.js HTTP/1.1" 200 129960 "http://www.markenoele.de/motul-schmierstoffe.html?p=4" "Mozilla/4.0 (compatible; MSIE 8.0; Windows NT 5.1; Trident/4.0; F-6.0SP2-20041109; InfoPath.1; .NET CLR 1.1.4322; .NET CLR 2.0.50727; .NET CLR 3.0.04506.30; .NET CLR 3.0.4506.2152; .NET CLR 3.5.30729)"
136.8.33.68 - - [02/Jan/2012:10:21:50 +0100] "GET /js/scriptaculous/controls.js HTTP/1.1" 200 34797 "http://www.markenoele.de/motul-schmierstoffe.html?p=4" "Mozilla/4.0 (compatible; MSIE 8.0; Windows NT 5.1; Trident/4.0; F-6.0SP2-20041109; InfoPath.1; .NET CLR 1.1.4322; .NET CLR 2.0.50727; .NET CLR 3.0.04506.30; .NET CLR 3.0.4506.2152; .NET CLR 3.5.30729)"
136.8.33.68 - - [02/Jan/2012:10:21:50 +0100] "GET /js/scriptaculous/slider.js HTTP/1.1" 200 10331 "http://www.markenoele.de/motul-schmierstoffe.html?p=4" "Mozilla/4.0 (compatible; MSIE 8.0; Windows NT 5.1; Trident/4.0; F-6.0SP2-20041109; InfoPath.1; .NET CLR 1.1.4322; .NET CLR 2.0.50727; .NET CLR 3.0.04506.30; .NET CLR 3.0.4506.2152; .NET CLR 3.5.30729)"
136.8.33.68 - - [02/Jan/2012:10:21:50 +0100] "GET /js/varien/js.js HTTP/1.1" 200 16581 "http://www.markenoele.de/motul-schmierstoffe.html?p=4" "Mozilla/4.0 (compatible; MSIE 8.0; Windows NT 5.1; Trident/4.0; F-6.0SP2-20041109; InfoPath.1; .NET CLR 1.1.4322; .NET CLR 2.0.50727; .NET CLR 3.0.04506.30; .NET CLR 3.0.4506.2152; .NET CLR 3.5.30729)"
136.8.33.68 - - [02/Jan/2012:10:21:50 +0100] "GET /js/varien/form.js HTTP/1.1" 200 11714 "http://www.markenoele.de/motul-schmierstoffe.html?p=4" "Mozilla/4.0 (compatible; MSIE 8.0; Windows NT 5.1; Trident/4.0; F-6.0SP2-20041109; InfoPath.1; .NET CLR 1.1.4322; .NET CLR 2.0.50727; .NET CLR 3.0.04506.30; .NET CLR 3.0.4506.2152; .NET CLR 3.5.30729)"
136.8.33.68 - - [02/Jan/2012:10:21:50 +0100] "GET /js/varien/menu.js HTTP/1.1" 200 4426 "http://www.markenoele.de/motul-schmierstoffe.html?p=4" "Mozilla/4.0 (compatible; MSIE 8.0; Windows NT 5.1; Trident/4.0; F-6.0SP2-20041109; InfoPath.1; .NET CLR 1.1.4322; .NET CLR 2.0.50727; .NET CLR 3.0.04506.30; .NET CLR 3.0.4506.2152; .NET CLR 3.5.30729)"
136.8.33.68 - - [02/Jan/2012:10:21:50 +0100] "GET /js/mage/translate.js HTTP/1.1" 200 1597 "http://www.markenoele.de/motul-schmierstoffe.html?p=4" "Mozilla/4.0 (compatible; MSIE 8.0; Windows NT 5.1; Trident/4.0; F-6.0SP2-20041109; InfoPath.1; .NET CLR 1.1.4322; .NET CLR 2.0.50727; .NET CLR 3.0.04506.30; .NET CLR 3.0.4506.2152; .NET CLR 3.5.30729)"
136.8.33.68 - - [02/Jan/2012:10:21:50 +0100] "GET /js/mage/cookies.js HTTP/1.1" 200 2615 "http://www.markenoele.de/motul-schmierstoffe.html?p=4" "Mozilla/4.0 (compatible; MSIE 8.0; Windows NT 5.1; Trident/4.0; F-6.0SP2-20041109; InfoPath.1; .NET CLR 1.1.4322; .NET CLR 2.0.50727; .NET CLR 3.0.04506.30; .NET CLR 3.0.4506.2152; .NET CLR 3.5.30729)"
136.8.33.68 - - [02/Jan/2012:10:21:51 +0100] "GET /skin/frontend/esso/standard/images/logo.png HTTP/1.1" 200 27553 "http://www.markenoele.de/motul-schmierstoffe.html?p=4" "Mozilla/4.0 (compatible; MSIE 8.0; Windows NT 5.1; Trident/4.0; F-6.0SP2-20041109; InfoPath.1; .NET CLR 1.1.4322; .NET CLR 2.0.50727; .NET CLR 3.0.04506.30; .NET CLR 3.0.4506.2152; .NET CLR 3.5.30729)"
136.8.33.68 - - [02/Jan/2012:10:21:51 +0100] "GET /skin/frontend/esso/standard/images/icon_lupe_sm.png HTTP/1.1" 200 1235 "http://www.markenoele.de/motul-schmierstoffe.html?p=4" "Mozilla/4.0 (compatible; MSIE 8.0; Windows NT 5.1; Trident/4.0; F-6.0SP2-20041109; InfoPath.1; .NET CLR 1.1.4322; .NET CLR 2.0.50727; .NET CLR 3.0.04506.30; .NET CLR 3.0.4506.2152; .NET CLR 3.5.30729)"
136.8.33.68 - - [02/Jan/2012:10:21:51 +0100] "GET /skin/frontend/esso/standard/images/search_arrow_right.png HTTP/1.1" 200 662 "http://www.markenoele.de/motul-schmierstoffe.html?p=4" "Mozilla/4.0 (compatible; MSIE 8.0; Windows NT 5.1; Trident/4.0; F-6.0SP2-20041109; InfoPath.1; .NET CLR 1.1.4322; .NET CLR 2.0.50727; .NET CLR 3.0.04506.30; .NET CLR 3.0.4506.2152; .NET CLR 3.5.30729)"
136.8.33.68 - - [02/Jan/2012:10:21:51 +0100] "GET /skin/frontend/esso/standard/images/tropf-sm.png HTTP/1.1" 200 1179 "http://www.markenoele.de/motul-schmierstoffe.html?p=4" "Mozilla/4.0 (compatible; MSIE 8.0; Windows NT 5.1; Trident/4.0; F-6.0SP2-20041109; InfoPath.1; .NET CLR 1.1.4322; .NET CLR 2.0.50727; .NET CLR 3.0.04506.30; .NET CLR 3.0.4506.2152; .NET CLR 3.5.30729)"
136.8.33.68 - - [02/Jan/2012:10:21:51 +0100] "GET /skin/frontend/esso/standard/images/akt-art-sm.png HTTP/1.1" 200 1091 "http://www.markenoele.de/motul-schmierstoffe.html?p=4" "Mozilla/4.0 (compatible; MSIE 8.0; Windows NT 5.1; Trident/4.0; F-6.0SP2-20041109; InfoPath.1; .NET CLR 1.1.4322; .NET CLR 2.0.50727; .NET CLR 3.0.04506.30; .NET CLR 3.0.4506.2152; .NET CLR 3.5.30729)"
136.8.33.68 - - [02/Jan/2012:10:21:51 +0100] "GET /skin/frontend/esso/standard/images/i_asc_arrow.gif HTTP/1.1" 200 115 "http://www.markenoele.de/motul-schmierstoffe.html?p=4" "Mozilla/4.0 (compatible; MSIE 8.0; Windows NT 5.1; Trident/4.0; F-6.0SP2-20041109; InfoPath.1; .NET CLR 1.1.4322; .NET CLR 2.0.50727; .NET CLR 3.0.04506.30; .NET CLR 3.0.4506.2152; .NET CLR 3.5.30729)"
136.8.33.68 - - [02/Jan/2012:10:21:51 +0100] "GET /skin/frontend/esso/standard/images/i_pager-next.gif HTTP/1.1" 200 158 "http://www.markenoele.de/motul-schmierstoffe.html?p=4" "Mozilla/4.0 (compatible; MSIE 8.0; Windows NT 5.1; Trident/4.0; F-6.0SP2-20041109; InfoPath.1; .NET CLR 1.1.4322; .NET CLR 2.0.50727; .NET CLR 3.0.04506.30; .NET CLR 3.0.4506.2152; .NET CLR 3.5.30729)"
136.8.33.68 - - [02/Jan/2012:10:21:51 +0100] "GET /skin/frontend/esso/standard/images/i_pager-prev.gif HTTP/1.1" 200 158 "http://www.markenoele.de/motul-schmierstoffe.html?p=4" "Mozilla/4.0 (compatible; MSIE 8.0; Windows NT 5.1; Trident/4.0; F-6.0SP2-20041109; InfoPath.1; .NET CLR 1.1.4322; .NET CLR 2.0.50727; .NET CLR 3.0.04506.30; .NET CLR 3.0.4506.2152; .NET CLR 3.5.30729)"
136.8.33.68 - - [02/Jan/2012:10:21:51 +0100] "GET /media/catalog/product/cache/2/small_image/170x/9df78eab33525d08d6e5fb8d27136e95/g/e/gear_comp_75w140_3d_hd.jpg HTTP/1.1" 200 6492 "http://www.markenoele.de/motul-schmierstoffe.html?p=4" "Mozilla/4.0 (compatible; MSIE 8.0; Windows NT 5.1; Trident/4.0; F-6.0SP2-20041109; InfoPath.1; .NET CLR 1.1.4322; .NET CLR 2.0.50727; .NET CLR 3.0.04506.30; .NET CLR 3.0.4506.2152; .NET CLR 3.5.30729)"
136.8.33.68 - - [02/Jan/2012:10:21:51 +0100] "GET /media/catalog/product/cache/2/small_image/170x/9df78eab33525d08d6e5fb8d27136e95/3/0/3000_20w50_1l.jpg HTTP/1.1" 200 7432 "http://www.markenoele.de/motul-schmierstoffe.html?p=4" "Mozilla/4.0 (compatible; MSIE 8.0; Windows NT 5.1; Trident/4.0; F-6.0SP2-20041109; InfoPath.1; .NET CLR 1.1.4322; .NET CLR 2.0.50727; .NET CLR 3.0.04506.30; .NET CLR 3.0.4506.2152; .NET CLR 3.5.30729)"
136.8.33.68 - - [02/Jan/2012:10:21:51 +0100] "GET /media/catalog/product/cache/2/small_image/170x/9df78eab33525d08d6e5fb8d27136e95/3/0/3000_20w50_4l.jpg HTTP/1.1" 200 8696 "http://www.markenoele.de/motul-schmierstoffe.html?p=4" "Mozilla/4.0 (compatible; MSIE 8.0; Windows NT 5.1; Trident/4.0; F-6.0SP2-20041109; InfoPath.1; .NET CLR 1.1.4322; .NET CLR 2.0.50727; .NET CLR 3.0.04506.30; .NET CLR 3.0.4506.2152; .NET CLR 3.5.30729)"
136.8.33.68 - - [02/Jan/2012:10:21:51 +0100] "GET /media/catalog/product/cache/2/small_image/170x/9df78eab33525d08d6e5fb8d27136e95/5/1/5100_15w50_1l.jpg HTTP/1.1" 200 7358 "http://www.markenoele.de/motul-schmierstoffe.html?p=4" "Mozilla/4.0 (compatible; MSIE 8.0; Windows NT 5.1; Trident/4.0; F-6.0SP2-20041109; InfoPath.1; .NET CLR 1.1.4322; .NET CLR 2.0.50727; .NET CLR 3.0.04506.30; .NET CLR 3.0.4506.2152; .NET CLR 3.5.30729)"
136.8.33.68 - - [02/Jan/2012:10:21:51 +0100] "GET /skin/frontend/esso/standard/images/bkg_toolbar.gif HTTP/1.1" 200 154 "http://www.markenoele.de/motul-schmierstoffe.html?p=4" "Mozilla/4.0 (compatible; MSIE 8.0; Windows NT 5.1; Trident/4.0; F-6.0SP2-20041109; InfoPath.1; .NET CLR 1.1.4322; .NET CLR 2.0.50727; .NET CLR 3.0.04506.30; .NET CLR 3.0.4506.2152; .NET CLR 3.5.30729)"
136.8.33.68 - - [02/Jan/2012:10:21:51 +0100] "GET /media/catalog/product/cache/2/small_image/170x/9df78eab33525d08d6e5fb8d27136e95/5/1/5100_15w50_4l_1.jpg HTTP/1.1" 200 8378 "http://www.markenoele.de/motul-schmierstoffe.html?p=4" "Mozilla/4.0 (compatible; MSIE 8.0; Windows NT 5.1; Trident/4.0; F-6.0SP2-20041109; InfoPath.1; .NET CLR 1.1.4322; .NET CLR 2.0.50727; .NET CLR 3.0.04506.30; .NET CLR 3.0.4506.2152; .NET CLR 3.5.30729)"
136.8.33.68 - - [02/Jan/2012:10:21:51 +0100] "GET /media/catalog/product/cache/2/small_image/170x/9df78eab33525d08d6e5fb8d27136e95/5/1/5100_10w40_1l_2.jpg HTTP/1.1" 200 7274 "http://www.markenoele.de/motul-schmierstoffe.html?p=4" "Mozilla/4.0 (compatible; MSIE 8.0; Windows NT 5.1; Trident/4.0; F-6.0SP2-20041109; InfoPath.1; .NET CLR 1.1.4322; .NET CLR 2.0.50727; .NET CLR 3.0.04506.30; .NET CLR 3.0.4506.2152; .NET CLR 3.5.30729)"
136.8.33.68 - - [02/Jan/2012:10:21:51 +0100] "GET /media/catalog/product/cache/2/small_image/170x/9df78eab33525d08d6e5fb8d27136e95/5/1/5100_10w40_4l_1.jpg HTTP/1.1" 200 8381 "http://www.markenoele.de/motul-schmierstoffe.html?p=4" "Mozilla/4.0 (compatible; MSIE 8.0; Windows NT 5.1; Trident/4.0; F-6.0SP2-20041109; InfoPath.1; .NET CLR 1.1.4322; .NET CLR 2.0.50727; .NET CLR 3.0.04506.30; .NET CLR 3.0.4506.2152; .NET CLR 3.5.30729)"
136.8.33.68 - - [02/Jan/2012:10:21:51 +0100] "GET /media/catalog/product/cache/2/small_image/170x/9df78eab33525d08d6e5fb8d27136e95/7/1/7100_20w50_1l_1.jpg HTTP/1.1" 200 7819 "http://www.markenoele.de/motul-schmierstoffe.html?p=4" "Mozilla/4.0 (compatible; MSIE 8.0; Windows NT 5.1; Trident/4.0; F-6.0SP2-20041109; InfoPath.1; .NET CLR 1.1.4322; .NET CLR 2.0.50727; .NET CLR 3.0.04506.30; .NET CLR 3.0.4506.2152; .NET CLR 3.5.30729)"
136.8.33.68 - - [02/Jan/2012:10:21:51 +0100] "GET /media/catalog/product/cache/2/small_image/170x/9df78eab33525d08d6e5fb8d27136e95/7/1/7100_20w50_4l_1.jpg HTTP/1.1" 200 8866 "http://www.markenoele.de/motul-schmierstoffe.html?p=4" "Mozilla/4.0 (compatible; MSIE 8.0; Windows NT 5.1; Trident/4.0; F-6.0SP2-20041109; InfoPath.1; .NET CLR 1.1.4322; .NET CLR 2.0.50727; .NET CLR 3.0.04506.30; .NET CLR 3.0.4506.2152; .NET CLR 3.5.30729)"
