217.255.79.227 - - [04/Jan/2012:23:49:15 +0100] "GET /motul-schmierstoffe/motorsport.html?p=2 HTTP/1.1" 200 41393 "http://www.markenoele.de/motul-schmierstoffe/motorsport.html" "Mozilla/4.0 (compatible; MSIE 8.0; Windows NT 6.1; Trident/4.0; SLCC2; .NET CLR 2.0.50727; .NET CLR 3.5.30729; .NET CLR 3.0.30729; Media Center PC 6.0; .NET4.0C; AskTbHIP/5.12.5.17640)"
217.255.79.227 - - [04/Jan/2012:23:49:34 +0100] "GET /motul-schmierstoffe/motorsport.html HTTP/1.1" 200 50262 "http://www.markenoele.de/motul-schmierstoffe/motorsport.html?p=2" "Mozilla/4.0 (compatible; MSIE 8.0; Windows NT 6.1; Trident/4.0; SLCC2; .NET CLR 2.0.50727; .NET CLR 3.5.30729; .NET CLR 3.0.30729; Media Center PC 6.0; .NET4.0C; AskTbHIP/5.12.5.17640)"
217.255.79.227 - - [04/Jan/2012:23:50:09 +0100] "GET /motul-schmierstoffe/motul-motorrad.html HTTP/1.1" 200 49942 "http://www.markenoele.de/motul-schmierstoffe/motorsport.html" "Mozilla/4.0 (compatible; MSIE 8.0; Windows NT 6.1; Trident/4.0; SLCC2; .NET CLR 2.0.50727; .NET CLR 3.5.30729; .NET CLR 3.0.30729; Media Center PC 6.0; .NET4.0C; AskTbHIP/5.12.5.17640)"
217.255.79.227 - - [04/Jan/2012:23:50:15 +0100] "GET /motul-schmierstoffe/motul-motorrad/motorenol.html HTTP/1.1" 200 50615 "http://www.markenoele.de/motul-schmierstoffe/motul-motorrad.html" "Mozilla/4.0 (compatible; MSIE 8.0; Windows NT 6.1; Trident/4.0; SLCC2; .NET CLR 2.0.50727; .NET CLR 3.5.30729; .NET CLR 3.0.30729; Media Center PC 6.0; .NET4.0C; AskTbHIP/5.12.5.17640)"
217.255.79.227 - - [04/Jan/2012:23:50:35 +0100] "GET /motul-schmierstoffe/motul-motorrad/motorenol.html?p=2 HTTP/1.1" 200 45216 "http://www.markenoele.de/motul-schmierstoffe/motul-motorrad/motorenol.html" "Mozilla/4.0 (compatible; MSIE 8.0; Windows NT 6.1; Trident/4.0; SLCC2; .NET CLR 2.0.50727; .NET CLR 3.5.30729; .NET CLR 3.0.30729; Media Center PC 6.0; .NET4.0C; AskTbHIP/5.12.5.17640)"
217.255.79.227 - - [04/Jan/2012:23:50:50 +0100] "GET /motul-schmierstoffe/motul-motorrad/motorenol/motul-7100-4t-54.html HTTP/1.1" 200 32430 "http://www.markenoele.de/motul-schmierstoffe/motul-motorrad/motorenol.html?p=2" "Mozilla/4.0 (compatible; MSIE 8.0; Windows NT 6.1; Trident/4.0; SLCC2; .NET CLR 2.0.50727; .NET CLR 3.5.30729; .NET CLR 3.0.30729; Media Center PC 6.0; .NET4.0C; AskTbHIP/5.12.5.17640)"
217.255.79.227 - - [04/Jan/2012:23:50:53 +0100] "GET /skin/frontend/esso/standard/css/jqzoom.css HTTP/1.1" 200 1051 "http://www.markenoele.de/motul-schmierstoffe/motul-motorrad/motorenol/motul-7100-4t-54.html" "Mozilla/4.0 (compatible; MSIE 8.0; Windows NT 6.1; Trident/4.0; SLCC2; .NET CLR 2.0.50727; .NET CLR 3.5.30729; .NET CLR 3.0.30729; Media Center PC 6.0; .NET4.0C; AskTbHIP/5.12.5.17640)"
217.255.79.227 - - [04/Jan/2012:23:50:53 +0100] "GET /js/calendar/calendar-win2k-1.css HTTP/1.1" 200 5986 "http://www.markenoele.de/motul-schmierstoffe/motul-motorrad/motorenol/motul-7100-4t-54.html" "Mozilla/4.0 (compatible; MSIE 8.0; Windows NT 6.1; Trident/4.0; SLCC2; .NET CLR 2.0.50727; .NET CLR 3.5.30729; .NET CLR 3.0.30729; Media Center PC 6.0; .NET4.0C; AskTbHIP/5.12.5.17640)"
217.255.79.227 - - [04/Jan/2012:23:50:53 +0100] "GET /skin/frontend/base/default/css/baseprice.css HTTP/1.1" 404 1256 "http://www.markenoele.de/motul-schmierstoffe/motul-motorrad/motorenol/motul-7100-4t-54.html" "Mozilla/4.0 (compatible; MSIE 8.0; Windows NT 6.1; Trident/4.0; SLCC2; .NET CLR 2.0.50727; .NET CLR 3.5.30729; .NET CLR 3.0.30729; Media Center PC 6.0; .NET4.0C; AskTbHIP/5.12.5.17640)"
217.255.79.227 - - [04/Jan/2012:23:50:53 +0100] "GET /js/calendar/calendar-setup.js HTTP/1.1" 200 4986 "http://www.markenoele.de/motul-schmierstoffe/motul-motorrad/motorenol/motul-7100-4t-54.html" "Mozilla/4.0 (compatible; MSIE 8.0; Windows NT 6.1; Trident/4.0; SLCC2; .NET CLR 2.0.50727; .NET CLR 3.5.30729; .NET CLR 3.0.30729; Media Center PC 6.0; .NET4.0C; AskTbHIP/5.12.5.17640)"
217.255.79.227 - - [04/Jan/2012:23:50:53 +0100] "GET /skin/frontend/esso/standard/js/jquery.jqzoom.js HTTP/1.1" 200 5131 "http://www.markenoele.de/motul-schmierstoffe/motul-motorrad/motorenol/motul-7100-4t-54.html" "Mozilla/4.0 (compatible; MSIE 8.0; Windows NT 6.1; Trident/4.0; SLCC2; .NET CLR 2.0.50727; .NET CLR 3.5.30729; .NET CLR 3.0.30729; Media Center PC 6.0; .NET4.0C; AskTbHIP/5.12.5.17640)"
217.255.79.227 - - [04/Jan/2012:23:50:53 +0100] "GET /skin/frontend/esso/standard/js/effects.core.js HTTP/1.1" 200 19170 "http://www.markenoele.de/motul-schmierstoffe/motul-motorrad/motorenol/motul-7100-4t-54.html" "Mozilla/4.0 (compatible; MSIE 8.0; Windows NT 6.1; Trident/4.0; SLCC2; .NET CLR 2.0.50727; .NET CLR 3.5.30729; .NET CLR 3.0.30729; Media Center PC 6.0; .NET4.0C; AskTbHIP/5.12.5.17640)"
217.255.79.227 - - [04/Jan/2012:23:50:53 +0100] "GET /skin/frontend/esso/standard/js/effects.scale.js HTTP/1.1" 200 7057 "http://www.markenoele.de/motul-schmierstoffe/motul-motorrad/motorenol/motul-7100-4t-54.html" "Mozilla/4.0 (compatible; MSIE 8.0; Windows NT 6.1; Trident/4.0; SLCC2; .NET CLR 2.0.50727; .NET CLR 3.5.30729; .NET CLR 3.0.30729; Media Center PC 6.0; .NET4.0C; AskTbHIP/5.12.5.17640)"
217.255.79.227 - - [04/Jan/2012:23:50:53 +0100] "GET /js/varien/product.js HTTP/1.1" 200 23531 "http://www.markenoele.de/motul-schmierstoffe/motul-motorrad/motorenol/motul-7100-4t-54.html" "Mozilla/4.0 (compatible; MSIE 8.0; Windows NT 6.1; Trident/4.0; SLCC2; .NET CLR 2.0.50727; .NET CLR 3.5.30729; .NET CLR 3.0.30729; Media Center PC 6.0; .NET4.0C; AskTbHIP/5.12.5.17640)"
217.255.79.227 - - [04/Jan/2012:23:50:53 +0100] "GET /js/calendar/calendar.js HTTP/1.1" 200 53130 "http://www.markenoele.de/motul-schmierstoffe/motul-motorrad/motorenol/motul-7100-4t-54.html" "Mozilla/4.0 (compatible; MSIE 8.0; Windows NT 6.1; Trident/4.0; SLCC2; .NET CLR 2.0.50727; .NET CLR 3.5.30729; .NET CLR 3.0.30729; Media Center PC 6.0; .NET4.0C; AskTbHIP/5.12.5.17640)"
217.255.79.227 - - [04/Jan/2012:23:50:53 +0100] "GET /skin/frontend/esso/standard/js/jquery-1.3.2.min.js HTTP/1.1" 200 57254 "http://www.markenoele.de/motul-schmierstoffe/motul-motorrad/motorenol/motul-7100-4t-54.html" "Mozilla/4.0 (compatible; MSIE 8.0; Windows NT 6.1; Trident/4.0; SLCC2; .NET CLR 2.0.50727; .NET CLR 3.5.30729; .NET CLR 3.0.30729; Media Center PC 6.0; .NET4.0C; AskTbHIP/5.12.5.17640)"
217.255.79.227 - - [04/Jan/2012:23:50:55 +0100] "GET /media/catalog/product/cache/2/thumbnail2/250x250/9df78eab33525d08d6e5fb8d27136e95/7/1/7100_10w60_4l_1.jpg HTTP/1.1" 200 15682 "http://www.markenoele.de/motul-schmierstoffe/motul-motorrad/motorenol/motul-7100-4t-54.html" "Mozilla/4.0 (compatible; MSIE 8.0; Windows NT 6.1; Trident/4.0; SLCC2; .NET CLR 2.0.50727; .NET CLR 3.5.30729; .NET CLR 3.0.30729; Media Center PC 6.0; .NET4.0C; AskTbHIP/5.12.5.17640)"
217.255.79.227 - - [04/Jan/2012:23:50:55 +0100] "GET /skin/frontend/esso/standard/images/bkg_tabs.gif HTTP/1.1" 200 151 "http://www.markenoele.de/motul-schmierstoffe/motul-motorrad/motorenol/motul-7100-4t-54.html" "Mozilla/4.0 (compatible; MSIE 8.0; Windows NT 6.1; Trident/4.0; SLCC2; .NET CLR 2.0.50727; .NET CLR 3.5.30729; .NET CLR 3.0.30729; Media Center PC 6.0; .NET4.0C; AskTbHIP/5.12.5.17640)"
217.255.79.227 - - [04/Jan/2012:23:50:56 +0100] "GET /skin/frontend/esso/standard/images/jqzoon_lens.png HTTP/1.1" 404 1256 "http://www.markenoele.de/motul-schmierstoffe/motul-motorrad/motorenol/motul-7100-4t-54.html" "Mozilla/4.0 (compatible; MSIE 8.0; Windows NT 6.1; Trident/4.0; SLCC2; .NET CLR 2.0.50727; .NET CLR 3.5.30729; .NET CLR 3.0.30729; Media Center PC 6.0; .NET4.0C; AskTbHIP/5.12.5.17640)"
217.255.79.227 - - [04/Jan/2012:23:50:55 +0100] "GET /media/catalog/product/7/1/7100_10w60_4l_1.jpg HTTP/1.1" 200 3256558 "http://www.markenoele.de/motul-schmierstoffe/motul-motorrad/motorenol/motul-7100-4t-54.html" "Mozilla/4.0 (compatible; MSIE 8.0; Windows NT 6.1; Trident/4.0; SLCC2; .NET CLR 2.0.50727; .NET CLR 3.5.30729; .NET CLR 3.0.30729; Media Center PC 6.0; .NET4.0C; AskTbHIP/5.12.5.17640)"
66.249.71.180 - - [04/Jan/2012:23:52:17 +0100] "GET /fork-oil-expert-light.html HTTP/1.1" 200 29683 "-" "Mozilla/5.0 (compatible; Googlebot/2.1; +http://www.google.com/bot.html)"
66.249.71.180 - - [04/Jan/2012:23:58:44 +0100] "GET /bio-2t.html HTTP/1.1" 200 29892 "-" "Mozilla/5.0 (compatible; Googlebot/2.1; +http://www.google.com/bot.html)"
66.249.71.180 - - [05/Jan/2012:00:01:35 +0100] "GET /e-z-clean.html HTTP/1.1" 200 29870 "-" "Mozilla/5.0 (compatible; Googlebot/2.1; +http://www.google.com/bot.html)"
66.249.71.180 - - [05/Jan/2012:00:02:32 +0100] "GET /moto-wash-plus.html HTTP/1.1" 200 30292 "-" "Mozilla/5.0 (compatible; Googlebot/2.1; +http://www.google.com/bot.html)"
66.249.71.180 - - [05/Jan/2012:00:03:02 +0100] "GET /motul-8100-x-clean-c3-1l.html HTTP/1.1" 200 30642 "-" "Mozilla/5.0 (compatible; Googlebot/2.1; +http://www.google.com/bot.html)"
66.249.71.180 - - [05/Jan/2012:00:11:37 +0100] "GET /schlusselanhanger.html HTTP/1.1" 200 29195 "-" "Mozilla/5.0 (compatible; Googlebot/2.1; +http://www.google.com/bot.html)"
66.249.71.180 - - [05/Jan/2012:00:14:37 +0100] "GET /chain-lube-offroad.html HTTP/1.1" 200 30214 "-" "Mozilla/5.0 (compatible; Googlebot/2.1; +http://www.google.com/bot.html)"
213.186.127.10 - - [05/Jan/2012:00:32:36 +0100] "GET /motul-kart-grand-prix-2t.html HTTP/1.1" 200 30061 "-" "Mozilla/5.0 (compatible; AhrefsBot/2.0; +http://ahrefs.com/robot/)"
84.147.6.122 - - [05/Jan/2012:00:46:13 +0100] "GET /motul-schmierstoffe/motorsport/motul-300-v-le-mans.html HTTP/1.1" 200 32224 "http://www.google.de/url?sa=t&rct=j&q=motul%20300v%20le%20mans&source=web&cd=11&ved=0CDUQFjAAOAo&url=http%3A%2F%2Fwww.markenoele.de%2Fmotul-schmierstoffe%2Fmotorsport%2Fmotul-300-v-le-mans.html&ei=lOQET7ntBMmN4gTC_93gBg&usg=AFQjCNEPauEd1xCuK7DdvvZe2dQzGUxVbA" "Mozilla/5.0 (iPad; U; CPU OS 4_3_5 like Mac OS X; de-de) AppleWebKit/533.17.9 (KHTML, like Gecko) Version/5.0.2 Mobile/8L1 Safari/6533.18.5"
84.147.6.122 - - [05/Jan/2012:00:45:31 +0100] "GET /motul-schmierstoffe/motorsport/motul-300-v-le-mans.html HTTP/1.1" 200 32224 "http://www.google.de/url?sa=t&rct=j&q=motul%20300v%20le%20mans&source=web&cd=11&ved=0CDUQFjAAOAo&url=http%3A%2F%2Fwww.markenoele.de%2Fmotul-schmierstoffe%2Fmotorsport%2Fmotul-300-v-le-mans.html&ei=lOQET7ntBMmN4gTC_93gBg&usg=AFQjCNEPauEd1xCuK7DdvvZe2dQzGUxVbA" "Mozilla/5.0 (iPad; U; CPU OS 4_3_5 like Mac OS X; de-de) AppleWebKit/533.17.9 (KHTML, like Gecko) Version/5.0.2 Mobile/8L1 Safari/6533.18.5"
84.147.6.122 - - [05/Jan/2012:00:46:40 +0100] "GET /skin/frontend/esso/standard/css/widgets.css HTTP/1.1" 200 4369 "http://www.markenoele.de/motul-schmierstoffe/motorsport/motul-300-v-le-mans.html" "Mozilla/5.0 (iPad; U; CPU OS 4_3_5 like Mac OS X; de-de) AppleWebKit/533.17.9 (KHTML, like Gecko) Version/5.0.2 Mobile/8L1 Safari/6533.18.5"
84.147.6.122 - - [05/Jan/2012:00:46:40 +0100] "GET /skin/frontend/esso/standard/css/jqzoom.css HTTP/1.1" 200 1051 "http://www.markenoele.de/motul-schmierstoffe/motorsport/motul-300-v-le-mans.html" "Mozilla/5.0 (iPad; U; CPU OS 4_3_5 like Mac OS X; de-de) AppleWebKit/533.17.9 (KHTML, like Gecko) Version/5.0.2 Mobile/8L1 Safari/6533.18.5"
84.147.6.122 - - [05/Jan/2012:00:46:40 +0100] "GET /js/calendar/calendar-win2k-1.css HTTP/1.1" 200 5986 "http://www.markenoele.de/motul-schmierstoffe/motorsport/motul-300-v-le-mans.html" "Mozilla/5.0 (iPad; U; CPU OS 4_3_5 like Mac OS X; de-de) AppleWebKit/533.17.9 (KHTML, like Gecko) Version/5.0.2 Mobile/8L1 Safari/6533.18.5"
84.147.6.122 - - [05/Jan/2012:00:46:40 +0100] "GET /skin/frontend/esso/standard/css/print.css HTTP/1.1" 200 1580 "http://www.markenoele.de/motul-schmierstoffe/motorsport/motul-300-v-le-mans.html" "Mozilla/5.0 (iPad; U; CPU OS 4_3_5 like Mac OS X; de-de) AppleWebKit/533.17.9 (KHTML, like Gecko) Version/5.0.2 Mobile/8L1 Safari/6533.18.5"
84.147.6.122 - - [05/Jan/2012:00:46:40 +0100] "GET /js/prototype/validation.js HTTP/1.1" 200 34677 "http://www.markenoele.de/motul-schmierstoffe/motorsport/motul-300-v-le-mans.html" "Mozilla/5.0 (iPad; U; CPU OS 4_3_5 like Mac OS X; de-de) AppleWebKit/533.17.9 (KHTML, like Gecko) Version/5.0.2 Mobile/8L1 Safari/6533.18.5"
84.147.6.122 - - [05/Jan/2012:00:46:40 +0100] "GET /js/scriptaculous/builder.js HTTP/1.1" 200 4744 "http://www.markenoele.de/motul-schmierstoffe/motorsport/motul-300-v-le-mans.html" "Mozilla/5.0 (iPad; U; CPU OS 4_3_5 like Mac OS X; de-de) AppleWebKit/533.17.9 (KHTML, like Gecko) Version/5.0.2 Mobile/8L1 Safari/6533.18.5"
84.147.6.122 - - [05/Jan/2012:00:46:40 +0100] "GET /skin/frontend/base/default/css/baseprice.css HTTP/1.1" 404 1256 "http://www.markenoele.de/motul-schmierstoffe/motorsport/motul-300-v-le-mans.html" "Mozilla/5.0 (iPad; U; CPU OS 4_3_5 like Mac OS X; de-de) AppleWebKit/533.17.9 (KHTML, like Gecko) Version/5.0.2 Mobile/8L1 Safari/6533.18.5"
84.147.6.122 - - [05/Jan/2012:00:46:41 +0100] "GET /js/scriptaculous/effects.js HTTP/1.1" 200 38745 "http://www.markenoele.de/motul-schmierstoffe/motorsport/motul-300-v-le-mans.html" "Mozilla/5.0 (iPad; U; CPU OS 4_3_5 like Mac OS X; de-de) AppleWebKit/533.17.9 (KHTML, like Gecko) Version/5.0.2 Mobile/8L1 Safari/6533.18.5"
84.147.6.122 - - [05/Jan/2012:00:46:40 +0100] "GET /skin/frontend/esso/standard/css/styles.css HTTP/1.1" 200 79554 "http://www.markenoele.de/motul-schmierstoffe/motorsport/motul-300-v-le-mans.html" "Mozilla/5.0 (iPad; U; CPU OS 4_3_5 like Mac OS X; de-de) AppleWebKit/533.17.9 (KHTML, like Gecko) Version/5.0.2 Mobile/8L1 Safari/6533.18.5"
84.147.6.122 - - [05/Jan/2012:00:46:41 +0100] "GET /js/scriptaculous/dragdrop.js HTTP/1.1" 200 31192 "http://www.markenoele.de/motul-schmierstoffe/motorsport/motul-300-v-le-mans.html" "Mozilla/5.0 (iPad; U; CPU OS 4_3_5 like Mac OS X; de-de) AppleWebKit/533.17.9 (KHTML, like Gecko) Version/5.0.2 Mobile/8L1 Safari/6533.18.5"
84.147.6.122 - - [05/Jan/2012:00:46:40 +0100] "GET /js/prototype/prototype.js HTTP/1.1" 200 129960 "http://www.markenoele.de/motul-schmierstoffe/motorsport/motul-300-v-le-mans.html" "Mozilla/5.0 (iPad; U; CPU OS 4_3_5 like Mac OS X; de-de) AppleWebKit/533.17.9 (KHTML, like Gecko) Version/5.0.2 Mobile/8L1 Safari/6533.18.5"
84.147.6.122 - - [05/Jan/2012:00:46:42 +0100] "GET /js/scriptaculous/controls.js HTTP/1.1" 200 34797 "http://www.markenoele.de/motul-schmierstoffe/motorsport/motul-300-v-le-mans.html" "Mozilla/5.0 (iPad; U; CPU OS 4_3_5 like Mac OS X; de-de) AppleWebKit/533.17.9 (KHTML, like Gecko) Version/5.0.2 Mobile/8L1 Safari/6533.18.5"
84.147.6.122 - - [05/Jan/2012:00:46:42 +0100] "GET /js/scriptaculous/slider.js HTTP/1.1" 200 10331 "http://www.markenoele.de/motul-schmierstoffe/motorsport/motul-300-v-le-mans.html" "Mozilla/5.0 (iPad; U; CPU OS 4_3_5 like Mac OS X; de-de) AppleWebKit/533.17.9 (KHTML, like Gecko) Version/5.0.2 Mobile/8L1 Safari/6533.18.5"
84.147.6.122 - - [05/Jan/2012:00:46:42 +0100] "GET /js/varien/js.js HTTP/1.1" 200 16581 "http://www.markenoele.de/motul-schmierstoffe/motorsport/motul-300-v-le-mans.html" "Mozilla/5.0 (iPad; U; CPU OS 4_3_5 like Mac OS X; de-de) AppleWebKit/533.17.9 (KHTML, like Gecko) Version/5.0.2 Mobile/8L1 Safari/6533.18.5"
84.147.6.122 - - [05/Jan/2012:00:46:43 +0100] "GET /js/varien/form.js HTTP/1.1" 200 11714 "http://www.markenoele.de/motul-schmierstoffe/motorsport/motul-300-v-le-mans.html" "Mozilla/5.0 (iPad; U; CPU OS 4_3_5 like Mac OS X; de-de) AppleWebKit/533.17.9 (KHTML, like Gecko) Version/5.0.2 Mobile/8L1 Safari/6533.18.5"
84.147.6.122 - - [05/Jan/2012:00:46:43 +0100] "GET /js/varien/menu.js HTTP/1.1" 200 4426 "http://www.markenoele.de/motul-schmierstoffe/motorsport/motul-300-v-le-mans.html" "Mozilla/5.0 (iPad; U; CPU OS 4_3_5 like Mac OS X; de-de) AppleWebKit/533.17.9 (KHTML, like Gecko) Version/5.0.2 Mobile/8L1 Safari/6533.18.5"
84.147.6.122 - - [05/Jan/2012:00:46:43 +0100] "GET /js/mage/translate.js HTTP/1.1" 200 1597 "http://www.markenoele.de/motul-schmierstoffe/motorsport/motul-300-v-le-mans.html" "Mozilla/5.0 (iPad; U; CPU OS 4_3_5 like Mac OS X; de-de) AppleWebKit/533.17.9 (KHTML, like Gecko) Version/5.0.2 Mobile/8L1 Safari/6533.18.5"
84.147.6.122 - - [05/Jan/2012:00:46:43 +0100] "GET /js/mage/cookies.js HTTP/1.1" 200 2615 "http://www.markenoele.de/motul-schmierstoffe/motorsport/motul-300-v-le-mans.html" "Mozilla/5.0 (iPad; U; CPU OS 4_3_5 like Mac OS X; de-de) AppleWebKit/533.17.9 (KHTML, like Gecko) Version/5.0.2 Mobile/8L1 Safari/6533.18.5"
84.147.6.122 - - [05/Jan/2012:00:46:43 +0100] "GET /js/varien/product.js HTTP/1.1" 200 23531 "http://www.markenoele.de/motul-schmierstoffe/motorsport/motul-300-v-le-mans.html" "Mozilla/5.0 (iPad; U; CPU OS 4_3_5 like Mac OS X; de-de) AppleWebKit/533.17.9 (KHTML, like Gecko) Version/5.0.2 Mobile/8L1 Safari/6533.18.5"
84.147.6.122 - - [05/Jan/2012:00:46:44 +0100] "GET /js/calendar/calendar.js HTTP/1.1" 200 53130 "http://www.markenoele.de/motul-schmierstoffe/motorsport/motul-300-v-le-mans.html" "Mozilla/5.0 (iPad; U; CPU OS 4_3_5 like Mac OS X; de-de) AppleWebKit/533.17.9 (KHTML, like Gecko) Version/5.0.2 Mobile/8L1 Safari/6533.18.5"
84.147.6.122 - - [05/Jan/2012:00:46:44 +0100] "GET /js/calendar/calendar-setup.js HTTP/1.1" 200 4986 "http://www.markenoele.de/motul-schmierstoffe/motorsport/motul-300-v-le-mans.html" "Mozilla/5.0 (iPad; U; CPU OS 4_3_5 like Mac OS X; de-de) AppleWebKit/533.17.9 (KHTML, like Gecko) Version/5.0.2 Mobile/8L1 Safari/6533.18.5"
84.147.6.122 - - [05/Jan/2012:00:46:44 +0100] "GET /skin/frontend/esso/standard/js/jquery-1.3.2.min.js HTTP/1.1" 200 57254 "http://www.markenoele.de/motul-schmierstoffe/motorsport/motul-300-v-le-mans.html" "Mozilla/5.0 (iPad; U; CPU OS 4_3_5 like Mac OS X; de-de) AppleWebKit/533.17.9 (KHTML, like Gecko) Version/5.0.2 Mobile/8L1 Safari/6533.18.5"
84.147.6.122 - - [05/Jan/2012:00:46:44 +0100] "GET /skin/frontend/esso/standard/js/jquery.jqzoom.js HTTP/1.1" 200 5131 "http://www.markenoele.de/motul-schmierstoffe/motorsport/motul-300-v-le-mans.html" "Mozilla/5.0 (iPad; U; CPU OS 4_3_5 like Mac OS X; de-de) AppleWebKit/533.17.9 (KHTML, like Gecko) Version/5.0.2 Mobile/8L1 Safari/6533.18.5"
84.147.6.122 - - [05/Jan/2012:00:46:45 +0100] "GET /skin/frontend/esso/standard/js/effects.core.js HTTP/1.1" 200 19170 "http://www.markenoele.de/motul-schmierstoffe/motorsport/motul-300-v-le-mans.html" "Mozilla/5.0 (iPad; U; CPU OS 4_3_5 like Mac OS X; de-de) AppleWebKit/533.17.9 (KHTML, like Gecko) Version/5.0.2 Mobile/8L1 Safari/6533.18.5"
84.147.6.122 - - [05/Jan/2012:00:46:45 +0100] "GET /skin/frontend/esso/standard/js/effects.scale.js HTTP/1.1" 200 7057 "http://www.markenoele.de/motul-schmierstoffe/motorsport/motul-300-v-le-mans.html" "Mozilla/5.0 (iPad; U; CPU OS 4_3_5 like Mac OS X; de-de) AppleWebKit/533.17.9 (KHTML, like Gecko) Version/5.0.2 Mobile/8L1 Safari/6533.18.5"
84.147.6.122 - - [05/Jan/2012:00:46:46 +0100] "GET /skin/frontend/esso/standard/images/logo.png HTTP/1.1" 200 27553 "http://www.markenoele.de/motul-schmierstoffe/motorsport/motul-300-v-le-mans.html" "Mozilla/5.0 (iPad; U; CPU OS 4_3_5 like Mac OS X; de-de) AppleWebKit/533.17.9 (KHTML, like Gecko) Version/5.0.2 Mobile/8L1 Safari/6533.18.5"
84.147.6.122 - - [05/Jan/2012:00:46:46 +0100] "GET /skin/frontend/esso/standard/images/icon_lupe_sm.png HTTP/1.1" 200 1235 "http://www.markenoele.de/motul-schmierstoffe/motorsport/motul-300-v-le-mans.html" "Mozilla/5.0 (iPad; U; CPU OS 4_3_5 like Mac OS X; de-de) AppleWebKit/533.17.9 (KHTML, like Gecko) Version/5.0.2 Mobile/8L1 Safari/6533.18.5"
84.147.6.122 - - [05/Jan/2012:00:46:46 +0100] "GET /skin/frontend/esso/standard/images/tropf-sm.png HTTP/1.1" 200 1179 "http://www.markenoele.de/motul-schmierstoffe/motorsport/motul-300-v-le-mans.html" "Mozilla/5.0 (iPad; U; CPU OS 4_3_5 like Mac OS X; de-de) AppleWebKit/533.17.9 (KHTML, like Gecko) Version/5.0.2 Mobile/8L1 Safari/6533.18.5"
84.147.6.122 - - [05/Jan/2012:00:46:46 +0100] "GET /skin/frontend/esso/standard/images/akt-art-sm.png HTTP/1.1" 200 1091 "http://www.markenoele.de/motul-schmierstoffe/motorsport/motul-300-v-le-mans.html" "Mozilla/5.0 (iPad; U; CPU OS 4_3_5 like Mac OS X; de-de) AppleWebKit/533.17.9 (KHTML, like Gecko) Version/5.0.2 Mobile/8L1 Safari/6533.18.5"
84.147.6.122 - - [05/Jan/2012:00:46:46 +0100] "GET /skin/frontend/esso/standard/images/motul_pflege_teaser.png HTTP/1.1" 200 15151 "http://www.markenoele.de/motul-schmierstoffe/motorsport/motul-300-v-le-mans.html" "Mozilla/5.0 (iPad; U; CPU OS 4_3_5 like Mac OS X; de-de) AppleWebKit/533.17.9 (KHTML, like Gecko) Version/5.0.2 Mobile/8L1 Safari/6533.18.5"
84.147.6.122 - - [05/Jan/2012:00:46:46 +0100] "GET /skin/frontend/esso/standard/images/siegel.gif HTTP/1.1" 200 3150 "http://www.markenoele.de/motul-schmierstoffe/motorsport/motul-300-v-le-mans.html" "Mozilla/5.0 (iPad; U; CPU OS 4_3_5 like Mac OS X; de-de) AppleWebKit/533.17.9 (KHTML, like Gecko) Version/5.0.2 Mobile/8L1 Safari/6533.18.5"
84.147.6.122 - - [05/Jan/2012:00:46:46 +0100] "GET /media/catalog/product/cache/2/thumbnail2/250x250/9df78eab33525d08d6e5fb8d27136e95/3/0/300v_le_mans_20w60.jpg HTTP/1.1" 200 20210 "http://www.markenoele.de/motul-schmierstoffe/motorsport/motul-300-v-le-mans.html" "Mozilla/5.0 (iPad; U; CPU OS 4_3_5 like Mac OS X; de-de) AppleWebKit/533.17.9 (KHTML, like Gecko) Version/5.0.2 Mobile/8L1 Safari/6533.18.5"
46.4.116.100 - - [05/Jan/2012:00:46:48 +0100] "GET /robots.txt HTTP/1.1" 200 918 "-" "Pixray-Seeker/1.1 (Pixray-Seeker; crawler@pixray.com)"
84.147.6.122 - - [05/Jan/2012:00:46:50 +0100] "GET /skin/frontend/esso/standard/images/bkg_tabs.gif HTTP/1.1" 200 151 "http://www.markenoele.de/motul-schmierstoffe/motorsport/motul-300-v-le-mans.html" "Mozilla/5.0 (iPad; U; CPU OS 4_3_5 like Mac OS X; de-de) AppleWebKit/533.17.9 (KHTML, like Gecko) Version/5.0.2 Mobile/8L1 Safari/6533.18.5"
84.147.6.122 - - [05/Jan/2012:00:46:50 +0100] "GET /skin/frontend/esso/standard/images/bkg_pipe1.gif HTTP/1.1" 200 44 "http://www.markenoele.de/motul-schmierstoffe/motorsport/motul-300-v-le-mans.html" "Mozilla/5.0 (iPad; U; CPU OS 4_3_5 like Mac OS X; de-de) AppleWebKit/533.17.9 (KHTML, like Gecko) Version/5.0.2 Mobile/8L1 Safari/6533.18.5"
84.147.6.122 - - [05/Jan/2012:00:46:50 +0100] "GET /skin/frontend/esso/standard/images/bg_yellow.jpg HTTP/1.1" 200 22020 "http://www.markenoele.de/motul-schmierstoffe/motorsport/motul-300-v-le-mans.html" "Mozilla/5.0 (iPad; U; CPU OS 4_3_5 like Mac OS X; de-de) AppleWebKit/533.17.9 (KHTML, like Gecko) Version/5.0.2 Mobile/8L1 Safari/6533.18.5"
84.147.6.122 - - [05/Jan/2012:00:46:50 +0100] "GET /skin/frontend/esso/standard/images/search_arrow_right.png HTTP/1.1" 200 662 "http://www.markenoele.de/motul-schmierstoffe/motorsport/motul-300-v-le-mans.html" "Mozilla/5.0 (iPad; U; CPU OS 4_3_5 like Mac OS X; de-de) AppleWebKit/533.17.9 (KHTML, like Gecko) Version/5.0.2 Mobile/8L1 Safari/6533.18.5"
84.147.6.122 - - [05/Jan/2012:00:46:50 +0100] "GET /skin/frontend/esso/standard/images/bkg_btn.png HTTP/1.1" 200 890 "http://www.markenoele.de/motul-schmierstoffe/motorsport/motul-300-v-le-mans.html" "Mozilla/5.0 (iPad; U; CPU OS 4_3_5 like Mac OS X; de-de) AppleWebKit/533.17.9 (KHTML, like Gecko) Version/5.0.2 Mobile/8L1 Safari/6533.18.5"
84.147.6.122 - - [05/Jan/2012:00:46:50 +0100] "GET /media/catalog/product/3/0/300v_le_mans_20w60.jpg HTTP/1.1" 200 219173 "http://www.markenoele.de/motul-schmierstoffe/motorsport/motul-300-v-le-mans.html" "Mozilla/5.0 (iPad; U; CPU OS 4_3_5 like Mac OS X; de-de) AppleWebKit/533.17.9 (KHTML, like Gecko) Version/5.0.2 Mobile/8L1 Safari/6533.18.5"
46.4.116.100 - - [05/Jan/2012:00:53:16 +0100] "GET /motul-zusatzstoffe.html?dir=asc&mode=list&order=position HTTP/1.1" 200 48914 "-" "Pixray-Seeker/1.1 (Pixray-Seeker; crawler@pixray.com)"
208.115.111.70 - - [05/Jan/2012:01:08:23 +0100] "GET /robots.txt HTTP/1.1" 200 918 "-" "Mozilla/5.0 (compatible; Ezooms/1.0; ezooms.bot@gmail.com)"
66.249.71.180 - - [05/Jan/2012:01:13:29 +0100] "GET /fork-oil-expert-medium-heavy.html HTTP/1.1" 200 29734 "-" "Mozilla/5.0 (compatible; Googlebot/2.1; +http://www.google.com/bot.html)"
66.249.71.180 - - [05/Jan/2012:01:19:16 +0100] "GET /motul-quad-4t-63.html HTTP/1.1" 200 29669 "-" "Mozilla/5.0 (compatible; Googlebot/2.1; +http://www.google.com/bot.html)"
66.249.71.180 - - [05/Jan/2012:01:19:31 +0100] "GET /outboard-synth-2t.html HTTP/1.1" 200 30316 "-" "Mozilla/5.0 (compatible; Googlebot/2.1; +http://www.google.com/bot.html)"
66.249.71.180 - - [05/Jan/2012:01:29:48 +0100] "GET /carbu-clean.html HTTP/1.1" 200 30299 "-" "Mozilla/5.0 (compatible; Googlebot/2.1; +http://www.google.com/bot.html)"
130.83.167.153 - - [05/Jan/2012:01:30:39 +0100] "GET /motul-zusatzstoffe.html HTTP/1.1" 200 44758 "-" "findlinks/2.0.4 (+http://wortschatz.uni-leipzig.de/findlinks/)"
130.83.167.153 - - [05/Jan/2012:01:30:41 +0100] "GET /motul-zusatzstoffe.html HTTP/1.1" 200 44758 "-" "findlinks/2.0.4 (+http://wortschatz.uni-leipzig.de/findlinks/)"
66.249.71.180 - - [05/Jan/2012:01:35:26 +0100] "GET /motul-3000-4t.html HTTP/1.1" 200 29631 "-" "Mozilla/5.0 (compatible; Googlebot/2.1; +http://www.google.com/bot.html)"
66.249.71.229 - - [05/Jan/2012:01:41:44 +0100] "GET /garden-4t-159.html HTTP/1.1" 200 29847 "-" "Mozilla/5.0 (compatible; Googlebot/2.1; +http://www.google.com/bot.html)"
66.249.71.229 - - [05/Jan/2012:01:41:59 +0100] "GET /motul-8100-x-clean-c3-5l-177.html HTTP/1.1" 200 29959 "-" "Mozilla/5.0 (compatible; Googlebot/2.1; +http://www.google.com/bot.html)"
66.249.71.229 - - [05/Jan/2012:01:49:52 +0100] "GET /tyre-repair.html HTTP/1.1" 200 29934 "-" "Mozilla/5.0 (compatible; Googlebot/2.1; +http://www.google.com/bot.html)"
176.9.0.13 - - [05/Jan/2012:01:50:44 +0100] "GET /robots.txt HTTP/1.1" 200 918 "-" "Pixray-Seeker/1.1 (Pixray-Seeker; crawler@pixray.com)"
176.9.0.13 - - [05/Jan/2012:01:50:45 +0100] "GET /motul-schmierstoffe/quad.html?mode=grid HTTP/1.1" 200 33584 "-" "Pixray-Seeker/1.1 (Pixray-Seeker; crawler@pixray.com)"
66.249.71.229 - - [05/Jan/2012:01:56:21 +0100] "GET /motul-300v-4t-factory-line.html HTTP/1.1" 200 30020 "-" "Mozilla/5.0 (compatible; Googlebot/2.1; +http://www.google.com/bot.html)"
66.249.71.229 - - [05/Jan/2012:02:01:40 +0100] "GET /air-filter-oil.html HTTP/1.1" 200 30302 "-" "Mozilla/5.0 (compatible; Googlebot/2.1; +http://www.google.com/bot.html)"
66.249.71.229 - - [05/Jan/2012:02:01:56 +0100] "GET /motul-specific-504-00-507-00-23.html HTTP/1.1" 200 30792 "-" "Mozilla/5.0 (compatible; Googlebot/2.1; +http://www.google.com/bot.html)"
66.249.71.229 - - [05/Jan/2012:02:05:24 +0100] "GET /motul-8100-x-clean-plus-1l-11.html HTTP/1.1" 200 30168 "-" "Mozilla/5.0 (compatible; Googlebot/2.1; +http://www.google.com/bot.html)"
66.249.71.229 - - [05/Jan/2012:02:05:39 +0100] "GET /outboard-tech-4t.html HTTP/1.1" 200 30240 "-" "Mozilla/5.0 (compatible; Googlebot/2.1; +http://www.google.com/bot.html)"
66.249.71.229 - - [05/Jan/2012:02:09:17 +0100] "GET /motul-aufnaher-11-x-3-8-cm.html HTTP/1.1" 200 29235 "-" "Mozilla/5.0 (compatible; Googlebot/2.1; +http://www.google.com/bot.html)"
66.249.71.229 - - [05/Jan/2012:02:13:01 +0100] "GET /motul-8100-x-clean-c3-1l-176.html HTTP/1.1" 200 30313 "-" "Mozilla/5.0 (compatible; Googlebot/2.1; +http://www.google.com/bot.html)"
66.249.71.229 - - [05/Jan/2012:02:14:40 +0100] "GET /powerjet-4t.html HTTP/1.1" 200 29727 "-" "Mozilla/5.0 (compatible; Googlebot/2.1; +http://www.google.com/bot.html)"
66.249.71.229 - - [05/Jan/2012:02:15:51 +0100] "GET /outboard-tech-4t-81.html HTTP/1.1" 200 30247 "-" "Mozilla/5.0 (compatible; Googlebot/2.1; +http://www.google.com/bot.html)"
66.249.71.229 - - [05/Jan/2012:02:21:10 +0100] "GET /motul-snowpower-2t-1l.html HTTP/1.1" 200 32308 "-" "Mozilla/5.0 (compatible; Googlebot/2.1; +http://www.google.com/bot.html)"
66.249.71.229 - - [05/Jan/2012:02:22:23 +0100] "GET /motul-gear-300.html HTTP/1.1" 200 30107 "-" "Mozilla/5.0 (compatible; Googlebot/2.1; +http://www.google.com/bot.html)"
66.249.71.229 - - [05/Jan/2012:02:24:32 +0100] "GET /chain-lube-factory-line.html HTTP/1.1" 200 30073 "-" "Mozilla/5.0 (compatible; Googlebot/2.1; +http://www.google.com/bot.html)"
66.249.71.229 - - [05/Jan/2012:02:31:04 +0100] "GET /fork-oil-light-medium.html HTTP/1.1" 200 29703 "-" "Mozilla/5.0 (compatible; Googlebot/2.1; +http://www.google.com/bot.html)"
208.115.111.70 - - [05/Jan/2012:02:31:28 +0100] "GET /motul-fanshop-artikel/aufkleber/classic-aufkleber.html HTTP/1.1" 200 30234 "-" "Mozilla/5.0 (compatible; Ezooms/1.0; ezooms.bot@gmail.com)"
66.249.71.229 - - [05/Jan/2012:02:38:25 +0100] "GET /top-gel.html HTTP/1.1" 200 29533 "-" "Mozilla/5.0 (compatible; Googlebot/2.1; +http://www.google.com/bot.html)"
66.249.71.229 - - [05/Jan/2012:02:41:46 +0100] "GET /motul-snowpower-4t-4l.html HTTP/1.1" 200 30102 "-" "Mozilla/5.0 (compatible; Googlebot/2.1; +http://www.google.com/bot.html)"
66.249.71.229 - - [05/Jan/2012:02:47:52 +0100] "GET /motul-snowpower-4t-1l.html HTTP/1.1" 200 32012 "-" "Mozilla/5.0 (compatible; Googlebot/2.1; +http://www.google.com/bot.html)"
66.249.71.229 - - [05/Jan/2012:02:48:53 +0100] "GET /motul-aufkleber-15-x-4-0-cm.html HTTP/1.1" 200 29302 "-" "Mozilla/5.0 (compatible; Googlebot/2.1; +http://www.google.com/bot.html)"
188.40.85.200 - - [05/Jan/2012:02:51:11 +0100] "GET /robots.txt HTTP/1.1" 200 918 "-" "Pixray-Seeker/1.1 (Pixray-Seeker; crawler@pixray.com)"
188.40.85.200 - - [05/Jan/2012:02:51:11 +0100] "GET /motul-schmierstoffe/garten/bio-2t.html HTTP/1.1" 200 31924 "-" "Pixray-Seeker/1.1 (Pixray-Seeker; crawler@pixray.com)"
188.40.85.200 - - [05/Jan/2012:02:52:34 +0100] "GET /motul-schmierstoffe/garten/motorenol-2-takt.html?mode=list HTTP/1.1" 200 37813 "-" "Pixray-Seeker/1.1 (Pixray-Seeker; crawler@pixray.com)"
66.249.71.229 - - [05/Jan/2012:03:19:33 +0100] "GET /wash-wax.html HTTP/1.1" 200 30237 "-" "Mozilla/5.0 (compatible; Googlebot/2.1; +http://www.google.com/bot.html)"
66.249.71.229 - - [05/Jan/2012:03:31:33 +0100] "GET /motul-300v-chrono.html HTTP/1.1" 200 30215 "-" "Mozilla/5.0 (compatible; Googlebot/2.1; +http://www.google.com/bot.html)"
95.108.128.242 - - [05/Jan/2012:03:43:30 +0100] "GET /robots.txt HTTP/1.1" 200 918 "-" "Mozilla/5.0 (compatible; YandexBot/3.0; +http://yandex.com/bots)"
95.108.128.242 - - [05/Jan/2012:03:43:30 +0100] "GET /agb/ HTTP/1.1" 200 27810 "-" "Mozilla/5.0 (compatible; YandexBot/3.0; +http://yandex.com/bots)"
66.249.71.229 - - [05/Jan/2012:03:46:01 +0100] "GET /inboard-tech-4t-87.html HTTP/1.1" 200 30182 "-" "Mozilla/5.0 (compatible; Googlebot/2.1; +http://www.google.com/bot.html)"
176.9.0.13 - - [05/Jan/2012:03:51:02 +0100] "GET /robots.txt HTTP/1.1" 200 918 "-" "Pixray-Seeker/1.1 (Pixray-Seeker; crawler@pixray.com)"
176.9.0.13 - - [05/Jan/2012:03:51:03 +0100] "GET /motul-schmierstoffe/marine.html?mode=list HTTP/1.1" 200 55731 "-" "Pixray-Seeker/1.1 (Pixray-Seeker; crawler@pixray.com)"
65.52.108.145 - - [05/Jan/2012:03:53:25 +0100] "GET /robots.txt HTTP/1.1" 200 918 "-" "Mozilla/5.0 (compatible; bingbot/2.0; +http://www.bing.com/bingbot.htm)"
65.52.108.145 - - [05/Jan/2012:03:54:30 +0100] "GET /motul-4100-power-1l.html HTTP/1.1" 200 32865 "-" "Mozilla/5.0 (compatible; bingbot/2.0; +http://www.bing.com/bingbot.htm)"
66.249.71.229 - - [05/Jan/2012:03:56:03 +0100] "GET /motul-8100-x-clean-c3-5l.html HTTP/1.1" 200 30693 "-" "Mozilla/5.0 (compatible; Googlebot/2.1; +http://www.google.com/bot.html)"
213.186.127.10 - - [05/Jan/2012:03:57:23 +0100] "GET /motul-specific-504-00-507-00.html HTTP/1.1" 200 30734 "-" "Mozilla/5.0 (compatible; AhrefsBot/2.0; +http://ahrefs.com/robot/)"
207.46.204.175 - - [05/Jan/2012:04:29:05 +0100] "GET /robots.txt HTTP/1.1" 200 918 "-" "Mozilla/5.0 (compatible; bingbot/2.0; +http://www.bing.com/bingbot.htm)"
207.46.204.175 - - [05/Jan/2012:04:29:56 +0100] "GET /motul-schmierstoffe/motul-specific-cng-lpg-1l.html HTTP/1.1" 200 31519 "-" "Mozilla/5.0 (compatible; bingbot/2.0; +http://www.bing.com/bingbot.htm)"
66.249.71.229 - - [05/Jan/2012:04:34:12 +0100] "GET /outboard-tech-4t-83.html HTTP/1.1" 200 30240 "-" "Mozilla/5.0 (compatible; Googlebot/2.1; +http://www.google.com/bot.html)"
66.249.71.229 - - [05/Jan/2012:04:41:05 +0100] "GET /shock-oil-factory-line.html HTTP/1.1" 200 29799 "-" "Mozilla/5.0 (compatible; Googlebot/2.1; +http://www.google.com/bot.html)"
46.4.119.231 - - [05/Jan/2012:04:44:04 +0100] "GET /robots.txt HTTP/1.1" 200 918 "-" "Pixray-Seeker/1.1 (Pixray-Seeker; crawler@pixray.com)"
46.4.119.231 - - [05/Jan/2012:04:44:04 +0100] "GET /motul-schmierstoffe/motul-300v-competition.html HTTP/1.1" 200 31734 "-" "Pixray-Seeker/1.1 (Pixray-Seeker; crawler@pixray.com)"
65.52.108.145 - - [05/Jan/2012:04:47:57 +0100] "GET /robots.txt HTTP/1.1" 200 918 "-" "Mozilla/5.0 (compatible; bingbot/2.0; +http://www.bing.com/bingbot.htm)"
46.4.119.231 - - [05/Jan/2012:04:47:59 +0100] "GET /motul-schmierstoffe/motul-autoschmierstoffe/motul-auto-getriebeoel/motul-multi-atf-1l.html HTTP/1.1" 200 32279 "-" "Pixray-Seeker/1.1 (Pixray-Seeker; crawler@pixray.com)"
65.52.108.145 - - [05/Jan/2012:04:48:52 +0100] "GET /motul-fanshop-artikel/bekleidung/softshell-weste-herren.html HTTP/1.1" 404 17088 "-" "Mozilla/5.0 (compatible; bingbot/2.0; +http://www.bing.com/bingbot.htm)"
66.249.71.229 - - [05/Jan/2012:04:52:17 +0100] "GET /einzelbuchstaben-28-x-5-5-cm.html HTTP/1.1" 200 28683 "-" "Mozilla/5.0 (compatible; Googlebot/2.1; +http://www.google.com/bot.html)"
66.249.71.229 - - [05/Jan/2012:05:17:42 +0100] "GET /motul-4100-power-5l-15w-50.html HTTP/1.1" 200 30608 "-" "Mozilla/5.0 (compatible; Googlebot/2.1; +http://www.google.com/bot.html)"
66.249.71.229 - - [05/Jan/2012:05:21:45 +0100] "GET /angebote-des-monats HTTP/1.1" 200 59954 "-" "Mozilla/5.0 (compatible; Googlebot/2.1; +http://www.google.com/bot.html)"
66.249.71.229 - - [05/Jan/2012:05:23:49 +0100] "GET /widerruf HTTP/1.1" 200 25714 "-" "Mozilla/5.0 (compatible; Googlebot/2.1; +http://www.google.com/bot.html)"
66.249.71.229 - - [05/Jan/2012:05:44:26 +0100] "GET /e-z-lube-multi-protect.html HTTP/1.1" 200 30286 "-" "Mozilla/5.0 (compatible; Googlebot/2.1; +http://www.google.com/bot.html)"
66.249.71.229 - - [05/Jan/2012:05:48:29 +0100] "GET /motul-kart-grand-prix-2t.html HTTP/1.1" 200 30061 "-" "Mozilla/5.0 (compatible; Googlebot/2.1; +http://www.google.com/bot.html)"
66.249.71.229 - - [05/Jan/2012:05:53:09 +0100] "GET /blechschild-pin-up-iii.html HTTP/1.1" 200 29349 "-" "Mozilla/5.0 (compatible; Googlebot/2.1; +http://www.google.com/bot.html)"
46.4.19.85 - - [05/Jan/2012:05:53:15 +0100] "GET /robots.txt HTTP/1.1" 200 918 "-" "Pixray-Seeker/1.1 (Pixray-Seeker; crawler@pixray.com)"
66.249.71.229 - - [05/Jan/2012:05:55:35 +0100] "GET /motul-7100-4t-55.html HTTP/1.1" 200 29981 "-" "Mozilla/5.0 (compatible; Googlebot/2.1; +http://www.google.com/bot.html)"
207.46.13.93 - - [05/Jan/2012:05:56:25 +0100] "GET /robots.txt HTTP/1.1" 200 918 "-" "Mozilla/5.0 (compatible; bingbot/2.0; +http://www.bing.com/bingbot.htm)"
207.46.13.93 - - [05/Jan/2012:05:57:24 +0100] "GET / HTTP/1.1" 200 33302 "-" "Mozilla/5.0 (compatible; bingbot/2.0; +http://www.bing.com/bingbot.htm)"
77.75.77.17 - - [05/Jan/2012:06:02:33 +0100] "GET /robots.txt HTTP/1.1" 200 918 "-" "SeznamBot/3.0 (+http://fulltext.sblog.cz/)"
77.75.77.17 - - [05/Jan/2012:06:02:33 +0100] "GET /sitemap.xml HTTP/1.1" 200 36702 "-" "SeznamBot/3.0 (+http://fulltext.sblog.cz/)"
77.75.77.17 - - [05/Jan/2012:06:02:34 +0100] "GET / HTTP/1.1" 200 33302 "-" "SeznamBot/3.0 (+http://fulltext.sblog.cz/)"
66.249.71.229 - - [05/Jan/2012:06:05:58 +0100] "GET /esso-heizoel.html HTTP/1.1" 200 24244 "-" "Mozilla/5.0 (compatible; Googlebot/2.1; +http://www.google.com/bot.html)"
66.249.71.229 - - [05/Jan/2012:06:06:06 +0100] "GET /motul-300v-power.html HTTP/1.1" 200 30535 "-" "Mozilla/5.0 (compatible; Googlebot/2.1; +http://www.google.com/bot.html)"
66.249.71.229 - - [05/Jan/2012:06:10:05 +0100] "GET /motul-pflegeprodukte/shine-go-silicone-clean.html HTTP/1.1" 200 31039 "-" "Mozilla/5.0 (compatible; Googlebot/2.1; +http://www.google.com/bot.html)"
66.249.71.229 - - [05/Jan/2012:06:11:06 +0100] "GET /motul-snowpower-2t-4l.html HTTP/1.1" 200 30049 "-" "Mozilla/5.0 (compatible; Googlebot/2.1; +http://www.google.com/bot.html)"
207.46.194.147 - - [05/Jan/2012:06:12:32 +0100] "GET /robots.txt HTTP/1.1" 200 918 "-" "msnbot-media/1.1 (+http://search.msn.com/msnbot.htm)"
207.46.194.147 - - [05/Jan/2012:06:12:33 +0100] "GET /esso-diesel.html HTTP/1.1" 200 24137 "-" "msnbot-media/1.1 (+http://search.msn.com/msnbot.htm)"
66.249.71.229 - - [05/Jan/2012:06:14:23 +0100] "GET /outboard-tech-2t-92.html HTTP/1.1" 200 30185 "-" "Mozilla/5.0 (compatible; Googlebot/2.1; +http://www.google.com/bot.html)"
66.249.71.229 - - [05/Jan/2012:06:14:38 +0100] "GET /inboard-tech-4t-86.html HTTP/1.1" 200 30182 "-" "Mozilla/5.0 (compatible; Googlebot/2.1; +http://www.google.com/bot.html)"
208.115.113.86 - - [05/Jan/2012:06:34:43 +0100] "GET /robots.txt HTTP/1.1" 200 918 "-" "Mozilla/5.0 (compatible; Ezooms/1.0; ezooms.bot@gmail.com)"
66.249.71.229 - - [05/Jan/2012:06:39:07 +0100] "GET /motul-7100-4t-52.html HTTP/1.1" 200 30112 "-" "Mozilla/5.0 (compatible; Googlebot/2.1; +http://www.google.com/bot.html)"
188.40.66.214 - - [05/Jan/2012:06:45:32 +0100] "GET /robots.txt HTTP/1.1" 200 918 "-" "Pixray-Seeker/1.1 (Pixray-Seeker; crawler@pixray.com)"
213.186.127.10 - - [05/Jan/2012:06:46:08 +0100] "GET /motul-gear-300.html HTTP/1.1" 200 30107 "-" "Mozilla/5.0 (compatible; AhrefsBot/2.0; +http://ahrefs.com/robot/)"
66.249.71.229 - - [05/Jan/2012:06:54:11 +0100] "GET /fork-oil-medium.html HTTP/1.1" 200 29581 "-" "Mozilla/5.0 (compatible; Googlebot/2.1; +http://www.google.com/bot.html)"
66.249.71.229 - - [05/Jan/2012:06:57:00 +0100] "GET /timber-bio.html HTTP/1.1" 200 29792 "-" "Mozilla/5.0 (compatible; Googlebot/2.1; +http://www.google.com/bot.html)"
66.249.71.229 - - [05/Jan/2012:07:05:53 +0100] "GET /motul-snowpower-2t-4l.html HTTP/1.1" 200 30049 "-" "Mozilla/5.0 (compatible; Googlebot/2.1; +http://www.google.com/bot.html)"
66.249.71.229 - - [05/Jan/2012:07:10:44 +0100] "GET /motul-schmierstoffe/garten/bio-2t.html HTTP/1.1" 200 31924 "-" "Mozilla/5.0 (compatible; Googlebot/2.1; +http://www.google.com/bot.html)"
66.249.71.229 - - [05/Jan/2012:07:21:40 +0100] "GET /motul-300v-competition-68.html HTTP/1.1" 200 30335 "-" "Mozilla/5.0 (compatible; Googlebot/2.1; +http://www.google.com/bot.html)"
66.249.71.229 - - [05/Jan/2012:07:30:47 +0100] "GET /classic-aufkleber.html HTTP/1.1" 200 29228 "-" "Mozilla/5.0 (compatible; Googlebot/2.1; +http://www.google.com/bot.html)"
208.115.113.86 - - [05/Jan/2012:07:41:41 +0100] "GET /motul-zusatzstoffe/valve-expert.html HTTP/1.1" 200 30911 "-" "Mozilla/5.0 (compatible; Ezooms/1.0; ezooms.bot@gmail.com)"
208.115.113.86 - - [05/Jan/2012:07:41:52 +0100] "GET /motul-schmierstoffe/motorsport/auto/motul-300-v-le-mans.html HTTP/1.1" 200 32509 "-" "Mozilla/5.0 (compatible; Ezooms/1.0; ezooms.bot@gmail.com)"
66.249.71.229 - - [05/Jan/2012:07:42:41 +0100] "GET /motul-specific-ll-a-b-025-21.html HTTP/1.1" 200 30206 "-" "Mozilla/5.0 (compatible; Googlebot/2.1; +http://www.google.com/bot.html)"
66.249.71.229 - - [05/Jan/2012:07:44:06 +0100] "GET /fork-oil-light.html HTTP/1.1" 200 29576 "-" "Mozilla/5.0 (compatible; Googlebot/2.1; +http://www.google.com/bot.html)"
66.249.71.229 - - [05/Jan/2012:07:44:21 +0100] "GET /einzelbuchstaben-71-x-14-5-cm.html HTTP/1.1" 200 28693 "-" "Mozilla/5.0 (compatible; Googlebot/2.1; +http://www.google.com/bot.html)"
208.115.111.70 - - [05/Jan/2012:07:49:48 +0100] "GET /robots.txt HTTP/1.1" 200 918 "-" "Mozilla/5.0 (compatible; Ezooms/1.0; ezooms.bot@gmail.com)"
209.85.228.91 - - [05/Jan/2012:07:51:53 +0100] "GET /motul-zusatzstoffe/valve-expert.html HTTP/1.1" 200 30911 "-" "Mozilla/5.0 (X11; Linux x86_64) AppleWebKit/534.51 (KHTML, like Gecko; Google Web Preview) Chrome/12.0.742 Safari/534.51"
209.85.228.91 - - [05/Jan/2012:07:51:55 +0100] "GET /js/varien/js.js HTTP/1.1" 200 16581 "http://www.markenoele.de/motul-zusatzstoffe/valve-expert.html" "Mozilla/5.0 (X11; Linux x86_64) AppleWebKit/534.51 (KHTML, like Gecko; Google Web Preview) Chrome/12.0.742 Safari/534.51"
209.85.226.93 - - [05/Jan/2012:07:51:56 +0100] "GET /js/varien/form.js HTTP/1.1" 200 11714 "http://www.markenoele.de/motul-zusatzstoffe/valve-expert.html" "Mozilla/5.0 (X11; Linux x86_64) AppleWebKit/534.51 (KHTML, like Gecko; Google Web Preview) Chrome/12.0.742 Safari/534.51"
209.85.226.85 - - [05/Jan/2012:07:51:56 +0100] "GET /js/mage/translate.js HTTP/1.1" 200 1597 "http://www.markenoele.de/motul-zusatzstoffe/valve-expert.html" "Mozilla/5.0 (X11; Linux x86_64) AppleWebKit/534.51 (KHTML, like Gecko; Google Web Preview) Chrome/12.0.742 Safari/534.51"
209.85.228.85 - - [05/Jan/2012:07:51:56 +0100] "GET /js/calendar/calendar-win2k-1.css HTTP/1.1" 200 5986 "http://www.markenoele.de/motul-zusatzstoffe/valve-expert.html" "Mozilla/5.0 (X11; Linux x86_64) AppleWebKit/534.51 (KHTML, like Gecko; Google Web Preview) Chrome/12.0.742 Safari/534.51"
209.85.228.94 - - [05/Jan/2012:07:51:56 +0100] "GET /js/scriptaculous/slider.js HTTP/1.1" 200 10331 "http://www.markenoele.de/motul-zusatzstoffe/valve-expert.html" "Mozilla/5.0 (X11; Linux x86_64) AppleWebKit/534.51 (KHTML, like Gecko; Google Web Preview) Chrome/12.0.742 Safari/534.51"
209.85.226.93 - - [05/Jan/2012:07:51:56 +0100] "GET /skin/frontend/esso/standard/css/widgets.css HTTP/1.1" 200 4369 "http://www.markenoele.de/motul-zusatzstoffe/valve-expert.html" "Mozilla/5.0 (X11; Linux x86_64) AppleWebKit/534.51 (KHTML, like Gecko; Google Web Preview) Chrome/12.0.742 Safari/534.51"
209.85.226.84 - - [05/Jan/2012:07:51:56 +0100] "GET /skin/frontend/esso/standard/css/jqzoom.css HTTP/1.1" 200 1051 "http://www.markenoele.de/motul-zusatzstoffe/valve-expert.html" "Mozilla/5.0 (X11; Linux x86_64) AppleWebKit/534.51 (KHTML, like Gecko; Google Web Preview) Chrome/12.0.742 Safari/534.51"
209.85.228.85 - - [05/Jan/2012:07:51:56 +0100] "GET /js/calendar/calendar.js HTTP/1.1" 200 53130 "http://www.markenoele.de/motul-zusatzstoffe/valve-expert.html" "Mozilla/5.0 (X11; Linux x86_64) AppleWebKit/534.51 (KHTML, like Gecko; Google Web Preview) Chrome/12.0.742 Safari/534.51"
209.85.226.81 - - [05/Jan/2012:07:51:56 +0100] "GET /js/scriptaculous/effects.js HTTP/1.1" 200 38745 "http://www.markenoele.de/motul-zusatzstoffe/valve-expert.html" "Mozilla/5.0 (X11; Linux x86_64) AppleWebKit/534.51 (KHTML, like Gecko; Google Web Preview) Chrome/12.0.742 Safari/534.51"
209.85.228.84 - - [05/Jan/2012:07:51:56 +0100] "GET /js/varien/product.js HTTP/1.1" 200 23531 "http://www.markenoele.de/motul-zusatzstoffe/valve-expert.html" "Mozilla/5.0 (X11; Linux x86_64) AppleWebKit/534.51 (KHTML, like Gecko; Google Web Preview) Chrome/12.0.742 Safari/534.51"
209.85.228.80 - - [05/Jan/2012:07:51:56 +0100] "GET /skin/frontend/base/default/css/baseprice.css HTTP/1.1" 404 1256 "http://www.markenoele.de/motul-zusatzstoffe/valve-expert.html" "Mozilla/5.0 (X11; Linux x86_64) AppleWebKit/534.51 (KHTML, like Gecko; Google Web Preview) Chrome/12.0.742 Safari/534.51"
209.85.228.84 - - [05/Jan/2012:07:51:57 +0100] "GET /js/calendar/calendar-setup.js HTTP/1.1" 200 4986 "http://www.markenoele.de/motul-zusatzstoffe/valve-expert.html" "Mozilla/5.0 (X11; Linux x86_64) AppleWebKit/534.51 (KHTML, like Gecko; Google Web Preview) Chrome/12.0.742 Safari/534.51"
209.85.228.93 - - [05/Jan/2012:07:51:57 +0100] "GET /skin/frontend/esso/standard/css/styles.css HTTP/1.1" 200 79554 "http://www.markenoele.de/motul-zusatzstoffe/valve-expert.html" "Mozilla/5.0 (X11; Linux x86_64) AppleWebKit/534.51 (KHTML, like Gecko; Google Web Preview) Chrome/12.0.742 Safari/534.51"
209.85.228.88 - - [05/Jan/2012:07:51:58 +0100] "GET /js/varien/menu.js HTTP/1.1" 200 4426 "http://www.markenoele.de/motul-zusatzstoffe/valve-expert.html" "Mozilla/5.0 (X11; Linux x86_64) AppleWebKit/534.51 (KHTML, like Gecko; Google Web Preview) Chrome/12.0.742 Safari/534.51"
209.85.226.93 - - [05/Jan/2012:07:51:58 +0100] "GET /skin/frontend/esso/standard/js/effects.scale.js HTTP/1.1" 200 7057 "http://www.markenoele.de/motul-zusatzstoffe/valve-expert.html" "Mozilla/5.0 (X11; Linux x86_64) AppleWebKit/534.51 (KHTML, like Gecko; Google Web Preview) Chrome/12.0.742 Safari/534.51"
209.85.226.88 - - [05/Jan/2012:07:51:58 +0100] "GET /skin/frontend/esso/standard/js/jquery-1.3.2.min.js HTTP/1.1" 200 57254 "http://www.markenoele.de/motul-zusatzstoffe/valve-expert.html" "Mozilla/5.0 (X11; Linux x86_64) AppleWebKit/534.51 (KHTML, like Gecko; Google Web Preview) Chrome/12.0.742 Safari/534.51"
209.85.228.80 - - [05/Jan/2012:07:51:58 +0100] "GET /js/scriptaculous/dragdrop.js HTTP/1.1" 200 31192 "http://www.markenoele.de/motul-zusatzstoffe/valve-expert.html" "Mozilla/5.0 (X11; Linux x86_64) AppleWebKit/534.51 (KHTML, like Gecko; Google Web Preview) Chrome/12.0.742 Safari/534.51"
209.85.228.84 - - [05/Jan/2012:07:51:59 +0100] "GET /skin/frontend/esso/standard/js/effects.core.js HTTP/1.1" 200 19170 "http://www.markenoele.de/motul-zusatzstoffe/valve-expert.html" "Mozilla/5.0 (X11; Linux x86_64) AppleWebKit/534.51 (KHTML, like Gecko; Google Web Preview) Chrome/12.0.742 Safari/534.51"
209.85.228.85 - - [05/Jan/2012:07:52:00 +0100] "GET /media/catalog/product/cache/2/thumbnail2/250x250/9df78eab33525d08d6e5fb8d27136e95/v/a/valve_expert_250ml.jpg HTTP/1.1" 200 8540 "http://www.markenoele.de/motul-zusatzstoffe/valve-expert.html" "Mozilla/5.0 (X11; Linux x86_64) AppleWebKit/534.51 (KHTML, like Gecko; Google Web Preview) Chrome/12.0.742 Safari/534.51"
209.85.226.89 - - [05/Jan/2012:07:52:00 +0100] "GET /skin/frontend/esso/standard/images/icon_lupe_sm.png HTTP/1.1" 200 1235 "http://www.markenoele.de/motul-zusatzstoffe/valve-expert.html" "Mozilla/5.0 (X11; Linux x86_64) AppleWebKit/534.51 (KHTML, like Gecko; Google Web Preview) Chrome/12.0.742 Safari/534.51"
209.85.228.91 - - [05/Jan/2012:07:52:00 +0100] "GET /skin/frontend/esso/standard/images/siegel.gif HTTP/1.1" 200 3150 "http://www.markenoele.de/motul-zusatzstoffe/valve-expert.html" "Mozilla/5.0 (X11; Linux x86_64) AppleWebKit/534.51 (KHTML, like Gecko; Google Web Preview) Chrome/12.0.742 Safari/534.51"
209.85.228.81 - - [05/Jan/2012:07:52:00 +0100] "GET /skin/frontend/esso/standard/images/tropf-sm.png HTTP/1.1" 200 1179 "http://www.markenoele.de/motul-zusatzstoffe/valve-expert.html" "Mozilla/5.0 (X11; Linux x86_64) AppleWebKit/534.51 (KHTML, like Gecko; Google Web Preview) Chrome/12.0.742 Safari/534.51"
209.85.226.95 - - [05/Jan/2012:07:52:00 +0100] "GET /skin/frontend/esso/standard/images/akt-art-sm.png HTTP/1.1" 200 1091 "http://www.markenoele.de/motul-zusatzstoffe/valve-expert.html" "Mozilla/5.0 (X11; Linux x86_64) AppleWebKit/534.51 (KHTML, like Gecko; Google Web Preview) Chrome/12.0.742 Safari/534.51"
209.85.228.88 - - [05/Jan/2012:07:52:00 +0100] "GET /skin/frontend/esso/standard/images/motul_pflege_teaser.png HTTP/1.1" 200 15151 "http://www.markenoele.de/motul-zusatzstoffe/valve-expert.html" "Mozilla/5.0 (X11; Linux x86_64) AppleWebKit/534.51 (KHTML, like Gecko; Google Web Preview) Chrome/12.0.742 Safari/534.51"
209.85.228.87 - - [05/Jan/2012:07:52:00 +0100] "GET /skin/frontend/esso/standard/images/logo.png HTTP/1.1" 200 27553 "http://www.markenoele.de/motul-zusatzstoffe/valve-expert.html" "Mozilla/5.0 (X11; Linux x86_64) AppleWebKit/534.51 (KHTML, like Gecko; Google Web Preview) Chrome/12.0.742 Safari/534.51"
209.85.226.93 - - [05/Jan/2012:07:52:00 +0100] "GET /media/catalog/product/v/a/valve_expert_250ml.jpg HTTP/1.1" 200 20200 "http://www.markenoele.de/motul-zusatzstoffe/valve-expert.html" "Mozilla/5.0 (X11; Linux x86_64) AppleWebKit/534.51 (KHTML, like Gecko; Google Web Preview) Chrome/12.0.742 Safari/534.51"
209.85.226.95 - - [05/Jan/2012:07:52:00 +0100] "GET /skin/frontend/esso/standard/images/bkg_btn.png HTTP/1.1" 200 890 "http://www.markenoele.de/motul-zusatzstoffe/valve-expert.html" "Mozilla/5.0 (X11; Linux x86_64) AppleWebKit/534.51 (KHTML, like Gecko; Google Web Preview) Chrome/12.0.742 Safari/534.51"
209.85.228.93 - - [05/Jan/2012:07:52:00 +0100] "GET /skin/frontend/esso/standard/images/bg_yellow.jpg HTTP/1.1" 200 22020 "http://www.markenoele.de/motul-zusatzstoffe/valve-expert.html" "Mozilla/5.0 (X11; Linux x86_64) AppleWebKit/534.51 (KHTML, like Gecko; Google Web Preview) Chrome/12.0.742 Safari/534.51"
209.85.228.95 - - [05/Jan/2012:07:52:00 +0100] "GET /skin/frontend/esso/standard/images/bkg_tabs.gif HTTP/1.1" 200 151 "http://www.markenoele.de/motul-zusatzstoffe/valve-expert.html" "Mozilla/5.0 (X11; Linux x86_64) AppleWebKit/534.51 (KHTML, like Gecko; Google Web Preview) Chrome/12.0.742 Safari/534.51"
209.85.228.93 - - [05/Jan/2012:07:52:00 +0100] "GET /skin/frontend/esso/standard/images/bkg_pipe1.gif HTTP/1.1" 200 44 "http://www.markenoele.de/motul-zusatzstoffe/valve-expert.html" "Mozilla/5.0 (X11; Linux x86_64) AppleWebKit/534.51 (KHTML, like Gecko; Google Web Preview) Chrome/12.0.742 Safari/534.51"
209.85.226.84 - - [05/Jan/2012:07:52:01 +0100] "GET /skin/frontend/esso/standard/css/print.css HTTP/1.1" 200 1580 "http://www.markenoele.de/motul-zusatzstoffe/valve-expert.html" "Mozilla/5.0 (X11; Linux x86_64) AppleWebKit/534.51 (KHTML, like Gecko; Google Web Preview) Chrome/12.0.742 Safari/534.51"
66.249.71.229 - - [05/Jan/2012:07:54:11 +0100] "GET /poloshirt-sw-herren-1.html HTTP/1.1" 200 36656 "-" "Mozilla/5.0 (compatible; Googlebot/2.1; +http://www.google.com/bot.html)"
66.249.71.229 - - [05/Jan/2012:08:01:12 +0100] "GET /shine-go-silicone-clean.html HTTP/1.1" 200 30337 "-" "Mozilla/5.0 (compatible; Googlebot/2.1; +http://www.google.com/bot.html)"
66.249.71.229 - - [05/Jan/2012:08:02:01 +0100] "GET /fork-oil-very-light.html HTTP/1.1" 200 29663 "-" "Mozilla/5.0 (compatible; Googlebot/2.1; +http://www.google.com/bot.html)"
66.249.71.229 - - [05/Jan/2012:08:10:41 +0100] "GET /outboard-tech-2t.html HTTP/1.1" 200 30127 "-" "Mozilla/5.0 (compatible; Googlebot/2.1; +http://www.google.com/bot.html)"
212.91.246.65 - - [05/Jan/2012:08:18:25 +0100] "GET /skin/frontend/default/default/images/logo_email.gif HTTP/1.1" 304 - "-" "Mozilla/4.0 (compatible; MSIE 7.0; Windows NT 6.1; WOW64; Trident/5.0; SLCC2; .NET CLR 2.0.50727; .NET CLR 3.5.30729; .NET CLR 3.0.30729; Media Center PC 6.0; InfoPath.2; .NET4.0C)"
66.249.71.229 - - [05/Jan/2012:08:24:10 +0100] "GET /inboard-4t-2l.html HTTP/1.1" 200 30133 "-" "Mozilla/5.0 (compatible; Googlebot/2.1; +http://www.google.com/bot.html)"
