178.199.246.156 - - [02/Jan/2012:19:08:39 +0100] "GET /media/catalog/product/cache/2/small_image/170x/9df78eab33525d08d6e5fb8d27136e95/7/1/710-2t_1l_1.jpg HTTP/1.1" 200 7545 "http://www.markenoele.de/angebote-des-monats/" "Mozilla/5.0 (Windows NT 6.1; WOW64; rv:8.0) Gecko/20100101 Firefox/8.0"
178.199.246.156 - - [02/Jan/2012:19:08:39 +0100] "GET /media/catalog/product/cache/2/small_image/170x/9df78eab33525d08d6e5fb8d27136e95/5/1/510-2t_1l_1.jpg HTTP/1.1" 200 6903 "http://www.markenoele.de/angebote-des-monats/" "Mozilla/5.0 (Windows NT 6.1; WOW64; rv:8.0) Gecko/20100101 Firefox/8.0"
178.199.246.156 - - [02/Jan/2012:19:09:15 +0100] "GET /motul-pflegeberater.html HTTP/1.1" 200 32183 "http://www.markenoele.de/angebote-des-monats/" "Mozilla/5.0 (Windows NT 6.1; WOW64; rv:8.0) Gecko/20100101 Firefox/8.0"
178.199.246.156 - - [02/Jan/2012:19:09:18 +0100] "GET /skin/frontend/base/default/css/baseprice.css HTTP/1.1" 404 1256 "http://www.markenoele.de/motul-pflegeberater.html" "Mozilla/5.0 (Windows NT 6.1; WOW64; rv:8.0) Gecko/20100101 Firefox/8.0"
178.199.246.156 - - [02/Jan/2012:19:09:18 +0100] "GET /media/catalog/product/cache/2/thumbnail2/250x250/9df78eab33525d08d6e5fb8d27136e95/d/e/der_pflegeberater.jpg HTTP/1.1" 200 18410 "http://www.markenoele.de/motul-pflegeberater.html" "Mozilla/5.0 (Windows NT 6.1; WOW64; rv:8.0) Gecko/20100101 Firefox/8.0"
178.199.246.156 - - [02/Jan/2012:19:09:18 +0100] "GET /media/catalog/product/d/e/der_pflegeberater.jpg HTTP/1.1" 200 79516 "http://www.markenoele.de/motul-pflegeberater.html" "Mozilla/5.0 (Windows NT 6.1; WOW64; rv:8.0) Gecko/20100101 Firefox/8.0"
178.199.246.156 - - [02/Jan/2012:19:09:24 +0100] "GET /skin/frontend/esso/standard/images/jqzoon_lens.png HTTP/1.1" 404 1256 "http://www.markenoele.de/skin/frontend/esso/standard/css/jqzoom.css" "Mozilla/5.0 (Windows NT 6.1; WOW64; rv:8.0) Gecko/20100101 Firefox/8.0"
178.199.246.156 - - [02/Jan/2012:19:09:31 +0100] "GET /lieferung/ HTTP/1.1" 200 26834 "http://www.markenoele.de/motul-pflegeberater.html" "Mozilla/5.0 (Windows NT 6.1; WOW64; rv:8.0) Gecko/20100101 Firefox/8.0"
178.199.246.156 - - [02/Jan/2012:19:09:47 +0100] "GET /bestellung/ HTTP/1.1" 200 27023 "http://www.markenoele.de/lieferung/" "Mozilla/5.0 (Windows NT 6.1; WOW64; rv:8.0) Gecko/20100101 Firefox/8.0"
178.199.246.156 - - [02/Jan/2012:19:09:59 +0100] "GET /checkout/cart/ HTTP/1.1" 200 24818 "http://www.markenoele.de/bestellung/" "Mozilla/5.0 (Windows NT 6.1; WOW64; rv:8.0) Gecko/20100101 Firefox/8.0"
178.199.246.156 - - [02/Jan/2012:19:10:20 +0100] "GET /js/mage/centinel.js HTTP/1.1" 200 3315 "http://www.markenoele.de/checkout/onepage/" "Mozilla/5.0 (Windows NT 6.1; WOW64; rv:8.0) Gecko/20100101 Firefox/8.0"
178.199.246.156 - - [02/Jan/2012:19:10:20 +0100] "GET /js/varien/accordion.js HTTP/1.1" 200 3993 "http://www.markenoele.de/checkout/onepage/" "Mozilla/5.0 (Windows NT 6.1; WOW64; rv:8.0) Gecko/20100101 Firefox/8.0"
178.199.246.156 - - [02/Jan/2012:19:10:20 +0100] "GET /skin/frontend/base/default/js/opcheckout.js HTTP/1.1" 200 28507 "http://www.markenoele.de/checkout/onepage/" "Mozilla/5.0 (Windows NT 6.1; WOW64; rv:8.0) Gecko/20100101 Firefox/8.0"
178.199.246.156 - - [02/Jan/2012:19:10:18 +0100] "GET /checkout/onepage/ HTTP/1.1" 200 67926 "http://www.markenoele.de/checkout/cart/" "Mozilla/5.0 (Windows NT 6.1; WOW64; rv:8.0) Gecko/20100101 Firefox/8.0"
178.199.246.156 - - [02/Jan/2012:19:10:20 +0100] "GET /skin/frontend/esso/standard/images/opc-ajax-loader.gif HTTP/1.1" 200 673 "http://www.markenoele.de/checkout/onepage/" "Mozilla/5.0 (Windows NT 6.1; WOW64; rv:8.0) Gecko/20100101 Firefox/8.0"
178.199.246.156 - - [02/Jan/2012:19:10:20 +0100] "GET /skin/frontend/esso/standard/images/cvv.gif HTTP/1.1" 200 18112 "http://www.markenoele.de/checkout/onepage/" "Mozilla/5.0 (Windows NT 6.1; WOW64; rv:8.0) Gecko/20100101 Firefox/8.0"
178.199.246.156 - - [02/Jan/2012:19:10:42 +0100] "POST /checkout/onepage/saveMethod/ HTTP/1.1" 200 2 "http://www.markenoele.de/checkout/onepage/" "Mozilla/5.0 (Windows NT 6.1; WOW64; rv:8.0) Gecko/20100101 Firefox/8.0"
66.249.71.180 - - [02/Jan/2012:19:24:11 +0100] "GET /motul-300v-4t-factory-line-75.html HTTP/1.1" 200 30035 "-" "Mozilla/5.0 (compatible; Googlebot/2.1; +http://www.google.com/bot.html)"
95.108.128.242 - - [02/Jan/2012:19:29:57 +0100] "GET /zahlung/ HTTP/1.1" 200 24468 "-" "Mozilla/5.0 (compatible; YandexBot/3.0; +http://yandex.com/bots)"
208.115.113.86 - - [02/Jan/2012:19:33:28 +0100] "GET /motul-pflegeprodukte/shine-go-silicone-clean.html HTTP/1.1" 200 31039 "-" "Mozilla/5.0 (compatible; Ezooms/1.0; ezooms.bot@gmail.com)"
208.115.113.86 - - [02/Jan/2012:19:33:39 +0100] "GET /motul-schmierstoffe/kart/motorenol/motul-kart-grand-prix-2t.html HTTP/1.1" 200 32180 "-" "Mozilla/5.0 (compatible; Ezooms/1.0; ezooms.bot@gmail.com)"
208.115.113.86 - - [02/Jan/2012:19:33:52 +0100] "GET /motul-schmierstoffe/motul-8100-x-cess-1l.html HTTP/1.1" 200 31307 "-" "Mozilla/5.0 (compatible; Ezooms/1.0; ezooms.bot@gmail.com)"
208.115.111.70 - - [02/Jan/2012:19:52:32 +0100] "GET /robots.txt HTTP/1.1" 200 918 "-" "Mozilla/5.0 (compatible; Ezooms/1.0; ezooms.bot@gmail.com)"
66.249.71.180 - - [02/Jan/2012:19:54:11 +0100] "GET /air-filter-spray.html HTTP/1.1" 200 30152 "-" "Mozilla/5.0 (compatible; Googlebot/2.1; +http://www.google.com/bot.html)"
176.9.0.12 - - [02/Jan/2012:20:04:58 +0100] "GET /robots.txt HTTP/1.1" 200 918 "-" "Pixray-Seeker/1.1 (Pixray-Seeker; crawler@pixray.com)"
157.55.39.185 - - [02/Jan/2012:20:28:59 +0100] "GET /motul-710-2t.html HTTP/1.1" 200 30327 "-" "msnbot/2.0b (+http://search.msn.com/msnbot.htm)._"
157.55.39.185 - - [02/Jan/2012:20:29:04 +0100] "GET /motul-zusatzstoffe.html HTTP/1.1" 200 44758 "-" "msnbot/2.0b (+http://search.msn.com/msnbot.htm)._"
157.55.39.185 - - [02/Jan/2012:20:29:09 +0100] "GET /motul_pflegeberater/ HTTP/1.1" 200 21838 "-" "msnbot/2.0b (+http://search.msn.com/msnbot.htm)._"
157.55.39.185 - - [02/Jan/2012:20:29:13 +0100] "GET /bestellung/ HTTP/1.1" 200 24116 "-" "msnbot/2.0b (+http://search.msn.com/msnbot.htm)._"
157.55.39.185 - - [02/Jan/2012:20:29:16 +0100] "GET /altoelentsorgung/ HTTP/1.1" 200 22119 "-" "msnbot/2.0b (+http://search.msn.com/msnbot.htm)._"
157.55.39.185 - - [02/Jan/2012:20:29:20 +0100] "GET /lieferung/ HTTP/1.1" 200 23927 "-" "msnbot/2.0b (+http://search.msn.com/msnbot.htm)._"
157.55.39.185 - - [02/Jan/2012:20:29:23 +0100] "GET /zahlung/ HTTP/1.1" 200 24468 "-" "msnbot/2.0b (+http://search.msn.com/msnbot.htm)._"
157.55.39.185 - - [02/Jan/2012:20:29:27 +0100] "GET /datenschutz/ HTTP/1.1" 200 28120 "-" "msnbot/2.0b (+http://search.msn.com/msnbot.htm)._"
157.55.39.185 - - [02/Jan/2012:20:29:31 +0100] "GET /widerruf/ HTTP/1.1" 200 25715 "-" "msnbot/2.0b (+http://search.msn.com/msnbot.htm)._"
157.55.39.185 - - [02/Jan/2012:20:29:35 +0100] "GET /impressum/ HTTP/1.1" 200 22710 "-" "msnbot/2.0b (+http://search.msn.com/msnbot.htm)._"
157.55.39.185 - - [02/Jan/2012:20:29:38 +0100] "GET /esso-heizoel.html HTTP/1.1" 200 24244 "-" "msnbot/2.0b (+http://search.msn.com/msnbot.htm)._"
157.55.39.185 - - [02/Jan/2012:20:29:42 +0100] "GET /esso-diesel.html HTTP/1.1" 200 24137 "-" "msnbot/2.0b (+http://search.msn.com/msnbot.htm)._"
157.55.39.185 - - [02/Jan/2012:20:29:46 +0100] "GET /motul-fanshop-artikel.html HTTP/1.1" 200 48193 "-" "msnbot/2.0b (+http://search.msn.com/msnbot.htm)._"
157.55.39.185 - - [02/Jan/2012:20:29:50 +0100] "GET /motul-schmierstoffe.html HTTP/1.1" 200 50157 "-" "msnbot/2.0b (+http://search.msn.com/msnbot.htm)._"
157.55.39.185 - - [02/Jan/2012:20:29:54 +0100] "GET /motul-pflegeprodukte.html HTTP/1.1" 200 47710 "-" "msnbot/2.0b (+http://search.msn.com/msnbot.htm)._"
157.55.39.185 - - [02/Jan/2012:20:29:59 +0100] "GET /mocool.html HTTP/1.1" 200 30603 "-" "msnbot/2.0b (+http://search.msn.com/msnbot.htm)._"
157.55.39.185 - - [02/Jan/2012:20:30:03 +0100] "GET /motul-snowpower-2t-1l.html HTTP/1.1" 200 32308 "-" "msnbot/2.0b (+http://search.msn.com/msnbot.htm)._"
157.55.39.185 - - [02/Jan/2012:20:30:07 +0100] "GET /motul-scooter-gear-80w90.html HTTP/1.1" 200 30097 "-" "msnbot/2.0b (+http://search.msn.com/msnbot.htm)._"
157.55.39.185 - - [02/Jan/2012:20:30:11 +0100] "GET /chain-lube-factory-line.html HTTP/1.1" 200 30073 "-" "msnbot/2.0b (+http://search.msn.com/msnbot.htm)._"
157.55.39.185 - - [02/Jan/2012:20:30:15 +0100] "GET /motul-300v-power.html HTTP/1.1" 200 30535 "-" "msnbot/2.0b (+http://search.msn.com/msnbot.htm)._"
157.55.39.185 - - [02/Jan/2012:20:30:20 +0100] "GET /angebote-des-monats/ HTTP/1.1" 200 59955 "-" "msnbot/2.0b (+http://search.msn.com/msnbot.htm)._"
157.55.39.185 - - [02/Jan/2012:20:30:24 +0100] "GET /lieferung HTTP/1.1" 200 23926 "-" "msnbot/2.0b (+http://search.msn.com/msnbot.htm)._"
157.55.39.185 - - [02/Jan/2012:20:30:31 +0100] "GET /contacts/ HTTP/1.1" 200 19338 "-" "msnbot/2.0b (+http://search.msn.com/msnbot.htm)._"
208.115.111.70 - - [02/Jan/2012:20:59:42 +0100] "GET /motul-snowpower-2t-1l.html HTTP/1.1" 200 32308 "-" "Mozilla/5.0 (compatible; Ezooms/1.0; ezooms.bot@gmail.com)"
66.249.71.180 - - [02/Jan/2012:21:13:25 +0100] "GET /usb-stick.html HTTP/1.1" 404 17042 "-" "Mozilla/5.0 (compatible; Googlebot/2.1; +http://www.google.com/bot.html)"
207.46.204.240 - - [02/Jan/2012:21:29:33 +0100] "GET /robots.txt HTTP/1.1" 200 918 "-" "Mozilla/5.0 (compatible; bingbot/2.0; +http://www.bing.com/bingbot.htm)"
74.125.38.83 - - [02/Jan/2012:21:29:42 +0100] "GET /media/catalog/product/5/w/5w30xcleanl.jpg HTTP/1.1" 200 23041 "-" "-"
74.125.38.85 - - [02/Jan/2012:21:29:42 +0100] "GET /media/catalog/product/8/1/8100_x-clean_c3_5w30_1l_1.jpg HTTP/1.1" 200 2102765 "-" "-"
74.125.38.86 - - [02/Jan/2012:21:29:42 +0100] "GET /media/catalog/product/8/1/8100_xclean_5w40_5l.jpg HTTP/1.1" 200 3099642 "-" "-"
209.85.226.82 - - [02/Jan/2012:21:29:42 +0100] "GET /media/catalog/product/f/i/file_2.jpg HTTP/1.1" 200 2369317 "-" "-"
209.85.226.93 - - [02/Jan/2012:21:29:42 +0100] "GET /media/catalog/product/8/1/8100_xclean_5w40_1l.jpg HTTP/1.1" 200 3324035 "-" "-"
74.125.92.83 - - [02/Jan/2012:21:29:42 +0100] "GET /media/catalog/product/f/i/file.jpg HTTP/1.1" 200 2213659 "-" "-"
79.195.222.118 - - [02/Jan/2012:21:30:28 +0100] "GET /motul-8100-x-clean-c3-5l.html HTTP/1.1" 200 30693 "http://www.google.de/url?sa=t&rct=j&q=motul%208100%20x-clean&source=web&cd=14&ved=0CHUQ9gIwDQ&url=http%3A%2F%2Fwww.markenoele.de%2Fmotul-8100-x-clean-c3-5l.html&ctbm=shop&ctbs=p_ord%3Ap&ei=vhMCT_ejIMT0sgbAppjWDw&usg=AFQjCNGJJB9YtiSmzUipVEvGVyvrpam3XQ" "Mozilla/5.0 (iPad; CPU OS 5_0_1 like Mac OS X) AppleWebKit/534.46 (KHTML, like Gecko) Version/5.1 Mobile/9A405 Safari/7534.48.3"
79.195.222.118 - - [02/Jan/2012:21:30:30 +0100] "GET /js/calendar/calendar-win2k-1.css HTTP/1.1" 200 5986 "http://www.markenoele.de/motul-8100-x-clean-c3-5l.html" "Mozilla/5.0 (iPad; CPU OS 5_0_1 like Mac OS X) AppleWebKit/534.46 (KHTML, like Gecko) Version/5.1 Mobile/9A405 Safari/7534.48.3"
79.195.222.118 - - [02/Jan/2012:21:30:30 +0100] "GET /skin/frontend/esso/standard/css/widgets.css HTTP/1.1" 200 4369 "http://www.markenoele.de/motul-8100-x-clean-c3-5l.html" "Mozilla/5.0 (iPad; CPU OS 5_0_1 like Mac OS X) AppleWebKit/534.46 (KHTML, like Gecko) Version/5.1 Mobile/9A405 Safari/7534.48.3"
79.195.222.118 - - [02/Jan/2012:21:30:30 +0100] "GET /skin/frontend/esso/standard/css/jqzoom.css HTTP/1.1" 200 1051 "http://www.markenoele.de/motul-8100-x-clean-c3-5l.html" "Mozilla/5.0 (iPad; CPU OS 5_0_1 like Mac OS X) AppleWebKit/534.46 (KHTML, like Gecko) Version/5.1 Mobile/9A405 Safari/7534.48.3"
79.195.222.118 - - [02/Jan/2012:21:30:30 +0100] "GET /skin/frontend/base/default/css/baseprice.css HTTP/1.1" 404 1256 "http://www.markenoele.de/motul-8100-x-clean-c3-5l.html" "Mozilla/5.0 (iPad; CPU OS 5_0_1 like Mac OS X) AppleWebKit/534.46 (KHTML, like Gecko) Version/5.1 Mobile/9A405 Safari/7534.48.3"
79.195.222.118 - - [02/Jan/2012:21:30:30 +0100] "GET /skin/frontend/esso/standard/css/styles.css HTTP/1.1" 200 79554 "http://www.markenoele.de/motul-8100-x-clean-c3-5l.html" "Mozilla/5.0 (iPad; CPU OS 5_0_1 like Mac OS X) AppleWebKit/534.46 (KHTML, like Gecko) Version/5.1 Mobile/9A405 Safari/7534.48.3"
79.195.222.118 - - [02/Jan/2012:21:30:32 +0100] "GET /js/prototype/validation.js HTTP/1.1" 200 34677 "http://www.markenoele.de/motul-8100-x-clean-c3-5l.html" "Mozilla/5.0 (iPad; CPU OS 5_0_1 like Mac OS X) AppleWebKit/534.46 (KHTML, like Gecko) Version/5.1 Mobile/9A405 Safari/7534.48.3"
79.195.222.118 - - [02/Jan/2012:21:30:32 +0100] "GET /js/scriptaculous/builder.js HTTP/1.1" 200 4744 "http://www.markenoele.de/motul-8100-x-clean-c3-5l.html" "Mozilla/5.0 (iPad; CPU OS 5_0_1 like Mac OS X) AppleWebKit/534.46 (KHTML, like Gecko) Version/5.1 Mobile/9A405 Safari/7534.48.3"
79.195.222.118 - - [02/Jan/2012:21:30:32 +0100] "GET /js/scriptaculous/effects.js HTTP/1.1" 200 38745 "http://www.markenoele.de/motul-8100-x-clean-c3-5l.html" "Mozilla/5.0 (iPad; CPU OS 5_0_1 like Mac OS X) AppleWebKit/534.46 (KHTML, like Gecko) Version/5.1 Mobile/9A405 Safari/7534.48.3"
79.195.222.118 - - [02/Jan/2012:21:30:32 +0100] "GET /js/scriptaculous/dragdrop.js HTTP/1.1" 200 31192 "http://www.markenoele.de/motul-8100-x-clean-c3-5l.html" "Mozilla/5.0 (iPad; CPU OS 5_0_1 like Mac OS X) AppleWebKit/534.46 (KHTML, like Gecko) Version/5.1 Mobile/9A405 Safari/7534.48.3"
79.195.222.118 - - [02/Jan/2012:21:30:32 +0100] "GET /js/scriptaculous/controls.js HTTP/1.1" 200 34797 "http://www.markenoele.de/motul-8100-x-clean-c3-5l.html" "Mozilla/5.0 (iPad; CPU OS 5_0_1 like Mac OS X) AppleWebKit/534.46 (KHTML, like Gecko) Version/5.1 Mobile/9A405 Safari/7534.48.3"
79.195.222.118 - - [02/Jan/2012:21:30:32 +0100] "GET /js/prototype/prototype.js HTTP/1.1" 200 129960 "http://www.markenoele.de/motul-8100-x-clean-c3-5l.html" "Mozilla/5.0 (iPad; CPU OS 5_0_1 like Mac OS X) AppleWebKit/534.46 (KHTML, like Gecko) Version/5.1 Mobile/9A405 Safari/7534.48.3"
79.195.222.118 - - [02/Jan/2012:21:30:32 +0100] "GET /js/varien/form.js HTTP/1.1" 200 11714 "http://www.markenoele.de/motul-8100-x-clean-c3-5l.html" "Mozilla/5.0 (iPad; CPU OS 5_0_1 like Mac OS X) AppleWebKit/534.46 (KHTML, like Gecko) Version/5.1 Mobile/9A405 Safari/7534.48.3"
79.195.222.118 - - [02/Jan/2012:21:30:32 +0100] "GET /js/scriptaculous/slider.js HTTP/1.1" 200 10331 "http://www.markenoele.de/motul-8100-x-clean-c3-5l.html" "Mozilla/5.0 (iPad; CPU OS 5_0_1 like Mac OS X) AppleWebKit/534.46 (KHTML, like Gecko) Version/5.1 Mobile/9A405 Safari/7534.48.3"
79.195.222.118 - - [02/Jan/2012:21:30:32 +0100] "GET /js/calendar/calendar-setup.js HTTP/1.1" 200 4986 "http://www.markenoele.de/motul-8100-x-clean-c3-5l.html" "Mozilla/5.0 (iPad; CPU OS 5_0_1 like Mac OS X) AppleWebKit/534.46 (KHTML, like Gecko) Version/5.1 Mobile/9A405 Safari/7534.48.3"
79.195.222.118 - - [02/Jan/2012:21:30:32 +0100] "GET /js/varien/product.js HTTP/1.1" 200 23531 "http://www.markenoele.de/motul-8100-x-clean-c3-5l.html" "Mozilla/5.0 (iPad; CPU OS 5_0_1 like Mac OS X) AppleWebKit/534.46 (KHTML, like Gecko) Version/5.1 Mobile/9A405 Safari/7534.48.3"
79.195.222.118 - - [02/Jan/2012:21:30:32 +0100] "GET /js/varien/menu.js HTTP/1.1" 200 4426 "http://www.markenoele.de/motul-8100-x-clean-c3-5l.html" "Mozilla/5.0 (iPad; CPU OS 5_0_1 like Mac OS X) AppleWebKit/534.46 (KHTML, like Gecko) Version/5.1 Mobile/9A405 Safari/7534.48.3"
79.195.222.118 - - [02/Jan/2012:21:30:32 +0100] "GET /js/varien/js.js HTTP/1.1" 200 16581 "http://www.markenoele.de/motul-8100-x-clean-c3-5l.html" "Mozilla/5.0 (iPad; CPU OS 5_0_1 like Mac OS X) AppleWebKit/534.46 (KHTML, like Gecko) Version/5.1 Mobile/9A405 Safari/7534.48.3"
79.195.222.118 - - [02/Jan/2012:21:30:32 +0100] "GET /skin/frontend/esso/standard/js/jquery-1.3.2.min.js HTTP/1.1" 200 57254 "http://www.markenoele.de/motul-8100-x-clean-c3-5l.html" "Mozilla/5.0 (iPad; CPU OS 5_0_1 like Mac OS X) AppleWebKit/534.46 (KHTML, like Gecko) Version/5.1 Mobile/9A405 Safari/7534.48.3"
79.195.222.118 - - [02/Jan/2012:21:30:32 +0100] "GET /js/mage/translate.js HTTP/1.1" 200 1597 "http://www.markenoele.de/motul-8100-x-clean-c3-5l.html" "Mozilla/5.0 (iPad; CPU OS 5_0_1 like Mac OS X) AppleWebKit/534.46 (KHTML, like Gecko) Version/5.1 Mobile/9A405 Safari/7534.48.3"
79.195.222.118 - - [02/Jan/2012:21:30:32 +0100] "GET /js/mage/cookies.js HTTP/1.1" 200 2615 "http://www.markenoele.de/motul-8100-x-clean-c3-5l.html" "Mozilla/5.0 (iPad; CPU OS 5_0_1 like Mac OS X) AppleWebKit/534.46 (KHTML, like Gecko) Version/5.1 Mobile/9A405 Safari/7534.48.3"
79.195.222.118 - - [02/Jan/2012:21:30:32 +0100] "GET /skin/frontend/esso/standard/js/jquery.jqzoom.js HTTP/1.1" 200 5131 "http://www.markenoele.de/motul-8100-x-clean-c3-5l.html" "Mozilla/5.0 (iPad; CPU OS 5_0_1 like Mac OS X) AppleWebKit/534.46 (KHTML, like Gecko) Version/5.1 Mobile/9A405 Safari/7534.48.3"
79.195.222.118 - - [02/Jan/2012:21:30:32 +0100] "GET /js/calendar/calendar.js HTTP/1.1" 200 53130 "http://www.markenoele.de/motul-8100-x-clean-c3-5l.html" "Mozilla/5.0 (iPad; CPU OS 5_0_1 like Mac OS X) AppleWebKit/534.46 (KHTML, like Gecko) Version/5.1 Mobile/9A405 Safari/7534.48.3"
79.195.222.118 - - [02/Jan/2012:21:30:32 +0100] "GET /skin/frontend/esso/standard/js/effects.core.js HTTP/1.1" 200 19170 "http://www.markenoele.de/motul-8100-x-clean-c3-5l.html" "Mozilla/5.0 (iPad; CPU OS 5_0_1 like Mac OS X) AppleWebKit/534.46 (KHTML, like Gecko) Version/5.1 Mobile/9A405 Safari/7534.48.3"
79.195.222.118 - - [02/Jan/2012:21:30:32 +0100] "GET /skin/frontend/esso/standard/js/effects.scale.js HTTP/1.1" 200 7057 "http://www.markenoele.de/motul-8100-x-clean-c3-5l.html" "Mozilla/5.0 (iPad; CPU OS 5_0_1 like Mac OS X) AppleWebKit/534.46 (KHTML, like Gecko) Version/5.1 Mobile/9A405 Safari/7534.48.3"
79.195.222.118 - - [02/Jan/2012:21:30:32 +0100] "GET /skin/frontend/esso/standard/images/logo.png HTTP/1.1" 200 27553 "http://www.markenoele.de/motul-8100-x-clean-c3-5l.html" "Mozilla/5.0 (iPad; CPU OS 5_0_1 like Mac OS X) AppleWebKit/534.46 (KHTML, like Gecko) Version/5.1 Mobile/9A405 Safari/7534.48.3"
79.195.222.118 - - [02/Jan/2012:21:30:32 +0100] "GET /skin/frontend/esso/standard/images/icon_lupe_sm.png HTTP/1.1" 200 1235 "http://www.markenoele.de/motul-8100-x-clean-c3-5l.html" "Mozilla/5.0 (iPad; CPU OS 5_0_1 like Mac OS X) AppleWebKit/534.46 (KHTML, like Gecko) Version/5.1 Mobile/9A405 Safari/7534.48.3"
79.195.222.118 - - [02/Jan/2012:21:30:32 +0100] "GET /skin/frontend/esso/standard/images/tropf-sm.png HTTP/1.1" 200 1179 "http://www.markenoele.de/motul-8100-x-clean-c3-5l.html" "Mozilla/5.0 (iPad; CPU OS 5_0_1 like Mac OS X) AppleWebKit/534.46 (KHTML, like Gecko) Version/5.1 Mobile/9A405 Safari/7534.48.3"
79.195.222.118 - - [02/Jan/2012:21:30:32 +0100] "GET /skin/frontend/esso/standard/images/akt-art-sm.png HTTP/1.1" 200 1091 "http://www.markenoele.de/motul-8100-x-clean-c3-5l.html" "Mozilla/5.0 (iPad; CPU OS 5_0_1 like Mac OS X) AppleWebKit/534.46 (KHTML, like Gecko) Version/5.1 Mobile/9A405 Safari/7534.48.3"
79.195.222.118 - - [02/Jan/2012:21:30:32 +0100] "GET /skin/frontend/esso/standard/images/motul_pflege_teaser.png HTTP/1.1" 200 15151 "http://www.markenoele.de/motul-8100-x-clean-c3-5l.html" "Mozilla/5.0 (iPad; CPU OS 5_0_1 like Mac OS X) AppleWebKit/534.46 (KHTML, like Gecko) Version/5.1 Mobile/9A405 Safari/7534.48.3"
79.195.222.118 - - [02/Jan/2012:21:30:32 +0100] "GET /media/catalog/product/cache/2/thumbnail2/250x250/9df78eab33525d08d6e5fb8d27136e95/8/1/8100_xclean_5w40_5l.jpg HTTP/1.1" 200 15339 "http://www.markenoele.de/motul-8100-x-clean-c3-5l.html" "Mozilla/5.0 (iPad; CPU OS 5_0_1 like Mac OS X) AppleWebKit/534.46 (KHTML, like Gecko) Version/5.1 Mobile/9A405 Safari/7534.48.3"
79.195.222.118 - - [02/Jan/2012:21:30:32 +0100] "GET /skin/frontend/esso/standard/images/siegel.gif HTTP/1.1" 200 3150 "http://www.markenoele.de/motul-8100-x-clean-c3-5l.html" "Mozilla/5.0 (iPad; CPU OS 5_0_1 like Mac OS X) AppleWebKit/534.46 (KHTML, like Gecko) Version/5.1 Mobile/9A405 Safari/7534.48.3"
79.195.222.118 - - [02/Jan/2012:21:30:33 +0100] "GET /skin/frontend/esso/standard/css/print.css HTTP/1.1" 200 1580 "http://www.markenoele.de/motul-8100-x-clean-c3-5l.html" "Mozilla/5.0 (iPad; CPU OS 5_0_1 like Mac OS X) AppleWebKit/534.46 (KHTML, like Gecko) Version/5.1 Mobile/9A405 Safari/7534.48.3"
79.195.222.118 - - [02/Jan/2012:21:30:33 +0100] "GET /skin/frontend/esso/standard/images/search_arrow_right.png HTTP/1.1" 200 662 "http://www.markenoele.de/motul-8100-x-clean-c3-5l.html" "Mozilla/5.0 (iPad; CPU OS 5_0_1 like Mac OS X) AppleWebKit/534.46 (KHTML, like Gecko) Version/5.1 Mobile/9A405 Safari/7534.48.3"
79.195.222.118 - - [02/Jan/2012:21:30:33 +0100] "GET /skin/frontend/esso/standard/images/bkg_btn.png HTTP/1.1" 200 890 "http://www.markenoele.de/motul-8100-x-clean-c3-5l.html" "Mozilla/5.0 (iPad; CPU OS 5_0_1 like Mac OS X) AppleWebKit/534.46 (KHTML, like Gecko) Version/5.1 Mobile/9A405 Safari/7534.48.3"
79.195.222.118 - - [02/Jan/2012:21:30:33 +0100] "GET /skin/frontend/esso/standard/images/bkg_tabs.gif HTTP/1.1" 200 151 "http://www.markenoele.de/motul-8100-x-clean-c3-5l.html" "Mozilla/5.0 (iPad; CPU OS 5_0_1 like Mac OS X) AppleWebKit/534.46 (KHTML, like Gecko) Version/5.1 Mobile/9A405 Safari/7534.48.3"
79.195.222.118 - - [02/Jan/2012:21:30:33 +0100] "GET /skin/frontend/esso/standard/images/bg_yellow.jpg HTTP/1.1" 200 22020 "http://www.markenoele.de/motul-8100-x-clean-c3-5l.html" "Mozilla/5.0 (iPad; CPU OS 5_0_1 like Mac OS X) AppleWebKit/534.46 (KHTML, like Gecko) Version/5.1 Mobile/9A405 Safari/7534.48.3"
79.195.222.118 - - [02/Jan/2012:21:30:33 +0100] "GET /skin/frontend/esso/standard/images/bkg_pipe1.gif HTTP/1.1" 200 44 "http://www.markenoele.de/motul-8100-x-clean-c3-5l.html" "Mozilla/5.0 (iPad; CPU OS 5_0_1 like Mac OS X) AppleWebKit/534.46 (KHTML, like Gecko) Version/5.1 Mobile/9A405 Safari/7534.48.3"
79.195.222.118 - - [02/Jan/2012:21:30:34 +0100] "GET /media/catalog/product/8/1/8100_xclean_5w40_5l.jpg HTTP/1.1" 200 3099642 "http://www.markenoele.de/motul-8100-x-clean-c3-5l.html" "Mozilla/5.0 (iPad; CPU OS 5_0_1 like Mac OS X) AppleWebKit/534.46 (KHTML, like Gecko) Version/5.1 Mobile/9A405 Safari/7534.48.3"
79.195.222.118 - - [02/Jan/2012:21:30:56 +0100] "GET /motul-8100-x-clean-c3-5l.html HTTP/1.1" 200 30693 "http://www.google.de/url?sa=t&rct=j&q=motul%208100%20x-clean&source=web&cd=14&ved=0CHQQgwgwDQ&url=http%3A%2F%2Fwww.markenoele.de%2Fmotul-8100-x-clean-c3-5l.html&ctbm=shop&ctbs=p_ord%3Ap&ei=vhMCT_ejIMT0sgbAppjWDw&usg=AFQjCNGJJB9YtiSmzUipVEvGVyvrpam3XQ" "Mozilla/5.0 (iPad; CPU OS 5_0_1 like Mac OS X) AppleWebKit/534.46 (KHTML, like Gecko) Version/5.1 Mobile/9A405 Safari/7534.48.3"
208.115.113.86 - - [02/Jan/2012:21:50:04 +0100] "GET /robots.txt HTTP/1.1" 200 918 "-" "Mozilla/5.0 (compatible; Ezooms/1.0; ezooms.bot@gmail.com)"
77.20.40.31 - - [02/Jan/2012:21:54:44 +0100] "GET /altoelentsorgung/ HTTP/1.1" 200 22119 "-" "findlinks/2.0.2 (+http://wortschatz.uni-leipzig.de/findlinks/)"
77.20.40.31 - - [02/Jan/2012:21:54:46 +0100] "GET /altoelentsorgung/ HTTP/1.1" 200 22119 "-" "findlinks/2.0.2 (+http://wortschatz.uni-leipzig.de/findlinks/)"
66.249.71.180 - - [02/Jan/2012:22:00:16 +0100] "GET /robots.txt HTTP/1.1" 200 918 "-" "Mozilla/5.0 (compatible; Googlebot/2.1; +http://www.google.com/bot.html)"
207.46.204.240 - - [02/Jan/2012:22:00:30 +0100] "GET /motul-zusatzstoffe/chain-lube-road-plus.html HTTP/1.1" 200 31204 "-" "Mozilla/5.0 (compatible; bingbot/2.0; +http://www.bing.com/bingbot.htm)"
66.249.71.180 - - [02/Jan/2012:22:02:21 +0100] "GET /motul-5100-4t-50.html HTTP/1.1" 200 29860 "-" "Mozilla/5.0 (compatible; Googlebot/2.1; +http://www.google.com/bot.html)"
66.249.71.180 - - [02/Jan/2012:22:02:58 +0100] "GET /motul-specific-ll-a-b-025.html HTTP/1.1" 200 30148 "-" "Mozilla/5.0 (compatible; Googlebot/2.1; +http://www.google.com/bot.html)"
66.249.71.180 - - [02/Jan/2012:22:03:16 +0100] "GET /motul-5100-4t-49.html HTTP/1.1" 200 29838 "-" "Mozilla/5.0 (compatible; Googlebot/2.1; +http://www.google.com/bot.html)"
66.249.71.180 - - [02/Jan/2012:22:04:38 +0100] "GET /engine-clean.html HTTP/1.1" 200 31022 "-" "Mozilla/5.0 (compatible; Googlebot/2.1; +http://www.google.com/bot.html)"
66.249.71.180 - - [02/Jan/2012:22:14:46 +0100] "GET /motul-multi-atf-1l.html HTTP/1.1" 200 29845 "-" "Mozilla/5.0 (compatible; Googlebot/2.1; +http://www.google.com/bot.html)"
66.249.71.180 - - [02/Jan/2012:22:24:14 +0100] "GET /blechschild-pin-up-ii.html HTTP/1.1" 200 29335 "-" "Mozilla/5.0 (compatible; Googlebot/2.1; +http://www.google.com/bot.html)"
77.20.40.31 - - [02/Jan/2012:22:38:30 +0100] "GET /motul-5100-4t.html HTTP/1.1" 200 30202 "-" "findlinks/2.0.2 (+http://wortschatz.uni-leipzig.de/findlinks/)"
79.205.84.230 - - [02/Jan/2012:22:46:15 +0100] "GET / HTTP/1.1" 200 33302 "-" "Mozilla/5.0 (compatible; MSIE 9.0; Windows NT 6.1; WOW64; Trident/5.0)"
208.115.113.86 - - [02/Jan/2012:23:14:27 +0100] "GET /motul-schmierstoffe/motul-autoschmierstoffe/motul-auto-getriebeoel/motul-gear-ff-competition.html HTTP/1.1" 200 32298 "-" "Mozilla/5.0 (compatible; Ezooms/1.0; ezooms.bot@gmail.com)"
79.222.202.251 - - [02/Jan/2012:23:15:07 +0100] "GET /motul-710-2t.html HTTP/1.1" 200 30327 "http://www.google.de/url?sa=t&rct=j&q=motul%20710%202t&source=web&cd=10&ved=0CG8QFjAJ&url=http%3A%2F%2Fwww.markenoele.de%2Fmotul-710-2t.html&ei=TCsCT6SGLITdsgbU55XqCg&usg=AFQjCNFduaFZNl5l3DRUXh79l9K-6cptIw" "Mozilla/5.0 (Windows NT 6.0; rv:8.0) Gecko/20100101 Firefox/8.0"
79.222.202.251 - - [02/Jan/2012:23:15:10 +0100] "GET /js/calendar/calendar-win2k-1.css HTTP/1.1" 200 5986 "http://www.markenoele.de/motul-710-2t.html" "Mozilla/5.0 (Windows NT 6.0; rv:8.0) Gecko/20100101 Firefox/8.0"
79.222.202.251 - - [02/Jan/2012:23:15:10 +0100] "GET /skin/frontend/esso/standard/css/widgets.css HTTP/1.1" 200 4369 "http://www.markenoele.de/motul-710-2t.html" "Mozilla/5.0 (Windows NT 6.0; rv:8.0) Gecko/20100101 Firefox/8.0"
79.222.202.251 - - [02/Jan/2012:23:15:10 +0100] "GET /skin/frontend/esso/standard/css/jqzoom.css HTTP/1.1" 200 1051 "http://www.markenoele.de/motul-710-2t.html" "Mozilla/5.0 (Windows NT 6.0; rv:8.0) Gecko/20100101 Firefox/8.0"
79.222.202.251 - - [02/Jan/2012:23:15:10 +0100] "GET /skin/frontend/esso/standard/css/print.css HTTP/1.1" 200 1580 "http://www.markenoele.de/motul-710-2t.html" "Mozilla/5.0 (Windows NT 6.0; rv:8.0) Gecko/20100101 Firefox/8.0"
79.222.202.251 - - [02/Jan/2012:23:15:10 +0100] "GET /skin/frontend/base/default/css/baseprice.css HTTP/1.1" 404 1256 "http://www.markenoele.de/motul-710-2t.html" "Mozilla/5.0 (Windows NT 6.0; rv:8.0) Gecko/20100101 Firefox/8.0"
79.222.202.251 - - [02/Jan/2012:23:15:11 +0100] "GET /js/scriptaculous/builder.js HTTP/1.1" 200 4744 "http://www.markenoele.de/motul-710-2t.html" "Mozilla/5.0 (Windows NT 6.0; rv:8.0) Gecko/20100101 Firefox/8.0"
79.222.202.251 - - [02/Jan/2012:23:15:11 +0100] "GET /js/scriptaculous/dragdrop.js HTTP/1.1" 200 31192 "http://www.markenoele.de/motul-710-2t.html" "Mozilla/5.0 (Windows NT 6.0; rv:8.0) Gecko/20100101 Firefox/8.0"
79.222.202.251 - - [02/Jan/2012:23:15:11 +0100] "GET /js/scriptaculous/controls.js HTTP/1.1" 200 34797 "http://www.markenoele.de/motul-710-2t.html" "Mozilla/5.0 (Windows NT 6.0; rv:8.0) Gecko/20100101 Firefox/8.0"
79.222.202.251 - - [02/Jan/2012:23:15:10 +0100] "GET /js/prototype/prototype.js HTTP/1.1" 200 129960 "http://www.markenoele.de/motul-710-2t.html" "Mozilla/5.0 (Windows NT 6.0; rv:8.0) Gecko/20100101 Firefox/8.0"
79.222.202.251 - - [02/Jan/2012:23:15:11 +0100] "GET /js/scriptaculous/effects.js HTTP/1.1" 200 38745 "http://www.markenoele.de/motul-710-2t.html" "Mozilla/5.0 (Windows NT 6.0; rv:8.0) Gecko/20100101 Firefox/8.0"
79.222.202.251 - - [02/Jan/2012:23:15:10 +0100] "GET /skin/frontend/esso/standard/css/styles.css HTTP/1.1" 200 79554 "http://www.markenoele.de/motul-710-2t.html" "Mozilla/5.0 (Windows NT 6.0; rv:8.0) Gecko/20100101 Firefox/8.0"
79.222.202.251 - - [02/Jan/2012:23:15:10 +0100] "GET /js/prototype/validation.js HTTP/1.1" 200 34677 "http://www.markenoele.de/motul-710-2t.html" "Mozilla/5.0 (Windows NT 6.0; rv:8.0) Gecko/20100101 Firefox/8.0"
79.222.202.251 - - [02/Jan/2012:23:15:12 +0100] "GET /js/scriptaculous/slider.js HTTP/1.1" 200 10331 "http://www.markenoele.de/motul-710-2t.html" "Mozilla/5.0 (Windows NT 6.0; rv:8.0) Gecko/20100101 Firefox/8.0"
79.222.202.251 - - [02/Jan/2012:23:15:12 +0100] "GET /js/varien/js.js HTTP/1.1" 200 16581 "http://www.markenoele.de/motul-710-2t.html" "Mozilla/5.0 (Windows NT 6.0; rv:8.0) Gecko/20100101 Firefox/8.0"
79.222.202.251 - - [02/Jan/2012:23:15:12 +0100] "GET /js/varien/form.js HTTP/1.1" 200 11714 "http://www.markenoele.de/motul-710-2t.html" "Mozilla/5.0 (Windows NT 6.0; rv:8.0) Gecko/20100101 Firefox/8.0"
79.222.202.251 - - [02/Jan/2012:23:15:12 +0100] "GET /js/varien/menu.js HTTP/1.1" 200 4426 "http://www.markenoele.de/motul-710-2t.html" "Mozilla/5.0 (Windows NT 6.0; rv:8.0) Gecko/20100101 Firefox/8.0"
79.222.202.251 - - [02/Jan/2012:23:15:12 +0100] "GET /js/mage/cookies.js HTTP/1.1" 200 2615 "http://www.markenoele.de/motul-710-2t.html" "Mozilla/5.0 (Windows NT 6.0; rv:8.0) Gecko/20100101 Firefox/8.0"
79.222.202.251 - - [02/Jan/2012:23:15:12 +0100] "GET /js/mage/translate.js HTTP/1.1" 200 1597 "http://www.markenoele.de/motul-710-2t.html" "Mozilla/5.0 (Windows NT 6.0; rv:8.0) Gecko/20100101 Firefox/8.0"
79.222.202.251 - - [02/Jan/2012:23:15:12 +0100] "GET /js/varien/product.js HTTP/1.1" 200 23531 "http://www.markenoele.de/motul-710-2t.html" "Mozilla/5.0 (Windows NT 6.0; rv:8.0) Gecko/20100101 Firefox/8.0"
79.222.202.251 - - [02/Jan/2012:23:15:12 +0100] "GET /js/calendar/calendar-setup.js HTTP/1.1" 200 4986 "http://www.markenoele.de/motul-710-2t.html" "Mozilla/5.0 (Windows NT 6.0; rv:8.0) Gecko/20100101 Firefox/8.0"
79.222.202.251 - - [02/Jan/2012:23:15:12 +0100] "GET /skin/frontend/esso/standard/js/jquery.jqzoom.js HTTP/1.1" 200 5131 "http://www.markenoele.de/motul-710-2t.html" "Mozilla/5.0 (Windows NT 6.0; rv:8.0) Gecko/20100101 Firefox/8.0"
79.222.202.251 - - [02/Jan/2012:23:15:12 +0100] "GET /skin/frontend/esso/standard/js/effects.core.js HTTP/1.1" 200 19170 "http://www.markenoele.de/motul-710-2t.html" "Mozilla/5.0 (Windows NT 6.0; rv:8.0) Gecko/20100101 Firefox/8.0"
79.222.202.251 - - [02/Jan/2012:23:15:12 +0100] "GET /skin/frontend/esso/standard/js/effects.scale.js HTTP/1.1" 200 7057 "http://www.markenoele.de/motul-710-2t.html" "Mozilla/5.0 (Windows NT 6.0; rv:8.0) Gecko/20100101 Firefox/8.0"
79.222.202.251 - - [02/Jan/2012:23:15:13 +0100] "GET /skin/frontend/esso/standard/images/logo.png HTTP/1.1" 200 27553 "http://www.markenoele.de/motul-710-2t.html" "Mozilla/5.0 (Windows NT 6.0; rv:8.0) Gecko/20100101 Firefox/8.0"
79.222.202.251 - - [02/Jan/2012:23:15:13 +0100] "GET /skin/frontend/esso/standard/images/icon_lupe_sm.png HTTP/1.1" 200 1235 "http://www.markenoele.de/motul-710-2t.html" "Mozilla/5.0 (Windows NT 6.0; rv:8.0) Gecko/20100101 Firefox/8.0"
79.222.202.251 - - [02/Jan/2012:23:15:12 +0100] "GET /js/calendar/calendar.js HTTP/1.1" 200 53130 "http://www.markenoele.de/motul-710-2t.html" "Mozilla/5.0 (Windows NT 6.0; rv:8.0) Gecko/20100101 Firefox/8.0"
79.222.202.251 - - [02/Jan/2012:23:15:13 +0100] "GET /skin/frontend/esso/standard/images/tropf-sm.png HTTP/1.1" 200 1179 "http://www.markenoele.de/motul-710-2t.html" "Mozilla/5.0 (Windows NT 6.0; rv:8.0) Gecko/20100101 Firefox/8.0"
79.222.202.251 - - [02/Jan/2012:23:15:12 +0100] "GET /skin/frontend/esso/standard/js/jquery-1.3.2.min.js HTTP/1.1" 200 57254 "http://www.markenoele.de/motul-710-2t.html" "Mozilla/5.0 (Windows NT 6.0; rv:8.0) Gecko/20100101 Firefox/8.0"
79.222.202.251 - - [02/Jan/2012:23:15:13 +0100] "GET /skin/frontend/esso/standard/images/akt-art-sm.png HTTP/1.1" 200 1091 "http://www.markenoele.de/motul-710-2t.html" "Mozilla/5.0 (Windows NT 6.0; rv:8.0) Gecko/20100101 Firefox/8.0"
79.222.202.251 - - [02/Jan/2012:23:15:13 +0100] "GET /media/catalog/product/cache/2/thumbnail2/250x250/9df78eab33525d08d6e5fb8d27136e95/7/1/710-2t_1l_1.jpg HTTP/1.1" 200 13065 "http://www.markenoele.de/motul-710-2t.html" "Mozilla/5.0 (Windows NT 6.0; rv:8.0) Gecko/20100101 Firefox/8.0"
79.222.202.251 - - [02/Jan/2012:23:15:13 +0100] "GET /skin/frontend/esso/standard/images/motul_pflege_teaser.png HTTP/1.1" 200 15151 "http://www.markenoele.de/motul-710-2t.html" "Mozilla/5.0 (Windows NT 6.0; rv:8.0) Gecko/20100101 Firefox/8.0"
79.222.202.251 - - [02/Jan/2012:23:15:13 +0100] "GET /skin/frontend/esso/standard/images/siegel.gif HTTP/1.1" 200 3150 "http://www.markenoele.de/motul-710-2t.html" "Mozilla/5.0 (Windows NT 6.0; rv:8.0) Gecko/20100101 Firefox/8.0"
79.222.202.251 - - [02/Jan/2012:23:15:13 +0100] "GET /skin/frontend/esso/standard/favicon.ico HTTP/1.1" 200 3638 "-" "Mozilla/5.0 (Windows NT 6.0; rv:8.0) Gecko/20100101 Firefox/8.0"
79.222.202.251 - - [02/Jan/2012:23:15:14 +0100] "GET /skin/frontend/esso/standard/images/search_arrow_right.png HTTP/1.1" 200 662 "http://www.markenoele.de/motul-710-2t.html" "Mozilla/5.0 (Windows NT 6.0; rv:8.0) Gecko/20100101 Firefox/8.0"
79.222.202.251 - - [02/Jan/2012:23:15:14 +0100] "GET /skin/frontend/esso/standard/images/bkg_btn.png HTTP/1.1" 200 890 "http://www.markenoele.de/skin/frontend/esso/standard/css/styles.css" "Mozilla/5.0 (Windows NT 6.0; rv:8.0) Gecko/20100101 Firefox/8.0"
79.222.202.251 - - [02/Jan/2012:23:15:14 +0100] "GET /skin/frontend/esso/standard/images/bkg_tabs.gif HTTP/1.1" 200 151 "http://www.markenoele.de/skin/frontend/esso/standard/css/styles.css" "Mozilla/5.0 (Windows NT 6.0; rv:8.0) Gecko/20100101 Firefox/8.0"
79.222.202.251 - - [02/Jan/2012:23:15:14 +0100] "GET /skin/frontend/esso/standard/images/bkg_pipe1.gif HTTP/1.1" 200 44 "http://www.markenoele.de/skin/frontend/esso/standard/css/styles.css" "Mozilla/5.0 (Windows NT 6.0; rv:8.0) Gecko/20100101 Firefox/8.0"
79.222.202.251 - - [02/Jan/2012:23:15:14 +0100] "GET /skin/frontend/esso/standard/images/bg_yellow.jpg HTTP/1.1" 200 22020 "http://www.markenoele.de/motul-710-2t.html" "Mozilla/5.0 (Windows NT 6.0; rv:8.0) Gecko/20100101 Firefox/8.0"
79.222.202.251 - - [02/Jan/2012:23:15:14 +0100] "GET /media/catalog/product/7/1/710-2t_1l_1.jpg HTTP/1.1" 200 3023075 "http://www.markenoele.de/motul-710-2t.html" "Mozilla/5.0 (Windows NT 6.0; rv:8.0) Gecko/20100101 Firefox/8.0"
79.222.202.251 - - [02/Jan/2012:23:15:33 +0100] "GET /skin/frontend/esso/standard/images/jqzoon_lens.png HTTP/1.1" 404 1256 "http://www.markenoele.de/skin/frontend/esso/standard/css/jqzoom.css" "Mozilla/5.0 (Windows NT 6.0; rv:8.0) Gecko/20100101 Firefox/8.0"
79.222.202.251 - - [02/Jan/2012:23:15:37 +0100] "GET /lieferung/ HTTP/1.1" 200 23927 "http://www.markenoele.de/motul-710-2t.html" "Mozilla/5.0 (Windows NT 6.0; rv:8.0) Gecko/20100101 Firefox/8.0"
79.222.202.251 - - [02/Jan/2012:23:15:54 +0100] "GET /impressum/ HTTP/1.1" 200 22710 "http://www.markenoele.de/lieferung/" "Mozilla/5.0 (Windows NT 6.0; rv:8.0) Gecko/20100101 Firefox/8.0"
79.222.202.251 - - [02/Jan/2012:23:16:00 +0100] "GET /lieferung/ HTTP/1.1" 200 23927 "http://www.markenoele.de/motul-710-2t.html" "Mozilla/5.0 (Windows NT 6.0; rv:8.0) Gecko/20100101 Firefox/8.0"
79.222.202.251 - - [02/Jan/2012:23:16:03 +0100] "GET /motul-710-2t.html HTTP/1.1" 200 30327 "http://www.google.de/url?sa=t&rct=j&q=motul%20710%202t&source=web&cd=10&ved=0CG8QFjAJ&url=http%3A%2F%2Fwww.markenoele.de%2Fmotul-710-2t.html&ei=TCsCT6SGLITdsgbU55XqCg&usg=AFQjCNFduaFZNl5l3DRUXh79l9K-6cptIw" "Mozilla/5.0 (Windows NT 6.0; rv:8.0) Gecko/20100101 Firefox/8.0"
66.249.71.180 - - [02/Jan/2012:23:21:19 +0100] "GET /motul-gear-ff-competition.html HTTP/1.1" 200 29842 "-" "Mozilla/5.0 (compatible; Googlebot/2.1; +http://www.google.com/bot.html)"
66.249.71.180 - - [02/Jan/2012:23:21:37 +0100] "GET /inboard-tech-4t-85.html HTTP/1.1" 200 30767 "-" "Mozilla/5.0 (compatible; Googlebot/2.1; +http://www.google.com/bot.html)"
66.249.71.180 - - [02/Jan/2012:23:21:56 +0100] "GET /e-z-clean.html HTTP/1.1" 200 29870 "-" "Mozilla/5.0 (compatible; Googlebot/2.1; +http://www.google.com/bot.html)"
66.249.71.180 - - [02/Jan/2012:23:22:21 +0100] "GET /moto-wash-plus.html HTTP/1.1" 200 30292 "-" "Mozilla/5.0 (compatible; Googlebot/2.1; +http://www.google.com/bot.html)"
66.249.71.180 - - [02/Jan/2012:23:31:18 +0100] "GET /moto-wash.html HTTP/1.1" 200 30300 "-" "Mozilla/5.0 (compatible; Googlebot/2.1; +http://www.google.com/bot.html)"
95.108.128.242 - - [02/Jan/2012:23:33:15 +0100] "GET /motul-schmierstoffe/snowmobile.html HTTP/1.1" 200 38042 "-" "Mozilla/5.0 (compatible; YandexBot/3.0; +http://yandex.com/bots)"
66.249.71.180 - - [02/Jan/2012:23:36:10 +0100] "GET /motul-specific-cng-lpg-5l.html HTTP/1.1" 200 30167 "-" "Mozilla/5.0 (compatible; Googlebot/2.1; +http://www.google.com/bot.html)"
66.249.71.180 - - [02/Jan/2012:23:38:52 +0100] "GET /motul-8100-x-clean-c3-1l.html HTTP/1.1" 200 30642 "-" "Mozilla/5.0 (compatible; Googlebot/2.1; +http://www.google.com/bot.html)"
176.9.0.12 - - [02/Jan/2012:23:44:12 +0100] "GET /robots.txt HTTP/1.1" 200 918 "-" "Pixray-Seeker/1.1 (Pixray-Seeker; crawler@pixray.com)"
66.249.71.180 - - [02/Jan/2012:23:49:38 +0100] "GET /bio-2t.html HTTP/1.1" 200 29892 "-" "Mozilla/5.0 (compatible; Googlebot/2.1; +http://www.google.com/bot.html)"
66.249.71.180 - - [02/Jan/2012:23:57:38 +0100] "GET /karabinerhaken.html HTTP/1.1" 200 29179 "-" "Mozilla/5.0 (compatible; Googlebot/2.1; +http://www.google.com/bot.html)"
66.249.71.180 - - [03/Jan/2012:00:01:28 +0100] "GET /schlusselanhanger.html HTTP/1.1" 200 29195 "-" "Mozilla/5.0 (compatible; Googlebot/2.1; +http://www.google.com/bot.html)"
95.108.128.242 - - [03/Jan/2012:00:02:48 +0100] "GET /motul-snowpower-2t-1l.html HTTP/1.1" 200 32308 "-" "Mozilla/5.0 (compatible; YandexBot/3.0; +http://yandex.com/bots)"
208.115.111.70 - - [03/Jan/2012:00:14:30 +0100] "GET /robots.txt HTTP/1.1" 200 918 "-" "Mozilla/5.0 (compatible; Ezooms/1.0; ezooms.bot@gmail.com)"
66.249.71.180 - - [03/Jan/2012:00:16:58 +0100] "GET /fork-oil-light-medium.html HTTP/1.1" 200 29703 "-" "Mozilla/5.0 (compatible; Googlebot/2.1; +http://www.google.com/bot.html)"
66.249.71.180 - - [03/Jan/2012:00:38:52 +0100] "GET /powerjet-2t.html HTTP/1.1" 200 29775 "-" "Mozilla/5.0 (compatible; Googlebot/2.1; +http://www.google.com/bot.html)"
66.249.71.180 - - [03/Jan/2012:00:45:17 +0100] "GET /fork-oil-expert-medium-heavy.html HTTP/1.1" 200 29734 "-" "Mozilla/5.0 (compatible; Googlebot/2.1; +http://www.google.com/bot.html)"
66.249.71.180 - - [03/Jan/2012:00:46:33 +0100] "GET /motul-quad-4t-63.html HTTP/1.1" 200 29669 "-" "Mozilla/5.0 (compatible; Googlebot/2.1; +http://www.google.com/bot.html)"
66.249.71.180 - - [03/Jan/2012:00:49:53 +0100] "GET /motul-800-2t-factory-line-road-racing.html HTTP/1.1" 200 30001 "-" "Mozilla/5.0 (compatible; Googlebot/2.1; +http://www.google.com/bot.html)"
66.249.71.180 - - [03/Jan/2012:00:53:23 +0100] "GET /motul-3000-4t.html HTTP/1.1" 200 29631 "-" "Mozilla/5.0 (compatible; Googlebot/2.1; +http://www.google.com/bot.html)"
66.249.71.180 - - [03/Jan/2012:00:58:59 +0100] "GET /garden-4t-159.html HTTP/1.1" 200 29847 "-" "Mozilla/5.0 (compatible; Googlebot/2.1; +http://www.google.com/bot.html)"
66.249.71.180 - - [03/Jan/2012:01:33:27 +0100] "GET /blechschild-pin-up-i.html HTTP/1.1" 200 29325 "-" "Mozilla/5.0 (compatible; Googlebot/2.1; +http://www.google.com/bot.html)"
208.115.111.70 - - [03/Jan/2012:01:37:25 +0100] "GET /motul-pflegeprodukte/auto/wash-wax.html HTTP/1.1" 200 31189 "-" "Mozilla/5.0 (compatible; Ezooms/1.0; ezooms.bot@gmail.com)"
208.115.111.70 - - [03/Jan/2012:01:37:41 +0100] "GET /motul-schmierstoffe/modellbau/micro-2t.html HTTP/1.1" 200 31934 "-" "Mozilla/5.0 (compatible; Ezooms/1.0; ezooms.bot@gmail.com)"
208.115.111.70 - - [03/Jan/2012:01:37:50 +0100] "GET /motul-schmierstoffe/motul-autoschmierstoffe/motul-6100-synergie-5l.html HTTP/1.1" 200 32029 "-" "Mozilla/5.0 (compatible; Ezooms/1.0; ezooms.bot@gmail.com)"
66.249.71.180 - - [03/Jan/2012:01:37:58 +0100] "GET /tyre-repair.html HTTP/1.1" 200 29934 "-" "Mozilla/5.0 (compatible; Googlebot/2.1; +http://www.google.com/bot.html)"
208.115.113.86 - - [03/Jan/2012:01:47:10 +0100] "GET /robots.txt HTTP/1.1" 200 918 "-" "Mozilla/5.0 (compatible; Ezooms/1.0; ezooms.bot@gmail.com)"
66.249.71.180 - - [03/Jan/2012:01:54:15 +0100] "GET /motul-8100-x-clean-plus-1l-11.html HTTP/1.1" 200 30168 "-" "Mozilla/5.0 (compatible; Googlebot/2.1; +http://www.google.com/bot.html)"
66.249.71.180 - - [03/Jan/2012:01:56:26 +0100] "GET /outboard-tech-4t.html HTTP/1.1" 200 30240 "-" "Mozilla/5.0 (compatible; Googlebot/2.1; +http://www.google.com/bot.html)"
66.249.71.180 - - [03/Jan/2012:02:02:21 +0100] "GET /motul-8100-x-clean-c3-1l-176.html HTTP/1.1" 200 30313 "-" "Mozilla/5.0 (compatible; Googlebot/2.1; +http://www.google.com/bot.html)"
66.249.71.180 - - [03/Jan/2012:02:04:11 +0100] "GET /timber-120.html HTTP/1.1" 200 29797 "-" "Mozilla/5.0 (compatible; Googlebot/2.1; +http://www.google.com/bot.html)"
66.249.71.180 - - [03/Jan/2012:02:04:26 +0100] "GET /outboard-tech-4t-81.html HTTP/1.1" 200 30247 "-" "Mozilla/5.0 (compatible; Googlebot/2.1; +http://www.google.com/bot.html)"
66.249.71.180 - - [03/Jan/2012:02:04:40 +0100] "GET /shock-oil-factory-line.html HTTP/1.1" 200 29799 "-" "Mozilla/5.0 (compatible; Googlebot/2.1; +http://www.google.com/bot.html)"
95.108.128.242 - - [03/Jan/2012:02:09:59 +0100] "GET /robots.txt HTTP/1.1" 200 918 "-" "Mozilla/5.0 (compatible; YandexBot/3.0; +http://yandex.com/bots)"
66.249.71.180 - - [03/Jan/2012:02:12:00 +0100] "GET /motul-snowpower-2t-1l.html HTTP/1.1" 200 32308 "-" "Mozilla/5.0 (compatible; Googlebot/2.1; +http://www.google.com/bot.html)"
66.249.71.180 - - [03/Jan/2012:02:16:21 +0100] "GET /motul-gear-300.html HTTP/1.1" 200 30107 "-" "Mozilla/5.0 (compatible; Googlebot/2.1; +http://www.google.com/bot.html)"
66.249.71.180 - - [03/Jan/2012:02:25:58 +0100] "GET /inboard-tech-4t.html HTTP/1.1" 200 30754 "-" "Mozilla/5.0 (compatible; Googlebot/2.1; +http://www.google.com/bot.html)"
66.249.71.180 - - [03/Jan/2012:02:30:48 +0100] "GET /motul-snowpower-4t-4l.html HTTP/1.1" 200 30102 "-" "Mozilla/5.0 (compatible; Googlebot/2.1; +http://www.google.com/bot.html)"
66.249.71.180 - - [03/Jan/2012:02:32:21 +0100] "GET /motul-snowpower-4t-1l.html HTTP/1.1" 200 32012 "-" "Mozilla/5.0 (compatible; Googlebot/2.1; +http://www.google.com/bot.html)"
66.249.71.180 - - [03/Jan/2012:02:42:35 +0100] "GET /motul-6100-synergie-5l.html HTTP/1.1" 200 29973 "-" "Mozilla/5.0 (compatible; Googlebot/2.1; +http://www.google.com/bot.html)"
66.249.71.180 - - [03/Jan/2012:02:49:54 +0100] "GET /baseball-cap-flame.html HTTP/1.1" 200 29315 "-" "Mozilla/5.0 (compatible; Googlebot/2.1; +http://www.google.com/bot.html)"
208.115.113.86 - - [03/Jan/2012:03:12:06 +0100] "GET /motul-schmierstoffe/motul-motorrad/motorenol/motul-5100-4t-50.html HTTP/1.1" 200 32242 "-" "Mozilla/5.0 (compatible; Ezooms/1.0; ezooms.bot@gmail.com)"
66.249.71.180 - - [03/Jan/2012:03:12:21 +0100] "GET /motul-8100-eco-clean-c1.html HTTP/1.1" 200 30071 "-" "Mozilla/5.0 (compatible; Googlebot/2.1; +http://www.google.com/bot.html)"
66.249.71.180 - - [03/Jan/2012:03:15:43 +0100] "GET /motul-scooter-gear-80w90.html HTTP/1.1" 200 30097 "-" "Mozilla/5.0 (compatible; Googlebot/2.1; +http://www.google.com/bot.html)"
66.249.71.180 - - [03/Jan/2012:03:15:58 +0100] "GET /inboard-tech-4t-87.html HTTP/1.1" 200 30182 "-" "Mozilla/5.0 (compatible; Googlebot/2.1; +http://www.google.com/bot.html)"
66.249.71.180 - - [03/Jan/2012:03:17:02 +0100] "GET /motul-300v-4t-factory-line-76.html HTTP/1.1" 200 30035 "-" "Mozilla/5.0 (compatible; Googlebot/2.1; +http://www.google.com/bot.html)"
95.108.128.242 - - [03/Jan/2012:03:18:59 +0100] "GET /motul-pflegeprodukte.html HTTP/1.1" 200 47710 "-" "Mozilla/5.0 (compatible; YandexBot/3.0; +http://yandex.com/bots)"
176.9.7.28 - - [03/Jan/2012:03:27:00 +0100] "GET /robots.txt HTTP/1.1" 200 918 "-" "Pixray-Seeker/1.1 (Pixray-Seeker; crawler@pixray.com)"
66.249.71.180 - - [03/Jan/2012:03:35:16 +0100] "GET /motul-8100-x-clean-c3-5l.html HTTP/1.1" 200 30693 "-" "Mozilla/5.0 (compatible; Googlebot/2.1; +http://www.google.com/bot.html)"
208.115.111.70 - - [03/Jan/2012:03:51:23 +0100] "GET /robots.txt HTTP/1.1" 200 918 "-" "Mozilla/5.0 (compatible; Ezooms/1.0; ezooms.bot@gmail.com)"
66.249.71.180 - - [03/Jan/2012:03:53:02 +0100] "GET /motul-aufnaher-11-x-3-8-cm.html HTTP/1.1" 200 29235 "-" "Mozilla/5.0 (compatible; Googlebot/2.1; +http://www.google.com/bot.html)"
66.249.71.180 - - [03/Jan/2012:04:02:51 +0100] "GET /garden-2t.html HTTP/1.1" 200 29691 "-" "Mozilla/5.0 (compatible; Googlebot/2.1; +http://www.google.com/bot.html)"
66.249.71.180 - - [03/Jan/2012:04:10:59 +0100] "GET /chain-lube-factory-line.html HTTP/1.1" 200 30073 "-" "Mozilla/5.0 (compatible; Googlebot/2.1; +http://www.google.com/bot.html)"
66.249.71.180 - - [03/Jan/2012:04:11:19 +0100] "GET /einzelbuchstaben-28-x-5-5-cm.html HTTP/1.1" 200 28683 "-" "Mozilla/5.0 (compatible; Googlebot/2.1; +http://www.google.com/bot.html)"
207.46.13.145 - - [03/Jan/2012:04:13:25 +0100] "GET /robots.txt HTTP/1.1" 200 918 "-" "Mozilla/5.0 (compatible; bingbot/2.0; +http://www.bing.com/bingbot.htm)"
207.46.13.145 - - [03/Jan/2012:04:14:01 +0100] "GET /motul-5100-4t-50.html HTTP/1.1" 200 29860 "-" "Mozilla/5.0 (compatible; bingbot/2.0; +http://www.bing.com/bingbot.htm)"
66.249.71.180 - - [03/Jan/2012:04:37:25 +0100] "GET /motul-4100-power-5l-15w-50.html HTTP/1.1" 200 30608 "-" "Mozilla/5.0 (compatible; Googlebot/2.1; +http://www.google.com/bot.html)"
66.249.71.180 - - [03/Jan/2012:04:52:10 +0100] "GET /e-z-lube-multi-protect.html HTTP/1.1" 200 30286 "-" "Mozilla/5.0 (compatible; Googlebot/2.1; +http://www.google.com/bot.html)"
50.23.239.14 - - [03/Jan/2012:04:53:35 +0100] "GET /robots.txt HTTP/1.1" 200 918 "http://www.orangeask.com/" "Mozilla/4.0 (compatible; MSIE 7.0; Windows NT 5.1; Mozilla/4.0 (compatible; MSIE 6.0; Windows NT 5.1; SV1) ; .NET CLR 2.0.50727; .NET CLR 3.0.4506.2152; .NET CLR 3.5.30729)"
50.23.239.14 - - [03/Jan/2012:04:53:35 +0100] "GET / HTTP/1.1" 302 - "http://www.orangeask.com/" "Mozilla/4.0 (compatible; MSIE 7.0; Windows NT 5.1; Mozilla/4.0 (compatible; MSIE 6.0; Windows NT 5.1; SV1) ; .NET CLR 2.0.50727; .NET CLR 3.0.4506.2152; .NET CLR 3.5.30729)"
50.23.239.14 - - [03/Jan/2012:04:53:37 +0100] "GET / HTTP/1.1" 200 33302 "http://www.orangeask.com/" "Mozilla/4.0 (compatible; MSIE 7.0; Windows NT 5.1; Mozilla/4.0 (compatible; MSIE 6.0; Windows NT 5.1; SV1) ; .NET CLR 2.0.50727; .NET CLR 3.0.4506.2152; .NET CLR 3.5.30729)"
66.249.71.180 - - [03/Jan/2012:04:55:52 +0100] "GET /motul-7100-4t-54.html HTTP/1.1" 200 30032 "-" "Mozilla/5.0 (compatible; Googlebot/2.1; +http://www.google.com/bot.html)"
66.249.71.180 - - [03/Jan/2012:05:00:57 +0100] "GET /blechschild-pin-up-iii.html HTTP/1.1" 200 29349 "-" "Mozilla/5.0 (compatible; Googlebot/2.1; +http://www.google.com/bot.html)"
66.249.71.180 - - [03/Jan/2012:05:03:00 +0100] "GET /motul-specific-ll-a-b-025-21.html HTTP/1.1" 200 30206 "-" "Mozilla/5.0 (compatible; Googlebot/2.1; +http://www.google.com/bot.html)"
66.249.71.180 - - [03/Jan/2012:05:03:46 +0100] "GET /motul-6100-synergie-1l.html HTTP/1.1" 200 29921 "-" "Mozilla/5.0 (compatible; Googlebot/2.1; +http://www.google.com/bot.html)"
66.249.71.180 - - [03/Jan/2012:05:04:05 +0100] "GET /motul-4100-power-1l.html HTTP/1.1" 200 32865 "-" "Mozilla/5.0 (compatible; Googlebot/2.1; +http://www.google.com/bot.html)"
95.108.128.242 - - [03/Jan/2012:05:08:40 +0100] "GET /motul-schmierstoffe/motorsport.html HTTP/1.1" 200 50262 "-" "Mozilla/5.0 (compatible; YandexBot/3.0; +http://yandex.com/bots)"
95.108.128.242 - - [03/Jan/2012:05:08:53 +0100] "GET /motul-schmierstoffe/modellbau.html HTTP/1.1" 200 31869 "-" "Mozilla/5.0 (compatible; YandexBot/3.0; +http://yandex.com/bots)"
95.108.128.242 - - [03/Jan/2012:05:09:05 +0100] "GET /widerruf/ HTTP/1.1" 200 25715 "-" "Mozilla/5.0 (compatible; YandexBot/3.0; +http://yandex.com/bots)"
208.115.111.70 - - [03/Jan/2012:05:17:25 +0100] "GET /motul-schmierstoffe/marine/inboard-tech-4t-87.html HTTP/1.1" 200 32126 "-" "Mozilla/5.0 (compatible; Ezooms/1.0; ezooms.bot@gmail.com)"
208.115.111.70 - - [03/Jan/2012:05:17:37 +0100] "GET /motul-schmierstoffe/oldtimer.html HTTP/1.1" 200 33471 "-" "Mozilla/5.0 (compatible; Ezooms/1.0; ezooms.bot@gmail.com)"
66.249.71.180 - - [03/Jan/2012:05:23:32 +0100] "GET /inboard-tech-4t-86.html HTTP/1.1" 200 30182 "-" "Mozilla/5.0 (compatible; Googlebot/2.1; +http://www.google.com/bot.html)"
66.249.71.180 - - [03/Jan/2012:05:23:46 +0100] "GET /shine-go-silicone-clean.html HTTP/1.1" 200 30337 "-" "Mozilla/5.0 (compatible; Googlebot/2.1; +http://www.google.com/bot.html)"
66.249.71.180 - - [03/Jan/2012:05:33:14 +0100] "GET /motul-8100-eco-clean-c1-17.html HTTP/1.1" 200 30129 "-" "Mozilla/5.0 (compatible; Googlebot/2.1; +http://www.google.com/bot.html)"
66.249.71.180 - - [03/Jan/2012:05:33:42 +0100] "GET /600-di-jet-2t.html HTTP/1.1" 200 29787 "-" "Mozilla/5.0 (compatible; Googlebot/2.1; +http://www.google.com/bot.html)"
66.249.71.180 - - [03/Jan/2012:05:34:28 +0100] "GET /motul-specific-504-00-507-00.html HTTP/1.1" 200 30734 "-" "Mozilla/5.0 (compatible; Googlebot/2.1; +http://www.google.com/bot.html)"
65.52.108.145 - - [03/Jan/2012:05:47:27 +0100] "GET /robots.txt HTTP/1.1" 200 918 "-" "Mozilla/5.0 (compatible; bingbot/2.0; +http://www.bing.com/bingbot.htm)"
208.115.113.86 - - [03/Jan/2012:05:50:31 +0100] "GET /robots.txt HTTP/1.1" 200 918 "-" "Mozilla/5.0 (compatible; Ezooms/1.0; ezooms.bot@gmail.com)"
66.249.71.180 - - [03/Jan/2012:06:03:02 +0100] "GET /timber-bio.html HTTP/1.1" 200 29792 "-" "Mozilla/5.0 (compatible; Googlebot/2.1; +http://www.google.com/bot.html)"
66.249.71.180 - - [03/Jan/2012:06:03:36 +0100] "GET /motul-800-2t-factory-line-off-road.html HTTP/1.1" 200 29917 "-" "Mozilla/5.0 (compatible; Googlebot/2.1; +http://www.google.com/bot.html)"
66.249.71.180 - - [03/Jan/2012:06:12:37 +0100] "GET /motul-100-motomix-2t.html HTTP/1.1" 200 29954 "-" "Mozilla/5.0 (compatible; Googlebot/2.1; +http://www.google.com/bot.html)"
66.249.71.180 - - [03/Jan/2012:06:13:01 +0100] "GET /motul-snowpower-2t-4l.html HTTP/1.1" 200 30049 "-" "Mozilla/5.0 (compatible; Googlebot/2.1; +http://www.google.com/bot.html)"
