66.249.66.11 - - [22/Feb/2012:12:59:28 +0100] "GET /robots.txt HTTP/1.1" 404 - "-" "Mozilla/5.0 (compatible; Googlebot/2.1; +http://www.google.com/bot.html)"
66.249.66.11 - - [22/Feb/2012:12:59:29 +0100] "GET /kontakt.html HTTP/1.1" 200 2183 "-" "Mozilla/5.0 (compatible; Googlebot/2.1; +http://www.google.com/bot.html)"
65.52.108.26 - - [22/Feb/2012:21:16:48 +0100] "GET /robots.txt HTTP/1.1" 404 - "-" "Mozilla/5.0 (compatible; bingbot/2.0; +http://www.bing.com/bingbot.htm)"
65.52.108.26 - - [22/Feb/2012:21:24:32 +0100] "GET / HTTP/1.1" 304 - "-" "Mozilla/5.0 (compatible; bingbot/2.0; +http://www.bing.com/bingbot.htm)"
95.108.128.242 - - [23/Feb/2012:01:32:38 +0100] "GET /robots.txt HTTP/1.1" 404 - "-" "Mozilla/5.0 (compatible; YandexBot/3.0; +http://yandex.com/bots)"
65.52.108.26 - - [23/Feb/2012:03:47:39 +0100] "GET /robots.txt HTTP/1.1" 404 - "-" "Mozilla/5.0 (compatible; bingbot/2.0; +http://www.bing.com/bingbot.htm)"
65.52.108.26 - - [23/Feb/2012:03:48:15 +0100] "GET / HTTP/1.1" 304 - "-" "Mozilla/5.0 (compatible; bingbot/2.0; +http://www.bing.com/bingbot.htm)"
89.247.132.64 - - [23/Feb/2012:11:41:40 +0100] "GET / HTTP/1.1" 200 2338 "http://maps.google.de/maps?hl=de&gs_nf=1&cp=19&gs_id=3q&xhr=t&newwindow=1&gs_upl=&bav=on.2,or.r_gc.r_pw.r_qf.,cf.osb&biw=1529&bih=810&um=1&ie=UTF-8&q=ingenieurb%C3%BCro+zepernick&fb=1&gl=de&hq=ingenieurb%C3%BCro&hnear=0x47a9b2feb50b8289:0xb43d56b69a3d6ad3,Zepernick,+Panketal&ei=lRNGT5_XKtHNswbY8725Cw&sa=X&oi=local_group&ct=image&sqi=2&ved=0CAYQtgM" "Mozilla/5.0 (Windows NT 5.1; rv:10.0.2) Gecko/20100101 Firefox/10.0.2"
89.247.132.64 - - [23/Feb/2012:11:41:40 +0100] "GET /css/style.css HTTP/1.1" 200 2439 "http://www.mbingenieure.de/" "Mozilla/5.0 (Windows NT 5.1; rv:10.0.2) Gecko/20100101 Firefox/10.0.2"
89.247.132.64 - - [23/Feb/2012:11:41:40 +0100] "GET /images/bild2.jpg HTTP/1.1" 200 14865 "http://www.mbingenieure.de/" "Mozilla/5.0 (Windows NT 5.1; rv:10.0.2) Gecko/20100101 Firefox/10.0.2"
89.247.132.64 - - [23/Feb/2012:11:41:40 +0100] "GET /images/footer.jpg HTTP/1.1" 200 5903 "http://www.mbingenieure.de/css/style.css" "Mozilla/5.0 (Windows NT 5.1; rv:10.0.2) Gecko/20100101 Firefox/10.0.2"
89.247.132.64 - - [23/Feb/2012:11:41:40 +0100] "GET /images/bild4.jpg HTTP/1.1" 200 14402 "http://www.mbingenieure.de/" "Mozilla/5.0 (Windows NT 5.1; rv:10.0.2) Gecko/20100101 Firefox/10.0.2"
89.247.132.64 - - [23/Feb/2012:11:41:40 +0100] "GET /images/header.jpg HTTP/1.1" 200 10807 "http://www.mbingenieure.de/css/style.css" "Mozilla/5.0 (Windows NT 5.1; rv:10.0.2) Gecko/20100101 Firefox/10.0.2"
89.247.132.64 - - [23/Feb/2012:11:41:40 +0100] "GET /images/navi.jpg HTTP/1.1" 200 32635 "http://www.mbingenieure.de/css/style.css" "Mozilla/5.0 (Windows NT 5.1; rv:10.0.2) Gecko/20100101 Firefox/10.0.2"
89.247.132.64 - - [23/Feb/2012:11:41:40 +0100] "GET /images/bild3.png HTTP/1.1" 200 48627 "http://www.mbingenieure.de/" "Mozilla/5.0 (Windows NT 5.1; rv:10.0.2) Gecko/20100101 Firefox/10.0.2"
89.247.132.64 - - [23/Feb/2012:11:41:40 +0100] "GET /favicon.ico HTTP/1.1" 200 93062 "-" "Mozilla/5.0 (Windows NT 5.1; rv:10.0.2) Gecko/20100101 Firefox/10.0.2"
89.247.132.64 - - [23/Feb/2012:11:42:01 +0100] "GET /uns.html HTTP/1.1" 200 2130 "http://www.mbingenieure.de/" "Mozilla/5.0 (Windows NT 5.1; rv:10.0.2) Gecko/20100101 Firefox/10.0.2"
89.247.132.64 - - [23/Feb/2012:11:42:14 +0100] "GET /spektrum.html HTTP/1.1" 200 2273 "http://www.mbingenieure.de/uns.html" "Mozilla/5.0 (Windows NT 5.1; rv:10.0.2) Gecko/20100101 Firefox/10.0.2"
89.247.132.64 - - [23/Feb/2012:11:42:22 +0100] "GET /referenz.html HTTP/1.1" 200 8403 "http://www.mbingenieure.de/spektrum.html" "Mozilla/5.0 (Windows NT 5.1; rv:10.0.2) Gecko/20100101 Firefox/10.0.2"
89.247.132.64 - - [23/Feb/2012:11:42:24 +0100] "GET /partner.html HTTP/1.1" 200 2119 "http://www.mbingenieure.de/referenz.html" "Mozilla/5.0 (Windows NT 5.1; rv:10.0.2) Gecko/20100101 Firefox/10.0.2"
89.247.132.64 - - [23/Feb/2012:11:42:28 +0100] "GET /kontakt.html HTTP/1.1" 200 2183 "http://www.mbingenieure.de/partner.html" "Mozilla/5.0 (Windows NT 5.1; rv:10.0.2) Gecko/20100101 Firefox/10.0.2"
66.249.66.11 - - [23/Feb/2012:12:00:21 +0100] "GET /robots.txt HTTP/1.1" 404 - "-" "Mozilla/5.0 (compatible; Googlebot/2.1; +http://www.google.com/bot.html)"
66.249.72.177 - - [23/Feb/2012:12:00:22 +0100] "GET /referenz.html HTTP/1.1" 200 8403 "-" "Mozilla/5.0 (compatible; Googlebot/2.1; +http://www.google.com/bot.html)"
95.108.128.242 - - [23/Feb/2012:12:54:13 +0100] "GET / HTTP/1.1" 200 2338 "-" "Mozilla/5.0 (compatible; YandexBot/3.0; +http://yandex.com/bots)"
66.249.66.11 - - [23/Feb/2012:13:54:34 +0100] "GET /uns.html HTTP/1.1" 304 - "-" "Mozilla/5.0 (compatible; Googlebot/2.1; +http://www.google.com/bot.html)"
195.50.168.2 - - [23/Feb/2012:21:08:13 +0100] "GET / HTTP/1.0" 200 2338 "-" "htdig"
195.50.168.2 - - [23/Feb/2012:21:08:16 +0100] "GET /robots.txt HTTP/1.0" 404 - "-" "htdig"
195.50.168.2 - - [23/Feb/2012:21:08:20 +0100] "GET /index.html HTTP/1.0" 200 2338 "http://www.mbingenieure.de/" "htdig"
195.50.168.2 - - [23/Feb/2012:21:08:24 +0100] "GET /uns.html HTTP/1.0" 200 2130 "http://www.mbingenieure.de/" "htdig"
195.50.168.2 - - [23/Feb/2012:21:08:28 +0100] "GET /spektrum.html HTTP/1.0" 200 2273 "http://www.mbingenieure.de/" "htdig"
195.50.168.2 - - [23/Feb/2012:21:08:33 +0100] "GET /referenz.html HTTP/1.0" 200 8403 "http://www.mbingenieure.de/" "htdig"
195.50.168.2 - - [23/Feb/2012:21:08:35 +0100] "GET /partner.html HTTP/1.0" 200 2119 "http://www.mbingenieure.de/" "htdig"
195.50.168.2 - - [23/Feb/2012:21:08:49 +0100] "GET /kontakt.html HTTP/1.0" 200 2183 "http://www.mbingenieure.de/" "htdig"
195.50.168.2 - - [23/Feb/2012:21:08:50 +0100] "GET /impressum.html HTTP/1.0" 200 3453 "http://www.mbingenieure.de/" "htdig"
95.108.128.242 - - [23/Feb/2012:22:50:47 +0100] "GET /robots.txt HTTP/1.1" 404 - "-" "Mozilla/5.0 (compatible; YandexBot/3.0; +http://yandex.com/bots)"
95.108.128.242 - - [23/Feb/2012:23:00:00 +0100] "GET / HTTP/1.1" 200 2338 "-" "Mozilla/5.0 (compatible; YandexBot/3.0; +http://yandex.com/bots)"
66.249.72.197 - - [23/Feb/2012:23:55:16 +0100] "GET /partner.html HTTP/1.1" 200 2119 "-" "Mozilla/5.0 (compatible; Googlebot/2.1; +http://www.google.com/bot.html)"
66.249.66.227 - - [24/Feb/2012:00:31:15 +0100] "GET /robots.txt HTTP/1.1" 404 - "-" "Mozilla/5.0 (compatible; Googlebot/2.1; +http://www.google.com/bot.html)"
66.249.72.197 - - [24/Feb/2012:00:31:15 +0100] "GET /www.asabau.de HTTP/1.1" 404 - "-" "Mozilla/5.0 (compatible; Googlebot/2.1; +http://www.google.com/bot.html)"
66.249.66.227 - - [24/Feb/2012:00:31:16 +0100] "GET /www.witerra-bau.de HTTP/1.1" 404 - "-" "Mozilla/5.0 (compatible; Googlebot/2.1; +http://www.google.com/bot.html)"
157.55.16.177 - - [24/Feb/2012:09:41:31 +0100] "GET /robots.txt HTTP/1.1" 404 - "-" "Mozilla/5.0 (compatible; bingbot/2.0; +http://www.bing.com/bingbot.htm)"
157.55.16.177 - - [24/Feb/2012:09:42:30 +0100] "GET / HTTP/1.1" 304 - "-" "Mozilla/5.0 (compatible; bingbot/2.0; +http://www.bing.com/bingbot.htm)"
66.249.66.227 - - [24/Feb/2012:10:05:50 +0100] "GET /robots.txt HTTP/1.1" 404 - "-" "Mozilla/5.0 (compatible; Googlebot/2.1; +http://www.google.com/bot.html)"
66.249.66.227 - - [24/Feb/2012:10:05:50 +0100] "GET /spektrum.html HTTP/1.1" 200 2273 "-" "Mozilla/5.0 (compatible; Googlebot/2.1; +http://www.google.com/bot.html)"
141.105.120.150 - - [25/Feb/2012:03:34:46 +0100] "GET /robots.txt HTTP/1.0" 404 - "-" "Mozilla/5.0 (compatible; OpenindexShallowSpider/Nutch-1.5-dev; +http://www.openindex.io/en/webmasters/spider.html; systemsATopenindexDOTio)"
141.105.120.150 - - [25/Feb/2012:03:34:46 +0100] "GET / HTTP/1.0" 200 2338 "-" "Mozilla/5.0 (compatible; OpenindexShallowSpider/Nutch-1.5-dev; +http://www.openindex.io/en/webmasters/spider.html; systemsATopenindexDOTio)"
141.105.120.150 - - [25/Feb/2012:03:34:54 +0100] "GET /spektrum.html HTTP/1.0" 200 2273 "-" "Mozilla/5.0 (compatible; OpenindexShallowSpider/Nutch-1.5-dev; +http://www.openindex.io/en/webmasters/spider.html; systemsATopenindexDOTio)"
208.115.111.69 - - [25/Feb/2012:09:48:21 +0100] "GET /robots.txt HTTP/1.1" 404 - "-" "Mozilla/5.0 (compatible; Ezooms/1.0; ezooms.bot@gmail.com)"
208.115.111.69 - - [25/Feb/2012:10:53:33 +0100] "GET /referenz.html HTTP/1.1" 200 8403 "-" "Mozilla/5.0 (compatible; Ezooms/1.0; ezooms.bot@gmail.com)"
207.46.199.55 - - [25/Feb/2012:13:16:47 +0100] "GET /robots.txt HTTP/1.1" 404 - "-" "Mozilla/5.0 (compatible; bingbot/2.0; +http://www.bing.com/bingbot.htm)"
207.46.199.55 - - [25/Feb/2012:13:17:40 +0100] "GET / HTTP/1.1" 304 - "-" "Mozilla/5.0 (compatible; bingbot/2.0; +http://www.bing.com/bingbot.htm)"
213.186.127.12 - - [25/Feb/2012:18:55:56 +0100] "GET /robots.txt HTTP/1.1" 404 - "-" "Mozilla/5.0 (compatible; AhrefsBot/2.0; +http://ahrefs.com/robot/)"
95.108.128.242 - - [26/Feb/2012:02:15:10 +0100] "GET /robots.txt HTTP/1.1" 404 - "-" "Mozilla/5.0 (compatible; YandexBot/3.0; +http://yandex.com/bots)"
66.249.72.197 - - [26/Feb/2012:06:06:34 +0100] "GET /robots.txt HTTP/1.1" 404 - "-" "Mozilla/5.0 (compatible; Googlebot/2.1; +http://www.google.com/bot.html)"
66.249.72.197 - - [26/Feb/2012:06:06:34 +0100] "GET / HTTP/1.1" 304 - "-" "Mozilla/5.0 (compatible; Googlebot/2.1; +http://www.google.com/bot.html)"
95.108.128.242 - - [26/Feb/2012:06:18:53 +0100] "GET / HTTP/1.1" 200 2338 "-" "Mozilla/5.0 (compatible; YandexBot/3.0; +http://yandex.com/bots)"
65.52.110.18 - - [26/Feb/2012:12:36:44 +0100] "GET /robots.txt HTTP/1.1" 404 - "-" "Mozilla/5.0 (compatible; bingbot/2.0; +http://www.bing.com/bingbot.htm)"
65.52.110.18 - - [26/Feb/2012:12:37:30 +0100] "GET /referenz.html HTTP/1.1" 304 - "-" "Mozilla/5.0 (compatible; bingbot/2.0; +http://www.bing.com/bingbot.htm)"
208.115.113.85 - - [26/Feb/2012:15:23:04 +0100] "GET /robots.txt HTTP/1.1" 404 - "-" "Mozilla/5.0 (compatible; Ezooms/1.0; ezooms.bot@gmail.com)"
208.115.113.85 - - [26/Feb/2012:15:32:49 +0100] "GET / HTTP/1.1" 200 2338 "-" "Mozilla/5.0 (compatible; Ezooms/1.0; ezooms.bot@gmail.com)"
65.52.109.72 - - [26/Feb/2012:17:12:11 +0100] "GET /robots.txt HTTP/1.1" 404 - "-" "Mozilla/5.0 (compatible; bingbot/2.0; +http://www.bing.com/bingbot.htm)"
65.52.109.72 - - [26/Feb/2012:17:28:50 +0100] "GET /partner.html HTTP/1.1" 304 - "-" "Mozilla/5.0 (compatible; bingbot/2.0; +http://www.bing.com/bingbot.htm)"
184.73.12.8 - - [26/Feb/2012:23:14:46 +0100] "GET / HTTP/1.1" 200 2338 "-" "WhatWeb/0.4.8"
78.54.28.188 - - [27/Feb/2012:00:23:17 +0100] "GET / HTTP/1.1" 200 2338 "-" "Jakarta Commons-HttpClient/3.1"
78.54.28.188 - - [27/Feb/2012:00:23:17 +0100] "GET /impressum.html HTTP/1.1" 200 3453 "-" "Jakarta Commons-HttpClient/3.1"
213.186.127.12 - - [27/Feb/2012:00:25:54 +0100] "GET /robots.txt HTTP/1.1" 404 - "-" "Mozilla/5.0 (compatible; AhrefsBot/2.0; +http://ahrefs.com/robot/)"
95.108.128.242 - - [27/Feb/2012:05:25:58 +0100] "GET /robots.txt HTTP/1.1" 404 - "-" "Mozilla/5.0 (compatible; YandexBot/3.0; +http://yandex.com/bots)"
95.108.128.242 - - [27/Feb/2012:06:29:53 +0100] "GET / HTTP/1.1" 200 2338 "-" "Mozilla/5.0 (compatible; YandexBot/3.0; +http://yandex.com/bots)"
83.133.125.202 - - [27/Feb/2012:08:45:13 +0100] "GET / HTTP/1.1" 200 2338 "http://www.bigfinder.de/" "Mozilla/4.0 (compatible; MSIE 8.0; Windows NT 6.1; Trident/4.0; SLCC2; .NET CLR 2.0.50727; .NET CLR 3.5.30729; .NET CLR 3.0.30729; Media Center PC 6.0)"
79.226.19.17 - - [27/Feb/2012:10:49:27 +0100] "GET / HTTP/1.1" 200 2338 "http://maps.google.de/maps?hl=de&gs_sm=3&gs_upl=12524l12524l1l12757l1l1l0l0l0l0l164l164l0.1l1l0&bav=on.2,or.r_gc.r_pw.,cf.osb&biw=1325&bih=831&wrapid=tlif133033475479310&um=1&ie=UTF-8&q=bernau+ingenieurb%C3%BCro&fb=1&gl=de&hq=ingenieurb%C3%BCro&hnear=0x47a9b3c56c5007f3:0x42120465b5e3c20,Bernau&ei=PExLT4vvNcf1sgbPpO2UBQ&sa=X&oi=local_group&ct=image&ved=0CBIQtgM" "Mozilla/5.0 (compatible; MSIE 9.0; Windows NT 6.1; WOW64; Trident/5.0)"
79.226.19.17 - - [27/Feb/2012:10:49:27 +0100] "GET /css/style.css HTTP/1.1" 200 2439 "http://www.mbingenieure.de/" "Mozilla/5.0 (compatible; MSIE 9.0; Windows NT 6.1; WOW64; Trident/5.0)"
79.226.19.17 - - [27/Feb/2012:10:49:27 +0100] "GET /images/bild2.jpg HTTP/1.1" 200 14865 "http://www.mbingenieure.de/" "Mozilla/5.0 (compatible; MSIE 9.0; Windows NT 6.1; WOW64; Trident/5.0)"
79.226.19.17 - - [27/Feb/2012:10:49:28 +0100] "GET /css/style.css HTTP/1.1" 200 2439 "http://www.mbingenieure.de/" "Mozilla/5.0 (compatible; MSIE 9.0; Windows NT 6.1; WOW64; Trident/5.0)"
79.226.19.17 - - [27/Feb/2012:10:49:28 +0100] "GET /images/bild4.jpg HTTP/1.1" 200 14402 "http://www.mbingenieure.de/" "Mozilla/5.0 (compatible; MSIE 9.0; Windows NT 6.1; WOW64; Trident/5.0)"
79.226.19.17 - - [27/Feb/2012:10:49:28 +0100] "GET /images/footer.jpg HTTP/1.1" 200 5903 "http://www.mbingenieure.de/" "Mozilla/5.0 (compatible; MSIE 9.0; Windows NT 6.1; WOW64; Trident/5.0)"
79.226.19.17 - - [27/Feb/2012:10:49:28 +0100] "GET /images/header.jpg HTTP/1.1" 200 10807 "http://www.mbingenieure.de/" "Mozilla/5.0 (compatible; MSIE 9.0; Windows NT 6.1; WOW64; Trident/5.0)"
79.226.19.17 - - [27/Feb/2012:10:49:28 +0100] "GET /images/navi.jpg HTTP/1.1" 200 32635 "http://www.mbingenieure.de/" "Mozilla/5.0 (compatible; MSIE 9.0; Windows NT 6.1; WOW64; Trident/5.0)"
79.226.19.17 - - [27/Feb/2012:10:49:28 +0100] "GET /images/bild3.png HTTP/1.1" 200 48627 "http://www.mbingenieure.de/" "Mozilla/5.0 (compatible; MSIE 9.0; Windows NT 6.1; WOW64; Trident/5.0)"
79.226.19.17 - - [27/Feb/2012:10:49:29 +0100] "GET /favicon.ico HTTP/1.1" 200 93062 "-" "Mozilla/5.0 (compatible; MSIE 9.0; Windows NT 6.1; WOW64; Trident/5.0)"
79.226.19.17 - - [27/Feb/2012:10:49:38 +0100] "GET /spektrum.html HTTP/1.1" 200 2273 "http://www.mbingenieure.de/" "Mozilla/5.0 (compatible; MSIE 9.0; Windows NT 6.1; WOW64; Trident/5.0)"
212.202.138.22 - - [27/Feb/2012:11:19:35 +0100] "GET / HTTP/1.0" 200 2338 "http://www.google.de/url?sa=t&rct=j&q=mb+ingenieure&source=web&cd=4&ved=0CDcQFjAD&url=http%3A%2F%2Fwww.mbingenieure.de%2F&ei=plhLT9DgKYKbOu7KyOYN&usg=AFQjCNEyLqXMZj9hDUfmjIo04GBdDmaXCQ" "Mozilla/4.0 (compatible; MSIE 8.0; Windows NT 5.1; Trident/4.0; .NET CLR 2.0.50727; .NET CLR 3.0.4506.2152; .NET CLR 3.5.30729; .NET CLR 1.1.4322)"
212.202.138.22 - - [27/Feb/2012:11:19:36 +0100] "GET /images/bild2.jpg HTTP/1.0" 200 14865 "http://www.mbingenieure.de/" "Mozilla/4.0 (compatible; MSIE 8.0; Windows NT 5.1; Trident/4.0; .NET CLR 2.0.50727; .NET CLR 3.0.4506.2152; .NET CLR 3.5.30729; .NET CLR 1.1.4322)"
212.202.138.22 - - [27/Feb/2012:11:19:36 +0100] "GET /css/style.css HTTP/1.0" 200 2439 "http://www.mbingenieure.de/" "Mozilla/4.0 (compatible; MSIE 8.0; Windows NT 5.1; Trident/4.0; .NET CLR 2.0.50727; .NET CLR 3.0.4506.2152; .NET CLR 3.5.30729; .NET CLR 1.1.4322)"
212.202.138.22 - - [27/Feb/2012:11:19:36 +0100] "GET /images/bild4.jpg HTTP/1.0" 200 14402 "http://www.mbingenieure.de/" "Mozilla/4.0 (compatible; MSIE 8.0; Windows NT 5.1; Trident/4.0; .NET CLR 2.0.50727; .NET CLR 3.0.4506.2152; .NET CLR 3.5.30729; .NET CLR 1.1.4322)"
212.202.138.22 - - [27/Feb/2012:11:19:36 +0100] "GET /images/bild3.png HTTP/1.0" 200 48627 "http://www.mbingenieure.de/" "Mozilla/4.0 (compatible; MSIE 8.0; Windows NT 5.1; Trident/4.0; .NET CLR 2.0.50727; .NET CLR 3.0.4506.2152; .NET CLR 3.5.30729; .NET CLR 1.1.4322)"
212.202.138.22 - - [27/Feb/2012:11:19:37 +0100] "GET /images/header.jpg HTTP/1.0" 200 10807 "http://www.mbingenieure.de/" "Mozilla/4.0 (compatible; MSIE 8.0; Windows NT 5.1; Trident/4.0; .NET CLR 2.0.50727; .NET CLR 3.0.4506.2152; .NET CLR 3.5.30729; .NET CLR 1.1.4322)"
212.202.138.22 - - [27/Feb/2012:11:19:37 +0100] "GET /images/footer.jpg HTTP/1.0" 200 5903 "http://www.mbingenieure.de/" "Mozilla/4.0 (compatible; MSIE 8.0; Windows NT 5.1; Trident/4.0; .NET CLR 2.0.50727; .NET CLR 3.0.4506.2152; .NET CLR 3.5.30729; .NET CLR 1.1.4322)"
212.202.138.22 - - [27/Feb/2012:11:19:37 +0100] "GET /images/navi.jpg HTTP/1.0" 200 32635 "http://www.mbingenieure.de/" "Mozilla/4.0 (compatible; MSIE 8.0; Windows NT 5.1; Trident/4.0; .NET CLR 2.0.50727; .NET CLR 3.0.4506.2152; .NET CLR 3.5.30729; .NET CLR 1.1.4322)"
212.202.138.22 - - [27/Feb/2012:11:19:38 +0100] "GET /favicon.ico HTTP/1.0" 200 93062 "-" "Mozilla/4.0 (compatible; MSIE 8.0; Windows NT 5.1; Trident/4.0; .NET CLR 2.0.50727; .NET CLR 3.0.4506.2152; .NET CLR 3.5.30729; .NET CLR 1.1.4322)"
212.202.138.22 - - [27/Feb/2012:11:20:06 +0100] "GET /uns.html HTTP/1.0" 200 2130 "http://www.mbingenieure.de/" "Mozilla/4.0 (compatible; MSIE 8.0; Windows NT 5.1; Trident/4.0; .NET CLR 2.0.50727; .NET CLR 3.0.4506.2152; .NET CLR 3.5.30729; .NET CLR 1.1.4322)"
212.202.138.22 - - [27/Feb/2012:11:20:30 +0100] "GET /partner.html HTTP/1.0" 200 2119 "http://www.mbingenieure.de/uns.html" "Mozilla/4.0 (compatible; MSIE 8.0; Windows NT 5.1; Trident/4.0; .NET CLR 2.0.50727; .NET CLR 3.0.4506.2152; .NET CLR 3.5.30729; .NET CLR 1.1.4322)"
150.70.75.36 - - [27/Feb/2012:11:25:14 +0100] "GET / HTTP/1.0" 200 2338 "-" "Mozilla/4.0 (compatible; MSIE 6.0; Windows NT 5.1)"
150.70.75.36 - - [27/Feb/2012:11:25:34 +0100] "GET /uns.html HTTP/1.0" 200 2130 "-" "Mozilla/4.0 (compatible; MSIE 6.0; Windows NT 5.1)"
150.70.75.36 - - [27/Feb/2012:11:26:20 +0100] "GET /uns.html HTTP/1.0" 200 2130 "-" "Mozilla/4.0 (compatible; MSIE 6.0; Windows NT 5.1)"
150.70.64.194 - - [27/Feb/2012:11:42:08 +0100] "GET /partner.html HTTP/1.0" 200 2119 "-" "Mozilla/4.0 (compatible; MSIE 6.0; Windows NT 5.1)"
87.142.100.125 - - [27/Feb/2012:14:48:13 +0100] "GET / HTTP/1.1" 200 2338 "-" "Mozilla/4.0 (compatible; MSIE 7.0; Windows NT 5.1; GTB7.3; .NET CLR 1.1.4322; .NET CLR 2.0.50727; .NET CLR 3.0.4506.2152; .NET CLR 3.5.30729; AskTbAVR-W1/5.13.1.18261)"
87.142.100.125 - - [27/Feb/2012:14:48:13 +0100] "GET /css/style.css HTTP/1.1" 200 2439 "http://www.mbingenieure.de/" "Mozilla/4.0 (compatible; MSIE 7.0; Windows NT 5.1; GTB7.3; .NET CLR 1.1.4322; .NET CLR 2.0.50727; .NET CLR 3.0.4506.2152; .NET CLR 3.5.30729; AskTbAVR-W1/5.13.1.18261)"
87.142.100.125 - - [27/Feb/2012:14:48:13 +0100] "GET /images/bild2.jpg HTTP/1.1" 200 14865 "http://www.mbingenieure.de/" "Mozilla/4.0 (compatible; MSIE 7.0; Windows NT 5.1; GTB7.3; .NET CLR 1.1.4322; .NET CLR 2.0.50727; .NET CLR 3.0.4506.2152; .NET CLR 3.5.30729; AskTbAVR-W1/5.13.1.18261)"
87.142.100.125 - - [27/Feb/2012:14:48:13 +0100] "GET /images/bild4.jpg HTTP/1.1" 200 14402 "http://www.mbingenieure.de/" "Mozilla/4.0 (compatible; MSIE 7.0; Windows NT 5.1; GTB7.3; .NET CLR 1.1.4322; .NET CLR 2.0.50727; .NET CLR 3.0.4506.2152; .NET CLR 3.5.30729; AskTbAVR-W1/5.13.1.18261)"
87.142.100.125 - - [27/Feb/2012:14:48:14 +0100] "GET /images/bild3.png HTTP/1.1" 200 48627 "http://www.mbingenieure.de/" "Mozilla/4.0 (compatible; MSIE 7.0; Windows NT 5.1; GTB7.3; .NET CLR 1.1.4322; .NET CLR 2.0.50727; .NET CLR 3.0.4506.2152; .NET CLR 3.5.30729; AskTbAVR-W1/5.13.1.18261)"
87.142.100.125 - - [27/Feb/2012:14:48:14 +0100] "GET /images/header.jpg HTTP/1.1" 200 10807 "http://www.mbingenieure.de/" "Mozilla/4.0 (compatible; MSIE 7.0; Windows NT 5.1; GTB7.3; .NET CLR 1.1.4322; .NET CLR 2.0.50727; .NET CLR 3.0.4506.2152; .NET CLR 3.5.30729; AskTbAVR-W1/5.13.1.18261)"
87.142.100.125 - - [27/Feb/2012:14:48:14 +0100] "GET /images/footer.jpg HTTP/1.1" 200 5903 "http://www.mbingenieure.de/" "Mozilla/4.0 (compatible; MSIE 7.0; Windows NT 5.1; GTB7.3; .NET CLR 1.1.4322; .NET CLR 2.0.50727; .NET CLR 3.0.4506.2152; .NET CLR 3.5.30729; AskTbAVR-W1/5.13.1.18261)"
87.142.100.125 - - [27/Feb/2012:14:48:14 +0100] "GET /images/navi.jpg HTTP/1.1" 200 32635 "http://www.mbingenieure.de/" "Mozilla/4.0 (compatible; MSIE 7.0; Windows NT 5.1; GTB7.3; .NET CLR 1.1.4322; .NET CLR 2.0.50727; .NET CLR 3.0.4506.2152; .NET CLR 3.5.30729; AskTbAVR-W1/5.13.1.18261)"
87.142.100.125 - - [27/Feb/2012:14:48:14 +0100] "GET /favicon.ico HTTP/1.1" 200 93062 "-" "Mozilla/4.0 (compatible; MSIE 7.0; Windows NT 5.1; GTB7.3; .NET CLR 1.1.4322; .NET CLR 2.0.50727; .NET CLR 3.0.4506.2152; .NET CLR 3.5.30729; AskTbAVR-W1/5.13.1.18261)"
87.142.100.125 - - [27/Feb/2012:14:49:02 +0100] "GET /index.html HTTP/1.1" 200 2338 "http://www.mbingenieure.de/" "Mozilla/4.0 (compatible; MSIE 7.0; Windows NT 5.1; GTB7.3; .NET CLR 1.1.4322; .NET CLR 2.0.50727; .NET CLR 3.0.4506.2152; .NET CLR 3.5.30729; AskTbAVR-W1/5.13.1.18261)"
87.142.100.125 - - [27/Feb/2012:14:49:02 +0100] "GET /css/style.css HTTP/1.1" 304 - "http://www.mbingenieure.de/index.html" "Mozilla/4.0 (compatible; MSIE 7.0; Windows NT 5.1; GTB7.3; .NET CLR 1.1.4322; .NET CLR 2.0.50727; .NET CLR 3.0.4506.2152; .NET CLR 3.5.30729; AskTbAVR-W1/5.13.1.18261)"
87.142.100.125 - - [27/Feb/2012:14:49:02 +0100] "GET /images/bild4.jpg HTTP/1.1" 304 - "http://www.mbingenieure.de/index.html" "Mozilla/4.0 (compatible; MSIE 7.0; Windows NT 5.1; GTB7.3; .NET CLR 1.1.4322; .NET CLR 2.0.50727; .NET CLR 3.0.4506.2152; .NET CLR 3.5.30729; AskTbAVR-W1/5.13.1.18261)"
87.142.100.125 - - [27/Feb/2012:14:49:02 +0100] "GET /images/bild2.jpg HTTP/1.1" 304 - "http://www.mbingenieure.de/index.html" "Mozilla/4.0 (compatible; MSIE 7.0; Windows NT 5.1; GTB7.3; .NET CLR 1.1.4322; .NET CLR 2.0.50727; .NET CLR 3.0.4506.2152; .NET CLR 3.5.30729; AskTbAVR-W1/5.13.1.18261)"
87.142.100.125 - - [27/Feb/2012:14:49:02 +0100] "GET /images/bild3.png HTTP/1.1" 304 - "http://www.mbingenieure.de/index.html" "Mozilla/4.0 (compatible; MSIE 7.0; Windows NT 5.1; GTB7.3; .NET CLR 1.1.4322; .NET CLR 2.0.50727; .NET CLR 3.0.4506.2152; .NET CLR 3.5.30729; AskTbAVR-W1/5.13.1.18261)"
87.142.100.125 - - [27/Feb/2012:14:49:03 +0100] "GET /images/footer.jpg HTTP/1.1" 304 - "http://www.mbingenieure.de/index.html" "Mozilla/4.0 (compatible; MSIE 7.0; Windows NT 5.1; GTB7.3; .NET CLR 1.1.4322; .NET CLR 2.0.50727; .NET CLR 3.0.4506.2152; .NET CLR 3.5.30729; AskTbAVR-W1/5.13.1.18261)"
87.142.100.125 - - [27/Feb/2012:14:49:03 +0100] "GET /images/header.jpg HTTP/1.1" 304 - "http://www.mbingenieure.de/index.html" "Mozilla/4.0 (compatible; MSIE 7.0; Windows NT 5.1; GTB7.3; .NET CLR 1.1.4322; .NET CLR 2.0.50727; .NET CLR 3.0.4506.2152; .NET CLR 3.5.30729; AskTbAVR-W1/5.13.1.18261)"
87.142.100.125 - - [27/Feb/2012:14:49:03 +0100] "GET /images/navi.jpg HTTP/1.1" 304 - "http://www.mbingenieure.de/index.html" "Mozilla/4.0 (compatible; MSIE 7.0; Windows NT 5.1; GTB7.3; .NET CLR 1.1.4322; .NET CLR 2.0.50727; .NET CLR 3.0.4506.2152; .NET CLR 3.5.30729; AskTbAVR-W1/5.13.1.18261)"
87.142.100.125 - - [27/Feb/2012:14:49:06 +0100] "GET /uns.html HTTP/1.1" 200 2130 "http://www.mbingenieure.de/index.html" "Mozilla/4.0 (compatible; MSIE 7.0; Windows NT 5.1; GTB7.3; .NET CLR 1.1.4322; .NET CLR 2.0.50727; .NET CLR 3.0.4506.2152; .NET CLR 3.5.30729; AskTbAVR-W1/5.13.1.18261)"
87.142.100.125 - - [27/Feb/2012:14:49:33 +0100] "GET /spektrum.html HTTP/1.1" 200 2273 "http://www.mbingenieure.de/uns.html" "Mozilla/4.0 (compatible; MSIE 7.0; Windows NT 5.1; GTB7.3; .NET CLR 1.1.4322; .NET CLR 2.0.50727; .NET CLR 3.0.4506.2152; .NET CLR 3.5.30729; AskTbAVR-W1/5.13.1.18261)"
87.142.100.125 - - [27/Feb/2012:14:49:54 +0100] "GET /referenz.html HTTP/1.1" 200 8403 "http://www.mbingenieure.de/spektrum.html" "Mozilla/4.0 (compatible; MSIE 7.0; Windows NT 5.1; GTB7.3; .NET CLR 1.1.4322; .NET CLR 2.0.50727; .NET CLR 3.0.4506.2152; .NET CLR 3.5.30729; AskTbAVR-W1/5.13.1.18261)"
87.142.100.125 - - [27/Feb/2012:14:49:54 +0100] "GET /css/style.css HTTP/1.1" 304 - "http://www.mbingenieure.de/referenz.html" "Mozilla/4.0 (compatible; MSIE 7.0; Windows NT 5.1; GTB7.3; .NET CLR 1.1.4322; .NET CLR 2.0.50727; .NET CLR 3.0.4506.2152; .NET CLR 3.5.30729; AskTbAVR-W1/5.13.1.18261)"
87.142.100.125 - - [27/Feb/2012:14:49:54 +0100] "GET /images/footer.jpg HTTP/1.1" 304 - "http://www.mbingenieure.de/referenz.html" "Mozilla/4.0 (compatible; MSIE 7.0; Windows NT 5.1; GTB7.3; .NET CLR 1.1.4322; .NET CLR 2.0.50727; .NET CLR 3.0.4506.2152; .NET CLR 3.5.30729; AskTbAVR-W1/5.13.1.18261)"
87.142.100.125 - - [27/Feb/2012:14:49:54 +0100] "GET /images/navi.jpg HTTP/1.1" 304 - "http://www.mbingenieure.de/referenz.html" "Mozilla/4.0 (compatible; MSIE 7.0; Windows NT 5.1; GTB7.3; .NET CLR 1.1.4322; .NET CLR 2.0.50727; .NET CLR 3.0.4506.2152; .NET CLR 3.5.30729; AskTbAVR-W1/5.13.1.18261)"
87.142.100.125 - - [27/Feb/2012:14:49:54 +0100] "GET /images/header.jpg HTTP/1.1" 304 - "http://www.mbingenieure.de/referenz.html" "Mozilla/4.0 (compatible; MSIE 7.0; Windows NT 5.1; GTB7.3; .NET CLR 1.1.4322; .NET CLR 2.0.50727; .NET CLR 3.0.4506.2152; .NET CLR 3.5.30729; AskTbAVR-W1/5.13.1.18261)"
87.142.100.125 - - [27/Feb/2012:14:51:30 +0100] "GET /kontakt.html HTTP/1.1" 200 2183 "http://www.mbingenieure.de/referenz.html" "Mozilla/4.0 (compatible; MSIE 7.0; Windows NT 5.1; GTB7.3; .NET CLR 1.1.4322; .NET CLR 2.0.50727; .NET CLR 3.0.4506.2152; .NET CLR 3.5.30729; AskTbAVR-W1/5.13.1.18261)"
87.142.100.125 - - [27/Feb/2012:14:51:49 +0100] "GET /uns.html HTTP/1.1" 304 - "http://www.mbingenieure.de/kontakt.html" "Mozilla/4.0 (compatible; MSIE 7.0; Windows NT 5.1; GTB7.3; .NET CLR 1.1.4322; .NET CLR 2.0.50727; .NET CLR 3.0.4506.2152; .NET CLR 3.5.30729; AskTbAVR-W1/5.13.1.18261)"
87.142.100.125 - - [27/Feb/2012:14:51:49 +0100] "GET /css/style.css HTTP/1.1" 304 - "http://www.mbingenieure.de/uns.html" "Mozilla/4.0 (compatible; MSIE 7.0; Windows NT 5.1; GTB7.3; .NET CLR 1.1.4322; .NET CLR 2.0.50727; .NET CLR 3.0.4506.2152; .NET CLR 3.5.30729; AskTbAVR-W1/5.13.1.18261)"
87.142.100.125 - - [27/Feb/2012:14:51:49 +0100] "GET /images/footer.jpg HTTP/1.1" 304 - "http://www.mbingenieure.de/uns.html" "Mozilla/4.0 (compatible; MSIE 7.0; Windows NT 5.1; GTB7.3; .NET CLR 1.1.4322; .NET CLR 2.0.50727; .NET CLR 3.0.4506.2152; .NET CLR 3.5.30729; AskTbAVR-W1/5.13.1.18261)"
87.142.100.125 - - [27/Feb/2012:14:51:49 +0100] "GET /images/header.jpg HTTP/1.1" 304 - "http://www.mbingenieure.de/uns.html" "Mozilla/4.0 (compatible; MSIE 7.0; Windows NT 5.1; GTB7.3; .NET CLR 1.1.4322; .NET CLR 2.0.50727; .NET CLR 3.0.4506.2152; .NET CLR 3.5.30729; AskTbAVR-W1/5.13.1.18261)"
87.142.100.125 - - [27/Feb/2012:14:51:49 +0100] "GET /images/navi.jpg HTTP/1.1" 304 - "http://www.mbingenieure.de/uns.html" "Mozilla/4.0 (compatible; MSIE 7.0; Windows NT 5.1; GTB7.3; .NET CLR 1.1.4322; .NET CLR 2.0.50727; .NET CLR 3.0.4506.2152; .NET CLR 3.5.30729; AskTbAVR-W1/5.13.1.18261)"
87.142.100.125 - - [27/Feb/2012:14:51:52 +0100] "GET /spektrum.html HTTP/1.1" 304 - "http://www.mbingenieure.de/uns.html" "Mozilla/4.0 (compatible; MSIE 7.0; Windows NT 5.1; GTB7.3; .NET CLR 1.1.4322; .NET CLR 2.0.50727; .NET CLR 3.0.4506.2152; .NET CLR 3.5.30729; AskTbAVR-W1/5.13.1.18261)"
87.142.100.125 - - [27/Feb/2012:14:51:58 +0100] "GET /referenz.html HTTP/1.1" 304 - "http://www.mbingenieure.de/spektrum.html" "Mozilla/4.0 (compatible; MSIE 7.0; Windows NT 5.1; GTB7.3; .NET CLR 1.1.4322; .NET CLR 2.0.50727; .NET CLR 3.0.4506.2152; .NET CLR 3.5.30729; AskTbAVR-W1/5.13.1.18261)"
87.142.100.125 - - [27/Feb/2012:14:51:58 +0100] "GET /css/style.css HTTP/1.1" 304 - "http://www.mbingenieure.de/referenz.html" "Mozilla/4.0 (compatible; MSIE 7.0; Windows NT 5.1; GTB7.3; .NET CLR 1.1.4322; .NET CLR 2.0.50727; .NET CLR 3.0.4506.2152; .NET CLR 3.5.30729; AskTbAVR-W1/5.13.1.18261)"
87.142.100.125 - - [27/Feb/2012:14:51:58 +0100] "GET /images/footer.jpg HTTP/1.1" 304 - "http://www.mbingenieure.de/referenz.html" "Mozilla/4.0 (compatible; MSIE 7.0; Windows NT 5.1; GTB7.3; .NET CLR 1.1.4322; .NET CLR 2.0.50727; .NET CLR 3.0.4506.2152; .NET CLR 3.5.30729; AskTbAVR-W1/5.13.1.18261)"
87.142.100.125 - - [27/Feb/2012:14:51:58 +0100] "GET /images/header.jpg HTTP/1.1" 304 - "http://www.mbingenieure.de/referenz.html" "Mozilla/4.0 (compatible; MSIE 7.0; Windows NT 5.1; GTB7.3; .NET CLR 1.1.4322; .NET CLR 2.0.50727; .NET CLR 3.0.4506.2152; .NET CLR 3.5.30729; AskTbAVR-W1/5.13.1.18261)"
87.142.100.125 - - [27/Feb/2012:14:51:58 +0100] "GET /images/navi.jpg HTTP/1.1" 304 - "http://www.mbingenieure.de/referenz.html" "Mozilla/4.0 (compatible; MSIE 7.0; Windows NT 5.1; GTB7.3; .NET CLR 1.1.4322; .NET CLR 2.0.50727; .NET CLR 3.0.4506.2152; .NET CLR 3.5.30729; AskTbAVR-W1/5.13.1.18261)"
87.142.100.125 - - [27/Feb/2012:14:52:03 +0100] "GET /index.html HTTP/1.1" 304 - "http://www.mbingenieure.de/referenz.html" "Mozilla/4.0 (compatible; MSIE 7.0; Windows NT 5.1; GTB7.3; .NET CLR 1.1.4322; .NET CLR 2.0.50727; .NET CLR 3.0.4506.2152; .NET CLR 3.5.30729; AskTbAVR-W1/5.13.1.18261)"
87.142.100.125 - - [27/Feb/2012:14:52:03 +0100] "GET /css/style.css HTTP/1.1" 304 - "http://www.mbingenieure.de/index.html" "Mozilla/4.0 (compatible; MSIE 7.0; Windows NT 5.1; GTB7.3; .NET CLR 1.1.4322; .NET CLR 2.0.50727; .NET CLR 3.0.4506.2152; .NET CLR 3.5.30729; AskTbAVR-W1/5.13.1.18261)"
87.142.100.125 - - [27/Feb/2012:14:52:03 +0100] "GET /images/bild2.jpg HTTP/1.1" 304 - "http://www.mbingenieure.de/index.html" "Mozilla/4.0 (compatible; MSIE 7.0; Windows NT 5.1; GTB7.3; .NET CLR 1.1.4322; .NET CLR 2.0.50727; .NET CLR 3.0.4506.2152; .NET CLR 3.5.30729; AskTbAVR-W1/5.13.1.18261)"
87.142.100.125 - - [27/Feb/2012:14:52:03 +0100] "GET /images/bild4.jpg HTTP/1.1" 304 - "http://www.mbingenieure.de/index.html" "Mozilla/4.0 (compatible; MSIE 7.0; Windows NT 5.1; GTB7.3; .NET CLR 1.1.4322; .NET CLR 2.0.50727; .NET CLR 3.0.4506.2152; .NET CLR 3.5.30729; AskTbAVR-W1/5.13.1.18261)"
87.142.100.125 - - [27/Feb/2012:14:52:03 +0100] "GET /images/bild3.png HTTP/1.1" 304 - "http://www.mbingenieure.de/index.html" "Mozilla/4.0 (compatible; MSIE 7.0; Windows NT 5.1; GTB7.3; .NET CLR 1.1.4322; .NET CLR 2.0.50727; .NET CLR 3.0.4506.2152; .NET CLR 3.5.30729; AskTbAVR-W1/5.13.1.18261)"
87.142.100.125 - - [27/Feb/2012:14:52:03 +0100] "GET /images/footer.jpg HTTP/1.1" 304 - "http://www.mbingenieure.de/index.html" "Mozilla/4.0 (compatible; MSIE 7.0; Windows NT 5.1; GTB7.3; .NET CLR 1.1.4322; .NET CLR 2.0.50727; .NET CLR 3.0.4506.2152; .NET CLR 3.5.30729; AskTbAVR-W1/5.13.1.18261)"
87.142.100.125 - - [27/Feb/2012:14:52:03 +0100] "GET /images/header.jpg HTTP/1.1" 304 - "http://www.mbingenieure.de/index.html" "Mozilla/4.0 (compatible; MSIE 7.0; Windows NT 5.1; GTB7.3; .NET CLR 1.1.4322; .NET CLR 2.0.50727; .NET CLR 3.0.4506.2152; .NET CLR 3.5.30729; AskTbAVR-W1/5.13.1.18261)"
87.142.100.125 - - [27/Feb/2012:14:52:03 +0100] "GET /images/navi.jpg HTTP/1.1" 304 - "http://www.mbingenieure.de/index.html" "Mozilla/4.0 (compatible; MSIE 7.0; Windows NT 5.1; GTB7.3; .NET CLR 1.1.4322; .NET CLR 2.0.50727; .NET CLR 3.0.4506.2152; .NET CLR 3.5.30729; AskTbAVR-W1/5.13.1.18261)"
87.142.100.125 - - [27/Feb/2012:14:52:07 +0100] "GET /referenz.html HTTP/1.1" 304 - "http://www.mbingenieure.de/spektrum.html" "Mozilla/4.0 (compatible; MSIE 7.0; Windows NT 5.1; GTB7.3; .NET CLR 1.1.4322; .NET CLR 2.0.50727; .NET CLR 3.0.4506.2152; .NET CLR 3.5.30729; AskTbAVR-W1/5.13.1.18261)"
87.142.100.125 - - [27/Feb/2012:14:52:10 +0100] "GET /spektrum.html HTTP/1.1" 304 - "http://www.mbingenieure.de/uns.html" "Mozilla/4.0 (compatible; MSIE 7.0; Windows NT 5.1; GTB7.3; .NET CLR 1.1.4322; .NET CLR 2.0.50727; .NET CLR 3.0.4506.2152; .NET CLR 3.5.30729; AskTbAVR-W1/5.13.1.18261)"
95.108.128.242 - - [28/Feb/2012:00:22:56 +0100] "GET /robots.txt HTTP/1.1" 404 - "-" "Mozilla/5.0 (compatible; YandexBot/3.0; +http://yandex.com/bots)"
95.108.128.242 - - [28/Feb/2012:07:52:03 +0100] "GET /index.html HTTP/1.1" 200 2338 "-" "Mozilla/5.0 (compatible; YandexBot/3.0; +http://yandex.com/bots)"
213.186.127.12 - - [28/Feb/2012:11:16:47 +0100] "GET /robots.txt HTTP/1.1" 404 - "-" "Mozilla/5.0 (compatible; AhrefsBot/2.0; +http://ahrefs.com/robot/)"
95.108.128.242 - - [28/Feb/2012:12:06:36 +0100] "GET /uns.html HTTP/1.1" 200 2130 "-" "Mozilla/5.0 (compatible; YandexBot/3.0; +http://yandex.com/bots)"
207.46.199.44 - - [28/Feb/2012:12:22:11 +0100] "GET /robots.txt HTTP/1.1" 404 - "-" "Mozilla/5.0 (compatible; bingbot/2.0; +http://www.bing.com/bingbot.htm)"
207.46.199.44 - - [28/Feb/2012:14:09:36 +0100] "GET /robots.txt HTTP/1.1" 404 - "-" "Mozilla/5.0 (compatible; bingbot/2.0; +http://www.bing.com/bingbot.htm)"
95.108.128.242 - - [28/Feb/2012:14:40:25 +0100] "GET /kontakt.html HTTP/1.1" 200 2183 "-" "Mozilla/5.0 (compatible; YandexBot/3.0; +http://yandex.com/bots)"
207.46.199.44 - - [28/Feb/2012:14:59:13 +0100] "GET / HTTP/1.1" 304 - "-" "Mozilla/5.0 (compatible; bingbot/2.0; +http://www.bing.com/bingbot.htm)"
207.46.199.44 - - [28/Feb/2012:15:22:42 +0100] "GET / HTTP/1.1" 304 - "-" "Mozilla/5.0 (compatible; bingbot/2.0; +http://www.bing.com/bingbot.htm)"
95.108.128.242 - - [28/Feb/2012:16:21:57 +0100] "GET /partner.html HTTP/1.1" 200 2119 "-" "Mozilla/5.0 (compatible; YandexBot/3.0; +http://yandex.com/bots)"
95.108.128.242 - - [28/Feb/2012:16:54:38 +0100] "GET /referenz.html HTTP/1.1" 200 8403 "-" "Mozilla/5.0 (compatible; YandexBot/3.0; +http://yandex.com/bots)"
95.108.128.242 - - [28/Feb/2012:17:08:15 +0100] "GET /impressum.html HTTP/1.1" 200 3453 "-" "Mozilla/5.0 (compatible; YandexBot/3.0; +http://yandex.com/bots)"
207.46.199.44 - - [28/Feb/2012:21:20:53 +0100] "GET /robots.txt HTTP/1.1" 404 - "-" "Mozilla/5.0 (compatible; bingbot/2.0; +http://www.bing.com/bingbot.htm)"
65.52.108.147 - - [28/Feb/2012:21:46:51 +0100] "GET /robots.txt HTTP/1.1" 404 - "-" "Mozilla/5.0 (compatible; bingbot/2.0; +http://www.bing.com/bingbot.htm)"
65.52.108.147 - - [28/Feb/2012:21:47:49 +0100] "GET / HTTP/1.1" 200 2338 "-" "Mozilla/5.0 (compatible; bingbot/2.0; +http://www.bing.com/bingbot.htm)"
65.52.108.147 - - [28/Feb/2012:22:12:26 +0100] "GET /robots.txt HTTP/1.1" 404 - "-" "Mozilla/5.0 (compatible; bingbot/2.0; +http://www.bing.com/bingbot.htm)"
95.108.128.242 - - [29/Feb/2012:08:11:55 +0100] "GET /robots.txt HTTP/1.1" 404 - "-" "Mozilla/5.0 (compatible; YandexBot/3.0; +http://yandex.com/bots)"
208.115.113.85 - - [29/Feb/2012:08:57:01 +0100] "GET /robots.txt HTTP/1.1" 404 - "-" "Mozilla/5.0 (compatible; Ezooms/1.0; ezooms.bot@gmail.com)"
208.115.113.85 - - [29/Feb/2012:10:05:28 +0100] "GET /index.html HTTP/1.1" 200 2338 "-" "Mozilla/5.0 (compatible; Ezooms/1.0; ezooms.bot@gmail.com)"
95.108.128.242 - - [29/Feb/2012:13:31:13 +0100] "GET /spektrum.html HTTP/1.1" 200 2273 "-" "Mozilla/5.0 (compatible; YandexBot/3.0; +http://yandex.com/bots)"
208.115.113.85 - - [29/Feb/2012:19:25:00 +0100] "GET /robots.txt HTTP/1.1" 404 - "-" "Mozilla/5.0 (compatible; Ezooms/1.0; ezooms.bot@gmail.com)"
208.115.113.85 - - [29/Feb/2012:20:32:00 +0100] "GET /partner.html HTTP/1.1" 200 2119 "-" "Mozilla/5.0 (compatible; Ezooms/1.0; ezooms.bot@gmail.com)"
95.108.128.242 - - [29/Feb/2012:23:43:48 +0100] "GET /robots.txt HTTP/1.1" 404 - "-" "Mozilla/5.0 (compatible; YandexBot/3.0; +http://yandex.com/bots)"