64.246.165.140 - - [01/Dec/2012:15:49:27 +0100] "GET /robots.txt HTTP/1.0" 404 - "-" "Mozilla/5.0 (Windows; U; Windows NT 5.1; en; rv:1.9.0.13) Gecko/2009073022 Firefox/3.5.2 (.NET CLR 3.5.30729) SurveyBot/2.3 (DomainTools)"
64.246.165.140 - - [01/Dec/2012:15:49:27 +0100] "GET / HTTP/1.1" 200 4286 "http://whois.domaintools.com/witerra-bau.de" "Mozilla/5.0 (Windows; U; Windows NT 5.1; en; rv:1.9.0.13) Gecko/2009073022 Firefox/3.5.2 (.NET CLR 3.5.30729) SurveyBot/2.3 (DomainTools)"
208.115.113.90 - - [02/Dec/2012:08:29:07 +0100] "GET /robots.txt HTTP/1.1" 404 - "-" "Mozilla/5.0 (compatible; Ezooms/1.0; ezooms.bot@gmail.com)"
208.115.113.90 - - [02/Dec/2012:08:49:47 +0100] "GET / HTTP/1.1" 200 4286 "-" "Mozilla/5.0 (compatible; Ezooms/1.0; ezooms.bot@gmail.com)"
66.249.73.248 - - [05/Dec/2012:02:52:52 +0100] "GET /robots.txt HTTP/1.1" 404 - "-" "Mozilla/5.0 (compatible; Googlebot/2.1; +http://www.google.com/bot.html)"
66.249.73.248 - - [05/Dec/2012:02:52:52 +0100] "GET / HTTP/1.1" 200 4286 "-" "Mozilla/5.0 (compatible; Googlebot/2.1; +http://www.google.com/bot.html)"
50.19.144.52 - - [06/Dec/2012:04:40:14 +0100] "GET / HTTP/1.0" 200 4286 "-" "Mozilla/5.0 (compatible; NetcraftSurveyAgent/1.0; +info@netcraft.com)"
208.115.113.90 - - [07/Dec/2012:20:27:16 +0100] "GET /robots.txt HTTP/1.1" 404 - "-" "Mozilla/5.0 (compatible; Ezooms/1.0; ezooms.bot@gmail.com)"
208.115.113.90 - - [07/Dec/2012:22:51:55 +0100] "GET /referenzen.html HTTP/1.1" 200 3962 "-" "Mozilla/5.0 (compatible; Ezooms/1.0; ezooms.bot@gmail.com)"
66.249.73.248 - - [08/Dec/2012:19:20:48 +0100] "GET /robots.txt HTTP/1.1" 404 - "-" "Mozilla/5.0 (compatible; Googlebot/2.1; +http://www.google.com/bot.html)"
66.249.73.248 - - [08/Dec/2012:19:20:48 +0100] "GET /impressum.html HTTP/1.1" 200 5433 "-" "Mozilla/5.0 (compatible; Googlebot/2.1; +http://www.google.com/bot.html)"
66.249.73.248 - - [08/Dec/2012:19:25:05 +0100] "GET /css/style.css HTTP/1.1" 200 1702 "http://www.witerra-bau.de/impressum.html" "Mozilla/5.0 (compatible; Googlebot/2.1; +http://www.google.com/bot.html)"
208.115.111.74 - - [09/Dec/2012:06:16:26 +0100] "GET /robots.txt HTTP/1.1" 404 - "-" "Mozilla/5.0 (compatible; Ezooms/1.0; ezooms.bot@gmail.com)"
92.224.43.178 - - [09/Dec/2012:21:38:37 +0100] "GET / HTTP/1.1" 200 4286 "-" "Jakarta Commons-HttpClient/3.1"
92.224.43.178 - - [09/Dec/2012:21:38:37 +0100] "GET /impressum.html HTTP/1.1" 200 5433 "-" "Jakarta Commons-HttpClient/3.1"
89.246.71.4 - - [11/Dec/2012:15:00:29 +0100] "GET / HTTP/1.1" 200 4286 "http://www.google.de/url?sa=t&rct=j&q=witerra&source=web&cd=3&sqi=2&ved=0CEIQFjAC&url=http%3A%2F%2Fwww.witerra-bau.de%2F&ei=azzHUNmRK4TKsgbYt4DIDA&usg=AFQjCNHIAU9oPPEhzK1cDc9q0fIUfXtVlg&bvm=bv.1354675689,d.Yms" "Mozilla/4.0 (compatible; MSIE 8.0; Windows NT 5.1; Trident/4.0; .NET CLR 1.1.4322; .NET CLR 2.0.50727; .NET CLR 3.0.4506.2152; .NET CLR 3.5.30729; InfoPath.1; .NET4.0C; .NET4.0E)"
89.246.71.4 - - [11/Dec/2012:15:00:29 +0100] "GET /css/style.css HTTP/1.1" 200 1702 "http://www.witerra-bau.de/" "Mozilla/4.0 (compatible; MSIE 8.0; Windows NT 5.1; Trident/4.0; .NET CLR 1.1.4322; .NET CLR 2.0.50727; .NET CLR 3.0.4506.2152; .NET CLR 3.5.30729; InfoPath.1; .NET4.0C; .NET4.0E)"
89.246.71.2 - - [11/Dec/2012:15:00:29 +0100] "GET /js/libs/modernizr-2.5.3.min.js?sfgdata=+sfgRmluamFuX1R5cGU9amF2YV9zY3JpcHQmRmluamFuX0xhbmc9SmF2YVNjcmlwdA%3D%3D+q HTTP/1.1" 200 15274 "http://www.witerra-bau.de/" "Mozilla/4.0 (compatible; MSIE 8.0; Windows NT 5.1; Trident/4.0; .NET CLR 1.1.4322; .NET CLR 2.0.50727; .NET CLR 3.0.4506.2152; .NET CLR 3.5.30729; InfoPath.1; .NET4.0C; .NET4.0E)"
89.246.71.5 - - [11/Dec/2012:15:00:30 +0100] "GET /images/textfeld.png HTTP/1.1" 200 1758 "http://www.witerra-bau.de/" "Mozilla/4.0 (compatible; MSIE 8.0; Windows NT 5.1; Trident/4.0; .NET CLR 1.1.4322; .NET CLR 2.0.50727; .NET CLR 3.0.4506.2152; .NET CLR 3.5.30729; InfoPath.1; .NET4.0C; .NET4.0E)"
89.246.71.4 - - [11/Dec/2012:15:00:30 +0100] "GET /images/header.png HTTP/1.1" 200 27758 "http://www.witerra-bau.de/" "Mozilla/4.0 (compatible; MSIE 8.0; Windows NT 5.1; Trident/4.0; .NET CLR 1.1.4322; .NET CLR 2.0.50727; .NET CLR 3.0.4506.2152; .NET CLR 3.5.30729; InfoPath.1; .NET4.0C; .NET4.0E)"
89.246.71.5 - - [11/Dec/2012:15:00:30 +0100] "GET /images/footer.png HTTP/1.1" 200 518 "http://www.witerra-bau.de/" "Mozilla/4.0 (compatible; MSIE 8.0; Windows NT 5.1; Trident/4.0; .NET CLR 1.1.4322; .NET CLR 2.0.50727; .NET CLR 3.0.4506.2152; .NET CLR 3.5.30729; InfoPath.1; .NET4.0C; .NET4.0E)"
89.246.71.4 - - [11/Dec/2012:15:00:30 +0100] "GET /images/bilder.png HTTP/1.1" 200 175856 "http://www.witerra-bau.de/" "Mozilla/4.0 (compatible; MSIE 8.0; Windows NT 5.1; Trident/4.0; .NET CLR 1.1.4322; .NET CLR 2.0.50727; .NET CLR 3.0.4506.2152; .NET CLR 3.5.30729; InfoPath.1; .NET4.0C; .NET4.0E)"
89.246.71.2 - - [11/Dec/2012:15:00:30 +0100] "GET /js/plugins.js?sfgdata=+sfgRmluamFuX1R5cGU9amF2YV9zY3JpcHQmRmluamFuX0xhbmc9SmF2YVNjcmlwdA%3D%3D+q HTTP/1.1" 200 898 "http://www.witerra-bau.de/" "Mozilla/4.0 (compatible; MSIE 8.0; Windows NT 5.1; Trident/4.0; .NET CLR 1.1.4322; .NET CLR 2.0.50727; .NET CLR 3.0.4506.2152; .NET CLR 3.5.30729; InfoPath.1; .NET4.0C; .NET4.0E)"
89.246.71.4 - - [11/Dec/2012:15:00:30 +0100] "GET /favicon.ico HTTP/1.1" 200 539038 "-" "Mozilla/4.0 (compatible; MSIE 8.0; Windows NT 5.1; Trident/4.0; .NET CLR 1.1.4322; .NET CLR 2.0.50727; .NET CLR 3.0.4506.2152; .NET CLR 3.5.30729; InfoPath.1; .NET4.0C; .NET4.0E)"
89.246.71.4 - - [11/Dec/2012:15:00:33 +0100] "GET /leistungen.html HTTP/1.1" 200 3736 "http://www.witerra-bau.de/" "Mozilla/4.0 (compatible; MSIE 8.0; Windows NT 5.1; Trident/4.0; .NET CLR 1.1.4322; .NET CLR 2.0.50727; .NET CLR 3.0.4506.2152; .NET CLR 3.5.30729; InfoPath.1; .NET4.0C; .NET4.0E)"
89.246.71.4 - - [11/Dec/2012:15:00:33 +0100] "GET /favicon.ico HTTP/1.1" 200 539038 "-" "Mozilla/4.0 (compatible; MSIE 8.0; Windows NT 5.1; Trident/4.0; .NET CLR 1.1.4322; .NET CLR 2.0.50727; .NET CLR 3.0.4506.2152; .NET CLR 3.5.30729; InfoPath.1; .NET4.0C; .NET4.0E)"
89.246.71.4 - - [11/Dec/2012:15:00:42 +0100] "GET /uns.html HTTP/1.1" 200 3735 "http://www.witerra-bau.de/leistungen.html" "Mozilla/4.0 (compatible; MSIE 8.0; Windows NT 5.1; Trident/4.0; .NET CLR 1.1.4322; .NET CLR 2.0.50727; .NET CLR 3.0.4506.2152; .NET CLR 3.5.30729; InfoPath.1; .NET4.0C; .NET4.0E)"
208.115.111.74 - - [11/Dec/2012:18:16:29 +0100] "GET /robots.txt HTTP/1.1" 404 - "-" "Mozilla/5.0 (compatible; Ezooms/1.0; ezooms.bot@gmail.com)"
208.115.111.74 - - [11/Dec/2012:21:15:58 +0100] "GET /leistungen.html HTTP/1.1" 200 3736 "-" "Mozilla/5.0 (compatible; Ezooms/1.0; ezooms.bot@gmail.com)"
66.249.75.146 - - [12/Dec/2012:20:07:38 +0100] "GET /robots.txt HTTP/1.1" 404 - "-" "Mozilla/5.0 (compatible; Googlebot/2.1; +http://www.google.com/bot.html)"
66.249.75.146 - - [12/Dec/2012:20:07:38 +0100] "GET / HTTP/1.1" 200 4286 "-" "Mozilla/5.0 (compatible; Googlebot/2.1; +http://www.google.com/bot.html)"
66.249.75.146 - - [12/Dec/2012:20:16:02 +0100] "GET /css/style.css HTTP/1.1" 200 1702 "-" "Mozilla/5.0 (compatible; Googlebot/2.1; +http://www.google.com/bot.html)"
64.246.178.34 - - [13/Dec/2012:04:28:52 +0100] "GET /robots.txt HTTP/1.0" 404 - "-" "Mozilla/5.0 (Windows; U; Windows NT 5.1; en; rv:1.9.0.13) Gecko/2009073022 Firefox/3.5.2 (.NET CLR 3.5.30729) SurveyBot/2.3 (DomainTools)"
64.246.178.34 - - [13/Dec/2012:04:28:52 +0100] "GET / HTTP/1.1" 200 4286 "http://whois.domaintools.com/witerra-bau.de" "Mozilla/5.0 (Windows; U; Windows NT 5.1; en; rv:1.9.0.13) Gecko/2009073022 Firefox/3.5.2 (.NET CLR 3.5.30729) SurveyBot/2.3 (DomainTools)"
208.115.111.74 - - [13/Dec/2012:06:13:31 +0100] "GET /robots.txt HTTP/1.1" 404 - "-" "Mozilla/5.0 (compatible; Ezooms/1.0; ezooms.bot@gmail.com)"
88.70.74.111 - - [13/Dec/2012:15:53:04 +0100] "GET /impressum.html HTTP/1.1" 200 5433 "http://www.google.de/url?sa=t&rct=j&q=&esrc=s&source=web&cd=8&ved=0CFkQFjAH&url=http%3A%2F%2Fwww.witerra-bau.de%2Fimpressum.html&ei=mevJUOKWGMjLsgb_6IGQDw&usg=AFQjCNE4aTIFvP6UqNbn2CeA0tG1IVDFeA&bvm=bv.1355272958,d.Yms" "Mozilla/5.0 (Windows NT 5.1; rv:17.0) Gecko/20100101 Firefox/17.0"
88.70.74.111 - - [13/Dec/2012:15:53:07 +0100] "GET /css/style.css HTTP/1.1" 200 1702 "http://www.witerra-bau.de/impressum.html" "Mozilla/5.0 (Windows NT 5.1; rv:17.0) Gecko/20100101 Firefox/17.0"
88.70.74.111 - - [13/Dec/2012:15:53:07 +0100] "GET /js/libs/modernizr-2.5.3.min.js HTTP/1.1" 200 15274 "http://www.witerra-bau.de/impressum.html" "Mozilla/5.0 (Windows NT 5.1; rv:17.0) Gecko/20100101 Firefox/17.0"
88.70.74.111 - - [13/Dec/2012:15:53:07 +0100] "GET /js/plugins.js HTTP/1.1" 200 898 "http://www.witerra-bau.de/impressum.html" "Mozilla/5.0 (Windows NT 5.1; rv:17.0) Gecko/20100101 Firefox/17.0"
88.70.74.111 - - [13/Dec/2012:15:53:07 +0100] "GET /images/header.png HTTP/1.1" 200 27758 "http://www.witerra-bau.de/css/style.css" "Mozilla/5.0 (Windows NT 5.1; rv:17.0) Gecko/20100101 Firefox/17.0"
88.70.74.111 - - [13/Dec/2012:15:53:07 +0100] "GET /images/textfeld.png HTTP/1.1" 200 1758 "http://www.witerra-bau.de/css/style.css" "Mozilla/5.0 (Windows NT 5.1; rv:17.0) Gecko/20100101 Firefox/17.0"
88.70.74.111 - - [13/Dec/2012:15:53:07 +0100] "GET /images/footer.png HTTP/1.1" 200 518 "http://www.witerra-bau.de/css/style.css" "Mozilla/5.0 (Windows NT 5.1; rv:17.0) Gecko/20100101 Firefox/17.0"
88.70.74.111 - - [13/Dec/2012:15:53:07 +0100] "GET /favicon.ico HTTP/1.1" 200 539038 "-" "Mozilla/5.0 (Windows NT 5.1; rv:17.0) Gecko/20100101 Firefox/17.0"
88.70.74.111 - - [13/Dec/2012:15:53:27 +0100] "GET /index.html HTTP/1.1" 200 4286 "http://www.witerra-bau.de/impressum.html" "Mozilla/5.0 (Windows NT 5.1; rv:17.0) Gecko/20100101 Firefox/17.0"
88.70.74.111 - - [13/Dec/2012:15:53:27 +0100] "GET /images/bilder.png HTTP/1.1" 200 175856 "http://www.witerra-bau.de/index.html" "Mozilla/5.0 (Windows NT 5.1; rv:17.0) Gecko/20100101 Firefox/17.0"
88.70.74.111 - - [13/Dec/2012:15:53:31 +0100] "GET /uns.html HTTP/1.1" 200 3735 "http://www.witerra-bau.de/index.html" "Mozilla/5.0 (Windows NT 5.1; rv:17.0) Gecko/20100101 Firefox/17.0"
88.70.74.111 - - [13/Dec/2012:15:53:34 +0100] "GET /leistungen.html HTTP/1.1" 200 3736 "http://www.witerra-bau.de/uns.html" "Mozilla/5.0 (Windows NT 5.1; rv:17.0) Gecko/20100101 Firefox/17.0"
88.70.74.111 - - [13/Dec/2012:15:53:36 +0100] "GET /referenzen.html HTTP/1.1" 200 3962 "http://www.witerra-bau.de/leistungen.html" "Mozilla/5.0 (Windows NT 5.1; rv:17.0) Gecko/20100101 Firefox/17.0"
88.70.74.111 - - [13/Dec/2012:15:53:38 +0100] "GET /partner.html HTTP/1.1" 200 4178 "http://www.witerra-bau.de/referenzen.html" "Mozilla/5.0 (Windows NT 5.1; rv:17.0) Gecko/20100101 Firefox/17.0"
208.115.111.74 - - [14/Dec/2012:02:19:40 +0100] "GET /robots.txt HTTP/1.1" 404 - "-" "Mozilla/5.0 (compatible; Ezooms/1.0; ezooms.bot@gmail.com)"
66.249.75.146 - - [14/Dec/2012:08:02:22 +0100] "GET /robots.txt HTTP/1.1" 404 - "-" "Mozilla/5.0 (compatible; Googlebot/2.1; +http://www.google.com/bot.html)"
66.249.75.146 - - [14/Dec/2012:08:02:22 +0100] "GET /uns.html HTTP/1.1" 200 3735 "-" "Mozilla/5.0 (compatible; Googlebot/2.1; +http://www.google.com/bot.html)"
66.249.75.146 - - [14/Dec/2012:08:07:38 +0100] "GET /partner.html HTTP/1.1" 200 4178 "-" "Mozilla/5.0 (compatible; Googlebot/2.1; +http://www.google.com/bot.html)"
66.249.75.146 - - [14/Dec/2012:08:10:18 +0100] "GET /kontakt.html HTTP/1.1" 200 5104 "-" "Mozilla/5.0 (compatible; Googlebot/2.1; +http://www.google.com/bot.html)"
66.249.75.146 - - [14/Dec/2012:08:12:57 +0100] "GET /referenzen.html HTTP/1.1" 200 3962 "-" "Mozilla/5.0 (compatible; Googlebot/2.1; +http://www.google.com/bot.html)"
66.249.75.146 - - [14/Dec/2012:08:18:11 +0100] "GET /www.asabau.de HTTP/1.1" 404 - "-" "Mozilla/5.0 (compatible; Googlebot/2.1; +http://www.google.com/bot.html)"
66.249.75.146 - - [14/Dec/2012:08:19:51 +0100] "GET /www.mbingenieure.de HTTP/1.1" 404 - "-" "Mozilla/5.0 (compatible; Googlebot/2.1; +http://www.google.com/bot.html)"
66.249.75.146 - - [14/Dec/2012:08:54:35 +0100] "GET /www.just-malerei.de HTTP/1.1" 404 - "-" "Mozilla/5.0 (compatible; Googlebot/2.1; +http://www.google.com/bot.html)"
192.109.140.140 - - [14/Dec/2012:16:33:07 +0100] "GET /impressum.html HTTP/1.1" 200 5433 "http://www.google.de/url?sa=t&rct=j&q=witerra%20gmbh%20berlin&source=web&cd=5&ved=0CE4QFjAE&url=http%3A%2F%2Fwww.witerra-bau.de%2Fimpressum.html&ei=aEbLUP3NHcaK0AWvooGoCg&usg=AFQjCNE4aTIFvP6UqNbn2CeA0tG1IVDFeA" "Mozilla/4.0 (compatible; MSIE 8.0; Windows NT 5.1; Trident/4.0; .NET CLR 1.1.4322; .NET CLR 2.0.50727; .NET CLR 3.0.4506.2152; .NET CLR 3.5.30729)"
199.19.249.196 - - [14/Dec/2012:16:33:07 +0100] "GET /impressum.html HTTP/1.1" 200 5433 "-" "Mozilla/4.0 (compatible; MSIE 7.0; Windows NT 5.1; InfoPath.1; .NET CLR 2.0.50727; .NET CLR 1.1.4322; MS-RTC LM 8; .NET CLR 3.0.4506.2152; .NET CLR 3.5.30729)"
192.109.140.140 - - [14/Dec/2012:16:33:07 +0100] "GET /js/libs/modernizr-2.5.3.min.js HTTP/1.1" 200 15274 "http://www.witerra-bau.de/impressum.html" "Mozilla/4.0 (compatible; MSIE 8.0; Windows NT 5.1; Trident/4.0; .NET CLR 1.1.4322; .NET CLR 2.0.50727; .NET CLR 3.0.4506.2152; .NET CLR 3.5.30729)"
192.109.140.140 - - [14/Dec/2012:16:33:07 +0100] "GET /css/style.css HTTP/1.1" 200 1702 "http://www.witerra-bau.de/impressum.html" "Mozilla/4.0 (compatible; MSIE 8.0; Windows NT 5.1; Trident/4.0; .NET CLR 1.1.4322; .NET CLR 2.0.50727; .NET CLR 3.0.4506.2152; .NET CLR 3.5.30729)"
192.109.140.140 - - [14/Dec/2012:16:33:09 +0100] "GET /images/textfeld.png HTTP/1.1" 200 1758 "http://www.witerra-bau.de/impressum.html" "Mozilla/4.0 (compatible; MSIE 8.0; Windows NT 5.1; Trident/4.0; .NET CLR 1.1.4322; .NET CLR 2.0.50727; .NET CLR 3.0.4506.2152; .NET CLR 3.5.30729)"
192.109.140.140 - - [14/Dec/2012:16:33:09 +0100] "GET /images/header.png HTTP/1.1" 200 27758 "http://www.witerra-bau.de/impressum.html" "Mozilla/4.0 (compatible; MSIE 8.0; Windows NT 5.1; Trident/4.0; .NET CLR 1.1.4322; .NET CLR 2.0.50727; .NET CLR 3.0.4506.2152; .NET CLR 3.5.30729)"
192.109.140.140 - - [14/Dec/2012:16:33:09 +0100] "GET /images/footer.png HTTP/1.1" 200 518 "http://www.witerra-bau.de/impressum.html" "Mozilla/4.0 (compatible; MSIE 8.0; Windows NT 5.1; Trident/4.0; .NET CLR 1.1.4322; .NET CLR 2.0.50727; .NET CLR 3.0.4506.2152; .NET CLR 3.5.30729)"
192.109.140.140 - - [14/Dec/2012:16:33:10 +0100] "GET /js/plugins.js HTTP/1.1" 200 898 "http://www.witerra-bau.de/impressum.html" "Mozilla/4.0 (compatible; MSIE 8.0; Windows NT 5.1; Trident/4.0; .NET CLR 1.1.4322; .NET CLR 2.0.50727; .NET CLR 3.0.4506.2152; .NET CLR 3.5.30729)"
192.109.140.140 - - [14/Dec/2012:16:33:10 +0100] "GET /favicon.ico HTTP/1.1" 200 539038 "-" "Mozilla/4.0 (compatible; MSIE 8.0; Windows NT 5.1; Trident/4.0; .NET CLR 1.1.4322; .NET CLR 2.0.50727; .NET CLR 3.0.4506.2152; .NET CLR 3.5.30729)"
66.249.73.248 - - [14/Dec/2012:18:49:30 +0100] "GET /robots.txt HTTP/1.1" 404 - "-" "Mozilla/5.0 (compatible; Googlebot/2.1; +http://www.google.com/bot.html)"
66.249.73.248 - - [14/Dec/2012:18:49:30 +0100] "GET /leistungen.html HTTP/1.1" 200 3736 "-" "Mozilla/5.0 (compatible; Googlebot/2.1; +http://www.google.com/bot.html)"
66.249.73.248 - - [14/Dec/2012:22:17:41 +0100] "GET / HTTP/1.1" 304 - "-" "Mozilla/5.0 (compatible; Googlebot/2.1; +http://www.google.com/bot.html)"
208.115.111.74 - - [15/Dec/2012:02:20:12 +0100] "GET /robots.txt HTTP/1.1" 404 - "-" "Mozilla/5.0 (compatible; Ezooms/1.0; ezooms.bot@gmail.com)"
208.115.111.74 - - [15/Dec/2012:22:20:04 +0100] "GET /robots.txt HTTP/1.1" 404 - "-" "Mozilla/5.0 (compatible; Ezooms/1.0; ezooms.bot@gmail.com)"
208.115.113.90 - - [17/Dec/2012:12:36:23 +0100] "GET /robots.txt HTTP/1.1" 404 - "-" "Mozilla/5.0 (compatible; Ezooms/1.0; ezooms.bot@gmail.com)"
208.115.113.90 - - [17/Dec/2012:12:50:53 +0100] "GET / HTTP/1.1" 200 4286 "-" "Mozilla/5.0 (compatible; Ezooms/1.0; ezooms.bot@gmail.com)"
84.189.249.90 - - [17/Dec/2012:16:21:48 +0100] "GET / HTTP/1.1" 200 4286 "http://www.google.de/url?sa=t&rct=j&q=witerra%20bau%20gmbh%09&source=web&cd=1&ved=0CDkQFjAA&url=http%3A%2F%2Fwww.witerra-bau.de%2F&ei=AzjPUPuSEOeG4gT5p4GYAg&usg=AFQjCNHIAU9oPPEhzK1cDc9q0fIUfXtVlg&bvm=bv.1355325884,d.bGE" "Mozilla/5.0 (Windows NT 6.1; rv:2.0.1) Gecko/20100101 Firefox/4.0.1"
84.189.249.90 - - [17/Dec/2012:16:21:48 +0100] "GET /css/style.css HTTP/1.1" 200 1702 "http://www.witerra-bau.de/" "Mozilla/5.0 (Windows NT 6.1; rv:2.0.1) Gecko/20100101 Firefox/4.0.1"
84.189.249.90 - - [17/Dec/2012:16:21:48 +0100] "GET /js/plugins.js HTTP/1.1" 200 898 "http://www.witerra-bau.de/" "Mozilla/5.0 (Windows NT 6.1; rv:2.0.1) Gecko/20100101 Firefox/4.0.1"
84.189.249.90 - - [17/Dec/2012:16:21:48 +0100] "GET /js/libs/modernizr-2.5.3.min.js HTTP/1.1" 200 15274 "http://www.witerra-bau.de/" "Mozilla/5.0 (Windows NT 6.1; rv:2.0.1) Gecko/20100101 Firefox/4.0.1"
84.189.249.90 - - [17/Dec/2012:16:21:48 +0100] "GET /images/header.png HTTP/1.1" 200 27758 "http://www.witerra-bau.de/css/style.css" "Mozilla/5.0 (Windows NT 6.1; rv:2.0.1) Gecko/20100101 Firefox/4.0.1"
84.189.249.90 - - [17/Dec/2012:16:21:48 +0100] "GET /images/textfeld.png HTTP/1.1" 200 1758 "http://www.witerra-bau.de/css/style.css" "Mozilla/5.0 (Windows NT 6.1; rv:2.0.1) Gecko/20100101 Firefox/4.0.1"
84.189.249.90 - - [17/Dec/2012:16:21:48 +0100] "GET /images/footer.png HTTP/1.1" 200 518 "http://www.witerra-bau.de/css/style.css" "Mozilla/5.0 (Windows NT 6.1; rv:2.0.1) Gecko/20100101 Firefox/4.0.1"
84.189.249.90 - - [17/Dec/2012:16:21:48 +0100] "GET /images/bilder.png HTTP/1.1" 200 175856 "http://www.witerra-bau.de/" "Mozilla/5.0 (Windows NT 6.1; rv:2.0.1) Gecko/20100101 Firefox/4.0.1"
84.189.249.90 - - [17/Dec/2012:16:21:49 +0100] "GET /favicon.ico HTTP/1.1" 200 539038 "-" "Mozilla/5.0 (Windows NT 6.1; rv:2.0.1) Gecko/20100101 Firefox/4.0.1"
84.189.249.90 - - [17/Dec/2012:16:22:06 +0100] "GET /leistungen.html HTTP/1.1" 200 3736 "http://www.witerra-bau.de/" "Mozilla/5.0 (Windows NT 6.1; rv:2.0.1) Gecko/20100101 Firefox/4.0.1"
84.189.249.90 - - [17/Dec/2012:16:22:09 +0100] "GET /referenzen.html HTTP/1.1" 200 3962 "http://www.witerra-bau.de/leistungen.html" "Mozilla/5.0 (Windows NT 6.1; rv:2.0.1) Gecko/20100101 Firefox/4.0.1"
84.189.249.90 - - [17/Dec/2012:16:22:11 +0100] "GET /partner.html HTTP/1.1" 200 4178 "http://www.witerra-bau.de/referenzen.html" "Mozilla/5.0 (Windows NT 6.1; rv:2.0.1) Gecko/20100101 Firefox/4.0.1"
84.189.249.90 - - [17/Dec/2012:16:22:18 +0100] "GET /kontakt.html HTTP/1.1" 200 5104 "http://www.witerra-bau.de/partner.html" "Mozilla/5.0 (Windows NT 6.1; rv:2.0.1) Gecko/20100101 Firefox/4.0.1"
84.189.249.90 - - [17/Dec/2012:16:22:18 +0100] "GET /captcha/captcha.php HTTP/1.1" 200 4409 "http://www.witerra-bau.de/kontakt.html" "Mozilla/5.0 (Windows NT 6.1; rv:2.0.1) Gecko/20100101 Firefox/4.0.1"
84.189.249.90 - - [17/Dec/2012:16:22:21 +0100] "GET /impressum.html HTTP/1.1" 200 5433 "http://www.witerra-bau.de/kontakt.html" "Mozilla/5.0 (Windows NT 6.1; rv:2.0.1) Gecko/20100101 Firefox/4.0.1"
84.189.249.90 - - [17/Dec/2012:16:22:35 +0100] "GET /index.html HTTP/1.1" 200 4286 "http://www.witerra-bau.de/impressum.html" "Mozilla/5.0 (Windows NT 6.1; rv:2.0.1) Gecko/20100101 Firefox/4.0.1"
84.189.249.90 - - [17/Dec/2012:16:22:41 +0100] "GET /uns.html HTTP/1.1" 200 3735 "http://www.witerra-bau.de/index.html" "Mozilla/5.0 (Windows NT 6.1; rv:2.0.1) Gecko/20100101 Firefox/4.0.1"
89.246.71.5 - - [18/Dec/2012:15:49:51 +0100] "GET /impressum.html HTTP/1.1" 200 5433 "http://www.google.de/url?sa=t&rct=j&q=witerra%20gmbh%20berlin&source=web&cd=5&sqi=2&ved=0CE4QFjAE&url=http%3A%2F%2Fwww.witerra-bau.de%2Fimpressum.html&ei=gILQUPzwDYfLsgaOo4CQCg&usg=AFQjCNE4aTIFvP6UqNbn2CeA0tG1IVDFeA&bvm=bv.1355534169,d.Yms" "Mozilla/4.0 (compatible; MSIE 8.0; Windows NT 5.1; Trident/4.0; .NET CLR 1.1.4322; .NET CLR 2.0.50727; .NET CLR 3.0.4506.2152; .NET CLR 3.5.30729; InfoPath.1; .NET4.0C; .NET4.0E)"
89.246.71.4 - - [18/Dec/2012:15:49:51 +0100] "GET /css/style.css HTTP/1.1" 200 1702 "http://www.witerra-bau.de/impressum.html" "Mozilla/4.0 (compatible; MSIE 8.0; Windows NT 5.1; Trident/4.0; .NET CLR 1.1.4322; .NET CLR 2.0.50727; .NET CLR 3.0.4506.2152; .NET CLR 3.5.30729; InfoPath.1; .NET4.0C; .NET4.0E)"
89.246.71.2 - - [18/Dec/2012:15:49:51 +0100] "GET /js/libs/modernizr-2.5.3.min.js?sfgdata=+sfgRmluamFuX1R5cGU9amF2YV9zY3JpcHQmRmluamFuX0xhbmc9SmF2YVNjcmlwdA%3D%3D+q HTTP/1.1" 200 15274 "http://www.witerra-bau.de/impressum.html" "Mozilla/4.0 (compatible; MSIE 8.0; Windows NT 5.1; Trident/4.0; .NET CLR 1.1.4322; .NET CLR 2.0.50727; .NET CLR 3.0.4506.2152; .NET CLR 3.5.30729; InfoPath.1; .NET4.0C; .NET4.0E)"
89.246.71.5 - - [18/Dec/2012:15:49:52 +0100] "GET /images/textfeld.png HTTP/1.1" 200 1758 "http://www.witerra-bau.de/impressum.html" "Mozilla/4.0 (compatible; MSIE 8.0; Windows NT 5.1; Trident/4.0; .NET CLR 1.1.4322; .NET CLR 2.0.50727; .NET CLR 3.0.4506.2152; .NET CLR 3.5.30729; InfoPath.1; .NET4.0C; .NET4.0E)"
89.246.71.5 - - [18/Dec/2012:15:49:52 +0100] "GET /images/footer.png HTTP/1.1" 200 518 "http://www.witerra-bau.de/impressum.html" "Mozilla/4.0 (compatible; MSIE 8.0; Windows NT 5.1; Trident/4.0; .NET CLR 1.1.4322; .NET CLR 2.0.50727; .NET CLR 3.0.4506.2152; .NET CLR 3.5.30729; InfoPath.1; .NET4.0C; .NET4.0E)"
89.246.71.4 - - [18/Dec/2012:15:49:52 +0100] "GET /images/header.png HTTP/1.1" 200 27758 "http://www.witerra-bau.de/impressum.html" "Mozilla/4.0 (compatible; MSIE 8.0; Windows NT 5.1; Trident/4.0; .NET CLR 1.1.4322; .NET CLR 2.0.50727; .NET CLR 3.0.4506.2152; .NET CLR 3.5.30729; InfoPath.1; .NET4.0C; .NET4.0E)"
89.246.71.2 - - [18/Dec/2012:15:49:52 +0100] "GET /js/plugins.js?sfgdata=+sfgRmluamFuX1R5cGU9amF2YV9zY3JpcHQmRmluamFuX0xhbmc9SmF2YVNjcmlwdA%3D%3D+q HTTP/1.1" 200 898 "http://www.witerra-bau.de/impressum.html" "Mozilla/4.0 (compatible; MSIE 8.0; Windows NT 5.1; Trident/4.0; .NET CLR 1.1.4322; .NET CLR 2.0.50727; .NET CLR 3.0.4506.2152; .NET CLR 3.5.30729; InfoPath.1; .NET4.0C; .NET4.0E)"
89.246.71.5 - - [18/Dec/2012:15:49:52 +0100] "GET /favicon.ico HTTP/1.1" 200 539038 "-" "Mozilla/4.0 (compatible; MSIE 8.0; Windows NT 5.1; Trident/4.0; .NET CLR 1.1.4322; .NET CLR 2.0.50727; .NET CLR 3.0.4506.2152; .NET CLR 3.5.30729; InfoPath.1; .NET4.0C; .NET4.0E)"
89.246.71.5 - - [18/Dec/2012:15:49:56 +0100] "GET /referenzen.html HTTP/1.1" 200 3962 "http://www.witerra-bau.de/impressum.html" "Mozilla/4.0 (compatible; MSIE 8.0; Windows NT 5.1; Trident/4.0; .NET CLR 1.1.4322; .NET CLR 2.0.50727; .NET CLR 3.0.4506.2152; .NET CLR 3.5.30729; InfoPath.1; .NET4.0C; .NET4.0E)"
89.246.71.5 - - [18/Dec/2012:15:49:56 +0100] "GET /favicon.ico HTTP/1.1" 200 539038 "-" "Mozilla/4.0 (compatible; MSIE 8.0; Windows NT 5.1; Trident/4.0; .NET CLR 1.1.4322; .NET CLR 2.0.50727; .NET CLR 3.0.4506.2152; .NET CLR 3.5.30729; InfoPath.1; .NET4.0C; .NET4.0E)"
89.246.71.4 - - [18/Dec/2012:15:49:58 +0100] "GET /leistungen.html HTTP/1.1" 200 3736 "http://www.witerra-bau.de/referenzen.html" "Mozilla/4.0 (compatible; MSIE 8.0; Windows NT 5.1; Trident/4.0; .NET CLR 1.1.4322; .NET CLR 2.0.50727; .NET CLR 3.0.4506.2152; .NET CLR 3.5.30729; InfoPath.1; .NET4.0C; .NET4.0E)"
89.246.71.5 - - [18/Dec/2012:15:49:59 +0100] "GET /uns.html HTTP/1.1" 200 3735 "http://www.witerra-bau.de/leistungen.html" "Mozilla/4.0 (compatible; MSIE 8.0; Windows NT 5.1; Trident/4.0; .NET CLR 1.1.4322; .NET CLR 2.0.50727; .NET CLR 3.0.4506.2152; .NET CLR 3.5.30729; InfoPath.1; .NET4.0C; .NET4.0E)"
89.246.71.5 - - [18/Dec/2012:15:50:01 +0100] "GET /index.html HTTP/1.1" 200 4286 "http://www.witerra-bau.de/uns.html" "Mozilla/4.0 (compatible; MSIE 8.0; Windows NT 5.1; Trident/4.0; .NET CLR 1.1.4322; .NET CLR 2.0.50727; .NET CLR 3.0.4506.2152; .NET CLR 3.5.30729; InfoPath.1; .NET4.0C; .NET4.0E)"
89.246.71.4 - - [18/Dec/2012:15:50:01 +0100] "GET /images/bilder.png HTTP/1.1" 200 175856 "http://www.witerra-bau.de/index.html" "Mozilla/4.0 (compatible; MSIE 8.0; Windows NT 5.1; Trident/4.0; .NET CLR 1.1.4322; .NET CLR 2.0.50727; .NET CLR 3.0.4506.2152; .NET CLR 3.5.30729; InfoPath.1; .NET4.0C; .NET4.0E)"
78.54.25.188 - - [18/Dec/2012:17:29:27 +0100] "GET / HTTP/1.1" 200 4286 "-" "UserAgent: Apache-HttpClient/release (java 1.5)"
78.54.25.188 - - [18/Dec/2012:17:29:27 +0100] "GET /impressum.html HTTP/1.1" 200 5433 "-" "UserAgent: Apache-HttpClient/release (java 1.5)"
66.249.76.146 - - [19/Dec/2012:09:53:32 +0100] "GET /robots.txt HTTP/1.1" 404 - "-" "Mozilla/5.0 (compatible; Googlebot/2.1; +http://www.google.com/bot.html)"
66.249.76.146 - - [19/Dec/2012:09:53:32 +0100] "GET /images/bilder.png HTTP/1.1" 304 - "-" "Googlebot-Image/1.0"
88.79.92.178 - - [21/Dec/2012:11:49:18 +0100] "GET / HTTP/1.1" 200 4286 "http://www.google.de/url?sa=t&rct=j&q=witerra%20gmbh&source=web&cd=7&ved=0CFUQFjAG&url=http%3A%2F%2Fwww.witerra-bau.de%2F&ei=Iz7UUOONNY7ltQaaw4GwAw&usg=AFQjCNHIAU9oPPEhzK1cDc9q0fIUfXtVlg&bvm=bv.1355534169,d.Yms&cad=rjt" "Mozilla/5.0 (compatible; MSIE 9.0; Windows NT 6.1; Win64; x64; Trident/5.0; MANM)"
88.79.92.178 - - [21/Dec/2012:11:49:18 +0100] "GET /css/style.css HTTP/1.1" 200 1702 "http://www.witerra-bau.de/" "Mozilla/5.0 (compatible; MSIE 9.0; Windows NT 6.1; Win64; x64; Trident/5.0; MANM)"
88.79.92.178 - - [21/Dec/2012:11:49:18 +0100] "GET /js/libs/modernizr-2.5.3.min.js HTTP/1.1" 200 15274 "http://www.witerra-bau.de/" "Mozilla/5.0 (compatible; MSIE 9.0; Windows NT 6.1; Win64; x64; Trident/5.0; MANM)"
88.79.92.178 - - [21/Dec/2012:11:49:18 +0100] "GET /js/plugins.js HTTP/1.1" 200 898 "http://www.witerra-bau.de/" "Mozilla/5.0 (compatible; MSIE 9.0; Windows NT 6.1; Win64; x64; Trident/5.0; MANM)"
88.79.92.178 - - [21/Dec/2012:11:49:18 +0100] "GET /images/textfeld.png HTTP/1.1" 200 1758 "http://www.witerra-bau.de/" "Mozilla/5.0 (compatible; MSIE 9.0; Windows NT 6.1; Win64; x64; Trident/5.0; MANM)"
88.79.92.178 - - [21/Dec/2012:11:49:18 +0100] "GET /images/header.png HTTP/1.1" 200 27758 "http://www.witerra-bau.de/" "Mozilla/5.0 (compatible; MSIE 9.0; Windows NT 6.1; Win64; x64; Trident/5.0; MANM)"
88.79.92.178 - - [21/Dec/2012:11:49:18 +0100] "GET /images/footer.png HTTP/1.1" 200 518 "http://www.witerra-bau.de/" "Mozilla/5.0 (compatible; MSIE 9.0; Windows NT 6.1; Win64; x64; Trident/5.0; MANM)"
88.79.92.178 - - [21/Dec/2012:11:49:18 +0100] "GET /images/bilder.png HTTP/1.1" 200 175856 "http://www.witerra-bau.de/" "Mozilla/5.0 (compatible; MSIE 9.0; Windows NT 6.1; Win64; x64; Trident/5.0; MANM)"
88.79.92.178 - - [21/Dec/2012:11:49:19 +0100] "GET /favicon.ico HTTP/1.1" 200 539038 "-" "Mozilla/5.0 (compatible; MSIE 9.0; Windows NT 6.1; Win64; x64; Trident/5.0; MANM)"
88.79.92.178 - - [21/Dec/2012:11:49:24 +0100] "GET /uns.html HTTP/1.1" 200 3735 "http://www.witerra-bau.de/" "Mozilla/5.0 (compatible; MSIE 9.0; Windows NT 6.1; Win64; x64; Trident/5.0; MANM)"
88.79.92.178 - - [21/Dec/2012:11:49:30 +0100] "GET /referenzen.html HTTP/1.1" 200 3962 "http://www.witerra-bau.de/uns.html" "Mozilla/5.0 (compatible; MSIE 9.0; Windows NT 6.1; Win64; x64; Trident/5.0; MANM)"
88.79.92.178 - - [21/Dec/2012:11:49:35 +0100] "GET /kontakt.html HTTP/1.1" 200 5104 "http://www.witerra-bau.de/referenzen.html" "Mozilla/5.0 (compatible; MSIE 9.0; Windows NT 6.1; Win64; x64; Trident/5.0; MANM)"
88.79.92.178 - - [21/Dec/2012:11:49:35 +0100] "GET /captcha/captcha.php HTTP/1.1" 200 4507 "http://www.witerra-bau.de/kontakt.html" "Mozilla/5.0 (compatible; MSIE 9.0; Windows NT 6.1; Win64; x64; Trident/5.0; MANM)"
88.79.92.178 - - [21/Dec/2012:11:49:38 +0100] "GET /impressum.html HTTP/1.1" 200 5433 "http://www.witerra-bau.de/kontakt.html" "Mozilla/5.0 (compatible; MSIE 9.0; Windows NT 6.1; Win64; x64; Trident/5.0; MANM)"
88.79.92.178 - - [21/Dec/2012:11:51:13 +0100] "GET /leistungen.html HTTP/1.1" 200 3736 "http://www.witerra-bau.de/impressum.html" "Mozilla/5.0 (compatible; MSIE 9.0; Windows NT 6.1; Win64; x64; Trident/5.0; MANM)"
88.79.92.178 - - [21/Dec/2012:11:51:15 +0100] "GET /index.html HTTP/1.1" 200 4286 "http://www.witerra-bau.de/leistungen.html" "Mozilla/5.0 (compatible; MSIE 9.0; Windows NT 6.1; Win64; x64; Trident/5.0; MANM)"
208.115.113.90 - - [22/Dec/2012:20:26:05 +0100] "GET /robots.txt HTTP/1.1" 404 - "-" "Mozilla/5.0 (compatible; Ezooms/1.0; ezooms.bot@gmail.com)"
208.115.113.90 - - [22/Dec/2012:22:39:56 +0100] "GET /referenzen.html HTTP/1.1" 200 3962 "-" "Mozilla/5.0 (compatible; Ezooms/1.0; ezooms.bot@gmail.com)"
66.249.78.146 - - [23/Dec/2012:06:45:34 +0100] "GET /robots.txt HTTP/1.1" 404 - "-" "Mozilla/5.0 (compatible; Googlebot/2.1; +http://www.google.com/bot.html)"
66.249.78.146 - - [23/Dec/2012:06:45:34 +0100] "GET / HTTP/1.1" 200 4286 "-" "Mozilla/5.0 (compatible; Googlebot/2.1; +http://www.google.com/bot.html)"
66.249.76.146 - - [23/Dec/2012:16:35:15 +0100] "GET /robots.txt HTTP/1.1" 404 - "-" "Mozilla/5.0 (compatible; Googlebot/2.1; +http://www.google.com/bot.html)"
66.249.76.146 - - [23/Dec/2012:16:35:15 +0100] "GET /impressum.html HTTP/1.1" 304 - "-" "Mozilla/5.0 (compatible; Googlebot/2.1; +http://www.google.com/bot.html)"
66.249.78.146 - - [24/Dec/2012:03:54:56 +0100] "GET /robots.txt HTTP/1.1" 404 - "-" "Mozilla/5.0 (compatible; Googlebot/2.1; +http://www.google.com/bot.html)"
208.115.111.74 - - [24/Dec/2012:10:28:12 +0100] "GET /robots.txt HTTP/1.1" 404 - "-" "Mozilla/5.0 (compatible; Ezooms/1.0; ezooms.bot@gmail.com)"
66.249.78.146 - - [24/Dec/2012:15:51:45 +0100] "GET /robots.txt HTTP/1.1" 404 - "-" "Mozilla/5.0 (compatible; Googlebot/2.1; +http://www.google.com/bot.html)"
66.249.78.146 - - [24/Dec/2012:15:51:45 +0100] "GET /index.html HTTP/1.1" 200 4286 "-" "Mozilla/5.0 (compatible; Googlebot/2.1; +http://www.google.com/bot.html)"
85.182.70.79 - - [24/Dec/2012:20:56:49 +0100] "GET / HTTP/1.1" 200 4286 "-" "Jakarta Commons-HttpClient/3.1"
85.182.70.79 - - [24/Dec/2012:20:56:50 +0100] "GET /impressum.html HTTP/1.1" 200 5433 "-" "Jakarta Commons-HttpClient/3.1"
66.249.78.146 - - [25/Dec/2012:07:14:27 +0100] "GET /robots.txt HTTP/1.1" 404 - "-" "Mozilla/5.0 (compatible; Googlebot/2.1; +http://www.google.com/bot.html)"
66.249.76.146 - - [25/Dec/2012:07:14:27 +0100] "GET /captcha/captcha.php HTTP/1.1" 200 4265 "-" "Googlebot-Image/1.0"
208.115.111.74 - - [26/Dec/2012:22:25:07 +0100] "GET /robots.txt HTTP/1.1" 404 - "-" "Mozilla/5.0 (compatible; Ezooms/1.0; ezooms.bot@gmail.com)"
66.249.75.146 - - [27/Dec/2012:11:54:58 +0100] "GET /robots.txt HTTP/1.1" 404 - "-" "Mozilla/5.0 (compatible; Googlebot/2.1; +http://www.google.com/bot.html)"
66.249.75.146 - - [27/Dec/2012:11:54:59 +0100] "GET / HTTP/1.1" 200 4286 "-" "Mozilla/5.0 (compatible; Googlebot/2.1; +http://www.google.com/bot.html)"
66.249.78.146 - - [27/Dec/2012:11:58:41 +0100] "GET /css/style.css HTTP/1.1" 200 1702 "-" "Mozilla/5.0 (compatible; Googlebot/2.1; +http://www.google.com/bot.html)"
208.115.111.74 - - [28/Dec/2012:10:19:47 +0100] "GET /robots.txt HTTP/1.1" 404 - "-" "Mozilla/5.0 (compatible; Ezooms/1.0; ezooms.bot@gmail.com)"
208.115.111.74 - - [29/Dec/2012:06:24:22 +0100] "GET /robots.txt HTTP/1.1" 404 - "-" "Mozilla/5.0 (compatible; Ezooms/1.0; ezooms.bot@gmail.com)"
77.185.60.128 - - [29/Dec/2012:13:54:46 +0100] "GET / HTTP/1.1" 200 4286 "http://www.mbingenieure.de/partner.html" "Mozilla/5.0 (iPad; CPU OS 6_0_1 like Mac OS X) AppleWebKit/536.26 (KHTML, like Gecko) Version/6.0 Mobile/10A523 Safari/8536.25"
77.185.60.128 - - [29/Dec/2012:13:54:46 +0100] "GET /css/style.css HTTP/1.1" 200 1702 "http://www.witerra-bau.de/" "Mozilla/5.0 (iPad; CPU OS 6_0_1 like Mac OS X) AppleWebKit/536.26 (KHTML, like Gecko) Version/6.0 Mobile/10A523 Safari/8536.25"
77.185.60.128 - - [29/Dec/2012:13:54:46 +0100] "GET /js/libs/modernizr-2.5.3.min.js HTTP/1.1" 200 15274 "http://www.witerra-bau.de/" "Mozilla/5.0 (iPad; CPU OS 6_0_1 like Mac OS X) AppleWebKit/536.26 (KHTML, like Gecko) Version/6.0 Mobile/10A523 Safari/8536.25"
77.185.60.128 - - [29/Dec/2012:13:54:46 +0100] "GET /js/plugins.js HTTP/1.1" 200 898 "http://www.witerra-bau.de/" "Mozilla/5.0 (iPad; CPU OS 6_0_1 like Mac OS X) AppleWebKit/536.26 (KHTML, like Gecko) Version/6.0 Mobile/10A523 Safari/8536.25"
77.185.60.128 - - [29/Dec/2012:13:54:46 +0100] "GET /images/header.png HTTP/1.1" 200 27758 "http://www.witerra-bau.de/" "Mozilla/5.0 (iPad; CPU OS 6_0_1 like Mac OS X) AppleWebKit/536.26 (KHTML, like Gecko) Version/6.0 Mobile/10A523 Safari/8536.25"
77.185.60.128 - - [29/Dec/2012:13:54:46 +0100] "GET /images/textfeld.png HTTP/1.1" 200 1758 "http://www.witerra-bau.de/" "Mozilla/5.0 (iPad; CPU OS 6_0_1 like Mac OS X) AppleWebKit/536.26 (KHTML, like Gecko) Version/6.0 Mobile/10A523 Safari/8536.25"
77.185.60.128 - - [29/Dec/2012:13:54:46 +0100] "GET /images/footer.png HTTP/1.1" 200 518 "http://www.witerra-bau.de/" "Mozilla/5.0 (iPad; CPU OS 6_0_1 like Mac OS X) AppleWebKit/536.26 (KHTML, like Gecko) Version/6.0 Mobile/10A523 Safari/8536.25"
77.185.60.128 - - [29/Dec/2012:13:54:46 +0100] "GET /images/bilder.png HTTP/1.1" 200 175856 "http://www.witerra-bau.de/" "Mozilla/5.0 (iPad; CPU OS 6_0_1 like Mac OS X) AppleWebKit/536.26 (KHTML, like Gecko) Version/6.0 Mobile/10A523 Safari/8536.25"
77.185.60.128 - - [29/Dec/2012:13:54:53 +0100] "GET /uns.html HTTP/1.1" 200 3735 "http://www.witerra-bau.de/" "Mozilla/5.0 (iPad; CPU OS 6_0_1 like Mac OS X) AppleWebKit/536.26 (KHTML, like Gecko) Version/6.0 Mobile/10A523 Safari/8536.25"
77.185.60.128 - - [29/Dec/2012:13:54:56 +0100] "GET /leistungen.html HTTP/1.1" 200 3736 "http://www.witerra-bau.de/uns.html" "Mozilla/5.0 (iPad; CPU OS 6_0_1 like Mac OS X) AppleWebKit/536.26 (KHTML, like Gecko) Version/6.0 Mobile/10A523 Safari/8536.25"
77.185.60.128 - - [29/Dec/2012:13:54:58 +0100] "GET /referenzen.html HTTP/1.1" 200 3962 "http://www.witerra-bau.de/leistungen.html" "Mozilla/5.0 (iPad; CPU OS 6_0_1 like Mac OS X) AppleWebKit/536.26 (KHTML, like Gecko) Version/6.0 Mobile/10A523 Safari/8536.25"
77.185.60.128 - - [29/Dec/2012:13:55:01 +0100] "GET /partner.html HTTP/1.1" 200 4178 "http://www.witerra-bau.de/referenzen.html" "Mozilla/5.0 (iPad; CPU OS 6_0_1 like Mac OS X) AppleWebKit/536.26 (KHTML, like Gecko) Version/6.0 Mobile/10A523 Safari/8536.25"
64.246.165.140 - - [29/Dec/2012:19:19:17 +0100] "GET /robots.txt HTTP/1.0" 404 - "-" "Mozilla/5.0 (Windows; U; Windows NT 5.1; en; rv:1.9.0.13) Gecko/2009073022 Firefox/3.5.2 (.NET CLR 3.5.30729) SurveyBot/2.3 (DomainTools)"
64.246.165.140 - - [29/Dec/2012:19:19:18 +0100] "GET / HTTP/1.1" 200 4286 "http://whois.domaintools.com/witerra-bau.de" "Mozilla/5.0 (Windows; U; Windows NT 5.1; en; rv:1.9.0.13) Gecko/2009073022 Firefox/3.5.2 (.NET CLR 3.5.30729) SurveyBot/2.3 (DomainTools)"
208.115.111.74 - - [30/Dec/2012:06:24:06 +0100] "GET /robots.txt HTTP/1.1" 404 - "-" "Mozilla/5.0 (compatible; Ezooms/1.0; ezooms.bot@gmail.com)"
50.16.10.87 - - [30/Dec/2012:21:24:51 +0100] "GET / HTTP/1.1" 200 4286 "-" "Mozilla/5.0 (Windows NT 6.2; rv:9.0.1) Gecko/20100101 Firefox/9.0.1"
208.115.111.74 - - [31/Dec/2012:02:13:32 +0100] "GET /robots.txt HTTP/1.1" 404 - "-" "Mozilla/5.0 (compatible; Ezooms/1.0; ezooms.bot@gmail.com)"