52.53.201.78 - - [14/Apr/2019:00:03:55 +0200] "GET / HTTP/1.1" 200 3632 "-" "Mozilla/5.0 (Macintosh; Intel Mac OS X 10_12_6) AppleWebKit/537.36 (KHTML, like Gecko) Chrome/61.0.3163.100 Safari/537.36"
66.249.66.214 - - [14/Apr/2019:03:07:13 +0200] "GET /robots.txt HTTP/1.1" 404 1256 "-" "Mozilla/5.0 (compatible; Googlebot/2.1; +http://www.google.com/bot.html)"
66.249.66.218 - - [14/Apr/2019:03:07:13 +0200] "GET / HTTP/1.1" 200 3632 "-" "Mozilla/5.0 (compatible; Googlebot/2.1; +http://www.google.com/bot.html)"
66.249.66.214 - - [14/Apr/2019:04:01:37 +0200] "GET / HTTP/1.1" 200 3632 "-" "Mozilla/5.0 (Linux; Android 6.0.1; Nexus 5X Build/MMB29P) AppleWebKit/537.36 (KHTML, like Gecko) Chrome/41.0.2272.96 Mobile Safari/537.36 (compatible; Googlebot/2.1; +http://www.google.com/bot.html)"
66.249.66.216 - - [14/Apr/2019:04:01:40 +0200] "GET /css/style.css HTTP/1.1" 200 1159 "http://www.just-malerei.de/" "Mozilla/5.0 (Linux; Android 6.0.1; Nexus 5X Build/MMB29P) AppleWebKit/537.36 (KHTML, like Gecko) Chrome/41.0.2272.96 Mobile Safari/537.36 (compatible; Googlebot/2.1; +http://www.google.com/bot.html)"
157.55.39.37 - - [14/Apr/2019:04:29:02 +0200] "GET /robots.txt HTTP/1.1" 404 1256 "-" "Mozilla/5.0 (compatible; bingbot/2.0; +http://www.bing.com/bingbot.htm)"
40.77.167.208 - - [14/Apr/2019:04:31:48 +0200] "GET / HTTP/1.1" 200 3632 "-" "Mozilla/5.0 (compatible; bingbot/2.0; +http://www.bing.com/bingbot.htm)"
180.76.15.162 - - [14/Apr/2019:04:47:50 +0200] "GET /js/plugins.js HTTP/1.1" 200 898 "-" "Mozilla/5.0 (compatible; Baiduspider/2.0; +http://www.baidu.com/search/spider.html)"
104.148.64.26 - - [14/Apr/2019:05:25:31 +0200] "GET /wp-content/plugins/dzs-videogallery/admin/dzsuploader/upload.js HTTP/1.1" 404 1256 "http://www.just-malerei.de/wp-content/plugins/dzs-videogallery/admin/dzsuploader/upload.js" "Mozilla/5.0 (Windows NT 6.1; WOW64) AppleWebKit/537.36 (KHTML, like Gecko) Chrome/42.0.2311.152 Safari/537.36"
157.55.39.202 - - [14/Apr/2019:12:11:13 +0200] "GET / HTTP/1.1" 304 - "-" "Mozilla/5.0 (compatible; bingbot/2.0; +http://www.bing.com/bingbot.htm)"
80.148.18.172 - - [14/Apr/2019:18:06:27 +0200] "GET / HTTP/1.1" 200 3632 "-" "Mozilla / 5.0(Windows NT 10.0; Win64; x64) AppleWebKit / 537.36(KHTML, like Gecko) Chrome / 71.0.3578.98 Safari / 537.36"
80.148.18.172 - - [14/Apr/2019:18:06:27 +0200] "GET /impressum.html HTTP/1.1" 200 4742 "-" "Mozilla / 5.0(Windows NT 10.0; Win64; x64) AppleWebKit / 537.36(KHTML, like Gecko) Chrome / 71.0.3578.98 Safari / 537.36"
80.148.18.172 - - [14/Apr/2019:18:06:27 +0200] "GET /kontakt.html HTTP/1.1" 200 4348 "-" "Mozilla / 5.0(Windows NT 10.0; Win64; x64) AppleWebKit / 537.36(KHTML, like Gecko) Chrome / 71.0.3578.98 Safari / 537.36"
78.46.49.186 - - [14/Apr/2019:22:09:39 +0200] "GET /robots.txt HTTP/1.1" 404 1256 "-" "ImplisenseBot 1.1"
78.46.49.186 - - [14/Apr/2019:22:09:39 +0200] "GET / HTTP/1.1" 200 3632 "-" "ImplisenseBot 1.1"
78.46.49.186 - - [14/Apr/2019:22:09:40 +0200] "GET /impressum.html HTTP/1.1" 200 4742 "-" "ImplisenseBot 1.1"
78.46.49.186 - - [14/Apr/2019:22:09:41 +0200] "GET /kontakt.html HTTP/1.1" 200 4348 "-" "ImplisenseBot 1.1"
78.46.49.186 - - [14/Apr/2019:22:09:41 +0200] "GET /index.html HTTP/1.1" 200 3632 "-" "ImplisenseBot 1.1"
13.66.139.1 - - [15/Apr/2019:02:34:19 +0200] "GET /robots.txt HTTP/1.1" 404 1256 "-" "Mozilla/5.0 (compatible; bingbot/2.0; +http://www.bing.com/bingbot.htm)"
13.66.139.0 - - [15/Apr/2019:02:34:21 +0200] "GET / HTTP/1.1" 304 - "-" "Mozilla/5.0 (compatible; bingbot/2.0; +http://www.bing.com/bingbot.htm)"
80.241.209.28 - - [15/Apr/2019:04:39:22 +0200] "GET /robots.txt HTTP/1.1" 404 1256 "-" "Mozilla/5.0 (compatible; MJ12bot/v1.4.8; http://mj12bot.com/)"
80.241.209.28 - - [15/Apr/2019:04:39:26 +0200] "GET /impressum.html HTTP/1.1" 200 4742 "-" "Mozilla/5.0 (compatible; MJ12bot/v1.4.8; http://mj12bot.com/)"
66.249.66.216 - - [15/Apr/2019:04:52:08 +0200] "GET /robots.txt HTTP/1.1" 404 1256 "-" "Mozilla/5.0 (compatible; Googlebot/2.1; +http://www.google.com/bot.html)"
66.249.66.218 - - [15/Apr/2019:04:52:08 +0200] "GET / HTTP/1.1" 200 3632 "-" "Mozilla/5.0 (Linux; Android 6.0.1; Nexus 5X Build/MMB29P) AppleWebKit/537.36 (KHTML, like Gecko) Chrome/41.0.2272.96 Mobile Safari/537.36 (compatible; Googlebot/2.1; +http://www.google.com/bot.html)"
207.46.13.179 - - [15/Apr/2019:07:36:56 +0200] "GET / HTTP/1.1" 200 3632 "-" "Mozilla/5.0 (compatible; bingbot/2.0; +http://www.bing.com/bingbot.htm)"
66.249.66.218 - - [15/Apr/2019:11:03:55 +0200] "GET /impressum.html HTTP/1.1" 200 4742 "-" "Mozilla/5.0 (Linux; Android 6.0.1; Nexus 5X Build/MMB29P) AppleWebKit/537.36 (KHTML, like Gecko) Chrome/41.0.2272.96 Mobile Safari/537.36 (compatible; Googlebot/2.1; +http://www.google.com/bot.html)"
104.236.99.28 - - [15/Apr/2019:12:47:32 +0200] "GET / HTTP/1.1" 200 3632 "-" "Mozilla/5.0 (X11; Datanyze; Linux x86_64) AppleWebKit/537.36 (KHTML, like Gecko) Chrome/65.0.3325.181 Safari/537.36"
104.236.99.28 - - [15/Apr/2019:12:47:33 +0200] "GET /js/libs/modernizr-2.5.3.min.js HTTP/1.1" 200 15274 "http://www.just-malerei.de/" "Mozilla/5.0 (X11; Datanyze; Linux x86_64) AppleWebKit/537.36 (KHTML, like Gecko) Chrome/65.0.3325.181 Safari/537.36"
104.236.99.28 - - [15/Apr/2019:12:47:33 +0200] "GET /js/plugins.js HTTP/1.1" 200 898 "http://www.just-malerei.de/" "Mozilla/5.0 (X11; Datanyze; Linux x86_64) AppleWebKit/537.36 (KHTML, like Gecko) Chrome/65.0.3325.181 Safari/537.36"
136.243.83.54 - - [16/Apr/2019:01:05:46 +0200] "GET /robots.txt HTTP/1.1" 404 1256 "-" "Mozilla/5.0 (compatible; MetaJobBot; http://www.metajob.de/crawler)"
136.243.83.54 - - [16/Apr/2019:01:05:46 +0200] "GET /kontakt.html HTTP/1.1" 200 4348 "-" "Mozilla/5.0 (compatible; MetaJobBot; http://www.metajob.de/crawler)"
104.148.64.26 - - [16/Apr/2019:02:14:43 +0200] "GET /modules/homepageadvertise2/uploadimage.php HTTP/1.1" 404 1256 "http://www.just-malerei.de/modules/homepageadvertise2/uploadimage.php" "Mozilla/5.0 (Windows NT 6.1; WOW64) AppleWebKit/537.36 (KHTML, like Gecko) Chrome/42.0.2311.152 Safari/537.36"
52.53.201.78 - - [16/Apr/2019:08:08:09 +0200] "GET / HTTP/1.1" 200 3632 "-" "Mozilla/5.0 (Macintosh; Intel Mac OS X 10_12_6) AppleWebKit/537.36 (KHTML, like Gecko) Chrome/61.0.3163.100 Safari/537.36"
66.249.66.216 - - [16/Apr/2019:14:29:41 +0200] "GET /robots.txt HTTP/1.1" 404 1256 "-" "Mozilla/5.0 (compatible; Googlebot/2.1; +http://www.google.com/bot.html)"
66.249.66.214 - - [16/Apr/2019:14:29:41 +0200] "GET / HTTP/1.1" 200 3632 "-" "Mozilla/5.0 (Linux; Android 6.0.1; Nexus 5X Build/MMB29P) AppleWebKit/537.36 (KHTML, like Gecko) Chrome/41.0.2272.96 Mobile Safari/537.36 (compatible; Googlebot/2.1; +http://www.google.com/bot.html)"
144.76.92.113 - - [16/Apr/2019:20:31:17 +0200] "GET / HTTP/1.1" 200 3632 "-" "BacklinkCrawler (http://www.backlinktest.com/crawler.html)"
144.76.92.113 - - [16/Apr/2019:20:31:17 +0200] "GET /robots.txt HTTP/1.1" 404 1256 "-" "BacklinkCrawler (http://www.backlinktest.com/crawler.html)"
144.76.92.113 - - [16/Apr/2019:20:31:19 +0200] "GET /kontakt.html HTTP/1.1" 200 4348 "-" "BacklinkCrawler (http://www.backlinktest.com/crawler.html)"
144.76.92.113 - - [16/Apr/2019:20:31:23 +0200] "GET /index.html HTTP/1.1" 200 3632 "-" "BacklinkCrawler (http://www.backlinktest.com/crawler.html)"
144.76.92.113 - - [16/Apr/2019:20:31:25 +0200] "GET /impressum.html HTTP/1.1" 200 4742 "-" "BacklinkCrawler (http://www.backlinktest.com/crawler.html)"
46.235.201.45 - - [16/Apr/2019:22:54:39 +0200] "GET /impressum.html HTTP/1.1" 200 4742 "-" "Mozilla/5.0 (Windows NT 6.3; WOW64; rv:46.0) Gecko/20100101 Firefox/46.0"
95.128.200.200 - - [16/Apr/2019:22:58:20 +0200] "GET / HTTP/1.1" 200 3632 "https://www.google.de" "Mozilla/5.0 (Windows NT 6.1) AppleWebKit/537.36 (KHTML, like Gecko) Chrome/41.0.2228.0 Safari/537.36"
66.249.66.214 - - [16/Apr/2019:23:14:43 +0200] "GET / HTTP/1.1" 200 3632 "-" "Mozilla/5.0 (Linux; Android 6.0.1; Nexus 5X Build/MMB29P) AppleWebKit/537.36 (KHTML, like Gecko) Chrome/41.0.2272.96 Mobile Safari/537.36 (compatible; Googlebot/2.1; +http://www.google.com/bot.html)"
213.136.71.25 - - [17/Apr/2019:00:54:20 +0200] "GET / HTTP/1.1" 200 3632 "-" "Mozilla/5.0 (Windows NT 6.3; WOW64) AppleWebKit/537.36 (KHTML, like Gecko) Chrome/40.0.2214.115 Safari/537.36"
213.136.71.25 - - [17/Apr/2019:00:55:26 +0200] "GET /kontakt.html HTTP/1.1" 200 4348 "-" "Mozilla/5.0 (Windows NT 6.3; WOW64) AppleWebKit/537.36 (KHTML, like Gecko) Chrome/40.0.2214.115 Safari/537.36"
213.136.71.25 - - [17/Apr/2019:00:56:52 +0200] "GET /impressum.html HTTP/1.1" 200 4742 "-" "Mozilla/5.0 (Windows NT 6.3; WOW64) AppleWebKit/537.36 (KHTML, like Gecko) Chrome/40.0.2214.115 Safari/537.36"
136.243.83.54 - - [17/Apr/2019:01:02:04 +0200] "GET /index.html HTTP/1.1" 200 3632 "-" "Mozilla/5.0 (compatible; MetaJobBot; http://www.metajob.de/crawler)"
18.191.65.134 - - [17/Apr/2019:07:02:19 +0200] "GET / HTTP/1.1" 200 3632 "-" "Mozilla/5.0 (X11; Linux x86_64) AppleWebKit/537.36 (KHTML, like Gecko) Chrome/60.0.3112.50 Safari/537.36"
18.191.65.134 - - [17/Apr/2019:07:02:19 +0200] "GET / HTTP/1.1" 200 3632 "-" "Mozilla/5.0 (X11; Linux x86_64) AppleWebKit/537.36 (KHTML, like Gecko) Chrome/60.0.3112.50 Safari/537.36"
18.191.65.134 - - [17/Apr/2019:07:02:19 +0200] "GET /css/style.css HTTP/1.1" 200 1159 "http://www.just-malerei.de/" "Mozilla/5.0 (X11; Linux x86_64) AppleWebKit/537.36 (KHTML, like Gecko) Chrome/60.0.3112.50 Safari/537.36"
18.191.65.134 - - [17/Apr/2019:07:02:19 +0200] "GET /js/libs/modernizr-2.5.3.min.js HTTP/1.1" 200 15274 "http://www.just-malerei.de/" "Mozilla/5.0 (X11; Linux x86_64) AppleWebKit/537.36 (KHTML, like Gecko) Chrome/60.0.3112.50 Safari/537.36"
18.191.65.134 - - [17/Apr/2019:07:02:19 +0200] "GET /js/plugins.js HTTP/1.1" 200 898 "http://www.just-malerei.de/" "Mozilla/5.0 (X11; Linux x86_64) AppleWebKit/537.36 (KHTML, like Gecko) Chrome/60.0.3112.50 Safari/537.36"
66.249.66.216 - - [17/Apr/2019:08:58:14 +0200] "GET /robots.txt HTTP/1.1" 404 1256 "-" "Mozilla/5.0 (compatible; Googlebot/2.1; +http://www.google.com/bot.html)"
66.249.66.214 - - [17/Apr/2019:08:58:14 +0200] "GET / HTTP/1.1" 200 3632 "-" "Mozilla/5.0 (Linux; Android 6.0.1; Nexus 5X Build/MMB29P) AppleWebKit/537.36 (KHTML, like Gecko) Chrome/41.0.2272.96 Mobile Safari/537.36 (compatible; Googlebot/2.1; +http://www.google.com/bot.html)"
82.208.160.181 - - [17/Apr/2019:09:27:52 +0200] "GET /impressum.html HTTP/1.1" 200 4742 "-" "Mozilla/5.0 (compatible& Googlebot/2.1& +http://www.google.com/bot.html)"
82.208.160.181 - - [17/Apr/2019:09:27:52 +0200] "GET /impressum.html HTTP/1.1" 200 4742 "-" "Mozilla/5.0 (Linux; U; Android 4.0.3; ko-kr; LG-L160L Build/IML74K) AppleWebkit/534.30 (KHTML, like Gecko) Version/4.0 Mobile Safari/534.30"
66.249.66.214 - - [17/Apr/2019:09:28:10 +0200] "GET / HTTP/1.1" 200 3632 "-" "Mozilla/5.0 (compatible; Googlebot/2.1; +http://www.google.com/bot.html)"
13.77.168.247 - - [17/Apr/2019:12:32:52 +0200] "GET / HTTP/1.1" 200 3632 "-" "Mozilla/5.0 (Windows NT 10.0; Win64; x64) AppleWebKit/537.36 (KHTML, like Gecko) Chrome/66.0.3359.181 Safari/537.36"
82.208.160.181 - - [17/Apr/2019:12:45:54 +0200] "GET /kontakt.html HTTP/1.1" 200 4348 "-" "Mozilla/5.0 (compatible& Googlebot/2.1& +http://www.google.com/bot.html)"
82.208.160.181 - - [17/Apr/2019:12:45:54 +0200] "GET /kontakt.html HTTP/1.1" 200 4348 "-" "Mozilla/5.0 (Linux; U; Android 4.0.3; ko-kr; LG-L160L Build/IML74K) AppleWebkit/534.30 (KHTML, like Gecko) Version/4.0 Mobile Safari/534.30"
104.148.64.26 - - [17/Apr/2019:13:27:33 +0200] "GET /wp-content/themes/purevision/style.css HTTP/1.1" 404 1256 "http://www.just-malerei.de/wp-content/themes/purevision/style.css" "Mozilla/5.0 (Windows NT 6.1; WOW64) AppleWebKit/537.36 (KHTML, like Gecko) Chrome/42.0.2311.152 Safari/537.36"
88.99.60.216 - - [17/Apr/2019:20:41:19 +0200] "GET / HTTP/1.1" 200 3632 "-" "Mozilla/5.0 (Windows; U; Windows NT 6.1; de; rv:1.9.2.12) Gecko/20101026 Firefox/3.6.12"
82.98.107.238 - - [17/Apr/2019:22:24:44 +0200] "GET /robots.txt HTTP/1.1" 404 1256 "-" "Mozilla/5.0 (Macintosh; Intel Mac OS X 10_8) AppleWebKit/536.25 (KHTML, like Gecko) Version/6.0 Safari/536.25"
35.240.101.134 - - [18/Apr/2019:09:43:22 +0200] "GET /robots.txt HTTP/1.1" 404 1256 "-" "Mozilla/5.0 (compatible; Googlebot/2.1; +http://enlite.ai)"
35.240.101.134 - - [18/Apr/2019:09:43:25 +0200] "GET / HTTP/1.1" 200 3632 "-" "Mozilla/5.0 (compatible; Googlebot/2.1; +http://enlite.ai)"
35.240.101.134 - - [18/Apr/2019:09:43:28 +0200] "GET /impressum.html HTTP/1.1" 200 4742 "-" "Mozilla/5.0 (compatible; Googlebot/2.1; +http://enlite.ai)"
35.240.101.134 - - [18/Apr/2019:09:43:33 +0200] "GET /kontakt.html HTTP/1.1" 200 4348 "-" "Mozilla/5.0 (compatible; Googlebot/2.1; +http://enlite.ai)"
35.240.101.134 - - [18/Apr/2019:09:43:36 +0200] "GET /index.html HTTP/1.1" 200 3632 "-" "Mozilla/5.0 (compatible; Googlebot/2.1; +http://enlite.ai)"
35.240.101.134 - - [18/Apr/2019:10:45:25 +0200] "GET / HTTP/1.1" 200 3632 "-" "Mozilla/5.0 (compatible; Googlebot/2.1; +http://enlite.ai)"
35.240.101.134 - - [18/Apr/2019:10:45:35 +0200] "GET /impressum.html HTTP/1.1" 200 4742 "-" "Mozilla/5.0 (compatible; Googlebot/2.1; +http://enlite.ai)"
35.240.101.134 - - [18/Apr/2019:10:45:45 +0200] "GET /kontakt.html HTTP/1.1" 200 4348 "-" "Mozilla/5.0 (compatible; Googlebot/2.1; +http://enlite.ai)"
35.240.101.134 - - [18/Apr/2019:10:45:57 +0200] "GET /index.html HTTP/1.1" 200 3632 "-" "Mozilla/5.0 (compatible; Googlebot/2.1; +http://enlite.ai)"
35.240.101.134 - - [18/Apr/2019:11:50:18 +0200] "GET / HTTP/1.1" 200 3632 "-" "Mozilla/5.0 (compatible; Googlebot/2.1; +http://enlite.ai)"
35.240.101.134 - - [18/Apr/2019:11:50:28 +0200] "GET /impressum.html HTTP/1.1" 200 4742 "-" "Mozilla/5.0 (compatible; Googlebot/2.1; +http://enlite.ai)"
35.240.101.134 - - [18/Apr/2019:11:50:36 +0200] "GET /kontakt.html HTTP/1.1" 200 4348 "-" "Mozilla/5.0 (compatible; Googlebot/2.1; +http://enlite.ai)"
35.240.101.134 - - [18/Apr/2019:11:50:45 +0200] "GET /index.html HTTP/1.1" 200 3632 "-" "Mozilla/5.0 (compatible; Googlebot/2.1; +http://enlite.ai)"
35.240.101.134 - - [18/Apr/2019:13:15:53 +0200] "GET / HTTP/1.1" 200 3632 "-" "Mozilla/5.0 (compatible; Googlebot/2.1; +http://enlite.ai)"
35.240.101.134 - - [18/Apr/2019:13:16:02 +0200] "GET /impressum.html HTTP/1.1" 200 4742 "-" "Mozilla/5.0 (compatible; Googlebot/2.1; +http://enlite.ai)"
35.240.101.134 - - [18/Apr/2019:13:16:11 +0200] "GET /kontakt.html HTTP/1.1" 200 4348 "-" "Mozilla/5.0 (compatible; Googlebot/2.1; +http://enlite.ai)"
35.240.101.134 - - [18/Apr/2019:13:16:20 +0200] "GET /index.html HTTP/1.1" 200 3632 "-" "Mozilla/5.0 (compatible; Googlebot/2.1; +http://enlite.ai)"
52.20.206.232 - - [18/Apr/2019:14:47:59 +0200] "GET /robots.txt HTTP/1.1" 404 1256 "-" "Version-2.1-IV-Smart-Agent/6.1.0"
52.20.206.232 - - [18/Apr/2019:14:47:59 +0200] "GET / HTTP/1.1" 200 3632 "-" "Version-2.1-IV-Smart-Agent/6.1.0"
52.53.201.78 - - [18/Apr/2019:15:46:43 +0200] "GET / HTTP/1.1" 200 3632 "-" "Mozilla/5.0 (Macintosh; Intel Mac OS X 10_12_6) AppleWebKit/537.36 (KHTML, like Gecko) Chrome/61.0.3163.100 Safari/537.36"
45.55.254.212 - - [18/Apr/2019:16:47:47 +0200] "GET / HTTP/1.1" 200 3632 "http://www.just-malerei.de" "Mozilla/5.0 (X11; Datanyze; Linux x86_64) AppleWebKit/537.36 (KHTML, like Gecko) Chrome/65.0.3325.181 Safari/537.36"
45.55.254.212 - - [18/Apr/2019:16:47:49 +0200] "GET /js/plugins.js HTTP/1.1" 200 898 "-" "Mozilla/5.0 (X11; Datanyze; Linux x86_64) AppleWebKit/537.36 (KHTML, like Gecko) Chrome/65.0.3325.181 Safari/537.36"
45.55.254.212 - - [18/Apr/2019:16:47:49 +0200] "GET /js/libs/modernizr-2.5.3.min.js HTTP/1.1" 200 15274 "-" "Mozilla/5.0 (X11; Datanyze; Linux x86_64) AppleWebKit/537.36 (KHTML, like Gecko) Chrome/65.0.3325.181 Safari/537.36"
45.55.254.212 - - [18/Apr/2019:16:47:49 +0200] "GET /css/style.css HTTP/1.1" 200 1159 "-" "Mozilla/5.0 (X11; Datanyze; Linux x86_64) AppleWebKit/537.36 (KHTML, like Gecko) Chrome/65.0.3325.181 Safari/537.36"
45.55.254.212 - - [18/Apr/2019:16:48:00 +0200] "GET /robots.txt HTTP/1.1" 404 1256 "-" "Mozilla/5.0 (Macintosh; Intel Mac OS X 10_9_2) AppleWebKit/537.36 (KHTML, like Gecko) Chrome/34.0.1847.131 Safari/537.36"
45.55.254.212 - - [18/Apr/2019:16:48:10 +0200] "GET /impressum.html HTTP/1.1" 200 4742 "http://www.just-malerei.de" "Mozilla/5.0 (X11; Datanyze; Linux x86_64) AppleWebKit/537.36 (KHTML, like Gecko) Chrome/65.0.3325.181 Safari/537.36"
45.55.254.212 - - [18/Apr/2019:16:48:10 +0200] "GET /kontakt.html HTTP/1.1" 200 4348 "http://www.just-malerei.de" "Mozilla/5.0 (X11; Datanyze; Linux x86_64) AppleWebKit/537.36 (KHTML, like Gecko) Chrome/65.0.3325.181 Safari/537.36"
35.240.101.134 - - [18/Apr/2019:16:51:58 +0200] "GET / HTTP/1.1" 200 3632 "-" "Mozilla/5.0 (compatible; Googlebot/2.1; +http://enlite.ai)"
35.240.101.134 - - [18/Apr/2019:16:52:08 +0200] "GET /impressum.html HTTP/1.1" 200 4742 "-" "Mozilla/5.0 (compatible; Googlebot/2.1; +http://enlite.ai)"
35.240.101.134 - - [18/Apr/2019:16:52:18 +0200] "GET /kontakt.html HTTP/1.1" 200 4348 "-" "Mozilla/5.0 (compatible; Googlebot/2.1; +http://enlite.ai)"
35.240.101.134 - - [18/Apr/2019:16:52:29 +0200] "GET /index.html HTTP/1.1" 200 3632 "-" "Mozilla/5.0 (compatible; Googlebot/2.1; +http://enlite.ai)"
66.249.64.56 - - [18/Apr/2019:17:08:01 +0200] "GET /robots.txt HTTP/1.1" 404 1256 "-" "Mozilla/5.0 (compatible; Googlebot/2.1; +http://www.google.com/bot.html)"
66.249.64.56 - - [18/Apr/2019:17:08:01 +0200] "GET / HTTP/1.1" 200 3632 "-" "Mozilla/5.0 (Linux; Android 6.0.1; Nexus 5X Build/MMB29P) AppleWebKit/537.36 (KHTML, like Gecko) Chrome/41.0.2272.96 Mobile Safari/537.36 (compatible; Googlebot/2.1; +http://www.google.com/bot.html)"
35.240.101.134 - - [18/Apr/2019:17:56:51 +0200] "GET / HTTP/1.1" 200 3632 "-" "Mozilla/5.0 (compatible; Googlebot/2.1; +http://enlite.ai)"
35.240.101.134 - - [18/Apr/2019:17:57:01 +0200] "GET /impressum.html HTTP/1.1" 200 4742 "-" "Mozilla/5.0 (compatible; Googlebot/2.1; +http://enlite.ai)"
35.240.101.134 - - [18/Apr/2019:17:57:12 +0200] "GET /kontakt.html HTTP/1.1" 200 4348 "-" "Mozilla/5.0 (compatible; Googlebot/2.1; +http://enlite.ai)"
35.240.101.134 - - [18/Apr/2019:17:57:25 +0200] "GET /index.html HTTP/1.1" 200 3632 "-" "Mozilla/5.0 (compatible; Googlebot/2.1; +http://enlite.ai)"
35.240.101.134 - - [18/Apr/2019:18:58:20 +0200] "GET / HTTP/1.1" 200 3632 "-" "Mozilla/5.0 (compatible; Googlebot/2.1; +http://enlite.ai)"
35.240.101.134 - - [18/Apr/2019:18:58:29 +0200] "GET /impressum.html HTTP/1.1" 200 4742 "-" "Mozilla/5.0 (compatible; Googlebot/2.1; +http://enlite.ai)"
35.240.101.134 - - [18/Apr/2019:18:58:39 +0200] "GET /kontakt.html HTTP/1.1" 200 4348 "-" "Mozilla/5.0 (compatible; Googlebot/2.1; +http://enlite.ai)"
35.240.101.134 - - [18/Apr/2019:18:58:52 +0200] "GET /index.html HTTP/1.1" 200 3632 "-" "Mozilla/5.0 (compatible; Googlebot/2.1; +http://enlite.ai)"
35.240.101.134 - - [18/Apr/2019:20:01:28 +0200] "GET / HTTP/1.1" 200 3632 "-" "Mozilla/5.0 (compatible; Googlebot/2.1; +http://enlite.ai)"
35.240.101.134 - - [18/Apr/2019:20:01:36 +0200] "GET /impressum.html HTTP/1.1" 200 4742 "-" "Mozilla/5.0 (compatible; Googlebot/2.1; +http://enlite.ai)"
35.240.101.134 - - [18/Apr/2019:20:01:46 +0200] "GET /kontakt.html HTTP/1.1" 200 4348 "-" "Mozilla/5.0 (compatible; Googlebot/2.1; +http://enlite.ai)"
35.240.101.134 - - [18/Apr/2019:20:01:56 +0200] "GET /index.html HTTP/1.1" 200 3632 "-" "Mozilla/5.0 (compatible; Googlebot/2.1; +http://enlite.ai)"
35.240.101.134 - - [18/Apr/2019:21:03:05 +0200] "GET / HTTP/1.1" 200 3632 "-" "Mozilla/5.0 (compatible; Googlebot/2.1; +http://enlite.ai)"
35.240.101.134 - - [18/Apr/2019:21:03:09 +0200] "GET /impressum.html HTTP/1.1" 200 4742 "-" "Mozilla/5.0 (compatible; Googlebot/2.1; +http://enlite.ai)"
35.240.101.134 - - [18/Apr/2019:21:03:13 +0200] "GET /kontakt.html HTTP/1.1" 200 4348 "-" "Mozilla/5.0 (compatible; Googlebot/2.1; +http://enlite.ai)"
35.240.101.134 - - [18/Apr/2019:21:03:18 +0200] "GET /index.html HTTP/1.1" 200 3632 "-" "Mozilla/5.0 (compatible; Googlebot/2.1; +http://enlite.ai)"
35.240.101.134 - - [18/Apr/2019:22:06:18 +0200] "GET / HTTP/1.1" 200 3632 "-" "Mozilla/5.0 (compatible; Googlebot/2.1; +http://enlite.ai)"
35.240.101.134 - - [18/Apr/2019:22:06:25 +0200] "GET /impressum.html HTTP/1.1" 200 4742 "-" "Mozilla/5.0 (compatible; Googlebot/2.1; +http://enlite.ai)"
35.240.101.134 - - [18/Apr/2019:22:06:33 +0200] "GET /kontakt.html HTTP/1.1" 200 4348 "-" "Mozilla/5.0 (compatible; Googlebot/2.1; +http://enlite.ai)"
35.240.101.134 - - [18/Apr/2019:22:06:42 +0200] "GET /index.html HTTP/1.1" 200 3632 "-" "Mozilla/5.0 (compatible; Googlebot/2.1; +http://enlite.ai)"
209.17.96.58 - - [18/Apr/2019:22:52:59 +0200] "GET / HTTP/1.1" 200 3632 "-" "Mozilla/5.0 (compatible; Nimbostratus-Bot/v1.3.2; http://cloudsystemnetworks.com)"
35.240.101.134 - - [18/Apr/2019:23:08:34 +0200] "GET / HTTP/1.1" 200 3632 "-" "Mozilla/5.0 (compatible; Googlebot/2.1; +http://enlite.ai)"
35.240.101.134 - - [18/Apr/2019:23:08:46 +0200] "GET /impressum.html HTTP/1.1" 200 4742 "-" "Mozilla/5.0 (compatible; Googlebot/2.1; +http://enlite.ai)"
35.240.101.134 - - [18/Apr/2019:23:08:57 +0200] "GET /kontakt.html HTTP/1.1" 200 4348 "-" "Mozilla/5.0 (compatible; Googlebot/2.1; +http://enlite.ai)"
35.240.101.134 - - [18/Apr/2019:23:09:07 +0200] "GET /index.html HTTP/1.1" 200 3632 "-" "Mozilla/5.0 (compatible; Googlebot/2.1; +http://enlite.ai)"
52.20.206.232 - - [18/Apr/2019:23:09:53 +0200] "GET /robots.txt HTTP/1.0" 404 1256 "-" "Version-2.1-IV-Smart-Agent/6.1.0"
52.20.206.232 - - [18/Apr/2019:23:09:53 +0200] "GET / HTTP/1.0" 200 3632 "-" "Version-2.1-IV-Smart-Agent/6.1.0"
35.240.101.134 - - [19/Apr/2019:00:09:05 +0200] "GET / HTTP/1.1" 200 3632 "-" "Mozilla/5.0 (compatible; Googlebot/2.1; +http://enlite.ai)"
35.240.101.134 - - [19/Apr/2019:00:09:14 +0200] "GET /impressum.html HTTP/1.1" 200 4742 "-" "Mozilla/5.0 (compatible; Googlebot/2.1; +http://enlite.ai)"
35.240.101.134 - - [19/Apr/2019:00:09:25 +0200] "GET /kontakt.html HTTP/1.1" 200 4348 "-" "Mozilla/5.0 (compatible; Googlebot/2.1; +http://enlite.ai)"
104.148.64.26 - - [19/Apr/2019:00:10:26 +0200] "GET /modules/simpleslideshow/uploadimage.php HTTP/1.1" 404 1256 "http://www.just-malerei.de/modules/simpleslideshow/uploadimage.php" "Mozilla/5.0 (Windows NT 6.1; WOW64) AppleWebKit/537.36 (KHTML, like Gecko) Chrome/42.0.2311.152 Safari/537.36"
35.240.101.134 - - [19/Apr/2019:00:29:18 +0200] "GET /index.html HTTP/1.1" 200 3632 "-" "Mozilla/5.0 (compatible; Googlebot/2.1; +http://enlite.ai)"
35.240.101.134 - - [19/Apr/2019:01:12:56 +0200] "GET / HTTP/1.1" 200 3632 "-" "Mozilla/5.0 (compatible; Googlebot/2.1; +http://enlite.ai)"
35.240.101.134 - - [19/Apr/2019:01:13:05 +0200] "GET /impressum.html HTTP/1.1" 200 4742 "-" "Mozilla/5.0 (compatible; Googlebot/2.1; +http://enlite.ai)"
35.240.101.134 - - [19/Apr/2019:01:13:13 +0200] "GET /kontakt.html HTTP/1.1" 200 4348 "-" "Mozilla/5.0 (compatible; Googlebot/2.1; +http://enlite.ai)"
35.240.101.134 - - [19/Apr/2019:01:31:33 +0200] "GET /index.html HTTP/1.1" 200 3632 "-" "Mozilla/5.0 (compatible; Googlebot/2.1; +http://enlite.ai)"
35.240.101.134 - - [19/Apr/2019:02:15:43 +0200] "GET / HTTP/1.1" 200 3632 "-" "Mozilla/5.0 (compatible; Googlebot/2.1; +http://enlite.ai)"
35.240.101.134 - - [19/Apr/2019:02:15:47 +0200] "GET /impressum.html HTTP/1.1" 200 4742 "-" "Mozilla/5.0 (compatible; Googlebot/2.1; +http://enlite.ai)"
35.240.101.134 - - [19/Apr/2019:02:15:50 +0200] "GET /kontakt.html HTTP/1.1" 200 4348 "-" "Mozilla/5.0 (compatible; Googlebot/2.1; +http://enlite.ai)"
35.240.101.134 - - [19/Apr/2019:02:34:43 +0200] "GET /index.html HTTP/1.1" 200 3632 "-" "Mozilla/5.0 (compatible; Googlebot/2.1; +http://enlite.ai)"
35.240.101.134 - - [19/Apr/2019:03:20:15 +0200] "GET / HTTP/1.1" 200 3632 "-" "Mozilla/5.0 (compatible; Googlebot/2.1; +http://enlite.ai)"
35.240.101.134 - - [19/Apr/2019:03:20:22 +0200] "GET /impressum.html HTTP/1.1" 200 4742 "-" "Mozilla/5.0 (compatible; Googlebot/2.1; +http://enlite.ai)"
35.240.101.134 - - [19/Apr/2019:03:20:32 +0200] "GET /kontakt.html HTTP/1.1" 200 4348 "-" "Mozilla/5.0 (compatible; Googlebot/2.1; +http://enlite.ai)"
66.249.64.54 - - [19/Apr/2019:03:21:23 +0200] "GET / HTTP/1.1" 200 3632 "-" "Mozilla/5.0 (Linux; Android 6.0.1; Nexus 5X Build/MMB29P) AppleWebKit/537.36 (KHTML, like Gecko) Chrome/41.0.2272.96 Mobile Safari/537.36 (compatible; Googlebot/2.1; +http://www.google.com/bot.html)"
66.249.64.56 - - [19/Apr/2019:03:21:25 +0200] "GET /css/style.css HTTP/1.1" 200 1159 "http://www.just-malerei.de/" "Mozilla/5.0 (Linux; Android 6.0.1; Nexus 5X Build/MMB29P) AppleWebKit/537.36 (KHTML, like Gecko) Chrome/41.0.2272.96 Mobile Safari/537.36 (compatible; Googlebot/2.1; +http://www.google.com/bot.html)"
35.240.101.134 - - [19/Apr/2019:03:36:39 +0200] "GET /index.html HTTP/1.1" 200 3632 "-" "Mozilla/5.0 (compatible; Googlebot/2.1; +http://enlite.ai)"
35.240.101.134 - - [19/Apr/2019:04:23:24 +0200] "GET / HTTP/1.1" 200 3632 "-" "Mozilla/5.0 (compatible; Googlebot/2.1; +http://enlite.ai)"
35.240.101.134 - - [19/Apr/2019:04:23:33 +0200] "GET /impressum.html HTTP/1.1" 200 4742 "-" "Mozilla/5.0 (compatible; Googlebot/2.1; +http://enlite.ai)"
35.240.101.134 - - [19/Apr/2019:04:23:40 +0200] "GET /kontakt.html HTTP/1.1" 200 4348 "-" "Mozilla/5.0 (compatible; Googlebot/2.1; +http://enlite.ai)"
35.240.101.134 - - [19/Apr/2019:04:41:23 +0200] "GET /index.html HTTP/1.1" 200 3632 "-" "Mozilla/5.0 (compatible; Googlebot/2.1; +http://enlite.ai)"
35.240.101.134 - - [19/Apr/2019:05:27:59 +0200] "GET / HTTP/1.1" 200 3632 "-" "Mozilla/5.0 (compatible; Googlebot/2.1; +http://enlite.ai)"
35.240.101.134 - - [19/Apr/2019:05:28:02 +0200] "GET /impressum.html HTTP/1.1" 200 4742 "-" "Mozilla/5.0 (compatible; Googlebot/2.1; +http://enlite.ai)"
35.240.101.134 - - [19/Apr/2019:05:28:05 +0200] "GET /kontakt.html HTTP/1.1" 200 4348 "-" "Mozilla/5.0 (compatible; Googlebot/2.1; +http://enlite.ai)"
35.240.101.134 - - [19/Apr/2019:06:19:52 +0200] "GET /index.html HTTP/1.1" 200 3632 "-" "Mozilla/5.0 (compatible; Googlebot/2.1; +http://enlite.ai)"
35.240.101.134 - - [19/Apr/2019:06:30:56 +0200] "GET / HTTP/1.1" 200 3632 "-" "Mozilla/5.0 (compatible; Googlebot/2.1; +http://enlite.ai)"
35.240.101.134 - - [19/Apr/2019:06:31:01 +0200] "GET /impressum.html HTTP/1.1" 200 4742 "-" "Mozilla/5.0 (compatible; Googlebot/2.1; +http://enlite.ai)"
35.240.101.134 - - [19/Apr/2019:06:31:05 +0200] "GET /kontakt.html HTTP/1.1" 200 4348 "-" "Mozilla/5.0 (compatible; Googlebot/2.1; +http://enlite.ai)"
35.240.101.134 - - [19/Apr/2019:07:21:21 +0200] "GET /index.html HTTP/1.1" 200 3632 "-" "Mozilla/5.0 (compatible; Googlebot/2.1; +http://enlite.ai)"
35.240.101.134 - - [19/Apr/2019:07:33:42 +0200] "GET / HTTP/1.1" 200 3632 "-" "Mozilla/5.0 (compatible; Googlebot/2.1; +http://enlite.ai)"
35.240.101.134 - - [19/Apr/2019:07:33:46 +0200] "GET /impressum.html HTTP/1.1" 200 4742 "-" "Mozilla/5.0 (compatible; Googlebot/2.1; +http://enlite.ai)"
35.240.101.134 - - [19/Apr/2019:07:33:49 +0200] "GET /kontakt.html HTTP/1.1" 200 4348 "-" "Mozilla/5.0 (compatible; Googlebot/2.1; +http://enlite.ai)"
35.240.101.134 - - [19/Apr/2019:08:29:49 +0200] "GET /index.html HTTP/1.1" 200 3632 "-" "Mozilla/5.0 (compatible; Googlebot/2.1; +http://enlite.ai)"
35.240.101.134 - - [19/Apr/2019:08:35:01 +0200] "GET / HTTP/1.1" 200 3632 "-" "Mozilla/5.0 (compatible; Googlebot/2.1; +http://enlite.ai)"
35.240.101.134 - - [19/Apr/2019:08:35:04 +0200] "GET /impressum.html HTTP/1.1" 200 4742 "-" "Mozilla/5.0 (compatible; Googlebot/2.1; +http://enlite.ai)"
35.240.101.134 - - [19/Apr/2019:08:35:07 +0200] "GET /kontakt.html HTTP/1.1" 200 4348 "-" "Mozilla/5.0 (compatible; Googlebot/2.1; +http://enlite.ai)"
35.240.101.134 - - [19/Apr/2019:09:31:21 +0200] "GET /index.html HTTP/1.1" 200 3632 "-" "Mozilla/5.0 (compatible; Googlebot/2.1; +http://enlite.ai)"
35.240.101.134 - - [19/Apr/2019:09:45:11 +0200] "GET /robots.txt HTTP/1.1" 404 1256 "-" "Mozilla/5.0 (compatible; Googlebot/2.1; +http://enlite.ai)"
35.240.101.134 - - [19/Apr/2019:09:45:27 +0200] "GET / HTTP/1.1" 200 3632 "-" "Mozilla/5.0 (compatible; Googlebot/2.1; +http://enlite.ai)"
35.240.101.134 - - [19/Apr/2019:09:45:41 +0200] "GET /impressum.html HTTP/1.1" 200 4742 "-" "Mozilla/5.0 (compatible; Googlebot/2.1; +http://enlite.ai)"
35.240.101.134 - - [19/Apr/2019:09:45:56 +0200] "GET /kontakt.html HTTP/1.1" 200 4348 "-" "Mozilla/5.0 (compatible; Googlebot/2.1; +http://enlite.ai)"
35.240.101.134 - - [19/Apr/2019:10:33:03 +0200] "GET /index.html HTTP/1.1" 200 3632 "-" "Mozilla/5.0 (compatible; Googlebot/2.1; +http://enlite.ai)"
35.240.101.134 - - [19/Apr/2019:10:49:55 +0200] "GET / HTTP/1.1" 200 3632 "-" "Mozilla/5.0 (compatible; Googlebot/2.1; +http://enlite.ai)"
35.240.101.134 - - [19/Apr/2019:10:50:09 +0200] "GET /impressum.html HTTP/1.1" 200 4742 "-" "Mozilla/5.0 (compatible; Googlebot/2.1; +http://enlite.ai)"
35.240.101.134 - - [19/Apr/2019:10:50:21 +0200] "GET /kontakt.html HTTP/1.1" 200 4348 "-" "Mozilla/5.0 (compatible; Googlebot/2.1; +http://enlite.ai)"
35.240.101.134 - - [19/Apr/2019:11:34:23 +0200] "GET /index.html HTTP/1.1" 200 3632 "-" "Mozilla/5.0 (compatible; Googlebot/2.1; +http://enlite.ai)"
52.20.206.232 - - [19/Apr/2019:11:43:29 +0200] "GET /robots.txt HTTP/1.0" 404 1256 "-" "Version-2.1-IV-Smart-Agent/6.1.0"
52.20.206.232 - - [19/Apr/2019:11:43:29 +0200] "GET / HTTP/1.0" 200 3632 "-" "Version-2.1-IV-Smart-Agent/6.1.0"
35.240.101.134 - - [19/Apr/2019:11:55:13 +0200] "GET / HTTP/1.1" 200 3632 "-" "Mozilla/5.0 (compatible; Googlebot/2.1; +http://enlite.ai)"
35.240.101.134 - - [19/Apr/2019:11:55:25 +0200] "GET /impressum.html HTTP/1.1" 200 4742 "-" "Mozilla/5.0 (compatible; Googlebot/2.1; +http://enlite.ai)"
35.240.101.134 - - [19/Apr/2019:11:55:34 +0200] "GET /kontakt.html HTTP/1.1" 200 4348 "-" "Mozilla/5.0 (compatible; Googlebot/2.1; +http://enlite.ai)"
159.203.118.67 - - [19/Apr/2019:12:04:53 +0200] "GET / HTTP/1.1" 200 3632 "-" "Mozilla/5.0 (X11; Datanyze; Linux x86_64) AppleWebKit/537.36 (KHTML, like Gecko) Chrome/65.0.3325.181 Safari/537.36"
159.203.118.67 - - [19/Apr/2019:12:04:54 +0200] "GET /js/libs/modernizr-2.5.3.min.js HTTP/1.1" 200 15274 "http://www.just-malerei.de/" "Mozilla/5.0 (X11; Datanyze; Linux x86_64) AppleWebKit/537.36 (KHTML, like Gecko) Chrome/65.0.3325.181 Safari/537.36"
159.203.118.67 - - [19/Apr/2019:12:04:54 +0200] "GET /js/plugins.js HTTP/1.1" 200 898 "http://www.just-malerei.de/" "Mozilla/5.0 (X11; Datanyze; Linux x86_64) AppleWebKit/537.36 (KHTML, like Gecko) Chrome/65.0.3325.181 Safari/537.36"
35.240.101.134 - - [19/Apr/2019:12:40:31 +0200] "GET /index.html HTTP/1.1" 200 3632 "-" "Mozilla/5.0 (compatible; Googlebot/2.1; +http://enlite.ai)"
35.240.101.134 - - [19/Apr/2019:13:19:12 +0200] "GET / HTTP/1.1" 200 3632 "-" "Mozilla/5.0 (compatible; Googlebot/2.1; +http://enlite.ai)"
35.240.101.134 - - [19/Apr/2019:13:19:16 +0200] "GET /impressum.html HTTP/1.1" 200 4742 "-" "Mozilla/5.0 (compatible; Googlebot/2.1; +http://enlite.ai)"
35.240.101.134 - - [19/Apr/2019:13:19:19 +0200] "GET /kontakt.html HTTP/1.1" 200 4348 "-" "Mozilla/5.0 (compatible; Googlebot/2.1; +http://enlite.ai)"
35.240.101.134 - - [19/Apr/2019:13:43:17 +0200] "GET /index.html HTTP/1.1" 200 3632 "-" "Mozilla/5.0 (compatible; Googlebot/2.1; +http://enlite.ai)"
66.249.66.218 - - [19/Apr/2019:14:03:42 +0200] "GET /robots.txt HTTP/1.1" 404 1256 "-" "Mozilla/5.0 (compatible; Googlebot/2.1; +http://www.google.com/bot.html)"
66.249.66.216 - - [19/Apr/2019:14:03:42 +0200] "GET / HTTP/1.1" 200 3632 "-" "Mozilla/5.0 (Linux; Android 6.0.1; Nexus 5X Build/MMB29P) AppleWebKit/537.36 (KHTML, like Gecko) Chrome/41.0.2272.96 Mobile Safari/537.36 (compatible; Googlebot/2.1; +http://www.google.com/bot.html)"
66.249.66.214 - - [19/Apr/2019:14:03:47 +0200] "GET /css/style.css HTTP/1.1" 200 1159 "http://www.just-malerei.de/" "Mozilla/5.0 (Linux; Android 6.0.1; Nexus 5X Build/MMB29P) AppleWebKit/537.36 (KHTML, like Gecko) Chrome/41.0.2272.96 Mobile Safari/537.36 (compatible; Googlebot/2.1; +http://www.google.com/bot.html)"
66.249.66.216 - - [19/Apr/2019:14:03:48 +0200] "GET /js/libs/modernizr-2.5.3.min.js HTTP/1.1" 200 15274 "http://www.just-malerei.de/" "Mozilla/5.0 (Linux; Android 6.0.1; Nexus 5X Build/MMB29P) AppleWebKit/537.36 (KHTML, like Gecko) Chrome/41.0.2272.96 Mobile Safari/537.36 (compatible; Googlebot/2.1; +http://www.google.com/bot.html)"
35.240.101.134 - - [19/Apr/2019:14:23:23 +0200] "GET / HTTP/1.1" 200 3632 "-" "Mozilla/5.0 (compatible; Googlebot/2.1; +http://enlite.ai)"
35.240.101.134 - - [19/Apr/2019:14:23:26 +0200] "GET /impressum.html HTTP/1.1" 200 4742 "-" "Mozilla/5.0 (compatible; Googlebot/2.1; +http://enlite.ai)"
35.240.101.134 - - [19/Apr/2019:14:23:29 +0200] "GET /kontakt.html HTTP/1.1" 200 4348 "-" "Mozilla/5.0 (compatible; Googlebot/2.1; +http://enlite.ai)"
35.240.101.134 - - [19/Apr/2019:14:44:51 +0200] "GET /index.html HTTP/1.1" 200 3632 "-" "Mozilla/5.0 (compatible; Googlebot/2.1; +http://enlite.ai)"
157.55.39.39 - - [19/Apr/2019:15:00:52 +0200] "GET /robots.txt HTTP/1.1" 404 1256 "-" "Mozilla/5.0 (compatible; bingbot/2.0; +http://www.bing.com/bingbot.htm)"
207.46.13.95 - - [19/Apr/2019:15:00:58 +0200] "GET / HTTP/1.1" 304 - "-" "Mozilla/5.0 (compatible; bingbot/2.0; +http://www.bing.com/bingbot.htm)"
35.240.101.134 - - [19/Apr/2019:15:27:10 +0200] "GET / HTTP/1.1" 200 3632 "-" "Mozilla/5.0 (compatible; Googlebot/2.1; +http://enlite.ai)"
35.240.101.134 - - [19/Apr/2019:15:27:13 +0200] "GET /impressum.html HTTP/1.1" 200 4742 "-" "Mozilla/5.0 (compatible; Googlebot/2.1; +http://enlite.ai)"
35.240.101.134 - - [19/Apr/2019:15:27:16 +0200] "GET /kontakt.html HTTP/1.1" 200 4348 "-" "Mozilla/5.0 (compatible; Googlebot/2.1; +http://enlite.ai)"
35.240.101.134 - - [19/Apr/2019:15:46:59 +0200] "GET /index.html HTTP/1.1" 200 3632 "-" "Mozilla/5.0 (compatible; Googlebot/2.1; +http://enlite.ai)"
35.240.101.134 - - [19/Apr/2019:16:30:24 +0200] "GET / HTTP/1.1" 200 3632 "-" "Mozilla/5.0 (compatible; Googlebot/2.1; +http://enlite.ai)"
35.240.101.134 - - [19/Apr/2019:16:30:28 +0200] "GET /impressum.html HTTP/1.1" 200 4742 "-" "Mozilla/5.0 (compatible; Googlebot/2.1; +http://enlite.ai)"
35.240.101.134 - - [19/Apr/2019:16:30:31 +0200] "GET /kontakt.html HTTP/1.1" 200 4348 "-" "Mozilla/5.0 (compatible; Googlebot/2.1; +http://enlite.ai)"
35.240.101.134 - - [19/Apr/2019:16:51:35 +0200] "GET /index.html HTTP/1.1" 200 3632 "-" "Mozilla/5.0 (compatible; Googlebot/2.1; +http://enlite.ai)"
66.249.66.214 - - [19/Apr/2019:17:20:03 +0200] "GET / HTTP/1.1" 200 3632 "-" "Mozilla/5.0 (compatible; Googlebot/2.1; +http://www.google.com/bot.html)"
35.240.101.134 - - [19/Apr/2019:17:31:19 +0200] "GET / HTTP/1.1" 200 3632 "-" "Mozilla/5.0 (compatible; Googlebot/2.1; +http://enlite.ai)"
35.240.101.134 - - [19/Apr/2019:17:31:22 +0200] "GET /impressum.html HTTP/1.1" 200 4742 "-" "Mozilla/5.0 (compatible; Googlebot/2.1; +http://enlite.ai)"
35.240.101.134 - - [19/Apr/2019:17:31:25 +0200] "GET /kontakt.html HTTP/1.1" 200 4348 "-" "Mozilla/5.0 (compatible; Googlebot/2.1; +http://enlite.ai)"
35.240.101.134 - - [19/Apr/2019:17:52:09 +0200] "GET /index.html HTTP/1.1" 200 3632 "-" "Mozilla/5.0 (compatible; Googlebot/2.1; +http://enlite.ai)"
35.240.101.134 - - [19/Apr/2019:18:34:07 +0200] "GET / HTTP/1.1" 200 3632 "-" "Mozilla/5.0 (compatible; Googlebot/2.1; +http://enlite.ai)"
35.240.101.134 - - [19/Apr/2019:18:34:10 +0200] "GET /impressum.html HTTP/1.1" 200 4742 "-" "Mozilla/5.0 (compatible; Googlebot/2.1; +http://enlite.ai)"
35.240.101.134 - - [19/Apr/2019:18:34:13 +0200] "GET /kontakt.html HTTP/1.1" 200 4348 "-" "Mozilla/5.0 (compatible; Googlebot/2.1; +http://enlite.ai)"
35.240.101.134 - - [19/Apr/2019:18:59:08 +0200] "GET /index.html HTTP/1.1" 200 3632 "-" "Mozilla/5.0 (compatible; Googlebot/2.1; +http://enlite.ai)"
35.240.101.134 - - [19/Apr/2019:19:35:24 +0200] "GET / HTTP/1.1" 200 3632 "-" "Mozilla/5.0 (compatible; Googlebot/2.1; +http://enlite.ai)"
35.240.101.134 - - [19/Apr/2019:19:35:27 +0200] "GET /impressum.html HTTP/1.1" 200 4742 "-" "Mozilla/5.0 (compatible; Googlebot/2.1; +http://enlite.ai)"
35.240.101.134 - - [19/Apr/2019:19:35:31 +0200] "GET /kontakt.html HTTP/1.1" 200 4348 "-" "Mozilla/5.0 (compatible; Googlebot/2.1; +http://enlite.ai)"
66.249.66.214 - - [19/Apr/2019:19:50:48 +0200] "GET /kontakt.html HTTP/1.1" 200 4348 "-" "Mozilla/5.0 (Linux; Android 6.0.1; Nexus 5X Build/MMB29P) AppleWebKit/537.36 (KHTML, like Gecko) Chrome/41.0.2272.96 Mobile Safari/537.36 (compatible; Googlebot/2.1; +http://www.google.com/bot.html)"
35.240.101.134 - - [19/Apr/2019:21:08:17 +0200] "GET / HTTP/1.1" 200 3632 "-" "Mozilla/5.0 (compatible; Googlebot/2.1; +http://enlite.ai)"
35.240.101.134 - - [19/Apr/2019:21:08:21 +0200] "GET /impressum.html HTTP/1.1" 200 4742 "-" "Mozilla/5.0 (compatible; Googlebot/2.1; +http://enlite.ai)"
35.240.101.134 - - [19/Apr/2019:21:08:24 +0200] "GET /kontakt.html HTTP/1.1" 200 4348 "-" "Mozilla/5.0 (compatible; Googlebot/2.1; +http://enlite.ai)"
35.240.101.134 - - [19/Apr/2019:21:08:27 +0200] "GET /index.html HTTP/1.1" 200 3632 "-" "Mozilla/5.0 (compatible; Googlebot/2.1; +http://enlite.ai)"
35.240.101.134 - - [19/Apr/2019:22:10:06 +0200] "GET / HTTP/1.1" 200 3632 "-" "Mozilla/5.0 (compatible; Googlebot/2.1; +http://enlite.ai)"
35.240.101.134 - - [19/Apr/2019:22:10:09 +0200] "GET /impressum.html HTTP/1.1" 200 4742 "-" "Mozilla/5.0 (compatible; Googlebot/2.1; +http://enlite.ai)"
35.240.101.134 - - [19/Apr/2019:22:10:12 +0200] "GET /kontakt.html HTTP/1.1" 200 4348 "-" "Mozilla/5.0 (compatible; Googlebot/2.1; +http://enlite.ai)"
35.240.101.134 - - [19/Apr/2019:22:10:15 +0200] "GET /index.html HTTP/1.1" 200 3632 "-" "Mozilla/5.0 (compatible; Googlebot/2.1; +http://enlite.ai)"
35.240.101.134 - - [19/Apr/2019:23:14:32 +0200] "GET / HTTP/1.1" 200 3632 "-" "Mozilla/5.0 (compatible; Googlebot/2.1; +http://enlite.ai)"
35.240.101.134 - - [19/Apr/2019:23:14:35 +0200] "GET /impressum.html HTTP/1.1" 200 4742 "-" "Mozilla/5.0 (compatible; Googlebot/2.1; +http://enlite.ai)"
35.240.101.134 - - [19/Apr/2019:23:14:38 +0200] "GET /kontakt.html HTTP/1.1" 200 4348 "-" "Mozilla/5.0 (compatible; Googlebot/2.1; +http://enlite.ai)"
35.240.101.134 - - [19/Apr/2019:23:14:41 +0200] "GET /index.html HTTP/1.1" 200 3632 "-" "Mozilla/5.0 (compatible; Googlebot/2.1; +http://enlite.ai)"
66.249.66.214 - - [19/Apr/2019:23:51:00 +0200] "GET / HTTP/1.1" 200 3632 "-" "Mozilla/5.0 (Linux; Android 6.0.1; Nexus 5X Build/MMB29P) AppleWebKit/537.36 (KHTML, like Gecko) Chrome/41.0.2272.96 Mobile Safari/537.36 (compatible; Googlebot/2.1; +http://www.google.com/bot.html)"
35.240.101.134 - - [20/Apr/2019:00:14:45 +0200] "GET / HTTP/1.1" 200 3632 "-" "Mozilla/5.0 (compatible; Googlebot/2.1; +http://enlite.ai)"
35.240.101.134 - - [20/Apr/2019:00:14:48 +0200] "GET /impressum.html HTTP/1.1" 200 4742 "-" "Mozilla/5.0 (compatible; Googlebot/2.1; +http://enlite.ai)"
35.240.101.134 - - [20/Apr/2019:00:14:52 +0200] "GET /kontakt.html HTTP/1.1" 200 4348 "-" "Mozilla/5.0 (compatible; Googlebot/2.1; +http://enlite.ai)"
35.240.101.134 - - [20/Apr/2019:00:14:55 +0200] "GET /index.html HTTP/1.1" 200 3632 "-" "Mozilla/5.0 (compatible; Googlebot/2.1; +http://enlite.ai)"
35.240.101.134 - - [20/Apr/2019:01:17:34 +0200] "GET / HTTP/1.1" 200 3632 "-" "Mozilla/5.0 (compatible; Googlebot/2.1; +http://enlite.ai)"
35.240.101.134 - - [20/Apr/2019:01:17:37 +0200] "GET /impressum.html HTTP/1.1" 200 4742 "-" "Mozilla/5.0 (compatible; Googlebot/2.1; +http://enlite.ai)"
35.240.101.134 - - [20/Apr/2019:01:17:40 +0200] "GET /kontakt.html HTTP/1.1" 200 4348 "-" "Mozilla/5.0 (compatible; Googlebot/2.1; +http://enlite.ai)"
35.240.101.134 - - [20/Apr/2019:01:17:43 +0200] "GET /index.html HTTP/1.1" 200 3632 "-" "Mozilla/5.0 (compatible; Googlebot/2.1; +http://enlite.ai)"
35.240.101.134 - - [20/Apr/2019:02:23:54 +0200] "GET / HTTP/1.1" 200 3632 "-" "Mozilla/5.0 (compatible; Googlebot/2.1; +http://enlite.ai)"
35.240.101.134 - - [20/Apr/2019:02:23:57 +0200] "GET /impressum.html HTTP/1.1" 200 4742 "-" "Mozilla/5.0 (compatible; Googlebot/2.1; +http://enlite.ai)"
35.240.101.134 - - [20/Apr/2019:02:24:00 +0200] "GET /kontakt.html HTTP/1.1" 200 4348 "-" "Mozilla/5.0 (compatible; Googlebot/2.1; +http://enlite.ai)"
35.240.101.134 - - [20/Apr/2019:02:24:03 +0200] "GET /index.html HTTP/1.1" 200 3632 "-" "Mozilla/5.0 (compatible; Googlebot/2.1; +http://enlite.ai)"
35.240.101.134 - - [20/Apr/2019:03:24:07 +0200] "GET / HTTP/1.1" 200 3632 "-" "Mozilla/5.0 (compatible; Googlebot/2.1; +http://enlite.ai)"
35.240.101.134 - - [20/Apr/2019:03:24:10 +0200] "GET /impressum.html HTTP/1.1" 200 4742 "-" "Mozilla/5.0 (compatible; Googlebot/2.1; +http://enlite.ai)"
35.240.101.134 - - [20/Apr/2019:03:24:13 +0200] "GET /kontakt.html HTTP/1.1" 200 4348 "-" "Mozilla/5.0 (compatible; Googlebot/2.1; +http://enlite.ai)"
35.240.101.134 - - [20/Apr/2019:03:24:16 +0200] "GET /index.html HTTP/1.1" 200 3632 "-" "Mozilla/5.0 (compatible; Googlebot/2.1; +http://enlite.ai)"
35.240.101.134 - - [20/Apr/2019:04:27:17 +0200] "GET / HTTP/1.1" 200 3632 "-" "Mozilla/5.0 (compatible; Googlebot/2.1; +http://enlite.ai)"
35.240.101.134 - - [20/Apr/2019:04:27:20 +0200] "GET /impressum.html HTTP/1.1" 200 4742 "-" "Mozilla/5.0 (compatible; Googlebot/2.1; +http://enlite.ai)"
35.240.101.134 - - [20/Apr/2019:04:27:23 +0200] "GET /kontakt.html HTTP/1.1" 200 4348 "-" "Mozilla/5.0 (compatible; Googlebot/2.1; +http://enlite.ai)"
35.240.101.134 - - [20/Apr/2019:04:27:26 +0200] "GET /index.html HTTP/1.1" 200 3632 "-" "Mozilla/5.0 (compatible; Googlebot/2.1; +http://enlite.ai)"
35.240.101.134 - - [20/Apr/2019:05:30:31 +0200] "GET / HTTP/1.1" 200 3632 "-" "Mozilla/5.0 (compatible; Googlebot/2.1; +http://enlite.ai)"
35.240.101.134 - - [20/Apr/2019:05:30:34 +0200] "GET /impressum.html HTTP/1.1" 200 4742 "-" "Mozilla/5.0 (compatible; Googlebot/2.1; +http://enlite.ai)"
35.240.101.134 - - [20/Apr/2019:05:30:37 +0200] "GET /kontakt.html HTTP/1.1" 200 4348 "-" "Mozilla/5.0 (compatible; Googlebot/2.1; +http://enlite.ai)"
35.240.101.134 - - [20/Apr/2019:05:30:40 +0200] "GET /index.html HTTP/1.1" 200 3632 "-" "Mozilla/5.0 (compatible; Googlebot/2.1; +http://enlite.ai)"
35.240.101.134 - - [20/Apr/2019:06:33:37 +0200] "GET / HTTP/1.1" 200 3632 "-" "Mozilla/5.0 (compatible; Googlebot/2.1; +http://enlite.ai)"
35.240.101.134 - - [20/Apr/2019:06:33:40 +0200] "GET /impressum.html HTTP/1.1" 200 4742 "-" "Mozilla/5.0 (compatible; Googlebot/2.1; +http://enlite.ai)"
35.240.101.134 - - [20/Apr/2019:06:33:43 +0200] "GET /kontakt.html HTTP/1.1" 200 4348 "-" "Mozilla/5.0 (compatible; Googlebot/2.1; +http://enlite.ai)"
35.240.101.134 - - [20/Apr/2019:06:33:46 +0200] "GET /index.html HTTP/1.1" 200 3632 "-" "Mozilla/5.0 (compatible; Googlebot/2.1; +http://enlite.ai)"
35.240.101.134 - - [20/Apr/2019:07:35:46 +0200] "GET / HTTP/1.1" 200 3632 "-" "Mozilla/5.0 (compatible; Googlebot/2.1; +http://enlite.ai)"
35.240.101.134 - - [20/Apr/2019:07:35:49 +0200] "GET /impressum.html HTTP/1.1" 200 4742 "-" "Mozilla/5.0 (compatible; Googlebot/2.1; +http://enlite.ai)"
35.240.101.134 - - [20/Apr/2019:07:35:52 +0200] "GET /kontakt.html HTTP/1.1" 200 4348 "-" "Mozilla/5.0 (compatible; Googlebot/2.1; +http://enlite.ai)"
35.240.101.134 - - [20/Apr/2019:07:35:55 +0200] "GET /index.html HTTP/1.1" 200 3632 "-" "Mozilla/5.0 (compatible; Googlebot/2.1; +http://enlite.ai)"
35.240.101.134 - - [20/Apr/2019:08:40:29 +0200] "GET / HTTP/1.1" 200 3632 "-" "Mozilla/5.0 (compatible; Googlebot/2.1; +http://enlite.ai)"
35.240.101.134 - - [20/Apr/2019:08:40:32 +0200] "GET /impressum.html HTTP/1.1" 200 4742 "-" "Mozilla/5.0 (compatible; Googlebot/2.1; +http://enlite.ai)"
35.240.101.134 - - [20/Apr/2019:08:40:35 +0200] "GET /kontakt.html HTTP/1.1" 200 4348 "-" "Mozilla/5.0 (compatible; Googlebot/2.1; +http://enlite.ai)"
35.240.101.134 - - [20/Apr/2019:08:40:39 +0200] "GET /index.html HTTP/1.1" 200 3632 "-" "Mozilla/5.0 (compatible; Googlebot/2.1; +http://enlite.ai)"
66.249.66.214 - - [20/Apr/2019:09:26:32 +0200] "GET /robots.txt HTTP/1.1" 404 1256 "-" "Mozilla/5.0 (compatible; Googlebot/2.1; +http://www.google.com/bot.html)"
66.249.66.214 - - [20/Apr/2019:09:26:32 +0200] "GET / HTTP/1.1" 200 3632 "-" "Mozilla/5.0 (Linux; Android 6.0.1; Nexus 5X Build/MMB29P) AppleWebKit/537.36 (KHTML, like Gecko) Chrome/41.0.2272.96 Mobile Safari/537.36 (compatible; Googlebot/2.1; +http://www.google.com/bot.html)"
35.240.101.134 - - [20/Apr/2019:09:45:12 +0200] "GET /robots.txt HTTP/1.1" 404 1256 "-" "Mozilla/5.0 (compatible; Googlebot/2.1; +http://enlite.ai)"
35.240.101.134 - - [20/Apr/2019:09:45:16 +0200] "GET / HTTP/1.1" 200 3632 "-" "Mozilla/5.0 (compatible; Googlebot/2.1; +http://enlite.ai)"
35.240.101.134 - - [20/Apr/2019:09:45:20 +0200] "GET /impressum.html HTTP/1.1" 200 4742 "-" "Mozilla/5.0 (compatible; Googlebot/2.1; +http://enlite.ai)"
35.240.101.134 - - [20/Apr/2019:09:45:24 +0200] "GET /kontakt.html HTTP/1.1" 200 4348 "-" "Mozilla/5.0 (compatible; Googlebot/2.1; +http://enlite.ai)"
35.240.101.134 - - [20/Apr/2019:09:45:27 +0200] "GET /index.html HTTP/1.1" 200 3632 "-" "Mozilla/5.0 (compatible; Googlebot/2.1; +http://enlite.ai)"
207.46.13.15 - - [20/Apr/2019:09:57:50 +0200] "GET /kontakt.html HTTP/1.1" 304 - "-" "Mozilla/5.0 (compatible; bingbot/2.0; +http://www.bing.com/bingbot.htm)"
35.240.101.134 - - [20/Apr/2019:10:49:56 +0200] "GET / HTTP/1.1" 200 3632 "-" "Mozilla/5.0 (compatible; Googlebot/2.1; +http://enlite.ai)"
35.240.101.134 - - [20/Apr/2019:10:49:59 +0200] "GET /impressum.html HTTP/1.1" 200 4742 "-" "Mozilla/5.0 (compatible; Googlebot/2.1; +http://enlite.ai)"
35.240.101.134 - - [20/Apr/2019:10:50:02 +0200] "GET /kontakt.html HTTP/1.1" 200 4348 "-" "Mozilla/5.0 (compatible; Googlebot/2.1; +http://enlite.ai)"
35.240.101.134 - - [20/Apr/2019:10:50:05 +0200] "GET /index.html HTTP/1.1" 200 3632 "-" "Mozilla/5.0 (compatible; Googlebot/2.1; +http://enlite.ai)"
52.20.206.232 - - [20/Apr/2019:11:35:10 +0200] "GET /robots.txt HTTP/1.0" 404 1256 "-" "Version-3.1-IV-Smart-Agent/7.1.0"
52.20.206.232 - - [20/Apr/2019:11:35:10 +0200] "GET / HTTP/1.0" 200 3632 "-" "Version-3.1-IV-Smart-Agent/7.1.0"
35.240.101.134 - - [20/Apr/2019:11:51:25 +0200] "GET / HTTP/1.1" 200 3632 "-" "Mozilla/5.0 (compatible; Googlebot/2.1; +http://enlite.ai)"
35.240.101.134 - - [20/Apr/2019:11:51:28 +0200] "GET /impressum.html HTTP/1.1" 200 4742 "-" "Mozilla/5.0 (compatible; Googlebot/2.1; +http://enlite.ai)"
35.240.101.134 - - [20/Apr/2019:11:51:31 +0200] "GET /kontakt.html HTTP/1.1" 200 4348 "-" "Mozilla/5.0 (compatible; Googlebot/2.1; +http://enlite.ai)"
35.240.101.134 - - [20/Apr/2019:11:51:35 +0200] "GET /index.html HTTP/1.1" 200 3632 "-" "Mozilla/5.0 (compatible; Googlebot/2.1; +http://enlite.ai)"
207.46.13.108 - - [20/Apr/2019:17:32:48 +0200] "GET / HTTP/1.1" 200 3632 "-" "Mozilla/5.0 (compatible; bingbot/2.0; +http://www.bing.com/bingbot.htm)"
40.77.188.248 - - [20/Apr/2019:17:56:05 +0200] "GET /css/style.css HTTP/1.1" 200 1159 "-" "Mozilla/5.0 (Windows NT 6.1; WOW64) AppleWebKit/534+ (KHTML, like Gecko) BingPreview/1.0b"
40.77.189.121 - - [20/Apr/2019:17:56:05 +0200] "GET /js/libs/modernizr-2.5.3.min.js HTTP/1.1" 200 15274 "-" "Mozilla/5.0 (Windows NT 6.1; WOW64) AppleWebKit/534+ (KHTML, like Gecko) BingPreview/1.0b"
40.77.189.198 - - [20/Apr/2019:17:56:07 +0200] "GET /js/plugins.js HTTP/1.1" 200 898 "-" "Mozilla/5.0 (Windows NT 6.1; WOW64) AppleWebKit/534+ (KHTML, like Gecko) BingPreview/1.0b"
207.46.13.108 - - [20/Apr/2019:17:56:09 +0200] "GET /robots.txt HTTP/1.1" 404 1256 "-" "Mozilla/5.0 (compatible; bingbot/2.0; +http://www.bing.com/bingbot.htm)"
207.46.13.108 - - [20/Apr/2019:17:56:09 +0200] "GET /robots.txt HTTP/1.1" 404 1256 "-" "Mozilla/5.0 (compatible; bingbot/2.0; +http://www.bing.com/bingbot.htm)"
66.249.65.118 - - [20/Apr/2019:18:07:57 +0200] "GET / HTTP/1.1" 200 3632 "-" "Mozilla/5.0 (Linux; Android 6.0.1; Nexus 5X Build/MMB29P) AppleWebKit/537.36 (KHTML, like Gecko) Chrome/41.0.2272.96 Mobile Safari/537.36 (compatible; Googlebot/2.1; +http://www.google.com/bot.html)"
136.243.83.54 - - [20/Apr/2019:20:27:04 +0200] "GET /robots.txt HTTP/1.1" 404 1256 "-" "Mozilla/5.0 (compatible; MetaJobBot; http://www.metajob.de/crawler)"
136.243.83.54 - - [20/Apr/2019:20:27:04 +0200] "GET /impressum.html HTTP/1.1" 200 4742 "-" "Mozilla/5.0 (compatible; MetaJobBot; http://www.metajob.de/crawler)"
51.255.152.234 - - [20/Apr/2019:23:11:36 +0200] "GET / HTTP/1.1" 200 3632 "-" "Mozilla/5.0 (Macintosh; Intel Mac OS X 10_9_2) AppleWebKit/537.36 (KHTML, like Gecko) Chrome/33.0.1750.152 Safari/537.36"
52.53.201.78 - - [20/Apr/2019:23:21:21 +0200] "GET / HTTP/1.1" 200 3632 "-" "Mozilla/5.0 (Macintosh; Intel Mac OS X 10_12_6) AppleWebKit/537.36 (KHTML, like Gecko) Chrome/61.0.3163.100 Safari/537.36"
51.255.152.234 - - [20/Apr/2019:23:31:20 +0200] "GET /impressum.html HTTP/1.1" 200 4742 "-" "Mozilla/5.0 (Macintosh; Intel Mac OS X 10_9_2) AppleWebKit/537.36 (KHTML, like Gecko) Chrome/33.0.1750.152 Safari/537.36"
51.255.152.234 - - [20/Apr/2019:23:31:20 +0200] "GET /kontakt.html HTTP/1.1" 200 4348 "-" "Mozilla/5.0 (Macintosh; Intel Mac OS X 10_9_2) AppleWebKit/537.36 (KHTML, like Gecko) Chrome/33.0.1750.152 Safari/537.36"
52.20.206.232 - - [21/Apr/2019:00:33:13 +0200] "GET /robots.txt HTTP/1.0" 404 1256 "-" "Version-3.1-IV-Smart-Agent/7.1.0"
52.20.206.232 - - [21/Apr/2019:00:33:13 +0200] "GET / HTTP/1.0" 200 3632 "-" "Version-3.1-IV-Smart-Agent/7.1.0"
104.148.64.26 - - [21/Apr/2019:01:09:13 +0200] "GET /modules/columnadverts/uploadimage.php HTTP/1.1" 404 1256 "http://www.just-malerei.de/modules/columnadverts/uploadimage.php" "Mozilla/5.0 (Windows NT 6.1; WOW64) AppleWebKit/537.36 (KHTML, like Gecko) Chrome/42.0.2311.152 Safari/537.36"
51.255.152.234 - - [21/Apr/2019:01:11:15 +0200] "GET /index.html HTTP/1.1" 200 3632 "-" "Mozilla/5.0 (Macintosh; Intel Mac OS X 10_9_2) AppleWebKit/537.36 (KHTML, like Gecko) Chrome/33.0.1750.152 Safari/537.36"
52.20.206.232 - - [21/Apr/2019:03:13:08 +0200] "GET /robots.txt HTTP/1.0" 404 1256 "-" "Version-3.1-IV-Smart-Agent/7.1.0"
