199.58.86.206 - - [01/Dec/2013:08:26:17 +0100] "GET /robots.txt HTTP/1.0" 404 1256 "-" "Mozilla/5.0 (compatible; MJ12bot/v1.4.4; http://www.majestic12.co.uk/bot.php?+)"
199.58.86.206 - - [01/Dec/2013:08:26:18 +0100] "GET / HTTP/1.0" 200 2889 "-" "Mozilla/5.0 (compatible; MJ12bot/v1.4.4; http://www.majestic12.co.uk/bot.php?+)"
66.249.78.98 - - [01/Dec/2013:10:01:57 +0100] "GET /robots.txt HTTP/1.1" 404 1256 "-" "Mozilla/5.0 (compatible; Googlebot/2.1; +http://www.google.com/bot.html)"
66.249.78.98 - - [01/Dec/2013:10:01:57 +0100] "GET / HTTP/1.1" 200 2889 "-" "Mozilla/5.0 (iPhone; CPU iPhone OS 6_0 like Mac OS X) AppleWebKit/536.26 (KHTML, like Gecko) Version/6.0 Mobile/10A5376e Safari/8536.25 (compatible; Googlebot-Mobile/2.1; +http://www.google.com/bot.html)"
78.54.31.152 - - [01/Dec/2013:18:17:08 +0100] "GET / HTTP/1.1" 200 2889 "-" "UserAgent: Apache-HttpClient/release (java 1.5)"
78.54.31.152 - - [01/Dec/2013:18:17:08 +0100] "GET /impressum.html HTTP/1.1" 404 1256 "-" "UserAgent: Apache-HttpClient/release (java 1.5)"
78.54.31.152 - - [01/Dec/2013:18:17:08 +0100] "GET /impressum.htm HTTP/1.1" 404 1256 "-" "UserAgent: Apache-HttpClient/release (java 1.5)"
78.54.31.152 - - [01/Dec/2013:18:17:08 +0100] "GET / HTTP/1.1" 200 2889 "-" "UserAgent: Apache-HttpClient/release (java 1.5)"
66.249.78.98 - - [02/Dec/2013:02:48:58 +0100] "GET /robots.txt HTTP/1.1" 404 1256 "-" "Mozilla/5.0 (compatible; Googlebot/2.1; +http://www.google.com/bot.html)"
66.249.78.98 - - [02/Dec/2013:02:48:59 +0100] "GET / HTTP/1.1" 200 2889 "-" "Mozilla/5.0 (compatible; Googlebot/2.1; +http://www.google.com/bot.html)"
188.138.41.175 - - [02/Dec/2013:08:48:15 +0100] "GET / HTTP/1.1" 200 2889 "-" "Mozilla/5.0 (X11; U; Linux i686; en-US; rv:1.9.0.1) Gecko/2008070206 Firefox/3.0.1"
188.138.41.175 - - [02/Dec/2013:08:48:15 +0100] "GET / HTTP/1.1" 200 2889 "-" "Mozilla/5.0 (X11; U; Linux i686; en-US; rv:1.9.0.1) Gecko/2008070206 Firefox/3.0.1"
157.55.35.96 - - [02/Dec/2013:09:17:58 +0100] "GET /robots.txt HTTP/1.1" 404 1256 "-" "Mozilla/5.0 (compatible; bingbot/2.0; +http://www.bing.com/bingbot.htm)"
157.55.35.96 - - [02/Dec/2013:09:26:04 +0100] "GET / HTTP/1.1" 304 - "-" "Mozilla/5.0 (compatible; bingbot/2.0; +http://www.bing.com/bingbot.htm)"
188.138.41.175 - - [02/Dec/2013:09:49:16 +0100] "GET / HTTP/1.1" 200 2889 "-" "Mozilla/5.0 (X11; U; Linux i686; en-US; rv:1.9.0.1) Gecko/2008070206 Firefox/3.0.1"
188.138.41.175 - - [02/Dec/2013:09:49:16 +0100] "GET / HTTP/1.1" 200 2889 "-" "Mozilla/5.0 (X11; U; Linux i686; en-US; rv:1.9.0.1) Gecko/2008070206 Firefox/3.0.1"
80.187.107.173 - - [02/Dec/2013:10:49:34 +0100] "GET / HTTP/1.1" 200 2889 "https://www.google.de/" "Mozilla/5.0 (iPad; CPU OS 7_0_4 like Mac OS X) AppleWebKit/537.51.1 (KHTML, like Gecko) Version/7.0 Mobile/11B554a Safari/9537.53"
80.187.107.173 - - [02/Dec/2013:10:49:35 +0100] "GET /images/hintgr.gif HTTP/1.1" 200 925 "http://www.wertstoffservice.de/" "Mozilla/5.0 (iPad; CPU OS 7_0_4 like Mac OS X) AppleWebKit/537.51.1 (KHTML, like Gecko) Version/7.0 Mobile/11B554a Safari/9537.53"
80.187.107.173 - - [02/Dec/2013:10:49:35 +0100] "GET /images/u-const.gif HTTP/1.1" 200 3797 "http://www.wertstoffservice.de/" "Mozilla/5.0 (iPad; CPU OS 7_0_4 like Mac OS X) AppleWebKit/537.51.1 (KHTML, like Gecko) Version/7.0 Mobile/11B554a Safari/9537.53"
80.187.107.173 - - [02/Dec/2013:10:49:35 +0100] "GET /images/logo.gif HTTP/1.1" 200 6252 "http://www.wertstoffservice.de/" "Mozilla/5.0 (iPad; CPU OS 7_0_4 like Mac OS X) AppleWebKit/537.51.1 (KHTML, like Gecko) Version/7.0 Mobile/11B554a Safari/9537.53"
188.138.41.175 - - [02/Dec/2013:10:58:16 +0100] "GET / HTTP/1.1" 200 2889 "-" "Mozilla/5.0 (X11; U; Linux i686; en-US; rv:1.9.0.1) Gecko/2008070206 Firefox/3.0.1"
188.138.41.175 - - [02/Dec/2013:10:58:16 +0100] "GET / HTTP/1.1" 200 2889 "-" "Mozilla/5.0 (X11; U; Linux i686; en-US; rv:1.9.0.1) Gecko/2008070206 Firefox/3.0.1"
5.255.253.79 - - [02/Dec/2013:13:02:37 +0100] "GET /robots.txt HTTP/1.1" 404 1256 "-" "Mozilla/5.0 (compatible; YandexImages/3.0; +http://yandex.com/bots)"
5.255.253.79 - - [02/Dec/2013:13:42:00 +0100] "GET /images/u-const.gif HTTP/1.1" 304 - "-" "Mozilla/5.0 (compatible; YandexImages/3.0; +http://yandex.com/bots)"
80.153.164.58 - - [02/Dec/2013:16:52:00 +0100] "GET / HTTP/1.1" 200 2889 "http://kwisnetweb.wfe.eu/KWISweb-Companies/CompanyList.aspx" "Mozilla/5.0 (Windows NT 5.1; rv:15.0) Gecko/20100101 Firefox/15.0.1"
80.153.164.58 - - [02/Dec/2013:16:52:00 +0100] "GET /images/logo.gif HTTP/1.1" 200 6252 "http://www.wertstoffservice.de/" "Mozilla/5.0 (Windows NT 5.1; rv:15.0) Gecko/20100101 Firefox/15.0.1"
80.153.164.58 - - [02/Dec/2013:16:52:00 +0100] "GET /images/u-const.gif HTTP/1.1" 200 3797 "http://www.wertstoffservice.de/" "Mozilla/5.0 (Windows NT 5.1; rv:15.0) Gecko/20100101 Firefox/15.0.1"
80.153.164.58 - - [02/Dec/2013:16:52:00 +0100] "GET /images/hintgr.gif HTTP/1.1" 200 925 "http://www.wertstoffservice.de/" "Mozilla/5.0 (Windows NT 5.1; rv:15.0) Gecko/20100101 Firefox/15.0.1"
80.153.164.58 - - [02/Dec/2013:16:52:01 +0100] "GET /favicon.ico HTTP/1.1" 404 1256 "-" "Mozilla/5.0 (Windows NT 5.1; rv:15.0) Gecko/20100101 Firefox/15.0.1"
80.153.164.58 - - [02/Dec/2013:16:52:01 +0100] "GET /favicon.ico HTTP/1.1" 404 1256 "-" "Mozilla/5.0 (Windows NT 5.1; rv:15.0) Gecko/20100101 Firefox/15.0.1"
66.249.78.98 - - [02/Dec/2013:20:41:44 +0100] "GET /robots.txt HTTP/1.1" 404 1256 "-" "Mozilla/5.0 (compatible; Googlebot/2.1; +http://www.google.com/bot.html)"
66.249.78.98 - - [02/Dec/2013:20:41:44 +0100] "GET / HTTP/1.1" 200 2889 "-" "Mozilla/5.0 (iPhone; CPU iPhone OS 6_0 like Mac OS X) AppleWebKit/536.26 (KHTML, like Gecko) Version/6.0 Mobile/10A5376e Safari/8536.25 (compatible; Googlebot-Mobile/2.1; +http://www.google.com/bot.html)"
93.220.193.70 - - [03/Dec/2013:05:52:49 +0100] "GET / HTTP/1.1" 200 2889 "-" "Mozilla/5.0 (Windows; U; Windows NT 5.1; de; rv:1.9.0.10) Gecko/2009042316 Firefox/3.0.10 (.NET CLR 3.5.30729)"
141.8.147.12 - - [03/Dec/2013:12:41:02 +0100] "GET /robots.txt HTTP/1.1" 404 1256 "-" "Mozilla/5.0 (compatible; YandexBot/3.0; +http://yandex.com/bots)"
62.217.61.22 - - [03/Dec/2013:16:18:40 +0100] "GET / HTTP/1.1" 200 2889 "-" "-"
141.8.147.12 - - [03/Dec/2013:17:30:03 +0100] "GET / HTTP/1.1" 200 2889 "-" "Mozilla/5.0 (compatible; YandexBot/3.0; +http://yandex.com/bots)"
92.78.184.141 - - [03/Dec/2013:21:33:17 +0100] "GET / HTTP/1.1" 200 2889 "http://www.google.de/url?sa=t&rct=j&q=&esrc=s&source=web&cd=1&ved=0CEIQFjAA&url=http%3A%2F%2Fwww.wertstoffservice.de%2F&ei=-T-eUry1Hcb9ygPgh4CIAQ&usg=AFQjCNH7Uqeobv66I8n6zUkeuVynRnaJ-w&bvm=bv.57155469,d.bGQ" "Mozilla/5.0 (Windows NT 6.1; WOW64; rv:25.0) Gecko/20100101 Firefox/25.0"
92.78.184.141 - - [03/Dec/2013:21:33:18 +0100] "GET /images/logo.gif HTTP/1.1" 200 6252 "http://www.wertstoffservice.de/" "Mozilla/5.0 (Windows NT 6.1; WOW64; rv:25.0) Gecko/20100101 Firefox/25.0"
92.78.184.141 - - [03/Dec/2013:21:33:18 +0100] "GET /images/u-const.gif HTTP/1.1" 200 3797 "http://www.wertstoffservice.de/" "Mozilla/5.0 (Windows NT 6.1; WOW64; rv:25.0) Gecko/20100101 Firefox/25.0"
92.78.184.141 - - [03/Dec/2013:21:33:18 +0100] "GET /images/hintgr.gif HTTP/1.1" 200 925 "http://www.wertstoffservice.de/" "Mozilla/5.0 (Windows NT 6.1; WOW64; rv:25.0) Gecko/20100101 Firefox/25.0"
92.78.184.141 - - [03/Dec/2013:21:33:19 +0100] "GET /favicon.ico HTTP/1.1" 404 1256 "-" "Mozilla/5.0 (Windows NT 6.1; WOW64; rv:25.0) Gecko/20100101 Firefox/25.0"
92.78.184.141 - - [03/Dec/2013:21:33:20 +0100] "GET /favicon.ico HTTP/1.1" 404 1256 "-" "Mozilla/5.0 (Windows NT 6.1; WOW64; rv:25.0) Gecko/20100101 Firefox/25.0"
46.4.27.145 - - [04/Dec/2013:09:45:55 +0100] "GET / HTTP/1.1" 200 2889 "http://www.webwiki.de/www.wertstoffservice.de" "Mozilla/5.0 (Windows NT 6.1; WOW64; rv:18.0) Gecko/20100101 Firefox/18.0"
91.125.248.14 - - [04/Dec/2013:10:14:56 +0100] "GET / HTTP/1.1" 200 2889 "-" "Mozilla/5.0 (compatible; Googlebot/2.1; http://www.google.com/bot.html)"
91.125.248.14 - - [04/Dec/2013:10:19:01 +0100] "GET / HTTP/1.1" 200 2889 "-" "Mozilla/5.0 (compatible; Googlebot/2.1; http://www.google.com/bot.html)"
157.55.34.180 - - [05/Dec/2013:11:58:00 +0100] "GET /robots.txt HTTP/1.1" 404 1256 "-" "Mozilla/5.0 (compatible; bingbot/2.0; +http://www.bing.com/bingbot.htm)"
157.55.34.180 - - [05/Dec/2013:12:04:55 +0100] "GET / HTTP/1.1" 200 2889 "-" "Mozilla/5.0 (compatible; bingbot/2.0; +http://www.bing.com/bingbot.htm)"
141.8.147.12 - - [06/Dec/2013:08:14:07 +0100] "GET /robots.txt HTTP/1.1" 404 1256 "-" "Mozilla/5.0 (compatible; YandexBot/3.0; +http://yandex.com/bots)"
141.8.147.12 - - [06/Dec/2013:08:49:59 +0100] "GET / HTTP/1.1" 200 2889 "-" "Mozilla/5.0 (compatible; YandexBot/3.0; +http://yandex.com/bots)"
217.89.117.154 - - [06/Dec/2013:15:58:09 +0100] "GET / HTTP/1.1" 200 2889 "https://www.google.de/" "Mozilla/5.0 (Windows NT 6.1; WOW64) AppleWebKit/537.36 (KHTML, like Gecko) Chrome/30.0.1599.101 Safari/537.36"
217.89.117.154 - - [06/Dec/2013:15:58:09 +0100] "GET /images/hintgr.gif HTTP/1.1" 200 925 "http://www.wertstoffservice.de/" "Mozilla/5.0 (Windows NT 6.1; WOW64) AppleWebKit/537.36 (KHTML, like Gecko) Chrome/30.0.1599.101 Safari/537.36"
217.89.117.154 - - [06/Dec/2013:15:58:09 +0100] "GET /images/logo.gif HTTP/1.1" 200 6252 "http://www.wertstoffservice.de/" "Mozilla/5.0 (Windows NT 6.1; WOW64) AppleWebKit/537.36 (KHTML, like Gecko) Chrome/30.0.1599.101 Safari/537.36"
217.89.117.154 - - [06/Dec/2013:15:58:09 +0100] "GET /images/u-const.gif HTTP/1.1" 200 3797 "http://www.wertstoffservice.de/" "Mozilla/5.0 (Windows NT 6.1; WOW64) AppleWebKit/537.36 (KHTML, like Gecko) Chrome/30.0.1599.101 Safari/537.36"
217.89.117.154 - - [06/Dec/2013:15:58:09 +0100] "GET /favicon.ico HTTP/1.1" 404 1256 "-" "Mozilla/5.0 (Windows NT 6.1; WOW64) AppleWebKit/537.36 (KHTML, like Gecko) Chrome/30.0.1599.101 Safari/537.36"
62.217.61.22 - - [06/Dec/2013:16:19:01 +0100] "GET / HTTP/1.1" 200 2889 "-" "Mozilla/5.0 (Windows NT 6.1; WOW64) AppleWebKit/537.36 (KHTML, like Gecko) Chrome/30.0.1599.69 Safari/537.36 OPR/17.0.1241.45"
157.56.93.186 - - [06/Dec/2013:19:07:14 +0100] "GET /robots.txt HTTP/1.1" 404 1256 "-" "Mozilla/5.0 (compatible; bingbot/2.0; +http://www.bing.com/bingbot.htm)"
157.56.93.186 - - [06/Dec/2013:19:24:03 +0100] "GET / HTTP/1.1" 304 - "-" "Mozilla/5.0 (compatible; bingbot/2.0; +http://www.bing.com/bingbot.htm)"
66.249.74.96 - - [07/Dec/2013:06:28:42 +0100] "GET /robots.txt HTTP/1.1" 404 1256 "-" "Mozilla/5.0 (compatible; Googlebot/2.1; +http://www.google.com/bot.html)"
66.249.74.96 - - [07/Dec/2013:06:28:42 +0100] "GET / HTTP/1.1" 200 2889 "-" "Mozilla/5.0 (compatible; Googlebot/2.1; +http://www.google.com/bot.html)"
66.249.74.96 - - [07/Dec/2013:12:29:15 +0100] "GET /robots.txt HTTP/1.1" 404 1256 "-" "Mozilla/5.0 (compatible; Googlebot/2.1; +http://www.google.com/bot.html)"
5.9.113.18 - - [07/Dec/2013:15:16:51 +0100] "GET /robots.txt HTTP/1.1" 404 1256 "-" "Apache-HttpClient/4.3 (java 1.5)"
5.9.113.18 - - [07/Dec/2013:15:16:51 +0100] "GET / HTTP/1.1" 200 2889 "-" "Apache-HttpClient/4.3 (java 1.5)"
157.56.229.184 - - [07/Dec/2013:15:42:10 +0100] "GET /robots.txt HTTP/1.1" 404 1256 "-" "Mozilla/5.0 (compatible; bingbot/2.0; +http://www.bing.com/bingbot.htm)"
157.56.229.184 - - [07/Dec/2013:15:43:53 +0100] "GET / HTTP/1.1" 200 2889 "-" "Mozilla/5.0 (compatible; bingbot/2.0; +http://www.bing.com/bingbot.htm)"
199.30.24.202 - - [07/Dec/2013:15:43:55 +0100] "GET /images/hintgr.gif HTTP/1.1" 200 925 "http://www.wertstoffservice.de/" "Mozilla/5.0 (Windows NT 6.1; WOW64) AppleWebKit/534+ (KHTML, like Gecko) BingPreview/1.0b"
199.30.24.202 - - [07/Dec/2013:15:43:55 +0100] "GET /images/logo.gif HTTP/1.1" 200 6252 "http://www.wertstoffservice.de/" "Mozilla/5.0 (Windows NT 6.1; WOW64) AppleWebKit/534+ (KHTML, like Gecko) BingPreview/1.0b"
199.30.24.202 - - [07/Dec/2013:15:43:55 +0100] "GET /images/u-const.gif HTTP/1.1" 200 3797 "http://www.wertstoffservice.de/" "Mozilla/5.0 (Windows NT 6.1; WOW64) AppleWebKit/534+ (KHTML, like Gecko) BingPreview/1.0b"
66.249.66.42 - - [08/Dec/2013:01:52:57 +0100] "GET /robots.txt HTTP/1.1" 404 1256 "-" "Mozilla/5.0 (compatible; Googlebot/2.1; +http://www.google.com/bot.html)"
66.249.66.42 - - [08/Dec/2013:01:52:57 +0100] "GET / HTTP/1.1" 200 2889 "-" "DoCoMo/2.0 N905i(c100;TB;W24H16) (compatible; Googlebot-Mobile/2.1; +http://www.google.com/bot.html)"
46.165.197.142 - - [08/Dec/2013:07:17:07 +0100] "GET /robots.txt HTTP/1.0" 404 1256 "-" "Mozilla/5.0 (compatible; MJ12bot/v1.4.4; http://www.majestic12.co.uk/bot.php?+)"
46.165.197.142 - - [08/Dec/2013:07:17:09 +0100] "GET / HTTP/1.0" 200 2889 "-" "Mozilla/5.0 (compatible; MJ12bot/v1.4.4; http://www.majestic12.co.uk/bot.php?+)"
188.138.41.175 - - [08/Dec/2013:20:30:08 +0100] "GET / HTTP/1.1" 200 2889 "-" "Mozilla/5.0 (X11; U; Linux i686; en-US; rv:1.9.0.1) Gecko/2008070206 Firefox/3.0.1"
188.138.41.175 - - [08/Dec/2013:20:30:08 +0100] "GET / HTTP/1.1" 200 2889 "-" "Mozilla/5.0 (X11; U; Linux i686; en-US; rv:1.9.0.1) Gecko/2008070206 Firefox/3.0.1"
80.83.123.232 - - [08/Dec/2013:21:18:19 +0100] "GET / HTTP/1.0" 200 2889 "-" "-"
77.75.77.17 - - [09/Dec/2013:00:54:41 +0100] "GET /robots.txt HTTP/1.1" 404 1256 "-" "SeznamBot/3.0 (+http://fulltext.sblog.cz/)"
77.75.77.17 - - [09/Dec/2013:00:54:41 +0100] "GET / HTTP/1.1" 200 2889 "-" "SeznamBot/3.0 (+http://fulltext.sblog.cz/)"
141.8.147.12 - - [09/Dec/2013:08:21:44 +0100] "GET /robots.txt HTTP/1.1" 404 1256 "-" "Mozilla/5.0 (compatible; YandexBot/3.0; +http://yandex.com/bots)"
141.8.147.12 - - [09/Dec/2013:08:25:13 +0100] "GET / HTTP/1.1" 200 2889 "-" "Mozilla/5.0 (compatible; YandexBot/3.0; +http://yandex.com/bots)"
157.55.36.52 - - [09/Dec/2013:12:01:22 +0100] "GET /robots.txt HTTP/1.1" 404 1256 "-" "Mozilla/5.0 (compatible; bingbot/2.0; +http://www.bing.com/bingbot.htm)"
157.55.36.52 - - [09/Dec/2013:12:04:55 +0100] "GET / HTTP/1.1" 200 2889 "-" "Mozilla/5.0 (compatible; bingbot/2.0; +http://www.bing.com/bingbot.htm)"
64.246.165.150 - - [09/Dec/2013:12:07:49 +0100] "GET /robots.txt HTTP/1.0" 404 1256 "-" "Mozilla/5.0 (Windows; U; Windows NT 5.1; en; rv:1.9.0.13) Gecko/2009073022 Firefox/3.5.2 (.NET CLR 3.5.30729) SurveyBot/2.3 (DomainTools)"
64.246.165.150 - - [09/Dec/2013:12:07:50 +0100] "GET / HTTP/1.1" 200 2889 "http://whois.domaintools.com/wertstoffservice.de" "Mozilla/5.0 (Windows; U; Windows NT 5.1; en; rv:1.9.0.13) Gecko/2009073022 Firefox/3.5.2 (.NET CLR 3.5.30729) SurveyBot/2.3 (DomainTools)"
217.89.117.154 - - [09/Dec/2013:15:38:03 +0100] "GET / HTTP/1.1" 200 2889 "https://www.google.de/url?sa=t&rct=j&q=&esrc=s&source=web&cd=1&ved=0CC8QFjAA&url=http%3A%2F%2Fwww.wertstoffservice.de%2F&ei=YdWlUuDNDsPfswadxYCwBQ&usg=AFQjCNH7Uqeobv66I8n6zUkeuVynRnaJ-w&bvm=bv.57752919,d.Yms" "Mozilla/5.0 (Windows NT 6.1; WOW64) AppleWebKit/537.36 (KHTML, like Gecko) Chrome/30.0.1599.101 Safari/537.36"
217.89.117.154 - - [09/Dec/2013:15:38:06 +0100] "GET /images/hintgr.gif HTTP/1.1" 200 925 "http://www.wertstoffservice.de/" "Mozilla/5.0 (Windows NT 6.1; WOW64) AppleWebKit/537.36 (KHTML, like Gecko) Chrome/30.0.1599.101 Safari/537.36"
217.89.117.154 - - [09/Dec/2013:15:38:11 +0100] "GET /images/u-const.gif HTTP/1.1" 200 3797 "http://www.wertstoffservice.de/" "Mozilla/5.0 (Windows NT 6.1; WOW64) AppleWebKit/537.36 (KHTML, like Gecko) Chrome/30.0.1599.101 Safari/537.36"
217.89.117.154 - - [09/Dec/2013:15:38:11 +0100] "GET /images/logo.gif HTTP/1.1" 200 6252 "http://www.wertstoffservice.de/" "Mozilla/5.0 (Windows NT 6.1; WOW64) AppleWebKit/537.36 (KHTML, like Gecko) Chrome/30.0.1599.101 Safari/537.36"
217.89.117.154 - - [09/Dec/2013:15:38:14 +0100] "GET /favicon.ico HTTP/1.1" 404 1256 "-" "Mozilla/5.0 (Windows NT 6.1; WOW64) AppleWebKit/537.36 (KHTML, like Gecko) Chrome/30.0.1599.101 Safari/537.36"
207.241.226.232 - - [10/Dec/2013:05:01:08 +0100] "GET /robots.txt HTTP/1.1" 404 1256 "-" "Mozilla/5.0 (compatible; archive.org_bot; Wayback Machine Live Record; +http://archive.org/details/archive.org_bot)"
5.9.95.7 - - [10/Dec/2013:05:29:24 +0100] "GET /robots.txt HTTP/1.1" 404 1256 "http://wertstoffservice.de/" "Mozilla/5.0 (compatible; ltbot/1.3; bot@language-tools.com)"
5.9.95.7 - - [10/Dec/2013:05:29:26 +0100] "GET / HTTP/1.1" 200 2889 "http://wertstoffservice.de/" "Mozilla/5.0 (compatible; ltbot/1.3; bot@language-tools.com)"
141.8.147.12 - - [10/Dec/2013:21:15:31 +0100] "GET /robots.txt HTTP/1.1" 404 1256 "-" "Mozilla/5.0 (compatible; YandexBot/3.0; +http://yandex.com/bots)"
23.20.145.146 - - [10/Dec/2013:22:36:02 +0100] "GET / HTTP/1.0" 200 2889 "-" "Mozilla/5.0 (compatible; NetcraftSurveyAgent/1.0; +info@netcraft.com)"
141.8.147.12 - - [11/Dec/2013:00:12:46 +0100] "GET / HTTP/1.1" 200 2889 "-" "Mozilla/5.0 (compatible; YandexBot/3.0; +http://yandex.com/bots)"
188.165.195.156 - - [11/Dec/2013:18:58:57 +0100] "HEAD / HTTP/1.1" 200 - "-" "Mozilla/4.0 (compatible; MSIE 5.01; Windows NT 5.0)"
157.55.32.106 - - [12/Dec/2013:04:17:53 +0100] "GET /robots.txt HTTP/1.1" 404 1256 "-" "Mozilla/5.0 (compatible; bingbot/2.0; +http://www.bing.com/bingbot.htm)"
157.55.32.106 - - [12/Dec/2013:04:33:31 +0100] "GET / HTTP/1.1" 304 - "-" "Mozilla/5.0 (compatible; bingbot/2.0; +http://www.bing.com/bingbot.htm)"
42.156.138.55 - - [12/Dec/2013:06:05:58 +0100] "GET / HTTP/1.1" 200 2889 "-" "YisouSpider"
66.249.78.98 - - [12/Dec/2013:12:20:35 +0100] "GET /robots.txt HTTP/1.1" 404 1256 "-" "Mozilla/5.0 (compatible; Googlebot/2.1; +http://www.google.com/bot.html)"
66.249.78.98 - - [12/Dec/2013:12:20:35 +0100] "GET / HTTP/1.1" 200 2889 "-" "Mozilla/5.0 (compatible; Googlebot/2.1; +http://www.google.com/bot.html)"
66.249.78.98 - - [12/Dec/2013:17:55:31 +0100] "GET /robots.txt HTTP/1.1" 404 1256 "-" "Mozilla/5.0 (compatible; Googlebot/2.1; +http://www.google.com/bot.html)"
217.69.133.223 - - [13/Dec/2013:21:54:52 +0100] "GET /robots.txt HTTP/1.1" 404 1256 "-" "Mozilla/5.0 (compatible; Linux x86_64; Mail.RU_Bot/2.0; +http://go.mail.ru/help/robots)"
217.69.133.226 - - [13/Dec/2013:21:54:54 +0100] "GET / HTTP/1.1" 200 2889 "-" "Mozilla/5.0 (compatible; Linux x86_64; Mail.RU_Bot/2.0; +http://go.mail.ru/help/robots)"
213.144.5.151 - - [13/Dec/2013:23:07:47 +0100] "GET / HTTP/1.1" 200 2889 "-" "Mozilla/5.0 (Windows NT 6.1; WOW64) AppleWebKit/537.11 (KHTML, like Gecko) Chrome/23.0.1271.91 Safari/537.11"
213.144.5.151 - - [13/Dec/2013:23:07:47 +0100] "GET / HTTP/1.1" 200 2889 "-" "Mozilla/5.0 (Windows NT 6.1; WOW64) AppleWebKit/537.11 (KHTML, like Gecko) Chrome/23.0.1271.91 Safari/537.11"
213.144.5.151 - - [13/Dec/2013:23:07:47 +0100] "GET / HTTP/1.1" 200 2889 "-" "Mozilla/5.0 (Windows NT 6.1; WOW64) AppleWebKit/537.11 (KHTML, like Gecko) Chrome/23.0.1271.91 Safari/537.11"
213.144.5.151 - - [13/Dec/2013:23:07:47 +0100] "GET / HTTP/1.1" 200 2889 "-" "Mozilla/5.0 (Windows NT 6.1; WOW64) AppleWebKit/537.11 (KHTML, like Gecko) Chrome/23.0.1271.91 Safari/537.11"
213.144.5.151 - - [13/Dec/2013:23:11:17 +0100] "GET / HTTP/1.1" 200 2889 "-" "Mozilla/5.0 (Windows NT 6.1; WOW64) AppleWebKit/534.34 (KHTML, like Gecko) PhantomJS/1.9.2 Safari/534.34"
213.144.5.151 - - [13/Dec/2013:23:11:17 +0100] "GET /images/logo.gif HTTP/1.1" 200 6252 "http://www.wertstoffservice.de/" "Mozilla/5.0 (Windows NT 6.1; WOW64) AppleWebKit/534.34 (KHTML, like Gecko) PhantomJS/1.9.2 Safari/534.34"
213.144.5.151 - - [13/Dec/2013:23:11:17 +0100] "GET /images/u-const.gif HTTP/1.1" 200 3797 "http://www.wertstoffservice.de/" "Mozilla/5.0 (Windows NT 6.1; WOW64) AppleWebKit/534.34 (KHTML, like Gecko) PhantomJS/1.9.2 Safari/534.34"
213.144.5.151 - - [13/Dec/2013:23:11:17 +0100] "GET /images/hintgr.gif HTTP/1.1" 200 925 "http://www.wertstoffservice.de/" "Mozilla/5.0 (Windows NT 6.1; WOW64) AppleWebKit/534.34 (KHTML, like Gecko) PhantomJS/1.9.2 Safari/534.34"
213.144.5.151 - - [13/Dec/2013:23:11:23 +0100] "GET / HTTP/1.1" 200 2889 "-" "Mozilla/5.0 (Windows; U; Windows NT 6.1; de-DE) AppleWebKit/533.3 (KHTML, like Gecko) Qt/4.7.1 Safari/533.3"
213.144.5.151 - - [13/Dec/2013:23:11:23 +0100] "GET /images/u-const.gif HTTP/1.1" 200 3797 "http://www.wertstoffservice.de/" "Mozilla/5.0 (Windows; U; Windows NT 6.1; de-DE) AppleWebKit/533.3 (KHTML, like Gecko) Qt/4.7.1 Safari/533.3"
213.144.5.151 - - [13/Dec/2013:23:11:23 +0100] "GET /images/logo.gif HTTP/1.1" 200 6252 "http://www.wertstoffservice.de/" "Mozilla/5.0 (Windows; U; Windows NT 6.1; de-DE) AppleWebKit/533.3 (KHTML, like Gecko) Qt/4.7.1 Safari/533.3"
213.144.5.151 - - [13/Dec/2013:23:11:23 +0100] "GET /images/hintgr.gif HTTP/1.1" 200 925 "http://www.wertstoffservice.de/" "Mozilla/5.0 (Windows; U; Windows NT 6.1; de-DE) AppleWebKit/533.3 (KHTML, like Gecko) Qt/4.7.1 Safari/533.3"
141.8.147.12 - - [14/Dec/2013:03:54:19 +0100] "GET /robots.txt HTTP/1.1" 404 1256 "-" "Mozilla/5.0 (compatible; YandexBot/3.0; +http://yandex.com/bots)"
141.8.147.12 - - [14/Dec/2013:04:58:46 +0100] "GET / HTTP/1.1" 200 2889 "-" "Mozilla/5.0 (compatible; YandexBot/3.0; +http://yandex.com/bots)"
180.76.5.66 - - [14/Dec/2013:05:15:34 +0100] "GET / HTTP/1.1" 200 2889 "-" "Mozilla/5.0 (compatible; Baiduspider/2.0; +http://www.baidu.com/search/spider.html)"
176.9.155.226 - - [15/Dec/2013:01:22:04 +0100] "GET /robots.txt HTTP/1.1" 404 1256 "-" "Mozilla/5.0 (compatible; SISTRIX Crawler; http://crawler.sistrix.net/)"
176.9.155.226 - - [15/Dec/2013:01:22:04 +0100] "GET / HTTP/1.1" 206 2889 "-" "Mozilla/5.0 (compatible; SISTRIX Crawler; http://crawler.sistrix.net/)"
93.228.68.252 - - [15/Dec/2013:07:32:41 +0100] "GET / HTTP/1.1" 200 2889 "-" "Mozilla/5.0 Gecko/2009042316 Firefox/3.x"
157.56.92.152 - - [15/Dec/2013:10:19:10 +0100] "GET /robots.txt HTTP/1.1" 404 1256 "-" "Mozilla/5.0 (compatible; bingbot/2.0; +http://www.bing.com/bingbot.htm)"
157.56.92.152 - - [15/Dec/2013:10:21:18 +0100] "GET / HTTP/1.1" 304 - "-" "Mozilla/5.0 (compatible; bingbot/2.0; +http://www.bing.com/bingbot.htm)"
80.252.109.13 - - [15/Dec/2013:16:30:04 +0100] "GET / HTTP/1.1" 200 2889 "-" "-"
62.212.73.211 - - [15/Dec/2013:16:56:10 +0100] "GET /robots.txt HTTP/1.0" 404 1256 "-" "Mozilla/5.0 (compatible; MJ12bot/v1.4.4; http://www.majestic12.co.uk/bot.php?+)"
62.212.73.211 - - [15/Dec/2013:16:56:11 +0100] "GET / HTTP/1.0" 200 2889 "-" "Mozilla/5.0 (compatible; MJ12bot/v1.4.4; http://www.majestic12.co.uk/bot.php?+)"
87.158.111.110 - - [16/Dec/2013:07:35:39 +0100] "GET / HTTP/1.1" 200 2889 "http://www.google.de/url?sa=t&rct=j&q=&esrc=s&frm=1&source=web&cd=1&ved=0CDEQFjAA&url=http%3A%2F%2Fwww.wertstoffservice.de%2F&ei=wJ6uUrC7IcjPsgbh74GQBg&usg=AFQjCNH7Uqeobv66I8n6zUkeuVynRnaJ-w&bvm=bv.57967247,d.Yms" "Mozilla/4.0 (compatible; MSIE 8.0; Windows NT 5.1; Trident/4.0; .NET CLR 1.1.4322; .NET CLR 2.0.50727; .NET CLR 3.0.4506.2152; .NET CLR 3.5.30729; T-Brand-RC)"
87.158.111.110 - - [16/Dec/2013:07:35:39 +0100] "GET /images/hintgr.gif HTTP/1.1" 200 925 "http://www.wertstoffservice.de/" "Mozilla/4.0 (compatible; MSIE 8.0; Windows NT 5.1; Trident/4.0; .NET CLR 1.1.4322; .NET CLR 2.0.50727; .NET CLR 3.0.4506.2152; .NET CLR 3.5.30729; T-Brand-RC)"
87.158.111.110 - - [16/Dec/2013:07:35:39 +0100] "GET /images/logo.gif HTTP/1.1" 200 6252 "http://www.wertstoffservice.de/" "Mozilla/4.0 (compatible; MSIE 8.0; Windows NT 5.1; Trident/4.0; .NET CLR 1.1.4322; .NET CLR 2.0.50727; .NET CLR 3.0.4506.2152; .NET CLR 3.5.30729; T-Brand-RC)"
87.158.111.110 - - [16/Dec/2013:07:35:39 +0100] "GET /images/u-const.gif HTTP/1.1" 200 3797 "http://www.wertstoffservice.de/" "Mozilla/4.0 (compatible; MSIE 8.0; Windows NT 5.1; Trident/4.0; .NET CLR 1.1.4322; .NET CLR 2.0.50727; .NET CLR 3.0.4506.2152; .NET CLR 3.5.30729; T-Brand-RC)"
87.158.111.110 - - [16/Dec/2013:07:35:39 +0100] "GET /favicon.ico HTTP/1.1" 404 1256 "-" "Mozilla/4.0 (compatible; MSIE 8.0; Windows NT 5.1; Trident/4.0; .NET CLR 1.1.4322; .NET CLR 2.0.50727; .NET CLR 3.0.4506.2152; .NET CLR 3.5.30729; T-Brand-RC)"
78.54.26.249 - - [16/Dec/2013:18:33:45 +0100] "GET / HTTP/1.1" 200 2889 "-" "UserAgent: Apache-HttpClient/release (java 1.5)"
78.54.26.249 - - [16/Dec/2013:18:33:45 +0100] "GET /impressum.html HTTP/1.1" 404 1256 "-" "UserAgent: Apache-HttpClient/release (java 1.5)"
78.54.26.249 - - [16/Dec/2013:18:33:46 +0100] "GET /impressum.htm HTTP/1.1" 404 1256 "-" "UserAgent: Apache-HttpClient/release (java 1.5)"
78.54.26.249 - - [16/Dec/2013:18:33:46 +0100] "GET / HTTP/1.1" 200 2889 "-" "UserAgent: Apache-HttpClient/release (java 1.5)"
65.55.24.220 - - [17/Dec/2013:00:49:00 +0100] "GET /robots.txt HTTP/1.1" 404 1256 "-" "Mozilla/5.0 (compatible; bingbot/2.0; +http://www.bing.com/bingbot.htm)"
65.55.24.220 - - [17/Dec/2013:01:05:41 +0100] "GET / HTTP/1.1" 304 - "-" "Mozilla/5.0 (compatible; bingbot/2.0; +http://www.bing.com/bingbot.htm)"
199.30.20.1 - - [17/Dec/2013:02:47:20 +0100] "GET /robots.txt HTTP/1.1" 404 1256 "-" "msnbot-media/1.1 (+http://search.msn.com/msnbot.htm)"
199.30.20.1 - - [17/Dec/2013:02:47:21 +0100] "GET /images/logo.gif HTTP/1.1" 200 6252 "-" "msnbot-media/1.1 (+http://search.msn.com/msnbot.htm)"
66.249.78.98 - - [17/Dec/2013:10:43:06 +0100] "GET /robots.txt HTTP/1.1" 404 1256 "-" "Mozilla/5.0 (compatible; Googlebot/2.1; +http://www.google.com/bot.html)"
66.249.78.98 - - [17/Dec/2013:10:43:07 +0100] "GET / HTTP/1.1" 200 2889 "-" "Mozilla/5.0 (compatible; Googlebot/2.1; +http://www.google.com/bot.html)"
157.55.36.37 - - [18/Dec/2013:03:45:19 +0100] "GET /robots.txt HTTP/1.1" 404 1256 "-" "Mozilla/5.0 (compatible; bingbot/2.0; +http://www.bing.com/bingbot.htm)"
157.55.36.37 - - [18/Dec/2013:03:50:38 +0100] "GET / HTTP/1.1" 304 - "-" "Mozilla/5.0 (compatible; bingbot/2.0; +http://www.bing.com/bingbot.htm)"
141.8.147.12 - - [18/Dec/2013:17:43:32 +0100] "GET /robots.txt HTTP/1.1" 404 1256 "-" "Mozilla/5.0 (compatible; YandexBot/3.0; +http://yandex.com/bots)"
141.8.147.12 - - [18/Dec/2013:22:54:27 +0100] "GET / HTTP/1.1" 200 2889 "-" "Mozilla/5.0 (compatible; YandexBot/3.0; +http://yandex.com/bots)"
66.249.78.98 - - [19/Dec/2013:11:14:48 +0100] "GET /robots.txt HTTP/1.1" 404 1256 "-" "Mozilla/5.0 (compatible; Googlebot/2.1; +http://www.google.com/bot.html)"
66.249.75.42 - - [19/Dec/2013:11:14:49 +0100] "GET / HTTP/1.1" 200 2889 "-" "DoCoMo/2.0 N905i(c100;TB;W24H16) (compatible; Googlebot-Mobile/2.1; +http://www.google.com/bot.html)"
62.8.156.26 - - [19/Dec/2013:17:03:04 +0100] "GET / HTTP/1.1" 200 2889 "-" "-"
62.8.156.26 - - [19/Dec/2013:17:03:54 +0100] "GET / HTTP/1.1" 200 2889 "-" "-"
79.214.221.201 - - [19/Dec/2013:18:58:45 +0100] "GET / HTTP/1.1" 200 2889 "-" "-"
77.75.77.32 - - [20/Dec/2013:07:33:10 +0100] "GET /robots.txt HTTP/1.1" 404 1256 "-" "SeznamBot/3.0 (+http://fulltext.sblog.cz/)"
77.75.77.32 - - [20/Dec/2013:07:33:11 +0100] "GET / HTTP/1.1" 304 - "-" "SeznamBot/3.0 (+http://fulltext.sblog.cz/)"
180.76.5.175 - - [20/Dec/2013:08:00:48 +0100] "GET / HTTP/1.1" 200 2889 "-" "Mozilla/5.0 (compatible; Baiduspider/2.0; +http://www.baidu.com/search/spider.html)"
85.214.112.42 - - [20/Dec/2013:18:45:02 +0100] "HEAD / HTTP/1.1" 200 - "-" "Mozilla/5.0 (compatible; emefgebot/beta; +http://emefge.de/bot.html)"
157.55.32.111 - - [20/Dec/2013:23:18:23 +0100] "GET /robots.txt HTTP/1.1" 404 1256 "-" "Mozilla/5.0 (compatible; bingbot/2.0; +http://www.bing.com/bingbot.htm)"
157.55.32.111 - - [20/Dec/2013:23:22:37 +0100] "GET / HTTP/1.1" 304 - "-" "Mozilla/5.0 (compatible; bingbot/2.0; +http://www.bing.com/bingbot.htm)"
93.220.207.224 - - [21/Dec/2013:01:59:19 +0100] "GET / HTTP/1.1" 200 2889 "-" "Mozilla/4.0 (compatible; MSIE 7.0; Windows NT 6.0; WOW64; SLCC1; .NET CLR 2.0.50727)"
157.55.33.33 - - [21/Dec/2013:09:00:43 +0100] "GET /robots.txt HTTP/1.1" 404 1256 "-" "Mozilla/5.0 (compatible; bingbot/2.0; +http://www.bing.com/bingbot.htm)"
157.55.33.33 - - [21/Dec/2013:09:10:02 +0100] "GET / HTTP/1.1" 304 - "-" "Mozilla/5.0 (compatible; bingbot/2.0; +http://www.bing.com/bingbot.htm)"
199.30.16.41 - - [21/Dec/2013:09:17:19 +0100] "GET /robots.txt HTTP/1.1" 404 1256 "-" "msnbot-media/1.1 (+http://search.msn.com/msnbot.htm)"
199.30.16.41 - - [21/Dec/2013:09:17:19 +0100] "GET /images/logo.gif HTTP/1.1" 200 6252 "-" "msnbot-media/1.1 (+http://search.msn.com/msnbot.htm)"
141.8.147.12 - - [21/Dec/2013:18:11:20 +0100] "GET /robots.txt HTTP/1.1" 404 1256 "-" "Mozilla/5.0 (compatible; YandexBot/3.0; +http://yandex.com/bots)"
141.8.147.12 - - [21/Dec/2013:18:24:19 +0100] "GET / HTTP/1.1" 200 2889 "-" "Mozilla/5.0 (compatible; YandexBot/3.0; +http://yandex.com/bots)"
212.114.40.169 - - [22/Dec/2013:00:02:23 +0100] "GET / HTTP/1.1" 200 2889 "-" "Mozilla/5.0 (Windows NT 6.1; WOW64; rv:18.0) Gecko/20100101 Firefox/18.0"
37.228.142.136 - - [22/Dec/2013:00:02:26 +0100] "GET / HTTP/1.1" 200 2889 "-" "Mozilla/5.0 (Windows NT 6.1; WOW64; rv:18.0) Gecko/20100101 Firefox/18.0"
66.249.78.98 - - [22/Dec/2013:03:28:38 +0100] "GET /robots.txt HTTP/1.1" 404 1256 "-" "Mozilla/5.0 (compatible; Googlebot/2.1; +http://www.google.com/bot.html)"
66.249.78.98 - - [22/Dec/2013:03:28:38 +0100] "GET / HTTP/1.1" 200 2889 "-" "Mozilla/5.0 (compatible; Googlebot/2.1; +http://www.google.com/bot.html)"
64.246.178.34 - - [22/Dec/2013:09:10:04 +0100] "GET /robots.txt HTTP/1.0" 404 1256 "-" "Mozilla/5.0 (Windows; U; Windows NT 5.1; en; rv:1.9.0.13) Gecko/2009073022 Firefox/3.5.2 (.NET CLR 3.5.30729) SurveyBot/2.3 (DomainTools)"
64.246.178.34 - - [22/Dec/2013:09:10:04 +0100] "GET / HTTP/1.1" 200 2889 "http://whois.domaintools.com/wertstoffservice.de" "Mozilla/5.0 (Windows; U; Windows NT 5.1; en; rv:1.9.0.13) Gecko/2009073022 Firefox/3.5.2 (.NET CLR 3.5.30729) SurveyBot/2.3 (DomainTools)"
162.210.196.98 - - [22/Dec/2013:10:09:17 +0100] "GET /robots.txt HTTP/1.0" 404 1256 "-" "Mozilla/5.0 (compatible; MJ12bot/v1.4.4; http://www.majestic12.co.uk/bot.php?+)"
162.210.196.98 - - [22/Dec/2013:10:09:18 +0100] "GET / HTTP/1.0" 200 2889 "-" "Mozilla/5.0 (compatible; MJ12bot/v1.4.4; http://www.majestic12.co.uk/bot.php?+)"
141.8.147.12 - - [23/Dec/2013:20:12:55 +0100] "GET /robots.txt HTTP/1.1" 404 1256 "-" "Mozilla/5.0 (compatible; YandexBot/3.0; +http://yandex.com/bots)"
141.8.147.12 - - [23/Dec/2013:20:17:51 +0100] "GET / HTTP/1.1" 200 2889 "-" "Mozilla/5.0 (compatible; YandexBot/3.0; +http://yandex.com/bots)"
188.138.41.175 - - [23/Dec/2013:22:10:50 +0100] "GET / HTTP/1.1" 200 2889 "-" "Mozilla/5.0 (X11; U; Linux i686; en-US; rv:1.9.0.1) Gecko/2008070206 Firefox/3.0.1"
188.138.41.175 - - [23/Dec/2013:22:10:50 +0100] "GET / HTTP/1.1" 200 2889 "-" "Mozilla/5.0 (X11; U; Linux i686; en-US; rv:1.9.0.1) Gecko/2008070206 Firefox/3.0.1"
81.169.211.231 - - [23/Dec/2013:23:57:10 +0100] "GET / HTTP/1.1" 200 2889 "-" "Opera/9.80 (Windows NT 6.0; U; de) Presto/2.2.15 Version/10.00"
42.156.139.36 - - [24/Dec/2013:03:01:28 +0100] "GET / HTTP/1.1" 200 2889 "-" "YisouSpider"
188.138.41.175 - - [24/Dec/2013:06:04:48 +0100] "GET / HTTP/1.1" 200 2889 "-" "Mozilla/5.0 (X11; U; Linux i686; en-US; rv:1.9.0.1) Gecko/2008070206 Firefox/3.0.1"
188.138.41.175 - - [24/Dec/2013:06:04:48 +0100] "GET / HTTP/1.1" 200 2889 "-" "Mozilla/5.0 (X11; U; Linux i686; en-US; rv:1.9.0.1) Gecko/2008070206 Firefox/3.0.1"
66.249.76.178 - - [24/Dec/2013:11:52:59 +0100] "GET /robots.txt HTTP/1.1" 404 1256 "-" "Mozilla/5.0 (compatible; Googlebot/2.1; +http://www.google.com/bot.html)"
66.249.76.178 - - [24/Dec/2013:11:52:59 +0100] "GET /images/logo.gif HTTP/1.1" 200 6252 "-" "Googlebot-Image/1.0"
93.220.235.128 - - [25/Dec/2013:21:20:36 +0100] "GET / HTTP/1.1" 200 2889 "-" "Mozilla/4.0 (compatible; MSIE 7.0; Windows NT 6.0; WOW64; SLCC1; .NET CLR 2.0.50727)"
157.55.35.82 - - [26/Dec/2013:05:19:08 +0100] "GET /robots.txt HTTP/1.1" 404 1256 "-" "Mozilla/5.0 (compatible; bingbot/2.0; +http://www.bing.com/bingbot.htm)"
157.55.35.82 - - [26/Dec/2013:05:23:41 +0100] "GET / HTTP/1.1" 200 2889 "-" "Mozilla/5.0 (compatible; bingbot/2.0; +http://www.bing.com/bingbot.htm)"
46.4.27.145 - - [26/Dec/2013:08:45:25 +0100] "GET / HTTP/1.1" 200 2889 "http://www.webwiki.de/www.wertstoffservice.de" "Mozilla/5.0 (Windows NT 6.1; WOW64; rv:18.0) Gecko/20100101 Firefox/18.0"
141.8.147.12 - - [26/Dec/2013:19:36:07 +0100] "GET /robots.txt HTTP/1.1" 404 1256 "-" "Mozilla/5.0 (compatible; YandexBot/3.0; +http://yandex.com/bots)"
141.8.147.12 - - [26/Dec/2013:20:02:20 +0100] "GET / HTTP/1.1" 200 2889 "-" "Mozilla/5.0 (compatible; YandexBot/3.0; +http://yandex.com/bots)"
188.138.41.175 - - [27/Dec/2013:03:13:50 +0100] "GET / HTTP/1.1" 200 2889 "-" "Mozilla/5.0 (X11; U; Linux i686; en-US; rv:1.9.0.1) Gecko/2008070206 Firefox/3.0.1"
188.138.41.175 - - [27/Dec/2013:03:13:50 +0100] "GET / HTTP/1.1" 200 2889 "-" "Mozilla/5.0 (X11; U; Linux i686; en-US; rv:1.9.0.1) Gecko/2008070206 Firefox/3.0.1"
66.249.64.5 - - [27/Dec/2013:03:58:39 +0100] "GET /robots.txt HTTP/1.1" 404 1256 "-" "Mozilla/5.0 (compatible; Googlebot/2.1; +http://www.google.com/bot.html)"
66.249.76.192 - - [27/Dec/2013:03:58:39 +0100] "GET / HTTP/1.1" 200 2889 "-" "Mozilla/5.0 (compatible; Googlebot/2.1; +http://www.google.com/bot.html)"
188.138.41.175 - - [27/Dec/2013:05:49:26 +0100] "GET / HTTP/1.1" 200 2889 "-" "Mozilla/5.0 (X11; U; Linux i686; en-US; rv:1.9.0.1) Gecko/2008070206 Firefox/3.0.1"
188.138.41.175 - - [27/Dec/2013:05:49:26 +0100] "GET / HTTP/1.1" 200 2889 "-" "Mozilla/5.0 (X11; U; Linux i686; en-US; rv:1.9.0.1) Gecko/2008070206 Firefox/3.0.1"
85.214.112.42 - - [27/Dec/2013:13:25:17 +0100] "GET /robots.txt HTTP/1.1" 404 1256 "-" "Mozilla/5.0 (compatible; emefgebot/beta; +http://emefge.de/bot.html)"
85.214.112.42 - - [27/Dec/2013:13:25:17 +0100] "GET / HTTP/1.1" 200 2889 "-" "Mozilla/5.0 (compatible; emefgebot/beta; +http://emefge.de/bot.html)"
84.185.164.67 - - [27/Dec/2013:14:41:21 +0100] "GET / HTTP/1.1" 200 2889 "http://www.google.de/url?sa=t&rct=j&q=&esrc=s&frm=1&source=web&cd=1&ved=0CC8QFjAA&url=http%3A%2F%2Fwww.wertstoffservice.de%2F&ei=PYO9UqO6K8bpswai1YG4CA&usg=AFQjCNH7Uqeobv66I8n6zUkeuVynRnaJ-w&bvm=bv.58187178,d.Yms" "Mozilla/4.0 (compatible; MSIE 8.0; Windows NT 5.1; Trident/4.0; .NET CLR 1.1.4322; .NET CLR 2.0.50727; .NET CLR 3.0.4506.2152; .NET CLR 3.5.30729)"
84.185.164.67 - - [27/Dec/2013:14:41:21 +0100] "GET /images/logo.gif HTTP/1.1" 200 6252 "http://www.wertstoffservice.de/" "Mozilla/4.0 (compatible; MSIE 8.0; Windows NT 5.1; Trident/4.0; .NET CLR 1.1.4322; .NET CLR 2.0.50727; .NET CLR 3.0.4506.2152; .NET CLR 3.5.30729)"
84.185.164.67 - - [27/Dec/2013:14:41:21 +0100] "GET /images/hintgr.gif HTTP/1.1" 200 925 "http://www.wertstoffservice.de/" "Mozilla/4.0 (compatible; MSIE 8.0; Windows NT 5.1; Trident/4.0; .NET CLR 1.1.4322; .NET CLR 2.0.50727; .NET CLR 3.0.4506.2152; .NET CLR 3.5.30729)"
84.185.164.67 - - [27/Dec/2013:14:41:21 +0100] "GET /images/u-const.gif HTTP/1.1" 200 3797 "http://www.wertstoffservice.de/" "Mozilla/4.0 (compatible; MSIE 8.0; Windows NT 5.1; Trident/4.0; .NET CLR 1.1.4322; .NET CLR 2.0.50727; .NET CLR 3.0.4506.2152; .NET CLR 3.5.30729)"
84.185.164.67 - - [27/Dec/2013:14:41:22 +0100] "GET /favicon.ico HTTP/1.1" 404 1256 "-" "Mozilla/4.0 (compatible; MSIE 8.0; Windows NT 5.1; Trident/4.0; .NET CLR 1.1.4322; .NET CLR 2.0.50727; .NET CLR 3.0.4506.2152; .NET CLR 3.5.30729)"
144.76.42.76 - - [27/Dec/2013:16:15:36 +0100] "GET / HTTP/1.1" 200 2889 "-" "Mozilla/5.0 (Unknown; Linux x86_64) AppleWebKit/534.34 (KHTML, like Gecko) PhantomJS/1.9.1 Safari/534.34"
144.76.42.76 - - [27/Dec/2013:16:15:36 +0100] "GET /images/hintgr.gif HTTP/1.1" 200 925 "http://www.wertstoffservice.de/" "Mozilla/5.0 (Unknown; Linux x86_64) AppleWebKit/534.34 (KHTML, like Gecko) PhantomJS/1.9.1 Safari/534.34"
144.76.42.76 - - [27/Dec/2013:16:15:36 +0100] "GET /images/logo.gif HTTP/1.1" 200 6252 "http://www.wertstoffservice.de/" "Mozilla/5.0 (Unknown; Linux x86_64) AppleWebKit/534.34 (KHTML, like Gecko) PhantomJS/1.9.1 Safari/534.34"
144.76.42.76 - - [27/Dec/2013:16:15:36 +0100] "GET /images/u-const.gif HTTP/1.1" 200 3797 "http://www.wertstoffservice.de/" "Mozilla/5.0 (Unknown; Linux x86_64) AppleWebKit/534.34 (KHTML, like Gecko) PhantomJS/1.9.1 Safari/534.34"
62.157.54.24 - - [27/Dec/2013:18:09:34 +0100] "GET / HTTP/1.1" 200 2889 "http://www.google.de/url?sa=t&rct=j&q=&esrc=s&source=web&cd=10&ved=0CG4QoAIwCQ&url=http%3A%2F%2Fwww.wertstoffservice.de%2F&ei=BrS9UsOHCs_FtAaH0YGACQ&usg=AFQjCNH7Uqeobv66I8n6zUkeuVynRnaJ-w&bvm=bv.58187178,d.Yms" "Mozilla/5.0 (Windows NT 6.1; WOW64; rv:26.0) Gecko/20100101 Firefox/26.0"
62.157.54.24 - - [27/Dec/2013:18:09:35 +0100] "GET /images/logo.gif HTTP/1.1" 200 6252 "http://www.wertstoffservice.de/" "Mozilla/5.0 (Windows NT 6.1; WOW64; rv:26.0) Gecko/20100101 Firefox/26.0"
62.157.54.24 - - [27/Dec/2013:18:09:35 +0100] "GET /images/hintgr.gif HTTP/1.1" 200 925 "http://www.wertstoffservice.de/" "Mozilla/5.0 (Windows NT 6.1; WOW64; rv:26.0) Gecko/20100101 Firefox/26.0"
62.157.54.24 - - [27/Dec/2013:18:09:35 +0100] "GET /images/u-const.gif HTTP/1.1" 200 3797 "http://www.wertstoffservice.de/" "Mozilla/5.0 (Windows NT 6.1; WOW64; rv:26.0) Gecko/20100101 Firefox/26.0"
62.157.54.24 - - [27/Dec/2013:18:09:35 +0100] "GET /favicon.ico HTTP/1.1" 404 1256 "-" "Mozilla/5.0 (Windows NT 6.1; WOW64; rv:26.0) Gecko/20100101 Firefox/26.0"
62.157.54.24 - - [27/Dec/2013:18:09:35 +0100] "GET /favicon.ico HTTP/1.1" 404 1256 "-" "Mozilla/5.0 (Windows NT 6.1; WOW64; rv:26.0) Gecko/20100101 Firefox/26.0"
141.8.147.12 - - [28/Dec/2013:08:05:50 +0100] "GET /robots.txt HTTP/1.1" 404 1256 "-" "Mozilla/5.0 (compatible; YandexBot/3.0; +http://yandex.com/bots)"
141.8.147.12 - - [28/Dec/2013:12:46:08 +0100] "GET / HTTP/1.1" 200 2889 "-" "Mozilla/5.0 (compatible; YandexBot/3.0; +http://yandex.com/bots)"
157.55.32.82 - - [28/Dec/2013:22:01:02 +0100] "GET /robots.txt HTTP/1.1" 404 1256 "-" "Mozilla/5.0 (compatible; bingbot/2.0; +http://www.bing.com/bingbot.htm)"
157.55.32.82 - - [28/Dec/2013:22:12:24 +0100] "GET / HTTP/1.1" 200 2889 "-" "Mozilla/5.0 (compatible; bingbot/2.0; +http://www.bing.com/bingbot.htm)"
212.86.202.134 - - [29/Dec/2013:05:37:49 +0100] "GET / HTTP/1.1" 200 2889 "-" "Mozilla/5.0 (Windows NT 6.2; WOW64; rv:22.0) Gecko/20100101 Firefox/22.0"
62.217.63.249 - - [29/Dec/2013:06:10:56 +0100] "GET /images/logo.gif HTTP/1.0" 200 6252 "-" "Lynx/2.8.8dev.9 libwww-FM/2.14 SSL-MM/1.4.1 GNUTLS/2.12.14"
66.249.78.98 - - [29/Dec/2013:09:31:43 +0100] "GET /robots.txt HTTP/1.1" 404 1256 "-" "Mozilla/5.0 (compatible; Googlebot/2.1; +http://www.google.com/bot.html)"
66.249.78.98 - - [29/Dec/2013:09:31:43 +0100] "GET / HTTP/1.1" 200 2889 "-" "Mozilla/5.0 (compatible; Googlebot/2.1; +http://www.google.com/bot.html)"
62.212.73.211 - - [29/Dec/2013:10:16:12 +0100] "GET /robots.txt HTTP/1.0" 404 1256 "-" "Mozilla/5.0 (compatible; MJ12bot/v1.4.4; http://www.majestic12.co.uk/bot.php?+)"
62.212.73.211 - - [29/Dec/2013:10:16:13 +0100] "GET / HTTP/1.0" 200 2889 "-" "Mozilla/5.0 (compatible; MJ12bot/v1.4.4; http://www.majestic12.co.uk/bot.php?+)"
66.249.78.98 - - [30/Dec/2013:06:37:37 +0100] "GET /robots.txt HTTP/1.1" 404 1256 "-" "Mozilla/5.0 (compatible; Googlebot/2.1; +http://www.google.com/bot.html)"
66.249.75.42 - - [30/Dec/2013:06:37:38 +0100] "GET / HTTP/1.1" 200 2889 "-" "DoCoMo/2.0 N905i(c100;TB;W24H16) (compatible; Googlebot-Mobile/2.1; +http://www.google.com/bot.html)"
65.55.52.116 - - [30/Dec/2013:13:36:06 +0100] "GET /robots.txt HTTP/1.1" 404 1256 "-" "Mozilla/5.0 (compatible; bingbot/2.0; +http://www.bing.com/bingbot.htm)"
65.55.52.116 - - [30/Dec/2013:13:37:21 +0100] "GET / HTTP/1.1" 304 - "-" "Mozilla/5.0 (compatible; bingbot/2.0; +http://www.bing.com/bingbot.htm)"
77.75.77.32 - - [31/Dec/2013:00:52:20 +0100] "GET /robots.txt HTTP/1.1" 404 1256 "-" "SeznamBot/3.0 (+http://fulltext.sblog.cz/)"
77.75.77.32 - - [31/Dec/2013:00:52:21 +0100] "GET / HTTP/1.1" 200 2889 "-" "SeznamBot/3.0 (+http://fulltext.sblog.cz/)"
141.8.147.12 - - [31/Dec/2013:07:39:34 +0100] "GET /robots.txt HTTP/1.1" 404 1256 "-" "Mozilla/5.0 (compatible; YandexBot/3.0; +http://yandex.com/bots)"
66.249.78.98 - - [31/Dec/2013:09:55:03 +0100] "GET /robots.txt HTTP/1.1" 404 1256 "-" "Mozilla/5.0 (compatible; Googlebot/2.1; +http://www.google.com/bot.html)"
66.249.75.42 - - [31/Dec/2013:09:55:03 +0100] "GET / HTTP/1.1" 200 2889 "-" "Mozilla/5.0 (iPhone; CPU iPhone OS 6_0 like Mac OS X) AppleWebKit/536.26 (KHTML, like Gecko) Version/6.0 Mobile/10A5376e Safari/8536.25 (compatible; Googlebot-Mobile/2.1; +http://www.google.com/bot.html)"
65.55.52.89 - - [31/Dec/2013:10:18:54 +0100] "GET /robots.txt HTTP/1.1" 404 1256 "-" "Mozilla/5.0 (compatible; bingbot/2.0; +http://www.bing.com/bingbot.htm)"
65.55.52.89 - - [31/Dec/2013:10:19:19 +0100] "GET / HTTP/1.1" 304 - "-" "Mozilla/5.0 (compatible; bingbot/2.0; +http://www.bing.com/bingbot.htm)"
141.8.147.12 - - [31/Dec/2013:10:31:58 +0100] "GET / HTTP/1.1" 200 2889 "-" "Mozilla/5.0 (compatible; YandexBot/3.0; +http://yandex.com/bots)"
188.138.41.175 - - [31/Dec/2013:15:28:04 +0100] "GET / HTTP/1.1" 200 2889 "-" "Mozilla/5.0 (X11; U; Linux i686; en-US; rv:1.9.0.1) Gecko/2008070206 Firefox/3.0.1"
188.138.41.175 - - [31/Dec/2013:15:28:04 +0100] "GET / HTTP/1.1" 200 2889 "-" "Mozilla/5.0 (X11; U; Linux i686; en-US; rv:1.9.0.1) Gecko/2008070206 Firefox/3.0.1"
81.169.211.231 - - [31/Dec/2013:17:29:30 +0100] "GET / HTTP/1.1" 200 2889 "-" "Opera/9.80 (Macintosh; Intel Mac OS X 10.6.8; U; de) Presto/2.9.168 Version/11.52"
78.54.30.86 - - [31/Dec/2013:18:50:06 +0100] "GET / HTTP/1.1" 200 2889 "-" "UserAgent: Apache-HttpClient/release (java 1.5)"
78.54.30.86 - - [31/Dec/2013:18:50:06 +0100] "GET /impressum.html HTTP/1.1" 404 1256 "-" "UserAgent: Apache-HttpClient/release (java 1.5)"
78.54.30.86 - - [31/Dec/2013:18:50:06 +0100] "GET /impressum.htm HTTP/1.1" 404 1256 "-" "UserAgent: Apache-HttpClient/release (java 1.5)"
78.54.30.86 - - [31/Dec/2013:18:50:06 +0100] "GET / HTTP/1.1" 200 2889 "-" "UserAgent: Apache-HttpClient/release (java 1.5)"
66.249.78.98 - - [31/Dec/2013:23:07:16 +0100] "GET /robots.txt HTTP/1.1" 404 1256 "-" "Mozilla/5.0 (compatible; Googlebot/2.1; +http://www.google.com/bot.html)"
66.249.78.98 - - [31/Dec/2013:23:07:16 +0100] "GET / HTTP/1.1" 200 2889 "-" "Mozilla/5.0 (compatible; Googlebot/2.1; +http://www.google.com/bot.html)"