66.249.78.85 - - [01/Oct/2014:02:59:36 +0200] "GET /robots.txt HTTP/1.1" 404 1256 "-" "Mozilla/5.0 (compatible; Googlebot/2.1; +http://www.google.com/bot.html)"
66.249.78.92 - - [01/Oct/2014:02:59:36 +0200] "GET /seiten/start.htm HTTP/1.1" 304 - "-" "Mozilla/5.0 (compatible; Googlebot/2.1; +http://www.google.com/bot.html)"
207.46.13.123 - - [01/Oct/2014:03:37:15 +0200] "GET /robots.txt HTTP/1.1" 404 1256 "-" "Mozilla/5.0 (compatible; bingbot/2.0; +http://www.bing.com/bingbot.htm)"
207.46.13.123 - - [01/Oct/2014:03:37:24 +0200] "GET /seiten/kontakt.php HTTP/1.1" 200 6708 "-" "Mozilla/5.0 (compatible; bingbot/2.0; +http://www.bing.com/bingbot.htm)"
66.249.78.85 - - [01/Oct/2014:05:49:23 +0200] "GET / HTTP/1.1" 200 1775 "-" "SAMSUNG-SGH-E250/1.0 Profile/MIDP-2.0 Configuration/CLDC-1.1 UP.Browser/6.2.3.3.c.1.101 (GUI) MMP/2.0 (compatible; Googlebot-Mobile/2.1; +http://www.google.com/bot.html)"
95.91.242.135 - - [01/Oct/2014:07:24:02 +0200] "GET /favicon.ico HTTP/1.1" 404 1256 "-" "Mozilla/4.0 (compatible; MSIE 7.0; Windows NT 6.1; WOW64; Trident/7.0; SLCC2; .NET CLR 2.0.50727; .NET CLR 3.5.30729; .NET CLR 3.0.30729; Media Center PC 6.0; eSobiSubscriber 1.0.0.40; MAAR; .NET4.0C; .NET4.0E)"
66.249.78.92 - - [01/Oct/2014:07:43:49 +0200] "GET /dokumente/ReferenzenMaler.pdf HTTP/1.1" 304 - "-" "Mozilla/5.0 (compatible; Googlebot/2.1; +http://www.google.com/bot.html)"
66.249.78.92 - - [01/Oct/2014:08:36:42 +0200] "GET /seiten/start.htm HTTP/1.1" 304 - "-" "Mozilla/5.0 (compatible; Googlebot/2.1; +http://www.google.com/bot.html)"
192.99.39.69 - - [01/Oct/2014:08:39:54 +0200] "GET /robots.txt HTTP/1.1" 404 1256 "-" "Mozilla/5.0 (compatible; meanpathbot/1.0; +http://www.meanpath.com/meanpathbot.html)"
192.99.39.69 - - [01/Oct/2014:08:39:54 +0200] "GET / HTTP/1.1" 200 1775 "-" "Mozilla/5.0 (compatible; meanpathbot/1.0; +http://www.meanpath.com/meanpathbot.html)"
180.76.5.67 - - [01/Oct/2014:09:20:02 +0200] "GET /robots.txt HTTP/1.1" 404 1256 "-" "Mozilla/5.0 (Windows NT 5.1; rv:6.0.2) Gecko/20100101 Firefox/6.0.2"
180.76.5.149 - - [01/Oct/2014:09:21:51 +0200] "GET / HTTP/1.1" 200 1775 "-" "Mozilla/5.0 (compatible; Baiduspider/2.0; +http://www.baidu.com/search/spider.html)"
207.46.13.57 - - [01/Oct/2014:09:49:39 +0200] "GET /seiten/leistungen.htm HTTP/1.1" 304 - "-" "Mozilla/5.0 (compatible; bingbot/2.0; +http://www.bing.com/bingbot.htm)"
66.249.78.92 - - [01/Oct/2014:10:20:36 +0200] "GET / HTTP/1.1" 304 - "-" "Mozilla/5.0 (compatible; Googlebot/2.1; +http://www.google.com/bot.html)"
91.141.2.164 - - [01/Oct/2014:10:38:06 +0200] "GET / HTTP/1.1" 200 1775 "http://www.industrystock.de/html/Fassadenrenovierung/product-result-de-81311-0.html" "Mozilla/5.0 (Windows NT 6.1; WOW64) AppleWebKit/537.36 (KHTML, like Gecko) Chrome/37.0.2062.124 Safari/537.36"
91.141.2.164 - - [01/Oct/2014:10:38:06 +0200] "GET /css/style.css HTTP/1.1" 200 8567 "http://www.frb-berlin.de/" "Mozilla/5.0 (Windows NT 6.1; WOW64) AppleWebKit/537.36 (KHTML, like Gecko) Chrome/37.0.2062.124 Safari/537.36"
91.141.2.164 - - [01/Oct/2014:10:38:06 +0200] "GET /img/logo.gif HTTP/1.1" 200 4275 "http://www.frb-berlin.de/" "Mozilla/5.0 (Windows NT 6.1; WOW64) AppleWebKit/537.36 (KHTML, like Gecko) Chrome/37.0.2062.124 Safari/537.36"
91.141.2.164 - - [01/Oct/2014:10:38:06 +0200] "GET /favicon.ico HTTP/1.1" 404 1256 "-" "Mozilla/5.0 (Windows NT 6.1; WOW64) AppleWebKit/537.36 (KHTML, like Gecko) Chrome/37.0.2062.124 Safari/537.36"
66.249.78.92 - - [01/Oct/2014:10:50:04 +0200] "GET /seiten/impressum.htm HTTP/1.1" 304 - "-" "Mozilla/5.0 (compatible; Googlebot/2.1; +http://www.google.com/bot.html)"
217.86.196.40 - - [01/Oct/2014:12:23:46 +0200] "GET /robots.txt HTTP/1.0" 404 1256 "-" "-"
217.86.196.40 - - [01/Oct/2014:12:23:46 +0200] "GET /seiten/ausbildung.htm HTTP/1.1" 200 2131 "-" "JobRoboter/1.1"
54.73.102.28 - - [01/Oct/2014:16:00:19 +0200] "GET /robots.txt HTTP/1.1" 404 1256 "-" "-"
212.224.119.139 - - [01/Oct/2014:16:04:22 +0200] "GET /seiten/referenzen_beton.htm HTTP/1.1" 200 8747 "-" "Mozilla/5.0 (compatible; XoviBot/2.0; +http://www.xovibot.net/)"
46.4.53.21 - - [01/Oct/2014:16:58:41 +0200] "GET / HTTP/1.1" 200 1775 "-" "-"
37.58.100.91 - - [01/Oct/2014:17:36:20 +0200] "GET /seiten/links.htm HTTP/1.1" 200 1543 "-" "Mozilla/5.0 (compatible; AhrefsBot/5.0; +http://ahrefs.com/robot/)"
66.249.78.85 - - [01/Oct/2014:19:19:43 +0200] "GET /robots.txt HTTP/1.1" 404 1256 "-" "Mozilla/5.0 (compatible; Googlebot/2.1; +http://www.google.com/bot.html)"
66.249.78.85 - - [01/Oct/2014:19:19:43 +0200] "GET / HTTP/1.1" 304 - "-" "Mozilla/5.0 (compatible; Googlebot/2.1; +http://www.google.com/bot.html)"
66.249.78.85 - - [01/Oct/2014:20:26:48 +0200] "GET /seiten/start.htm HTTP/1.1" 304 - "-" "Mozilla/5.0 (compatible; Googlebot/2.1; +http://www.google.com/bot.html)"
54.73.102.28 - - [01/Oct/2014:21:19:54 +0200] "HEAD / HTTP/1.1" 200 - "-" "Googlebot/2.1 (+http://www.google.com/bot.html)"
91.9.110.9 - - [01/Oct/2014:22:24:49 +0200] "GET /seiten/ausbildung3.htm HTTP/1.1" 200 6331 "http://www.backinjob.de/detailFrame.php?Chiffre=999950000047104849" "Mozilla/5.0 (compatible; MSIE 10.0; Windows NT 6.2; WOW64; Trident/6.0; MAARJS)"
91.9.110.9 - - [01/Oct/2014:22:24:49 +0200] "GET /css/style.css HTTP/1.1" 200 8567 "http://www.frb-berlin.de/seiten/ausbildung3.htm" "Mozilla/5.0 (compatible; MSIE 10.0; Windows NT 6.2; WOW64; Trident/6.0; MAARJS)"
91.9.110.9 - - [01/Oct/2014:22:24:49 +0200] "GET /img/top.gif HTTP/1.1" 200 950 "http://www.frb-berlin.de/seiten/ausbildung3.htm" "Mozilla/5.0 (compatible; MSIE 10.0; Windows NT 6.2; WOW64; Trident/6.0; MAARJS)"
91.9.110.9 - - [01/Oct/2014:22:24:50 +0200] "GET /img/hg.jpg HTTP/1.1" 200 7507 "http://www.frb-berlin.de/seiten/ausbildung3.htm" "Mozilla/5.0 (compatible; MSIE 10.0; Windows NT 6.2; WOW64; Trident/6.0; MAARJS)"
79.98.26.110 - - [01/Oct/2014:22:26:11 +0200] "GET / HTTP/1.0" 200 1775 "-" "-"
79.98.26.110 - - [01/Oct/2014:22:26:51 +0200] "GET / HTTP/1.0" 200 1775 "-" "-"
192.99.39.69 - - [01/Oct/2014:22:55:34 +0200] "GET /robots.txt HTTP/1.1" 404 1256 "-" "Mozilla/5.0 (compatible; meanpathbot/1.0; +http://www.meanpath.com/meanpathbot.html)"
192.99.39.69 - - [01/Oct/2014:22:55:35 +0200] "GET / HTTP/1.1" 200 1775 "-" "Mozilla/5.0 (compatible; meanpathbot/1.0; +http://www.meanpath.com/meanpathbot.html)"
207.46.13.123 - - [02/Oct/2014:00:59:06 +0200] "GET /robots.txt HTTP/1.1" 404 1256 "-" "Mozilla/5.0 (compatible; bingbot/2.0; +http://www.bing.com/bingbot.htm)"
207.46.13.123 - - [02/Oct/2014:00:59:16 +0200] "GET /dokumente/ReferenzenMaler.pdf HTTP/1.1" 200 15515 "-" "Mozilla/5.0 (compatible; bingbot/2.0; +http://www.bing.com/bingbot.htm)"
207.46.13.57 - - [02/Oct/2014:02:09:47 +0200] "GET / HTTP/1.1" 200 1775 "-" "Mozilla/5.0 (compatible; bingbot/2.0; +http://www.bing.com/bingbot.htm)"
66.249.78.92 - - [02/Oct/2014:03:55:55 +0200] "GET /robots.txt HTTP/1.1" 404 1256 "-" "Mozilla/5.0 (compatible; Googlebot/2.1; +http://www.google.com/bot.html)"
66.249.78.99 - - [02/Oct/2014:03:55:55 +0200] "GET / HTTP/1.1" 304 - "-" "Mozilla/5.0 (iPhone; CPU iPhone OS 6_0 like Mac OS X) AppleWebKit/536.26 (KHTML, like Gecko) Version/6.0 Mobile/10A5376e Safari/8536.25 (compatible; Googlebot/2.1; +http://www.google.com/bot.html)"
37.58.100.182 - - [02/Oct/2014:04:52:46 +0200] "GET /robots.txt HTTP/1.1" 404 1256 "-" "Mozilla/5.0 (compatible; AhrefsBot/5.0; +http://ahrefs.com/robot/)"
66.249.78.85 - - [02/Oct/2014:05:44:06 +0200] "GET / HTTP/1.1" 304 - "-" "Mozilla/5.0 (compatible; Googlebot/2.1; +http://www.google.com/bot.html)"
95.91.208.97 - - [02/Oct/2014:05:49:53 +0200] "GET /favicon.ico HTTP/1.1" 404 1256 "-" "Mozilla/4.0 (compatible; MSIE 7.0; Windows NT 6.1; WOW64; Trident/7.0; SLCC2; .NET CLR 2.0.50727; .NET CLR 3.5.30729; .NET CLR 3.0.30729; Media Center PC 6.0; eSobiSubscriber 1.0.0.40; MAAR; .NET4.0C; .NET4.0E)"
217.69.133.223 - - [02/Oct/2014:07:24:13 +0200] "GET /robots.txt HTTP/1.1" 404 1256 "-" "Mozilla/5.0 (compatible; Linux x86_64; Mail.RU_Bot/2.0; +http://go.mail.ru/help/robots)"
217.69.133.221 - - [02/Oct/2014:07:24:15 +0200] "GET /seiten/start.htm HTTP/1.1" 304 - "-" "Mozilla/5.0 (compatible; Linux x86_64; Mail.RU_Bot/2.0; +http://go.mail.ru/help/robots)"
157.55.39.12 - - [02/Oct/2014:07:45:19 +0200] "GET /seiten/links.htm HTTP/1.1" 200 1543 "-" "Mozilla/5.0 (compatible; bingbot/2.0; +http://www.bing.com/bingbot.htm)"
207.46.13.123 - - [02/Oct/2014:07:45:23 +0200] "GET /robots.txt HTTP/1.1" 404 1256 "-" "Mozilla/5.0 (compatible; bingbot/2.0; +http://www.bing.com/bingbot.htm)"
192.99.39.78 - - [02/Oct/2014:09:04:42 +0200] "GET /robots.txt HTTP/1.1" 404 1256 "-" "Mozilla/5.0 (compatible; meanpathbot/1.0; +http://www.meanpath.com/meanpathbot.html)"
192.99.39.78 - - [02/Oct/2014:09:04:42 +0200] "GET / HTTP/1.1" 200 1775 "-" "Mozilla/5.0 (compatible; meanpathbot/1.0; +http://www.meanpath.com/meanpathbot.html)"
217.86.196.40 - - [02/Oct/2014:09:06:53 +0200] "GET /robots.txt HTTP/1.0" 404 1256 "-" "-"
217.86.196.40 - - [02/Oct/2014:09:06:53 +0200] "GET /seiten/ausbildung.htm HTTP/1.1" 200 2131 "-" "JobRoboter/1.1"
89.247.91.100 - - [02/Oct/2014:09:40:34 +0200] "GET / HTTP/1.1" 200 1775 "-" "Mozilla/5.0 (compatible; MSIE 10.0; Windows NT 6.2; WOW64; Trident/6.0; MASMJS)"
89.247.91.100 - - [02/Oct/2014:09:40:34 +0200] "GET /css/style.css HTTP/1.1" 200 8567 "http://www.frb-berlin.de/" "Mozilla/5.0 (compatible; MSIE 10.0; Windows NT 6.2; WOW64; Trident/6.0; MASMJS)"
89.247.91.100 - - [02/Oct/2014:09:40:34 +0200] "GET /img/logo.gif HTTP/1.1" 200 4275 "http://www.frb-berlin.de/" "Mozilla/5.0 (compatible; MSIE 10.0; Windows NT 6.2; WOW64; Trident/6.0; MASMJS)"
89.247.91.100 - - [02/Oct/2014:09:40:36 +0200] "GET /seiten/start.htm HTTP/1.1" 200 9376 "http://www.frb-berlin.de/" "Mozilla/5.0 (compatible; MSIE 10.0; Windows NT 6.2; WOW64; Trident/6.0; MASMJS)"
89.247.91.100 - - [02/Oct/2014:09:40:36 +0200] "GET /scripte/menu_start.js HTTP/1.1" 200 31217 "http://www.frb-berlin.de/seiten/start.htm" "Mozilla/5.0 (compatible; MSIE 10.0; Windows NT 6.2; WOW64; Trident/6.0; MASMJS)"
89.247.91.100 - - [02/Oct/2014:09:40:36 +0200] "GET /scripte/menu_elemente.js HTTP/1.1" 200 18006 "http://www.frb-berlin.de/seiten/start.htm" "Mozilla/5.0 (compatible; MSIE 10.0; Windows NT 6.2; WOW64; Trident/6.0; MASMJS)"
89.247.91.100 - - [02/Oct/2014:09:40:36 +0200] "GET /img/1px.gif HTTP/1.1" 200 43 "http://www.frb-berlin.de/seiten/start.htm" "Mozilla/5.0 (compatible; MSIE 10.0; Windows NT 6.2; WOW64; Trident/6.0; MASMJS)"
89.247.91.100 - - [02/Oct/2014:09:40:36 +0200] "GET /img/head.jpg HTTP/1.1" 200 5932 "http://www.frb-berlin.de/seiten/start.htm" "Mozilla/5.0 (compatible; MSIE 10.0; Windows NT 6.2; WOW64; Trident/6.0; MASMJS)"
89.247.91.100 - - [02/Oct/2014:09:40:36 +0200] "GET /img/lay01.jpg HTTP/1.1" 200 9336 "http://www.frb-berlin.de/seiten/start.htm" "Mozilla/5.0 (compatible; MSIE 10.0; Windows NT 6.2; WOW64; Trident/6.0; MASMJS)"
89.247.91.100 - - [02/Oct/2014:09:40:36 +0200] "GET /img/over_logo.jpg HTTP/1.1" 200 5315 "http://www.frb-berlin.de/seiten/start.htm" "Mozilla/5.0 (compatible; MSIE 10.0; Windows NT 6.2; WOW64; Trident/6.0; MASMJS)"
89.247.91.100 - - [02/Oct/2014:09:40:36 +0200] "GET /img/lay03.jpg HTTP/1.1" 200 15205 "http://www.frb-berlin.de/seiten/start.htm" "Mozilla/5.0 (compatible; MSIE 10.0; Windows NT 6.2; WOW64; Trident/6.0; MASMJS)"
89.247.91.100 - - [02/Oct/2014:09:40:36 +0200] "GET /img/lay04.jpg HTTP/1.1" 200 6356 "http://www.frb-berlin.de/seiten/start.htm" "Mozilla/5.0 (compatible; MSIE 10.0; Windows NT 6.2; WOW64; Trident/6.0; MASMJS)"
89.247.91.100 - - [02/Oct/2014:09:40:36 +0200] "GET /img/lay05.jpg HTTP/1.1" 200 10183 "http://www.frb-berlin.de/seiten/start.htm" "Mozilla/5.0 (compatible; MSIE 10.0; Windows NT 6.2; WOW64; Trident/6.0; MASMJS)"
89.247.91.100 - - [02/Oct/2014:09:40:36 +0200] "GET /img/lay06.jpg HTTP/1.1" 200 11774 "http://www.frb-berlin.de/seiten/start.htm" "Mozilla/5.0 (compatible; MSIE 10.0; Windows NT 6.2; WOW64; Trident/6.0; MASMJS)"
89.247.91.100 - - [02/Oct/2014:09:40:36 +0200] "GET /img/lay07.jpg HTTP/1.1" 200 9742 "http://www.frb-berlin.de/seiten/start.htm" "Mozilla/5.0 (compatible; MSIE 10.0; Windows NT 6.2; WOW64; Trident/6.0; MASMJS)"
89.247.91.100 - - [02/Oct/2014:09:40:36 +0200] "GET /img/lay13.jpg HTTP/1.1" 200 428 "http://www.frb-berlin.de/seiten/start.htm" "Mozilla/5.0 (compatible; MSIE 10.0; Windows NT 6.2; WOW64; Trident/6.0; MASMJS)"
89.247.91.100 - - [02/Oct/2014:09:40:36 +0200] "GET /img/lay08.jpg HTTP/1.1" 200 10212 "http://www.frb-berlin.de/seiten/start.htm" "Mozilla/5.0 (compatible; MSIE 10.0; Windows NT 6.2; WOW64; Trident/6.0; MASMJS)"
89.247.91.100 - - [02/Oct/2014:09:40:36 +0200] "GET /img/bogen_o1.jpg HTTP/1.1" 200 8356 "http://www.frb-berlin.de/seiten/start.htm" "Mozilla/5.0 (compatible; MSIE 10.0; Windows NT 6.2; WOW64; Trident/6.0; MASMJS)"
89.247.91.100 - - [02/Oct/2014:09:40:36 +0200] "GET /img/lay10.jpg HTTP/1.1" 200 12856 "http://www.frb-berlin.de/seiten/start.htm" "Mozilla/5.0 (compatible; MSIE 10.0; Windows NT 6.2; WOW64; Trident/6.0; MASMJS)"
89.247.91.100 - - [02/Oct/2014:09:40:36 +0200] "GET /img/lay12.jpg HTTP/1.1" 200 394 "http://www.frb-berlin.de/seiten/start.htm" "Mozilla/5.0 (compatible; MSIE 10.0; Windows NT 6.2; WOW64; Trident/6.0; MASMJS)"
89.247.91.100 - - [02/Oct/2014:09:40:36 +0200] "GET /seiten/main.htm HTTP/1.1" 200 2319 "http://www.frb-berlin.de/seiten/start.htm" "Mozilla/5.0 (compatible; MSIE 10.0; Windows NT 6.2; WOW64; Trident/6.0; MASMJS)"
89.247.91.100 - - [02/Oct/2014:09:40:36 +0200] "GET /img/bg_links.jpg HTTP/1.1" 200 8379 "http://www.frb-berlin.de/seiten/start.htm" "Mozilla/5.0 (compatible; MSIE 10.0; Windows NT 6.2; WOW64; Trident/6.0; MASMJS)"
89.247.91.100 - - [02/Oct/2014:09:40:36 +0200] "GET /img/bg_rechts.jpg HTTP/1.1" 200 346 "http://www.frb-berlin.de/seiten/start.htm" "Mozilla/5.0 (compatible; MSIE 10.0; Windows NT 6.2; WOW64; Trident/6.0; MASMJS)"
89.247.91.100 - - [02/Oct/2014:09:40:36 +0200] "GET /img/lay11.jpg HTTP/1.1" 200 12218 "http://www.frb-berlin.de/seiten/start.htm" "Mozilla/5.0 (compatible; MSIE 10.0; Windows NT 6.2; WOW64; Trident/6.0; MASMJS)"
89.247.91.100 - - [02/Oct/2014:09:40:36 +0200] "GET /img/farben.jpg HTTP/1.1" 200 14519 "http://www.frb-berlin.de/seiten/main.htm" "Mozilla/5.0 (compatible; MSIE 10.0; Windows NT 6.2; WOW64; Trident/6.0; MASMJS)"
89.247.91.100 - - [02/Oct/2014:09:40:36 +0200] "GET /img/favorit_a.gif HTTP/1.1" 200 175 "http://www.frb-berlin.de/seiten/start.htm" "Mozilla/5.0 (compatible; MSIE 10.0; Windows NT 6.2; WOW64; Trident/6.0; MASMJS)"
89.247.91.100 - - [02/Oct/2014:09:40:40 +0200] "GET /seiten/impressum.htm HTTP/1.1" 200 4734 "http://www.frb-berlin.de/seiten/start.htm" "Mozilla/5.0 (compatible; MSIE 10.0; Windows NT 6.2; WOW64; Trident/6.0; MASMJS)"
89.247.91.100 - - [02/Oct/2014:09:40:40 +0200] "GET /img/hg.jpg HTTP/1.1" 200 7507 "http://www.frb-berlin.de/seiten/impressum.htm" "Mozilla/5.0 (compatible; MSIE 10.0; Windows NT 6.2; WOW64; Trident/6.0; MASMJS)"
89.247.91.100 - - [02/Oct/2014:09:40:40 +0200] "GET /img/fm_logo.jpg HTTP/1.1" 200 4093 "http://www.frb-berlin.de/seiten/impressum.htm" "Mozilla/5.0 (compatible; MSIE 10.0; Windows NT 6.2; WOW64; Trident/6.0; MASMJS)"
89.247.91.100 - - [02/Oct/2014:09:40:40 +0200] "GET /img/top.gif HTTP/1.1" 200 950 "http://www.frb-berlin.de/seiten/impressum.htm" "Mozilla/5.0 (compatible; MSIE 10.0; Windows NT 6.2; WOW64; Trident/6.0; MASMJS)"
66.249.78.92 - - [02/Oct/2014:09:53:05 +0200] "GET /seiten/start.htm HTTP/1.1" 304 - "-" "Mozilla/5.0 (compatible; Googlebot/2.1; +http://www.google.com/bot.html)"
66.249.78.99 - - [02/Oct/2014:10:10:06 +0200] "GET /robots.txt HTTP/1.1" 404 1256 "-" "Mozilla/5.0 (compatible; Googlebot/2.1; +http://www.google.com/bot.html)"
66.249.78.92 - - [02/Oct/2014:10:10:06 +0200] "GET /dokumente/ReferenzenMaler.pdf HTTP/1.1" 304 - "-" "Mozilla/5.0 (compatible; Googlebot/2.1; +http://www.google.com/bot.html)"
66.249.64.29 - - [02/Oct/2014:10:44:49 +0200] "GET / HTTP/1.1" 304 - "-" "Mozilla/5.0 (compatible; Googlebot/2.1; +http://www.google.com/bot.html)"
66.249.64.29 - - [02/Oct/2014:11:38:48 +0200] "GET / HTTP/1.1" 200 1775 "-" "DoCoMo/2.0 N905i(c100;TB;W24H16) (compatible; Googlebot-Mobile/2.1; +http://www.google.com/bot.html)"
192.99.107.82 - - [02/Oct/2014:12:06:07 +0200] "GET /robots.txt HTTP/1.1" 404 1256 "-" "Mozilla/5.0 (compatible; meanpathbot/1.0; +http://www.meanpath.com/meanpathbot.html)"
192.99.107.82 - - [02/Oct/2014:12:06:07 +0200] "GET / HTTP/1.1" 200 1775 "-" "Mozilla/5.0 (compatible; meanpathbot/1.0; +http://www.meanpath.com/meanpathbot.html)"
84.191.22.103 - - [02/Oct/2014:12:58:56 +0200] "GET /seiten/ausbildung2.htm HTTP/1.1" 200 4821 "-" "Mozilla/5.0 (Windows NT 6.1; rv:31.0) Gecko/20100101 Firefox/31.0"
84.191.22.103 - - [02/Oct/2014:12:58:56 +0200] "GET /css/style.css HTTP/1.1" 200 8567 "http://www.frb-berlin.de/seiten/ausbildung2.htm" "Mozilla/5.0 (Windows NT 6.1; rv:31.0) Gecko/20100101 Firefox/31.0"
84.191.22.103 - - [02/Oct/2014:12:58:56 +0200] "GET /img/top.gif HTTP/1.1" 200 950 "http://www.frb-berlin.de/seiten/ausbildung2.htm" "Mozilla/5.0 (Windows NT 6.1; rv:31.0) Gecko/20100101 Firefox/31.0"
84.191.22.103 - - [02/Oct/2014:12:58:56 +0200] "GET /img/hg.jpg HTTP/1.1" 200 7507 "http://www.frb-berlin.de/seiten/ausbildung2.htm" "Mozilla/5.0 (Windows NT 6.1; rv:31.0) Gecko/20100101 Firefox/31.0"
84.191.22.103 - - [02/Oct/2014:12:58:57 +0200] "GET /favicon.ico HTTP/1.1" 404 1256 "-" "Mozilla/5.0 (Windows NT 6.1; rv:31.0) Gecko/20100101 Firefox/31.0"
84.191.22.103 - - [02/Oct/2014:12:58:57 +0200] "GET /favicon.ico HTTP/1.1" 404 1256 "-" "Mozilla/5.0 (Windows NT 6.1; rv:31.0) Gecko/20100101 Firefox/31.0"
84.191.37.30 - - [02/Oct/2014:14:32:00 +0200] "GET / HTTP/1.1" 200 1775 "https://www.google.de/" "Mozilla/5.0 (Windows NT 6.1; WOW64) AppleWebKit/537.36 (KHTML, like Gecko) Chrome/37.0.2062.124 Safari/537.36"
84.191.37.30 - - [02/Oct/2014:14:32:00 +0200] "GET /css/style.css HTTP/1.1" 200 8567 "http://www.frb-berlin.de/" "Mozilla/5.0 (Windows NT 6.1; WOW64) AppleWebKit/537.36 (KHTML, like Gecko) Chrome/37.0.2062.124 Safari/537.36"
84.191.37.30 - - [02/Oct/2014:14:32:00 +0200] "GET /img/logo.gif HTTP/1.1" 200 4275 "http://www.frb-berlin.de/" "Mozilla/5.0 (Windows NT 6.1; WOW64) AppleWebKit/537.36 (KHTML, like Gecko) Chrome/37.0.2062.124 Safari/537.36"
84.191.37.30 - - [02/Oct/2014:14:32:00 +0200] "GET /favicon.ico HTTP/1.1" 404 1256 "-" "Mozilla/5.0 (Windows NT 6.1; WOW64) AppleWebKit/537.36 (KHTML, like Gecko) Chrome/37.0.2062.124 Safari/537.36"
62.152.169.8 - - [02/Oct/2014:15:01:09 +0200] "GET / HTTP/1.1" 200 1775 "-" "Mozilla/5.0 (Windows NT 5.1; rv:28.0) Gecko/20100101 Firefox/28.0"
62.152.169.8 - - [02/Oct/2014:15:01:09 +0200] "GET /css/style.css HTTP/1.1" 200 8567 "http://www.frb-berlin.de/" "Mozilla/5.0 (Windows NT 5.1; rv:28.0) Gecko/20100101 Firefox/28.0"
62.152.169.8 - - [02/Oct/2014:15:01:09 +0200] "GET /img/logo.gif HTTP/1.1" 200 4275 "http://www.frb-berlin.de/" "Mozilla/5.0 (Windows NT 5.1; rv:28.0) Gecko/20100101 Firefox/28.0"
62.152.169.8 - - [02/Oct/2014:15:01:09 +0200] "GET /favicon.ico HTTP/1.1" 404 1256 "-" "Mozilla/5.0 (Windows NT 5.1; rv:28.0) Gecko/20100101 Firefox/28.0"
62.152.169.8 - - [02/Oct/2014:15:01:09 +0200] "GET /favicon.ico HTTP/1.1" 404 1256 "-" "Mozilla/5.0 (Windows NT 5.1; rv:28.0) Gecko/20100101 Firefox/28.0"
66.249.78.99 - - [02/Oct/2014:15:57:18 +0200] "GET /seiten/impressum.htm HTTP/1.1" 200 4734 "-" "Mozilla/5.0 (iPhone; CPU iPhone OS 6_0 like Mac OS X) AppleWebKit/536.26 (KHTML, like Gecko) Version/6.0 Mobile/10A5376e Safari/8536.25 (compatible; Googlebot/2.1; +http://www.google.com/bot.html)"
66.249.64.29 - - [02/Oct/2014:16:00:18 +0200] "GET /css/style.css HTTP/1.1" 200 8567 "-" "Mozilla/5.0 (compatible; Googlebot/2.1; +http://www.google.com/bot.html)"
62.245.172.60 - - [02/Oct/2014:16:21:52 +0200] "GET / HTTP/1.1" 200 1775 "http://www.bing.com/search?q=fassadenbau+berlin&qs=n&form=QBRE&pq=fassadenbau+berlin&sc=1-18&sp=-1&sk=&cvid=a3791cb3fc04445bab28759b5f79e576" "Mozilla/5.0 (Windows NT 5.1; rv:24.0) Gecko/20100101 Firefox/24.0"
62.245.172.60 - - [02/Oct/2014:16:21:52 +0200] "GET /css/style.css HTTP/1.1" 200 8567 "http://www.frb-berlin.de/" "Mozilla/5.0 (Windows NT 5.1; rv:24.0) Gecko/20100101 Firefox/24.0"
62.245.172.60 - - [02/Oct/2014:16:21:52 +0200] "GET /img/logo.gif HTTP/1.1" 200 4275 "http://www.frb-berlin.de/" "Mozilla/5.0 (Windows NT 5.1; rv:24.0) Gecko/20100101 Firefox/24.0"
199.19.249.196 - - [02/Oct/2014:16:21:52 +0200] "GET / HTTP/1.1" 200 1775 "-" "Mozilla/4.0 (compatible; MSIE 7.0; Windows NT 5.1; InfoPath.1; .NET CLR 2.0.50727; .NET CLR 1.1.4322; MS-RTC LM 8; .NET CLR 3.0.4506.2152; .NET CLR 3.5.30729)"
62.245.172.60 - - [02/Oct/2014:16:21:52 +0200] "GET /favicon.ico HTTP/1.1" 404 1256 "-" "Mozilla/5.0 (Windows NT 5.1; rv:24.0) Gecko/20100101 Firefox/24.0"
62.245.172.60 - - [02/Oct/2014:16:22:01 +0200] "GET /seiten/start.htm HTTP/1.1" 200 9376 "http://www.frb-berlin.de/" "Mozilla/5.0 (Windows NT 5.1; rv:24.0) Gecko/20100101 Firefox/24.0"
62.245.172.60 - - [02/Oct/2014:16:22:02 +0200] "GET /scripte/menu_start.js HTTP/1.1" 200 31217 "http://www.frb-berlin.de/seiten/start.htm" "Mozilla/5.0 (Windows NT 5.1; rv:24.0) Gecko/20100101 Firefox/24.0"
199.19.249.196 - - [02/Oct/2014:16:22:02 +0200] "GET /seiten/start.htm HTTP/1.1" 200 9376 "-" "Mozilla/4.0 (compatible; MSIE 7.0; Windows NT 5.1; InfoPath.1; .NET CLR 2.0.50727; .NET CLR 1.1.4322; MS-RTC LM 8; .NET CLR 3.0.4506.2152; .NET CLR 3.5.30729)"
62.245.172.60 - - [02/Oct/2014:16:22:02 +0200] "GET /scripte/menu_elemente.js HTTP/1.1" 200 18006 "http://www.frb-berlin.de/seiten/start.htm" "Mozilla/5.0 (Windows NT 5.1; rv:24.0) Gecko/20100101 Firefox/24.0"
62.245.172.60 - - [02/Oct/2014:16:22:02 +0200] "GET /img/lay01.jpg HTTP/1.1" 200 9336 "http://www.frb-berlin.de/seiten/start.htm" "Mozilla/5.0 (Windows NT 5.1; rv:24.0) Gecko/20100101 Firefox/24.0"
62.245.172.60 - - [02/Oct/2014:16:22:02 +0200] "GET /img/1px.gif HTTP/1.1" 200 43 "http://www.frb-berlin.de/seiten/start.htm" "Mozilla/5.0 (Windows NT 5.1; rv:24.0) Gecko/20100101 Firefox/24.0"
62.245.172.60 - - [02/Oct/2014:16:22:02 +0200] "GET /img/bg_links.jpg HTTP/1.1" 200 8379 "http://www.frb-berlin.de/seiten/start.htm" "Mozilla/5.0 (Windows NT 5.1; rv:24.0) Gecko/20100101 Firefox/24.0"
62.245.172.60 - - [02/Oct/2014:16:22:02 +0200] "GET /img/lay05.jpg HTTP/1.1" 200 10183 "http://www.frb-berlin.de/seiten/start.htm" "Mozilla/5.0 (Windows NT 5.1; rv:24.0) Gecko/20100101 Firefox/24.0"
62.245.172.60 - - [02/Oct/2014:16:22:02 +0200] "GET /img/lay04.jpg HTTP/1.1" 200 6356 "http://www.frb-berlin.de/seiten/start.htm" "Mozilla/5.0 (Windows NT 5.1; rv:24.0) Gecko/20100101 Firefox/24.0"
62.245.172.60 - - [02/Oct/2014:16:22:03 +0200] "GET /img/over_logo.jpg HTTP/1.1" 200 5315 "http://www.frb-berlin.de/seiten/start.htm" "Mozilla/5.0 (Windows NT 5.1; rv:24.0) Gecko/20100101 Firefox/24.0"
62.245.172.60 - - [02/Oct/2014:16:22:03 +0200] "GET /img/lay03.jpg HTTP/1.1" 200 15205 "http://www.frb-berlin.de/seiten/start.htm" "Mozilla/5.0 (Windows NT 5.1; rv:24.0) Gecko/20100101 Firefox/24.0"
62.245.172.60 - - [02/Oct/2014:16:22:04 +0200] "GET /img/head.jpg HTTP/1.1" 200 5932 "http://www.frb-berlin.de/seiten/start.htm" "Mozilla/5.0 (Windows NT 5.1; rv:24.0) Gecko/20100101 Firefox/24.0"
62.245.172.60 - - [02/Oct/2014:16:22:04 +0200] "GET /img/lay06.jpg HTTP/1.1" 200 11774 "http://www.frb-berlin.de/seiten/start.htm" "Mozilla/5.0 (Windows NT 5.1; rv:24.0) Gecko/20100101 Firefox/24.0"
62.245.172.60 - - [02/Oct/2014:16:22:04 +0200] "GET /seiten/main.htm HTTP/1.1" 200 2319 "http://www.frb-berlin.de/seiten/start.htm" "Mozilla/5.0 (Windows NT 5.1; rv:24.0) Gecko/20100101 Firefox/24.0"
62.245.172.60 - - [02/Oct/2014:16:22:04 +0200] "GET /img/bg_rechts.jpg HTTP/1.1" 200 346 "http://www.frb-berlin.de/seiten/start.htm" "Mozilla/5.0 (Windows NT 5.1; rv:24.0) Gecko/20100101 Firefox/24.0"
62.245.172.60 - - [02/Oct/2014:16:22:05 +0200] "GET /img/lay07.jpg HTTP/1.1" 200 9742 "http://www.frb-berlin.de/seiten/start.htm" "Mozilla/5.0 (Windows NT 5.1; rv:24.0) Gecko/20100101 Firefox/24.0"
62.245.172.60 - - [02/Oct/2014:16:22:05 +0200] "GET /img/lay13.jpg HTTP/1.1" 200 428 "http://www.frb-berlin.de/seiten/start.htm" "Mozilla/5.0 (Windows NT 5.1; rv:24.0) Gecko/20100101 Firefox/24.0"
62.245.172.60 - - [02/Oct/2014:16:22:05 +0200] "GET /img/lay08.jpg HTTP/1.1" 200 10212 "http://www.frb-berlin.de/seiten/start.htm" "Mozilla/5.0 (Windows NT 5.1; rv:24.0) Gecko/20100101 Firefox/24.0"
62.245.172.60 - - [02/Oct/2014:16:22:05 +0200] "GET /img/lay10.jpg HTTP/1.1" 200 12856 "http://www.frb-berlin.de/seiten/start.htm" "Mozilla/5.0 (Windows NT 5.1; rv:24.0) Gecko/20100101 Firefox/24.0"
199.19.249.196 - - [02/Oct/2014:16:22:05 +0200] "GET /seiten/main.htm HTTP/1.1" 200 2319 "-" "Mozilla/4.0 (compatible; MSIE 7.0; Windows NT 5.1; InfoPath.1; .NET CLR 2.0.50727; .NET CLR 1.1.4322; MS-RTC LM 8; .NET CLR 3.0.4506.2152; .NET CLR 3.5.30729)"
62.245.172.60 - - [02/Oct/2014:16:22:05 +0200] "GET /img/bogen_o1.jpg HTTP/1.1" 200 8356 "http://www.frb-berlin.de/seiten/start.htm" "Mozilla/5.0 (Windows NT 5.1; rv:24.0) Gecko/20100101 Firefox/24.0"
62.245.172.60 - - [02/Oct/2014:16:22:05 +0200] "GET /img/lay12.jpg HTTP/1.1" 200 394 "http://www.frb-berlin.de/seiten/start.htm" "Mozilla/5.0 (Windows NT 5.1; rv:24.0) Gecko/20100101 Firefox/24.0"
62.245.172.60 - - [02/Oct/2014:16:22:05 +0200] "GET /img/lay11.jpg HTTP/1.1" 200 12218 "http://www.frb-berlin.de/seiten/start.htm" "Mozilla/5.0 (Windows NT 5.1; rv:24.0) Gecko/20100101 Firefox/24.0"
62.245.172.60 - - [02/Oct/2014:16:22:05 +0200] "GET /img/farben.jpg HTTP/1.1" 200 14519 "-" "Mozilla/4.0 (compatible;)"
62.245.172.60 - - [02/Oct/2014:16:22:05 +0200] "GET /img/favorit_a.gif HTTP/1.1" 200 175 "http://www.frb-berlin.de/seiten/start.htm" "Mozilla/5.0 (Windows NT 5.1; rv:24.0) Gecko/20100101 Firefox/24.0"
66.249.78.99 - - [02/Oct/2014:17:04:12 +0200] "GET /dokumente/ReferenzenMaler.pdf HTTP/1.1" 304 - "-" "Mozilla/5.0 (compatible; Googlebot/2.1; +http://www.google.com/bot.html)"
95.91.208.187 - - [02/Oct/2014:18:13:52 +0200] "GET /favicon.ico HTTP/1.1" 404 1256 "-" "Mozilla/4.0 (compatible; MSIE 7.0; Windows NT 6.1; WOW64; Trident/7.0; SLCC2; .NET CLR 2.0.50727; .NET CLR 3.5.30729; .NET CLR 3.0.30729; Media Center PC 6.0; eSobiSubscriber 1.0.0.40; MAAR; .NET4.0C; .NET4.0E)"
123.125.71.38 - - [02/Oct/2014:18:38:50 +0200] "GET / HTTP/1.1" 200 1775 "-" "Mozilla/5.0 (compatible; Baiduspider/2.0; +http://www.baidu.com/search/spider.html)"
123.125.71.30 - - [02/Oct/2014:18:38:52 +0200] "GET /css/style.css HTTP/1.1" 200 8567 "http://www.frb-berlin.de/" "Mozilla/5.0 (Windows NT 6.1; rv:15.0) Gecko/20100101 Firefox/15.0.1"
66.249.78.85 - - [02/Oct/2014:19:08:54 +0200] "GET / HTTP/1.1" 304 - "-" "Mozilla/5.0 (compatible; Googlebot/2.1; +http://www.google.com/bot.html)"
217.69.133.223 - - [02/Oct/2014:19:39:08 +0200] "GET /robots.txt HTTP/1.1" 404 1256 "-" "Mozilla/5.0 (compatible; Linux x86_64; Mail.RU_Bot/2.0; +http://go.mail.ru/help/robots)"
217.69.133.224 - - [02/Oct/2014:19:39:10 +0200] "GET / HTTP/1.1" 304 - "-" "Mozilla/5.0 (compatible; Linux x86_64; Mail.RU_Bot/2.0; +http://go.mail.ru/help/robots)"
66.249.78.85 - - [02/Oct/2014:22:07:33 +0200] "GET /seiten/referenzen_maler.htm HTTP/1.1" 304 - "-" "Mozilla/5.0 (compatible; Googlebot/2.1; +http://www.google.com/bot.html)"
66.249.78.85 - - [02/Oct/2014:22:57:22 +0200] "GET /robots.txt HTTP/1.1" 404 1256 "-" "Mozilla/5.0 (compatible; Googlebot/2.1; +http://www.google.com/bot.html)"
66.249.78.99 - - [02/Oct/2014:22:57:22 +0200] "GET /seiten/start.htm HTTP/1.1" 304 - "-" "Mozilla/5.0 (compatible; Googlebot/2.1; +http://www.google.com/bot.html)"
66.249.64.21 - - [02/Oct/2014:23:32:14 +0200] "GET / HTTP/1.1" 304 - "-" "Mozilla/5.0 (compatible; Googlebot/2.1; +http://www.google.com/bot.html)"
66.249.78.85 - - [03/Oct/2014:00:08:02 +0200] "GET /seiten/impressum.htm HTTP/1.1" 304 - "-" "Mozilla/5.0 (compatible; Googlebot/2.1; +http://www.google.com/bot.html)"
192.99.107.208 - - [03/Oct/2014:00:28:55 +0200] "GET /robots.txt HTTP/1.1" 404 1256 "-" "Mozilla/5.0 (compatible; meanpathbot/1.0; +http://www.meanpath.com/meanpathbot.html)"
192.99.107.208 - - [03/Oct/2014:00:28:55 +0200] "GET / HTTP/1.1" 200 1775 "-" "Mozilla/5.0 (compatible; meanpathbot/1.0; +http://www.meanpath.com/meanpathbot.html)"
217.86.196.40 - - [03/Oct/2014:01:42:45 +0200] "GET /robots.txt HTTP/1.0" 404 1256 "-" "-"
217.86.196.40 - - [03/Oct/2014:01:42:45 +0200] "GET /seiten/ausbildung.htm HTTP/1.1" 200 2131 "-" "JobRoboter/1.1"
157.55.39.12 - - [03/Oct/2014:01:49:54 +0200] "GET /robots.txt HTTP/1.1" 404 1256 "-" "Mozilla/5.0 (compatible; bingbot/2.0; +http://www.bing.com/bingbot.htm)"
157.55.39.12 - - [03/Oct/2014:01:51:46 +0200] "GET /seiten/impressum.htm HTTP/1.1" 200 4734 "-" "Mozilla/5.0 (compatible; bingbot/2.0; +http://www.bing.com/bingbot.htm)"
78.46.45.206 - - [03/Oct/2014:02:33:06 +0200] "GET / HTTP/1.1" 200 1775 "-" "Opera/9.20 (Windows NT 5.1; U; de)"
78.46.45.206 - - [03/Oct/2014:02:33:06 +0200] "GET /robots.txt HTTP/1.1" 404 1256 "-" "libwww-perl/6.05"
78.46.45.206 - - [03/Oct/2014:02:33:06 +0200] "GET / HTTP/1.1" 200 1775 "-" "Opera/9.20 (Windows NT 5.1; U; de)"
78.46.45.206 - - [03/Oct/2014:02:33:06 +0200] "GET /seiten/start.htm HTTP/1.1" 200 9376 "http://www.frb-berlin.de/" "Opera/9.20 (Windows NT 5.1; U; de)"
78.46.45.206 - - [03/Oct/2014:02:33:06 +0200] "GET /seiten/referenzen.htm HTTP/1.1" 200 3626 "http://www.frb-berlin.de/seiten/start.htm" "Opera/9.20 (Windows NT 5.1; U; de)"
78.46.45.206 - - [03/Oct/2014:02:33:06 +0200] "GET /seiten/referenzen_maler.htm HTTP/1.1" 200 51839 "http://www.frb-berlin.de/seiten/referenzen.htm" "Opera/9.20 (Windows NT 5.1; U; de)"
78.46.45.206 - - [03/Oct/2014:02:33:06 +0200] "GET /seiten/kontakt.php HTTP/1.1" 200 6708 "http://www.frb-berlin.de/seiten/referenzen_maler.htm" "Opera/9.20 (Windows NT 5.1; U; de)"
78.46.45.206 - - [03/Oct/2014:02:33:06 +0200] "GET /seiten/main.htm HTTP/1.1" 200 2319 "http://www.frb-berlin.de/seiten/kontakt.php" "Opera/9.20 (Windows NT 5.1; U; de)"
78.46.45.206 - - [03/Oct/2014:02:33:06 +0200] "GET /dokumente/ReferenzenBeton.pdf HTTP/1.1" 200 10270 "http://www.frb-berlin.de/seiten/main.htm" "Opera/9.20 (Windows NT 5.1; U; de)"
78.46.45.206 - - [03/Oct/2014:02:33:06 +0200] "GET /seiten/referenzen_beton.htm HTTP/1.1" 200 8747 "http://www.frb-berlin.de/dokumente/ReferenzenBeton.pdf" "Opera/9.20 (Windows NT 5.1; U; de)"
78.46.45.206 - - [03/Oct/2014:02:33:06 +0200] "GET /seiten/ueber_uns.htm HTTP/1.1" 200 2081 "http://www.frb-berlin.de/seiten/referenzen_beton.htm" "Opera/9.20 (Windows NT 5.1; U; de)"
78.46.45.206 - - [03/Oct/2014:02:33:06 +0200] "GET /seiten/impressum.htm HTTP/1.1" 200 4734 "http://www.frb-berlin.de/seiten/ueber_uns.htm" "Opera/9.20 (Windows NT 5.1; U; de)"
78.46.45.206 - - [03/Oct/2014:02:33:06 +0200] "GET /seiten/referenzen_waerme.htm HTTP/1.1" 200 35661 "http://www.frb-berlin.de/seiten/impressum.htm" "Opera/9.20 (Windows NT 5.1; U; de)"
78.46.45.206 - - [03/Oct/2014:02:33:06 +0200] "GET /dokumente/ReferenzenMaler.pdf HTTP/1.1" 200 15515 "http://www.frb-berlin.de/seiten/referenzen_waerme.htm" "Opera/9.20 (Windows NT 5.1; U; de)"
78.46.45.206 - - [03/Oct/2014:02:33:07 +0200] "GET /dokumente/ReferenzenWarme.pdf HTTP/1.1" 200 14947 "http://www.frb-berlin.de/dokumente/ReferenzenMaler.pdf" "Opera/9.20 (Windows NT 5.1; U; de)"
78.46.45.206 - - [03/Oct/2014:02:33:07 +0200] "GET /seiten/links.htm HTTP/1.1" 200 1543 "http://www.frb-berlin.de/dokumente/ReferenzenWarme.pdf" "Opera/9.20 (Windows NT 5.1; U; de)"
78.46.45.206 - - [03/Oct/2014:02:33:07 +0200] "GET /seiten/ausbildung.htm HTTP/1.1" 200 2131 "http://www.frb-berlin.de/seiten/links.htm" "Opera/9.20 (Windows NT 5.1; U; de)"
78.46.45.206 - - [03/Oct/2014:02:33:07 +0200] "GET /seiten/ausbildung3.htm HTTP/1.1" 200 6331 "http://www.frb-berlin.de/seiten/ausbildung.htm" "Opera/9.20 (Windows NT 5.1; U; de)"
78.46.45.206 - - [03/Oct/2014:02:33:07 +0200] "GET /seiten/ausbildung2.htm HTTP/1.1" 200 4821 "http://www.frb-berlin.de/seiten/ausbildung3.htm" "Opera/9.20 (Windows NT 5.1; U; de)"
78.46.45.206 - - [03/Oct/2014:02:33:07 +0200] "GET /seiten/leistungen.htm HTTP/1.1" 200 3710 "http://www.frb-berlin.de/seiten/ausbildung2.htm" "Opera/9.20 (Windows NT 5.1; U; de)"
199.30.24.136 - - [03/Oct/2014:02:53:04 +0200] "GET /css/style.css HTTP/1.1" 200 8567 "http://www.frb-berlin.de/seiten/impressum.htm" "Mozilla/5.0 (Windows NT 6.1; WOW64) AppleWebKit/534+ (KHTML, like Gecko) BingPreview/1.0b"
199.30.24.136 - - [03/Oct/2014:02:53:05 +0200] "GET /img/hg.jpg HTTP/1.1" 200 7507 "http://www.frb-berlin.de/seiten/impressum.htm" "Mozilla/5.0 (Windows NT 6.1; WOW64) AppleWebKit/534+ (KHTML, like Gecko) BingPreview/1.0b"
207.46.13.123 - - [03/Oct/2014:05:14:58 +0200] "GET /seiten/main.htm HTTP/1.1" 304 - "-" "Mozilla/5.0 (compatible; bingbot/2.0; +http://www.bing.com/bingbot.htm)"
66.249.78.99 - - [03/Oct/2014:08:10:52 +0200] "GET /img/fm_logo.jpg HTTP/1.1" 304 - "-" "Googlebot-Image/1.0"
88.198.222.86 - - [03/Oct/2014:13:03:14 +0200] "GET / HTTP/1.0" 200 1775 "-" "-"
182.118.21.244 - - [03/Oct/2014:18:18:02 +0200] "GET /robots.txt HTTP/1.1" 404 1256 "http://www.frb-berlin.de/robots.txt" "Mozilla/5.0 (compatible; MSIE 9.0; Windows NT 6.1; Trident/5.0); 360Spider"
217.86.196.40 - - [03/Oct/2014:18:24:24 +0200] "GET /robots.txt HTTP/1.0" 404 1256 "-" "-"
217.86.196.40 - - [03/Oct/2014:18:24:24 +0200] "GET /seiten/ausbildung.htm HTTP/1.1" 200 2131 "-" "JobRoboter/1.1"
5.39.89.222 - - [03/Oct/2014:19:43:13 +0200] "GET / HTTP/1.1" 200 1775 "http://www.loadtime.net/website/www.frb-berlin.de" "Mozilla/5.0 (compatible; LoadTimeBot/0.9; +http://www.loadtime.net/bot.html)"
68.180.225.110 - - [03/Oct/2014:22:59:00 +0200] "GET /robots.txt HTTP/1.1" 404 1256 "-" "Mozilla/5.0 (compatible; Yahoo! Slurp; http://help.yahoo.com/help/us/ysearch/slurp)"
68.180.225.110 - - [03/Oct/2014:22:59:01 +0200] "GET /dokumente/ReferenzenWarme.pdf HTTP/1.1" 200 14947 "-" "Mozilla/5.0 (compatible; Yahoo! Slurp; http://help.yahoo.com/help/us/ysearch/slurp)"
208.90.57.196 - - [03/Oct/2014:23:26:58 +0200] "GET / HTTP/1.1" 200 1775 "-" "Mozilla/5.0 (Macintosh; Intel Mac OS X 10.6; rv:2.0.1) Gecko/20100101 Firefox/4.0.1"
208.90.57.196 - - [03/Oct/2014:23:27:00 +0200] "GET /seiten/start.htm HTTP/1.1" 200 9376 "-" "Mozilla/5.0 (Macintosh; Intel Mac OS X 10.6; rv:2.0.1) Gecko/20100101 Firefox/4.0.1"
208.90.57.196 - - [03/Oct/2014:23:27:05 +0200] "GET /seiten/main.htm HTTP/1.1" 200 2319 "-" "Mozilla/5.0 (Macintosh; Intel Mac OS X 10.6; rv:2.0.1) Gecko/20100101 Firefox/4.0.1"
208.90.57.196 - - [03/Oct/2014:23:27:09 +0200] "GET /seiten/links.htm HTTP/1.1" 200 1543 "-" "Mozilla/5.0 (Macintosh; Intel Mac OS X 10.6; rv:2.0.1) Gecko/20100101 Firefox/4.0.1"
208.90.57.196 - - [03/Oct/2014:23:27:12 +0200] "GET /seiten/kontakt.php HTTP/1.1" 200 6708 "-" "Mozilla/5.0 (Macintosh; Intel Mac OS X 10.6; rv:2.0.1) Gecko/20100101 Firefox/4.0.1"
208.90.57.196 - - [03/Oct/2014:23:27:14 +0200] "GET /seiten/impressum.htm HTTP/1.1" 200 4734 "-" "Mozilla/5.0 (Macintosh; Intel Mac OS X 10.6; rv:2.0.1) Gecko/20100101 Firefox/4.0.1"
208.115.113.88 - - [04/Oct/2014:01:12:41 +0200] "GET /robots.txt HTTP/1.1" 404 1256 "-" "Mozilla/5.0 (compatible; DotBot/1.1; http://www.opensiteexplorer.org/dotbot, help@moz.com)"
157.55.39.11 - - [04/Oct/2014:01:27:39 +0200] "GET /robots.txt HTTP/1.1" 404 1256 "-" "Mozilla/5.0 (compatible; bingbot/2.0; +http://www.bing.com/bingbot.htm)"
157.55.39.12 - - [04/Oct/2014:01:27:48 +0200] "GET /dokumente/ReferenzenBeton.pdf HTTP/1.1" 200 10270 "-" "Mozilla/5.0 (compatible; bingbot/2.0; +http://www.bing.com/bingbot.htm)"
208.115.113.88 - - [04/Oct/2014:02:57:21 +0200] "GET /seiten/referenzen_maler.htm HTTP/1.1" 200 51839 "-" "Mozilla/5.0 (compatible; DotBot/1.1; http://www.opensiteexplorer.org/dotbot, help@moz.com)"
188.138.41.138 - - [04/Oct/2014:05:10:05 +0200] "GET /robots.txt HTTP/1.1" 404 1256 "-" "Mozilla/5.0 (X11; U; Linux Core i7-3970x; de; rv:32.0; compatible; Jobboerse.com; http://www.xn--jobbrse-d1a.com) Gecko/20100401 Jobboerse/5.5.3"
188.138.41.138 - - [04/Oct/2014:05:10:05 +0200] "GET / HTTP/1.1" 200 1775 "-" "Mozilla/5.0 (X11; U; Linux Core i7-3970x; de; rv:32.0; compatible; Jobboerse.com; http://www.xn--jobbrse-d1a.com) Gecko/20100401 Jobboerse/5.5.3"
188.138.41.138 - - [04/Oct/2014:05:10:07 +0200] "GET / HTTP/1.1" 200 1775 "-" "Mozilla/5.0 (X11; U; Linux Core i7-3970x; de; rv:32.0; compatible; Jobboerse.com; http://www.xn--jobbrse-d1a.com) Gecko/20100401 Jobboerse/5.5.3"
188.138.41.138 - - [04/Oct/2014:05:10:08 +0200] "GET /seiten/start.htm HTTP/1.1" 200 9376 "-" "Mozilla/5.0 (X11; U; Linux Core i7-3970x; de; rv:32.0; compatible; Jobboerse.com; http://www.xn--jobbrse-d1a.com) Gecko/20100401 Jobboerse/5.5.3"
188.138.41.138 - - [04/Oct/2014:05:10:08 +0200] "GET /seiten/main.htm HTTP/1.1" 200 2319 "-" "Mozilla/5.0 (X11; U; Linux Core i7-3970x; de; rv:32.0; compatible; Jobboerse.com; http://www.xn--jobbrse-d1a.com) Gecko/20100401 Jobboerse/5.5.3"
188.138.41.138 - - [04/Oct/2014:05:10:08 +0200] "GET /scripte/menu_start.js HTTP/1.1" 200 31217 "-" "Mozilla/5.0 (X11; U; Linux Core i7-3970x; de; rv:32.0; compatible; Jobboerse.com; http://www.xn--jobbrse-d1a.com) Gecko/20100401 Jobboerse/5.5.3"
188.138.41.138 - - [04/Oct/2014:05:10:10 +0200] "GET /scripte/menu_elemente.js HTTP/1.1" 200 18006 "-" "Mozilla/5.0 (X11; U; Linux Core i7-3970x; de; rv:32.0; compatible; Jobboerse.com; http://www.xn--jobbrse-d1a.com) Gecko/20100401 Jobboerse/5.5.3"
188.138.41.138 - - [04/Oct/2014:05:10:26 +0200] "GET /seiten/ueber_uns.htm HTTP/1.1" 200 2081 "-" "Mozilla/5.0 (X11; U; Linux Core i7-3970x; de; rv:32.0; compatible; Jobboerse.com; http://www.xn--jobbrse-d1a.com) Gecko/20100401 Jobboerse/5.5.3"
188.138.41.138 - - [04/Oct/2014:05:10:26 +0200] "GET /seiten/ausbildung.htm HTTP/1.1" 200 2131 "-" "Mozilla/5.0 (X11; U; Linux Core i7-3970x; de; rv:32.0; compatible; Jobboerse.com; http://www.xn--jobbrse-d1a.com) Gecko/20100401 Jobboerse/5.5.3"
188.138.41.138 - - [04/Oct/2014:05:10:28 +0200] "GET /seiten/ausbildung2.htm HTTP/1.1" 200 4821 "-" "Mozilla/5.0 (X11; U; Linux Core i7-3970x; de; rv:32.0; compatible; Jobboerse.com; http://www.xn--jobbrse-d1a.com) Gecko/20100401 Jobboerse/5.5.3"
188.138.41.138 - - [04/Oct/2014:05:10:29 +0200] "GET /css/style.css HTTP/1.1" 200 8567 "-" "Mozilla/5.0 (X11; U; Linux Core i7-3970x; de; rv:32.0; compatible; Jobboerse.com; http://www.xn--jobbrse-d1a.com) Gecko/20100401 Jobboerse/5.5.3"
188.138.41.138 - - [04/Oct/2014:05:11:49 +0200] "GET /seiten/ausbildung3.htm HTTP/1.1" 200 6331 "-" "Mozilla/5.0 (X11; U; Linux Core i7-3970x; de; rv:32.0; compatible; Jobboerse.com; http://www.xn--jobbrse-d1a.com) Gecko/20100401 Jobboerse/5.5.3"
188.138.41.138 - - [04/Oct/2014:05:13:22 +0200] "GET /seiten/kontakt.php HTTP/1.1" 200 6708 "-" "Mozilla/5.0 (X11; U; Linux Core i7-3970x; de; rv:32.0; compatible; Jobboerse.com; http://www.xn--jobbrse-d1a.com) Gecko/20100401 Jobboerse/5.5.3"
188.138.41.138 - - [04/Oct/2014:05:13:22 +0200] "GET /seiten/leistungen.htm HTTP/1.1" 200 3710 "-" "Mozilla/5.0 (X11; U; Linux Core i7-3970x; de; rv:32.0; compatible; Jobboerse.com; http://www.xn--jobbrse-d1a.com) Gecko/20100401 Jobboerse/5.5.3"
188.138.41.138 - - [04/Oct/2014:05:13:24 +0200] "GET /seiten/referenzen.htm HTTP/1.1" 200 3626 "-" "Mozilla/5.0 (X11; U; Linux Core i7-3970x; de; rv:32.0; compatible; Jobboerse.com; http://www.xn--jobbrse-d1a.com) Gecko/20100401 Jobboerse/5.5.3"
188.138.41.138 - - [04/Oct/2014:05:13:26 +0200] "GET /seiten/referenzen_maler.htm HTTP/1.1" 200 51839 "-" "Mozilla/5.0 (X11; U; Linux Core i7-3970x; de; rv:32.0; compatible; Jobboerse.com; http://www.xn--jobbrse-d1a.com) Gecko/20100401 Jobboerse/5.5.3"
188.138.41.138 - - [04/Oct/2014:05:13:30 +0200] "GET /dokumente/ReferenzenMaler.pdf HTTP/1.1" 200 15515 "-" "Mozilla/5.0 (X11; U; Linux Core i7-3970x; de; rv:32.0; compatible; Jobboerse.com; http://www.xn--jobbrse-d1a.com) Gecko/20100401 Jobboerse/5.5.3"
188.138.41.138 - - [04/Oct/2014:05:13:31 +0200] "GET /dokumente/ReferenzenMaler.pdf HTTP/1.1" 200 15515 "-" "Java/1.6.0_10-rc"
188.138.41.138 - - [04/Oct/2014:05:13:33 +0200] "GET /seiten/links.htm HTTP/1.1" 200 1543 "-" "Mozilla/5.0 (X11; U; Linux Core i7-3970x; de; rv:32.0; compatible; Jobboerse.com; http://www.xn--jobbrse-d1a.com) Gecko/20100401 Jobboerse/5.5.3"
188.138.41.138 - - [04/Oct/2014:05:13:33 +0200] "GET /seiten/referenzen_waerme.htm HTTP/1.1" 200 35661 "-" "Mozilla/5.0 (X11; U; Linux Core i7-3970x; de; rv:32.0; compatible; Jobboerse.com; http://www.xn--jobbrse-d1a.com) Gecko/20100401 Jobboerse/5.5.3"
188.138.41.138 - - [04/Oct/2014:05:13:36 +0200] "GET /seiten/referenzen_beton.htm HTTP/1.1" 200 8747 "-" "Mozilla/5.0 (X11; U; Linux Core i7-3970x; de; rv:32.0; compatible; Jobboerse.com; http://www.xn--jobbrse-d1a.com) Gecko/20100401 Jobboerse/5.5.3"
188.138.41.138 - - [04/Oct/2014:05:13:36 +0200] "GET /dokumente/ReferenzenWarme.pdf HTTP/1.1" 200 14947 "-" "Mozilla/5.0 (X11; U; Linux Core i7-3970x; de; rv:32.0; compatible; Jobboerse.com; http://www.xn--jobbrse-d1a.com) Gecko/20100401 Jobboerse/5.5.3"
188.138.41.138 - - [04/Oct/2014:05:13:38 +0200] "GET /dokumente/ReferenzenWarme.pdf HTTP/1.1" 200 14947 "-" "Java/1.6.0_10-rc"
188.138.41.138 - - [04/Oct/2014:05:13:39 +0200] "GET /dokumente/ReferenzenBeton.pdf HTTP/1.1" 200 10270 "-" "Mozilla/5.0 (X11; U; Linux Core i7-3970x; de; rv:32.0; compatible; Jobboerse.com; http://www.xn--jobbrse-d1a.com) Gecko/20100401 Jobboerse/5.5.3"
188.138.41.138 - - [04/Oct/2014:05:13:39 +0200] "GET /dokumente/ReferenzenBeton.pdf HTTP/1.1" 200 10270 "-" "Java/1.6.0_10-rc"
74.52.245.146 - - [04/Oct/2014:05:56:52 +0200] "GET / HTTP/1.0" 200 1775 "-" "Mozilla/5.0 (X11; U; Linux i686; en-US; rv:1.7.5) Gecko/20041107 Firefox/1.0"
37.59.55.128 - - [04/Oct/2014:06:57:49 +0200] "GET /robots.txt HTTP/1.1" 404 1256 "-" "Mozilla/5.0 (compatible; fr-crawler/1.1)"
37.59.55.128 - - [04/Oct/2014:06:57:50 +0200] "GET / HTTP/1.1" 206 1775 "-" "Mozilla/5.0 (compatible; fr-crawler/1.1)"
66.249.64.21 - - [04/Oct/2014:09:51:28 +0200] "GET /robots.txt HTTP/1.1" 404 1256 "-" "Mozilla/5.0 (compatible; Googlebot/2.1; +http://www.google.com/bot.html)"
66.249.78.99 - - [04/Oct/2014:09:51:28 +0200] "GET / HTTP/1.1" 304 - "-" "Mozilla/5.0 (compatible; Googlebot/2.1; +http://www.google.com/bot.html)"
144.76.104.40 - - [04/Oct/2014:10:08:27 +0200] "GET /index.php?option=com_fabrik&c=import&view=import&filetype=csv&table=1 HTTP/1.1" 404 1256 "-" "curl/7.22.0 (x86_64-pc-linux-gnu) libcurl/7.22.0 OpenSSL/1.0.1 zlib/1.2.3.4 libidn/1.23 librtmp/2.3"
66.249.78.85 - - [04/Oct/2014:10:20:15 +0200] "GET /seiten/start.htm HTTP/1.1" 304 - "-" "Mozilla/5.0 (compatible; Googlebot/2.1; +http://www.google.com/bot.html)"
85.214.229.184 - - [04/Oct/2014:12:03:36 +0200] "GET /robots.txt HTTP/1.1" 404 1256 "http://www.eurip.com" "EuripBot/2.0 (+http://www.eurip.com) GetRobots"
85.214.229.184 - - [04/Oct/2014:12:03:36 +0200] "HEAD / HTTP/1.1" 200 - "http://www.eurip.com" "Mozilla/5.0 (compatible; EuripBot/2.0; +http://www.eurip.com)"
66.249.78.85 - - [04/Oct/2014:12:08:00 +0200] "GET /seiten/impressum.htm HTTP/1.1" 304 - "-" "Mozilla/5.0 (compatible; Googlebot/2.1; +http://www.google.com/bot.html)"
217.86.196.40 - - [04/Oct/2014:12:08:34 +0200] "GET /robots.txt HTTP/1.0" 404 1256 "-" "-"
217.86.196.40 - - [04/Oct/2014:12:08:35 +0200] "GET /seiten/ausbildung.htm HTTP/1.1" 200 2131 "-" "JobRoboter/1.1"
66.249.64.21 - - [04/Oct/2014:12:37:39 +0200] "GET /seiten/referenzen_maler.htm HTTP/1.1" 304 - "-" "Mozilla/5.0 (compatible; Googlebot/2.1; +http://www.google.com/bot.html)"
66.249.78.92 - - [04/Oct/2014:12:45:18 +0200] "GET / HTTP/1.1" 304 - "-" "Mozilla/5.0 (compatible; Googlebot/2.1; +http://www.google.com/bot.html)"
91.1.232.136 - - [04/Oct/2014:13:15:44 +0200] "GET /dokumente/ReferenzenMaler.pdf HTTP/1.1" 200 15515 "-" "Mozilla/5.0 (Linux; U; Android 2.3.3; de-de; GT-I9100 Build/GINGERBREAD) AppleWebKit/533.1 (KHTML, like Gecko) Version/4.0 Mobile Safari/533.1"
91.1.232.136 - - [04/Oct/2014:13:15:45 +0200] "GET /dokumente/ReferenzenMaler.pdf HTTP/1.1" 200 15515 "-" "Mozilla/5.0 (Linux; U; Android 2.3.3; de-de; GT-I9100 Build/GINGERBREAD) AppleWebKit/533.1 (KHTML, like Gecko) Version/4.0 Mobile Safari/533.1"
66.249.78.85 - - [04/Oct/2014:13:44:10 +0200] "GET /seiten/referenzen_maler.htm HTTP/1.1" 304 - "-" "Mozilla/5.0 (compatible; Googlebot/2.1; +http://www.google.com/bot.html)"
66.249.78.85 - - [04/Oct/2014:13:50:42 +0200] "GET /seiten/start.htm HTTP/1.1" 304 - "-" "Mozilla/5.0 (compatible; Googlebot/2.1; +http://www.google.com/bot.html)"
208.115.113.88 - - [04/Oct/2014:17:12:37 +0200] "GET /robots.txt HTTP/1.1" 404 1256 "-" "Mozilla/5.0 (compatible; DotBot/1.1; http://www.opensiteexplorer.org/dotbot, help@moz.com)"
85.214.229.184 - - [04/Oct/2014:17:21:22 +0200] "GET / HTTP/1.1" 200 1775 "http://www.eurip.com" "Mozilla/5.0 (compatible; EuripBot/2.0; +http://www.eurip.com)"
66.249.69.2 - - [04/Oct/2014:17:44:35 +0200] "GET /robots.txt HTTP/1.1" 404 1256 "-" "Mozilla/5.0 (compatible; Googlebot/2.1; +http://www.google.com/bot.html)"
66.249.69.25 - - [04/Oct/2014:17:44:35 +0200] "GET / HTTP/1.1" 304 - "-" "Mozilla/5.0 (compatible; Googlebot/2.1; +http://www.google.com/bot.html)"
101.226.169.206 - - [04/Oct/2014:18:59:07 +0200] "GET /robots.txt HTTP/1.1" 404 1256 "http://www.frb-berlin.de/robots.txt" "Mozilla/5.0 (Windows NT 6.1) AppleWebKit/537.1 (KHTML, like Gecko) Chrome/21.0.1180.89 Safari/537.1; 360Spider"
208.115.113.88 - - [04/Oct/2014:19:02:47 +0200] "GET /seiten/referenzen_waerme.htm HTTP/1.1" 200 35661 "-" "Mozilla/5.0 (compatible; DotBot/1.1; http://www.opensiteexplorer.org/dotbot, help@moz.com)"
66.249.69.25 - - [04/Oct/2014:19:32:10 +0200] "GET /seiten/referenzen_maler.htm HTTP/1.1" 304 - "-" "Mozilla/5.0 (compatible; Googlebot/2.1; +http://www.google.com/bot.html)"
66.249.69.41 - - [05/Oct/2014:03:52:47 +0200] "GET / HTTP/1.1" 200 1775 "-" "Mozilla/5.0 (iPhone; CPU iPhone OS 6_0 like Mac OS X) AppleWebKit/536.26 (KHTML, like Gecko) Version/6.0 Mobile/10A5376e Safari/8536.25 (compatible; Googlebot/2.1; +http://www.google.com/bot.html)"
157.55.39.255 - - [05/Oct/2014:05:03:56 +0200] "GET /robots.txt HTTP/1.1" 404 1256 "-" "Mozilla/5.0 (compatible; bingbot/2.0; +http://www.bing.com/bingbot.htm)"
157.55.39.255 - - [05/Oct/2014:05:03:59 +0200] "GET / HTTP/1.1" 200 1775 "-" "Mozilla/5.0 (compatible; bingbot/2.0; +http://www.bing.com/bingbot.htm)"
217.86.196.40 - - [05/Oct/2014:09:50:01 +0200] "GET /robots.txt HTTP/1.0" 404 1256 "-" "-"
217.86.196.40 - - [05/Oct/2014:09:50:01 +0200] "GET /seiten/ausbildung.htm HTTP/1.1" 200 2131 "-" "JobRoboter/1.1"
66.249.69.25 - - [05/Oct/2014:10:59:44 +0200] "GET /robots.txt HTTP/1.1" 404 1256 "-" "Mozilla/5.0 (compatible; Googlebot/2.1; +http://www.google.com/bot.html)"
66.249.69.41 - - [05/Oct/2014:10:59:44 +0200] "GET /seiten/start.htm HTTP/1.1" 304 - "-" "Mozilla/5.0 (compatible; Googlebot/2.1; +http://www.google.com/bot.html)"
64.246.165.190 - - [05/Oct/2014:12:02:55 +0200] "GET /robots.txt HTTP/1.0" 404 1256 "-" "Mozilla/5.0 (Windows; U; Windows NT 5.1; en; rv:1.9.0.13) Gecko/2009073022 Firefox/3.5.2 (.NET CLR 3.5.30729) SurveyBot/2.3 (DomainTools)"
64.246.165.190 - - [05/Oct/2014:12:02:55 +0200] "GET / HTTP/1.1" 200 1775 "http://whois.domaintools.com/frb-berlin.de" "Mozilla/5.0 (Windows; U; Windows NT 5.1; en; rv:1.9.0.13) Gecko/2009073022 Firefox/3.5.2 (.NET CLR 3.5.30729) SurveyBot/2.3 (DomainTools)"
66.249.69.25 - - [05/Oct/2014:12:13:09 +0200] "GET / HTTP/1.1" 304 - "-" "Mozilla/5.0 (compatible; Googlebot/2.1; +http://www.google.com/bot.html)"
66.249.65.101 - - [05/Oct/2014:15:36:26 +0200] "GET /robots.txt HTTP/1.1" 404 1256 "-" "Mozilla/5.0 (compatible; Googlebot/2.1; +http://www.google.com/bot.html)"
66.249.65.101 - - [05/Oct/2014:15:36:26 +0200] "GET /dokumente/ReferenzenMaler.pdf HTTP/1.1" 304 - "-" "Mozilla/5.0 (compatible; Googlebot/2.1; +http://www.google.com/bot.html)"
66.249.65.105 - - [05/Oct/2014:16:20:21 +0200] "GET /seiten/start.htm HTTP/1.1" 304 - "-" "Mozilla/5.0 (compatible; Googlebot/2.1; +http://www.google.com/bot.html)"
66.249.65.105 - - [05/Oct/2014:19:00:01 +0200] "GET / HTTP/1.1" 304 - "-" "Mozilla/5.0 (compatible; Googlebot/2.1; +http://www.google.com/bot.html)"
77.185.22.64 - - [05/Oct/2014:20:44:35 +0200] "GET / HTTP/1.1" 200 1775 "http://www.google.de/url?sa=t&rct=j&q=&esrc=s&source=web&cd=8&ved=0CEAQoAIwBw&url=http%3A%2F%2Fwww.frb-berlin.de%2F&ei=xZAxVLyJCMXDOfDdgOAD&usg=AFQjCNFEVYKmiyy1XnWrB0NZi3PeBHpTjA" "Mozilla/5.0 (Windows NT 6.1; rv:32.0) Gecko/20100101 Firefox/32.0"
77.185.22.64 - - [05/Oct/2014:20:44:35 +0200] "GET /css/style.css HTTP/1.1" 200 8567 "http://www.frb-berlin.de/" "Mozilla/5.0 (Windows NT 6.1; rv:32.0) Gecko/20100101 Firefox/32.0"
77.185.22.64 - - [05/Oct/2014:20:44:35 +0200] "GET /img/logo.gif HTTP/1.1" 200 4275 "http://www.frb-berlin.de/" "Mozilla/5.0 (Windows NT 6.1; rv:32.0) Gecko/20100101 Firefox/32.0"
77.185.22.64 - - [05/Oct/2014:20:44:36 +0200] "GET /favicon.ico HTTP/1.1" 404 1256 "-" "Mozilla/5.0 (Windows NT 6.1; rv:32.0) Gecko/20100101 Firefox/32.0"
77.185.22.64 - - [05/Oct/2014:20:44:36 +0200] "GET /favicon.ico HTTP/1.1" 404 1256 "-" "Mozilla/5.0 (Windows NT 6.1; rv:32.0) Gecko/20100101 Firefox/32.0"
77.185.22.64 - - [05/Oct/2014:20:44:40 +0200] "GET /seiten/start.htm HTTP/1.1" 200 9376 "http://www.frb-berlin.de/" "Mozilla/5.0 (Windows NT 6.1; rv:32.0) Gecko/20100101 Firefox/32.0"
77.185.22.64 - - [05/Oct/2014:20:44:40 +0200] "GET /scripte/menu_start.js HTTP/1.1" 200 31217 "http://www.frb-berlin.de/seiten/start.htm" "Mozilla/5.0 (Windows NT 6.1; rv:32.0) Gecko/20100101 Firefox/32.0"
77.185.22.64 - - [05/Oct/2014:20:44:40 +0200] "GET /img/1px.gif HTTP/1.1" 200 43 "http://www.frb-berlin.de/seiten/start.htm" "Mozilla/5.0 (Windows NT 6.1; rv:32.0) Gecko/20100101 Firefox/32.0"
77.185.22.64 - - [05/Oct/2014:20:44:40 +0200] "GET /scripte/menu_elemente.js HTTP/1.1" 200 18006 "http://www.frb-berlin.de/seiten/start.htm" "Mozilla/5.0 (Windows NT 6.1; rv:32.0) Gecko/20100101 Firefox/32.0"
