213.61.227.166 - - [28/Oct/2014:14:56:57 +0100] "GET /seiten/start.htm HTTP/1.1" 200 9376 "http://www.google.de/url?url=http://www.frb-berlin.de/seiten/start.htm&rct=j&frm=1&q=&esrc=s&sa=U&ei=pKBPVJHqB47tarn2gJgB&ved=0CCEQFjAC&sig2=1XQAEFVuIY_aXaOYOOVQSg&usg=AFQjCNEJYyQO0eOznXpbvBb2nZwPyHK6Fg" "Mozilla/4.0 (compatible; MSIE 8.0; Windows NT 6.1; WOW64; Trident/4.0; SLCC2; .NET CLR 2.0.50727; .NET CLR 3.5.30729; .NET CLR 3.0.30729; Media Center PC 6.0; .NET4.0C; .NET4.0E; InfoPath.3; .NET CLR 1.1.4322)"
213.61.227.166 - - [28/Oct/2014:14:56:57 +0100] "GET /css/style.css HTTP/1.1" 200 8567 "http://www.frb-berlin.de/seiten/start.htm" "Mozilla/4.0 (compatible; MSIE 8.0; Windows NT 6.1; WOW64; Trident/4.0; SLCC2; .NET CLR 2.0.50727; .NET CLR 3.5.30729; .NET CLR 3.0.30729; Media Center PC 6.0; .NET4.0C; .NET4.0E; InfoPath.3; .NET CLR 1.1.4322)"
213.61.227.166 - - [28/Oct/2014:14:56:57 +0100] "GET /scripte/menu_elemente.js HTTP/1.1" 200 18006 "http://www.frb-berlin.de/seiten/start.htm" "Mozilla/4.0 (compatible; MSIE 8.0; Windows NT 6.1; WOW64; Trident/4.0; SLCC2; .NET CLR 2.0.50727; .NET CLR 3.5.30729; .NET CLR 3.0.30729; Media Center PC 6.0; .NET4.0C; .NET4.0E; InfoPath.3; .NET CLR 1.1.4322)"
213.61.227.166 - - [28/Oct/2014:14:56:57 +0100] "GET /scripte/menu_start.js HTTP/1.1" 200 31217 "http://www.frb-berlin.de/seiten/start.htm" "Mozilla/4.0 (compatible; MSIE 8.0; Windows NT 6.1; WOW64; Trident/4.0; SLCC2; .NET CLR 2.0.50727; .NET CLR 3.5.30729; .NET CLR 3.0.30729; Media Center PC 6.0; .NET4.0C; .NET4.0E; InfoPath.3; .NET CLR 1.1.4322)"
213.61.227.166 - - [28/Oct/2014:14:56:58 +0100] "GET /css/style.css HTTP/1.1" 304 - "http://www.frb-berlin.de/seiten/start.htm" "Mozilla/4.0 (compatible; MSIE 8.0; Windows NT 6.1; WOW64; Trident/4.0; SLCC2; .NET CLR 2.0.50727; .NET CLR 3.5.30729; .NET CLR 3.0.30729; Media Center PC 6.0; .NET4.0C; .NET4.0E; InfoPath.3; .NET CLR 1.1.4322)"
213.61.227.166 - - [28/Oct/2014:14:56:58 +0100] "GET /scripte/menu_start.js HTTP/1.1" 200 31217 "http://www.frb-berlin.de/seiten/start.htm" "Mozilla/4.0 (compatible; MSIE 8.0; Windows NT 6.1; WOW64; Trident/4.0; SLCC2; .NET CLR 2.0.50727; .NET CLR 3.5.30729; .NET CLR 3.0.30729; Media Center PC 6.0; .NET4.0C; .NET4.0E; InfoPath.3; .NET CLR 1.1.4322)"
213.61.227.166 - - [28/Oct/2014:14:56:58 +0100] "GET /scripte/menu_elemente.js HTTP/1.1" 200 18006 "http://www.frb-berlin.de/seiten/start.htm" "Mozilla/4.0 (compatible; MSIE 8.0; Windows NT 6.1; WOW64; Trident/4.0; SLCC2; .NET CLR 2.0.50727; .NET CLR 3.5.30729; .NET CLR 3.0.30729; Media Center PC 6.0; .NET4.0C; .NET4.0E; InfoPath.3; .NET CLR 1.1.4322)"
213.61.227.166 - - [28/Oct/2014:14:57:03 +0100] "GET /img/1px.gif HTTP/1.1" 200 43 "http://www.frb-berlin.de/seiten/start.htm" "Mozilla/4.0 (compatible; MSIE 8.0; Windows NT 6.1; WOW64; Trident/4.0; SLCC2; .NET CLR 2.0.50727; .NET CLR 3.5.30729; .NET CLR 3.0.30729; Media Center PC 6.0; .NET4.0C; .NET4.0E; InfoPath.3; .NET CLR 1.1.4322)"
213.61.227.166 - - [28/Oct/2014:14:57:03 +0100] "GET /img/head.jpg HTTP/1.1" 200 5932 "http://www.frb-berlin.de/seiten/start.htm" "Mozilla/4.0 (compatible; MSIE 8.0; Windows NT 6.1; WOW64; Trident/4.0; SLCC2; .NET CLR 2.0.50727; .NET CLR 3.5.30729; .NET CLR 3.0.30729; Media Center PC 6.0; .NET4.0C; .NET4.0E; InfoPath.3; .NET CLR 1.1.4322)"
213.61.227.166 - - [28/Oct/2014:14:57:03 +0100] "GET /img/lay08.jpg HTTP/1.1" 200 10212 "http://www.frb-berlin.de/seiten/start.htm" "Mozilla/4.0 (compatible; MSIE 8.0; Windows NT 6.1; WOW64; Trident/4.0; SLCC2; .NET CLR 2.0.50727; .NET CLR 3.5.30729; .NET CLR 3.0.30729; Media Center PC 6.0; .NET4.0C; .NET4.0E; InfoPath.3; .NET CLR 1.1.4322)"
213.61.227.166 - - [28/Oct/2014:14:57:03 +0100] "GET /seiten/main.htm HTTP/1.1" 200 2319 "http://www.frb-berlin.de/seiten/start.htm" "Mozilla/4.0 (compatible; MSIE 8.0; Windows NT 6.1; WOW64; Trident/4.0; SLCC2; .NET CLR 2.0.50727; .NET CLR 3.5.30729; .NET CLR 3.0.30729; Media Center PC 6.0; .NET4.0C; .NET4.0E; InfoPath.3; .NET CLR 1.1.4322)"
213.61.227.166 - - [28/Oct/2014:14:57:03 +0100] "GET /img/lay06.jpg HTTP/1.1" 200 11774 "http://www.frb-berlin.de/seiten/start.htm" "Mozilla/4.0 (compatible; MSIE 8.0; Windows NT 6.1; WOW64; Trident/4.0; SLCC2; .NET CLR 2.0.50727; .NET CLR 3.5.30729; .NET CLR 3.0.30729; Media Center PC 6.0; .NET4.0C; .NET4.0E; InfoPath.3; .NET CLR 1.1.4322)"
213.61.227.166 - - [28/Oct/2014:14:57:03 +0100] "GET /img/lay03.jpg HTTP/1.1" 200 15205 "http://www.frb-berlin.de/seiten/start.htm" "Mozilla/4.0 (compatible; MSIE 8.0; Windows NT 6.1; WOW64; Trident/4.0; SLCC2; .NET CLR 2.0.50727; .NET CLR 3.5.30729; .NET CLR 3.0.30729; Media Center PC 6.0; .NET4.0C; .NET4.0E; InfoPath.3; .NET CLR 1.1.4322)"
213.61.227.166 - - [28/Oct/2014:14:57:03 +0100] "GET /img/lay01.jpg HTTP/1.1" 200 9336 "http://www.frb-berlin.de/seiten/start.htm" "Mozilla/4.0 (compatible; MSIE 8.0; Windows NT 6.1; WOW64; Trident/4.0; SLCC2; .NET CLR 2.0.50727; .NET CLR 3.5.30729; .NET CLR 3.0.30729; Media Center PC 6.0; .NET4.0C; .NET4.0E; InfoPath.3; .NET CLR 1.1.4322)"
213.61.227.166 - - [28/Oct/2014:14:57:03 +0100] "GET /img/lay05.jpg HTTP/1.1" 200 10183 "http://www.frb-berlin.de/seiten/start.htm" "Mozilla/4.0 (compatible; MSIE 8.0; Windows NT 6.1; WOW64; Trident/4.0; SLCC2; .NET CLR 2.0.50727; .NET CLR 3.5.30729; .NET CLR 3.0.30729; Media Center PC 6.0; .NET4.0C; .NET4.0E; InfoPath.3; .NET CLR 1.1.4322)"
213.61.227.166 - - [28/Oct/2014:14:57:04 +0100] "GET /img/lay07.jpg HTTP/1.1" 200 9742 "http://www.frb-berlin.de/seiten/start.htm" "Mozilla/4.0 (compatible; MSIE 8.0; Windows NT 6.1; WOW64; Trident/4.0; SLCC2; .NET CLR 2.0.50727; .NET CLR 3.5.30729; .NET CLR 3.0.30729; Media Center PC 6.0; .NET4.0C; .NET4.0E; InfoPath.3; .NET CLR 1.1.4322)"
213.61.227.166 - - [28/Oct/2014:14:57:04 +0100] "GET /img/lay10.jpg HTTP/1.1" 200 12856 "http://www.frb-berlin.de/seiten/start.htm" "Mozilla/4.0 (compatible; MSIE 8.0; Windows NT 6.1; WOW64; Trident/4.0; SLCC2; .NET CLR 2.0.50727; .NET CLR 3.5.30729; .NET CLR 3.0.30729; Media Center PC 6.0; .NET4.0C; .NET4.0E; InfoPath.3; .NET CLR 1.1.4322)"
213.61.227.166 - - [28/Oct/2014:14:57:04 +0100] "GET /img/bogen_o1.jpg HTTP/1.1" 200 8356 "http://www.frb-berlin.de/seiten/start.htm" "Mozilla/4.0 (compatible; MSIE 8.0; Windows NT 6.1; WOW64; Trident/4.0; SLCC2; .NET CLR 2.0.50727; .NET CLR 3.5.30729; .NET CLR 3.0.30729; Media Center PC 6.0; .NET4.0C; .NET4.0E; InfoPath.3; .NET CLR 1.1.4322)"
213.61.227.166 - - [28/Oct/2014:14:57:04 +0100] "GET /img/bg_links.jpg HTTP/1.1" 200 8379 "http://www.frb-berlin.de/seiten/start.htm" "Mozilla/4.0 (compatible; MSIE 8.0; Windows NT 6.1; WOW64; Trident/4.0; SLCC2; .NET CLR 2.0.50727; .NET CLR 3.5.30729; .NET CLR 3.0.30729; Media Center PC 6.0; .NET4.0C; .NET4.0E; InfoPath.3; .NET CLR 1.1.4322)"
213.61.227.166 - - [28/Oct/2014:14:57:04 +0100] "GET /img/bg_rechts.jpg HTTP/1.1" 200 346 "http://www.frb-berlin.de/seiten/start.htm" "Mozilla/4.0 (compatible; MSIE 8.0; Windows NT 6.1; WOW64; Trident/4.0; SLCC2; .NET CLR 2.0.50727; .NET CLR 3.5.30729; .NET CLR 3.0.30729; Media Center PC 6.0; .NET4.0C; .NET4.0E; InfoPath.3; .NET CLR 1.1.4322)"
213.61.227.166 - - [28/Oct/2014:14:57:04 +0100] "GET /img/lay04.jpg HTTP/1.1" 200 6356 "http://www.frb-berlin.de/seiten/start.htm" "Mozilla/4.0 (compatible; MSIE 8.0; Windows NT 6.1; WOW64; Trident/4.0; SLCC2; .NET CLR 2.0.50727; .NET CLR 3.5.30729; .NET CLR 3.0.30729; Media Center PC 6.0; .NET4.0C; .NET4.0E; InfoPath.3; .NET CLR 1.1.4322)"
213.61.227.166 - - [28/Oct/2014:14:57:05 +0100] "GET /img/over_logo.jpg HTTP/1.1" 200 5315 "http://www.frb-berlin.de/seiten/start.htm" "Mozilla/4.0 (compatible; MSIE 8.0; Windows NT 6.1; WOW64; Trident/4.0; SLCC2; .NET CLR 2.0.50727; .NET CLR 3.5.30729; .NET CLR 3.0.30729; Media Center PC 6.0; .NET4.0C; .NET4.0E; InfoPath.3; .NET CLR 1.1.4322)"
213.61.227.166 - - [28/Oct/2014:14:57:05 +0100] "GET /img/lay11.jpg HTTP/1.1" 200 12218 "http://www.frb-berlin.de/seiten/start.htm" "Mozilla/4.0 (compatible; MSIE 8.0; Windows NT 6.1; WOW64; Trident/4.0; SLCC2; .NET CLR 2.0.50727; .NET CLR 3.5.30729; .NET CLR 3.0.30729; Media Center PC 6.0; .NET4.0C; .NET4.0E; InfoPath.3; .NET CLR 1.1.4322)"
213.61.227.166 - - [28/Oct/2014:14:57:05 +0100] "GET /img/lay13.jpg HTTP/1.1" 200 428 "http://www.frb-berlin.de/seiten/start.htm" "Mozilla/4.0 (compatible; MSIE 8.0; Windows NT 6.1; WOW64; Trident/4.0; SLCC2; .NET CLR 2.0.50727; .NET CLR 3.5.30729; .NET CLR 3.0.30729; Media Center PC 6.0; .NET4.0C; .NET4.0E; InfoPath.3; .NET CLR 1.1.4322)"
213.61.227.166 - - [28/Oct/2014:14:57:05 +0100] "GET /img/lay12.jpg HTTP/1.1" 200 394 "http://www.frb-berlin.de/seiten/start.htm" "Mozilla/4.0 (compatible; MSIE 8.0; Windows NT 6.1; WOW64; Trident/4.0; SLCC2; .NET CLR 2.0.50727; .NET CLR 3.5.30729; .NET CLR 3.0.30729; Media Center PC 6.0; .NET4.0C; .NET4.0E; InfoPath.3; .NET CLR 1.1.4322)"
213.61.227.166 - - [28/Oct/2014:14:57:05 +0100] "GET /img/farben.jpg HTTP/1.1" 200 14519 "http://www.frb-berlin.de/seiten/main.htm" "Mozilla/4.0 (compatible; MSIE 8.0; Windows NT 6.1; WOW64; Trident/4.0; SLCC2; .NET CLR 2.0.50727; .NET CLR 3.5.30729; .NET CLR 3.0.30729; Media Center PC 6.0; .NET4.0C; .NET4.0E; InfoPath.3; .NET CLR 1.1.4322)"
213.61.227.166 - - [28/Oct/2014:14:57:06 +0100] "GET /favicon.ico HTTP/1.1" 404 1256 "-" "Mozilla/4.0 (compatible; MSIE 8.0; Windows NT 6.1; WOW64; Trident/4.0; SLCC2; .NET CLR 2.0.50727; .NET CLR 3.5.30729; .NET CLR 3.0.30729; Media Center PC 6.0; .NET4.0C; .NET4.0E; InfoPath.3; .NET CLR 1.1.4322)"
213.61.227.166 - - [28/Oct/2014:14:57:06 +0100] "GET /img/favorit_a.gif HTTP/1.1" 200 175 "http://www.frb-berlin.de/seiten/start.htm" "Mozilla/4.0 (compatible; MSIE 8.0; Windows NT 6.1; WOW64; Trident/4.0; SLCC2; .NET CLR 2.0.50727; .NET CLR 3.5.30729; .NET CLR 3.0.30729; Media Center PC 6.0; .NET4.0C; .NET4.0E; InfoPath.3; .NET CLR 1.1.4322)"
208.115.113.88 - - [28/Oct/2014:16:24:33 +0100] "GET /robots.txt HTTP/1.1" 404 1256 "-" "Mozilla/5.0 (compatible; DotBot/1.1; http://www.opensiteexplorer.org/dotbot, help@moz.com)"
208.115.113.88 - - [28/Oct/2014:18:18:23 +0100] "GET /seiten/ HTTP/1.1" 403 1222 "-" "Mozilla/5.0 (compatible; DotBot/1.1; http://www.opensiteexplorer.org/dotbot, help@moz.com)"
87.142.105.80 - - [28/Oct/2014:19:51:25 +0100] "GET /dokumente/ReferenzenMaler.pdf HTTP/1.1" 200 15515 "-" "Mozilla/5.0 (Linux; Android 4.4.2; de-de; SAMSUNG GT-I9505 Build/KOT49H) AppleWebKit/537.36 (KHTML, like Gecko) Version/1.5 Chrome/28.0.1500.94 Mobile Safari/537.36"
87.142.105.80 - - [28/Oct/2014:19:51:26 +0100] "GET /dokumente/ReferenzenMaler.pdf HTTP/1.1" 200 15515 "" "Mozilla/5.0 (Linux; Android 4.4.2; de-de; SAMSUNG GT-I9505 Build/KOT49H) AppleWebKit/537.36 (KHTML, like Gecko) Version/1.5 Chrome/28.0.1500.94 Mobile Safari/537.36"
207.46.13.137 - - [28/Oct/2014:19:54:38 +0100] "GET /robots.txt HTTP/1.1" 404 1256 "-" "Mozilla/5.0 (compatible; bingbot/2.0; +http://www.bing.com/bingbot.htm)"
207.46.13.137 - - [28/Oct/2014:19:54:43 +0100] "GET /seiten/referenzen_beton.htm HTTP/1.1" 304 - "-" "Mozilla/5.0 (compatible; bingbot/2.0; +http://www.bing.com/bingbot.htm)"
182.118.21.235 - - [28/Oct/2014:21:07:38 +0100] "GET / HTTP/1.1" 200 1775 "http://www.frb-berlin.de/" "Mozilla/5.0 (compatible; MSIE 9.0; Windows NT 6.1; Trident/5.0); 360Spider"
182.118.53.221 - - [28/Oct/2014:21:07:39 +0100] "GET / HTTP/1.1" 200 1775 "-" "Mozilla/4.0 (compatible; MSIE 8.0; Windows NT 6.1; Trident/4.0; SLCC2; .NET CLR 2.0.50727; .NET CLR 3.5.30729; .NET CLR 3.0.30729; Media Center PC 6.0)"
182.118.53.221 - - [28/Oct/2014:21:07:40 +0100] "GET /css/style.css HTTP/1.1" 200 8567 "http://www.frb-berlin.de/" "Mozilla/4.0 (compatible; MSIE 8.0; Windows NT 6.1; Trident/4.0; SLCC2; .NET CLR 2.0.50727; .NET CLR 3.5.30729; .NET CLR 3.0.30729; Media Center PC 6.0)"
207.46.13.137 - - [28/Oct/2014:21:13:07 +0100] "GET /seiten/referenzen_beton.htm HTTP/1.1" 304 - "-" "Mozilla/5.0 (compatible; bingbot/2.0; +http://www.bing.com/bingbot.htm)"
37.24.36.126 - - [28/Oct/2014:23:02:25 +0100] "GET /robots.txt HTTP/1.0" 404 1256 "-" "-"
37.24.36.126 - - [28/Oct/2014:23:02:25 +0100] "GET /seiten/ausbildung.htm HTTP/1.1" 200 2131 "-" "JobRoboter/1.1"
68.180.229.52 - - [28/Oct/2014:23:55:48 +0100] "GET /robots.txt HTTP/1.1" 404 1256 "-" "Mozilla/5.0 (compatible; Yahoo! Slurp; http://help.yahoo.com/help/us/ysearch/slurp)"
68.180.229.52 - - [28/Oct/2014:23:55:48 +0100] "GET /dokumente/ReferenzenMaler.pdf HTTP/1.1" 200 15515 "-" "Mozilla/5.0 (compatible; Yahoo! Slurp; http://help.yahoo.com/help/us/ysearch/slurp)"
157.55.39.95 - - [29/Oct/2014:03:10:56 +0100] "GET /robots.txt HTTP/1.1" 404 1256 "-" "Mozilla/5.0 (compatible; bingbot/2.0; +http://www.bing.com/bingbot.htm)"
157.55.39.95 - - [29/Oct/2014:03:11:01 +0100] "GET /seiten/impressum.htm HTTP/1.1" 304 - "-" "Mozilla/5.0 (compatible; bingbot/2.0; +http://www.bing.com/bingbot.htm)"
94.134.199.0 - - [29/Oct/2014:09:42:20 +0100] "GET /seiten/ausbildung2.htm HTTP/1.1" 200 4821 "http://www.backinjob.de/lehrstellen/suche.html?s=Maler%2FLackierer&o=Berlin&u=10&p=1" "Mozilla/5.0 (Windows NT 5.1; rv:31.0) Gecko/20100101 Firefox/31.0"
94.134.199.0 - - [29/Oct/2014:09:42:20 +0100] "GET /css/style.css HTTP/1.1" 200 8567 "http://www.frb-berlin.de/seiten/ausbildung2.htm" "Mozilla/5.0 (Windows NT 5.1; rv:31.0) Gecko/20100101 Firefox/31.0"
94.134.199.0 - - [29/Oct/2014:09:42:20 +0100] "GET /img/top.gif HTTP/1.1" 200 950 "http://www.frb-berlin.de/seiten/ausbildung2.htm" "Mozilla/5.0 (Windows NT 5.1; rv:31.0) Gecko/20100101 Firefox/31.0"
94.134.199.0 - - [29/Oct/2014:09:42:20 +0100] "GET /img/hg.jpg HTTP/1.1" 200 7507 "http://www.frb-berlin.de/seiten/ausbildung2.htm" "Mozilla/5.0 (Windows NT 5.1; rv:31.0) Gecko/20100101 Firefox/31.0"
94.134.199.0 - - [29/Oct/2014:09:42:20 +0100] "GET /favicon.ico HTTP/1.1" 404 1256 "-" "Mozilla/5.0 (Windows NT 5.1; rv:31.0) Gecko/20100101 Firefox/31.0"
66.249.67.89 - - [29/Oct/2014:12:38:15 +0100] "GET /robots.txt HTTP/1.1" 404 1256 "-" "Mozilla/5.0 (compatible; Googlebot/2.1; +http://www.google.com/bot.html)"
66.249.67.97 - - [29/Oct/2014:12:38:16 +0100] "GET / HTTP/1.1" 200 1775 "-" "DoCoMo/2.0 N905i(c100;TB;W24H16) (compatible; Googlebot-Mobile/2.1; +http://www.google.com/bot.html)"
87.142.117.190 - - [29/Oct/2014:13:44:28 +0100] "GET /seiten/start.htm HTTP/1.1" 200 9376 "http://www.google.de/url?sa=t&rct=j&q=&esrc=s&source=web&cd=1&sqi=2&ved=0CCsQFjAA&url=http%3A%2F%2Fwww.frb-berlin.de%2Fseiten%2Fstart.htm&ei=Yt5QVJ92w9fJA8mJgYAN&usg=AFQjCNFKdDpMIqQe8bjzwFYMy-X1RU9gig&bvm=bv.78597519,d.bGQ" "Mozilla/5.0 (Windows NT 6.1; WOW64; rv:32.0) Gecko/20100101 Firefox/32.0"
87.142.117.190 - - [29/Oct/2014:13:44:28 +0100] "GET /css/style.css HTTP/1.1" 200 8567 "http://www.frb-berlin.de/seiten/start.htm" "Mozilla/5.0 (Windows NT 6.1; WOW64; rv:32.0) Gecko/20100101 Firefox/32.0"
87.142.117.190 - - [29/Oct/2014:13:44:28 +0100] "GET /scripte/menu_start.js HTTP/1.1" 200 31217 "http://www.frb-berlin.de/seiten/start.htm" "Mozilla/5.0 (Windows NT 6.1; WOW64; rv:32.0) Gecko/20100101 Firefox/32.0"
87.142.117.190 - - [29/Oct/2014:13:44:28 +0100] "GET /scripte/menu_elemente.js HTTP/1.1" 200 18006 "http://www.frb-berlin.de/seiten/start.htm" "Mozilla/5.0 (Windows NT 6.1; WOW64; rv:32.0) Gecko/20100101 Firefox/32.0"
87.142.117.190 - - [29/Oct/2014:13:44:28 +0100] "GET /img/1px.gif HTTP/1.1" 200 43 "http://www.frb-berlin.de/seiten/start.htm" "Mozilla/5.0 (Windows NT 6.1; WOW64; rv:32.0) Gecko/20100101 Firefox/32.0"
87.142.117.190 - - [29/Oct/2014:13:44:28 +0100] "GET /img/lay03.jpg HTTP/1.1" 200 15205 "http://www.frb-berlin.de/seiten/start.htm" "Mozilla/5.0 (Windows NT 6.1; WOW64; rv:32.0) Gecko/20100101 Firefox/32.0"
87.142.117.190 - - [29/Oct/2014:13:44:28 +0100] "GET /img/head.jpg HTTP/1.1" 200 5932 "http://www.frb-berlin.de/seiten/start.htm" "Mozilla/5.0 (Windows NT 6.1; WOW64; rv:32.0) Gecko/20100101 Firefox/32.0"
87.142.117.190 - - [29/Oct/2014:13:44:28 +0100] "GET /img/lay01.jpg HTTP/1.1" 200 9336 "http://www.frb-berlin.de/seiten/start.htm" "Mozilla/5.0 (Windows NT 6.1; WOW64; rv:32.0) Gecko/20100101 Firefox/32.0"
87.142.117.190 - - [29/Oct/2014:13:44:28 +0100] "GET /img/over_logo.jpg HTTP/1.1" 200 5315 "http://www.frb-berlin.de/seiten/start.htm" "Mozilla/5.0 (Windows NT 6.1; WOW64; rv:32.0) Gecko/20100101 Firefox/32.0"
87.142.117.190 - - [29/Oct/2014:13:44:28 +0100] "GET /img/lay04.jpg HTTP/1.1" 200 6356 "http://www.frb-berlin.de/seiten/start.htm" "Mozilla/5.0 (Windows NT 6.1; WOW64; rv:32.0) Gecko/20100101 Firefox/32.0"
87.142.117.190 - - [29/Oct/2014:13:44:29 +0100] "GET /img/lay05.jpg HTTP/1.1" 200 10183 "http://www.frb-berlin.de/seiten/start.htm" "Mozilla/5.0 (Windows NT 6.1; WOW64; rv:32.0) Gecko/20100101 Firefox/32.0"
87.142.117.190 - - [29/Oct/2014:13:44:29 +0100] "GET /img/lay06.jpg HTTP/1.1" 200 11774 "http://www.frb-berlin.de/seiten/start.htm" "Mozilla/5.0 (Windows NT 6.1; WOW64; rv:32.0) Gecko/20100101 Firefox/32.0"
87.142.117.190 - - [29/Oct/2014:13:44:29 +0100] "GET /img/lay07.jpg HTTP/1.1" 200 9742 "http://www.frb-berlin.de/seiten/start.htm" "Mozilla/5.0 (Windows NT 6.1; WOW64; rv:32.0) Gecko/20100101 Firefox/32.0"
87.142.117.190 - - [29/Oct/2014:13:44:29 +0100] "GET /img/lay13.jpg HTTP/1.1" 200 428 "http://www.frb-berlin.de/seiten/start.htm" "Mozilla/5.0 (Windows NT 6.1; WOW64; rv:32.0) Gecko/20100101 Firefox/32.0"
87.142.117.190 - - [29/Oct/2014:13:44:29 +0100] "GET /img/lay08.jpg HTTP/1.1" 200 10212 "http://www.frb-berlin.de/seiten/start.htm" "Mozilla/5.0 (Windows NT 6.1; WOW64; rv:32.0) Gecko/20100101 Firefox/32.0"
87.142.117.190 - - [29/Oct/2014:13:44:29 +0100] "GET /img/lay10.jpg HTTP/1.1" 200 12856 "http://www.frb-berlin.de/seiten/start.htm" "Mozilla/5.0 (Windows NT 6.1; WOW64; rv:32.0) Gecko/20100101 Firefox/32.0"
87.142.117.190 - - [29/Oct/2014:13:44:29 +0100] "GET /img/lay12.jpg HTTP/1.1" 200 394 "http://www.frb-berlin.de/seiten/start.htm" "Mozilla/5.0 (Windows NT 6.1; WOW64; rv:32.0) Gecko/20100101 Firefox/32.0"
87.142.117.190 - - [29/Oct/2014:13:44:29 +0100] "GET /img/bogen_o1.jpg HTTP/1.1" 200 8356 "http://www.frb-berlin.de/seiten/start.htm" "Mozilla/5.0 (Windows NT 6.1; WOW64; rv:32.0) Gecko/20100101 Firefox/32.0"
87.142.117.190 - - [29/Oct/2014:13:44:29 +0100] "GET /img/bg_links.jpg HTTP/1.1" 200 8379 "http://www.frb-berlin.de/seiten/start.htm" "Mozilla/5.0 (Windows NT 6.1; WOW64; rv:32.0) Gecko/20100101 Firefox/32.0"
87.142.117.190 - - [29/Oct/2014:13:44:29 +0100] "GET /img/bg_rechts.jpg HTTP/1.1" 200 346 "http://www.frb-berlin.de/seiten/start.htm" "Mozilla/5.0 (Windows NT 6.1; WOW64; rv:32.0) Gecko/20100101 Firefox/32.0"
87.142.117.190 - - [29/Oct/2014:13:44:29 +0100] "GET /img/lay11.jpg HTTP/1.1" 200 12218 "http://www.frb-berlin.de/seiten/start.htm" "Mozilla/5.0 (Windows NT 6.1; WOW64; rv:32.0) Gecko/20100101 Firefox/32.0"
87.142.117.190 - - [29/Oct/2014:13:44:29 +0100] "GET /seiten/main.htm HTTP/1.1" 200 2319 "http://www.frb-berlin.de/seiten/start.htm" "Mozilla/5.0 (Windows NT 6.1; WOW64; rv:32.0) Gecko/20100101 Firefox/32.0"
87.142.117.190 - - [29/Oct/2014:13:44:29 +0100] "GET /img/farben.jpg HTTP/1.1" 200 14519 "http://www.frb-berlin.de/seiten/main.htm" "Mozilla/5.0 (Windows NT 6.1; WOW64; rv:32.0) Gecko/20100101 Firefox/32.0"
87.142.117.190 - - [29/Oct/2014:13:44:29 +0100] "GET /favicon.ico HTTP/1.1" 404 1256 "-" "Mozilla/5.0 (Windows NT 6.1; WOW64; rv:32.0) Gecko/20100101 Firefox/32.0"
87.142.117.190 - - [29/Oct/2014:13:44:29 +0100] "GET /img/favorit_a.gif HTTP/1.1" 200 175 "http://www.frb-berlin.de/seiten/start.htm" "Mozilla/5.0 (Windows NT 6.1; WOW64; rv:32.0) Gecko/20100101 Firefox/32.0"
87.142.117.190 - - [29/Oct/2014:13:44:29 +0100] "GET /favicon.ico HTTP/1.1" 404 1256 "-" "Mozilla/5.0 (Windows NT 6.1; WOW64; rv:32.0) Gecko/20100101 Firefox/32.0"
87.142.117.190 - - [29/Oct/2014:13:44:34 +0100] "GET /seiten/kontakt.php HTTP/1.1" 200 6708 "http://www.frb-berlin.de/seiten/start.htm" "Mozilla/5.0 (Windows NT 6.1; WOW64; rv:32.0) Gecko/20100101 Firefox/32.0"
87.142.117.190 - - [29/Oct/2014:13:44:34 +0100] "GET /img/logo.gif HTTP/1.1" 200 4275 "http://www.frb-berlin.de/seiten/kontakt.php" "Mozilla/5.0 (Windows NT 6.1; WOW64; rv:32.0) Gecko/20100101 Firefox/32.0"
157.55.39.96 - - [29/Oct/2014:15:10:04 +0100] "GET /seiten/start.htm HTTP/1.1" 200 9376 "-" "Mozilla/5.0 (compatible; bingbot/2.0; +http://www.bing.com/bingbot.htm)"
207.46.13.32 - - [29/Oct/2014:15:10:17 +0100] "GET /robots.txt HTTP/1.1" 404 1256 "-" "Mozilla/5.0 (compatible; bingbot/2.0; +http://www.bing.com/bingbot.htm)"
207.46.13.32 - - [29/Oct/2014:15:10:17 +0100] "GET /scripte/menu_start.js HTTP/1.1" 200 31217 "-" "Mozilla/5.0 (compatible; bingbot/2.0; +http://www.bing.com/bingbot.htm)"
207.46.13.32 - - [29/Oct/2014:15:10:18 +0100] "GET /scripte/menu_start.js HTTP/1.1" 200 31217 "-" "Mozilla/5.0 (compatible; bingbot/2.0; +http://www.bing.com/bingbot.htm)"
207.46.13.32 - - [29/Oct/2014:15:10:18 +0100] "GET /seiten/main.htm HTTP/1.1" 200 2319 "-" "Mozilla/5.0 (compatible; bingbot/2.0; +http://www.bing.com/bingbot.htm)"
157.55.39.217 - - [29/Oct/2014:15:10:31 +0100] "GET /css/style.css HTTP/1.1" 200 8567 "-" "Mozilla/5.0 (compatible; bingbot/2.0; +http://www.bing.com/bingbot.htm)"
157.55.39.169 - - [29/Oct/2014:15:10:41 +0100] "GET /scripte/menu_elemente.js HTTP/1.1" 200 18006 "-" "Mozilla/5.0 (compatible; bingbot/2.0; +http://www.bing.com/bingbot.htm)"
157.55.39.169 - - [29/Oct/2014:15:10:41 +0100] "GET /scripte/menu_elemente.js HTTP/1.1" 200 18006 "-" "Mozilla/5.0 (compatible; bingbot/2.0; +http://www.bing.com/bingbot.htm)"
101.226.168.238 - - [29/Oct/2014:16:42:23 +0100] "GET /robots.txt HTTP/1.1" 404 1256 "http://www.frb-berlin.de/robots.txt" "Mozilla/5.0 (Windows NT 6.1) AppleWebKit/537.1 (KHTML, like Gecko) Chrome/21.0.1180.89 Safari/537.1; 360Spider"
141.8.147.12 - - [29/Oct/2014:18:29:27 +0100] "GET /robots.txt HTTP/1.1" 404 1256 "-" "Mozilla/5.0 (compatible; YandexBot/3.0; +http://yandex.com/bots)"
37.24.36.126 - - [29/Oct/2014:19:51:11 +0100] "GET /robots.txt HTTP/1.0" 404 1256 "-" "-"
37.24.36.126 - - [29/Oct/2014:19:51:11 +0100] "GET /seiten/ausbildung.htm HTTP/1.1" 200 2131 "-" "JobRoboter/1.1"
157.55.39.96 - - [29/Oct/2014:20:22:05 +0100] "GET /seiten/referenzen_waerme.htm HTTP/1.1" 200 35661 "-" "Mozilla/5.0 (compatible; bingbot/2.0; +http://www.bing.com/bingbot.htm)"
141.8.147.12 - - [29/Oct/2014:23:03:27 +0100] "GET /img/lay03.jpg HTTP/1.1" 200 15205 "-" "Mozilla/5.0 (compatible; YandexBot/3.0; +http://yandex.com/bots)"
141.8.147.12 - - [29/Oct/2014:23:24:46 +0100] "GET / HTTP/1.1" 200 1775 "-" "Mozilla/5.0 (compatible; YandexBot/3.0; +http://yandex.com/bots)"
188.165.15.43 - - [29/Oct/2014:23:51:01 +0100] "GET /seiten/ausbildung2.htm HTTP/1.1" 200 4821 "-" "Mozilla/5.0 (compatible; AhrefsBot/5.0; +http://ahrefs.com/robot/)"
157.55.39.217 - - [30/Oct/2014:00:18:14 +0100] "GET / HTTP/1.1" 304 - "-" "Mozilla/5.0 (compatible; bingbot/2.0; +http://www.bing.com/bingbot.htm)"
88.198.222.86 - - [30/Oct/2014:00:39:15 +0100] "GET / HTTP/1.0" 200 1775 "-" "-"
88.198.222.86 - - [30/Oct/2014:00:39:16 +0100] "GET / HTTP/1.0" 200 1775 "-" "-"
141.8.147.12 - - [30/Oct/2014:01:14:32 +0100] "GET /seiten/ueber_uns.htm HTTP/1.1" 200 2081 "-" "Mozilla/5.0 (compatible; YandexBot/3.0; +http://yandex.com/bots)"
188.165.15.227 - - [30/Oct/2014:04:18:32 +0100] "GET /seiten/kontakt.php HTTP/1.1" 200 6708 "-" "Mozilla/5.0 (compatible; AhrefsBot/5.0; +http://ahrefs.com/robot/)"
141.8.147.12 - - [30/Oct/2014:05:06:16 +0100] "GET /robots.txt HTTP/1.1" 404 1256 "-" "Mozilla/5.0 (compatible; YandexBot/3.0; +http://yandex.com/bots)"
141.8.147.12 - - [30/Oct/2014:05:47:32 +0100] "GET /img/lay01.jpg HTTP/1.1" 200 9336 "-" "Mozilla/5.0 (compatible; YandexBot/3.0; +http://yandex.com/bots)"
141.8.147.12 - - [30/Oct/2014:06:14:09 +0100] "GET /img/head.jpg HTTP/1.1" 200 5932 "-" "Mozilla/5.0 (compatible; YandexBot/3.0; +http://yandex.com/bots)"
66.249.78.85 - - [30/Oct/2014:06:51:56 +0100] "GET /robots.txt HTTP/1.1" 404 1256 "-" "Mozilla/5.0 (compatible; Googlebot/2.1; +http://www.google.com/bot.html)"
66.249.78.92 - - [30/Oct/2014:06:51:56 +0100] "GET / HTTP/1.1" 200 1775 "-" "Mozilla/5.0 (iPhone; CPU iPhone OS 6_0 like Mac OS X) AppleWebKit/536.26 (KHTML, like Gecko) Version/6.0 Mobile/10A5376e Safari/8536.25 (compatible; Googlebot/2.1; +http://www.google.com/bot.html)"
66.249.78.99 - - [30/Oct/2014:07:03:56 +0100] "GET /img/lay04.jpg HTTP/1.1" 304 - "-" "Googlebot-Image/1.0"
66.249.78.99 - - [30/Oct/2014:07:03:56 +0100] "GET / HTTP/1.1" 200 1775 "-" "SAMSUNG-SGH-E250/1.0 Profile/MIDP-2.0 Configuration/CLDC-1.1 UP.Browser/6.2.3.3.c.1.101 (GUI) MMP/2.0 (compatible; Googlebot-Mobile/2.1; +http://www.google.com/bot.html)"
141.8.147.12 - - [30/Oct/2014:07:05:33 +0100] "GET /seiten/impressum.htm HTTP/1.1" 200 4734 "-" "Mozilla/5.0 (compatible; YandexBot/3.0; +http://yandex.com/bots)"
141.8.147.12 - - [30/Oct/2014:07:22:01 +0100] "GET /seiten/main.htm HTTP/1.1" 200 2319 "-" "Mozilla/5.0 (compatible; YandexBot/3.0; +http://yandex.com/bots)"
141.8.147.12 - - [30/Oct/2014:07:50:40 +0100] "GET /seiten/ausbildung.htm HTTP/1.1" 200 2131 "-" "Mozilla/5.0 (compatible; YandexBot/3.0; +http://yandex.com/bots)"
50.19.49.52 - - [30/Oct/2014:08:19:30 +0100] "GET /robots.txt HTTP/1.0" 404 1256 "-" "InsideView/Nutch-1.5.1"
50.19.49.52 - - [30/Oct/2014:08:19:31 +0100] "GET / HTTP/1.0" 200 1775 "-" "InsideView/Nutch-1.5.1"
141.8.147.12 - - [30/Oct/2014:08:37:03 +0100] "GET /seiten/referenzen.htm HTTP/1.1" 200 3626 "-" "Mozilla/5.0 (compatible; YandexBot/3.0; +http://yandex.com/bots)"
141.8.147.12 - - [30/Oct/2014:08:37:05 +0100] "GET /seiten/links.htm HTTP/1.1" 200 1543 "-" "Mozilla/5.0 (compatible; YandexBot/3.0; +http://yandex.com/bots)"
80.153.101.65 - - [30/Oct/2014:08:49:13 +0100] "GET /robots.txt HTTP/1.1" 404 1256 "-" "Mozilla/5.0 (compatible; WeViKaBot/1.0; +http://www.wevika.de/)"
157.55.39.217 - - [30/Oct/2014:09:11:36 +0100] "GET / HTTP/1.1" 200 1775 "-" "Mozilla/5.0 (compatible; bingbot/2.0; +http://www.bing.com/bingbot.htm)"
192.99.107.172 - - [30/Oct/2014:09:38:32 +0100] "GET /robots.txt HTTP/1.1" 404 1256 "-" "Mozilla/5.0 (compatible; meanpathbot/1.0; +http://www.meanpath.com/meanpathbot.html)"
192.99.107.172 - - [30/Oct/2014:09:38:32 +0100] "GET / HTTP/1.1" 200 1775 "-" "Mozilla/5.0 (compatible; meanpathbot/1.0; +http://www.meanpath.com/meanpathbot.html)"
141.8.147.12 - - [30/Oct/2014:09:43:17 +0100] "GET /seiten/leistungen.htm HTTP/1.1" 200 3710 "-" "Mozilla/5.0 (compatible; YandexBot/3.0; +http://yandex.com/bots)"
141.8.147.12 - - [30/Oct/2014:09:56:30 +0100] "GET /seiten/kontakt.php HTTP/1.1" 200 6708 "-" "Mozilla/5.0 (compatible; YandexBot/3.0; +http://yandex.com/bots)"
85.13.131.53 - - [30/Oct/2014:10:09:45 +0100] "GET / HTTP/1.0" 200 1775 "-" "-"
85.13.131.53 - - [30/Oct/2014:10:09:48 +0100] "GET / HTTP/1.0" 200 1775 "-" "-"
5.147.42.157 - - [30/Oct/2014:11:10:30 +0100] "GET /seiten/ausbildung2.htm HTTP/1.1" 200 4821 "http://www.backinjob.de/detailFrame.php?Chiffre=999950000035497294" "Mozilla/5.0 (Linux; Android 4.4.2; de-de; SAMSUNG SM-G900F Build/KOT49H) AppleWebKit/537.36 (KHTML, like Gecko) Version/1.6 Chrome/28.0.1500.94 Mobile Safari/537.36"
5.147.42.157 - - [30/Oct/2014:11:10:30 +0100] "GET /css/style.css HTTP/1.1" 200 8567 "http://www.frb-berlin.de/seiten/ausbildung2.htm" "Mozilla/5.0 (Linux; Android 4.4.2; de-de; SAMSUNG SM-G900F Build/KOT49H) AppleWebKit/537.36 (KHTML, like Gecko) Version/1.6 Chrome/28.0.1500.94 Mobile Safari/537.36"
5.147.42.157 - - [30/Oct/2014:11:10:30 +0100] "GET /img/top.gif HTTP/1.1" 200 950 "http://www.frb-berlin.de/seiten/ausbildung2.htm" "Mozilla/5.0 (Linux; Android 4.4.2; de-de; SAMSUNG SM-G900F Build/KOT49H) AppleWebKit/537.36 (KHTML, like Gecko) Version/1.6 Chrome/28.0.1500.94 Mobile Safari/537.36"
5.147.42.157 - - [30/Oct/2014:11:10:30 +0100] "GET /img/hg.jpg HTTP/1.1" 200 7507 "http://www.frb-berlin.de/seiten/ausbildung2.htm" "Mozilla/5.0 (Linux; Android 4.4.2; de-de; SAMSUNG SM-G900F Build/KOT49H) AppleWebKit/537.36 (KHTML, like Gecko) Version/1.6 Chrome/28.0.1500.94 Mobile Safari/537.36"
5.9.16.51 - - [30/Oct/2014:12:07:04 +0100] "GET / HTTP/1.0" 200 1775 "-" "-"
5.9.16.51 - - [30/Oct/2014:12:07:04 +0100] "GET / HTTP/1.0" 200 1775 "-" "-"
54.162.99.210 - - [30/Oct/2014:12:35:42 +0100] "GET /robots.txt HTTP/1.0" 404 1256 "-" "InsideView/Nutch-1.5.1"
54.162.99.210 - - [30/Oct/2014:12:35:42 +0100] "GET /seiten/start.htm HTTP/1.0" 200 9376 "-" "InsideView/Nutch-1.5.1"
85.13.131.53 - - [30/Oct/2014:12:55:19 +0100] "GET / HTTP/1.0" 200 1775 "-" "-"
85.13.131.53 - - [30/Oct/2014:12:55:19 +0100] "GET / HTTP/1.0" 200 1775 "-" "-"
64.246.165.10 - - [30/Oct/2014:14:31:01 +0100] "GET /robots.txt HTTP/1.0" 404 1256 "-" "Mozilla/5.0 (Windows; U; Windows NT 5.1; en; rv:1.9.0.13) Gecko/2009073022 Firefox/3.5.2 (.NET CLR 3.5.30729) SurveyBot/2.3 (DomainTools)"
64.246.165.10 - - [30/Oct/2014:14:31:01 +0100] "GET / HTTP/1.1" 200 1775 "http://whois.domaintools.com/frb-berlin.de" "Mozilla/5.0 (Windows; U; Windows NT 5.1; en; rv:1.9.0.13) Gecko/2009073022 Firefox/3.5.2 (.NET CLR 3.5.30729) SurveyBot/2.3 (DomainTools)"
188.138.41.139 - - [30/Oct/2014:17:58:47 +0100] "GET /robots.txt HTTP/1.1" 404 1256 "-" "Mozilla/5.0 (X11; U; Linux Core i7-3970x; de; rv:32.0; compatible; Jobboerse.com; http://www.xn--jobbrse-d1a.com) Gecko/20100401 Jobboerse/5.5.3"
188.138.41.139 - - [30/Oct/2014:17:58:47 +0100] "GET / HTTP/1.1" 200 1775 "-" "Mozilla/5.0 (X11; U; Linux Core i7-3970x; de; rv:32.0; compatible; Jobboerse.com; http://www.xn--jobbrse-d1a.com) Gecko/20100401 Jobboerse/5.5.3"
188.138.41.139 - - [30/Oct/2014:17:58:48 +0100] "GET / HTTP/1.1" 200 1775 "-" "Mozilla/5.0 (X11; U; Linux Core i7-3970x; de; rv:32.0; compatible; Jobboerse.com; http://www.xn--jobbrse-d1a.com) Gecko/20100401 Jobboerse/5.5.3"
188.138.41.139 - - [30/Oct/2014:17:58:49 +0100] "GET /seiten/start.htm HTTP/1.1" 200 9376 "-" "Mozilla/5.0 (X11; U; Linux Core i7-3970x; de; rv:32.0; compatible; Jobboerse.com; http://www.xn--jobbrse-d1a.com) Gecko/20100401 Jobboerse/5.5.3"
188.138.41.139 - - [30/Oct/2014:17:58:49 +0100] "GET /seiten/main.htm HTTP/1.1" 200 2319 "-" "Mozilla/5.0 (X11; U; Linux Core i7-3970x; de; rv:32.0; compatible; Jobboerse.com; http://www.xn--jobbrse-d1a.com) Gecko/20100401 Jobboerse/5.5.3"
188.138.41.139 - - [30/Oct/2014:17:58:49 +0100] "GET /scripte/menu_start.js HTTP/1.1" 200 31217 "-" "Mozilla/5.0 (X11; U; Linux Core i7-3970x; de; rv:32.0; compatible; Jobboerse.com; http://www.xn--jobbrse-d1a.com) Gecko/20100401 Jobboerse/5.5.3"
188.138.41.139 - - [30/Oct/2014:17:58:49 +0100] "GET /scripte/menu_elemente.js HTTP/1.1" 200 18006 "-" "Mozilla/5.0 (X11; U; Linux Core i7-3970x; de; rv:32.0; compatible; Jobboerse.com; http://www.xn--jobbrse-d1a.com) Gecko/20100401 Jobboerse/5.5.3"
188.138.41.139 - - [30/Oct/2014:17:59:02 +0100] "GET /seiten/ueber_uns.htm HTTP/1.1" 200 2081 "-" "Mozilla/5.0 (X11; U; Linux Core i7-3970x; de; rv:32.0; compatible; Jobboerse.com; http://www.xn--jobbrse-d1a.com) Gecko/20100401 Jobboerse/5.5.3"
188.138.41.139 - - [30/Oct/2014:17:59:02 +0100] "GET /seiten/ausbildung.htm HTTP/1.1" 200 2131 "-" "Mozilla/5.0 (X11; U; Linux Core i7-3970x; de; rv:32.0; compatible; Jobboerse.com; http://www.xn--jobbrse-d1a.com) Gecko/20100401 Jobboerse/5.5.3"
188.138.41.139 - - [30/Oct/2014:17:59:03 +0100] "GET /seiten/ausbildung2.htm HTTP/1.1" 200 4821 "-" "Mozilla/5.0 (X11; U; Linux Core i7-3970x; de; rv:32.0; compatible; Jobboerse.com; http://www.xn--jobbrse-d1a.com) Gecko/20100401 Jobboerse/5.5.3"
188.138.41.139 - - [30/Oct/2014:17:59:04 +0100] "GET /css/style.css HTTP/1.1" 200 8567 "-" "Mozilla/5.0 (X11; U; Linux Core i7-3970x; de; rv:32.0; compatible; Jobboerse.com; http://www.xn--jobbrse-d1a.com) Gecko/20100401 Jobboerse/5.5.3"
188.138.41.139 - - [30/Oct/2014:17:59:51 +0100] "GET /seiten/ausbildung3.htm HTTP/1.1" 200 6331 "-" "Mozilla/5.0 (X11; U; Linux Core i7-3970x; de; rv:32.0; compatible; Jobboerse.com; http://www.xn--jobbrse-d1a.com) Gecko/20100401 Jobboerse/5.5.3"
188.138.41.139 - - [30/Oct/2014:18:00:32 +0100] "GET /seiten/kontakt.php HTTP/1.1" 200 6708 "-" "Mozilla/5.0 (X11; U; Linux Core i7-3970x; de; rv:32.0; compatible; Jobboerse.com; http://www.xn--jobbrse-d1a.com) Gecko/20100401 Jobboerse/5.5.3"
188.138.41.139 - - [30/Oct/2014:18:00:33 +0100] "GET /seiten/leistungen.htm HTTP/1.1" 200 3710 "-" "Mozilla/5.0 (X11; U; Linux Core i7-3970x; de; rv:32.0; compatible; Jobboerse.com; http://www.xn--jobbrse-d1a.com) Gecko/20100401 Jobboerse/5.5.3"
188.138.41.139 - - [30/Oct/2014:18:00:33 +0100] "GET /seiten/referenzen.htm HTTP/1.1" 200 3626 "-" "Mozilla/5.0 (X11; U; Linux Core i7-3970x; de; rv:32.0; compatible; Jobboerse.com; http://www.xn--jobbrse-d1a.com) Gecko/20100401 Jobboerse/5.5.3"
188.138.41.139 - - [30/Oct/2014:18:00:34 +0100] "GET /seiten/referenzen_maler.htm HTTP/1.1" 200 51839 "-" "Mozilla/5.0 (X11; U; Linux Core i7-3970x; de; rv:32.0; compatible; Jobboerse.com; http://www.xn--jobbrse-d1a.com) Gecko/20100401 Jobboerse/5.5.3"
188.138.41.139 - - [30/Oct/2014:18:00:36 +0100] "GET /dokumente/ReferenzenMaler.pdf HTTP/1.1" 200 15515 "-" "Mozilla/5.0 (X11; U; Linux Core i7-3970x; de; rv:32.0; compatible; Jobboerse.com; http://www.xn--jobbrse-d1a.com) Gecko/20100401 Jobboerse/5.5.3"
188.138.41.139 - - [30/Oct/2014:18:00:37 +0100] "GET /dokumente/ReferenzenMaler.pdf HTTP/1.1" 200 15515 "-" "Java/1.6.0_10-rc"
188.138.41.139 - - [30/Oct/2014:18:00:39 +0100] "GET /seiten/links.htm HTTP/1.1" 200 1543 "-" "Mozilla/5.0 (X11; U; Linux Core i7-3970x; de; rv:32.0; compatible; Jobboerse.com; http://www.xn--jobbrse-d1a.com) Gecko/20100401 Jobboerse/5.5.3"
188.138.41.139 - - [30/Oct/2014:18:00:39 +0100] "GET /seiten/referenzen_waerme.htm HTTP/1.1" 200 35661 "-" "Mozilla/5.0 (X11; U; Linux Core i7-3970x; de; rv:32.0; compatible; Jobboerse.com; http://www.xn--jobbrse-d1a.com) Gecko/20100401 Jobboerse/5.5.3"
188.138.41.139 - - [30/Oct/2014:18:00:40 +0100] "GET /seiten/referenzen_beton.htm HTTP/1.1" 200 8747 "-" "Mozilla/5.0 (X11; U; Linux Core i7-3970x; de; rv:32.0; compatible; Jobboerse.com; http://www.xn--jobbrse-d1a.com) Gecko/20100401 Jobboerse/5.5.3"
188.138.41.139 - - [30/Oct/2014:18:00:40 +0100] "GET /dokumente/ReferenzenWarme.pdf HTTP/1.1" 200 14947 "-" "Mozilla/5.0 (X11; U; Linux Core i7-3970x; de; rv:32.0; compatible; Jobboerse.com; http://www.xn--jobbrse-d1a.com) Gecko/20100401 Jobboerse/5.5.3"
188.138.41.139 - - [30/Oct/2014:18:00:41 +0100] "GET /dokumente/ReferenzenWarme.pdf HTTP/1.1" 200 14947 "-" "Java/1.6.0_10-rc"
188.138.41.139 - - [30/Oct/2014:18:00:42 +0100] "GET /dokumente/ReferenzenBeton.pdf HTTP/1.1" 200 10270 "-" "Mozilla/5.0 (X11; U; Linux Core i7-3970x; de; rv:32.0; compatible; Jobboerse.com; http://www.xn--jobbrse-d1a.com) Gecko/20100401 Jobboerse/5.5.3"
188.138.41.139 - - [30/Oct/2014:18:00:43 +0100] "GET /dokumente/ReferenzenBeton.pdf HTTP/1.1" 200 10270 "-" "Java/1.6.0_10-rc"
157.55.39.217 - - [30/Oct/2014:18:23:55 +0100] "GET / HTTP/1.1" 200 1775 "-" "Mozilla/5.0 (compatible; bingbot/2.0; +http://www.bing.com/bingbot.htm)"
46.4.90.133 - - [30/Oct/2014:18:26:59 +0100] "GET / HTTP/1.1" 200 1775 "-" "Mozilla/5.0 (Windows NT 6.1; WOW64) AppleWebKit/537.36 (KHTML, like Gecko) Chrome/38.0.2125.104 Safari/537.36"
141.8.147.3 - - [30/Oct/2014:20:37:37 +0100] "GET /robots.txt HTTP/1.1" 404 1256 "-" "Mozilla/5.0 (compatible; YandexBot/3.0; +http://yandex.com/bots)"
178.255.215.69 - - [30/Oct/2014:20:59:04 +0100] "GET /robots.txt HTTP/1.1" 404 1256 "-" "Mozilla/5.0 (compatible; Exabot/3.0; +http://www.exabot.com/go/robot)"
178.255.215.69 - - [30/Oct/2014:20:59:04 +0100] "GET /seiten/referenzen_beton.htm HTTP/1.1" 304 - "-" "Mozilla/5.0 (compatible; Exabot/3.0; +http://www.exabot.com/go/robot)"
92.78.130.24 - - [30/Oct/2014:21:08:54 +0100] "GET /dokumente/ReferenzenMaler.pdf HTTP/1.1" 200 15515 "https://www.google.de/" "Mozilla/5.0 (Windows NT 6.3; WOW64) AppleWebKit/537.36 (KHTML, like Gecko) Chrome/38.0.2125.104 Safari/537.36"
92.78.130.24 - - [30/Oct/2014:21:08:55 +0100] "GET /favicon.ico HTTP/1.1" 404 1256 "-" "Mozilla/5.0 (Windows NT 6.3; WOW64) AppleWebKit/537.36 (KHTML, like Gecko) Chrome/38.0.2125.104 Safari/537.36"
92.78.130.24 - - [30/Oct/2014:21:09:04 +0100] "GET /seiten/referenzen_maler.htm HTTP/1.1" 200 51839 "https://www.google.de/" "Mozilla/5.0 (Windows NT 6.3; WOW64) AppleWebKit/537.36 (KHTML, like Gecko) Chrome/38.0.2125.104 Safari/537.36"
92.78.130.24 - - [30/Oct/2014:21:09:05 +0100] "GET /css/style.css HTTP/1.1" 200 8567 "http://www.frb-berlin.de/seiten/referenzen_maler.htm" "Mozilla/5.0 (Windows NT 6.3; WOW64) AppleWebKit/537.36 (KHTML, like Gecko) Chrome/38.0.2125.104 Safari/537.36"
92.78.130.24 - - [30/Oct/2014:21:09:05 +0100] "GET /img/top.gif HTTP/1.1" 200 950 "http://www.frb-berlin.de/seiten/referenzen_maler.htm" "Mozilla/5.0 (Windows NT 6.3; WOW64) AppleWebKit/537.36 (KHTML, like Gecko) Chrome/38.0.2125.104 Safari/537.36"
141.8.147.3 - - [30/Oct/2014:21:19:34 +0100] "GET /seiten/ausbildung3.htm HTTP/1.1" 200 6331 "-" "Mozilla/5.0 (compatible; YandexBot/3.0; +http://yandex.com/bots)"
37.24.36.126 - - [30/Oct/2014:22:06:33 +0100] "GET /robots.txt HTTP/1.0" 404 1256 "-" "-"
37.24.36.126 - - [30/Oct/2014:22:06:33 +0100] "GET /seiten/ausbildung.htm HTTP/1.1" 200 2131 "-" "JobRoboter/1.1"
208.115.113.88 - - [31/Oct/2014:00:16:16 +0100] "GET /robots.txt HTTP/1.1" 404 1256 "-" "Mozilla/5.0 (compatible; DotBot/1.1; http://www.opensiteexplorer.org/dotbot, help@moz.com)"
141.8.147.3 - - [31/Oct/2014:00:37:02 +0100] "GET / HTTP/1.1" 200 1775 "-" "Mozilla/5.0 (compatible; YandexBot/3.0; +http://yandex.com/bots)"
141.8.147.3 - - [31/Oct/2014:00:39:34 +0100] "GET /seiten/ausbildung2.htm HTTP/1.1" 200 4821 "-" "Mozilla/5.0 (compatible; YandexBot/3.0; +http://yandex.com/bots)"
192.99.107.172 - - [31/Oct/2014:01:26:35 +0100] "GET /robots.txt HTTP/1.1" 404 1256 "-" "Mozilla/5.0 (compatible; meanpathbot/1.0; +http://www.meanpath.com/meanpathbot.html)"
192.99.107.172 - - [31/Oct/2014:01:26:35 +0100] "GET / HTTP/1.1" 200 1775 "-" "Mozilla/5.0 (compatible; meanpathbot/1.0; +http://www.meanpath.com/meanpathbot.html)"
208.115.113.88 - - [31/Oct/2014:02:03:54 +0100] "GET /seiten/kontakt.php HTTP/1.1" 200 6708 "-" "Mozilla/5.0 (compatible; DotBot/1.1; http://www.opensiteexplorer.org/dotbot, help@moz.com)"
85.13.131.53 - - [31/Oct/2014:06:56:30 +0100] "GET / HTTP/1.0" 200 1775 "-" "-"
85.13.131.53 - - [31/Oct/2014:06:56:30 +0100] "GET / HTTP/1.0" 200 1775 "-" "-"
178.255.215.69 - - [31/Oct/2014:09:44:08 +0100] "GET / HTTP/1.1" 304 - "-" "Mozilla/5.0 (compatible; Exabot/3.0; +http://www.exabot.com/go/robot)"
141.8.147.3 - - [31/Oct/2014:10:44:43 +0100] "GET /robots.txt HTTP/1.1" 404 1256 "-" "Mozilla/5.0 (compatible; YandexBot/3.0; +http://yandex.com/bots)"
141.8.147.3 - - [31/Oct/2014:10:44:46 +0100] "GET /seiten/main.htm HTTP/1.1" 200 2319 "-" "Mozilla/5.0 (compatible; YandexBot/3.0; +http://yandex.com/bots)"
141.8.189.109 - - [31/Oct/2014:11:07:52 +0100] "GET /robots.txt HTTP/1.1" 404 1256 "-" "Mozilla/5.0 (compatible; YandexBot/3.0; +http://yandex.com/bots)"
141.8.189.109 - - [31/Oct/2014:11:07:54 +0100] "GET /seiten/kontakt.php HTTP/1.1" 200 6708 "-" "Mozilla/5.0 (compatible; YandexBot/3.0; +http://yandex.com/bots)"
141.8.189.109 - - [31/Oct/2014:11:08:18 +0100] "GET /seiten/main.htm HTTP/1.1" 200 2319 "-" "Mozilla/5.0 (compatible; YandexBot/3.0; +http://yandex.com/bots)"
95.91.208.67 - - [31/Oct/2014:12:15:37 +0100] "GET /seiten/ausbildung2.htm HTTP/1.1" 200 4821 "http://www.backinjob.de/detailFrame.php?Chiffre=999950000035497294" "Mozilla/5.0 (Windows NT 6.1; WOW64) AppleWebKit/537.36 (KHTML, like Gecko) Chrome/38.0.2125.111 Safari/537.36"
95.91.208.67 - - [31/Oct/2014:12:15:37 +0100] "GET /css/style.css HTTP/1.1" 200 8567 "http://www.frb-berlin.de/seiten/ausbildung2.htm" "Mozilla/5.0 (Windows NT 6.1; WOW64) AppleWebKit/537.36 (KHTML, like Gecko) Chrome/38.0.2125.111 Safari/537.36"
95.91.208.67 - - [31/Oct/2014:12:15:37 +0100] "GET /img/top.gif HTTP/1.1" 200 950 "http://www.frb-berlin.de/seiten/ausbildung2.htm" "Mozilla/5.0 (Windows NT 6.1; WOW64) AppleWebKit/537.36 (KHTML, like Gecko) Chrome/38.0.2125.111 Safari/537.36"
95.91.208.67 - - [31/Oct/2014:12:15:37 +0100] "GET /img/hg.jpg HTTP/1.1" 200 7507 "http://www.frb-berlin.de/seiten/ausbildung2.htm" "Mozilla/5.0 (Windows NT 6.1; WOW64) AppleWebKit/537.36 (KHTML, like Gecko) Chrome/38.0.2125.111 Safari/537.36"
182.118.20.167 - - [31/Oct/2014:12:18:59 +0100] "GET /robots.txt HTTP/1.1" 404 1256 "http://www.frb-berlin.de/robots.txt" "Mozilla/5.0 (compatible; MSIE 9.0; Windows NT 6.1; Trident/5.0); 360Spider"
157.55.39.169 - - [31/Oct/2014:13:53:29 +0100] "GET /robots.txt HTTP/1.1" 404 1256 "-" "Mozilla/5.0 (compatible; bingbot/2.0; +http://www.bing.com/bingbot.htm)"
157.55.39.169 - - [31/Oct/2014:13:53:47 +0100] "GET /seiten/ausbildung2.htm HTTP/1.1" 304 - "-" "Mozilla/5.0 (compatible; bingbot/2.0; +http://www.bing.com/bingbot.htm)"
46.165.197.142 - - [31/Oct/2014:16:18:51 +0100] "GET /robots.txt HTTP/1.0" 404 1256 "-" "Mozilla/5.0 (compatible; MJ12bot/v1.4.5; http://www.majestic12.co.uk/bot.php?+)"
46.165.197.142 - - [31/Oct/2014:16:18:53 +0100] "GET / HTTP/1.0" 200 1775 "-" "Mozilla/5.0 (compatible; MJ12bot/v1.4.5; http://www.majestic12.co.uk/bot.php?+)"
66.249.78.92 - - [31/Oct/2014:16:32:12 +0100] "GET /robots.txt HTTP/1.1" 404 1256 "-" "Mozilla/5.0 (compatible; Googlebot/2.1; +http://www.google.com/bot.html)"
66.249.78.85 - - [31/Oct/2014:16:32:12 +0100] "GET /dokumente/ReferenzenMaler.pdf HTTP/1.1" 304 - "-" "Mozilla/5.0 (iPhone; CPU iPhone OS 6_0 like Mac OS X) AppleWebKit/536.26 (KHTML, like Gecko) Version/6.0 Mobile/10A5376e Safari/8536.25 (compatible; Googlebot/2.1; +http://www.google.com/bot.html)"
87.230.17.72 - - [31/Oct/2014:17:11:47 +0100] "GET / HTTP/1.1" 200 1775 "-" "ImplisenseBot 1.0"
87.230.17.72 - - [31/Oct/2014:17:11:47 +0100] "GET /seiten/start.htm HTTP/1.1" 200 9376 "-" "ImplisenseBot 1.0"
87.230.17.72 - - [31/Oct/2014:17:11:48 +0100] "GET /seiten/impressum.htm HTTP/1.1" 200 4734 "-" "ImplisenseBot 1.0"
87.230.17.72 - - [31/Oct/2014:17:11:48 +0100] "GET / HTTP/1.1" 200 1775 "-" "ImplisenseBot 1.0"
87.230.17.72 - - [31/Oct/2014:17:11:48 +0100] "GET /robots.txt HTTP/1.1" 404 1256 "-" "ImplisenseBot 1.0"
87.230.17.72 - - [31/Oct/2014:17:11:49 +0100] "GET /seiten/start.htm HTTP/1.1" 200 9376 "-" "ImplisenseBot 1.0"
87.230.17.72 - - [31/Oct/2014:17:11:50 +0100] "GET / HTTP/1.1" 200 1775 "-" "ImplisenseBot 1.0"
87.230.17.72 - - [31/Oct/2014:17:11:50 +0100] "GET /seiten/main.htm HTTP/1.1" 200 2319 "-" "ImplisenseBot 1.0"
87.230.17.72 - - [31/Oct/2014:17:11:51 +0100] "GET /seiten/ueber_uns.htm HTTP/1.1" 200 2081 "-" "ImplisenseBot 1.0"
87.230.17.72 - - [31/Oct/2014:17:11:51 +0100] "GET /seiten/ausbildung.htm HTTP/1.1" 200 2131 "-" "ImplisenseBot 1.0"
87.230.17.72 - - [31/Oct/2014:17:11:52 +0100] "GET /seiten/leistungen.htm HTTP/1.1" 200 3710 "-" "ImplisenseBot 1.0"
87.230.17.72 - - [31/Oct/2014:17:11:53 +0100] "GET /seiten/referenzen.htm HTTP/1.1" 200 3626 "-" "ImplisenseBot 1.0"
87.230.17.72 - - [31/Oct/2014:17:11:53 +0100] "GET /seiten/kontakt.php HTTP/1.1" 200 6708 "-" "ImplisenseBot 1.0"
87.230.17.72 - - [31/Oct/2014:17:11:53 +0100] "GET /seiten/links.htm HTTP/1.1" 200 1543 "-" "ImplisenseBot 1.0"
87.230.17.72 - - [31/Oct/2014:17:11:54 +0100] "GET /seiten/impressum.htm HTTP/1.1" 200 4734 "-" "ImplisenseBot 1.0"
87.230.17.72 - - [31/Oct/2014:17:11:54 +0100] "GET /seiten/ausbildung2.htm HTTP/1.1" 200 4821 "-" "ImplisenseBot 1.0"
87.230.17.72 - - [31/Oct/2014:17:11:54 +0100] "GET /seiten/ausbildung3.htm HTTP/1.1" 200 6331 "-" "ImplisenseBot 1.0"
87.230.17.72 - - [31/Oct/2014:17:11:55 +0100] "GET /seiten/referenzen_maler.htm HTTP/1.1" 200 51839 "-" "ImplisenseBot 1.0"
87.230.17.72 - - [31/Oct/2014:17:11:55 +0100] "GET /seiten/referenzen_waerme.htm HTTP/1.1" 200 35661 "-" "ImplisenseBot 1.0"
87.230.17.72 - - [31/Oct/2014:17:11:55 +0100] "GET /seiten/referenzen_beton.htm HTTP/1.1" 200 8747 "-" "ImplisenseBot 1.0"
87.230.17.72 - - [31/Oct/2014:17:11:56 +0100] "GET /seiten/impressum.htm#top HTTP/1.1" 200 4734 "-" "ImplisenseBot 1.0"
87.230.17.72 - - [31/Oct/2014:17:11:57 +0100] "GET /seiten/ausbildung2.htm#top HTTP/1.1" 200 4821 "-" "ImplisenseBot 1.0"
87.230.17.72 - - [31/Oct/2014:17:11:58 +0100] "GET /seiten/ausbildung3.htm#top HTTP/1.1" 200 6331 "-" "ImplisenseBot 1.0"
87.230.17.72 - - [31/Oct/2014:17:11:58 +0100] "GET /seiten/referenzen_maler.htm#top HTTP/1.1" 200 51839 "-" "ImplisenseBot 1.0"
68.180.229.52 - - [31/Oct/2014:18:49:50 +0100] "GET /robots.txt HTTP/1.1" 404 1256 "-" "Mozilla/5.0 (compatible; Yahoo! Slurp; http://help.yahoo.com/help/us/ysearch/slurp)"
68.180.229.52 - - [31/Oct/2014:18:49:50 +0100] "GET /seiten/ausbildung2.htm HTTP/1.1" 200 4821 "-" "Mozilla/5.0 (compatible; Yahoo! Slurp; http://help.yahoo.com/help/us/ysearch/slurp)"
95.130.250.102 - - [31/Oct/2014:19:06:14 +0100] "GET / HTTP/1.1" 200 1775 "-" "Mozilla/5.0 (X11; U; Linux; C -) AppleWebKit/523.15 (KHTML, like Gecko, Safari/419.3) Qt/4.4.3"
95.130.250.102 - - [31/Oct/2014:19:06:14 +0100] "GET /css/style.css HTTP/1.1" 200 8567 "http://www.frb-berlin.de/" "Mozilla/5.0 (X11; U; Linux; C -) AppleWebKit/523.15 (KHTML, like Gecko, Safari/419.3) Qt/4.4.3"
95.130.250.102 - - [31/Oct/2014:19:06:14 +0100] "GET /img/logo.gif HTTP/1.1" 200 4275 "http://www.frb-berlin.de/" "Mozilla/5.0 (X11; U; Linux; C -) AppleWebKit/523.15 (KHTML, like Gecko, Safari/419.3) Qt/4.4.3"
88.198.222.86 - - [31/Oct/2014:19:51:56 +0100] "GET / HTTP/1.0" 200 1775 "-" "-"
88.198.222.86 - - [31/Oct/2014:19:51:58 +0100] "GET / HTTP/1.0" 200 1775 "-" "-"
141.8.147.12 - - [31/Oct/2014:20:24:42 +0100] "GET /robots.txt HTTP/1.1" 404 1256 "-" "Mozilla/5.0 (compatible; YandexBot/3.0; +http://yandex.com/bots)"
141.8.147.12 - - [31/Oct/2014:20:37:15 +0100] "GET /seiten/referenzen_waerme.htm HTTP/1.1" 200 35661 "-" "Mozilla/5.0 (compatible; YandexBot/3.0; +http://yandex.com/bots)"
141.8.147.12 - - [31/Oct/2014:20:37:17 +0100] "GET /seiten/referenzen_beton.htm HTTP/1.1" 200 8747 "-" "Mozilla/5.0 (compatible; YandexBot/3.0; +http://yandex.com/bots)"
37.24.36.126 - - [31/Oct/2014:20:49:02 +0100] "GET /robots.txt HTTP/1.0" 404 1256 "-" "-"
37.24.36.126 - - [31/Oct/2014:20:49:02 +0100] "GET /seiten/ausbildung.htm HTTP/1.1" 200 2131 "-" "JobRoboter/1.1"
37.24.36.126 - - [31/Oct/2014:20:50:12 +0100] "GET /robots.txt HTTP/1.0" 404 1256 "-" "-"
37.24.36.126 - - [31/Oct/2014:20:50:12 +0100] "GET /seiten/ausbildung.htm HTTP/1.1" 200 2131 "-" "JobRoboter/1.1"
66.249.64.29 - - [31/Oct/2014:21:54:41 +0100] "GET / HTTP/1.1" 200 1775 "-" "Mozilla/5.0 (iPhone; CPU iPhone OS 6_0 like Mac OS X) AppleWebKit/536.26 (KHTML, like Gecko) Version/6.0 Mobile/10A5376e Safari/8536.25 (compatible; Googlebot/2.1; +http://www.google.com/bot.html)"