188.123.230.188 - - [20/Dec/2012:13:18:15 +0100] "GET /img/spacer.gif HTTP/1.1" 200 43 "http://www.reisenweber-berlin.de/uns.html" "Mozilla/5.0 (Windows NT 6.2; WOW64) AppleWebKit/536.5 (KHTML, like Gecko) YaBrowser/1.1.1084.5409 Chrome/19.1.1084.5409 Safari/536.5"
188.123.230.188 - - [20/Dec/2012:13:18:15 +0100] "GET /img/pfeil.gif HTTP/1.1" 200 85 "http://www.reisenweber-berlin.de/uns.html" "Mozilla/5.0 (Windows NT 6.2; WOW64) AppleWebKit/536.5 (KHTML, like Gecko) YaBrowser/1.1.1084.5409 Chrome/19.1.1084.5409 Safari/536.5"
188.123.230.188 - - [20/Dec/2012:13:18:15 +0100] "GET /img/laden.jpg HTTP/1.1" 200 25856 "http://www.reisenweber-berlin.de/uns.html" "Mozilla/5.0 (Windows NT 6.2; WOW64) AppleWebKit/536.5 (KHTML, like Gecko) YaBrowser/1.1.1084.5409 Chrome/19.1.1084.5409 Safari/536.5"
188.123.230.188 - - [20/Dec/2012:13:18:15 +0100] "GET /img/damen-01.jpg HTTP/1.1" 200 6064 "http://www.reisenweber-berlin.de/uns.html" "Mozilla/5.0 (Windows NT 6.2; WOW64) AppleWebKit/536.5 (KHTML, like Gecko) YaBrowser/1.1.1084.5409 Chrome/19.1.1084.5409 Safari/536.5"
188.123.230.188 - - [20/Dec/2012:13:18:15 +0100] "GET /img/damen-02.jpg HTTP/1.1" 200 6205 "http://www.reisenweber-berlin.de/uns.html" "Mozilla/5.0 (Windows NT 6.2; WOW64) AppleWebKit/536.5 (KHTML, like Gecko) YaBrowser/1.1.1084.5409 Chrome/19.1.1084.5409 Safari/536.5"
188.123.230.188 - - [20/Dec/2012:13:18:15 +0100] "GET /img/damen-03.jpg HTTP/1.1" 200 30544 "http://www.reisenweber-berlin.de/uns.html" "Mozilla/5.0 (Windows NT 6.2; WOW64) AppleWebKit/536.5 (KHTML, like Gecko) YaBrowser/1.1.1084.5409 Chrome/19.1.1084.5409 Safari/536.5"
188.123.230.188 - - [20/Dec/2012:13:18:15 +0100] "GET /img/damen-04.jpg HTTP/1.1" 200 8157 "http://www.reisenweber-berlin.de/uns.html" "Mozilla/5.0 (Windows NT 6.2; WOW64) AppleWebKit/536.5 (KHTML, like Gecko) YaBrowser/1.1.1084.5409 Chrome/19.1.1084.5409 Safari/536.5"
188.123.230.188 - - [20/Dec/2012:13:18:15 +0100] "GET /reisenweber_ani.swf HTTP/1.1" 200 60314 "http://www.reisenweber-berlin.de/uns.html" "Mozilla/5.0 (Windows NT 6.2; WOW64) AppleWebKit/536.5 (KHTML, like Gecko) YaBrowser/1.1.1084.5409 Chrome/19.1.1084.5409 Safari/536.5"
188.123.230.188 - - [20/Dec/2012:13:18:15 +0100] "GET /img/damen-05.jpg HTTP/1.1" 200 4320 "http://www.reisenweber-berlin.de/uns.html" "Mozilla/5.0 (Windows NT 6.2; WOW64) AppleWebKit/536.5 (KHTML, like Gecko) YaBrowser/1.1.1084.5409 Chrome/19.1.1084.5409 Safari/536.5"
188.123.230.188 - - [20/Dec/2012:13:18:15 +0100] "GET /img/corner04.png HTTP/1.1" 200 203 "http://www.reisenweber-berlin.de/uns.html" "Mozilla/5.0 (Windows NT 6.2; WOW64) AppleWebKit/536.5 (KHTML, like Gecko) YaBrowser/1.1.1084.5409 Chrome/19.1.1084.5409 Safari/536.5"
188.123.230.188 - - [20/Dec/2012:13:18:15 +0100] "GET /img/corner03.png HTTP/1.1" 200 266 "http://www.reisenweber-berlin.de/uns.html" "Mozilla/5.0 (Windows NT 6.2; WOW64) AppleWebKit/536.5 (KHTML, like Gecko) YaBrowser/1.1.1084.5409 Chrome/19.1.1084.5409 Safari/536.5"
188.123.230.188 - - [20/Dec/2012:13:18:15 +0100] "GET /img/tbl_bottom.png HTTP/1.1" 200 168 "http://www.reisenweber-berlin.de/uns.html" "Mozilla/5.0 (Windows NT 6.2; WOW64) AppleWebKit/536.5 (KHTML, like Gecko) YaBrowser/1.1.1084.5409 Chrome/19.1.1084.5409 Safari/536.5"
188.123.230.188 - - [20/Dec/2012:13:18:15 +0100] "GET /img/tbl_left.png HTTP/1.1" 200 236 "http://www.reisenweber-berlin.de/uns.html" "Mozilla/5.0 (Windows NT 6.2; WOW64) AppleWebKit/536.5 (KHTML, like Gecko) YaBrowser/1.1.1084.5409 Chrome/19.1.1084.5409 Safari/536.5"
188.123.230.188 - - [20/Dec/2012:13:18:15 +0100] "GET /img/hg_tbl.png HTTP/1.1" 200 190 "http://www.reisenweber-berlin.de/uns.html" "Mozilla/5.0 (Windows NT 6.2; WOW64) AppleWebKit/536.5 (KHTML, like Gecko) YaBrowser/1.1.1084.5409 Chrome/19.1.1084.5409 Safari/536.5"
188.123.230.188 - - [20/Dec/2012:13:18:15 +0100] "GET /img/tbl_right.png HTTP/1.1" 200 227 "http://www.reisenweber-berlin.de/uns.html" "Mozilla/5.0 (Windows NT 6.2; WOW64) AppleWebKit/536.5 (KHTML, like Gecko) YaBrowser/1.1.1084.5409 Chrome/19.1.1084.5409 Safari/536.5"
188.123.230.188 - - [20/Dec/2012:13:18:15 +0100] "GET /img/tbl_down.png HTTP/1.1" 200 197 "http://www.reisenweber-berlin.de/uns.html" "Mozilla/5.0 (Windows NT 6.2; WOW64) AppleWebKit/536.5 (KHTML, like Gecko) YaBrowser/1.1.1084.5409 Chrome/19.1.1084.5409 Safari/536.5"
188.123.230.188 - - [20/Dec/2012:13:18:15 +0100] "GET /images/close.png HTTP/1.1" 200 3137 "http://www.reisenweber-berlin.de/uns.html" "Mozilla/5.0 (Windows NT 6.2; WOW64) AppleWebKit/536.5 (KHTML, like Gecko) YaBrowser/1.1.1084.5409 Chrome/19.1.1084.5409 Safari/536.5"
188.123.230.188 - - [20/Dec/2012:13:18:15 +0100] "GET /images/loading.gif HTTP/1.1" 200 538 "http://www.reisenweber-berlin.de/uns.html" "Mozilla/5.0 (Windows NT 6.2; WOW64) AppleWebKit/536.5 (KHTML, like Gecko) YaBrowser/1.1.1084.5409 Chrome/19.1.1084.5409 Safari/536.5"
188.123.230.188 - - [20/Dec/2012:13:18:15 +0100] "GET /images/loading.gif HTTP/1.1" 200 538 "http://www.reisenweber-berlin.de/uns.html" "Mozilla/5.0 (Windows NT 6.2; WOW64) AppleWebKit/536.5 (KHTML, like Gecko) YaBrowser/1.1.1084.5409 Chrome/19.1.1084.5409 Safari/536.5"
188.123.230.188 - - [20/Dec/2012:13:18:15 +0100] "GET /images/close.png HTTP/1.1" 200 3137 "http://www.reisenweber-berlin.de/uns.html" "Mozilla/5.0 (Windows NT 6.2; WOW64) AppleWebKit/536.5 (KHTML, like Gecko) YaBrowser/1.1.1084.5409 Chrome/19.1.1084.5409 Safari/536.5"
188.123.230.188 - - [20/Dec/2012:13:18:15 +0100] "GET /favicon.ico HTTP/1.1" 404 1256 "-" "Mozilla/5.0 (Windows NT 6.2; WOW64) AppleWebKit/536.5 (KHTML, like Gecko) YaBrowser/1.1.1084.5409 Chrome/19.1.1084.5409 Safari/536.5"
188.123.230.188 - - [20/Dec/2012:13:18:15 +0100] "GET /favicon.ico HTTP/1.1" 404 1256 "-" "Mozilla/5.0 (Windows NT 6.2; WOW64) AppleWebKit/536.5 (KHTML, like Gecko) YaBrowser/1.1.1084.5409 Chrome/19.1.1084.5409 Safari/536.5"
188.123.230.188 - - [20/Dec/2012:13:18:15 +0100] "GET /pics/2.jpg HTTP/1.1" 200 107549 "http://www.reisenweber-berlin.de/reisenweber_ani.swf" "Mozilla/5.0 (Windows NT 6.2; WOW64) AppleWebKit/536.5 (KHTML, like Gecko) YaBrowser/1.1.1084.5409 Chrome/19.1.1084.5409 Safari/536.5"
188.123.230.188 - - [20/Dec/2012:13:18:15 +0100] "GET /pics/1.jpg HTTP/1.1" 200 104529 "http://www.reisenweber-berlin.de/reisenweber_ani.swf" "Mozilla/5.0 (Windows NT 6.2; WOW64) AppleWebKit/536.5 (KHTML, like Gecko) YaBrowser/1.1.1084.5409 Chrome/19.1.1084.5409 Safari/536.5"
188.123.230.188 - - [20/Dec/2012:13:18:19 +0100] "GET /favicon.ico HTTP/1.1" 404 1256 "-" "Mozilla/5.0 (Windows NT 6.2; WOW64) AppleWebKit/536.5 (KHTML, like Gecko) YaBrowser/1.1.1084.5409 Chrome/19.1.1084.5409 Safari/536.5"
78.53.10.119 - - [20/Dec/2012:13:18:21 +0100] "GET /pics/2.jpg HTTP/1.1" 200 107549 "http://www.reisenweber-berlin.de/reisenweber_ani.swf" "Mozilla/5.0 (Windows NT 6.1; WOW64; rv:17.0) Gecko/20100101 Firefox/17.0"
188.123.230.188 - - [20/Dec/2012:13:18:23 +0100] "GET /pics/3.jpg HTTP/1.1" 200 149645 "http://www.reisenweber-berlin.de/reisenweber_ani.swf" "Mozilla/5.0 (Windows NT 6.2; WOW64) AppleWebKit/536.5 (KHTML, like Gecko) YaBrowser/1.1.1084.5409 Chrome/19.1.1084.5409 Safari/536.5"
78.53.10.119 - - [20/Dec/2012:13:18:24 +0100] "GET /images/next.gif HTTP/1.1" 200 231 "http://www.reisenweber-berlin.de/css/lightbox.css" "Mozilla/5.0 (Windows NT 6.1; WOW64; rv:17.0) Gecko/20100101 Firefox/17.0"
188.123.230.188 - - [20/Dec/2012:13:18:30 +0100] "GET /img/damen-04-GR.jpg HTTP/1.1" 200 95347 "http://www.reisenweber-berlin.de/uns.html" "Mozilla/5.0 (Windows NT 6.2; WOW64) AppleWebKit/536.5 (KHTML, like Gecko) YaBrowser/1.1.1084.5409 Chrome/19.1.1084.5409 Safari/536.5"
188.123.230.188 - - [20/Dec/2012:13:18:30 +0100] "GET /img/damen-05-GR.jpg HTTP/1.1" 200 66659 "http://www.reisenweber-berlin.de/uns.html" "Mozilla/5.0 (Windows NT 6.2; WOW64) AppleWebKit/536.5 (KHTML, like Gecko) YaBrowser/1.1.1084.5409 Chrome/19.1.1084.5409 Safari/536.5"
188.123.230.188 - - [20/Dec/2012:13:18:31 +0100] "GET /img/damen-03-GR.jpg HTTP/1.1" 200 89397 "http://www.reisenweber-berlin.de/uns.html" "Mozilla/5.0 (Windows NT 6.2; WOW64) AppleWebKit/536.5 (KHTML, like Gecko) YaBrowser/1.1.1084.5409 Chrome/19.1.1084.5409 Safari/536.5"
188.123.230.188 - - [20/Dec/2012:13:18:33 +0100] "GET /images/blank.gif HTTP/1.1" 404 1256 "http://www.reisenweber-berlin.de/uns.html" "Mozilla/5.0 (Windows NT 6.2; WOW64) AppleWebKit/536.5 (KHTML, like Gecko) YaBrowser/1.1.1084.5409 Chrome/19.1.1084.5409 Safari/536.5"
188.123.230.188 - - [20/Dec/2012:13:18:38 +0100] "GET /pics/4.jpg HTTP/1.1" 200 165768 "http://www.reisenweber-berlin.de/reisenweber_ani.swf" "Mozilla/5.0 (Windows NT 6.2; WOW64) AppleWebKit/536.5 (KHTML, like Gecko) YaBrowser/1.1.1084.5409 Chrome/19.1.1084.5409 Safari/536.5"
188.123.230.188 - - [20/Dec/2012:13:18:43 +0100] "GET /images/next.gif HTTP/1.1" 200 231 "http://www.reisenweber-berlin.de/uns.html" "Mozilla/5.0 (Windows NT 6.2; WOW64) AppleWebKit/536.5 (KHTML, like Gecko) YaBrowser/1.1.1084.5409 Chrome/19.1.1084.5409 Safari/536.5"
78.53.10.119 - - [20/Dec/2012:13:18:50 +0100] "GET /img/damen-02-GR.jpg HTTP/1.1" 200 78475 "http://www.reisenweber-berlin.de/uns.html" "Mozilla/5.0 (Windows NT 6.1; WOW64; rv:17.0) Gecko/20100101 Firefox/17.0"
188.123.230.188 - - [20/Dec/2012:13:18:51 +0100] "GET /pics/5.jpg HTTP/1.1" 200 134687 "http://www.reisenweber-berlin.de/reisenweber_ani.swf" "Mozilla/5.0 (Windows NT 6.2; WOW64) AppleWebKit/536.5 (KHTML, like Gecko) YaBrowser/1.1.1084.5409 Chrome/19.1.1084.5409 Safari/536.5"
188.123.230.188 - - [20/Dec/2012:13:18:51 +0100] "GET /kontakt.html HTTP/1.1" 200 13297 "http://www.reisenweber-berlin.de/uns.html" "Mozilla/5.0 (Windows NT 6.2; WOW64) AppleWebKit/536.5 (KHTML, like Gecko) YaBrowser/1.1.1084.5409 Chrome/19.1.1084.5409 Safari/536.5"
188.123.230.188 - - [20/Dec/2012:13:18:52 +0100] "GET /css/Panel.css HTTP/1.1" 200 3497 "http://www.reisenweber-berlin.de/kontakt.html" "Mozilla/5.0 (Windows NT 6.2; WOW64) AppleWebKit/536.5 (KHTML, like Gecko) YaBrowser/1.1.1084.5409 Chrome/19.1.1084.5409 Safari/536.5"
188.123.230.188 - - [20/Dec/2012:13:18:52 +0100] "GET /js/Panel.js HTTP/1.1" 200 13072 "http://www.reisenweber-berlin.de/kontakt.html" "Mozilla/5.0 (Windows NT 6.2; WOW64) AppleWebKit/536.5 (KHTML, like Gecko) YaBrowser/1.1.1084.5409 Chrome/19.1.1084.5409 Safari/536.5"
188.123.230.188 - - [20/Dec/2012:13:18:52 +0100] "GET /img/hg_tbl.jpg HTTP/1.1" 200 352 "http://www.reisenweber-berlin.de/kontakt.html" "Mozilla/5.0 (Windows NT 6.2; WOW64) AppleWebKit/536.5 (KHTML, like Gecko) YaBrowser/1.1.1084.5409 Chrome/19.1.1084.5409 Safari/536.5"
188.123.230.188 - - [20/Dec/2012:13:18:52 +0100] "GET /favicon.ico HTTP/1.1" 404 1256 "-" "Mozilla/5.0 (Windows NT 6.2; WOW64) AppleWebKit/536.5 (KHTML, like Gecko) YaBrowser/1.1.1084.5409 Chrome/19.1.1084.5409 Safari/536.5"
78.53.10.119 - - [20/Dec/2012:13:18:59 +0100] "GET /aktuelles.html HTTP/1.1" 200 12183 "http://www.reisenweber-berlin.de/uns.html" "Mozilla/5.0 (Windows NT 6.1; WOW64; rv:17.0) Gecko/20100101 Firefox/17.0"
78.53.10.119 - - [20/Dec/2012:13:18:59 +0100] "GET /js/scriptaculous.js?load=effects HTTP/1.1" 304 - "http://www.reisenweber-berlin.de/aktuelles.html" "Mozilla/5.0 (Windows NT 6.1; WOW64; rv:17.0) Gecko/20100101 Firefox/17.0"
78.53.10.119 - - [20/Dec/2012:13:18:59 +0100] "GET /img/abgrenzung.jpg HTTP/1.1" 200 1815 "http://www.reisenweber-berlin.de/aktuelles.html" "Mozilla/5.0 (Windows NT 6.1; WOW64; rv:17.0) Gecko/20100101 Firefox/17.0"
78.53.10.119 - - [20/Dec/2012:13:18:59 +0100] "GET /img/aktuell-04_sw.png HTTP/1.1" 200 10095 "http://www.reisenweber-berlin.de/aktuelles.html" "Mozilla/5.0 (Windows NT 6.1; WOW64; rv:17.0) Gecko/20100101 Firefox/17.0"
78.53.10.119 - - [20/Dec/2012:13:18:59 +0100] "GET /img/aktuell-01_sw.png HTTP/1.1" 200 9846 "http://www.reisenweber-berlin.de/aktuelles.html" "Mozilla/5.0 (Windows NT 6.1; WOW64; rv:17.0) Gecko/20100101 Firefox/17.0"
78.53.10.119 - - [20/Dec/2012:13:18:59 +0100] "GET /img/aktuell-03_sw.png HTTP/1.1" 200 12073 "http://www.reisenweber-berlin.de/aktuelles.html" "Mozilla/5.0 (Windows NT 6.1; WOW64; rv:17.0) Gecko/20100101 Firefox/17.0"
78.53.10.119 - - [20/Dec/2012:13:18:59 +0100] "GET /img/aktuell-02_sw.png HTTP/1.1" 200 12293 "http://www.reisenweber-berlin.de/aktuelles.html" "Mozilla/5.0 (Windows NT 6.1; WOW64; rv:17.0) Gecko/20100101 Firefox/17.0"
78.53.10.119 - - [20/Dec/2012:13:18:59 +0100] "GET /img/aktuell-05_sw.png HTTP/1.1" 200 11701 "http://www.reisenweber-berlin.de/aktuelles.html" "Mozilla/5.0 (Windows NT 6.1; WOW64; rv:17.0) Gecko/20100101 Firefox/17.0"
78.53.10.119 - - [20/Dec/2012:13:18:59 +0100] "GET /img/aktuell-06_sw.png HTTP/1.1" 200 10698 "http://www.reisenweber-berlin.de/aktuelles.html" "Mozilla/5.0 (Windows NT 6.1; WOW64; rv:17.0) Gecko/20100101 Firefox/17.0"
78.53.10.119 - - [20/Dec/2012:13:18:59 +0100] "GET /img/aktuell-07_sw.png HTTP/1.1" 200 10511 "http://www.reisenweber-berlin.de/aktuelles.html" "Mozilla/5.0 (Windows NT 6.1; WOW64; rv:17.0) Gecko/20100101 Firefox/17.0"
78.53.10.119 - - [20/Dec/2012:13:18:59 +0100] "GET /img/Aufsteller.png HTTP/1.1" 200 141482 "http://www.reisenweber-berlin.de/aktuelles.html" "Mozilla/5.0 (Windows NT 6.1; WOW64; rv:17.0) Gecko/20100101 Firefox/17.0"
78.53.10.119 - - [20/Dec/2012:13:19:05 +0100] "GET /index.html HTTP/1.1" 200 9991 "http://www.reisenweber-berlin.de/aktuelles.html" "Mozilla/5.0 (Windows NT 6.1; WOW64; rv:17.0) Gecko/20100101 Firefox/17.0"
78.53.10.119 - - [20/Dec/2012:13:19:05 +0100] "GET /Scripts/AC_ActiveX.js HTTP/1.1" 200 2068 "http://www.reisenweber-berlin.de/index.html" "Mozilla/5.0 (Windows NT 6.1; WOW64; rv:17.0) Gecko/20100101 Firefox/17.0"
78.53.10.119 - - [20/Dec/2012:13:19:05 +0100] "GET /img/team.jpg HTTP/1.1" 200 98672 "http://www.reisenweber-berlin.de/index.html" "Mozilla/5.0 (Windows NT 6.1; WOW64; rv:17.0) Gecko/20100101 Firefox/17.0"
78.53.10.119 - - [20/Dec/2012:13:19:06 +0100] "GET /kontakt.html HTTP/1.1" 200 13297 "http://www.reisenweber-berlin.de/index.html" "Mozilla/5.0 (Windows NT 6.1; WOW64; rv:17.0) Gecko/20100101 Firefox/17.0"
78.53.10.119 - - [20/Dec/2012:13:19:07 +0100] "GET /img/hg_tbl.jpg HTTP/1.1" 200 352 "http://www.reisenweber-berlin.de/kontakt.html" "Mozilla/5.0 (Windows NT 6.1; WOW64; rv:17.0) Gecko/20100101 Firefox/17.0"
78.53.10.119 - - [20/Dec/2012:13:19:09 +0100] "GET /links.html HTTP/1.1" 200 8166 "http://www.reisenweber-berlin.de/kontakt.html" "Mozilla/5.0 (Windows NT 6.1; WOW64; rv:17.0) Gecko/20100101 Firefox/17.0"
188.123.230.188 - - [20/Dec/2012:13:19:22 +0100] "GET /pics/5.jpg HTTP/1.1" 206 1 "http://www.reisenweber-berlin.de/reisenweber_ani.swf" "Mozilla/5.0 (Windows NT 6.2; WOW64) AppleWebKit/536.5 (KHTML, like Gecko) YaBrowser/1.1.1084.5409 Chrome/19.1.1084.5409 Safari/536.5"
188.123.230.188 - - [20/Dec/2012:13:19:22 +0100] "GET /pics/5.jpg HTTP/1.1" 206 130627 "http://www.reisenweber-berlin.de/reisenweber_ani.swf" "Mozilla/5.0 (Windows NT 6.2; WOW64) AppleWebKit/536.5 (KHTML, like Gecko) YaBrowser/1.1.1084.5409 Chrome/19.1.1084.5409 Safari/536.5"
93.219.156.94 - - [20/Dec/2012:13:30:55 +0100] "GET /index.html HTTP/1.1" 200 9991 "-" "Mozilla/5.0 (Windows; U; Windows NT 6.0; de; rv:1.9.2.3) Gecko/20100401 Firefox/3.6.3 ( .NET CLR 3.5.30729)"
93.219.156.94 - - [20/Dec/2012:13:53:26 +0100] "GET /philosophie.html HTTP/1.1" 200 8690 "-" "Mozilla/5.0 (Windows; U; Windows NT 6.0; de; rv:1.9.2.3) Gecko/20100401 Firefox/3.6.3 ( .NET CLR 3.5.30729)"
173.199.115.131 - - [20/Dec/2012:14:09:21 +0100] "GET /index.html HTTP/1.1" 200 9991 "-" "Mozilla/5.0 (compatible; AhrefsBot/4.0; +http://ahrefs.com/robot/)"
173.199.115.131 - - [20/Dec/2012:15:29:21 +0100] "GET /haare.html HTTP/1.1" 200 19256 "-" "Mozilla/5.0 (compatible; AhrefsBot/4.0; +http://ahrefs.com/robot/)"
173.199.115.131 - - [20/Dec/2012:16:33:30 +0100] "GET /links.html HTTP/1.1" 200 8166 "-" "Mozilla/5.0 (compatible; AhrefsBot/4.0; +http://ahrefs.com/robot/)"
188.123.230.188 - - [20/Dec/2012:16:38:16 +0100] "GET /favicon.ico HTTP/1.1" 404 1256 "-" "Mozilla/5.0 (Windows NT 6.2; WOW64) AppleWebKit/536.5 (KHTML, like Gecko) YaBrowser/1.1.1084.5409 Chrome/19.1.1084.5409 Safari/536.5"
188.123.230.188 - - [20/Dec/2012:16:51:18 +0100] "GET /favicon.ico HTTP/1.1" 404 1256 "-" "Mozilla/5.0 (Windows NT 6.2; WOW64) AppleWebKit/536.5 (KHTML, like Gecko) YaBrowser/1.1.1084.5409 Chrome/19.1.1084.5409 Safari/536.5"
74.125.17.211 - - [20/Dec/2012:17:06:57 +0100] "GET /leistungen.html HTTP/1.1" 200 22677 "http://www.google.com/search" "Mozilla/5.0 (X11; Linux x86_64) AppleWebKit/537.4 (KHTML, like Gecko; Google Web Preview) Chrome/22.0.1229 Safari/537.4"
74.125.17.211 - - [20/Dec/2012:17:06:57 +0100] "GET /css/style.css HTTP/1.1" 200 3765 "http://www.reisenweber-berlin.de/leistungen.html" "Mozilla/5.0 (X11; Linux x86_64) AppleWebKit/537.4 (KHTML, like Gecko; Google Web Preview) Chrome/22.0.1229 Safari/537.4"
74.125.17.211 - - [20/Dec/2012:17:06:57 +0100] "GET /js/Panel.js HTTP/1.1" 200 13072 "http://www.reisenweber-berlin.de/leistungen.html" "Mozilla/5.0 (X11; Linux x86_64) AppleWebKit/537.4 (KHTML, like Gecko; Google Web Preview) Chrome/22.0.1229 Safari/537.4"
74.125.17.211 - - [20/Dec/2012:17:06:57 +0100] "GET /css/Panel.css HTTP/1.1" 200 3497 "http://www.reisenweber-berlin.de/leistungen.html" "Mozilla/5.0 (X11; Linux x86_64) AppleWebKit/537.4 (KHTML, like Gecko; Google Web Preview) Chrome/22.0.1229 Safari/537.4"
74.125.17.211 - - [20/Dec/2012:17:06:57 +0100] "GET /js/RunFLASH.js HTTP/1.1" 200 8029 "http://www.reisenweber-berlin.de/leistungen.html" "Mozilla/5.0 (X11; Linux x86_64) AppleWebKit/537.4 (KHTML, like Gecko; Google Web Preview) Chrome/22.0.1229 Safari/537.4"
74.125.17.211 - - [20/Dec/2012:17:06:57 +0100] "GET /img/spacer.gif HTTP/1.1" 200 43 "http://www.reisenweber-berlin.de/leistungen.html" "Mozilla/5.0 (X11; Linux x86_64) AppleWebKit/537.4 (KHTML, like Gecko; Google Web Preview) Chrome/22.0.1229 Safari/537.4"
74.125.17.211 - - [20/Dec/2012:17:06:57 +0100] "GET /img/pfeil.gif HTTP/1.1" 200 85 "http://www.reisenweber-berlin.de/leistungen.html" "Mozilla/5.0 (X11; Linux x86_64) AppleWebKit/537.4 (KHTML, like Gecko; Google Web Preview) Chrome/22.0.1229 Safari/537.4"
74.125.17.211 - - [20/Dec/2012:17:06:57 +0100] "GET /img/corner01.png HTTP/1.1" 200 163 "http://www.reisenweber-berlin.de/leistungen.html" "Mozilla/5.0 (X11; Linux x86_64) AppleWebKit/537.4 (KHTML, like Gecko; Google Web Preview) Chrome/22.0.1229 Safari/537.4"
74.125.17.211 - - [20/Dec/2012:17:06:57 +0100] "GET /img/corner02.png HTTP/1.1" 200 190 "http://www.reisenweber-berlin.de/leistungen.html" "Mozilla/5.0 (X11; Linux x86_64) AppleWebKit/537.4 (KHTML, like Gecko; Google Web Preview) Chrome/22.0.1229 Safari/537.4"
74.125.17.211 - - [20/Dec/2012:17:06:57 +0100] "GET /img/tbl_right.png HTTP/1.1" 200 227 "http://www.reisenweber-berlin.de/leistungen.html" "Mozilla/5.0 (X11; Linux x86_64) AppleWebKit/537.4 (KHTML, like Gecko; Google Web Preview) Chrome/22.0.1229 Safari/537.4"
74.125.17.211 - - [20/Dec/2012:17:06:57 +0100] "GET /img/corner03.png HTTP/1.1" 200 266 "http://www.reisenweber-berlin.de/leistungen.html" "Mozilla/5.0 (X11; Linux x86_64) AppleWebKit/537.4 (KHTML, like Gecko; Google Web Preview) Chrome/22.0.1229 Safari/537.4"
74.125.17.211 - - [20/Dec/2012:17:06:57 +0100] "GET /img/hg_tbl.png HTTP/1.1" 200 190 "http://www.reisenweber-berlin.de/leistungen.html" "Mozilla/5.0 (X11; Linux x86_64) AppleWebKit/537.4 (KHTML, like Gecko; Google Web Preview) Chrome/22.0.1229 Safari/537.4"
74.125.17.211 - - [20/Dec/2012:17:06:57 +0100] "GET /img/HG_news.png HTTP/1.1" 200 212 "http://www.reisenweber-berlin.de/leistungen.html" "Mozilla/5.0 (X11; Linux x86_64) AppleWebKit/537.4 (KHTML, like Gecko; Google Web Preview) Chrome/22.0.1229 Safari/537.4"
74.125.17.211 - - [20/Dec/2012:17:06:57 +0100] "GET /img/tbl_left.png HTTP/1.1" 200 236 "http://www.reisenweber-berlin.de/leistungen.html" "Mozilla/5.0 (X11; Linux x86_64) AppleWebKit/537.4 (KHTML, like Gecko; Google Web Preview) Chrome/22.0.1229 Safari/537.4"
74.125.17.211 - - [20/Dec/2012:17:06:57 +0100] "GET /img/hg.jpg HTTP/1.1" 200 44355 "http://www.reisenweber-berlin.de/leistungen.html" "Mozilla/5.0 (X11; Linux x86_64) AppleWebKit/537.4 (KHTML, like Gecko; Google Web Preview) Chrome/22.0.1229 Safari/537.4"
74.125.17.211 - - [20/Dec/2012:17:06:58 +0100] "GET /img/pfeil-grau.gif HTTP/1.1" 200 73 "http://www.reisenweber-berlin.de/leistungen.html" "Mozilla/5.0 (X11; Linux x86_64) AppleWebKit/537.4 (KHTML, like Gecko; Google Web Preview) Chrome/22.0.1229 Safari/537.4"
74.125.17.211 - - [20/Dec/2012:17:06:59 +0100] "GET /img/tbl_down.png HTTP/1.1" 200 197 "http://www.reisenweber-berlin.de/leistungen.html" "Mozilla/5.0 (X11; Linux x86_64) AppleWebKit/537.4 (KHTML, like Gecko; Google Web Preview) Chrome/22.0.1229 Safari/537.4"
74.125.17.211 - - [20/Dec/2012:17:06:59 +0100] "GET /img/corner04.png HTTP/1.1" 200 203 "http://www.reisenweber-berlin.de/leistungen.html" "Mozilla/5.0 (X11; Linux x86_64) AppleWebKit/537.4 (KHTML, like Gecko; Google Web Preview) Chrome/22.0.1229 Safari/537.4"
74.125.17.211 - - [20/Dec/2012:17:07:00 +0100] "GET /img/tbl_bottom.png HTTP/1.1" 200 168 "http://www.reisenweber-berlin.de/leistungen.html" "Mozilla/5.0 (X11; Linux x86_64) AppleWebKit/537.4 (KHTML, like Gecko; Google Web Preview) Chrome/22.0.1229 Safari/537.4"
91.66.169.15 - - [20/Dec/2012:17:07:00 +0100] "GET / HTTP/1.1" 200 9991 "http://www.google.de/url?sa=t&rct=j&q=friseur%20gubener%20str.%20&source=web&cd=8&ved=0CFYQoAIwBw&url=http%3A%2F%2Fwww.reisenweber-berlin.de%2F&ei=ajfTUL3MHoKGswb33YDwCQ&usg=AFQjCNF7TSzUIEj_OI_RiqKPTlc2EM_6vg&bvm=bv.1355534169,d.Yms" "Mozilla/5.0 (Macintosh; Intel Mac OS X 10_8_2) AppleWebKit/536.26.17 (KHTML, like Gecko) Version/6.0.2 Safari/536.26.17"
91.66.169.15 - - [20/Dec/2012:17:07:00 +0100] "GET /css/style.css HTTP/1.1" 200 3765 "http://www.reisenweber-berlin.de/" "Mozilla/5.0 (Macintosh; Intel Mac OS X 10_8_2) AppleWebKit/536.26.17 (KHTML, like Gecko) Version/6.0.2 Safari/536.26.17"
91.66.169.15 - - [20/Dec/2012:17:07:00 +0100] "GET /Scripts/AC_RunActiveContent.js HTTP/1.1" 200 8029 "http://www.reisenweber-berlin.de/" "Mozilla/5.0 (Macintosh; Intel Mac OS X 10_8_2) AppleWebKit/536.26.17 (KHTML, like Gecko) Version/6.0.2 Safari/536.26.17"
91.66.169.15 - - [20/Dec/2012:17:07:01 +0100] "GET /Scripts/AC_ActiveX.js HTTP/1.1" 200 2068 "http://www.reisenweber-berlin.de/" "Mozilla/5.0 (Macintosh; Intel Mac OS X 10_8_2) AppleWebKit/536.26.17 (KHTML, like Gecko) Version/6.0.2 Safari/536.26.17"
91.66.169.15 - - [20/Dec/2012:17:07:05 +0100] "GET /img/spacer.gif HTTP/1.1" 200 43 "http://www.reisenweber-berlin.de/" "Mozilla/5.0 (Macintosh; Intel Mac OS X 10_8_2) AppleWebKit/536.26.17 (KHTML, like Gecko) Version/6.0.2 Safari/536.26.17"
91.66.169.15 - - [20/Dec/2012:17:07:05 +0100] "GET /img/corner01.png HTTP/1.1" 200 163 "http://www.reisenweber-berlin.de/" "Mozilla/5.0 (Macintosh; Intel Mac OS X 10_8_2) AppleWebKit/536.26.17 (KHTML, like Gecko) Version/6.0.2 Safari/536.26.17"
91.66.169.15 - - [20/Dec/2012:17:07:05 +0100] "GET /img/pfeil.gif HTTP/1.1" 200 85 "http://www.reisenweber-berlin.de/" "Mozilla/5.0 (Macintosh; Intel Mac OS X 10_8_2) AppleWebKit/536.26.17 (KHTML, like Gecko) Version/6.0.2 Safari/536.26.17"
91.66.169.15 - - [20/Dec/2012:17:07:05 +0100] "GET /img/tbl_bottom.png HTTP/1.1" 200 168 "http://www.reisenweber-berlin.de/" "Mozilla/5.0 (Macintosh; Intel Mac OS X 10_8_2) AppleWebKit/536.26.17 (KHTML, like Gecko) Version/6.0.2 Safari/536.26.17"
91.66.169.15 - - [20/Dec/2012:17:07:05 +0100] "GET /img/tbl_left.png HTTP/1.1" 200 236 "http://www.reisenweber-berlin.de/" "Mozilla/5.0 (Macintosh; Intel Mac OS X 10_8_2) AppleWebKit/536.26.17 (KHTML, like Gecko) Version/6.0.2 Safari/536.26.17"
91.66.169.15 - - [20/Dec/2012:17:07:05 +0100] "GET /img/hg.jpg HTTP/1.1" 200 44355 "http://www.reisenweber-berlin.de/" "Mozilla/5.0 (Macintosh; Intel Mac OS X 10_8_2) AppleWebKit/536.26.17 (KHTML, like Gecko) Version/6.0.2 Safari/536.26.17"
91.66.169.15 - - [20/Dec/2012:17:07:05 +0100] "GET /img/corner02.png HTTP/1.1" 200 190 "http://www.reisenweber-berlin.de/" "Mozilla/5.0 (Macintosh; Intel Mac OS X 10_8_2) AppleWebKit/536.26.17 (KHTML, like Gecko) Version/6.0.2 Safari/536.26.17"
91.66.169.15 - - [20/Dec/2012:17:07:05 +0100] "GET /img/hg_tbl.png HTTP/1.1" 200 190 "http://www.reisenweber-berlin.de/" "Mozilla/5.0 (Macintosh; Intel Mac OS X 10_8_2) AppleWebKit/536.26.17 (KHTML, like Gecko) Version/6.0.2 Safari/536.26.17"
91.66.169.15 - - [20/Dec/2012:17:07:05 +0100] "GET /img/HG_news.png HTTP/1.1" 200 212 "http://www.reisenweber-berlin.de/" "Mozilla/5.0 (Macintosh; Intel Mac OS X 10_8_2) AppleWebKit/536.26.17 (KHTML, like Gecko) Version/6.0.2 Safari/536.26.17"
91.66.169.15 - - [20/Dec/2012:17:07:05 +0100] "GET /img/pfeil-grau.gif HTTP/1.1" 200 73 "http://www.reisenweber-berlin.de/" "Mozilla/5.0 (Macintosh; Intel Mac OS X 10_8_2) AppleWebKit/536.26.17 (KHTML, like Gecko) Version/6.0.2 Safari/536.26.17"
91.66.169.15 - - [20/Dec/2012:17:07:05 +0100] "GET /img/tbl_right.png HTTP/1.1" 200 227 "http://www.reisenweber-berlin.de/" "Mozilla/5.0 (Macintosh; Intel Mac OS X 10_8_2) AppleWebKit/536.26.17 (KHTML, like Gecko) Version/6.0.2 Safari/536.26.17"
91.66.169.15 - - [20/Dec/2012:17:07:05 +0100] "GET /img/corner04.png HTTP/1.1" 200 203 "http://www.reisenweber-berlin.de/" "Mozilla/5.0 (Macintosh; Intel Mac OS X 10_8_2) AppleWebKit/536.26.17 (KHTML, like Gecko) Version/6.0.2 Safari/536.26.17"
91.66.169.15 - - [20/Dec/2012:17:07:05 +0100] "GET /img/tbl_down.png HTTP/1.1" 200 197 "http://www.reisenweber-berlin.de/" "Mozilla/5.0 (Macintosh; Intel Mac OS X 10_8_2) AppleWebKit/536.26.17 (KHTML, like Gecko) Version/6.0.2 Safari/536.26.17"
91.66.169.15 - - [20/Dec/2012:17:07:05 +0100] "GET /img/team.jpg HTTP/1.1" 200 98672 "http://www.reisenweber-berlin.de/" "Mozilla/5.0 (Macintosh; Intel Mac OS X 10_8_2) AppleWebKit/536.26.17 (KHTML, like Gecko) Version/6.0.2 Safari/536.26.17"
91.66.169.15 - - [20/Dec/2012:17:07:05 +0100] "GET /reisenweber_ani.swf HTTP/1.1" 200 60314 "http://www.reisenweber-berlin.de/" "Mozilla/5.0 (Macintosh; Intel Mac OS X 10_8_2) AppleWebKit/536.26.17 (KHTML, like Gecko) Version/6.0.2 Safari/536.26.17"
91.66.169.15 - - [20/Dec/2012:17:07:05 +0100] "GET /img/corner03.png HTTP/1.1" 200 266 "http://www.reisenweber-berlin.de/" "Mozilla/5.0 (Macintosh; Intel Mac OS X 10_8_2) AppleWebKit/536.26.17 (KHTML, like Gecko) Version/6.0.2 Safari/536.26.17"
91.66.169.15 - - [20/Dec/2012:17:07:06 +0100] "GET /favicon.ico HTTP/1.1" 404 1256 "http://www.reisenweber-berlin.de/" "Mozilla/5.0 (Macintosh; Intel Mac OS X 10_8_2) AppleWebKit/536.26.17 (KHTML, like Gecko) Version/6.0.2 Safari/536.26.17"
91.66.169.15 - - [20/Dec/2012:17:07:06 +0100] "GET /pics/2.jpg HTTP/1.1" 200 107549 "http://www.reisenweber-berlin.de/" "Mozilla/5.0 (Macintosh; Intel Mac OS X 10_8_2) AppleWebKit/536.26.17 (KHTML, like Gecko) Version/6.0.2 Safari/536.26.17"
91.66.169.15 - - [20/Dec/2012:17:07:13 +0100] "GET /pics/3.jpg HTTP/1.1" 200 149645 "http://www.reisenweber-berlin.de/" "Mozilla/5.0 (Macintosh; Intel Mac OS X 10_8_2) AppleWebKit/536.26.17 (KHTML, like Gecko) Version/6.0.2 Safari/536.26.17"
91.66.169.15 - - [20/Dec/2012:17:07:15 +0100] "GET /leistungen.html HTTP/1.1" 200 22677 "http://www.reisenweber-berlin.de/" "Mozilla/5.0 (Macintosh; Intel Mac OS X 10_8_2) AppleWebKit/536.26.17 (KHTML, like Gecko) Version/6.0.2 Safari/536.26.17"
91.66.169.15 - - [20/Dec/2012:17:07:15 +0100] "GET /css/Panel.css HTTP/1.1" 200 3497 "http://www.reisenweber-berlin.de/leistungen.html" "Mozilla/5.0 (Macintosh; Intel Mac OS X 10_8_2) AppleWebKit/536.26.17 (KHTML, like Gecko) Version/6.0.2 Safari/536.26.17"
91.66.169.15 - - [20/Dec/2012:17:07:15 +0100] "GET /js/RunFLASH.js HTTP/1.1" 200 8029 "http://www.reisenweber-berlin.de/leistungen.html" "Mozilla/5.0 (Macintosh; Intel Mac OS X 10_8_2) AppleWebKit/536.26.17 (KHTML, like Gecko) Version/6.0.2 Safari/536.26.17"
91.66.169.15 - - [20/Dec/2012:17:07:15 +0100] "GET /js/Panel.js HTTP/1.1" 200 13072 "http://www.reisenweber-berlin.de/leistungen.html" "Mozilla/5.0 (Macintosh; Intel Mac OS X 10_8_2) AppleWebKit/536.26.17 (KHTML, like Gecko) Version/6.0.2 Safari/536.26.17"
91.66.169.15 - - [20/Dec/2012:17:07:15 +0100] "GET /pics/5.jpg HTTP/1.1" 200 134687 "http://www.reisenweber-berlin.de/leistungen.html" "Mozilla/5.0 (Macintosh; Intel Mac OS X 10_8_2) AppleWebKit/536.26.17 (KHTML, like Gecko) Version/6.0.2 Safari/536.26.17"
91.66.169.15 - - [20/Dec/2012:17:07:18 +0100] "GET /haare.html HTTP/1.1" 200 19256 "http://www.reisenweber-berlin.de/leistungen.html" "Mozilla/5.0 (Macintosh; Intel Mac OS X 10_8_2) AppleWebKit/536.26.17 (KHTML, like Gecko) Version/6.0.2 Safari/536.26.17"
91.66.169.15 - - [20/Dec/2012:17:07:18 +0100] "GET /img/hair.png HTTP/1.1" 200 129494 "http://www.reisenweber-berlin.de/haare.html" "Mozilla/5.0 (Macintosh; Intel Mac OS X 10_8_2) AppleWebKit/536.26.17 (KHTML, like Gecko) Version/6.0.2 Safari/536.26.17"
91.66.169.15 - - [20/Dec/2012:17:08:12 +0100] "GET /pics/1.jpg HTTP/1.1" 200 104529 "http://www.reisenweber-berlin.de/haare.html" "Mozilla/5.0 (Macintosh; Intel Mac OS X 10_8_2) AppleWebKit/536.26.17 (KHTML, like Gecko) Version/6.0.2 Safari/536.26.17"
91.66.169.15 - - [20/Dec/2012:17:12:56 +0100] "GET /pics/4.jpg HTTP/1.1" 200 165768 "http://www.reisenweber-berlin.de/haare.html" "Mozilla/5.0 (Macintosh; Intel Mac OS X 10_8_2) AppleWebKit/536.26.17 (KHTML, like Gecko) Version/6.0.2 Safari/536.26.17"
173.199.115.131 - - [20/Dec/2012:17:36:54 +0100] "GET /leistungen.html HTTP/1.1" 200 22677 "-" "Mozilla/5.0 (compatible; AhrefsBot/4.0; +http://ahrefs.com/robot/)"
188.123.230.188 - - [20/Dec/2012:18:18:12 +0100] "GET /favicon.ico HTTP/1.1" 404 1256 "-" "Mozilla/5.0 (Windows NT 6.2; WOW64) AppleWebKit/536.5 (KHTML, like Gecko) YaBrowser/1.1.1084.5409 Chrome/19.1.1084.5409 Safari/536.5"
173.199.115.131 - - [20/Dec/2012:19:55:47 +0100] "GET /aktuelles.html HTTP/1.1" 200 12183 "-" "Mozilla/5.0 (compatible; AhrefsBot/4.0; +http://ahrefs.com/robot/)"
208.115.111.67 - - [20/Dec/2012:21:00:33 +0100] "GET /robots.txt HTTP/1.1" 404 1256 "-" "Mozilla/5.0 (compatible; Ezooms/1.0; ezooms.bot@gmail.com)"
157.55.32.107 - - [20/Dec/2012:21:28:21 +0100] "GET /robots.txt HTTP/1.1" 404 1256 "-" "Mozilla/5.0 (compatible; bingbot/2.0; +http://www.bing.com/bingbot.htm)"
157.55.32.107 - - [20/Dec/2012:21:30:07 +0100] "GET / HTTP/1.1" 304 - "-" "Mozilla/5.0 (compatible; bingbot/2.0; +http://www.bing.com/bingbot.htm)"
188.123.230.188 - - [20/Dec/2012:21:30:17 +0100] "GET /favicon.ico HTTP/1.1" 404 1256 "-" "Mozilla/5.0 (Windows NT 6.2; WOW64) AppleWebKit/536.5 (KHTML, like Gecko) YaBrowser/1.1.1084.5409 Chrome/19.1.1084.5409 Safari/536.5"
173.199.115.131 - - [20/Dec/2012:21:47:48 +0100] "GET /produkte.html HTTP/1.1" 200 8481 "-" "Mozilla/5.0 (compatible; AhrefsBot/4.0; +http://ahrefs.com/robot/)"
141.8.147.1 - - [20/Dec/2012:23:46:08 +0100] "GET /robots.txt HTTP/1.1" 404 1256 "-" "Mozilla/5.0 (compatible; YandexBot/3.0; +http://yandex.com/bots)"
141.8.147.1 - - [20/Dec/2012:23:46:10 +0100] "GET /leistungen.html HTTP/1.1" 200 22677 "-" "Mozilla/5.0 (compatible; YandexBot/3.0; +http://yandex.com/bots)"
173.199.115.131 - - [20/Dec/2012:23:54:59 +0100] "GET /philosophie.html HTTP/1.1" 200 8690 "-" "Mozilla/5.0 (compatible; AhrefsBot/4.0; +http://ahrefs.com/robot/)"
173.199.115.131 - - [20/Dec/2012:23:58:54 +0100] "GET /kontakt.html HTTP/1.1" 200 13297 "-" "Mozilla/5.0 (compatible; AhrefsBot/4.0; +http://ahrefs.com/robot/)"
66.249.78.164 - - [21/Dec/2012:00:01:05 +0100] "GET /robots.txt HTTP/1.1" 404 1256 "-" "Mozilla/5.0 (compatible; Googlebot/2.1; +http://www.google.com/bot.html)"
66.249.78.164 - - [21/Dec/2012:00:01:05 +0100] "GET /kontakt.html HTTP/1.1" 304 - "-" "Mozilla/5.0 (compatible; Googlebot/2.1; +http://www.google.com/bot.html)"
157.55.32.107 - - [21/Dec/2012:00:10:03 +0100] "GET /robots.txt HTTP/1.1" 404 1256 "-" "Mozilla/5.0 (compatible; bingbot/2.0; +http://www.bing.com/bingbot.htm)"
157.55.32.107 - - [21/Dec/2012:00:11:41 +0100] "GET / HTTP/1.1" 200 9991 "-" "Mozilla/5.0 (compatible; bingbot/2.0; +http://www.bing.com/bingbot.htm)"
65.55.212.91 - - [21/Dec/2012:00:36:35 +0100] "GET /aktuelles.html HTTP/1.1" 200 12183 "-" "Mozilla/4.0 (compatible; MSIE 7.0; Windows NT 5.1; SV1; .NET CLR 1.1.4325; .NET CLR 2.0.50727; .NET CLR 3.0.04506.648)"
65.55.212.91 - - [21/Dec/2012:00:36:36 +0100] "GET /css/style.css HTTP/1.1" 200 3765 "http://www.reisenweber-berlin.de/aktuelles.html" "Mozilla/4.0 (compatible; MSIE 7.0; Windows NT 5.1; SV1; .NET CLR 1.1.4325; .NET CLR 2.0.50727; .NET CLR 3.0.04506.648)"
65.55.211.246 - - [21/Dec/2012:00:36:37 +0100] "GET /css/lightbox.css HTTP/1.1" 200 3470 "http://www.reisenweber-berlin.de/aktuelles.html" "Mozilla/4.0 (compatible; MSIE 7.0; Windows NT 5.1; SV1; .NET CLR 1.1.4325; .NET CLR 2.0.50727; .NET CLR 3.0.04506.648)"
65.55.212.91 - - [21/Dec/2012:00:36:37 +0100] "GET /Scripts/AC_RunActiveContent.js HTTP/1.1" 200 8029 "http://www.reisenweber-berlin.de/aktuelles.html" "Mozilla/4.0 (compatible; MSIE 7.0; Windows NT 5.1; SV1; .NET CLR 1.1.4325; .NET CLR 2.0.50727; .NET CLR 3.0.04506.648)"
65.55.211.246 - - [21/Dec/2012:00:36:38 +0100] "GET /js/prototype.js HTTP/1.1" 200 47603 "http://www.reisenweber-berlin.de/aktuelles.html" "Mozilla/4.0 (compatible; MSIE 7.0; Windows NT 5.1; SV1; .NET CLR 1.1.4325; .NET CLR 2.0.50727; .NET CLR 3.0.04506.648)"
65.55.212.91 - - [21/Dec/2012:00:36:39 +0100] "GET /js/scriptaculous.js?load=effects HTTP/1.1" 200 2152 "http://www.reisenweber-berlin.de/aktuelles.html" "Mozilla/4.0 (compatible; MSIE 7.0; Windows NT 5.1; SV1; .NET CLR 1.1.4325; .NET CLR 2.0.50727; .NET CLR 3.0.04506.648)"
65.55.211.246 - - [21/Dec/2012:00:36:39 +0100] "GET /js/effects.js HTTP/1.1" 200 31969 "http://www.reisenweber-berlin.de/aktuelles.html" "Mozilla/4.0 (compatible; MSIE 7.0; Windows NT 5.1; SV1; .NET CLR 1.1.4325; .NET CLR 2.0.50727; .NET CLR 3.0.04506.648)"
65.55.212.91 - - [21/Dec/2012:00:36:40 +0100] "GET /js/lightbox.js HTTP/1.1" 200 23861 "http://www.reisenweber-berlin.de/aktuelles.html" "Mozilla/4.0 (compatible; MSIE 7.0; Windows NT 5.1; SV1; .NET CLR 1.1.4325; .NET CLR 2.0.50727; .NET CLR 3.0.04506.648)"
65.55.211.246 - - [21/Dec/2012:00:36:42 +0100] "GET /reisenweber_ani.swf HTTP/1.1" 200 60314 "http://www.reisenweber-berlin.de/aktuelles.html" "Mozilla/4.0 (compatible; MSIE 7.0; Windows NT 5.1; SV1; .NET CLR 1.1.4325; .NET CLR 2.0.50727; .NET CLR 3.0.04506.648)"
173.199.115.131 - - [21/Dec/2012:03:24:56 +0100] "GET /kosmetik.html HTTP/1.1" 200 11714 "-" "Mozilla/5.0 (compatible; AhrefsBot/4.0; +http://ahrefs.com/robot/)"
66.249.78.164 - - [21/Dec/2012:04:07:47 +0100] "GET /aktuelles.html HTTP/1.1" 304 - "-" "Mozilla/5.0 (compatible; Googlebot/2.1; +http://www.google.com/bot.html)"
195.149.76.1 - - [21/Dec/2012:04:33:04 +0100] "GET /pics/5.jpg HTTP/1.1" 304 - "-" "Mozilla/4.0 (compatible;)"
66.249.76.164 - - [21/Dec/2012:05:44:32 +0100] "GET /kosmetik.html HTTP/1.1" 304 - "-" "Mozilla/5.0 (compatible; Googlebot/2.1; +http://www.google.com/bot.html)"
131.253.36.202 - - [21/Dec/2012:05:49:31 +0100] "GET /produkte.html HTTP/1.1" 200 8481 "-" "Mozilla/4.0 (compatible; MSIE 7.0; Windows NT 5.1; SV1; .NET CLR 1.1.4325; .NET CLR 2.0.50727; .NET CLR 3.0.04506.648)"
131.253.36.202 - - [21/Dec/2012:05:49:32 +0100] "GET /css/style.css HTTP/1.1" 200 3765 "http://www.reisenweber-berlin.de/produkte.html" "Mozilla/4.0 (compatible; MSIE 7.0; Windows NT 5.1; SV1; .NET CLR 1.1.4325; .NET CLR 2.0.50727; .NET CLR 3.0.04506.648)"
131.253.24.149 - - [21/Dec/2012:05:49:32 +0100] "GET /css/lightbox.css HTTP/1.1" 200 3470 "http://www.reisenweber-berlin.de/produkte.html" "Mozilla/4.0 (compatible; MSIE 7.0; Windows NT 5.1; SV1; .NET CLR 1.1.4325; .NET CLR 2.0.50727; .NET CLR 3.0.04506.648)"
131.253.36.202 - - [21/Dec/2012:05:49:32 +0100] "GET /Scripts/AC_RunActiveContent.js HTTP/1.1" 200 8029 "http://www.reisenweber-berlin.de/produkte.html" "Mozilla/4.0 (compatible; MSIE 7.0; Windows NT 5.1; SV1; .NET CLR 1.1.4325; .NET CLR 2.0.50727; .NET CLR 3.0.04506.648)"
131.253.24.149 - - [21/Dec/2012:05:49:33 +0100] "GET /js/prototype.js HTTP/1.1" 200 47603 "http://www.reisenweber-berlin.de/produkte.html" "Mozilla/4.0 (compatible; MSIE 7.0; Windows NT 5.1; SV1; .NET CLR 1.1.4325; .NET CLR 2.0.50727; .NET CLR 3.0.04506.648)"
131.253.36.202 - - [21/Dec/2012:05:49:34 +0100] "GET /js/scriptaculous.js?load=effects HTTP/1.1" 200 2152 "http://www.reisenweber-berlin.de/produkte.html" "Mozilla/4.0 (compatible; MSIE 7.0; Windows NT 5.1; SV1; .NET CLR 1.1.4325; .NET CLR 2.0.50727; .NET CLR 3.0.04506.648)"
131.253.24.149 - - [21/Dec/2012:05:49:34 +0100] "GET /js/effects.js HTTP/1.1" 200 31969 "http://www.reisenweber-berlin.de/produkte.html" "Mozilla/4.0 (compatible; MSIE 7.0; Windows NT 5.1; SV1; .NET CLR 1.1.4325; .NET CLR 2.0.50727; .NET CLR 3.0.04506.648)"
131.253.36.202 - - [21/Dec/2012:05:49:36 +0100] "GET /js/lightbox.js HTTP/1.1" 200 23861 "http://www.reisenweber-berlin.de/produkte.html" "Mozilla/4.0 (compatible; MSIE 7.0; Windows NT 5.1; SV1; .NET CLR 1.1.4325; .NET CLR 2.0.50727; .NET CLR 3.0.04506.648)"
131.253.24.149 - - [21/Dec/2012:05:49:38 +0100] "GET /reisenweber_ani.swf HTTP/1.1" 200 60314 "http://www.reisenweber-berlin.de/produkte.html" "Mozilla/4.0 (compatible; MSIE 7.0; Windows NT 5.1; SV1; .NET CLR 1.1.4325; .NET CLR 2.0.50727; .NET CLR 3.0.04506.648)"
173.199.115.131 - - [21/Dec/2012:11:02:38 +0100] "GET /uns.html HTTP/1.1" 200 8087 "-" "Mozilla/5.0 (compatible; AhrefsBot/4.0; +http://ahrefs.com/robot/)"
157.55.32.107 - - [21/Dec/2012:11:42:41 +0100] "GET /robots.txt HTTP/1.1" 404 1256 "-" "Mozilla/5.0 (compatible; bingbot/2.0; +http://www.bing.com/bingbot.htm)"
157.55.32.107 - - [21/Dec/2012:11:44:18 +0100] "GET / HTTP/1.1" 200 9991 "-" "Mozilla/5.0 (compatible; bingbot/2.0; +http://www.bing.com/bingbot.htm)"
173.199.115.131 - - [21/Dec/2012:12:03:29 +0100] "GET / HTTP/1.1" 200 9991 "-" "Mozilla/5.0 (compatible; AhrefsBot/4.0; +http://ahrefs.com/robot/)"
188.123.230.188 - - [21/Dec/2012:12:08:19 +0100] "GET /favicon.ico HTTP/1.1" 404 1256 "-" "Mozilla/5.0 (Windows NT 6.2; WOW64) AppleWebKit/536.5 (KHTML, like Gecko) YaBrowser/1.1.1084.5409 Chrome/19.1.1084.5409 Safari/536.5"
208.115.111.67 - - [21/Dec/2012:13:01:02 +0100] "GET /robots.txt HTTP/1.1" 404 1256 "-" "Mozilla/5.0 (compatible; Ezooms/1.0; ezooms.bot@gmail.com)"
188.123.230.188 - - [21/Dec/2012:14:19:26 +0100] "GET /favicon.ico HTTP/1.1" 404 1256 "-" "Mozilla/5.0 (Windows NT 6.2; WOW64) AppleWebKit/536.5 (KHTML, like Gecko) YaBrowser/1.1.1084.5409 Chrome/19.1.1084.5409 Safari/536.5"
77.186.192.185 - - [21/Dec/2012:14:54:26 +0100] "GET / HTTP/1.1" 200 9991 "http://www.google.de/url?sa=t&rct=j&q=&esrc=s&source=web&cd=1&ved=0CDEQFjAA&url=http%3A%2F%2Fwww.reisenweber-berlin.de%2F&ei=0GnUUKO8CKeD4gT82YGgBg&usg=AFQjCNF7TSzUIEj_OI_RiqKPTlc2EM_6vg&bvm=bv.1355534169,d.Yms&cad=rja" "Mozilla/5.0 (Windows NT 6.1; WOW64; rv:17.0) Gecko/20100101 Firefox/17.0"
77.186.192.185 - - [21/Dec/2012:14:54:26 +0100] "GET /css/style.css HTTP/1.1" 200 3765 "http://www.reisenweber-berlin.de/" "Mozilla/5.0 (Windows NT 6.1; WOW64; rv:17.0) Gecko/20100101 Firefox/17.0"
77.186.192.185 - - [21/Dec/2012:14:54:26 +0100] "GET /Scripts/AC_RunActiveContent.js HTTP/1.1" 200 8029 "http://www.reisenweber-berlin.de/" "Mozilla/5.0 (Windows NT 6.1; WOW64; rv:17.0) Gecko/20100101 Firefox/17.0"
77.186.192.185 - - [21/Dec/2012:14:54:26 +0100] "GET /Scripts/AC_ActiveX.js HTTP/1.1" 200 2068 "http://www.reisenweber-berlin.de/" "Mozilla/5.0 (Windows NT 6.1; WOW64; rv:17.0) Gecko/20100101 Firefox/17.0"
77.186.192.185 - - [21/Dec/2012:14:54:26 +0100] "GET /img/spacer.gif HTTP/1.1" 200 43 "http://www.reisenweber-berlin.de/" "Mozilla/5.0 (Windows NT 6.1; WOW64; rv:17.0) Gecko/20100101 Firefox/17.0"
77.186.192.185 - - [21/Dec/2012:14:54:26 +0100] "GET /img/pfeil.gif HTTP/1.1" 200 85 "http://www.reisenweber-berlin.de/" "Mozilla/5.0 (Windows NT 6.1; WOW64; rv:17.0) Gecko/20100101 Firefox/17.0"
77.186.192.185 - - [21/Dec/2012:14:54:26 +0100] "GET /img/corner01.png HTTP/1.1" 200 163 "http://www.reisenweber-berlin.de/" "Mozilla/5.0 (Windows NT 6.1; WOW64; rv:17.0) Gecko/20100101 Firefox/17.0"
77.186.192.185 - - [21/Dec/2012:14:54:27 +0100] "GET /img/corner02.png HTTP/1.1" 200 190 "http://www.reisenweber-berlin.de/" "Mozilla/5.0 (Windows NT 6.1; WOW64; rv:17.0) Gecko/20100101 Firefox/17.0"
77.186.192.185 - - [21/Dec/2012:14:54:27 +0100] "GET /img/pfeil-grau.gif HTTP/1.1" 200 73 "http://www.reisenweber-berlin.de/" "Mozilla/5.0 (Windows NT 6.1; WOW64; rv:17.0) Gecko/20100101 Firefox/17.0"
77.186.192.185 - - [21/Dec/2012:14:54:27 +0100] "GET /img/corner04.png HTTP/1.1" 200 203 "http://www.reisenweber-berlin.de/" "Mozilla/5.0 (Windows NT 6.1; WOW64; rv:17.0) Gecko/20100101 Firefox/17.0"
77.186.192.185 - - [21/Dec/2012:14:54:27 +0100] "GET /img/corner03.png HTTP/1.1" 200 266 "http://www.reisenweber-berlin.de/" "Mozilla/5.0 (Windows NT 6.1; WOW64; rv:17.0) Gecko/20100101 Firefox/17.0"
77.186.192.185 - - [21/Dec/2012:14:54:27 +0100] "GET /img/tbl_bottom.png HTTP/1.1" 200 168 "http://www.reisenweber-berlin.de/css/style.css" "Mozilla/5.0 (Windows NT 6.1; WOW64; rv:17.0) Gecko/20100101 Firefox/17.0"
77.186.192.185 - - [21/Dec/2012:14:54:27 +0100] "GET /img/tbl_left.png HTTP/1.1" 200 236 "http://www.reisenweber-berlin.de/css/style.css" "Mozilla/5.0 (Windows NT 6.1; WOW64; rv:17.0) Gecko/20100101 Firefox/17.0"
77.186.192.185 - - [21/Dec/2012:14:54:27 +0100] "GET /img/hg_tbl.png HTTP/1.1" 200 190 "http://www.reisenweber-berlin.de/img/hg_tbl.png" "Mozilla/5.0 (Windows NT 6.1; WOW64; rv:17.0) Gecko/20100101 Firefox/17.0"
77.186.192.185 - - [21/Dec/2012:14:54:27 +0100] "GET /img/HG_news.png HTTP/1.1" 200 212 "http://www.reisenweber-berlin.de/img/HG_news.png" "Mozilla/5.0 (Windows NT 6.1; WOW64; rv:17.0) Gecko/20100101 Firefox/17.0"
77.186.192.185 - - [21/Dec/2012:14:54:27 +0100] "GET /img/tbl_right.png HTTP/1.1" 200 227 "http://www.reisenweber-berlin.de/css/style.css" "Mozilla/5.0 (Windows NT 6.1; WOW64; rv:17.0) Gecko/20100101 Firefox/17.0"
77.186.192.185 - - [21/Dec/2012:14:54:27 +0100] "GET /img/tbl_down.png HTTP/1.1" 200 197 "http://www.reisenweber-berlin.de/css/style.css" "Mozilla/5.0 (Windows NT 6.1; WOW64; rv:17.0) Gecko/20100101 Firefox/17.0"
77.186.192.185 - - [21/Dec/2012:14:54:27 +0100] "GET /img/hg.jpg HTTP/1.1" 200 44355 "http://www.reisenweber-berlin.de/css/style.css" "Mozilla/5.0 (Windows NT 6.1; WOW64; rv:17.0) Gecko/20100101 Firefox/17.0"
77.186.192.185 - - [21/Dec/2012:14:54:27 +0100] "GET /img/team.jpg HTTP/1.1" 200 98672 "http://www.reisenweber-berlin.de/" "Mozilla/5.0 (Windows NT 6.1; WOW64; rv:17.0) Gecko/20100101 Firefox/17.0"
77.186.192.185 - - [21/Dec/2012:14:54:27 +0100] "GET /reisenweber_ani.swf HTTP/1.1" 200 60314 "http://www.reisenweber-berlin.de/" "Mozilla/5.0 (Windows NT 6.1; WOW64; rv:17.0) Gecko/20100101 Firefox/17.0"
77.186.192.185 - - [21/Dec/2012:14:54:27 +0100] "GET /favicon.ico HTTP/1.1" 404 1256 "-" "Mozilla/5.0 (Windows NT 6.1; WOW64; rv:17.0) Gecko/20100101 Firefox/17.0"
77.186.192.185 - - [21/Dec/2012:14:54:27 +0100] "GET /favicon.ico HTTP/1.1" 404 1256 "-" "Mozilla/5.0 (Windows NT 6.1; WOW64; rv:17.0) Gecko/20100101 Firefox/17.0"
77.186.192.185 - - [21/Dec/2012:14:54:28 +0100] "GET /pics/2.jpg HTTP/1.1" 200 107549 "http://www.reisenweber-berlin.de/reisenweber_ani.swf" "Mozilla/5.0 (Windows NT 6.1; WOW64; rv:17.0) Gecko/20100101 Firefox/17.0"
77.186.192.185 - - [21/Dec/2012:14:54:28 +0100] "GET /pics/1.jpg HTTP/1.1" 200 104529 "http://www.reisenweber-berlin.de/reisenweber_ani.swf" "Mozilla/5.0 (Windows NT 6.1; WOW64; rv:17.0) Gecko/20100101 Firefox/17.0"
77.186.192.185 - - [21/Dec/2012:14:54:39 +0100] "GET /leistungen.html HTTP/1.1" 200 22677 "http://www.reisenweber-berlin.de/" "Mozilla/5.0 (Windows NT 6.1; WOW64; rv:17.0) Gecko/20100101 Firefox/17.0"
77.186.192.185 - - [21/Dec/2012:14:54:39 +0100] "GET /js/RunFLASH.js HTTP/1.1" 200 8029 "http://www.reisenweber-berlin.de/leistungen.html" "Mozilla/5.0 (Windows NT 6.1; WOW64; rv:17.0) Gecko/20100101 Firefox/17.0"
77.186.192.185 - - [21/Dec/2012:14:54:39 +0100] "GET /js/Panel.js HTTP/1.1" 200 13072 "http://www.reisenweber-berlin.de/leistungen.html" "Mozilla/5.0 (Windows NT 6.1; WOW64; rv:17.0) Gecko/20100101 Firefox/17.0"
77.186.192.185 - - [21/Dec/2012:14:54:39 +0100] "GET /css/Panel.css HTTP/1.1" 200 3497 "http://www.reisenweber-berlin.de/leistungen.html" "Mozilla/5.0 (Windows NT 6.1; WOW64; rv:17.0) Gecko/20100101 Firefox/17.0"
77.186.192.185 - - [21/Dec/2012:14:54:43 +0100] "GET /haare.html HTTP/1.1" 200 19256 "http://www.reisenweber-berlin.de/leistungen.html" "Mozilla/5.0 (Windows NT 6.1; WOW64; rv:17.0) Gecko/20100101 Firefox/17.0"
77.186.192.185 - - [21/Dec/2012:14:54:43 +0100] "GET /img/hair.png HTTP/1.1" 200 129494 "http://www.reisenweber-berlin.de/haare.html" "Mozilla/5.0 (Windows NT 6.1; WOW64; rv:17.0) Gecko/20100101 Firefox/17.0"
77.186.192.185 - - [21/Dec/2012:14:54:43 +0100] "GET /pics/4.jpg HTTP/1.1" 200 165768 "http://www.reisenweber-berlin.de/reisenweber_ani.swf" "Mozilla/5.0 (Windows NT 6.1; WOW64; rv:17.0) Gecko/20100101 Firefox/17.0"
77.186.192.185 - - [21/Dec/2012:14:55:00 +0100] "GET /aktuelles.html HTTP/1.1" 200 12183 "http://www.reisenweber-berlin.de/haare.html" "Mozilla/5.0 (Windows NT 6.1; WOW64; rv:17.0) Gecko/20100101 Firefox/17.0"
77.186.192.185 - - [21/Dec/2012:14:55:00 +0100] "GET /js/scriptaculous.js?load=effects HTTP/1.1" 200 2152 "http://www.reisenweber-berlin.de/aktuelles.html" "Mozilla/5.0 (Windows NT 6.1; WOW64; rv:17.0) Gecko/20100101 Firefox/17.0"
77.186.192.185 - - [21/Dec/2012:14:55:00 +0100] "GET /js/lightbox.js HTTP/1.1" 200 23861 "http://www.reisenweber-berlin.de/aktuelles.html" "Mozilla/5.0 (Windows NT 6.1; WOW64; rv:17.0) Gecko/20100101 Firefox/17.0"
77.186.192.185 - - [21/Dec/2012:14:55:00 +0100] "GET /css/lightbox.css HTTP/1.1" 200 3470 "http://www.reisenweber-berlin.de/aktuelles.html" "Mozilla/5.0 (Windows NT 6.1; WOW64; rv:17.0) Gecko/20100101 Firefox/17.0"
77.186.192.185 - - [21/Dec/2012:14:55:00 +0100] "GET /img/abgrenzung.jpg HTTP/1.1" 200 1815 "http://www.reisenweber-berlin.de/aktuelles.html" "Mozilla/5.0 (Windows NT 6.1; WOW64; rv:17.0) Gecko/20100101 Firefox/17.0"
77.186.192.185 - - [21/Dec/2012:14:55:00 +0100] "GET /img/aktuell-01_sw.png HTTP/1.1" 200 9846 "http://www.reisenweber-berlin.de/aktuelles.html" "Mozilla/5.0 (Windows NT 6.1; WOW64; rv:17.0) Gecko/20100101 Firefox/17.0"
77.186.192.185 - - [21/Dec/2012:14:55:00 +0100] "GET /img/aktuell-02_sw.png HTTP/1.1" 200 12293 "http://www.reisenweber-berlin.de/aktuelles.html" "Mozilla/5.0 (Windows NT 6.1; WOW64; rv:17.0) Gecko/20100101 Firefox/17.0"
77.186.192.185 - - [21/Dec/2012:14:55:00 +0100] "GET /img/aktuell-03_sw.png HTTP/1.1" 200 12073 "http://www.reisenweber-berlin.de/aktuelles.html" "Mozilla/5.0 (Windows NT 6.1; WOW64; rv:17.0) Gecko/20100101 Firefox/17.0"
77.186.192.185 - - [21/Dec/2012:14:55:00 +0100] "GET /img/aktuell-04_sw.png HTTP/1.1" 200 10095 "http://www.reisenweber-berlin.de/aktuelles.html" "Mozilla/5.0 (Windows NT 6.1; WOW64; rv:17.0) Gecko/20100101 Firefox/17.0"
77.186.192.185 - - [21/Dec/2012:14:55:00 +0100] "GET /js/prototype.js HTTP/1.1" 200 47603 "http://www.reisenweber-berlin.de/aktuelles.html" "Mozilla/5.0 (Windows NT 6.1; WOW64; rv:17.0) Gecko/20100101 Firefox/17.0"
77.186.192.185 - - [21/Dec/2012:14:55:00 +0100] "GET /img/aktuell-05_sw.png HTTP/1.1" 200 11701 "http://www.reisenweber-berlin.de/aktuelles.html" "Mozilla/5.0 (Windows NT 6.1; WOW64; rv:17.0) Gecko/20100101 Firefox/17.0"
77.186.192.185 - - [21/Dec/2012:14:55:00 +0100] "GET /img/aktuell-06_sw.png HTTP/1.1" 200 10698 "http://www.reisenweber-berlin.de/aktuelles.html" "Mozilla/5.0 (Windows NT 6.1; WOW64; rv:17.0) Gecko/20100101 Firefox/17.0"
77.186.192.185 - - [21/Dec/2012:14:55:00 +0100] "GET /img/aktuell-07_sw.png HTTP/1.1" 200 10511 "http://www.reisenweber-berlin.de/aktuelles.html" "Mozilla/5.0 (Windows NT 6.1; WOW64; rv:17.0) Gecko/20100101 Firefox/17.0"
77.186.192.185 - - [21/Dec/2012:14:55:00 +0100] "GET /js/effects.js HTTP/1.1" 200 31969 "http://www.reisenweber-berlin.de/aktuelles.html" "Mozilla/5.0 (Windows NT 6.1; WOW64; rv:17.0) Gecko/20100101 Firefox/17.0"
77.186.192.185 - - [21/Dec/2012:14:55:00 +0100] "GET /img/Aufsteller.png HTTP/1.1" 200 141482 "http://www.reisenweber-berlin.de/aktuelles.html" "Mozilla/5.0 (Windows NT 6.1; WOW64; rv:17.0) Gecko/20100101 Firefox/17.0"
77.186.192.185 - - [21/Dec/2012:14:55:01 +0100] "GET /images/loading.gif HTTP/1.1" 200 538 "http://www.reisenweber-berlin.de/aktuelles.html" "Mozilla/5.0 (Windows NT 6.1; WOW64; rv:17.0) Gecko/20100101 Firefox/17.0"
77.186.192.185 - - [21/Dec/2012:14:55:01 +0100] "GET /images/close.png HTTP/1.1" 200 3137 "http://www.reisenweber-berlin.de/aktuelles.html" "Mozilla/5.0 (Windows NT 6.1; WOW64; rv:17.0) Gecko/20100101 Firefox/17.0"
77.186.192.185 - - [21/Dec/2012:14:55:01 +0100] "GET /pics/3.jpg HTTP/1.1" 200 149645 "http://www.reisenweber-berlin.de/reisenweber_ani.swf" "Mozilla/5.0 (Windows NT 6.1; WOW64; rv:17.0) Gecko/20100101 Firefox/17.0"
178.33.122.74 - - [21/Dec/2012:19:28:16 +0100] "GET /links.html HTTP/1.1" 200 8166 "-" "Mozilla/5.0 (X11; Linux i686; rv:6.0) Gecko/20100101 Firefox/6.0"
178.77.126.55 - - [21/Dec/2012:19:35:59 +0100] "GET /robots.txt HTTP/1.1" 404 1256 "-" "Mozilla/5.0 (compatible; CareerBot/1.1; +http://www.career-x.de/bot.html)"
178.77.126.55 - - [21/Dec/2012:19:35:59 +0100] "GET / HTTP/1.1" 200 9991 "-" "Mozilla/5.0 (compatible; CareerBot/1.1; +http://www.career-x.de/bot.html)"
178.77.126.55 - - [21/Dec/2012:19:35:59 +0100] "GET /uns.html HTTP/1.1" 200 8087 "-" "Mozilla/5.0 (compatible; CareerBot/1.1; +http://www.career-x.de/bot.html)"
66.249.78.164 - - [21/Dec/2012:23:10:36 +0100] "GET /robots.txt HTTP/1.1" 404 1256 "-" "Mozilla/5.0 (compatible; Googlebot/2.1; +http://www.google.com/bot.html)"
66.249.76.164 - - [21/Dec/2012:23:10:36 +0100] "GET / HTTP/1.1" 200 9991 "-" "Mozilla/5.0 (compatible; Googlebot/2.1; +http://www.google.com/bot.html)"
173.199.114.123 - - [21/Dec/2012:23:58:09 +0100] "GET /kosmetik.html HTTP/1.1" 200 11714 "-" "Mozilla/5.0 (compatible; AhrefsBot/4.0; +http://ahrefs.com/robot/)"
