66.249.73.239 - - [01/Dec/2012:16:36:39 +0100] "GET /css/style.css HTTP/1.1" 200 3765 "-" "Mozilla/5.0 (compatible; Googlebot/2.1; +http://www.google.com/bot.html)"
62.181.145.141 - - [01/Dec/2012:16:48:55 +0100] "GET /img/abgrenzung.jpg HTTP/1.1" 304 - "-" "Mozilla/4.0 (compatible;)"
173.252.100.112 - - [01/Dec/2012:16:49:02 +0100] "GET /img/team.jpg HTTP/1.1" 206 98672 "-" "facebookexternalhit/1.1 (+http://www.facebook.com/externalhit_uatext.php)"
37.140.141.34 - - [01/Dec/2012:17:01:02 +0100] "GET /img/aktuell-06-GR.png HTTP/1.1" 200 1230835 "-" "Mozilla/5.0 (compatible; YandexImages/3.0; +http://yandex.com/bots)"
37.140.141.34 - - [01/Dec/2012:18:35:37 +0100] "GET /img/abgrenzung.jpg HTTP/1.1" 200 1815 "-" "Mozilla/5.0 (compatible; YandexImages/3.0; +http://yandex.com/bots)"
195.149.76.1 - - [01/Dec/2012:19:36:28 +0100] "GET /css/Panel.css HTTP/1.1" 200 3497 "-" "Mozilla/4.0 (compatible;)"
37.140.141.34 - - [01/Dec/2012:20:10:47 +0100] "GET /img/damen-05.jpg HTTP/1.1" 304 - "-" "Mozilla/5.0 (compatible; YandexImages/3.0; +http://yandex.com/bots)"
178.77.126.55 - - [01/Dec/2012:20:45:59 +0100] "GET /robots.txt HTTP/1.1" 404 1256 "-" "Mozilla/5.0 (compatible; CareerBot/1.1; +http://www.career-x.de/bot.html)"
178.77.126.55 - - [01/Dec/2012:20:45:59 +0100] "GET / HTTP/1.1" 200 9991 "-" "Mozilla/5.0 (compatible; CareerBot/1.1; +http://www.career-x.de/bot.html)"
178.77.126.55 - - [01/Dec/2012:20:45:59 +0100] "GET /uns.html HTTP/1.1" 200 8087 "-" "Mozilla/5.0 (compatible; CareerBot/1.1; +http://www.career-x.de/bot.html)"
37.140.141.34 - - [01/Dec/2012:21:49:48 +0100] "GET /robots.txt HTTP/1.1" 404 1256 "-" "Mozilla/5.0 (compatible; YandexImages/3.0; +http://yandex.com/bots)"
66.249.73.239 - - [01/Dec/2012:22:54:28 +0100] "GET /kontakt.html HTTP/1.1" 304 - "-" "Mozilla/5.0 (compatible; Googlebot/2.1; +http://www.google.com/bot.html)"
91.66.107.235 - - [01/Dec/2012:23:13:15 +0100] "GET / HTTP/1.1" 200 9991 "http://www.google.de/url?sa=t&rct=j&q=gubener%20str%20friseur&source=web&cd=1&sqi=2&ved=0CC8QFjAA&url=http%3A%2F%2Fwww.reisenweber-berlin.de%2F&ei=iIC6UK6WBcrXsgbAo4CoCg&usg=AFQjCNF7TSzUIEj_OI_RiqKPTlc2EM_6vg" "Mozilla/5.0 (Windows NT 5.1; rv:16.0) Gecko/20100101 Firefox/16.0"
91.66.107.235 - - [01/Dec/2012:23:13:15 +0100] "GET /css/style.css HTTP/1.1" 200 3765 "http://www.reisenweber-berlin.de/" "Mozilla/5.0 (Windows NT 5.1; rv:16.0) Gecko/20100101 Firefox/16.0"
91.66.107.235 - - [01/Dec/2012:23:13:15 +0100] "GET /img/spacer.gif HTTP/1.1" 200 43 "http://www.reisenweber-berlin.de/" "Mozilla/5.0 (Windows NT 5.1; rv:16.0) Gecko/20100101 Firefox/16.0"
91.66.107.235 - - [01/Dec/2012:23:13:15 +0100] "GET /img/pfeil.gif HTTP/1.1" 200 85 "http://www.reisenweber-berlin.de/" "Mozilla/5.0 (Windows NT 5.1; rv:16.0) Gecko/20100101 Firefox/16.0"
91.66.107.235 - - [01/Dec/2012:23:13:15 +0100] "GET /img/corner02.png HTTP/1.1" 200 190 "http://www.reisenweber-berlin.de/" "Mozilla/5.0 (Windows NT 5.1; rv:16.0) Gecko/20100101 Firefox/16.0"
91.66.107.235 - - [01/Dec/2012:23:13:15 +0100] "GET /img/corner01.png HTTP/1.1" 200 163 "http://www.reisenweber-berlin.de/" "Mozilla/5.0 (Windows NT 5.1; rv:16.0) Gecko/20100101 Firefox/16.0"
91.66.107.235 - - [01/Dec/2012:23:13:15 +0100] "GET /Scripts/AC_ActiveX.js HTTP/1.1" 200 2068 "http://www.reisenweber-berlin.de/" "Mozilla/5.0 (Windows NT 5.1; rv:16.0) Gecko/20100101 Firefox/16.0"
91.66.107.235 - - [01/Dec/2012:23:13:15 +0100] "GET /Scripts/AC_RunActiveContent.js HTTP/1.1" 200 8029 "http://www.reisenweber-berlin.de/" "Mozilla/5.0 (Windows NT 5.1; rv:16.0) Gecko/20100101 Firefox/16.0"
91.66.107.235 - - [01/Dec/2012:23:13:15 +0100] "GET /img/corner04.png HTTP/1.1" 200 203 "http://www.reisenweber-berlin.de/" "Mozilla/5.0 (Windows NT 5.1; rv:16.0) Gecko/20100101 Firefox/16.0"
91.66.107.235 - - [01/Dec/2012:23:13:15 +0100] "GET /img/pfeil-grau.gif HTTP/1.1" 200 73 "http://www.reisenweber-berlin.de/" "Mozilla/5.0 (Windows NT 5.1; rv:16.0) Gecko/20100101 Firefox/16.0"
91.66.107.235 - - [01/Dec/2012:23:13:15 +0100] "GET /img/corner03.png HTTP/1.1" 200 266 "http://www.reisenweber-berlin.de/" "Mozilla/5.0 (Windows NT 5.1; rv:16.0) Gecko/20100101 Firefox/16.0"
91.66.107.235 - - [01/Dec/2012:23:13:15 +0100] "GET /img/hg.jpg HTTP/1.1" 200 44355 "http://www.reisenweber-berlin.de/css/style.css" "Mozilla/5.0 (Windows NT 5.1; rv:16.0) Gecko/20100101 Firefox/16.0"
91.66.107.235 - - [01/Dec/2012:23:13:15 +0100] "GET /img/team.jpg HTTP/1.1" 200 98672 "http://www.reisenweber-berlin.de/" "Mozilla/5.0 (Windows NT 5.1; rv:16.0) Gecko/20100101 Firefox/16.0"
91.66.107.235 - - [01/Dec/2012:23:13:16 +0100] "GET /img/hg_tbl.png HTTP/1.1" 200 190 "http://www.reisenweber-berlin.de/" "Mozilla/5.0 (Windows NT 5.1; rv:16.0) Gecko/20100101 Firefox/16.0"
91.66.107.235 - - [01/Dec/2012:23:13:16 +0100] "GET /img/tbl_bottom.png HTTP/1.1" 200 168 "http://www.reisenweber-berlin.de/css/style.css" "Mozilla/5.0 (Windows NT 5.1; rv:16.0) Gecko/20100101 Firefox/16.0"
91.66.107.235 - - [01/Dec/2012:23:13:16 +0100] "GET /img/tbl_left.png HTTP/1.1" 200 236 "http://www.reisenweber-berlin.de/css/style.css" "Mozilla/5.0 (Windows NT 5.1; rv:16.0) Gecko/20100101 Firefox/16.0"
91.66.107.235 - - [01/Dec/2012:23:13:16 +0100] "GET /img/HG_news.png HTTP/1.1" 200 212 "http://www.reisenweber-berlin.de/" "Mozilla/5.0 (Windows NT 5.1; rv:16.0) Gecko/20100101 Firefox/16.0"
91.66.107.235 - - [01/Dec/2012:23:13:16 +0100] "GET /img/tbl_right.png HTTP/1.1" 200 227 "http://www.reisenweber-berlin.de/css/style.css" "Mozilla/5.0 (Windows NT 5.1; rv:16.0) Gecko/20100101 Firefox/16.0"
91.66.107.235 - - [01/Dec/2012:23:13:16 +0100] "GET /img/tbl_down.png HTTP/1.1" 200 197 "http://www.reisenweber-berlin.de/css/style.css" "Mozilla/5.0 (Windows NT 5.1; rv:16.0) Gecko/20100101 Firefox/16.0"
91.66.107.235 - - [01/Dec/2012:23:13:16 +0100] "GET /reisenweber_ani.swf HTTP/1.1" 200 60314 "http://www.reisenweber-berlin.de/" "Mozilla/5.0 (Windows NT 5.1; rv:16.0) Gecko/20100101 Firefox/16.0"
91.66.107.235 - - [01/Dec/2012:23:13:16 +0100] "GET /favicon.ico HTTP/1.1" 404 1256 "-" "Mozilla/5.0 (Windows NT 5.1; rv:16.0) Gecko/20100101 Firefox/16.0"
91.66.107.235 - - [01/Dec/2012:23:13:16 +0100] "GET /favicon.ico HTTP/1.1" 404 1256 "-" "Mozilla/5.0 (Windows NT 5.1; rv:16.0) Gecko/20100101 Firefox/16.0"
91.66.107.235 - - [01/Dec/2012:23:13:16 +0100] "GET /pics/1.jpg HTTP/1.1" 200 104529 "http://www.reisenweber-berlin.de/reisenweber_ani.swf" "Mozilla/5.0 (Windows NT 5.1; rv:16.0) Gecko/20100101 Firefox/16.0"
91.66.107.235 - - [01/Dec/2012:23:13:23 +0100] "GET /pics/2.jpg HTTP/1.1" 200 107549 "http://www.reisenweber-berlin.de/reisenweber_ani.swf" "Mozilla/5.0 (Windows NT 5.1; rv:16.0) Gecko/20100101 Firefox/16.0"
91.66.107.235 - - [01/Dec/2012:23:13:31 +0100] "GET /pics/3.jpg HTTP/1.1" 200 149645 "http://www.reisenweber-berlin.de/reisenweber_ani.swf" "Mozilla/5.0 (Windows NT 5.1; rv:16.0) Gecko/20100101 Firefox/16.0"
91.66.107.235 - - [01/Dec/2012:23:13:38 +0100] "GET /pics/4.jpg HTTP/1.1" 200 165768 "http://www.reisenweber-berlin.de/reisenweber_ani.swf" "Mozilla/5.0 (Windows NT 5.1; rv:16.0) Gecko/20100101 Firefox/16.0"
91.66.107.235 - - [01/Dec/2012:23:13:45 +0100] "GET /pics/5.jpg HTTP/1.1" 200 134687 "http://www.reisenweber-berlin.de/reisenweber_ani.swf" "Mozilla/5.0 (Windows NT 5.1; rv:16.0) Gecko/20100101 Firefox/16.0"
91.66.107.235 - - [01/Dec/2012:23:14:00 +0100] "GET /uns.html HTTP/1.1" 200 8087 "http://www.reisenweber-berlin.de/" "Mozilla/5.0 (Windows NT 5.1; rv:16.0) Gecko/20100101 Firefox/16.0"
91.66.107.235 - - [01/Dec/2012:23:14:01 +0100] "GET /css/lightbox.css HTTP/1.1" 200 3470 "http://www.reisenweber-berlin.de/uns.html" "Mozilla/5.0 (Windows NT 5.1; rv:16.0) Gecko/20100101 Firefox/16.0"
91.66.107.235 - - [01/Dec/2012:23:14:01 +0100] "GET /img/laden.jpg HTTP/1.1" 200 25856 "http://www.reisenweber-berlin.de/uns.html" "Mozilla/5.0 (Windows NT 5.1; rv:16.0) Gecko/20100101 Firefox/16.0"
91.66.107.235 - - [01/Dec/2012:23:14:01 +0100] "GET /img/damen-02.jpg HTTP/1.1" 200 6205 "http://www.reisenweber-berlin.de/uns.html" "Mozilla/5.0 (Windows NT 5.1; rv:16.0) Gecko/20100101 Firefox/16.0"
91.66.107.235 - - [01/Dec/2012:23:14:01 +0100] "GET /js/scriptaculous.js?load=effects HTTP/1.1" 200 2152 "http://www.reisenweber-berlin.de/uns.html" "Mozilla/5.0 (Windows NT 5.1; rv:16.0) Gecko/20100101 Firefox/16.0"
91.66.107.235 - - [01/Dec/2012:23:14:01 +0100] "GET /js/lightbox.js HTTP/1.1" 200 23861 "http://www.reisenweber-berlin.de/uns.html" "Mozilla/5.0 (Windows NT 5.1; rv:16.0) Gecko/20100101 Firefox/16.0"
91.66.107.235 - - [01/Dec/2012:23:14:01 +0100] "GET /js/prototype.js HTTP/1.1" 200 47603 "http://www.reisenweber-berlin.de/uns.html" "Mozilla/5.0 (Windows NT 5.1; rv:16.0) Gecko/20100101 Firefox/16.0"
91.66.107.235 - - [01/Dec/2012:23:14:01 +0100] "GET /img/damen-01.jpg HTTP/1.1" 200 6064 "http://www.reisenweber-berlin.de/uns.html" "Mozilla/5.0 (Windows NT 5.1; rv:16.0) Gecko/20100101 Firefox/16.0"
91.66.107.235 - - [01/Dec/2012:23:14:01 +0100] "GET /img/damen-04.jpg HTTP/1.1" 200 8157 "http://www.reisenweber-berlin.de/uns.html" "Mozilla/5.0 (Windows NT 5.1; rv:16.0) Gecko/20100101 Firefox/16.0"
91.66.107.235 - - [01/Dec/2012:23:14:01 +0100] "GET /img/damen-03.jpg HTTP/1.1" 200 30544 "http://www.reisenweber-berlin.de/uns.html" "Mozilla/5.0 (Windows NT 5.1; rv:16.0) Gecko/20100101 Firefox/16.0"
91.66.107.235 - - [01/Dec/2012:23:14:01 +0100] "GET /img/damen-05.jpg HTTP/1.1" 200 4320 "http://www.reisenweber-berlin.de/uns.html" "Mozilla/5.0 (Windows NT 5.1; rv:16.0) Gecko/20100101 Firefox/16.0"
91.66.107.235 - - [01/Dec/2012:23:14:01 +0100] "GET /js/effects.js HTTP/1.1" 200 31969 "http://www.reisenweber-berlin.de/uns.html" "Mozilla/5.0 (Windows NT 5.1; rv:16.0) Gecko/20100101 Firefox/16.0"
91.66.107.235 - - [01/Dec/2012:23:14:01 +0100] "GET /images/close.png HTTP/1.1" 200 3137 "http://www.reisenweber-berlin.de/uns.html" "Mozilla/5.0 (Windows NT 5.1; rv:16.0) Gecko/20100101 Firefox/16.0"
91.66.107.235 - - [01/Dec/2012:23:14:01 +0100] "GET /images/loading.gif HTTP/1.1" 200 538 "http://www.reisenweber-berlin.de/uns.html" "Mozilla/5.0 (Windows NT 5.1; rv:16.0) Gecko/20100101 Firefox/16.0"
91.66.107.235 - - [01/Dec/2012:23:14:03 +0100] "GET /img/damen-01-GR.jpg HTTP/1.1" 200 73479 "http://www.reisenweber-berlin.de/uns.html" "Mozilla/5.0 (Windows NT 5.1; rv:16.0) Gecko/20100101 Firefox/16.0"
91.66.107.235 - - [01/Dec/2012:23:14:04 +0100] "GET /img/damen-02-GR.jpg HTTP/1.1" 200 78475 "http://www.reisenweber-berlin.de/uns.html" "Mozilla/5.0 (Windows NT 5.1; rv:16.0) Gecko/20100101 Firefox/16.0"
91.66.107.235 - - [01/Dec/2012:23:14:06 +0100] "GET /images/blank.gif HTTP/1.1" 404 1256 "http://www.reisenweber-berlin.de/css/lightbox.css" "Mozilla/5.0 (Windows NT 5.1; rv:16.0) Gecko/20100101 Firefox/16.0"
91.66.107.235 - - [01/Dec/2012:23:14:12 +0100] "GET /images/next.gif HTTP/1.1" 200 231 "http://www.reisenweber-berlin.de/css/lightbox.css" "Mozilla/5.0 (Windows NT 5.1; rv:16.0) Gecko/20100101 Firefox/16.0"
91.66.107.235 - - [01/Dec/2012:23:14:15 +0100] "GET /img/damen-03-GR.jpg HTTP/1.1" 200 89397 "http://www.reisenweber-berlin.de/uns.html" "Mozilla/5.0 (Windows NT 5.1; rv:16.0) Gecko/20100101 Firefox/16.0"
91.66.107.235 - - [01/Dec/2012:23:14:24 +0100] "GET /img/damen-04-GR.jpg HTTP/1.1" 200 95347 "http://www.reisenweber-berlin.de/uns.html" "Mozilla/5.0 (Windows NT 5.1; rv:16.0) Gecko/20100101 Firefox/16.0"
91.66.107.235 - - [01/Dec/2012:23:14:29 +0100] "GET /img/damen-05-GR.jpg HTTP/1.1" 200 66659 "http://www.reisenweber-berlin.de/uns.html" "Mozilla/5.0 (Windows NT 5.1; rv:16.0) Gecko/20100101 Firefox/16.0"
91.66.107.235 - - [01/Dec/2012:23:15:25 +0100] "GET /leistungen.html HTTP/1.1" 200 22677 "http://www.reisenweber-berlin.de/uns.html" "Mozilla/5.0 (Windows NT 5.1; rv:16.0) Gecko/20100101 Firefox/16.0"
91.66.107.235 - - [01/Dec/2012:23:15:25 +0100] "GET /js/RunFLASH.js HTTP/1.1" 200 8029 "http://www.reisenweber-berlin.de/leistungen.html" "Mozilla/5.0 (Windows NT 5.1; rv:16.0) Gecko/20100101 Firefox/16.0"
91.66.107.235 - - [01/Dec/2012:23:15:25 +0100] "GET /js/Panel.js HTTP/1.1" 200 13072 "http://www.reisenweber-berlin.de/leistungen.html" "Mozilla/5.0 (Windows NT 5.1; rv:16.0) Gecko/20100101 Firefox/16.0"
91.66.107.235 - - [01/Dec/2012:23:15:25 +0100] "GET /css/Panel.css HTTP/1.1" 200 3497 "http://www.reisenweber-berlin.de/leistungen.html" "Mozilla/5.0 (Windows NT 5.1; rv:16.0) Gecko/20100101 Firefox/16.0"
37.140.141.34 - - [01/Dec/2012:23:34:49 +0100] "GET /img/team.jpg HTTP/1.1" 304 - "-" "Mozilla/5.0 (compatible; YandexImages/3.0; +http://yandex.com/bots)"
66.249.73.239 - - [01/Dec/2012:23:37:03 +0100] "GET /kosmetik.html HTTP/1.1" 304 - "-" "Mozilla/5.0 (iPhone; U; CPU iPhone OS 4_1 like Mac OS X; en-us) AppleWebKit/532.9 (KHTML, like Gecko) Version/4.0.5 Mobile/8B117 Safari/6531.22.7 (compatible; Googlebot-Mobile/2.1; +http://www.google.com/bot.html)"
173.199.118.171 - - [02/Dec/2012:00:09:19 +0100] "GET /robots.txt HTTP/1.1" 404 1256 "-" "Mozilla/5.0 (compatible; AhrefsBot/4.0; +http://ahrefs.com/robot/)"
66.249.73.239 - - [02/Dec/2012:00:13:44 +0100] "GET /produkte.html HTTP/1.1" 304 - "-" "Mozilla/5.0 (compatible; Googlebot/2.1; +http://www.google.com/bot.html)"
195.149.76.1 - - [02/Dec/2012:01:12:32 +0100] "GET /images/loading.gif HTTP/1.1" 304 - "-" "Mozilla/4.0 (compatible;)"
37.140.141.34 - - [02/Dec/2012:01:28:30 +0100] "GET /img/damen-02-GR.jpg HTTP/1.1" 200 78475 "-" "Mozilla/5.0 (compatible; YandexImages/3.0; +http://yandex.com/bots)"
178.154.179.250 - - [02/Dec/2012:01:35:21 +0100] "GET /robots.txt HTTP/1.1" 404 1256 "-" "Mozilla/5.0 (compatible; YandexBot/3.0; +http://yandex.com/bots)"
173.236.21.106 - - [02/Dec/2012:02:03:00 +0100] "GET /robots.txt HTTP/1.0" 404 1256 "-" "Mozilla/5.0 (compatible; MJ12bot/v1.4.3; http://www.majestic12.co.uk/bot.php?+)"
173.236.21.106 - - [02/Dec/2012:02:03:01 +0100] "GET / HTTP/1.0" 200 9991 "-" "Mozilla/5.0 (compatible; MJ12bot/v1.4.3; http://www.majestic12.co.uk/bot.php?+)"
37.140.141.34 - - [02/Dec/2012:03:21:24 +0100] "GET /img/damen-03.jpg HTTP/1.1" 304 - "-" "Mozilla/5.0 (compatible; YandexImages/3.0; +http://yandex.com/bots)"
37.140.141.34 - - [02/Dec/2012:05:29:11 +0100] "GET /img/aktuell-02_sw.png HTTP/1.1" 200 12293 "-" "Mozilla/5.0 (compatible; YandexImages/3.0; +http://yandex.com/bots)"
173.199.118.171 - - [02/Dec/2012:06:13:35 +0100] "GET /robots.txt HTTP/1.1" 404 1256 "-" "Mozilla/5.0 (compatible; AhrefsBot/4.0; +http://ahrefs.com/robot/)"
178.154.179.250 - - [02/Dec/2012:07:08:54 +0100] "GET / HTTP/1.1" 200 9991 "-" "Mozilla/5.0 (compatible; YandexBot/3.0; +http://yandex.com/bots)"
37.140.141.34 - - [02/Dec/2012:07:30:44 +0100] "GET /img/damen-05-GR.jpg HTTP/1.1" 304 - "-" "Mozilla/5.0 (compatible; YandexImages/3.0; +http://yandex.com/bots)"
66.249.73.239 - - [02/Dec/2012:08:39:44 +0100] "GET /robots.txt HTTP/1.1" 404 1256 "-" "Mozilla/5.0 (compatible; Googlebot/2.1; +http://www.google.com/bot.html)"
66.249.73.239 - - [02/Dec/2012:08:39:44 +0100] "GET /img/team.jpg HTTP/1.1" 200 98672 "-" "Googlebot-Image/1.0"
173.199.118.171 - - [02/Dec/2012:08:39:49 +0100] "GET /robots.txt HTTP/1.1" 404 1256 "-" "Mozilla/5.0 (compatible; AhrefsBot/4.0; +http://ahrefs.com/robot/)"
178.154.179.250 - - [02/Dec/2012:10:49:51 +0100] "GET / HTTP/1.1" 200 9991 "-" "Mozilla/5.0 (compatible; YandexBot/3.0; +http://yandex.com/bots)"
66.249.73.239 - - [02/Dec/2012:12:53:33 +0100] "GET /img/damen-01-GR.jpg HTTP/1.1" 200 73479 "-" "Googlebot-Image/1.0"
37.140.141.34 - - [02/Dec/2012:13:47:39 +0100] "GET /img/aktuell-01_sw.png HTTP/1.1" 200 9846 "-" "Mozilla/5.0 (compatible; YandexImages/3.0; +http://yandex.com/bots)"
37.140.141.34 - - [02/Dec/2012:14:43:53 +0100] "GET /img/aktuell-02_sw.png HTTP/1.1" 200 12293 "-" "Mozilla/5.0 (compatible; YandexImages/3.0; +http://yandex.com/bots)"
178.154.179.250 - - [02/Dec/2012:15:03:28 +0100] "GET /index.html HTTP/1.1" 200 9991 "-" "Mozilla/5.0 (compatible; YandexBot/3.0; +http://yandex.com/bots)"
37.140.141.34 - - [02/Dec/2012:15:40:56 +0100] "GET /img/aktuell-03-GR.png HTTP/1.1" 200 1307187 "-" "Mozilla/5.0 (compatible; YandexImages/3.0; +http://yandex.com/bots)"
37.140.141.34 - - [02/Dec/2012:16:40:45 +0100] "GET /img/aktuell-04_sw.png HTTP/1.1" 200 10095 "-" "Mozilla/5.0 (compatible; YandexImages/3.0; +http://yandex.com/bots)"
157.55.32.166 - - [02/Dec/2012:17:15:52 +0100] "GET /robots.txt HTTP/1.1" 404 1256 "-" "Mozilla/5.0 (compatible; bingbot/2.0; +http://www.bing.com/bingbot.htm)"
157.55.32.166 - - [02/Dec/2012:17:17:21 +0100] "GET /kontakt.html HTTP/1.1" 304 - "-" "Mozilla/5.0 (compatible; bingbot/2.0; +http://www.bing.com/bingbot.htm)"
37.140.141.34 - - [02/Dec/2012:17:42:10 +0100] "GET /img/damen-02.jpg HTTP/1.1" 200 6205 "-" "Mozilla/5.0 (compatible; YandexImages/3.0; +http://yandex.com/bots)"
178.154.179.250 - - [02/Dec/2012:18:10:34 +0100] "GET / HTTP/1.1" 200 9991 "-" "Mozilla/5.0 (compatible; YandexBot/3.0; +http://yandex.com/bots)"
37.140.141.34 - - [02/Dec/2012:18:27:29 +0100] "GET /img/damen-01.jpg HTTP/1.1" 200 6064 "-" "Mozilla/5.0 (compatible; YandexImages/3.0; +http://yandex.com/bots)"
65.55.52.97 - - [02/Dec/2012:19:07:41 +0100] "GET /robots.txt HTTP/1.1" 404 1256 "-" "Mozilla/5.0 (compatible; bingbot/2.0; +http://www.bing.com/bingbot.htm)"
65.55.52.97 - - [02/Dec/2012:19:09:51 +0100] "GET /kosmetik.html HTTP/1.1" 304 - "-" "Mozilla/5.0 (compatible; bingbot/2.0; +http://www.bing.com/bingbot.htm)"
37.140.141.34 - - [02/Dec/2012:19:32:57 +0100] "GET /img/pfeil.gif HTTP/1.1" 200 85 "-" "Mozilla/5.0 (compatible; YandexImages/3.0; +http://yandex.com/bots)"
37.140.141.34 - - [02/Dec/2012:20:25:54 +0100] "GET /img/damen-05.jpg HTTP/1.1" 304 - "-" "Mozilla/5.0 (compatible; YandexImages/3.0; +http://yandex.com/bots)"
178.154.179.250 - - [02/Dec/2012:21:03:46 +0100] "GET /index.html HTTP/1.1" 200 9991 "-" "Mozilla/5.0 (compatible; YandexBot/3.0; +http://yandex.com/bots)"
37.140.141.34 - - [02/Dec/2012:21:31:37 +0100] "GET /img/damen-04.jpg HTTP/1.1" 304 - "-" "Mozilla/5.0 (compatible; YandexImages/3.0; +http://yandex.com/bots)"
66.249.73.239 - - [02/Dec/2012:21:51:07 +0100] "GET /robots.txt HTTP/1.1" 404 1256 "-" "Mozilla/5.0 (compatible; Googlebot/2.1; +http://www.google.com/bot.html)"
66.249.73.239 - - [02/Dec/2012:21:51:07 +0100] "GET /SkinOverPlaySeekStop.swf HTTP/1.1" 200 5421 "-" "Mozilla/5.0 (compatible; Googlebot/2.1; +http://www.google.com/bot.html)"
157.55.33.100 - - [02/Dec/2012:23:10:15 +0100] "GET /robots.txt HTTP/1.1" 404 1256 "-" "Mozilla/5.0 (compatible; bingbot/2.0; +http://www.bing.com/bingbot.htm)"
157.55.33.100 - - [02/Dec/2012:23:11:54 +0100] "GET /index.html HTTP/1.1" 200 9991 "-" "Mozilla/5.0 (compatible; bingbot/2.0; +http://www.bing.com/bingbot.htm)"
157.55.33.100 - - [02/Dec/2012:23:11:54 +0100] "GET /produkte.html HTTP/1.1" 200 8481 "-" "Mozilla/5.0 (compatible; bingbot/2.0; +http://www.bing.com/bingbot.htm)"
157.55.32.93 - - [02/Dec/2012:23:11:55 +0100] "GET /uns.html HTTP/1.1" 200 8087 "-" "Mozilla/5.0 (compatible; bingbot/2.0; +http://www.bing.com/bingbot.htm)"
65.55.24.237 - - [02/Dec/2012:23:12:24 +0100] "GET /aktuelles.html HTTP/1.1" 200 12183 "-" "Mozilla/5.0 (compatible; bingbot/2.0; +http://www.bing.com/bingbot.htm)"
157.55.32.166 - - [02/Dec/2012:23:12:27 +0100] "GET /haare.html HTTP/1.1" 200 19256 "-" "Mozilla/5.0 (compatible; bingbot/2.0; +http://www.bing.com/bingbot.htm)"
37.140.141.34 - - [02/Dec/2012:23:13:35 +0100] "GET /robots.txt HTTP/1.1" 404 1256 "-" "Mozilla/5.0 (compatible; YandexImages/3.0; +http://yandex.com/bots)"
37.140.141.34 - - [03/Dec/2012:00:22:47 +0100] "GET /img/aktuell-07_sw.png HTTP/1.1" 200 10511 "-" "Mozilla/5.0 (compatible; YandexImages/3.0; +http://yandex.com/bots)"
37.140.141.34 - - [03/Dec/2012:01:27:07 +0100] "GET /img/damen-02-GR.jpg HTTP/1.1" 200 78475 "-" "Mozilla/5.0 (compatible; YandexImages/3.0; +http://yandex.com/bots)"
66.249.73.239 - - [03/Dec/2012:02:05:11 +0100] "GET / HTTP/1.1" 200 9991 "-" "Mozilla/5.0 (compatible; Googlebot/2.1; +http://www.google.com/bot.html)"
37.140.141.34 - - [03/Dec/2012:02:31:46 +0100] "GET /img/aktuell-06-GR.png HTTP/1.1" 200 1230835 "-" "Mozilla/5.0 (compatible; YandexImages/3.0; +http://yandex.com/bots)"
65.55.211.140 - - [03/Dec/2012:02:59:16 +0100] "GET /robots.txt HTTP/1.1" 404 1256 "-" "msnbot-media/1.1 (+http://search.msn.com/msnbot.htm)"
65.55.211.140 - - [03/Dec/2012:02:59:17 +0100] "GET /img/kosmetik.png HTTP/1.1" 200 104794 "-" "msnbot-media/1.1 (+http://search.msn.com/msnbot.htm)"
37.140.141.34 - - [03/Dec/2012:03:31:34 +0100] "GET /img/damen-01-GR.jpg HTTP/1.1" 200 73479 "-" "Mozilla/5.0 (compatible; YandexImages/3.0; +http://yandex.com/bots)"
37.140.141.34 - - [03/Dec/2012:04:42:34 +0100] "GET /img/aktuell-07-GR.png HTTP/1.1" 200 808851 "-" "Mozilla/5.0 (compatible; YandexImages/3.0; +http://yandex.com/bots)"
157.55.32.104 - - [03/Dec/2012:04:58:21 +0100] "GET /robots.txt HTTP/1.1" 404 1256 "-" "Mozilla/5.0 (compatible; bingbot/2.0; +http://www.bing.com/bingbot.htm)"
157.55.32.104 - - [03/Dec/2012:05:05:04 +0100] "GET /leistungen.html HTTP/1.1" 304 - "-" "Mozilla/5.0 (compatible; bingbot/2.0; +http://www.bing.com/bingbot.htm)"
37.140.141.34 - - [03/Dec/2012:05:52:10 +0100] "GET /img/aktuell-02-GR.png HTTP/1.1" 200 1168072 "-" "Mozilla/5.0 (compatible; YandexImages/3.0; +http://yandex.com/bots)"
37.140.141.34 - - [03/Dec/2012:07:08:52 +0100] "GET /img/laden.jpg HTTP/1.1" 200 25856 "-" "Mozilla/5.0 (compatible; YandexImages/3.0; +http://yandex.com/bots)"
212.227.58.53 - - [03/Dec/2012:07:13:43 +0100] "GET /robots.txt HTTP/1.0" 404 1256 "-" "Test Spider/Nutch-2.1"
212.227.58.53 - - [03/Dec/2012:07:13:43 +0100] "GET / HTTP/1.0" 200 9991 "-" "Test Spider/Nutch-2.1"
37.140.141.34 - - [03/Dec/2012:08:31:51 +0100] "GET /img/aktuell-01-GR.png HTTP/1.1" 200 882570 "-" "Mozilla/5.0 (compatible; YandexImages/3.0; +http://yandex.com/bots)"
24.134.30.98 - - [03/Dec/2012:09:57:12 +0100] "GET / HTTP/1.1" 200 9991 "http://www.google.de/url?sa=t&rct=j&q=&esrc=s&source=web&cd=1&ved=0CDUQFjAA&url=http%3A%2F%2Fwww.reisenweber-berlin.de%2F&ei=-mi8UIOjJdH4sgb5-oG4DQ&usg=AFQjCNF7TSzUIEj_OI_RiqKPTlc2EM_6vg" "Mozilla/5.0 (Macintosh; Intel Mac OS X 10.8; rv:16.0) Gecko/20100101 Firefox/16.0"
24.134.30.98 - - [03/Dec/2012:09:57:12 +0100] "GET /css/style.css HTTP/1.1" 200 3765 "http://www.reisenweber-berlin.de/" "Mozilla/5.0 (Macintosh; Intel Mac OS X 10.8; rv:16.0) Gecko/20100101 Firefox/16.0"
24.134.30.98 - - [03/Dec/2012:09:57:12 +0100] "GET /Scripts/AC_RunActiveContent.js HTTP/1.1" 200 8029 "http://www.reisenweber-berlin.de/" "Mozilla/5.0 (Macintosh; Intel Mac OS X 10.8; rv:16.0) Gecko/20100101 Firefox/16.0"
24.134.30.98 - - [03/Dec/2012:09:57:12 +0100] "GET /Scripts/AC_ActiveX.js HTTP/1.1" 200 2068 "http://www.reisenweber-berlin.de/" "Mozilla/5.0 (Macintosh; Intel Mac OS X 10.8; rv:16.0) Gecko/20100101 Firefox/16.0"
24.134.30.98 - - [03/Dec/2012:09:57:12 +0100] "GET /img/spacer.gif HTTP/1.1" 200 43 "http://www.reisenweber-berlin.de/" "Mozilla/5.0 (Macintosh; Intel Mac OS X 10.8; rv:16.0) Gecko/20100101 Firefox/16.0"
24.134.30.98 - - [03/Dec/2012:09:57:12 +0100] "GET /reisenweber_ani.swf HTTP/1.1" 200 60314 "http://www.reisenweber-berlin.de/" "Mozilla/5.0 (Macintosh; Intel Mac OS X 10.8; rv:16.0) Gecko/20100101 Firefox/16.0"
24.134.30.98 - - [03/Dec/2012:09:57:12 +0100] "GET /img/hg.jpg HTTP/1.1" 200 44355 "http://www.reisenweber-berlin.de/css/style.css" "Mozilla/5.0 (Macintosh; Intel Mac OS X 10.8; rv:16.0) Gecko/20100101 Firefox/16.0"
24.134.30.98 - - [03/Dec/2012:09:57:12 +0100] "GET /img/pfeil.gif HTTP/1.1" 200 85 "http://www.reisenweber-berlin.de/" "Mozilla/5.0 (Macintosh; Intel Mac OS X 10.8; rv:16.0) Gecko/20100101 Firefox/16.0"
24.134.30.98 - - [03/Dec/2012:09:57:12 +0100] "GET /img/corner01.png HTTP/1.1" 200 163 "http://www.reisenweber-berlin.de/" "Mozilla/5.0 (Macintosh; Intel Mac OS X 10.8; rv:16.0) Gecko/20100101 Firefox/16.0"
24.134.30.98 - - [03/Dec/2012:09:57:12 +0100] "GET /img/corner02.png HTTP/1.1" 200 190 "http://www.reisenweber-berlin.de/" "Mozilla/5.0 (Macintosh; Intel Mac OS X 10.8; rv:16.0) Gecko/20100101 Firefox/16.0"
24.134.30.98 - - [03/Dec/2012:09:57:13 +0100] "GET /img/pfeil-grau.gif HTTP/1.1" 200 73 "http://www.reisenweber-berlin.de/" "Mozilla/5.0 (Macintosh; Intel Mac OS X 10.8; rv:16.0) Gecko/20100101 Firefox/16.0"
24.134.30.98 - - [03/Dec/2012:09:57:13 +0100] "GET /img/corner04.png HTTP/1.1" 200 203 "http://www.reisenweber-berlin.de/" "Mozilla/5.0 (Macintosh; Intel Mac OS X 10.8; rv:16.0) Gecko/20100101 Firefox/16.0"
24.134.30.98 - - [03/Dec/2012:09:57:13 +0100] "GET /img/corner03.png HTTP/1.1" 200 266 "http://www.reisenweber-berlin.de/" "Mozilla/5.0 (Macintosh; Intel Mac OS X 10.8; rv:16.0) Gecko/20100101 Firefox/16.0"
24.134.30.98 - - [03/Dec/2012:09:57:13 +0100] "GET /img/tbl_bottom.png HTTP/1.1" 200 168 "http://www.reisenweber-berlin.de/css/style.css" "Mozilla/5.0 (Macintosh; Intel Mac OS X 10.8; rv:16.0) Gecko/20100101 Firefox/16.0"
24.134.30.98 - - [03/Dec/2012:09:57:13 +0100] "GET /img/tbl_left.png HTTP/1.1" 200 236 "http://www.reisenweber-berlin.de/css/style.css" "Mozilla/5.0 (Macintosh; Intel Mac OS X 10.8; rv:16.0) Gecko/20100101 Firefox/16.0"
24.134.30.98 - - [03/Dec/2012:09:57:13 +0100] "GET /img/hg_tbl.png HTTP/1.1" 200 190 "http://www.reisenweber-berlin.de/" "Mozilla/5.0 (Macintosh; Intel Mac OS X 10.8; rv:16.0) Gecko/20100101 Firefox/16.0"
24.134.30.98 - - [03/Dec/2012:09:57:13 +0100] "GET /img/HG_news.png HTTP/1.1" 200 212 "http://www.reisenweber-berlin.de/" "Mozilla/5.0 (Macintosh; Intel Mac OS X 10.8; rv:16.0) Gecko/20100101 Firefox/16.0"
24.134.30.98 - - [03/Dec/2012:09:57:13 +0100] "GET /img/tbl_right.png HTTP/1.1" 200 227 "http://www.reisenweber-berlin.de/css/style.css" "Mozilla/5.0 (Macintosh; Intel Mac OS X 10.8; rv:16.0) Gecko/20100101 Firefox/16.0"
24.134.30.98 - - [03/Dec/2012:09:57:13 +0100] "GET /img/tbl_down.png HTTP/1.1" 200 197 "http://www.reisenweber-berlin.de/css/style.css" "Mozilla/5.0 (Macintosh; Intel Mac OS X 10.8; rv:16.0) Gecko/20100101 Firefox/16.0"
24.134.30.98 - - [03/Dec/2012:09:57:13 +0100] "GET /pics/1.jpg HTTP/1.1" 200 104529 "http://www.reisenweber-berlin.de/reisenweber_ani.swf" "Mozilla/5.0 (Macintosh; Intel Mac OS X 10.8; rv:16.0) Gecko/20100101 Firefox/16.0"
24.134.30.98 - - [03/Dec/2012:09:57:12 +0100] "GET /img/team.jpg HTTP/1.1" 200 98672 "http://www.reisenweber-berlin.de/" "Mozilla/5.0 (Macintosh; Intel Mac OS X 10.8; rv:16.0) Gecko/20100101 Firefox/16.0"
24.134.30.98 - - [03/Dec/2012:09:57:15 +0100] "GET /favicon.ico HTTP/1.1" 404 1256 "-" "Mozilla/5.0 (Macintosh; Intel Mac OS X 10.8; rv:16.0) Gecko/20100101 Firefox/16.0"
24.134.30.98 - - [03/Dec/2012:09:57:16 +0100] "GET /favicon.ico HTTP/1.1" 404 1256 "-" "Mozilla/5.0 (Macintosh; Intel Mac OS X 10.8; rv:16.0) Gecko/20100101 Firefox/16.0"
24.134.30.98 - - [03/Dec/2012:09:57:23 +0100] "GET /pics/2.jpg HTTP/1.1" 200 107549 "http://www.reisenweber-berlin.de/reisenweber_ani.swf" "Mozilla/5.0 (Macintosh; Intel Mac OS X 10.8; rv:16.0) Gecko/20100101 Firefox/16.0"
24.134.30.98 - - [03/Dec/2012:09:57:24 +0100] "GET /uns.html HTTP/1.1" 200 8087 "http://www.reisenweber-berlin.de/" "Mozilla/5.0 (Macintosh; Intel Mac OS X 10.8; rv:16.0) Gecko/20100101 Firefox/16.0"
24.134.30.98 - - [03/Dec/2012:09:57:24 +0100] "GET /js/prototype.js HTTP/1.1" 200 47603 "http://www.reisenweber-berlin.de/uns.html" "Mozilla/5.0 (Macintosh; Intel Mac OS X 10.8; rv:16.0) Gecko/20100101 Firefox/16.0"
24.134.30.98 - - [03/Dec/2012:09:57:24 +0100] "GET /css/lightbox.css HTTP/1.1" 200 3470 "http://www.reisenweber-berlin.de/uns.html" "Mozilla/5.0 (Macintosh; Intel Mac OS X 10.8; rv:16.0) Gecko/20100101 Firefox/16.0"
24.134.30.98 - - [03/Dec/2012:09:57:24 +0100] "GET /js/scriptaculous.js?load=effects HTTP/1.1" 200 2152 "http://www.reisenweber-berlin.de/uns.html" "Mozilla/5.0 (Macintosh; Intel Mac OS X 10.8; rv:16.0) Gecko/20100101 Firefox/16.0"
24.134.30.98 - - [03/Dec/2012:09:57:24 +0100] "GET /js/lightbox.js HTTP/1.1" 200 23861 "http://www.reisenweber-berlin.de/uns.html" "Mozilla/5.0 (Macintosh; Intel Mac OS X 10.8; rv:16.0) Gecko/20100101 Firefox/16.0"
24.134.30.98 - - [03/Dec/2012:09:57:24 +0100] "GET /img/laden.jpg HTTP/1.1" 200 25856 "http://www.reisenweber-berlin.de/uns.html" "Mozilla/5.0 (Macintosh; Intel Mac OS X 10.8; rv:16.0) Gecko/20100101 Firefox/16.0"
24.134.30.98 - - [03/Dec/2012:09:57:24 +0100] "GET /img/damen-01.jpg HTTP/1.1" 200 6064 "http://www.reisenweber-berlin.de/uns.html" "Mozilla/5.0 (Macintosh; Intel Mac OS X 10.8; rv:16.0) Gecko/20100101 Firefox/16.0"
24.134.30.98 - - [03/Dec/2012:09:57:24 +0100] "GET /js/effects.js HTTP/1.1" 200 31969 "http://www.reisenweber-berlin.de/uns.html" "Mozilla/5.0 (Macintosh; Intel Mac OS X 10.8; rv:16.0) Gecko/20100101 Firefox/16.0"
24.134.30.98 - - [03/Dec/2012:09:57:25 +0100] "GET /img/damen-02.jpg HTTP/1.1" 200 6205 "http://www.reisenweber-berlin.de/uns.html" "Mozilla/5.0 (Macintosh; Intel Mac OS X 10.8; rv:16.0) Gecko/20100101 Firefox/16.0"
24.134.30.98 - - [03/Dec/2012:09:57:25 +0100] "GET /img/damen-04.jpg HTTP/1.1" 200 8157 "http://www.reisenweber-berlin.de/uns.html" "Mozilla/5.0 (Macintosh; Intel Mac OS X 10.8; rv:16.0) Gecko/20100101 Firefox/16.0"
24.134.30.98 - - [03/Dec/2012:09:57:25 +0100] "GET /img/damen-03.jpg HTTP/1.1" 200 30544 "http://www.reisenweber-berlin.de/uns.html" "Mozilla/5.0 (Macintosh; Intel Mac OS X 10.8; rv:16.0) Gecko/20100101 Firefox/16.0"
24.134.30.98 - - [03/Dec/2012:09:57:25 +0100] "GET /img/damen-05.jpg HTTP/1.1" 200 4320 "http://www.reisenweber-berlin.de/uns.html" "Mozilla/5.0 (Macintosh; Intel Mac OS X 10.8; rv:16.0) Gecko/20100101 Firefox/16.0"
24.134.30.98 - - [03/Dec/2012:09:57:26 +0100] "GET /images/close.png HTTP/1.1" 200 3137 "http://www.reisenweber-berlin.de/uns.html" "Mozilla/5.0 (Macintosh; Intel Mac OS X 10.8; rv:16.0) Gecko/20100101 Firefox/16.0"
24.134.30.98 - - [03/Dec/2012:09:57:26 +0100] "GET /images/loading.gif HTTP/1.1" 200 538 "http://www.reisenweber-berlin.de/uns.html" "Mozilla/5.0 (Macintosh; Intel Mac OS X 10.8; rv:16.0) Gecko/20100101 Firefox/16.0"
24.134.30.98 - - [03/Dec/2012:09:57:25 +0100] "GET /pics/5.jpg HTTP/1.1" 200 134687 "http://www.reisenweber-berlin.de/reisenweber_ani.swf" "Mozilla/5.0 (Macintosh; Intel Mac OS X 10.8; rv:16.0) Gecko/20100101 Firefox/16.0"
24.134.30.98 - - [03/Dec/2012:09:57:28 +0100] "GET /img/damen-01-GR.jpg HTTP/1.1" 200 73479 "http://www.reisenweber-berlin.de/uns.html" "Mozilla/5.0 (Macintosh; Intel Mac OS X 10.8; rv:16.0) Gecko/20100101 Firefox/16.0"
24.134.30.98 - - [03/Dec/2012:09:57:30 +0100] "GET /img/damen-02-GR.jpg HTTP/1.1" 200 78475 "http://www.reisenweber-berlin.de/uns.html" "Mozilla/5.0 (Macintosh; Intel Mac OS X 10.8; rv:16.0) Gecko/20100101 Firefox/16.0"
24.134.30.98 - - [03/Dec/2012:09:57:33 +0100] "GET /images/blank.gif HTTP/1.1" 404 1256 "http://www.reisenweber-berlin.de/css/lightbox.css" "Mozilla/5.0 (Macintosh; Intel Mac OS X 10.8; rv:16.0) Gecko/20100101 Firefox/16.0"
24.134.30.98 - - [03/Dec/2012:09:57:36 +0100] "GET /images/next.gif HTTP/1.1" 200 231 "http://www.reisenweber-berlin.de/css/lightbox.css" "Mozilla/5.0 (Macintosh; Intel Mac OS X 10.8; rv:16.0) Gecko/20100101 Firefox/16.0"
24.134.30.98 - - [03/Dec/2012:09:57:40 +0100] "GET /images/prev.gif HTTP/1.1" 200 220 "http://www.reisenweber-berlin.de/css/lightbox.css" "Mozilla/5.0 (Macintosh; Intel Mac OS X 10.8; rv:16.0) Gecko/20100101 Firefox/16.0"
24.134.30.98 - - [03/Dec/2012:09:57:39 +0100] "GET /img/damen-03-GR.jpg HTTP/1.1" 200 89397 "http://www.reisenweber-berlin.de/uns.html" "Mozilla/5.0 (Macintosh; Intel Mac OS X 10.8; rv:16.0) Gecko/20100101 Firefox/16.0"
24.134.30.98 - - [03/Dec/2012:09:57:48 +0100] "GET /img/damen-04-GR.jpg HTTP/1.1" 200 95347 "http://www.reisenweber-berlin.de/uns.html" "Mozilla/5.0 (Macintosh; Intel Mac OS X 10.8; rv:16.0) Gecko/20100101 Firefox/16.0"
24.134.30.98 - - [03/Dec/2012:09:57:57 +0100] "GET /img/damen-05-GR.jpg HTTP/1.1" 200 66659 "http://www.reisenweber-berlin.de/uns.html" "Mozilla/5.0 (Macintosh; Intel Mac OS X 10.8; rv:16.0) Gecko/20100101 Firefox/16.0"
66.249.73.239 - - [03/Dec/2012:09:58:07 +0100] "GET /robots.txt HTTP/1.1" 404 1256 "-" "Mozilla/5.0 (compatible; Googlebot/2.1; +http://www.google.com/bot.html)"
66.249.73.239 - - [03/Dec/2012:09:58:07 +0100] "GET /philosophie.html HTTP/1.1" 200 8690 "-" "Mozilla/5.0 (compatible; Googlebot/2.1; +http://www.google.com/bot.html)"
24.134.30.98 - - [03/Dec/2012:09:58:10 +0100] "GET /index.html HTTP/1.1" 200 9991 "http://www.reisenweber-berlin.de/uns.html" "Mozilla/5.0 (Macintosh; Intel Mac OS X 10.8; rv:16.0) Gecko/20100101 Firefox/16.0"
24.134.30.98 - - [03/Dec/2012:09:58:19 +0100] "GET /pics/2.jpg HTTP/1.1" 206 7957 "http://www.reisenweber-berlin.de/reisenweber_ani.swf" "Mozilla/5.0 (Macintosh; Intel Mac OS X 10.8; rv:16.0) Gecko/20100101 Firefox/16.0"
24.134.30.98 - - [03/Dec/2012:09:58:37 +0100] "GET /aktuelles.html HTTP/1.1" 200 12183 "http://www.reisenweber-berlin.de/index.html" "Mozilla/5.0 (Macintosh; Intel Mac OS X 10.8; rv:16.0) Gecko/20100101 Firefox/16.0"
24.134.30.98 - - [03/Dec/2012:09:58:38 +0100] "GET /js/scriptaculous.js?load=effects HTTP/1.1" 304 - "http://www.reisenweber-berlin.de/aktuelles.html" "Mozilla/5.0 (Macintosh; Intel Mac OS X 10.8; rv:16.0) Gecko/20100101 Firefox/16.0"
24.134.30.98 - - [03/Dec/2012:09:58:38 +0100] "GET /img/abgrenzung.jpg HTTP/1.1" 200 1815 "http://www.reisenweber-berlin.de/aktuelles.html" "Mozilla/5.0 (Macintosh; Intel Mac OS X 10.8; rv:16.0) Gecko/20100101 Firefox/16.0"
24.134.30.98 - - [03/Dec/2012:09:58:30 +0100] "GET /pics/3.jpg HTTP/1.1" 200 149645 "http://www.reisenweber-berlin.de/reisenweber_ani.swf" "Mozilla/5.0 (Macintosh; Intel Mac OS X 10.8; rv:16.0) Gecko/20100101 Firefox/16.0"
24.134.30.98 - - [03/Dec/2012:09:58:38 +0100] "GET /img/Aufsteller.png HTTP/1.1" 200 141482 "http://www.reisenweber-berlin.de/aktuelles.html" "Mozilla/5.0 (Macintosh; Intel Mac OS X 10.8; rv:16.0) Gecko/20100101 Firefox/16.0"
24.134.30.98 - - [03/Dec/2012:09:58:57 +0100] "GET /leistungen.html HTTP/1.1" 200 22677 "http://www.reisenweber-berlin.de/index.html" "Mozilla/5.0 (Macintosh; Intel Mac OS X 10.8; rv:16.0) Gecko/20100101 Firefox/16.0"
24.134.30.98 - - [03/Dec/2012:09:58:39 +0100] "GET /pics/4.jpg HTTP/1.1" 200 165768 "http://www.reisenweber-berlin.de/reisenweber_ani.swf" "Mozilla/5.0 (Macintosh; Intel Mac OS X 10.8; rv:16.0) Gecko/20100101 Firefox/16.0"
24.134.30.98 - - [03/Dec/2012:09:59:20 +0100] "GET /js/RunFLASH.js HTTP/1.1" 200 8029 "http://www.reisenweber-berlin.de/leistungen.html" "Mozilla/5.0 (Macintosh; Intel Mac OS X 10.8; rv:16.0) Gecko/20100101 Firefox/16.0"
24.134.30.98 - - [03/Dec/2012:09:59:20 +0100] "GET /js/Panel.js HTTP/1.1" 200 13072 "http://www.reisenweber-berlin.de/leistungen.html" "Mozilla/5.0 (Macintosh; Intel Mac OS X 10.8; rv:16.0) Gecko/20100101 Firefox/16.0"
24.134.30.98 - - [03/Dec/2012:09:59:20 +0100] "GET /css/Panel.css HTTP/1.1" 200 3497 "http://www.reisenweber-berlin.de/leistungen.html" "Mozilla/5.0 (Macintosh; Intel Mac OS X 10.8; rv:16.0) Gecko/20100101 Firefox/16.0"
24.134.30.98 - - [03/Dec/2012:09:58:59 +0100] "GET /pics/3.jpg HTTP/1.1" 206 131141 "http://www.reisenweber-berlin.de/reisenweber_ani.swf" "Mozilla/5.0 (Macintosh; Intel Mac OS X 10.8; rv:16.0) Gecko/20100101 Firefox/16.0"
37.140.141.34 - - [03/Dec/2012:10:04:39 +0100] "GET /img/aktuell-04-GR.png HTTP/1.1" 200 1018698 "-" "Mozilla/5.0 (compatible; YandexImages/3.0; +http://yandex.com/bots)"
66.249.73.239 - - [03/Dec/2012:10:08:07 +0100] "GET /img/damen-05-GR.jpg HTTP/1.1" 200 66659 "-" "Googlebot-Image/1.0"
157.55.35.99 - - [03/Dec/2012:10:14:18 +0100] "GET /robots.txt HTTP/1.1" 404 1256 "-" "Mozilla/5.0 (compatible; bingbot/2.0; +http://www.bing.com/bingbot.htm)"
157.55.35.99 - - [03/Dec/2012:10:16:04 +0100] "GET / HTTP/1.1" 304 - "-" "Mozilla/5.0 (compatible; bingbot/2.0; +http://www.bing.com/bingbot.htm)"
157.55.32.110 - - [03/Dec/2012:10:42:03 +0100] "GET /philosophie.html HTTP/1.1" 304 - "-" "Mozilla/5.0 (compatible; bingbot/2.0; +http://www.bing.com/bingbot.htm)"
91.64.133.142 - - [03/Dec/2012:11:02:06 +0100] "GET / HTTP/1.1" 200 9991 "http://www.labiosthetique.de/dmc_institutefinder_pi1.1526.country/Deutschland/dmc_institutefinder_pi1.1526.geocodedSearchAddress.lat/52.5191710/dmc_institutefinder_pi1.1526.geocodedSearchAddress.long/13.4060912/dmc_institutefinder_pi1.1526.institute.uid/1774/dmc_institutefinder_pi1.1526.radius/25/dmc_institutefinder_pi1.1526.step/showmap/Salonfinder-Detail.1224.0.html" "Mozilla/5.0 (Windows NT 6.1; WOW64; rv:16.0) Gecko/20100101 Firefox/16.0"
91.64.133.142 - - [03/Dec/2012:11:02:10 +0100] "GET /css/style.css HTTP/1.1" 200 3765 "http://www.reisenweber-berlin.de/" "Mozilla/5.0 (Windows NT 6.1; WOW64; rv:16.0) Gecko/20100101 Firefox/16.0"
91.64.133.142 - - [03/Dec/2012:11:02:10 +0100] "GET /Scripts/AC_RunActiveContent.js HTTP/1.1" 200 8029 "http://www.reisenweber-berlin.de/" "Mozilla/5.0 (Windows NT 6.1; WOW64; rv:16.0) Gecko/20100101 Firefox/16.0"
91.64.133.142 - - [03/Dec/2012:11:02:10 +0100] "GET /img/spacer.gif HTTP/1.1" 200 43 "http://www.reisenweber-berlin.de/" "Mozilla/5.0 (Windows NT 6.1; WOW64; rv:16.0) Gecko/20100101 Firefox/16.0"
91.64.133.142 - - [03/Dec/2012:11:02:10 +0100] "GET /Scripts/AC_ActiveX.js HTTP/1.1" 200 2068 "http://www.reisenweber-berlin.de/" "Mozilla/5.0 (Windows NT 6.1; WOW64; rv:16.0) Gecko/20100101 Firefox/16.0"
91.64.133.142 - - [03/Dec/2012:11:02:10 +0100] "GET /img/pfeil.gif HTTP/1.1" 200 85 "http://www.reisenweber-berlin.de/" "Mozilla/5.0 (Windows NT 6.1; WOW64; rv:16.0) Gecko/20100101 Firefox/16.0"
91.64.133.142 - - [03/Dec/2012:11:02:10 +0100] "GET /img/corner02.png HTTP/1.1" 200 190 "http://www.reisenweber-berlin.de/" "Mozilla/5.0 (Windows NT 6.1; WOW64; rv:16.0) Gecko/20100101 Firefox/16.0"
91.64.133.142 - - [03/Dec/2012:11:02:10 +0100] "GET /img/pfeil-grau.gif HTTP/1.1" 200 73 "http://www.reisenweber-berlin.de/" "Mozilla/5.0 (Windows NT 6.1; WOW64; rv:16.0) Gecko/20100101 Firefox/16.0"
91.64.133.142 - - [03/Dec/2012:11:02:10 +0100] "GET /img/corner04.png HTTP/1.1" 200 203 "http://www.reisenweber-berlin.de/" "Mozilla/5.0 (Windows NT 6.1; WOW64; rv:16.0) Gecko/20100101 Firefox/16.0"
91.64.133.142 - - [03/Dec/2012:11:02:10 +0100] "GET /img/corner03.png HTTP/1.1" 200 266 "http://www.reisenweber-berlin.de/" "Mozilla/5.0 (Windows NT 6.1; WOW64; rv:16.0) Gecko/20100101 Firefox/16.0"
91.64.133.142 - - [03/Dec/2012:11:02:10 +0100] "GET /img/team.jpg HTTP/1.1" 200 98672 "http://www.reisenweber-berlin.de/" "Mozilla/5.0 (Windows NT 6.1; WOW64; rv:16.0) Gecko/20100101 Firefox/16.0"
91.64.133.142 - - [03/Dec/2012:11:02:14 +0100] "GET /img/corner01.png HTTP/1.1" 200 163 "http://www.reisenweber-berlin.de/" "Mozilla/5.0 (Windows NT 6.1; WOW64; rv:16.0) Gecko/20100101 Firefox/16.0"
91.64.133.142 - - [03/Dec/2012:11:02:14 +0100] "GET /reisenweber_ani.swf HTTP/1.1" 200 60314 "http://www.reisenweber-berlin.de/" "Mozilla/5.0 (Windows NT 6.1; WOW64; rv:16.0) Gecko/20100101 Firefox/16.0"
91.64.133.142 - - [03/Dec/2012:11:02:15 +0100] "GET /img/tbl_bottom.png HTTP/1.1" 200 168 "http://www.reisenweber-berlin.de/css/style.css" "Mozilla/5.0 (Windows NT 6.1; WOW64; rv:16.0) Gecko/20100101 Firefox/16.0"
91.64.133.142 - - [03/Dec/2012:11:02:15 +0100] "GET /img/hg_tbl.png HTTP/1.1" 200 190 "http://www.reisenweber-berlin.de/" "Mozilla/5.0 (Windows NT 6.1; WOW64; rv:16.0) Gecko/20100101 Firefox/16.0"
91.64.133.142 - - [03/Dec/2012:11:02:15 +0100] "GET /img/tbl_right.png HTTP/1.1" 200 227 "http://www.reisenweber-berlin.de/css/style.css" "Mozilla/5.0 (Windows NT 6.1; WOW64; rv:16.0) Gecko/20100101 Firefox/16.0"
91.64.133.142 - - [03/Dec/2012:11:02:15 +0100] "GET /img/tbl_left.png HTTP/1.1" 200 236 "http://www.reisenweber-berlin.de/css/style.css" "Mozilla/5.0 (Windows NT 6.1; WOW64; rv:16.0) Gecko/20100101 Firefox/16.0"
91.64.133.142 - - [03/Dec/2012:11:02:14 +0100] "GET /img/hg.jpg HTTP/1.1" 200 44355 "http://www.reisenweber-berlin.de/css/style.css" "Mozilla/5.0 (Windows NT 6.1; WOW64; rv:16.0) Gecko/20100101 Firefox/16.0"
91.64.133.142 - - [03/Dec/2012:11:02:15 +0100] "GET /img/tbl_down.png HTTP/1.1" 200 197 "http://www.reisenweber-berlin.de/css/style.css" "Mozilla/5.0 (Windows NT 6.1; WOW64; rv:16.0) Gecko/20100101 Firefox/16.0"
91.64.133.142 - - [03/Dec/2012:11:02:16 +0100] "GET /img/HG_news.png HTTP/1.1" 200 212 "http://www.reisenweber-berlin.de/" "Mozilla/5.0 (Windows NT 6.1; WOW64; rv:16.0) Gecko/20100101 Firefox/16.0"
91.64.133.142 - - [03/Dec/2012:11:02:18 +0100] "GET /favicon.ico HTTP/1.1" 404 1256 "-" "Mozilla/5.0 (Windows NT 6.1; WOW64; rv:16.0) Gecko/20100101 Firefox/16.0"
91.64.133.142 - - [03/Dec/2012:11:02:16 +0100] "GET /pics/3.jpg HTTP/1.1" 200 149645 "http://www.reisenweber-berlin.de/reisenweber_ani.swf" "Mozilla/5.0 (Windows NT 6.1; WOW64; rv:16.0) Gecko/20100101 Firefox/16.0"
91.64.133.142 - - [03/Dec/2012:11:03:28 +0100] "GET /pics/4.jpg HTTP/1.1" 200 165768 "http://www.reisenweber-berlin.de/reisenweber_ani.swf" "Mozilla/5.0 (Windows NT 6.1; WOW64; rv:16.0) Gecko/20100101 Firefox/16.0"
37.140.141.34 - - [03/Dec/2012:11:41:40 +0100] "GET /img/damen-03.jpg HTTP/1.1" 304 - "-" "Mozilla/5.0 (compatible; YandexImages/3.0; +http://yandex.com/bots)"
37.140.141.34 - - [03/Dec/2012:12:53:06 +0100] "GET /img/corner04.png HTTP/1.1" 200 203 "-" "Mozilla/5.0 (compatible; YandexImages/3.0; +http://yandex.com/bots)"
83.133.125.202 - - [03/Dec/2012:14:41:27 +0100] "GET / HTTP/1.1" 200 9991 "http://www.bigfinder.de/home-11.html" "T-Online Browser"
37.140.141.34 - - [03/Dec/2012:14:42:14 +0100] "GET /img/corner03.png HTTP/1.1" 200 266 "-" "Mozilla/5.0 (compatible; YandexImages/3.0; +http://yandex.com/bots)"
37.140.141.34 - - [03/Dec/2012:16:18:21 +0100] "GET /img/abgrenzung.jpg HTTP/1.1" 200 1815 "-" "Mozilla/5.0 (compatible; YandexImages/3.0; +http://yandex.com/bots)"
65.55.211.168 - - [03/Dec/2012:16:24:52 +0100] "GET /robots.txt HTTP/1.1" 404 1256 "-" "msnbot-media/1.1 (+http://search.msn.com/msnbot.htm)"
65.55.211.168 - - [03/Dec/2012:16:24:52 +0100] "GET /img/damen-03-GR.jpg HTTP/1.1" 200 89397 "-" "msnbot-media/1.1 (+http://search.msn.com/msnbot.htm)"
37.140.141.34 - - [03/Dec/2012:18:16:17 +0100] "GET /img/aktuell-05_sw.png HTTP/1.1" 200 11701 "-" "Mozilla/5.0 (compatible; YandexImages/3.0; +http://yandex.com/bots)"
62.181.145.141 - - [03/Dec/2012:18:53:31 +0100] "GET /img/abgrenzung.jpg HTTP/1.1" 304 - "-" "Mozilla/4.0 (compatible;)"
157.55.35.99 - - [03/Dec/2012:19:21:01 +0100] "GET /robots.txt HTTP/1.1" 404 1256 "-" "Mozilla/5.0 (compatible; bingbot/2.0; +http://www.bing.com/bingbot.htm)"
65.55.211.152 - - [03/Dec/2012:19:22:17 +0100] "GET /robots.txt HTTP/1.1" 404 1256 "-" "msnbot-media/1.1 (+http://search.msn.com/msnbot.htm)"
65.55.211.152 - - [03/Dec/2012:19:22:17 +0100] "GET /img/damen-04-GR.jpg HTTP/1.1" 200 95347 "-" "msnbot-media/1.1 (+http://search.msn.com/msnbot.htm)"
157.55.35.99 - - [03/Dec/2012:19:22:40 +0100] "GET / HTTP/1.1" 200 9991 "-" "Mozilla/5.0 (compatible; bingbot/2.0; +http://www.bing.com/bingbot.htm)"
157.55.35.99 - - [03/Dec/2012:19:42:14 +0100] "GET / HTTP/1.1" 304 - "-" "Mozilla/5.0 (compatible; bingbot/2.0; +http://www.bing.com/bingbot.htm)"
79.247.170.173 - - [03/Dec/2012:19:51:55 +0100] "GET /uns.html HTTP/1.1" 200 8087 "-" "Mozilla/5.0 (Macintosh; Intel Mac OS X 10_8_2) AppleWebKit/536.26.17 (KHTML, like Gecko) Version/6.0.2 Safari/536.26.17"
79.247.170.173 - - [03/Dec/2012:19:51:55 +0100] "GET /uns.html HTTP/1.1" 200 8087 "-" "Mozilla/5.0 (Macintosh; Intel Mac OS X 10_8_2) AppleWebKit/536.26.17 (KHTML, like Gecko) Version/6.0.2 Safari/536.26.17"
79.247.170.173 - - [03/Dec/2012:19:51:55 +0100] "GET /Scripts/AC_RunActiveContent.js HTTP/1.1" 200 8029 "http://www.reisenweber-berlin.de/uns.html" "Mozilla/5.0 (Macintosh; Intel Mac OS X 10_8_2) AppleWebKit/536.26.17 (KHTML, like Gecko) Version/6.0.2 Safari/536.26.17"
79.247.170.173 - - [03/Dec/2012:19:51:55 +0100] "GET /css/style.css HTTP/1.1" 200 3765 "http://www.reisenweber-berlin.de/uns.html" "Mozilla/5.0 (Macintosh; Intel Mac OS X 10_8_2) AppleWebKit/536.26.17 (KHTML, like Gecko) Version/6.0.2 Safari/536.26.17"
79.247.170.173 - - [03/Dec/2012:19:51:55 +0100] "GET /js/prototype.js HTTP/1.1" 200 47603 "http://www.reisenweber-berlin.de/uns.html" "Mozilla/5.0 (Macintosh; Intel Mac OS X 10_8_2) AppleWebKit/536.26.17 (KHTML, like Gecko) Version/6.0.2 Safari/536.26.17"
79.247.170.173 - - [03/Dec/2012:19:51:55 +0100] "GET /js/lightbox.js HTTP/1.1" 200 23861 "http://www.reisenweber-berlin.de/uns.html" "Mozilla/5.0 (Macintosh; Intel Mac OS X 10_8_2) AppleWebKit/536.26.17 (KHTML, like Gecko) Version/6.0.2 Safari/536.26.17"
79.247.170.173 - - [03/Dec/2012:19:51:55 +0100] "GET /js/scriptaculous.js?load=effects HTTP/1.1" 200 2152 "http://www.reisenweber-berlin.de/uns.html" "Mozilla/5.0 (Macintosh; Intel Mac OS X 10_8_2) AppleWebKit/536.26.17 (KHTML, like Gecko) Version/6.0.2 Safari/536.26.17"
79.247.170.173 - - [03/Dec/2012:19:51:55 +0100] "GET /css/lightbox.css HTTP/1.1" 200 3470 "http://www.reisenweber-berlin.de/uns.html" "Mozilla/5.0 (Macintosh; Intel Mac OS X 10_8_2) AppleWebKit/536.26.17 (KHTML, like Gecko) Version/6.0.2 Safari/536.26.17"
79.247.170.173 - - [03/Dec/2012:19:51:57 +0100] "GET /js/effects.js HTTP/1.1" 200 31969 "http://www.reisenweber-berlin.de/uns.html" "Mozilla/5.0 (Macintosh; Intel Mac OS X 10_8_2) AppleWebKit/536.26.17 (KHTML, like Gecko) Version/6.0.2 Safari/536.26.17"
79.247.170.173 - - [03/Dec/2012:19:51:58 +0100] "GET /img/spacer.gif HTTP/1.1" 200 43 "http://www.reisenweber-berlin.de/uns.html" "Mozilla/5.0 (Macintosh; Intel Mac OS X 10_8_2) AppleWebKit/536.26.17 (KHTML, like Gecko) Version/6.0.2 Safari/536.26.17"
79.247.170.173 - - [03/Dec/2012:19:51:58 +0100] "GET /img/hg.jpg HTTP/1.1" 200 44355 "http://www.reisenweber-berlin.de/uns.html" "Mozilla/5.0 (Macintosh; Intel Mac OS X 10_8_2) AppleWebKit/536.26.17 (KHTML, like Gecko) Version/6.0.2 Safari/536.26.17"
79.247.170.173 - - [03/Dec/2012:19:51:58 +0100] "GET /img/tbl_bottom.png HTTP/1.1" 200 168 "http://www.reisenweber-berlin.de/uns.html" "Mozilla/5.0 (Macintosh; Intel Mac OS X 10_8_2) AppleWebKit/536.26.17 (KHTML, like Gecko) Version/6.0.2 Safari/536.26.17"
79.247.170.173 - - [03/Dec/2012:19:51:58 +0100] "GET /img/corner02.png HTTP/1.1" 200 190 "http://www.reisenweber-berlin.de/uns.html" "Mozilla/5.0 (Macintosh; Intel Mac OS X 10_8_2) AppleWebKit/536.26.17 (KHTML, like Gecko) Version/6.0.2 Safari/536.26.17"
79.247.170.173 - - [03/Dec/2012:19:51:58 +0100] "GET /img/corner01.png HTTP/1.1" 200 163 "http://www.reisenweber-berlin.de/uns.html" "Mozilla/5.0 (Macintosh; Intel Mac OS X 10_8_2) AppleWebKit/536.26.17 (KHTML, like Gecko) Version/6.0.2 Safari/536.26.17"
79.247.170.173 - - [03/Dec/2012:19:51:58 +0100] "GET /img/pfeil.gif HTTP/1.1" 200 85 "http://www.reisenweber-berlin.de/uns.html" "Mozilla/5.0 (Macintosh; Intel Mac OS X 10_8_2) AppleWebKit/536.26.17 (KHTML, like Gecko) Version/6.0.2 Safari/536.26.17"
79.247.170.173 - - [03/Dec/2012:19:51:58 +0100] "GET /img/pfeil-grau.gif HTTP/1.1" 200 73 "http://www.reisenweber-berlin.de/uns.html" "Mozilla/5.0 (Macintosh; Intel Mac OS X 10_8_2) AppleWebKit/536.26.17 (KHTML, like Gecko) Version/6.0.2 Safari/536.26.17"
79.247.170.173 - - [03/Dec/2012:19:51:58 +0100] "GET /img/tbl_left.png HTTP/1.1" 200 236 "http://www.reisenweber-berlin.de/uns.html" "Mozilla/5.0 (Macintosh; Intel Mac OS X 10_8_2) AppleWebKit/536.26.17 (KHTML, like Gecko) Version/6.0.2 Safari/536.26.17"
79.247.170.173 - - [03/Dec/2012:19:51:58 +0100] "GET /img/hg_tbl.png HTTP/1.1" 200 190 "http://www.reisenweber-berlin.de/uns.html" "Mozilla/5.0 (Macintosh; Intel Mac OS X 10_8_2) AppleWebKit/536.26.17 (KHTML, like Gecko) Version/6.0.2 Safari/536.26.17"
79.247.170.173 - - [03/Dec/2012:19:51:58 +0100] "GET /img/laden.jpg HTTP/1.1" 200 25856 "http://www.reisenweber-berlin.de/uns.html" "Mozilla/5.0 (Macintosh; Intel Mac OS X 10_8_2) AppleWebKit/536.26.17 (KHTML, like Gecko) Version/6.0.2 Safari/536.26.17"
79.247.170.173 - - [03/Dec/2012:19:51:59 +0100] "GET /img/damen-01.jpg HTTP/1.1" 200 6064 "http://www.reisenweber-berlin.de/uns.html" "Mozilla/5.0 (Macintosh; Intel Mac OS X 10_8_2) AppleWebKit/536.26.17 (KHTML, like Gecko) Version/6.0.2 Safari/536.26.17"
79.247.170.173 - - [03/Dec/2012:19:51:59 +0100] "GET /img/damen-03.jpg HTTP/1.1" 200 30544 "http://www.reisenweber-berlin.de/uns.html" "Mozilla/5.0 (Macintosh; Intel Mac OS X 10_8_2) AppleWebKit/536.26.17 (KHTML, like Gecko) Version/6.0.2 Safari/536.26.17"
79.247.170.173 - - [03/Dec/2012:19:51:59 +0100] "GET /img/damen-05.jpg HTTP/1.1" 200 4320 "http://www.reisenweber-berlin.de/uns.html" "Mozilla/5.0 (Macintosh; Intel Mac OS X 10_8_2) AppleWebKit/536.26.17 (KHTML, like Gecko) Version/6.0.2 Safari/536.26.17"
79.247.170.173 - - [03/Dec/2012:19:51:59 +0100] "GET /img/damen-04.jpg HTTP/1.1" 200 8157 "http://www.reisenweber-berlin.de/uns.html" "Mozilla/5.0 (Macintosh; Intel Mac OS X 10_8_2) AppleWebKit/536.26.17 (KHTML, like Gecko) Version/6.0.2 Safari/536.26.17"
79.247.170.173 - - [03/Dec/2012:19:51:59 +0100] "GET /img/damen-02.jpg HTTP/1.1" 200 6205 "http://www.reisenweber-berlin.de/uns.html" "Mozilla/5.0 (Macintosh; Intel Mac OS X 10_8_2) AppleWebKit/536.26.17 (KHTML, like Gecko) Version/6.0.2 Safari/536.26.17"
79.247.170.173 - - [03/Dec/2012:19:51:59 +0100] "GET /img/tbl_right.png HTTP/1.1" 200 227 "http://www.reisenweber-berlin.de/uns.html" "Mozilla/5.0 (Macintosh; Intel Mac OS X 10_8_2) AppleWebKit/536.26.17 (KHTML, like Gecko) Version/6.0.2 Safari/536.26.17"
79.247.170.173 - - [03/Dec/2012:19:51:59 +0100] "GET /favicon.ico HTTP/1.1" 404 1256 "http://www.reisenweber-berlin.de/uns.html" "Mozilla/5.0 (Macintosh; Intel Mac OS X 10_8_2) AppleWebKit/536.26.17 (KHTML, like Gecko) Version/6.0.2 Safari/536.26.17"
79.247.170.173 - - [03/Dec/2012:19:51:59 +0100] "GET /img/tbl_down.png HTTP/1.1" 200 197 "http://www.reisenweber-berlin.de/uns.html" "Mozilla/5.0 (Macintosh; Intel Mac OS X 10_8_2) AppleWebKit/536.26.17 (KHTML, like Gecko) Version/6.0.2 Safari/536.26.17"
