52.53.201.78 - - [23/Jun/2018:22:04:23 +0200] "GET / HTTP/1.1" 301 376 "-" "Mozilla/5.0 (Macintosh; Intel Mac OS X 10_12_6) AppleWebKit/537.36 (KHTML, like Gecko) Chrome/61.0.3163.100 Safari/537.36"
52.53.201.78 - - [23/Jun/2018:23:36:40 +0200] "GET / HTTP/1.1" 301 382 "-" "Mozilla/5.0 (Macintosh; Intel Mac OS X 10_12_6) AppleWebKit/537.36 (KHTML, like Gecko) Chrome/61.0.3163.100 Safari/537.36"
52.53.201.78 - - [24/Jun/2018:00:30:56 +0200] "GET / HTTP/1.1" 301 367 "-" "Mozilla/5.0 (Macintosh; Intel Mac OS X 10_12_6) AppleWebKit/537.36 (KHTML, like Gecko) Chrome/61.0.3163.100 Safari/537.36"
74.117.179.72 - - [24/Jun/2018:02:04:11 +0200] "GET / HTTP/1.1" 301 365 "-" "Mozilla/5.0 (Macintosh; Intel Mac OS X 10.6; rv:9.0) Gecko/20100101 Firefox/9.0"
138.201.30.66 - - [24/Jun/2018:08:18:24 +0200] "GET /robots.txt HTTP/1.1" 301 375 "-" "Mozilla/5.0 (compatible; SEOkicks-Robot; +https://www.seokicks.de/robot.html)"
138.201.30.66 - - [24/Jun/2018:08:18:25 +0200] "GET / HTTP/1.1" 301 365 "-" "Mozilla/5.0 (compatible; SEOkicks-Robot; +https://www.seokicks.de/robot.html)"
134.119.187.211 - - [24/Jun/2018:09:03:32 +0200] "GET / HTTP/1.1" 301 365 "http://www.sibt.de" "Mozilla/5.0 (Windows NT 6.1; WOW64) AppleWebKit/537.36 (KHTML, like Gecko) Chrome/52.0.2743.116 Safari/537.36"
52.53.201.78 - - [24/Jun/2018:16:11:54 +0200] "GET / HTTP/1.1" 301 379 "-" "Mozilla/5.0 (Macintosh; Intel Mac OS X 10_12_6) AppleWebKit/537.36 (KHTML, like Gecko) Chrome/61.0.3163.100 Safari/537.36"
85.25.210.234 - - [24/Jun/2018:16:47:58 +0200] "GET /robots.txt HTTP/1.1" 301 375 "-" "Mozilla/5.0 (compatible; adscanner/)"
85.25.210.234 - - [24/Jun/2018:16:47:59 +0200] "GET /fire HTTP/1.1" 301 369 "-" "Mozilla/5.0 (compatible; adscanner/)"
144.76.172.177 - - [24/Jun/2018:17:35:14 +0200] "GET /robots.txt HTTP/1.1" 301 377 "http://www.sitedomain.de/" "Sitedomain-Bot(Sitedomain-Bot 1.0, http://www.sitedomain.de/sitedomain-bot/)"
37.187.56.76 - - [25/Jun/2018:03:14:24 +0200] "GET /robots.txt HTTP/1.0" 301 386 "-" ""
52.53.201.78 - - [25/Jun/2018:04:21:10 +0200] "GET / HTTP/1.1" 301 384 "-" "Mozilla/5.0 (Macintosh; Intel Mac OS X 10_12_6) AppleWebKit/537.36 (KHTML, like Gecko) Chrome/61.0.3163.100 Safari/537.36"
109.102.111.88 - - [25/Jun/2018:08:17:54 +0200] "GET / HTTP/1.1" 301 365 "-" "Java/1.6.0_04"
109.102.111.88 - - [25/Jun/2018:08:17:54 +0200] "GET /contact.php HTTP/1.1" 301 376 "-" "Java/1.6.0_04"
109.102.111.88 - - [25/Jun/2018:08:17:54 +0200] "GET /faq.php HTTP/1.1" 301 372 "-" "Java/1.6.0_04"
109.102.111.88 - - [25/Jun/2018:08:17:54 +0200] "GET /index.php HTTP/1.1" 301 374 "-" "Java/1.6.0_04"
109.102.111.88 - - [25/Jun/2018:08:17:57 +0200] "GET /optiuni.php HTTP/1.1" 301 376 "-" "Java/1.6.0_04"
109.102.111.88 - - [25/Jun/2018:08:17:58 +0200] "GET /piwik.php HTTP/1.1" 301 374 "-" "Java/1.6.0_04"
109.102.111.88 - - [25/Jun/2018:08:17:58 +0200] "GET /termeni.php HTTP/1.1" 301 376 "-" "Java/1.6.0_04"
109.102.111.88 - - [25/Jun/2018:08:17:58 +0200] "GET /images/T.png HTTP/1.1" 301 377 "-" "Java/1.6.0_04"
109.102.111.88 - - [25/Jun/2018:08:17:58 +0200] "GET /images/branding-top.png HTTP/1.1" 301 388 "-" "Java/1.6.0_04"
109.102.111.88 - - [25/Jun/2018:08:17:59 +0200] "GET /images/google.png HTTP/1.1" 301 382 "-" "Java/1.6.0_04"
109.102.111.88 - - [25/Jun/2018:08:17:59 +0200] "GET /images/identity.png HTTP/1.1" 301 384 "-" "Java/1.6.0_04"
109.102.111.88 - - [25/Jun/2018:08:17:59 +0200] "GET /images/lh.png HTTP/1.1" 301 378 "-" "Java/1.6.0_04"
109.102.111.88 - - [25/Jun/2018:08:17:59 +0200] "GET /images/powered-by-t.png HTTP/1.1" 301 388 "-" "Java/1.6.0_04"
109.102.111.88 - - [25/Jun/2018:08:17:59 +0200] "GET /images/sep.png HTTP/1.1" 301 379 "-" "Java/1.6.0_04"
109.102.111.88 - - [25/Jun/2018:08:17:59 +0200] "GET /js/jquery.js HTTP/1.1" 301 377 "-" "Java/1.6.0_04"
109.102.111.88 - - [25/Jun/2018:08:18:00 +0200] "GET /images/contact.php HTTP/1.1" 301 383 "-" "Java/1.6.0_04"
109.102.111.88 - - [25/Jun/2018:08:18:00 +0200] "GET /images/faq.php HTTP/1.1" 301 379 "-" "Java/1.6.0_04"
109.102.111.88 - - [25/Jun/2018:08:18:00 +0200] "GET /images/index.php HTTP/1.1" 301 381 "-" "Java/1.6.0_04"
109.102.111.88 - - [25/Jun/2018:08:18:00 +0200] "GET /images/optiuni.php HTTP/1.1" 301 383 "-" "Java/1.6.0_04"
109.102.111.88 - - [25/Jun/2018:08:18:00 +0200] "GET /images/piwik.php HTTP/1.1" 301 381 "-" "Java/1.6.0_04"
109.102.111.88 - - [25/Jun/2018:08:18:00 +0200] "GET /images/termeni.php HTTP/1.1" 301 383 "-" "Java/1.6.0_04"
109.102.111.88 - - [25/Jun/2018:08:18:01 +0200] "GET /js/contact.php HTTP/1.1" 301 379 "-" "Java/1.6.0_04"
109.102.111.88 - - [25/Jun/2018:08:18:01 +0200] "GET /js/faq.php HTTP/1.1" 301 375 "-" "Java/1.6.0_04"
109.102.111.88 - - [25/Jun/2018:08:18:01 +0200] "GET /js/index.php HTTP/1.1" 301 377 "-" "Java/1.6.0_04"
109.102.111.88 - - [25/Jun/2018:08:18:01 +0200] "GET /js/optiuni.php HTTP/1.1" 301 379 "-" "Java/1.6.0_04"
109.102.111.88 - - [25/Jun/2018:08:18:01 +0200] "GET /js/piwik.php HTTP/1.1" 301 377 "-" "Java/1.6.0_04"
109.102.111.88 - - [25/Jun/2018:08:18:01 +0200] "GET /js/termeni.php HTTP/1.1" 301 379 "-" "Java/1.6.0_04"
109.102.111.88 - - [25/Jun/2018:08:18:02 +0200] "GET //www.googletagmanager.com/ns.html?id=GTM-5LVDRM HTTP/1.1" 301 411 "-" "Java/1.6.0_04"
109.102.111.88 - - [25/Jun/2018:08:18:02 +0200] "GET /images/images/T.png HTTP/1.1" 301 384 "-" "Java/1.6.0_04"
109.102.111.88 - - [25/Jun/2018:08:18:02 +0200] "GET /images/images/branding-top.png HTTP/1.1" 301 395 "-" "Java/1.6.0_04"
66.249.64.7 - - [25/Jun/2018:09:03:01 +0200] "GET /robots.txt HTTP/1.1" 301 384 "-" "Mozilla/5.0 (compatible; Googlebot/2.1; +http://www.google.com/bot.html)"
66.249.64.5 - - [25/Jun/2018:09:03:01 +0200] "GET / HTTP/1.1" 301 374 "-" "Mozilla/5.0 (compatible; Googlebot/2.1; +http://www.google.com/bot.html)"
91.121.109.55 - - [25/Jun/2018:10:45:56 +0200] "GET /robots.txt HTTP/1.1" 301 375 "-" "Mozilla/5.0 (compatible; MJ12bot/v1.4.8; http://mj12bot.com/)"
91.121.109.55 - - [25/Jun/2018:10:46:25 +0200] "GET / HTTP/1.0" 301 365 "-" "Mozilla/5.0 (compatible; MJ12bot/v1.4.8; http://mj12bot.com/)"
52.53.201.78 - - [25/Jun/2018:14:46:09 +0200] "GET / HTTP/1.1" 301 374 "-" "Mozilla/5.0 (Macintosh; Intel Mac OS X 10_12_6) AppleWebKit/537.36 (KHTML, like Gecko) Chrome/61.0.3163.100 Safari/537.36"
85.25.210.234 - - [25/Jun/2018:14:52:57 +0200] "GET /robots.txt HTTP/1.1" 301 375 "-" "Mozilla/5.0 (compatible; adscanner/)"
85.25.210.234 - - [25/Jun/2018:14:52:59 +0200] "GET /text/11030600_0000.htm HTTP/1.1" 301 387 "-" "Mozilla/5.0 (compatible; adscanner/)"
141.8.141.131 - - [25/Jun/2018:16:54:29 +0200] "GET /robots.txt HTTP/1.1" 301 375 "-" "Mozilla/5.0 (compatible; YandexBot/3.0; +http://yandex.com/bots)"
141.8.141.131 - - [25/Jun/2018:16:54:33 +0200] "GET / HTTP/1.1" 301 365 "-" "Mozilla/5.0 (compatible; YandexBot/3.0; +http://yandex.com/bots)"
144.76.40.222 - - [25/Jun/2018:19:25:28 +0200] "GET /robots.txt HTTP/1.1" 301 386 "-" "Mozilla/5.0 (compatible; MJ12bot/v1.4.8; http://mj12bot.com/)"
144.76.40.222 - - [25/Jun/2018:19:25:33 +0200] "GET / HTTP/1.0" 301 376 "-" "Mozilla/5.0 (compatible; MJ12bot/v1.4.8; http://mj12bot.com/)"
185.220.102.4 - - [25/Jun/2018:20:26:50 +0200] "GET / HTTP/1.1" 301 384 "-" "Mozilla/5.0 (X11; Linux x86_64) AppleWebKit/537.36 (KHTML, like Gecko) Chrome/51.0.2704.103 Safari/537.36"
138.201.59.34 - - [25/Jun/2018:21:46:20 +0200] "GET /robots.txt HTTP/1.0" 301 375 "-" "Mozilla/5.0 (compatible; SEOkicks-Robot; +http://www.seokicks.de/robot.html)"
138.201.59.34 - - [25/Jun/2018:21:46:21 +0200] "GET / HTTP/1.0" 301 365 "-" "Mozilla/5.0 (compatible; SEOkicks-Robot; +http://www.seokicks.de/robot.html)"
109.102.111.84 - - [25/Jun/2018:22:16:45 +0200] "GET / HTTP/1.1" 301 365 "-" "Java/1.6.0_04"
109.102.111.84 - - [25/Jun/2018:22:16:45 +0200] "GET /contact.php HTTP/1.1" 301 376 "-" "Java/1.6.0_04"
109.102.111.84 - - [25/Jun/2018:22:16:46 +0200] "GET /faq.php HTTP/1.1" 301 372 "-" "Java/1.6.0_04"
109.102.111.84 - - [25/Jun/2018:22:16:46 +0200] "GET /index.php HTTP/1.1" 301 374 "-" "Java/1.6.0_04"
109.102.111.84 - - [25/Jun/2018:22:16:46 +0200] "GET /optiuni.php HTTP/1.1" 301 376 "-" "Java/1.6.0_04"
109.102.111.84 - - [25/Jun/2018:22:16:49 +0200] "GET /piwik.php HTTP/1.1" 301 374 "-" "Java/1.6.0_04"
109.102.111.84 - - [25/Jun/2018:22:16:49 +0200] "GET /termeni.php HTTP/1.1" 301 376 "-" "Java/1.6.0_04"
109.102.111.84 - - [25/Jun/2018:22:16:50 +0200] "GET /images/T.png HTTP/1.1" 301 377 "-" "Java/1.6.0_04"
109.102.111.84 - - [25/Jun/2018:22:16:50 +0200] "GET /images/branding-top.png HTTP/1.1" 301 388 "-" "Java/1.6.0_04"
109.102.111.84 - - [25/Jun/2018:22:16:50 +0200] "GET /images/google.png HTTP/1.1" 301 382 "-" "Java/1.6.0_04"
109.102.111.84 - - [25/Jun/2018:22:16:50 +0200] "GET /images/identity.png HTTP/1.1" 301 384 "-" "Java/1.6.0_04"
109.102.111.84 - - [25/Jun/2018:22:16:50 +0200] "GET /images/lh.png HTTP/1.1" 301 378 "-" "Java/1.6.0_04"
109.102.111.84 - - [25/Jun/2018:22:16:50 +0200] "GET /images/powered-by-t.png HTTP/1.1" 301 388 "-" "Java/1.6.0_04"
109.102.111.84 - - [25/Jun/2018:22:16:51 +0200] "GET /images/sep.png HTTP/1.1" 301 379 "-" "Java/1.6.0_04"
109.102.111.84 - - [25/Jun/2018:22:16:51 +0200] "GET /js/jquery.js HTTP/1.1" 301 377 "-" "Java/1.6.0_04"
109.102.111.84 - - [25/Jun/2018:22:16:51 +0200] "GET /images/contact.php HTTP/1.1" 301 383 "-" "Java/1.6.0_04"
109.102.111.84 - - [25/Jun/2018:22:16:51 +0200] "GET /images/faq.php HTTP/1.1" 301 379 "-" "Java/1.6.0_04"
109.102.111.84 - - [25/Jun/2018:22:16:51 +0200] "GET /images/index.php HTTP/1.1" 301 381 "-" "Java/1.6.0_04"
109.102.111.84 - - [25/Jun/2018:22:16:52 +0200] "GET /images/optiuni.php HTTP/1.1" 301 383 "-" "Java/1.6.0_04"
109.102.111.84 - - [25/Jun/2018:22:16:52 +0200] "GET /images/piwik.php HTTP/1.1" 301 381 "-" "Java/1.6.0_04"
109.102.111.84 - - [25/Jun/2018:22:16:52 +0200] "GET /images/termeni.php HTTP/1.1" 301 383 "-" "Java/1.6.0_04"
109.102.111.84 - - [25/Jun/2018:22:16:52 +0200] "GET /js/contact.php HTTP/1.1" 301 379 "-" "Java/1.6.0_04"
109.102.111.84 - - [25/Jun/2018:22:16:52 +0200] "GET /js/faq.php HTTP/1.1" 301 375 "-" "Java/1.6.0_04"
109.102.111.84 - - [25/Jun/2018:22:16:53 +0200] "GET /js/index.php HTTP/1.1" 301 377 "-" "Java/1.6.0_04"
109.102.111.84 - - [25/Jun/2018:22:16:53 +0200] "GET /js/optiuni.php HTTP/1.1" 301 379 "-" "Java/1.6.0_04"
109.102.111.84 - - [25/Jun/2018:22:16:53 +0200] "GET /js/piwik.php HTTP/1.1" 301 377 "-" "Java/1.6.0_04"
109.102.111.84 - - [25/Jun/2018:22:16:53 +0200] "GET /js/termeni.php HTTP/1.1" 301 379 "-" "Java/1.6.0_04"
109.102.111.84 - - [25/Jun/2018:22:16:53 +0200] "GET //www.googletagmanager.com/ns.html?id=GTM-5LVDRM HTTP/1.1" 301 411 "-" "Java/1.6.0_04"
109.102.111.84 - - [25/Jun/2018:22:16:54 +0200] "GET /images/images/T.png HTTP/1.1" 301 384 "-" "Java/1.6.0_04"
109.102.111.84 - - [25/Jun/2018:22:16:54 +0200] "GET /images/images/branding-top.png HTTP/1.1" 301 395 "-" "Java/1.6.0_04"
52.53.201.78 - - [26/Jun/2018:00:25:00 +0200] "GET / HTTP/1.1" 301 365 "-" "Mozilla/5.0 (Macintosh; Intel Mac OS X 10_12_6) AppleWebKit/537.36 (KHTML, like Gecko) Chrome/61.0.3163.100 Safari/537.36"
52.53.201.78 - - [26/Jun/2018:00:36:25 +0200] "GET / HTTP/1.1" 301 376 "-" "Mozilla/5.0 (Macintosh; Intel Mac OS X 10_12_6) AppleWebKit/537.36 (KHTML, like Gecko) Chrome/61.0.3163.100 Safari/537.36"
66.249.64.150 - - [26/Jun/2018:01:11:57 +0200] "GET /robots.txt HTTP/1.1" 301 375 "-" "Mozilla/5.0 (compatible; Googlebot/2.1; +http://www.google.com/bot.html)"
66.249.64.154 - - [26/Jun/2018:01:11:58 +0200] "GET / HTTP/1.1" 301 365 "-" "Mozilla/5.0 (compatible; Googlebot/2.1; +http://www.google.com/bot.html)"
134.119.187.211 - - [26/Jun/2018:01:47:40 +0200] "GET / HTTP/1.1" 301 376 "http://www.algorex-partner.de" "Mozilla/5.0 (Windows NT 6.1; WOW64) AppleWebKit/537.36 (KHTML, like Gecko) Chrome/52.0.2743.116 Safari/537.36"
52.53.201.78 - - [26/Jun/2018:02:14:08 +0200] "GET / HTTP/1.1" 301 382 "-" "Mozilla/5.0 (Macintosh; Intel Mac OS X 10_12_6) AppleWebKit/537.36 (KHTML, like Gecko) Chrome/61.0.3163.100 Safari/537.36"
66.249.64.154 - - [26/Jun/2018:02:58:27 +0200] "GET / HTTP/1.1" 301 365 "-" "Mozilla/5.0 (Linux; Android 6.0.1; Nexus 5X Build/MMB29P) AppleWebKit/537.36 (KHTML, like Gecko) Chrome/41.0.2272.96 Mobile Safari/537.36 (compatible; Googlebot/2.1; +http://www.google.com/bot.html)"
52.53.201.78 - - [26/Jun/2018:03:12:08 +0200] "GET / HTTP/1.1" 301 367 "-" "Mozilla/5.0 (Macintosh; Intel Mac OS X 10_12_6) AppleWebKit/537.36 (KHTML, like Gecko) Chrome/61.0.3163.100 Safari/537.36"
185.173.176.183 - - [26/Jun/2018:06:39:00 +0200] "GET / HTTP/1.1" 301 365 "-" "Java/1.4.1_04"
66.249.64.147 - - [26/Jun/2018:07:27:53 +0200] "GET /robots.txt HTTP/1.1" 301 386 "-" "Mozilla/5.0 (compatible; Googlebot/2.1; +http://www.google.com/bot.html)"
66.249.64.151 - - [26/Jun/2018:07:27:54 +0200] "GET / HTTP/1.1" 301 376 "-" "Mozilla/5.0 (compatible; Googlebot/2.1; +http://www.google.com/bot.html)"
141.8.141.131 - - [26/Jun/2018:08:25:43 +0200] "GET /robots.txt HTTP/1.1" 301 392 "-" "Mozilla/5.0 (compatible; YandexBot/3.0; +http://yandex.com/bots)"
141.8.141.131 - - [26/Jun/2018:08:25:47 +0200] "GET / HTTP/1.1" 301 382 "-" "Mozilla/5.0 (compatible; YandexBot/3.0; +http://yandex.com/bots)"
66.249.64.145 - - [26/Jun/2018:10:32:14 +0200] "GET /robots.txt HTTP/1.1" 301 392 "-" "Mozilla/5.0 (compatible; Googlebot/2.1; +http://www.google.com/bot.html)"
66.249.64.145 - - [26/Jun/2018:10:32:15 +0200] "GET / HTTP/1.1" 301 382 "-" "Mozilla/5.0 (compatible; Googlebot/2.1; +http://www.google.com/bot.html)"
66.249.64.131 - - [26/Jun/2018:11:22:05 +0200] "GET /robots.txt HTTP/1.1" 301 394 "-" "Mozilla/5.0 (compatible; Googlebot/2.1; +http://www.google.com/bot.html)"
66.249.64.158 - - [26/Jun/2018:11:22:06 +0200] "GET / HTTP/1.1" 301 384 "-" "Mozilla/5.0 (Linux; Android 6.0.1; Nexus 5X Build/MMB29P) AppleWebKit/537.36 (KHTML, like Gecko) Chrome/41.0.2272.96 Mobile Safari/537.36 (compatible; Googlebot/2.1; +http://www.google.com/bot.html)"
66.249.64.152 - - [26/Jun/2018:13:29:29 +0200] "GET /robots.txt HTTP/1.1" 301 377 "-" "Mozilla/5.0 (compatible; Googlebot/2.1; +http://www.google.com/bot.html)"
66.249.64.148 - - [26/Jun/2018:13:29:29 +0200] "GET / HTTP/1.1" 301 367 "-" "Mozilla/5.0 (compatible; Googlebot/2.1; +http://www.google.com/bot.html)"
66.249.64.152 - - [26/Jun/2018:15:09:12 +0200] "GET / HTTP/1.1" 301 367 "-" "Mozilla/5.0 (Linux; Android 6.0.1; Nexus 5X Build/MMB29P) AppleWebKit/537.36 (KHTML, like Gecko) Chrome/41.0.2272.96 Mobile Safari/537.36 (compatible; Googlebot/2.1; +http://www.google.com/bot.html)"
66.249.64.7 - - [26/Jun/2018:15:34:51 +0200] "GET /robots.txt HTTP/1.1" 301 384 "-" "Mozilla/5.0 (compatible; Googlebot/2.1; +http://www.google.com/bot.html)"
66.249.64.7 - - [26/Jun/2018:15:34:51 +0200] "GET / HTTP/1.1" 301 374 "-" "Mozilla/5.0 (Linux; Android 6.0.1; Nexus 5X Build/MMB29P) AppleWebKit/537.36 (KHTML, like Gecko) Chrome/41.0.2272.96 Mobile Safari/537.36 (compatible; Googlebot/2.1; +http://www.google.com/bot.html)"
178.63.72.77 - - [26/Jun/2018:15:55:35 +0200] "GET / HTTP/1.1" 301 376 "www.algorex-partner.de" "Mozilla/5.0 (Windows NT 6.2; WOW64; rv:15.0) Gecko/20100101 Firefox/15.0.1"
52.53.201.78 - - [26/Jun/2018:19:36:06 +0200] "GET / HTTP/1.1" 301 379 "-" "Mozilla/5.0 (Macintosh; Intel Mac OS X 10_12_6) AppleWebKit/537.36 (KHTML, like Gecko) Chrome/61.0.3163.100 Safari/537.36"
66.249.64.149 - - [26/Jun/2018:20:33:39 +0200] "GET / HTTP/1.1" 301 382 "-" "Mozilla/5.0 (Linux; Android 6.0.1; Nexus 5X Build/MMB29P) AppleWebKit/537.36 (KHTML, like Gecko) Chrome/41.0.2272.96 Mobile Safari/537.36 (compatible; Googlebot/2.1; +http://www.google.com/bot.html)"
178.63.72.77 - - [26/Jun/2018:21:55:27 +0200] "GET / HTTP/1.1" 301 365 "www.sibt.de" "Mozilla/5.0 (Windows NT 6.2; WOW64; rv:15.0) Gecko/20100101 Firefox/15.0.1"
195.201.161.61 - - [26/Jun/2018:23:16:48 +0200] "GET /robots.txt HTTP/1.1" 301 375 "-" "Mozilla/5.0 (compatible; SEOkicks-Robot; +https://www.seokicks.de/robot.html)"
195.201.161.61 - - [26/Jun/2018:23:16:51 +0200] "GET / HTTP/1.1" 301 365 "-" "Mozilla/5.0 (compatible; SEOkicks-Robot; +https://www.seokicks.de/robot.html)"
195.201.161.61 - - [26/Jun/2018:23:16:55 +0200] "GET /sitemap.xml HTTP/1.1" 301 376 "-" "Mozilla/5.0 (compatible; SEOkicks-Robot; +https://www.seokicks.de/robot.html)"
195.201.161.61 - - [26/Jun/2018:23:16:56 +0200] "GET /text/11030600_0000.htm HTTP/1.1" 301 387 "-" "Mozilla/5.0 (compatible; SEOkicks-Robot; +https://www.seokicks.de/robot.html)"
195.201.161.61 - - [26/Jun/2018:23:16:58 +0200] "GET /fire HTTP/1.1" 301 369 "-" "Mozilla/5.0 (compatible; SEOkicks-Robot; +https://www.seokicks.de/robot.html)"
198.27.80.144 - - [27/Jun/2018:01:21:39 +0200] "GET /robots.txt HTTP/1.0" 301 375 "-" ""
87.250.244.125 - - [27/Jun/2018:02:25:48 +0200] "GET /robots.txt HTTP/1.1" 301 392 "-" "Mozilla/5.0 (compatible; YandexBot/3.0; +http://yandex.com/bots)"
87.250.244.125 - - [27/Jun/2018:02:25:52 +0200] "GET / HTTP/1.1" 301 382 "-" "Mozilla/5.0 (compatible; YandexBot/3.0; +http://yandex.com/bots)"
66.249.64.147 - - [27/Jun/2018:04:16:28 +0200] "GET /robots.txt HTTP/1.1" 301 386 "-" "Mozilla/5.0 (compatible; Googlebot/2.1; +http://www.google.com/bot.html)"
66.249.64.149 - - [27/Jun/2018:04:16:28 +0200] "GET / HTTP/1.1" 301 376 "-" "Mozilla/5.0 (Linux; Android 6.0.1; Nexus 5X Build/MMB29P) AppleWebKit/537.36 (KHTML, like Gecko) Chrome/41.0.2272.96 Mobile Safari/537.36 (compatible; Googlebot/2.1; +http://www.google.com/bot.html)"
66.249.64.158 - - [27/Jun/2018:07:30:07 +0200] "GET /robots.txt HTTP/1.1" 301 394 "-" "Mozilla/5.0 (compatible; Googlebot/2.1; +http://www.google.com/bot.html)"
66.249.64.131 - - [27/Jun/2018:07:30:07 +0200] "GET / HTTP/1.1" 301 384 "-" "Mozilla/5.0 (compatible; Googlebot/2.1; +http://www.google.com/bot.html)"
52.53.201.78 - - [27/Jun/2018:08:03:39 +0200] "GET / HTTP/1.1" 301 384 "-" "Mozilla/5.0 (Macintosh; Intel Mac OS X 10_12_6) AppleWebKit/537.36 (KHTML, like Gecko) Chrome/61.0.3163.100 Safari/537.36"
85.14.251.114 - - [27/Jun/2018:09:43:42 +0200] "GET / HTTP/1.1" 301 382 "-" "Mozilla/5.0 (Windows NT 10.0; WOW64; Trident/7.0; rv:11.0) like Gecko"
138.201.59.34 - - [27/Jun/2018:17:15:07 +0200] "GET /robots.txt HTTP/1.0" 301 375 "-" "Mozilla/5.0 (compatible; SEOkicks-Robot; +http://www.seokicks.de/robot.html)"
138.201.59.34 - - [27/Jun/2018:17:15:11 +0200] "GET / HTTP/1.0" 301 365 "-" "Mozilla/5.0 (compatible; SEOkicks-Robot; +http://www.seokicks.de/robot.html)"
52.53.201.78 - - [27/Jun/2018:18:26:05 +0200] "GET / HTTP/1.1" 301 374 "-" "Mozilla/5.0 (Macintosh; Intel Mac OS X 10_12_6) AppleWebKit/537.36 (KHTML, like Gecko) Chrome/61.0.3163.100 Safari/537.36"
159.89.187.10 - - [28/Jun/2018:03:50:34 +0200] "GET /robots.txt HTTP/1.1" 301 375 "-" "Mozilla/5.0 (compatible; spbot/5.0.3; +http://OpenLinkProfiler.org/bot )"
52.53.201.78 - - [28/Jun/2018:04:16:07 +0200] "GET / HTTP/1.1" 301 365 "-" "Mozilla/5.0 (Macintosh; Intel Mac OS X 10_12_6) AppleWebKit/537.36 (KHTML, like Gecko) Chrome/61.0.3163.100 Safari/537.36"
52.53.201.78 - - [28/Jun/2018:04:27:40 +0200] "GET / HTTP/1.1" 301 376 "-" "Mozilla/5.0 (Macintosh; Intel Mac OS X 10_12_6) AppleWebKit/537.36 (KHTML, like Gecko) Chrome/61.0.3163.100 Safari/537.36"
52.53.201.78 - - [28/Jun/2018:06:11:01 +0200] "GET / HTTP/1.1" 301 382 "-" "Mozilla/5.0 (Macintosh; Intel Mac OS X 10_12_6) AppleWebKit/537.36 (KHTML, like Gecko) Chrome/61.0.3163.100 Safari/537.36"
52.53.201.78 - - [28/Jun/2018:07:08:33 +0200] "GET / HTTP/1.1" 301 367 "-" "Mozilla/5.0 (Macintosh; Intel Mac OS X 10_12_6) AppleWebKit/537.36 (KHTML, like Gecko) Chrome/61.0.3163.100 Safari/537.36"
144.76.172.177 - - [28/Jun/2018:12:50:43 +0200] "GET /robots.txt HTTP/1.1" 301 386 "http://www.sitedomain.de/" "Sitedomain-Bot(Sitedomain-Bot 1.0, http://www.sitedomain.de/sitedomain-bot/)"
148.251.238.6 - - [28/Jun/2018:18:49:19 +0200] "GET / HTTP/1.1" 301 365 "-" "Opera/9.00 (Windows NT 5.1; U; de)"
148.251.238.6 - - [28/Jun/2018:18:49:20 +0200] "GET /robots.txt HTTP/1.1" 301 375 "-" "libwww-perl/6.15"
148.251.238.6 - - [28/Jun/2018:18:49:20 +0200] "GET / HTTP/1.1" 301 365 "-" "Opera/9.00 (Windows NT 5.1; U; de)"
138.201.59.34 - - [28/Jun/2018:23:33:45 +0200] "GET /robots.txt HTTP/1.0" 301 375 "-" "Mozilla/5.0 (compatible; SEOkicks-Robot; +http://www.seokicks.de/robot.html)"
138.201.59.34 - - [28/Jun/2018:23:34:27 +0200] "GET / HTTP/1.0" 301 365 "-" "Mozilla/5.0 (compatible; SEOkicks-Robot; +http://www.seokicks.de/robot.html)"
52.53.201.78 - - [28/Jun/2018:23:47:06 +0200] "GET / HTTP/1.1" 301 379 "-" "Mozilla/5.0 (Macintosh; Intel Mac OS X 10_12_6) AppleWebKit/537.36 (KHTML, like Gecko) Chrome/61.0.3163.100 Safari/537.36"
80.146.228.119 - - [29/Jun/2018:08:55:40 +0200] "GET / HTTP/1.1" 301 376 "-" "Mozilla/5.0 (Windows NT 6.1; WOW64; Trident/7.0; rv:11.0) like Gecko"
52.53.201.78 - - [29/Jun/2018:12:31:07 +0200] "GET / HTTP/1.1" 301 384 "-" "Mozilla/5.0 (Macintosh; Intel Mac OS X 10_12_6) AppleWebKit/537.36 (KHTML, like Gecko) Chrome/61.0.3163.100 Safari/537.36"
66.249.64.154 - - [29/Jun/2018:17:46:39 +0200] "GET /robots.txt HTTP/1.1" 301 375 "-" "Mozilla/5.0 (compatible; Googlebot/2.1; +http://www.google.com/bot.html)"
66.249.64.150 - - [29/Jun/2018:17:46:40 +0200] "GET /security HTTP/1.1" 301 373 "-" "Mozilla/5.0 (compatible; Googlebot/2.1; +http://www.google.com/bot.html)"
62.138.0.25 - - [29/Jun/2018:17:48:42 +0200] "GET /robots.txt HTTP/1.1" 301 375 "-" "Mozilla/5.0 (compatible; adscanner/)"
62.138.0.25 - - [29/Jun/2018:17:48:50 +0200] "GET / HTTP/1.1" 301 365 "-" "Mozilla/5.0 (compatible; adscanner/)"
141.8.141.131 - - [29/Jun/2018:20:59:56 +0200] "GET /robots.txt HTTP/1.1" 301 375 "-" "Mozilla/5.0 (compatible; YandexBot/3.0; +http://yandex.com/bots)"
141.8.141.131 - - [29/Jun/2018:21:00:00 +0200] "GET / HTTP/1.1" 301 365 "-" "Mozilla/5.0 (compatible; YandexBot/3.0; +http://yandex.com/bots)"
52.53.201.78 - - [29/Jun/2018:22:49:44 +0200] "GET / HTTP/1.1" 301 374 "-" "Mozilla/5.0 (Macintosh; Intel Mac OS X 10_12_6) AppleWebKit/537.36 (KHTML, like Gecko) Chrome/61.0.3163.100 Safari/537.36"
52.53.201.78 - - [30/Jun/2018:08:20:04 +0200] "GET / HTTP/1.1" 301 365 "-" "Mozilla/5.0 (Macintosh; Intel Mac OS X 10_12_6) AppleWebKit/537.36 (KHTML, like Gecko) Chrome/61.0.3163.100 Safari/537.36"
52.53.201.78 - - [30/Jun/2018:08:30:52 +0200] "GET / HTTP/1.1" 301 376 "-" "Mozilla/5.0 (Macintosh; Intel Mac OS X 10_12_6) AppleWebKit/537.36 (KHTML, like Gecko) Chrome/61.0.3163.100 Safari/537.36"
52.53.201.78 - - [30/Jun/2018:10:03:44 +0200] "GET / HTTP/1.1" 301 382 "-" "Mozilla/5.0 (Macintosh; Intel Mac OS X 10_12_6) AppleWebKit/537.36 (KHTML, like Gecko) Chrome/61.0.3163.100 Safari/537.36"
141.8.141.131 - - [30/Jun/2018:11:00:09 +0200] "GET /robots.txt HTTP/1.1" 301 384 "-" "Mozilla/5.0 (compatible; YandexBot/3.0; +http://yandex.com/bots)"
141.8.141.131 - - [30/Jun/2018:11:00:12 +0200] "GET / HTTP/1.1" 301 374 "-" "Mozilla/5.0 (compatible; YandexBot/3.0; +http://yandex.com/bots)"
52.53.201.78 - - [30/Jun/2018:11:02:27 +0200] "GET / HTTP/1.1" 301 367 "-" "Mozilla/5.0 (Macintosh; Intel Mac OS X 10_12_6) AppleWebKit/537.36 (KHTML, like Gecko) Chrome/61.0.3163.100 Safari/537.36"
64.246.187.42 - - [30/Jun/2018:13:03:57 +0200] "GET /robots.txt HTTP/1.0" 301 386 "-" "Mozilla/5.0 (Macintosh; Intel Mac OS X 10.10; rv:59.0) Gecko/20100101 Firefox/59.0"
64.246.187.42 - - [30/Jun/2018:13:03:57 +0200] "GET / HTTP/1.1" 301 376 "-" "Mozilla/5.0 (Macintosh; Intel Mac OS X 10.10; rv:59.0) Gecko/20100101 Firefox/59.0"
35.189.227.50 - - [30/Jun/2018:21:11:42 +0200] "HEAD / HTTP/1.1" 301 - "-" "-"