79.152.24.7 - - [01/Jul/2014:03:38:20 +0200] "GET /env/jomox/jomox.html HTTP/1.1" 200 14935 "http://www.google.es/url?sa=t&rct=j&q=&esrc=s&source=web&cd=48&ved=0CFYQFjAHOCg&url=http%3A%2F%2Fwww.soundpatcher.de%2Fenv%2Fjomox%2Fjomox.html&ei=exCyU7TDK6my7Ab48IHwCw&usg=AFQjCNFErEkUJqkiJytAcevha869TnRBrg&bvm=bv.69837884,d.d2k" "Mozilla/5.0 (Windows NT 6.1; WOW64; rv:30.0) Gecko/20100101 Firefox/30.0"
79.152.24.7 - - [01/Jul/2014:03:38:21 +0200] "GET /env/jomox/images/span.jpg HTTP/1.1" 200 811 "http://www.soundpatcher.de/env/jomox/jomox.html" "Mozilla/5.0 (Windows NT 6.1; WOW64; rv:30.0) Gecko/20100101 Firefox/30.0"
79.152.24.7 - - [01/Jul/2014:03:38:21 +0200] "GET /env/jomox/images/logo_big.jpg HTTP/1.1" 200 12681 "http://www.soundpatcher.de/env/jomox/jomox.html" "Mozilla/5.0 (Windows NT 6.1; WOW64; rv:30.0) Gecko/20100101 Firefox/30.0"
79.152.24.7 - - [01/Jul/2014:03:38:21 +0200] "GET /env/jomox/images/pixel.gif HTTP/1.1" 200 43 "http://www.soundpatcher.de/env/jomox/jomox.html" "Mozilla/5.0 (Windows NT 6.1; WOW64; rv:30.0) Gecko/20100101 Firefox/30.0"
79.152.24.7 - - [01/Jul/2014:03:38:21 +0200] "GET /env/jomox/images/10x10_CCCCCC.jpg HTTP/1.1" 200 631 "http://www.soundpatcher.de/env/jomox/jomox.html" "Mozilla/5.0 (Windows NT 6.1; WOW64; rv:30.0) Gecko/20100101 Firefox/30.0"
79.152.24.7 - - [01/Jul/2014:03:38:21 +0200] "GET /env/jomox/images/15x15.jpg HTTP/1.1" 200 631 "http://www.soundpatcher.de/env/jomox/jomox.html" "Mozilla/5.0 (Windows NT 6.1; WOW64; rv:30.0) Gecko/20100101 Firefox/30.0"
79.152.24.7 - - [01/Jul/2014:03:38:21 +0200] "GET /env/jomox/pics/airbase99_small+.jpg HTTP/1.1" 200 5326 "http://www.soundpatcher.de/env/jomox/jomox.html" "Mozilla/5.0 (Windows NT 6.1; WOW64; rv:30.0) Gecko/20100101 Firefox/30.0"
79.152.24.7 - - [01/Jul/2014:03:38:21 +0200] "GET /favicon.ico HTTP/1.1" 404 1256 "-" "Mozilla/5.0 (Windows NT 6.1; WOW64; rv:30.0) Gecko/20100101 Firefox/30.0"
79.152.24.7 - - [01/Jul/2014:03:38:21 +0200] "GET /favicon.ico HTTP/1.1" 404 1256 "-" "Mozilla/5.0 (Windows NT 6.1; WOW64; rv:30.0) Gecko/20100101 Firefox/30.0"
79.152.24.7 - - [01/Jul/2014:03:38:39 +0200] "GET /env/env.html HTTP/1.1" 200 12438 "http://www.soundpatcher.de/env/jomox/jomox.html" "Mozilla/5.0 (Windows NT 6.1; WOW64; rv:30.0) Gecko/20100101 Firefox/30.0"
79.152.24.7 - - [01/Jul/2014:03:38:39 +0200] "GET /env/images/logo_big.jpg HTTP/1.1" 200 12681 "http://www.soundpatcher.de/env/env.html" "Mozilla/5.0 (Windows NT 6.1; WOW64; rv:30.0) Gecko/20100101 Firefox/30.0"
79.152.24.7 - - [01/Jul/2014:03:38:39 +0200] "GET /env/images/span.jpg HTTP/1.1" 200 811 "http://www.soundpatcher.de/env/env.html" "Mozilla/5.0 (Windows NT 6.1; WOW64; rv:30.0) Gecko/20100101 Firefox/30.0"
79.152.24.7 - - [01/Jul/2014:03:38:39 +0200] "GET /env/images/pixel.gif HTTP/1.1" 200 43 "http://www.soundpatcher.de/env/env.html" "Mozilla/5.0 (Windows NT 6.1; WOW64; rv:30.0) Gecko/20100101 Firefox/30.0"
79.152.24.7 - - [01/Jul/2014:03:38:39 +0200] "GET /env/images/10x10_CCCCCC.jpg HTTP/1.1" 200 631 "http://www.soundpatcher.de/env/env.html" "Mozilla/5.0 (Windows NT 6.1; WOW64; rv:30.0) Gecko/20100101 Firefox/30.0"
79.152.24.7 - - [01/Jul/2014:03:38:39 +0200] "GET /env/images/15x15.jpg HTTP/1.1" 200 631 "http://www.soundpatcher.de/env/env.html" "Mozilla/5.0 (Windows NT 6.1; WOW64; rv:30.0) Gecko/20100101 Firefox/30.0"
79.152.24.7 - - [01/Jul/2014:03:38:40 +0200] "GET /env/jomox/pics/airbase99_small.jpg HTTP/1.1" 200 5206 "http://www.soundpatcher.de/env/env.html" "Mozilla/5.0 (Windows NT 6.1; WOW64; rv:30.0) Gecko/20100101 Firefox/30.0"
79.152.24.7 - - [01/Jul/2014:03:38:40 +0200] "GET /env/roland/pics/sc880_small.jpg HTTP/1.1" 200 6144 "http://www.soundpatcher.de/env/env.html" "Mozilla/5.0 (Windows NT 6.1; WOW64; rv:30.0) Gecko/20100101 Firefox/30.0"
79.152.24.7 - - [01/Jul/2014:03:38:50 +0200] "GET /env/jomox/pics/pic_airbase99.html HTTP/1.1" 200 759 "http://www.soundpatcher.de/env/jomox/jomox.html" "Mozilla/5.0 (Windows NT 6.1; WOW64; rv:30.0) Gecko/20100101 Firefox/30.0"
79.152.24.7 - - [01/Jul/2014:03:38:50 +0200] "GET /env/jomox/pics/airbase99_mid.jpg HTTP/1.1" 200 155990 "http://www.soundpatcher.de/env/jomox/pics/pic_airbase99.html" "Mozilla/5.0 (Windows NT 6.1; WOW64; rv:30.0) Gecko/20100101 Firefox/30.0"
79.152.24.7 - - [01/Jul/2014:03:41:35 +0200] "GET /friends/friends.html HTTP/1.1" 401 1226 "http://www.soundpatcher.de/env/env.html" "Mozilla/5.0 (Windows NT 6.1; WOW64; rv:30.0) Gecko/20100101 Firefox/30.0"
79.152.24.7 - - [01/Jul/2014:03:41:43 +0200] "GET /phpBB2/index.php HTTP/1.1" 401 1226 "http://www.soundpatcher.de/env/env.html" "Mozilla/5.0 (Windows NT 6.1; WOW64; rv:30.0) Gecko/20100101 Firefox/30.0"
79.152.24.7 - - [01/Jul/2014:03:42:18 +0200] "GET /env/jomox/download/airbase99.LSO HTTP/1.1" 200 387896 "http://www.soundpatcher.de/env/jomox/jomox.html" "Mozilla/5.0 (Windows NT 6.1; WOW64; rv:30.0) Gecko/20100101 Firefox/30.0"
79.152.24.7 - - [01/Jul/2014:04:00:49 +0200] "GET /favicon.ico HTTP/1.1" 404 1256 "-" "Mozilla/5.0 (Windows NT 6.1; WOW64; rv:30.0) Gecko/20100101 Firefox/30.0"
79.152.24.7 - - [01/Jul/2014:04:00:50 +0200] "GET /favicon.ico HTTP/1.1" 404 1256 "-" "Mozilla/5.0 (Windows NT 6.1; WOW64; rv:30.0) Gecko/20100101 Firefox/30.0"
79.152.31.141 - - [01/Jul/2014:11:41:55 +0200] "GET /favicon.ico HTTP/1.1" 404 1256 "-" "Mozilla/5.0 (Windows NT 6.1; WOW64; rv:30.0) Gecko/20100101 Firefox/30.0"
79.152.31.141 - - [01/Jul/2014:11:41:55 +0200] "GET /favicon.ico HTTP/1.1" 404 1256 "-" "Mozilla/5.0 (Windows NT 6.1; WOW64; rv:30.0) Gecko/20100101 Firefox/30.0"
66.249.78.248 - - [01/Jul/2014:13:42:50 +0200] "GET /robots.txt HTTP/1.1" 200 298 "-" "Mozilla/5.0 (compatible; Googlebot/2.1; +http://www.google.com/bot.html)"
66.249.78.241 - - [01/Jul/2014:13:42:50 +0200] "GET /mmwdbfpndnczmh.html HTTP/1.1" 404 1256 "-" "Mozilla/5.0 (compatible; Googlebot/2.1; +http://www.google.com/bot.html)"
54.211.240.243 - - [02/Jul/2014:03:49:40 +0200] "GET /robots.txt HTTP/1.1" 200 298 "-" "stq_bot (+http://www.searchteq.de)"
54.211.240.243 - - [02/Jul/2014:03:49:44 +0200] "GET / HTTP/1.1" 200 15853 "-" "stq_bot (+http://www.searchteq.de)"
54.211.240.243 - - [02/Jul/2014:03:49:50 +0200] "GET /index.html HTTP/1.1" 200 15853 "http://www.soundpatcher.de" "stq_bot (+http://www.searchteq.de)"
54.211.240.243 - - [02/Jul/2014:03:49:50 +0200] "GET /robots.txt HTTP/1.1" 200 298 "-" "stq_bot (+http://www.searchteq.de)"
54.211.240.243 - - [02/Jul/2014:03:49:54 +0200] "GET / HTTP/1.1" 200 15853 "-" "stq_bot (+http://www.searchteq.de)"
54.211.240.243 - - [02/Jul/2014:03:49:57 +0200] "GET /env/env.html HTTP/1.1" 200 12438 "http://www.soundpatcher.de" "stq_bot (+http://www.searchteq.de)"
54.211.240.243 - - [02/Jul/2014:03:50:01 +0200] "GET /index.html HTTP/1.1" 200 15853 "http://www.soundpatcher.de" "stq_bot (+http://www.searchteq.de)"
54.211.240.243 - - [02/Jul/2014:03:50:02 +0200] "GET /friends/friends.html HTTP/1.1" 401 1226 "http://www.soundpatcher.de" "stq_bot (+http://www.searchteq.de)"
54.211.240.243 - - [02/Jul/2014:03:50:05 +0200] "GET /phpBB2/index.php HTTP/1.1" 401 1226 "http://www.soundpatcher.de" "stq_bot (+http://www.searchteq.de)"
54.211.240.243 - - [02/Jul/2014:03:50:08 +0200] "GET /env/env.html HTTP/1.1" 200 12438 "http://www.soundpatcher.de" "stq_bot (+http://www.searchteq.de)"
54.211.240.243 - - [02/Jul/2014:03:50:09 +0200] "GET /privat/privat.html HTTP/1.1" 401 1226 "http://www.soundpatcher.de" "stq_bot (+http://www.searchteq.de)"
54.211.240.243 - - [02/Jul/2014:03:50:11 +0200] "GET /friends/friends.html HTTP/1.1" 401 1226 "http://www.soundpatcher.de" "stq_bot (+http://www.searchteq.de)"
54.211.240.243 - - [02/Jul/2014:03:50:13 +0200] "GET /impressum/impressum.html HTTP/1.1" 200 7872 "http://www.soundpatcher.de" "stq_bot (+http://www.searchteq.de)"
54.211.240.243 - - [02/Jul/2014:03:50:16 +0200] "GET /phpBB2/index.php HTTP/1.1" 401 1226 "http://www.soundpatcher.de" "stq_bot (+http://www.searchteq.de)"
54.211.240.243 - - [02/Jul/2014:03:50:17 +0200] "GET /env/jomox/jomox.html HTTP/1.1" 200 14935 "http://www.soundpatcher.de" "stq_bot (+http://www.searchteq.de)"
54.211.240.243 - - [02/Jul/2014:03:50:18 +0200] "GET /robots.txt HTTP/1.1" 200 298 "-" "stq_bot (+http://www.searchteq.de)"
54.211.240.243 - - [02/Jul/2014:03:50:19 +0200] "GET /env/roland/sc880.html HTTP/1.1" 200 17092 "http://www.soundpatcher.de/env/env.html" "stq_bot (+http://www.searchteq.de)"
54.211.240.243 - - [02/Jul/2014:03:50:20 +0200] "GET /privat/privat.html HTTP/1.1" 401 1226 "http://www.soundpatcher.de" "stq_bot (+http://www.searchteq.de)"
54.211.240.243 - - [02/Jul/2014:03:50:22 +0200] "GET / HTTP/1.1" 200 15853 "-" "stq_bot (+http://www.searchteq.de)"
54.211.240.243 - - [02/Jul/2014:03:50:22 +0200] "GET /links/links.html HTTP/1.1" 200 278 "http://www.soundpatcher.de/impressum/impressum.html" "stq_bot (+http://www.searchteq.de)"
54.211.240.243 - - [02/Jul/2014:03:50:27 +0200] "GET /impressum/impressum.html HTTP/1.1" 200 7872 "http://www.soundpatcher.de" "stq_bot (+http://www.searchteq.de)"
54.211.240.243 - - [02/Jul/2014:03:50:32 +0200] "GET /env/jomox/jomox.html HTTP/1.1" 200 14935 "http://www.soundpatcher.de" "stq_bot (+http://www.searchteq.de)"
54.211.240.243 - - [02/Jul/2014:03:50:33 +0200] "GET /index.html HTTP/1.1" 200 15853 "http://www.soundpatcher.de" "stq_bot (+http://www.searchteq.de)"
54.211.240.243 - - [02/Jul/2014:03:50:33 +0200] "GET /env/roland/sc880.html HTTP/1.1" 200 17092 "http://www.soundpatcher.de/env/env.html" "stq_bot (+http://www.searchteq.de)"
54.211.240.243 - - [02/Jul/2014:03:50:37 +0200] "GET /links/links.html HTTP/1.1" 200 278 "http://www.soundpatcher.de/impressum/impressum.html" "stq_bot (+http://www.searchteq.de)"
54.211.240.243 - - [02/Jul/2014:03:50:39 +0200] "GET /env/env.html HTTP/1.1" 200 12438 "http://www.soundpatcher.de" "stq_bot (+http://www.searchteq.de)"
54.211.240.243 - - [02/Jul/2014:03:50:42 +0200] "GET /friends/friends.html HTTP/1.1" 401 1226 "http://www.soundpatcher.de" "stq_bot (+http://www.searchteq.de)"
54.211.240.243 - - [02/Jul/2014:03:50:49 +0200] "GET /phpBB2/index.php HTTP/1.1" 401 1226 "http://www.soundpatcher.de" "stq_bot (+http://www.searchteq.de)"
54.211.240.243 - - [02/Jul/2014:03:50:53 +0200] "GET /privat/privat.html HTTP/1.1" 401 1226 "http://www.soundpatcher.de" "stq_bot (+http://www.searchteq.de)"
54.211.240.243 - - [02/Jul/2014:03:51:00 +0200] "GET /impressum/impressum.html HTTP/1.1" 200 7872 "http://www.soundpatcher.de" "stq_bot (+http://www.searchteq.de)"
54.211.240.243 - - [02/Jul/2014:03:51:04 +0200] "GET /env/jomox/jomox.html HTTP/1.1" 200 14935 "http://www.soundpatcher.de" "stq_bot (+http://www.searchteq.de)"
54.211.240.243 - - [02/Jul/2014:03:51:07 +0200] "GET /env/roland/sc880.html HTTP/1.1" 200 17092 "http://www.soundpatcher.de/env/env.html" "stq_bot (+http://www.searchteq.de)"
54.211.240.243 - - [02/Jul/2014:03:51:11 +0200] "GET /links/links.html HTTP/1.1" 200 278 "http://www.soundpatcher.de/impressum/impressum.html" "stq_bot (+http://www.searchteq.de)"
84.38.65.176 - - [02/Jul/2014:13:00:49 +0200] "GET / HTTP/1.1" 200 15853 "http://www.sumaja.de/" "T-Online Browser"
85.25.202.18 - - [02/Jul/2014:13:00:49 +0200] "GET / HTTP/1.0" 200 15853 "-" "-"
85.25.202.18 - - [02/Jul/2014:13:00:49 +0200] "GET / HTTP/1.0" 200 15853 "-" "-"
66.249.65.254 - - [02/Jul/2014:16:48:25 +0200] "GET /robots.txt HTTP/1.1" 200 298 "-" "Mozilla/5.0 (compatible; Googlebot/2.1; +http://www.google.com/bot.html)"
66.249.65.254 - - [02/Jul/2014:16:48:25 +0200] "GET /env/roland/pics/pic_sc880.html HTTP/1.1" 200 755 "-" "Mozilla/5.0 (compatible; Googlebot/2.1; +http://www.google.com/bot.html)"
79.152.31.141 - - [02/Jul/2014:22:03:51 +0200] "GET /env/jomox/jomox.html HTTP/1.1" 200 14935 "-" "Mozilla/5.0 (Windows NT 6.1; WOW64; rv:30.0) Gecko/20100101 Firefox/30.0"
66.249.65.29 - - [03/Jul/2014:00:25:41 +0200] "GET /env/jomox/pics/airbase99_small+.jpg HTTP/1.1" 304 - "-" "Googlebot-Image/1.0"
46.229.170.197 - - [03/Jul/2014:03:19:10 +0200] "GET / HTTP/1.1" 200 15853 "-" "Mozilla/5.0 (Windows NT 6.1; WOW64; rv:2.0b11pre) Gecko/20110128 Firefox/4.0b11pre"
117.78.13.29 - - [03/Jul/2014:11:41:35 +0200] "GET /robots.txt HTTP/1.0" 200 298 "-" "nutch-1.4/Nutch-1.4"
117.78.13.29 - - [03/Jul/2014:11:41:36 +0200] "GET / HTTP/1.0" 200 15853 "-" "nutch-1.4/Nutch-1.4"
213.136.74.60 - - [04/Jul/2014:01:39:50 +0200] "GET / HTTP/1.1" 200 15853 "-" "Mozilla/4.0 (compatible; MSIE 6.0; Windows NT 5.1"
37.204.186.49 - - [04/Jul/2014:04:37:59 +0200] "GET / HTTP/1.0" 200 15853 "http://www.soundpatcher.de/" "Mozilla/5.0 (Windows NT 6.1) AppleWebKit/537.36 (KHTML, like Gecko) Chrome/33.0.1750.117 Safari/537.36"
37.204.186.49 - - [04/Jul/2014:04:38:00 +0200] "GET /phpBB2/index.php HTTP/1.0" 401 1226 "http://www.soundpatcher.de/phpBB2/index.php" "Mozilla/5.0 (Windows NT 6.1) AppleWebKit/537.36 (KHTML, like Gecko) Chrome/33.0.1750.117 Safari/537.36"
37.204.186.49 - - [04/Jul/2014:04:38:00 +0200] "GET /phpBB2/index.php HTTP/1.0" 401 1226 "http://www.soundpatcher.de/phpBB2/index.php" "Mozilla/5.0 (Windows NT 6.1) AppleWebKit/537.36 (KHTML, like Gecko) Chrome/33.0.1750.117 Safari/537.36"
64.246.161.190 - - [04/Jul/2014:07:15:33 +0200] "GET /robots.txt HTTP/1.0" 200 298 "-" "Mozilla/5.0 (Windows; U; Windows NT 5.1; en; rv:1.9.0.13) Gecko/2009073022 Firefox/3.5.2 (.NET CLR 3.5.30729) SurveyBot/2.3 (DomainTools)"
64.246.161.190 - - [04/Jul/2014:07:15:34 +0200] "GET / HTTP/1.1" 200 15853 "http://whois.domaintools.com/soundpatcher.de" "Mozilla/5.0 (Windows; U; Windows NT 5.1; en; rv:1.9.0.13) Gecko/2009073022 Firefox/3.5.2 (.NET CLR 3.5.30729) SurveyBot/2.3 (DomainTools)"
66.249.78.241 - - [04/Jul/2014:12:27:03 +0200] "GET /robots.txt HTTP/1.1" 200 298 "-" "Mozilla/5.0 (compatible; Googlebot/2.1; +http://www.google.com/bot.html)"
66.249.78.241 - - [04/Jul/2014:12:27:03 +0200] "GET /env/jomox/pics/airbase99_small.jpg HTTP/1.1" 304 - "-" "Googlebot-Image/1.0"
46.4.27.145 - - [04/Jul/2014:13:01:13 +0200] "GET / HTTP/1.1" 200 15853 "" "Mozilla/5.0 (Windows NT 6.1; WOW64; rv:29.0) Gecko/20100101 Firefox/29.0"
46.4.27.145 - - [04/Jul/2014:13:01:13 +0200] "GET /robots.txt HTTP/1.1" 200 298 "" "Mozilla/5.0 (Windows NT 6.1; WOW64; rv:29.0) Gecko/20100101 Firefox/29.0"
207.46.13.52 - - [04/Jul/2014:14:41:42 +0200] "GET /robots.txt HTTP/1.1" 200 298 "-" "Mozilla/5.0 (compatible; bingbot/2.0; +http://www.bing.com/bingbot.htm)"
207.46.13.52 - - [04/Jul/2014:14:41:46 +0200] "GET /env/env.html HTTP/1.1" 304 - "-" "Mozilla/5.0 (compatible; bingbot/2.0; +http://www.bing.com/bingbot.htm)"
66.249.64.199 - - [04/Jul/2014:17:45:59 +0200] "GET /index.html HTTP/1.1" 200 15853 "-" "Mozilla/5.0 (compatible; Googlebot/2.1; +http://www.google.com/bot.html)"
208.115.111.75 - - [04/Jul/2014:21:22:53 +0200] "GET /robots.txt HTTP/1.1" 200 298 "-" "Mozilla/5.0 (compatible; DotBot/1.1; http://www.opensiteexplorer.org/dotbot, help@moz.com)"
74.52.245.146 - - [04/Jul/2014:22:06:20 +0200] "GET / HTTP/1.0" 200 15853 "-" "Mozilla/5.0 (X11; U; Linux i686; en-US; rv:1.7.5) Gecko/20041107 Firefox/1.0"
66.249.64.199 - - [04/Jul/2014:23:13:34 +0200] "GET /env/env.html HTTP/1.1" 200 12438 "-" "Mozilla/5.0 (compatible; Googlebot/2.1; +http://www.google.com/bot.html)"
208.115.111.75 - - [05/Jul/2014:01:22:00 +0200] "GET /links/links.html HTTP/1.1" 200 278 "-" "Mozilla/5.0 (compatible; DotBot/1.1; http://www.opensiteexplorer.org/dotbot, help@moz.com)"
79.152.31.141 - - [05/Jul/2014:02:09:49 +0200] "GET /env/jomox/jomox.html HTTP/1.1" 200 14935 "-" "Mozilla/5.0 (Windows NT 6.1; WOW64; rv:30.0) Gecko/20100101 Firefox/30.0"
79.152.31.141 - - [05/Jul/2014:02:09:50 +0200] "GET /env/jomox/images/logo_big.jpg HTTP/1.1" 200 12681 "http://www.soundpatcher.de/env/jomox/jomox.html" "Mozilla/5.0 (Windows NT 6.1; WOW64; rv:30.0) Gecko/20100101 Firefox/30.0"
79.152.31.141 - - [05/Jul/2014:02:09:50 +0200] "GET /env/jomox/images/pixel.gif HTTP/1.1" 200 43 "http://www.soundpatcher.de/env/jomox/jomox.html" "Mozilla/5.0 (Windows NT 6.1; WOW64; rv:30.0) Gecko/20100101 Firefox/30.0"
79.152.31.141 - - [05/Jul/2014:02:09:50 +0200] "GET /env/jomox/images/span.jpg HTTP/1.1" 200 811 "http://www.soundpatcher.de/env/jomox/jomox.html" "Mozilla/5.0 (Windows NT 6.1; WOW64; rv:30.0) Gecko/20100101 Firefox/30.0"
79.152.31.141 - - [05/Jul/2014:02:09:50 +0200] "GET /env/jomox/images/10x10_CCCCCC.jpg HTTP/1.1" 200 631 "http://www.soundpatcher.de/env/jomox/jomox.html" "Mozilla/5.0 (Windows NT 6.1; WOW64; rv:30.0) Gecko/20100101 Firefox/30.0"
79.152.31.141 - - [05/Jul/2014:02:09:50 +0200] "GET /env/jomox/images/15x15.jpg HTTP/1.1" 200 631 "http://www.soundpatcher.de/env/jomox/jomox.html" "Mozilla/5.0 (Windows NT 6.1; WOW64; rv:30.0) Gecko/20100101 Firefox/30.0"
79.152.31.141 - - [05/Jul/2014:02:09:50 +0200] "GET /env/jomox/pics/airbase99_small+.jpg HTTP/1.1" 200 5326 "http://www.soundpatcher.de/env/jomox/jomox.html" "Mozilla/5.0 (Windows NT 6.1; WOW64; rv:30.0) Gecko/20100101 Firefox/30.0"
79.152.31.141 - - [05/Jul/2014:02:09:51 +0200] "GET /favicon.ico HTTP/1.1" 404 1256 "-" "Mozilla/5.0 (Windows NT 6.1; WOW64; rv:30.0) Gecko/20100101 Firefox/30.0"
79.152.31.141 - - [05/Jul/2014:02:09:51 +0200] "GET /favicon.ico HTTP/1.1" 404 1256 "-" "Mozilla/5.0 (Windows NT 6.1; WOW64; rv:30.0) Gecko/20100101 Firefox/30.0"
79.152.31.141 - - [05/Jul/2014:02:10:14 +0200] "GET /env/jomox/pics/pic_airbase99.html HTTP/1.1" 200 759 "http://www.soundpatcher.de/env/jomox/jomox.html" "Mozilla/5.0 (Windows NT 6.1; WOW64; rv:30.0) Gecko/20100101 Firefox/30.0"
79.152.31.141 - - [05/Jul/2014:02:10:15 +0200] "GET /env/jomox/pics/airbase99_mid.jpg HTTP/1.1" 200 155990 "http://www.soundpatcher.de/env/jomox/pics/pic_airbase99.html" "Mozilla/5.0 (Windows NT 6.1; WOW64; rv:30.0) Gecko/20100101 Firefox/30.0"
37.58.100.76 - - [05/Jul/2014:03:57:13 +0200] "GET /robots.txt HTTP/1.1" 200 298 "-" "Mozilla/5.0 (compatible; AhrefsBot/5.0; +http://ahrefs.com/robot/)"
213.136.74.60 - - [05/Jul/2014:05:51:33 +0200] "GET / HTTP/1.1" 200 15853 "-" "Mozilla/4.0 (compatible; MSIE 6.0; Windows NT 5.1"
46.4.27.145 - - [05/Jul/2014:08:04:27 +0200] "GET / HTTP/1.1" 200 15853 "" "Mozilla/5.0 (Windows NT 6.1; WOW64; rv:29.0) Gecko/20100101 Firefox/29.0"
46.4.27.145 - - [05/Jul/2014:08:04:27 +0200] "GET / HTTP/1.1" 200 15853 "-" "Mozilla/5.0 (Windows NT 6.1; WOW64; rv:29.0) Gecko/20100101 Firefox/29.0"
46.4.27.145 - - [05/Jul/2014:08:04:27 +0200] "GET /images/10x10_CCCCCC.jpg HTTP/1.1" 200 631 "http://www.soundpatcher.de/" "Mozilla/5.0 (Windows NT 6.1; WOW64; rv:29.0) Gecko/20100101 Firefox/29.0"
46.4.27.145 - - [05/Jul/2014:08:04:27 +0200] "GET /images/logo_big.jpg HTTP/1.1" 200 12681 "http://www.soundpatcher.de/" "Mozilla/5.0 (Windows NT 6.1; WOW64; rv:29.0) Gecko/20100101 Firefox/29.0"
46.4.27.145 - - [05/Jul/2014:08:04:27 +0200] "GET /images/pixel.gif HTTP/1.1" 200 43 "http://www.soundpatcher.de/" "Mozilla/5.0 (Windows NT 6.1; WOW64; rv:29.0) Gecko/20100101 Firefox/29.0"
46.4.27.145 - - [05/Jul/2014:08:04:27 +0200] "GET /images/15x15.jpg HTTP/1.1" 200 631 "http://www.soundpatcher.de/" "Mozilla/5.0 (Windows NT 6.1; WOW64; rv:29.0) Gecko/20100101 Firefox/29.0"
46.4.27.145 - - [05/Jul/2014:08:04:27 +0200] "GET /images/span.jpg HTTP/1.1" 200 811 "http://www.soundpatcher.de/" "Mozilla/5.0 (Windows NT 6.1; WOW64; rv:29.0) Gecko/20100101 Firefox/29.0"
46.4.27.145 - - [05/Jul/2014:08:04:27 +0200] "GET /env/jomox/pics/airbase99_small.jpg HTTP/1.1" 200 5206 "http://www.soundpatcher.de/" "Mozilla/5.0 (Windows NT 6.1; WOW64; rv:29.0) Gecko/20100101 Firefox/29.0"
209.147.118.225 - - [05/Jul/2014:11:41:04 +0200] "GET /index.html HTTP/1.1" 200 15853 "-" "Mozilla/5.0 (compatible; MSIE 9.0; Windows NT 6.0; Trident/5.0; Trident/5.0)"
162.243.193.219 - - [05/Jul/2014:13:59:40 +0200] "GET /robots.txt HTTP/1.1" 200 298 "-" "Mozilla/5.0 (compatible; spbot/4.1.0; +http://OpenLinkProfiler.org/bot )"
162.243.193.219 - - [05/Jul/2014:13:59:45 +0200] "GET / HTTP/1.1" 200 15853 "-" "Mozilla/5.0 (compatible; spbot/4.1.0; +http://OpenLinkProfiler.org/bot )"
162.243.193.219 - - [05/Jul/2014:13:59:46 +0200] "GET /index.html HTTP/1.1" 200 15853 "http://www.soundpatcher.de/" "Mozilla/5.0 (compatible; spbot/4.1.0; +http://OpenLinkProfiler.org/bot )"
162.243.193.219 - - [05/Jul/2014:13:59:50 +0200] "GET /env/env.html HTTP/1.1" 200 12438 "http://www.soundpatcher.de/" "Mozilla/5.0 (compatible; spbot/4.1.0; +http://OpenLinkProfiler.org/bot )"
162.243.193.219 - - [05/Jul/2014:13:59:55 +0200] "GET /phpBB2/index.php HTTP/1.1" 401 1226 "http://www.soundpatcher.de/" "Mozilla/5.0 (compatible; spbot/4.1.0; +http://OpenLinkProfiler.org/bot )"
162.243.193.219 - - [05/Jul/2014:14:00:00 +0200] "GET /privat/privat.html HTTP/1.1" 401 1226 "http://www.soundpatcher.de/" "Mozilla/5.0 (compatible; spbot/4.1.0; +http://OpenLinkProfiler.org/bot )"
162.243.193.219 - - [05/Jul/2014:14:00:05 +0200] "GET /friends/friends.html HTTP/1.1" 401 1226 "http://www.soundpatcher.de/" "Mozilla/5.0 (compatible; spbot/4.1.0; +http://OpenLinkProfiler.org/bot )"
162.243.193.219 - - [05/Jul/2014:14:00:10 +0200] "GET /env/jomox/jomox.html HTTP/1.1" 200 14935 "http://www.soundpatcher.de/" "Mozilla/5.0 (compatible; spbot/4.1.0; +http://OpenLinkProfiler.org/bot )"
162.243.193.219 - - [05/Jul/2014:14:00:15 +0200] "GET /links/links.html HTTP/1.1" 200 278 "http://www.soundpatcher.de/env/jomox/jomox.html" "Mozilla/5.0 (compatible; spbot/4.1.0; +http://OpenLinkProfiler.org/bot )"
162.243.193.219 - - [05/Jul/2014:14:00:20 +0200] "GET /env/roland/sc880.html HTTP/1.1" 200 17092 "http://www.soundpatcher.de/env/env.html" "Mozilla/5.0 (compatible; spbot/4.1.0; +http://OpenLinkProfiler.org/bot )"
162.243.193.219 - - [05/Jul/2014:14:00:24 +0200] "GET /impressum/impressum.html HTTP/1.1" 200 7872 "http://www.soundpatcher.de/" "Mozilla/5.0 (compatible; spbot/4.1.0; +http://OpenLinkProfiler.org/bot )"
162.243.193.219 - - [05/Jul/2014:14:00:30 +0200] "GET /env/roland/pics/pic_sc880.html HTTP/1.1" 200 755 "http://www.soundpatcher.de/env/roland/sc880.html" "Mozilla/5.0 (compatible; spbot/4.1.0; +http://OpenLinkProfiler.org/bot )"
162.243.193.219 - - [05/Jul/2014:14:00:34 +0200] "GET /env/jomox/download/airbase99.LSO HTTP/1.1" 200 387896 "http://www.soundpatcher.de/env/jomox/jomox.html" "Mozilla/5.0 (compatible; spbot/4.1.0; +http://OpenLinkProfiler.org/bot )"
162.243.193.219 - - [05/Jul/2014:14:00:40 +0200] "GET /env/jomox/pics/pic_airbase99.html HTTP/1.1" 200 759 "http://www.soundpatcher.de/env/jomox/jomox.html" "Mozilla/5.0 (compatible; spbot/4.1.0; +http://OpenLinkProfiler.org/bot )"
213.136.74.60 - - [05/Jul/2014:17:07:51 +0200] "GET /friends/friends.html HTTP/1.1" 401 1226 "-" "Mozilla/4.0 (compatible; MSIE 6.0; Windows NT 5.1"
213.136.74.60 - - [05/Jul/2014:17:08:28 +0200] "GET /phpBB2/index.php HTTP/1.1" 401 1226 "-" "Mozilla/4.0 (compatible; MSIE 6.0; Windows NT 5.1"
213.136.74.60 - - [05/Jul/2014:17:08:46 +0200] "GET /privat/privat.html HTTP/1.1" 401 1226 "-" "Mozilla/4.0 (compatible; MSIE 6.0; Windows NT 5.1"
213.136.74.60 - - [05/Jul/2014:17:09:03 +0200] "GET /impressum/impressum.html HTTP/1.1" 200 7872 "-" "Mozilla/4.0 (compatible; MSIE 6.0; Windows NT 5.1"
213.136.74.60 - - [05/Jul/2014:17:09:20 +0200] "GET /env/jomox/jomox.html HTTP/1.1" 200 14935 "-" "Mozilla/4.0 (compatible; MSIE 6.0; Windows NT 5.1"
213.136.74.60 - - [05/Jul/2014:17:54:27 +0200] "GET /impressum/index.html HTTP/1.1" 404 1256 "-" "Mozilla/4.0 (compatible; MSIE 6.0; Windows NT 5.1"
213.136.74.60 - - [05/Jul/2014:17:55:25 +0200] "GET /impressum/env/env.html HTTP/1.1" 404 1256 "-" "Mozilla/4.0 (compatible; MSIE 6.0; Windows NT 5.1"
213.136.74.60 - - [05/Jul/2014:17:56:09 +0200] "GET /impressum/friends/friends.html HTTP/1.1" 404 1256 "-" "Mozilla/4.0 (compatible; MSIE 6.0; Windows NT 5.1"
213.136.74.60 - - [05/Jul/2014:17:56:58 +0200] "GET /impressum/links/links.html HTTP/1.1" 404 1256 "-" "Mozilla/4.0 (compatible; MSIE 6.0; Windows NT 5.1"
213.136.74.60 - - [05/Jul/2014:17:57:48 +0200] "GET /impressum/privat/privat.html HTTP/1.1" 404 1256 "-" "Mozilla/4.0 (compatible; MSIE 6.0; Windows NT 5.1"
213.136.74.60 - - [05/Jul/2014:18:10:36 +0200] "GET /env/index.html HTTP/1.1" 404 1256 "-" "Mozilla/4.0 (compatible; MSIE 6.0; Windows NT 5.1"
213.136.74.60 - - [05/Jul/2014:18:11:33 +0200] "GET /env/jomox/env.html HTTP/1.1" 404 1256 "-" "Mozilla/4.0 (compatible; MSIE 6.0; Windows NT 5.1"
213.136.74.60 - - [05/Jul/2014:18:12:18 +0200] "GET /env/friends/friends.html HTTP/1.1" 404 1256 "-" "Mozilla/4.0 (compatible; MSIE 6.0; Windows NT 5.1"
213.136.74.60 - - [05/Jul/2014:18:13:05 +0200] "GET /env/links/links.html HTTP/1.1" 404 1256 "-" "Mozilla/4.0 (compatible; MSIE 6.0; Windows NT 5.1"
213.136.74.60 - - [05/Jul/2014:18:13:53 +0200] "GET /env/impressum/impressum.html HTTP/1.1" 404 1256 "-" "Mozilla/4.0 (compatible; MSIE 6.0; Windows NT 5.1"
213.136.74.60 - - [05/Jul/2014:18:23:57 +0200] "GET /env/jomox/download/airbase99.LSO HTTP/1.1" 200 387896 "-" "Mozilla/4.0 (compatible; MSIE 6.0; Windows NT 5.1"
213.136.74.60 - - [05/Jul/2014:18:24:52 +0200] "GET /env/jomox/pics/pic_airbase99.html HTTP/1.1" 200 759 "-" "Mozilla/4.0 (compatible; MSIE 6.0; Windows NT 5.1"
178.255.215.88 - - [05/Jul/2014:21:28:04 +0200] "GET /robots.txt HTTP/1.1" 200 298 "-" "Mozilla/5.0 (compatible; Exabot/3.0 (BiggerBetter); +http://www.exabot.com/go/robot)"
178.255.215.88 - - [05/Jul/2014:21:28:04 +0200] "GET /env/roland/sc880.html HTTP/1.1" 200 17092 "-" "Mozilla/5.0 (compatible; Exabot/3.0 (BiggerBetter); +http://www.exabot.com/go/robot)"
66.249.79.250 - - [06/Jul/2014:12:06:28 +0200] "GET /robots.txt HTTP/1.1" 200 298 "-" "Mozilla/5.0 (compatible; Googlebot/2.1; +http://www.google.com/bot.html)"
66.249.79.29 - - [06/Jul/2014:12:06:28 +0200] "GET /pmgdojakbuh.html HTTP/1.1" 404 1256 "-" "Mozilla/5.0 (compatible; Googlebot/2.1; +http://www.google.com/bot.html)"
85.49.173.129 - - [06/Jul/2014:19:06:12 +0200] "GET / HTTP/1.1" 200 15853 "https://www.google.es/" "Mozilla/5.0 (Macintosh; Intel Mac OS X 10_8_4) AppleWebKit/537.36 (KHTML, like Gecko) Chrome/35.0.1916.153 Safari/537.36"
85.49.173.129 - - [06/Jul/2014:19:06:12 +0200] "GET /images/logo_big.jpg HTTP/1.1" 200 12681 "http://www.soundpatcher.de/" "Mozilla/5.0 (Macintosh; Intel Mac OS X 10_8_4) AppleWebKit/537.36 (KHTML, like Gecko) Chrome/35.0.1916.153 Safari/537.36"
85.49.173.129 - - [06/Jul/2014:19:06:12 +0200] "GET /images/span.jpg HTTP/1.1" 200 811 "http://www.soundpatcher.de/" "Mozilla/5.0 (Macintosh; Intel Mac OS X 10_8_4) AppleWebKit/537.36 (KHTML, like Gecko) Chrome/35.0.1916.153 Safari/537.36"
85.49.173.129 - - [06/Jul/2014:19:06:12 +0200] "GET /images/pixel.gif HTTP/1.1" 200 43 "http://www.soundpatcher.de/" "Mozilla/5.0 (Macintosh; Intel Mac OS X 10_8_4) AppleWebKit/537.36 (KHTML, like Gecko) Chrome/35.0.1916.153 Safari/537.36"
85.49.173.129 - - [06/Jul/2014:19:06:12 +0200] "GET /images/10x10_CCCCCC.jpg HTTP/1.1" 200 631 "http://www.soundpatcher.de/" "Mozilla/5.0 (Macintosh; Intel Mac OS X 10_8_4) AppleWebKit/537.36 (KHTML, like Gecko) Chrome/35.0.1916.153 Safari/537.36"
85.49.173.129 - - [06/Jul/2014:19:06:12 +0200] "GET /images/15x15.jpg HTTP/1.1" 200 631 "http://www.soundpatcher.de/" "Mozilla/5.0 (Macintosh; Intel Mac OS X 10_8_4) AppleWebKit/537.36 (KHTML, like Gecko) Chrome/35.0.1916.153 Safari/537.36"
85.49.173.129 - - [06/Jul/2014:19:06:12 +0200] "GET /env/jomox/pics/airbase99_small.jpg HTTP/1.1" 200 5206 "http://www.soundpatcher.de/" "Mozilla/5.0 (Macintosh; Intel Mac OS X 10_8_4) AppleWebKit/537.36 (KHTML, like Gecko) Chrome/35.0.1916.153 Safari/537.36"
85.49.173.129 - - [06/Jul/2014:19:06:12 +0200] "GET /favicon.ico HTTP/1.1" 404 1256 "-" "Mozilla/5.0 (Macintosh; Intel Mac OS X 10_8_4) AppleWebKit/537.36 (KHTML, like Gecko) Chrome/35.0.1916.153 Safari/537.36"
144.76.71.140 - - [07/Jul/2014:00:09:32 +0200] "GET /robots.txt HTTP/1.1" 200 298 "-" "Mozilla/5.0 (compatible; SISTRIX Crawler; http://crawler.sistrix.net/)"
144.76.71.140 - - [07/Jul/2014:00:09:33 +0200] "GET / HTTP/1.1" 206 15853 "-" "Mozilla/5.0 (compatible; SISTRIX Crawler; http://crawler.sistrix.net/)"
192.99.147.201 - - [07/Jul/2014:00:33:25 +0200] "GET /env/jomox/jomox.html\r HTTP/1.1" 200 14935 "-" "Mozilla/5.0 (compatible; MSIE 10.0; Windows NT 6.1; Trident/6.0)"
37.58.100.182 - - [07/Jul/2014:01:06:33 +0200] "GET /phpBB2/index.php HTTP/1.1" 401 1226 "-" "Mozilla/5.0 (compatible; AhrefsBot/5.0; +http://ahrefs.com/robot/)"
157.55.39.34 - - [07/Jul/2014:05:11:00 +0200] "GET /robots.txt HTTP/1.1" 200 298 "-" "Mozilla/5.0 (compatible; bingbot/2.0; +http://www.bing.com/bingbot.htm)"
157.55.39.34 - - [07/Jul/2014:05:11:16 +0200] "GET /privat/privat.html HTTP/1.1" 401 1226 "-" "Mozilla/5.0 (compatible; bingbot/2.0; +http://www.bing.com/bingbot.htm)"
207.46.13.34 - - [07/Jul/2014:05:40:16 +0200] "GET /friends/friends.html HTTP/1.1" 401 1226 "-" "Mozilla/5.0 (compatible; bingbot/2.0; +http://www.bing.com/bingbot.htm)"
207.46.13.34 - - [07/Jul/2014:08:05:25 +0200] "GET /env/roland/sc880.html HTTP/1.1" 200 17092 "-" "Mozilla/5.0 (compatible; bingbot/2.0; +http://www.bing.com/bingbot.htm)"
157.55.39.34 - - [07/Jul/2014:08:05:43 +0200] "GET /env/roland/images/10x10_CCCCCC.jpg HTTP/1.1" 200 631 "-" "Mozilla/5.0 (compatible; bingbot/2.0; +http://www.bing.com/bingbot.htm)"
157.55.39.85 - - [07/Jul/2014:08:05:48 +0200] "GET /robots.txt HTTP/1.1" 200 298 "-" "Mozilla/5.0 (compatible; bingbot/2.0; +http://www.bing.com/bingbot.htm)"
157.55.39.103 - - [07/Jul/2014:08:06:00 +0200] "GET /env/roland/pics/sc880_small+.jpg HTTP/1.1" 200 6084 "-" "Mozilla/5.0 (compatible; bingbot/2.0; +http://www.bing.com/bingbot.htm)"
207.46.13.34 - - [07/Jul/2014:08:06:06 +0200] "GET /env/roland/images/logo_big.jpg HTTP/1.1" 200 12681 "-" "Mozilla/5.0 (compatible; bingbot/2.0; +http://www.bing.com/bingbot.htm)"
207.46.13.34 - - [07/Jul/2014:08:06:06 +0200] "GET /env/roland/images/span.jpg HTTP/1.1" 200 811 "-" "Mozilla/5.0 (compatible; bingbot/2.0; +http://www.bing.com/bingbot.htm)"
91.207.7.54 - - [07/Jul/2014:11:54:18 +0200] "GET / HTTP/1.1" 200 15853 "-" "Mozilla/4.0 (compatible; MSIE 6.0; Windows NT 5.1; SV1; Mozilla/4.0 (compatible; MSIE 6.0; Windows NT 5.1; SV1) ; .NET CLR 1.0.3705)"
178.255.215.68 - - [07/Jul/2014:12:09:01 +0200] "GET /robots.txt HTTP/1.1" 200 298 "-" "Mozilla/5.0 (compatible; Exabot/3.0; +http://www.exabot.com/go/robot)"
178.255.215.68 - - [07/Jul/2014:12:09:02 +0200] "GET /privat/privat.html HTTP/1.1" 401 1226 "-" "Mozilla/5.0 (compatible; Exabot/3.0; +http://www.exabot.com/go/robot)"
207.241.229.236 - - [07/Jul/2014:12:13:59 +0200] "GET /robots.txt HTTP/1.1" 200 298 "-" "Mozilla/5.0 (compatible; archive.org_bot; Wayback Machine Live Record; +http://archive.org/details/archive.org_bot)"
207.46.13.34 - - [07/Jul/2014:12:40:43 +0200] "GET /friends/friends.html HTTP/1.1" 401 1226 "-" "Mozilla/5.0 (compatible; bingbot/2.0; +http://www.bing.com/bingbot.htm)"
107.178.200.41 - - [08/Jul/2014:01:59:59 +0200] "GET /favicon.ico HTTP/1.1" 404 1256 "-" "AppEngine-Google; (+http://code.google.com/appengine; appid: s~getfavicon27)"
107.178.200.59 - - [08/Jul/2014:02:00:00 +0200] "GET / HTTP/1.1" 200 15853 "-" "AppEngine-Google; (+http://code.google.com/appengine; appid: s~getfavicon27)"
157.55.39.104 - - [08/Jul/2014:06:47:14 +0200] "GET /robots.txt HTTP/1.1" 200 298 "-" "Mozilla/5.0 (compatible; bingbot/2.0; +http://www.bing.com/bingbot.htm)"
157.55.39.104 - - [08/Jul/2014:06:47:28 +0200] "GET /env/jomox/jomox.html HTTP/1.1" 304 - "-" "Mozilla/5.0 (compatible; bingbot/2.0; +http://www.bing.com/bingbot.htm)"
37.58.100.168 - - [08/Jul/2014:08:42:17 +0200] "GET /robots.txt HTTP/1.1" 200 298 "-" "Mozilla/5.0 (compatible; AhrefsBot/5.0; +http://ahrefs.com/robot/)"
178.255.215.68 - - [08/Jul/2014:19:22:36 +0200] "GET /robots.txt HTTP/1.1" 200 298 "-" "Mozilla/5.0 (compatible; Exabot/3.0; +http://www.exabot.com/go/robot)"
178.255.215.68 - - [08/Jul/2014:19:22:36 +0200] "GET / HTTP/1.1" 304 - "-" "Mozilla/5.0 (compatible; Exabot/3.0; +http://www.exabot.com/go/robot)"
66.249.78.241 - - [09/Jul/2014:09:18:35 +0200] "GET /robots.txt HTTP/1.1" 200 298 "-" "Mozilla/5.0 (compatible; Googlebot/2.1; +http://www.google.com/bot.html)"
66.249.78.255 - - [09/Jul/2014:09:18:35 +0200] "GET /env/env.html HTTP/1.1" 200 12438 "-" "Mozilla/5.0 (compatible; Googlebot/2.1; +http://www.google.com/bot.html)"
192.99.147.201 - - [09/Jul/2014:09:28:16 +0200] "GET /impressum/impressum.html\r HTTP/1.1" 200 7872 "-" "Mozilla/5.0 (compatible; MSIE 10.0; Windows NT 6.1; Trident/6.0)"
66.249.78.255 - - [09/Jul/2014:10:18:37 +0200] "GET /env/jomox/jomox.html HTTP/1.1" 200 14935 "-" "Mozilla/5.0 (compatible; Googlebot/2.1; +http://www.google.com/bot.html)"
66.249.78.248 - - [09/Jul/2014:10:23:38 +0200] "GET /links/links.html HTTP/1.1" 200 278 "-" "Mozilla/5.0 (compatible; Googlebot/2.1; +http://www.google.com/bot.html)"
66.249.78.248 - - [09/Jul/2014:11:47:15 +0200] "GET /impressum/impressum.html HTTP/1.1" 200 7872 "-" "Mozilla/5.0 (compatible; Googlebot/2.1; +http://www.google.com/bot.html)"
66.249.66.237 - - [09/Jul/2014:13:15:53 +0200] "GET / HTTP/1.1" 304 - "-" "Mozilla/5.0 (compatible; Googlebot/2.1; +http://www.google.com/bot.html)"
66.249.78.255 - - [10/Jul/2014:02:31:21 +0200] "GET /impressum/impressum.html HTTP/1.1" 304 - "-" "Mozilla/5.0 (compatible; Googlebot/2.1; +http://www.google.com/bot.html)"
207.46.13.34 - - [10/Jul/2014:03:51:57 +0200] "GET /robots.txt HTTP/1.1" 200 298 "-" "Mozilla/5.0 (compatible; bingbot/2.0; +http://www.bing.com/bingbot.htm)"
207.46.13.34 - - [10/Jul/2014:03:52:25 +0200] "GET /env/roland/sc880.html HTTP/1.1" 200 17092 "-" "Mozilla/5.0 (compatible; bingbot/2.0; +http://www.bing.com/bingbot.htm)"
157.55.39.110 - - [10/Jul/2014:03:52:34 +0200] "GET /robots.txt HTTP/1.1" 200 298 "-" "Mozilla/5.0 (compatible; bingbot/2.0; +http://www.bing.com/bingbot.htm)"
157.55.39.175 - - [10/Jul/2014:03:52:51 +0200] "GET /env/roland/pics/sc880_small+.jpg HTTP/1.1" 200 6084 "-" "Mozilla/5.0 (compatible; bingbot/2.0; +http://www.bing.com/bingbot.htm)"
207.46.13.34 - - [10/Jul/2014:03:53:06 +0200] "GET /env/roland/images/logo_big.jpg HTTP/1.1" 200 12681 "-" "Mozilla/5.0 (compatible; bingbot/2.0; +http://www.bing.com/bingbot.htm)"
207.46.13.34 - - [10/Jul/2014:03:53:06 +0200] "GET /env/roland/images/span.jpg HTTP/1.1" 200 811 "-" "Mozilla/5.0 (compatible; bingbot/2.0; +http://www.bing.com/bingbot.htm)"
157.55.39.34 - - [10/Jul/2014:03:53:08 +0200] "GET /env/roland/images/10x10_CCCCCC.jpg HTTP/1.1" 200 631 "-" "Mozilla/5.0 (compatible; bingbot/2.0; +http://www.bing.com/bingbot.htm)"
37.58.100.137 - - [10/Jul/2014:04:30:11 +0200] "GET /privat/privat.html HTTP/1.1" 401 1226 "-" "Mozilla/5.0 (compatible; AhrefsBot/5.0; +http://ahrefs.com/robot/)"
66.249.78.241 - - [10/Jul/2014:04:44:24 +0200] "GET / HTTP/1.1" 304 - "-" "Mozilla/5.0 (compatible; Googlebot/2.1; +http://www.google.com/bot.html)"
66.249.78.248 - - [10/Jul/2014:05:09:35 +0200] "GET /impressum/impressum.html HTTP/1.1" 304 - "-" "Mozilla/5.0 (compatible; Googlebot/2.1; +http://www.google.com/bot.html)"
37.58.100.136 - - [10/Jul/2014:05:25:34 +0200] "GET /env/roland/pics/pic_sc880.html HTTP/1.1" 200 755 "-" "Mozilla/5.0 (compatible; AhrefsBot/5.0; +http://ahrefs.com/robot/)"
66.249.78.241 - - [10/Jul/2014:06:18:37 +0200] "GET /env/env.html HTTP/1.1" 304 - "-" "Mozilla/5.0 (compatible; Googlebot/2.1; +http://www.google.com/bot.html)"
66.249.78.248 - - [10/Jul/2014:07:23:59 +0200] "GET /env/jomox/jomox.html HTTP/1.1" 304 - "-" "Mozilla/5.0 (compatible; Googlebot/2.1; +http://www.google.com/bot.html)"
162.243.238.4 - - [10/Jul/2014:21:04:38 +0200] "GET / HTTP/1.0" 200 15853 "-" "Mozilla/5.0 (compatible; NetcraftSurveyAgent/1.0; +info@netcraft.com)"
141.8.147.12 - - [11/Jul/2014:01:08:13 +0200] "GET /robots.txt HTTP/1.1" 200 298 "-" "Mozilla/5.0 (compatible; YandexBot/3.0; +http://yandex.com/bots)"
141.8.147.12 - - [11/Jul/2014:05:00:23 +0200] "GET / HTTP/1.1" 200 15853 "-" "Mozilla/5.0 (compatible; YandexBot/3.0; +http://yandex.com/bots)"
66.249.78.255 - - [11/Jul/2014:05:49:59 +0200] "GET /robots.txt HTTP/1.1" 200 298 "-" "Mozilla/5.0 (compatible; Googlebot/2.1; +http://www.google.com/bot.html)"
66.249.78.248 - - [11/Jul/2014:05:49:59 +0200] "GET /env/env.html HTTP/1.1" 304 - "-" "Mozilla/5.0 (compatible; Googlebot/2.1; +http://www.google.com/bot.html)"
66.249.78.248 - - [11/Jul/2014:06:55:12 +0200] "GET /impressum/impressum.html HTTP/1.1" 304 - "-" "Mozilla/5.0 (compatible; Googlebot/2.1; +http://www.google.com/bot.html)"
66.249.76.91 - - [11/Jul/2014:07:03:28 +0200] "GET /wezmqfjvvnkdq.html HTTP/1.1" 404 1256 "-" "Mozilla/5.0 (compatible; Googlebot/2.1; +http://www.google.com/bot.html)"
178.255.215.68 - - [11/Jul/2014:07:46:52 +0200] "GET /robots.txt HTTP/1.1" 200 298 "-" "Mozilla/5.0 (compatible; Exabot/3.0; +http://www.exabot.com/go/robot)"
178.255.215.68 - - [11/Jul/2014:07:46:52 +0200] "GET /env/roland/sc880.html HTTP/1.1" 304 - "-" "Mozilla/5.0 (compatible; Exabot/3.0; +http://www.exabot.com/go/robot)"
66.249.76.91 - - [11/Jul/2014:08:30:19 +0200] "GET /robots.txt HTTP/1.1" 200 298 "-" "Mozilla/5.0 (compatible; Googlebot/2.1; +http://www.google.com/bot.html)"
66.249.78.241 - - [11/Jul/2014:08:30:19 +0200] "GET /env/jomox/jomox.html HTTP/1.1" 304 - "-" "Mozilla/5.0 (compatible; Googlebot/2.1; +http://www.google.com/bot.html)"
66.249.76.91 - - [11/Jul/2014:09:45:03 +0200] "GET /env/env.html HTTP/1.1" 304 - "-" "Mozilla/5.0 (compatible; Googlebot/2.1; +http://www.google.com/bot.html)"
192.168.154.204 - - [11/Jul/2014:09:53:40 +0200] "GET /benji/nero.exe HTTP/1.1" 200 13545029 "-" "Mozilla/5.0 (Windows NT 6.1; WOW64; rv:30.0) Gecko/20100101 Firefox/30.0"
66.249.78.248 - - [11/Jul/2014:11:06:34 +0200] "GET / HTTP/1.1" 304 - "-" "Mozilla/5.0 (compatible; Googlebot/2.1; +http://www.google.com/bot.html)"
5.189.139.253 - - [12/Jul/2014:00:33:23 +0200] "GET / HTTP/1.1" 200 15853 "-" "-"
5.189.139.253 - - [12/Jul/2014:21:47:21 +0200] "GET /env/env.html HTTP/1.1" 200 12438 "-" "-"
5.189.139.253 - - [12/Jul/2014:21:47:32 +0200] "GET /phpBB2/ HTTP/1.1" 401 1226 "-" "-"
5.189.139.253 - - [12/Jul/2014:21:47:36 +0200] "GET /impressum/impressum.html HTTP/1.1" 200 7872 "-" "-"
5.189.139.253 - - [12/Jul/2014:21:47:40 +0200] "GET /env/jomox/jomox.html HTTP/1.1" 200 14935 "-" "-"
37.58.100.88 - - [13/Jul/2014:02:12:13 +0200] "GET / HTTP/1.1" 200 15853 "-" "Mozilla/5.0 (compatible; AhrefsBot/5.0; +http://ahrefs.com/robot/)"
176.57.142.28 - - [13/Jul/2014:06:48:55 +0200] "GET / HTTP/1.1" 200 15853 "-" "Mozilla/5.0 (X11; U; Linux i686; en-US; rv:1.9.1.16) Gecko/20120421 Gecko Firefox/11.0"
176.57.142.28 - - [13/Jul/2014:06:48:56 +0200] "GET /impressum/impressum.html HTTP/1.1" 200 7872 "-" "Mozilla/5.0 (Windows; U; Windows NT 6.1; WOW64; en-US; rv:2.0.4) Gecko/20120718 AskTbAVR-IDW/3.12.5.17700 Firefox/14.0.1"
178.255.215.68 - - [13/Jul/2014:22:21:58 +0200] "GET /robots.txt HTTP/1.1" 200 298 "-" "Mozilla/5.0 (compatible; Exabot/3.0; +http://www.exabot.com/go/robot)"
178.255.215.68 - - [13/Jul/2014:22:21:58 +0200] "GET /privat/privat.html HTTP/1.1" 401 1226 "-" "Mozilla/5.0 (compatible; Exabot/3.0; +http://www.exabot.com/go/robot)"
178.255.215.68 - - [13/Jul/2014:22:22:01 +0200] "GET /env/roland/pics/pic_sc880.html HTTP/1.1" 200 755 "-" "Mozilla/5.0 (compatible; Exabot/3.0; +http://www.exabot.com/go/robot)"
183.60.243.197 - - [14/Jul/2014:04:27:57 +0200] "GET / HTTP/1.1" 200 15853 "-" "Mozilla/5.0 (Windows NT 6.1; WOW64) AppleWebKit/537.36 (KHTML, like Gecko) Chrome/27.0.1453.116 Safari/537.36"
157.55.39.54 - - [14/Jul/2014:05:59:31 +0200] "GET /robots.txt HTTP/1.1" 200 298 "-" "Mozilla/5.0 (compatible; bingbot/2.0; +http://www.bing.com/bingbot.htm)"
66.249.78.248 - - [14/Jul/2014:10:47:56 +0200] "GET /robots.txt HTTP/1.1" 200 298 "-" "Mozilla/5.0 (compatible; Googlebot/2.1; +http://www.google.com/bot.html)"
66.249.78.241 - - [14/Jul/2014:10:47:56 +0200] "GET /phpBB2/index.php HTTP/1.1" 401 1226 "-" "Mozilla/5.0 (compatible; Googlebot/2.1; +http://www.google.com/bot.html)"
207.46.13.61 - - [14/Jul/2014:12:58:07 +0200] "GET /robots.txt HTTP/1.1" 200 298 "-" "Mozilla/5.0 (compatible; bingbot/2.0; +http://www.bing.com/bingbot.htm)"
207.46.13.61 - - [14/Jul/2014:12:58:17 +0200] "GET /links/links.html HTTP/1.1" 304 - "-" "Mozilla/5.0 (compatible; bingbot/2.0; +http://www.bing.com/bingbot.htm)"
79.202.95.147 - - [14/Jul/2014:14:32:17 +0200] "GET / HTTP/1.1" 200 15853 "http://m.bigfinder.de/?c=ws&q=internet&v=1" "Mozilla/5.0 (Windows; U; Windows NT 6.0; en-US) AppleWebKit/533.4 (KHTML, like Gecko) Chrome/5.0.375.126 Safari/533.4"
157.55.39.54 - - [14/Jul/2014:17:58:08 +0200] "GET /env/jomox/pics/pic_airbase99.html HTTP/1.1" 304 - "-" "Mozilla/5.0 (compatible; bingbot/2.0; +http://www.bing.com/bingbot.htm)"
207.46.13.61 - - [15/Jul/2014:03:57:25 +0200] "GET /robots.txt HTTP/1.1" 200 298 "-" "Mozilla/5.0 (compatible; bingbot/2.0; +http://www.bing.com/bingbot.htm)"
207.46.13.61 - - [15/Jul/2014:03:57:52 +0200] "GET /index.html HTTP/1.1" 304 - "-" "Mozilla/5.0 (compatible; bingbot/2.0; +http://www.bing.com/bingbot.htm)"
207.46.13.128 - - [15/Jul/2014:06:57:25 +0200] "GET / HTTP/1.1" 304 - "-" "Mozilla/5.0 (compatible; bingbot/2.0; +http://www.bing.com/bingbot.htm)"
31.42.120.31 - - [15/Jul/2014:10:21:37 +0200] "GET /phpBB2/profile.php HTTP/1.0" 401 1226 "http://www.soundpatcher.de/phpBB2/profile.php" "Mozilla/4.0 (compatible; MSIE 5.5; Windows NT 5.0)"
31.42.120.31 - - [15/Jul/2014:10:21:38 +0200] "GET /phpbb2/profile.php HTTP/1.0" 404 1256 "http://www.soundpatcher.de/phpbb2/profile.php" "Mozilla/4.0 (compatible; MSIE 5.5; Windows NT 5.0)"
37.58.100.226 - - [15/Jul/2014:10:30:14 +0200] "GET /env/roland/sc880.html HTTP/1.1" 200 17092 "-" "Mozilla/5.0 (compatible; AhrefsBot/5.0; +http://ahrefs.com/robot/)"
95.91.248.222 - - [15/Jul/2014:11:51:55 +0200] "GET / HTTP/1.1" 200 15853 "-" "Mozilla/5.0 (iPad; CPU OS 7_1_1 like Mac OS X) AppleWebKit/537.51.2 (KHTML, like Gecko) Version/7.0 Mobile/11D201 Safari/9537.53"
95.91.248.222 - - [15/Jul/2014:11:51:55 +0200] "GET /images/logo_big.jpg HTTP/1.1" 200 12681 "http://www.soundpatcher.de/" "Mozilla/5.0 (iPad; CPU OS 7_1_1 like Mac OS X) AppleWebKit/537.51.2 (KHTML, like Gecko) Version/7.0 Mobile/11D201 Safari/9537.53"
95.91.248.222 - - [15/Jul/2014:11:51:55 +0200] "GET /images/pixel.gif HTTP/1.1" 200 43 "http://www.soundpatcher.de/" "Mozilla/5.0 (iPad; CPU OS 7_1_1 like Mac OS X) AppleWebKit/537.51.2 (KHTML, like Gecko) Version/7.0 Mobile/11D201 Safari/9537.53"
95.91.248.222 - - [15/Jul/2014:11:51:55 +0200] "GET /images/span.jpg HTTP/1.1" 200 811 "http://www.soundpatcher.de/" "Mozilla/5.0 (iPad; CPU OS 7_1_1 like Mac OS X) AppleWebKit/537.51.2 (KHTML, like Gecko) Version/7.0 Mobile/11D201 Safari/9537.53"
95.91.248.222 - - [15/Jul/2014:11:51:55 +0200] "GET /env/jomox/pics/airbase99_small.jpg HTTP/1.1" 200 5206 "http://www.soundpatcher.de/" "Mozilla/5.0 (iPad; CPU OS 7_1_1 like Mac OS X) AppleWebKit/537.51.2 (KHTML, like Gecko) Version/7.0 Mobile/11D201 Safari/9537.53"
95.91.248.222 - - [15/Jul/2014:11:51:55 +0200] "GET /images/15x15.jpg HTTP/1.1" 200 631 "http://www.soundpatcher.de/" "Mozilla/5.0 (iPad; CPU OS 7_1_1 like Mac OS X) AppleWebKit/537.51.2 (KHTML, like Gecko) Version/7.0 Mobile/11D201 Safari/9537.53"
95.91.248.222 - - [15/Jul/2014:11:51:55 +0200] "GET /images/10x10_CCCCCC.jpg HTTP/1.1" 200 631 "http://www.soundpatcher.de/" "Mozilla/5.0 (iPad; CPU OS 7_1_1 like Mac OS X) AppleWebKit/537.51.2 (KHTML, like Gecko) Version/7.0 Mobile/11D201 Safari/9537.53"
80.153.65.173 - - [15/Jul/2014:13:34:34 +0200] "GET /benji/nero.exe HTTP/1.1" 200 13545029 "-" "Mozilla/5.0 (Windows NT 6.1; WOW64; Trident/7.0; rv:11.0) like Gecko"
37.58.100.89 - - [15/Jul/2014:19:23:41 +0200] "GET /robots.txt HTTP/1.1" 200 298 "-" "Mozilla/5.0 (compatible; AhrefsBot/5.0; +http://ahrefs.com/robot/)"
64.246.165.140 - - [16/Jul/2014:05:02:44 +0200] "GET /robots.txt HTTP/1.0" 200 298 "-" "Mozilla/5.0 (Windows; U; Windows NT 5.1; en; rv:1.9.0.13) Gecko/2009073022 Firefox/3.5.2 (.NET CLR 3.5.30729) SurveyBot/2.3 (DomainTools)"
64.246.165.140 - - [16/Jul/2014:05:02:44 +0200] "GET / HTTP/1.1" 200 15853 "http://whois.domaintools.com/soundpatcher.de" "Mozilla/5.0 (Windows; U; Windows NT 5.1; en; rv:1.9.0.13) Gecko/2009073022 Firefox/3.5.2 (.NET CLR 3.5.30729) SurveyBot/2.3 (DomainTools)"
208.115.111.75 - - [16/Jul/2014:09:14:49 +0200] "GET /robots.txt HTTP/1.1" 200 298 "-" "Mozilla/5.0 (compatible; DotBot/1.1; http://www.opensiteexplorer.org/dotbot, help@moz.com)"
144.76.113.22 - - [16/Jul/2014:09:24:10 +0200] "GET / HTTP/1.1" 200 15853 "http://saferpage.de/soundpatcher.de" "Mozilla/5.0 (Windows; U; Windows NT 6.1; de; rv:1.9.2.12) Gecko/20101026 Firefox/3.6.12"
208.115.113.91 - - [16/Jul/2014:09:26:54 +0200] "GET /robots.txt HTTP/1.1" 200 298 "-" "Mozilla/5.0 (compatible; DotBot/1.1; http://www.opensiteexplorer.org/dotbot, help@moz.com)"
207.46.13.34 - - [16/Jul/2014:09:33:16 +0200] "GET /robots.txt HTTP/1.1" 200 298 "-" "Mozilla/5.0 (compatible; bingbot/2.0; +http://www.bing.com/bingbot.htm)"
207.46.13.34 - - [16/Jul/2014:09:33:32 +0200] "GET /env/roland/sc880.html HTTP/1.1" 304 - "-" "Mozilla/5.0 (compatible; bingbot/2.0; +http://www.bing.com/bingbot.htm)"
37.204.186.49 - - [16/Jul/2014:10:55:30 +0200] "GET / HTTP/1.0" 200 15853 "http://www.soundpatcher.de/" "Mozilla/5.0 (Windows NT 6.3; WOW64; rv:27.0) Gecko/20100101 Firefox/27.0"
37.204.186.49 - - [16/Jul/2014:10:55:31 +0200] "GET /phpBB2/index.php HTTP/1.0" 401 1226 "http://www.soundpatcher.de/phpBB2/index.php" "Mozilla/5.0 (Windows NT 6.3; WOW64; rv:27.0) Gecko/20100101 Firefox/27.0"
37.204.186.49 - - [16/Jul/2014:10:55:31 +0200] "GET /phpBB2/index.php HTTP/1.0" 401 1226 "http://www.soundpatcher.de/phpBB2/index.php" "Mozilla/5.0 (Windows NT 6.3; WOW64; rv:27.0) Gecko/20100101 Firefox/27.0"
31.42.120.31 - - [16/Jul/2014:11:17:27 +0200] "GET /phpBB2/ HTTP/1.0" 401 1226 "http://www.soundpatcher.de/phpBB2/" "Mozilla/4.0 (compatible; MSIE 5.0; Windows NT; DigExt)"
31.42.120.31 - - [16/Jul/2014:11:17:27 +0200] "GET /phpbb2/ HTTP/1.0" 404 1256 "http://www.soundpatcher.de/phpbb2/" "Mozilla/4.0 (compatible; MSIE 5.0; Windows NT; DigExt)"
208.115.113.91 - - [16/Jul/2014:11:35:11 +0200] "GET /phpBB2/index.php HTTP/1.1" 401 1226 "-" "Mozilla/5.0 (compatible; DotBot/1.1; http://www.opensiteexplorer.org/dotbot, help@moz.com)"
208.115.111.75 - - [16/Jul/2014:12:11:19 +0200] "GET / HTTP/1.1" 200 15853 "-" "Mozilla/5.0 (compatible; DotBot/1.1; http://www.opensiteexplorer.org/dotbot, help@moz.com)"
37.58.100.184 - - [16/Jul/2014:16:22:42 +0200] "GET /robots.txt HTTP/1.1" 200 298 "-" "Mozilla/5.0 (compatible; AhrefsBot/5.0; +http://ahrefs.com/robot/)"
87.155.243.115 - - [16/Jul/2014:16:41:03 +0200] "GET / HTTP/1.1" 200 15853 "http://www.google.de/url?sa=t&rct=j&q=airbase99&source=web&cd=17&ved=0CFIQFjAGOAo&url=http%3A%2F%2Fwww.soundpatcher.de%2F&ei=BWzGU6_LNpKN4gSI7oDwAg&usg=AFQjCNGKY1SlpKGXOuBramI1Du2LxEheew" "Mozilla/5.0 (Macintosh; Intel Mac OS X 10_6_8) AppleWebKit/534.59.10 (KHTML, like Gecko) Version/5.1.9 Safari/534.59.10"
87.155.243.115 - - [16/Jul/2014:16:41:03 +0200] "GET /images/pixel.gif HTTP/1.1" 200 43 "http://www.soundpatcher.de/" "Mozilla/5.0 (Macintosh; Intel Mac OS X 10_6_8) AppleWebKit/534.59.10 (KHTML, like Gecko) Version/5.1.9 Safari/534.59.10"
87.155.243.115 - - [16/Jul/2014:16:41:03 +0200] "GET /images/10x10_CCCCCC.jpg HTTP/1.1" 200 631 "http://www.soundpatcher.de/" "Mozilla/5.0 (Macintosh; Intel Mac OS X 10_6_8) AppleWebKit/534.59.10 (KHTML, like Gecko) Version/5.1.9 Safari/534.59.10"
87.155.243.115 - - [16/Jul/2014:16:41:03 +0200] "GET /images/15x15.jpg HTTP/1.1" 200 631 "http://www.soundpatcher.de/" "Mozilla/5.0 (Macintosh; Intel Mac OS X 10_6_8) AppleWebKit/534.59.10 (KHTML, like Gecko) Version/5.1.9 Safari/534.59.10"
87.155.243.115 - - [16/Jul/2014:16:41:03 +0200] "GET /images/logo_big.jpg HTTP/1.1" 200 12681 "http://www.soundpatcher.de/" "Mozilla/5.0 (Macintosh; Intel Mac OS X 10_6_8) AppleWebKit/534.59.10 (KHTML, like Gecko) Version/5.1.9 Safari/534.59.10"
87.155.243.115 - - [16/Jul/2014:16:41:03 +0200] "GET /images/span.jpg HTTP/1.1" 200 811 "http://www.soundpatcher.de/" "Mozilla/5.0 (Macintosh; Intel Mac OS X 10_6_8) AppleWebKit/534.59.10 (KHTML, like Gecko) Version/5.1.9 Safari/534.59.10"
87.155.243.115 - - [16/Jul/2014:16:41:03 +0200] "GET /env/jomox/pics/airbase99_small.jpg HTTP/1.1" 200 5206 "http://www.soundpatcher.de/" "Mozilla/5.0 (Macintosh; Intel Mac OS X 10_6_8) AppleWebKit/534.59.10 (KHTML, like Gecko) Version/5.1.9 Safari/534.59.10"
87.155.243.115 - - [16/Jul/2014:16:41:03 +0200] "GET /favicon.ico HTTP/1.1" 404 1256 "http://www.soundpatcher.de/" "Mozilla/5.0 (Macintosh; Intel Mac OS X 10_6_8) AppleWebKit/534.59.10 (KHTML, like Gecko) Version/5.1.9 Safari/534.59.10"
37.58.100.173 - - [16/Jul/2014:20:23:08 +0200] "GET /friends/friends.html HTTP/1.1" 401 1226 "-" "Mozilla/5.0 (compatible; AhrefsBot/5.0; +http://ahrefs.com/robot/)"
141.8.147.12 - - [16/Jul/2014:21:31:29 +0200] "GET /robots.txt HTTP/1.1" 200 298 "-" "Mozilla/5.0 (compatible; YandexBot/3.0; +http://yandex.com/bots)"
66.249.66.237 - - [16/Jul/2014:21:38:15 +0200] "GET /robots.txt HTTP/1.1" 200 298 "-" "Mozilla/5.0 (compatible; Googlebot/2.1; +http://www.google.com/bot.html)"
66.249.66.237 - - [16/Jul/2014:21:38:15 +0200] "GET /friends/friends.html HTTP/1.1" 401 1226 "-" "Mozilla/5.0 (compatible; Googlebot/2.1; +http://www.google.com/bot.html)"
141.8.147.12 - - [16/Jul/2014:21:46:18 +0200] "GET / HTTP/1.1" 200 15853 "-" "Mozilla/5.0 (compatible; YandexBot/3.0; +http://yandex.com/bots)"
66.249.66.237 - - [16/Jul/2014:22:23:46 +0200] "GET /impressum/impressum.html HTTP/1.1" 200 7872 "-" "Mozilla/5.0 (compatible; Googlebot/2.1; +http://www.google.com/bot.html)"
66.249.66.237 - - [16/Jul/2014:22:26:54 +0200] "GET /env/jomox/jomox.html HTTP/1.1" 200 14935 "-" "Mozilla/5.0 (compatible; Googlebot/2.1; +http://www.google.com/bot.html)"
66.249.66.237 - - [17/Jul/2014:01:47:07 +0200] "GET /privat/privat.html HTTP/1.1" 401 1226 "-" "Mozilla/5.0 (compatible; Googlebot/2.1; +http://www.google.com/bot.html)"
188.138.41.208 - - [17/Jul/2014:02:02:41 +0200] "GET /robots.txt HTTP/1.1" 200 298 "-" "Mozilla/5.0 (Windows NT 6.1; rv:24.0) Gecko/20100101 Firefox/24.0"
