141.8.147.12 - - [04/Feb/2015:04:42:44 +0100] "GET /robots.txt HTTP/1.1" 200 298 "-" "Mozilla/5.0 (compatible; YandexBot/3.0; +http://yandex.com/bots)"
66.249.78.213 - - [04/Feb/2015:07:19:01 +0100] "GET / HTTP/1.1" 200 15853 "-" "Mozilla/5.0 (iPhone; CPU iPhone OS 6_0 like Mac OS X) AppleWebKit/536.26 (KHTML, like Gecko) Version/6.0 Mobile/10A5376e Safari/8536.25 (compatible; Googlebot/2.1; +http://www.google.com/bot.html)"
85.10.210.106 - - [04/Feb/2015:08:08:13 +0100] "HEAD / HTTP/1.1" 200 - "-" "Mozilla/5.0 (X11; Linux x86_64) AppleWebKit/537.36"
207.46.13.118 - - [04/Feb/2015:09:01:58 +0100] "GET /robots.txt HTTP/1.1" 200 298 "-" "Mozilla/5.0 (compatible; bingbot/2.0; +http://www.bing.com/bingbot.htm)"
207.46.13.118 - - [04/Feb/2015:09:02:05 +0100] "GET / HTTP/1.1" 200 15853 "-" "Mozilla/5.0 (compatible; bingbot/2.0; +http://www.bing.com/bingbot.htm)"
157.55.39.91 - - [04/Feb/2015:09:02:15 +0100] "GET /robots.txt HTTP/1.1" 200 298 "-" "Mozilla/5.0 (compatible; bingbot/2.0; +http://www.bing.com/bingbot.htm)"
141.8.147.12 - - [04/Feb/2015:13:21:55 +0100] "GET / HTTP/1.1" 200 15853 "-" "Mozilla/5.0 (compatible; YandexBot/3.0; +http://yandex.com/bots)"
36.248.171.165 - - [04/Feb/2015:14:17:59 +0100] "HEAD / HTTP/1.1" 200 - "-" "Mozilla/4.0 (compatible; MSIE 6.0; Windows NT 5.1; SV1)"
36.248.171.165 - - [04/Feb/2015:14:18:08 +0100] "GET / HTTP/1.1" 200 15853 "-" "Mozilla/4.0 (compatible; MSIE 6.0; Windows NT 5.1; SV1)"
36.248.171.165 - - [04/Feb/2015:14:18:12 +0100] "HEAD /index.html HTTP/1.1" 200 - "-" "Mozilla/4.0 (compatible; MSIE 6.0; Windows NT 5.1; SV1)"
36.248.171.165 - - [04/Feb/2015:14:18:12 +0100] "GET /index.html HTTP/1.1" 200 15853 "-" "Mozilla/4.0 (compatible; MSIE 6.0; Windows NT 5.1; SV1)"
36.248.171.165 - - [04/Feb/2015:14:18:17 +0100] "HEAD /env/env.html HTTP/1.1" 200 - "-" "Mozilla/4.0 (compatible; MSIE 6.0; Windows NT 5.1; SV1)"
36.248.171.165 - - [04/Feb/2015:14:18:21 +0100] "GET /env/env.html HTTP/1.1" 200 12438 "-" "Mozilla/4.0 (compatible; MSIE 6.0; Windows NT 5.1; SV1)"
36.248.171.165 - - [04/Feb/2015:14:18:23 +0100] "HEAD /env/roland/sc880.html HTTP/1.1" 200 - "-" "Mozilla/4.0 (compatible; MSIE 6.0; Windows NT 5.1; SV1)"
36.248.171.165 - - [04/Feb/2015:14:18:24 +0100] "GET /env/roland/sc880.html HTTP/1.1" 200 17092 "-" "Mozilla/4.0 (compatible; MSIE 6.0; Windows NT 5.1; SV1)"
36.248.171.165 - - [04/Feb/2015:14:18:29 +0100] "HEAD /links/links.html HTTP/1.1" 200 - "-" "Mozilla/4.0 (compatible; MSIE 6.0; Windows NT 5.1; SV1)"
36.248.171.165 - - [04/Feb/2015:14:18:32 +0100] "GET /links/links.html HTTP/1.1" 200 278 "-" "Mozilla/4.0 (compatible; MSIE 6.0; Windows NT 5.1; SV1)"
36.248.171.165 - - [04/Feb/2015:14:18:36 +0100] "HEAD /env/roland/pics/pic_sc880.html HTTP/1.1" 200 - "-" "Mozilla/4.0 (compatible; MSIE 6.0; Windows NT 5.1; SV1)"
36.248.171.165 - - [04/Feb/2015:14:18:37 +0100] "GET /env/roland/pics/pic_sc880.html HTTP/1.1" 200 755 "-" "Mozilla/4.0 (compatible; MSIE 6.0; Windows NT 5.1; SV1)"
36.248.171.165 - - [04/Feb/2015:14:18:40 +0100] "HEAD /env/roland/sc880.html HTTP/1.1" 200 - "-" "Mozilla/4.0 (compatible; MSIE 6.0; Windows NT 5.1; SV1)"
36.248.171.165 - - [04/Feb/2015:14:18:41 +0100] "GET /env/roland/sc880.html HTTP/1.1" 200 17092 "-" "Mozilla/4.0 (compatible; MSIE 6.0; Windows NT 5.1; SV1)"
36.248.171.165 - - [04/Feb/2015:14:18:46 +0100] "HEAD /env/roland/sc880.html HTTP/1.1" 200 - "-" "Mozilla/4.0 (compatible; MSIE 6.0; Windows NT 5.1; SV1)"
36.248.171.165 - - [04/Feb/2015:14:18:47 +0100] "GET /env/roland/sc880.html HTTP/1.1" 200 17092 "-" "Mozilla/4.0 (compatible; MSIE 6.0; Windows NT 5.1; SV1)"
36.248.171.165 - - [04/Feb/2015:14:18:50 +0100] "HEAD /friends/friends.html HTTP/1.1" 401 - "-" "Mozilla/4.0 (compatible; MSIE 6.0; Windows NT 5.1; SV1)"
36.248.171.165 - - [04/Feb/2015:14:19:04 +0100] "HEAD /phpBB2/index.php HTTP/1.1" 401 - "-" "Mozilla/4.0 (compatible; MSIE 6.0; Windows NT 5.1; SV1)"
36.248.171.165 - - [04/Feb/2015:14:19:18 +0100] "HEAD /privat/privat.html HTTP/1.1" 401 - "-" "Mozilla/4.0 (compatible; MSIE 6.0; Windows NT 5.1; SV1)"
36.248.171.165 - - [04/Feb/2015:14:19:32 +0100] "HEAD /impressum/impressum.html HTTP/1.1" 200 - "-" "Mozilla/4.0 (compatible; MSIE 6.0; Windows NT 5.1; SV1)"
36.248.171.165 - - [04/Feb/2015:14:19:32 +0100] "GET /impressum/impressum.html HTTP/1.1" 200 7872 "-" "Mozilla/4.0 (compatible; MSIE 6.0; Windows NT 5.1; SV1)"
36.248.171.165 - - [04/Feb/2015:14:19:36 +0100] "HEAD /index.html HTTP/1.1" 200 - "-" "Mozilla/4.0 (compatible; MSIE 6.0; Windows NT 5.1; SV1)"
36.248.171.165 - - [04/Feb/2015:14:19:36 +0100] "GET /index.html HTTP/1.1" 200 15853 "-" "Mozilla/4.0 (compatible; MSIE 6.0; Windows NT 5.1; SV1)"
36.248.171.165 - - [04/Feb/2015:14:19:39 +0100] "HEAD /env/env.html HTTP/1.1" 200 - "-" "Mozilla/4.0 (compatible; MSIE 6.0; Windows NT 5.1; SV1)"
36.248.171.165 - - [04/Feb/2015:14:19:39 +0100] "GET /env/env.html HTTP/1.1" 200 12438 "-" "Mozilla/4.0 (compatible; MSIE 6.0; Windows NT 5.1; SV1)"
141.8.147.12 - - [04/Feb/2015:21:34:58 +0100] "GET /robots.txt HTTP/1.1" 200 298 "-" "Mozilla/5.0 (compatible; YandexBot/3.0; +http://yandex.com/bots)"
141.8.147.12 - - [05/Feb/2015:06:58:16 +0100] "GET /index.html HTTP/1.1" 200 15853 "-" "Mozilla/5.0 (compatible; YandexBot/3.0; +http://yandex.com/bots)"
66.249.78.199 - - [05/Feb/2015:07:40:22 +0100] "GET /robots.txt HTTP/1.1" 200 298 "-" "Mozilla/5.0 (compatible; Googlebot/2.1; +http://www.google.com/bot.html)"
66.249.78.206 - - [05/Feb/2015:07:40:22 +0100] "GET /impressum/images/logo_big.jpg HTTP/1.1" 200 12681 "-" "Googlebot-Image/1.0"
141.8.147.12 - - [05/Feb/2015:21:59:57 +0100] "GET /robots.txt HTTP/1.1" 200 298 "-" "Mozilla/5.0 (compatible; YandexBot/3.0; +http://yandex.com/bots)"
104.131.220.35 - - [05/Feb/2015:22:22:48 +0100] "GET / HTTP/1.0" 200 15853 "-" "Mozilla/5.0 (compatible; NetcraftSurveyAgent/1.0; +info@netcraft.com)"
141.8.147.12 - - [05/Feb/2015:22:24:23 +0100] "GET / HTTP/1.1" 200 15853 "-" "Mozilla/5.0 (compatible; YandexBot/3.0; +http://yandex.com/bots)"
157.55.39.60 - - [06/Feb/2015:00:45:34 +0100] "GET /env/jomox/images/pixel.gif HTTP/1.1" 200 43 "-" "Mozilla/5.0 (compatible; bingbot/2.0; +http://www.bing.com/bingbot.htm)"
157.55.39.166 - - [06/Feb/2015:07:15:46 +0100] "GET /env/roland/pics/pic_sc880.html HTTP/1.1" 200 755 "-" "Mozilla/5.0 (compatible; bingbot/2.0; +http://www.bing.com/bingbot.htm)"
188.165.15.208 - - [06/Feb/2015:08:40:35 +0100] "GET /robots.txt HTTP/1.1" 200 298 "-" "Mozilla/5.0 (compatible; AhrefsBot/5.0; +http://ahrefs.com/robot/)"
208.115.111.75 - - [06/Feb/2015:09:57:38 +0100] "GET /robots.txt HTTP/1.1" 200 298 "-" "Mozilla/5.0 (compatible; DotBot/1.1; http://www.opensiteexplorer.org/dotbot, help@moz.com)"
68.180.228.35 - - [06/Feb/2015:10:17:46 +0100] "GET /robots.txt HTTP/1.1" 304 - "-" "Mozilla/5.0 (compatible; Yahoo! Slurp; http://help.yahoo.com/help/us/ysearch/slurp)"
68.180.228.35 - - [06/Feb/2015:10:17:46 +0100] "GET /impressum/impressum.html HTTP/1.1" 200 7872 "-" "Mozilla/5.0 (compatible; Yahoo! Slurp; http://help.yahoo.com/help/us/ysearch/slurp)"
68.180.228.35 - - [06/Feb/2015:10:24:59 +0100] "GET /env/env.html HTTP/1.1" 200 12438 "-" "Mozilla/5.0 (compatible; Yahoo! Slurp; http://help.yahoo.com/help/us/ysearch/slurp)"
208.115.111.75 - - [06/Feb/2015:11:01:12 +0100] "GET / HTTP/1.1" 200 15853 "-" "Mozilla/5.0 (compatible; DotBot/1.1; http://www.opensiteexplorer.org/dotbot, help@moz.com)"
141.8.147.12 - - [06/Feb/2015:13:18:03 +0100] "GET /robots.txt HTTP/1.1" 200 298 "-" "Mozilla/5.0 (compatible; YandexBot/3.0; +http://yandex.com/bots)"
141.8.147.12 - - [06/Feb/2015:13:20:33 +0100] "GET /impressum/impressum.html HTTP/1.1" 200 7872 "-" "Mozilla/5.0 (compatible; YandexBot/3.0; +http://yandex.com/bots)"
141.8.147.12 - - [06/Feb/2015:13:20:40 +0100] "GET /links/links.html HTTP/1.1" 200 278 "-" "Mozilla/5.0 (compatible; YandexBot/3.0; +http://yandex.com/bots)"
141.8.147.12 - - [06/Feb/2015:13:20:43 +0100] "GET /env/env.html HTTP/1.1" 200 12438 "-" "Mozilla/5.0 (compatible; YandexBot/3.0; +http://yandex.com/bots)"
192.99.107.172 - - [06/Feb/2015:13:42:12 +0100] "GET /robots.txt HTTP/1.1" 200 298 "-" "Mozilla/5.0 (compatible; meanpathbot/1.0; +http://www.meanpath.com/meanpathbot.html)"
192.99.107.172 - - [06/Feb/2015:13:42:13 +0100] "GET / HTTP/1.1" 200 15853 "-" "Mozilla/5.0 (compatible; meanpathbot/1.0; +http://www.meanpath.com/meanpathbot.html)"
66.249.78.199 - - [06/Feb/2015:15:15:53 +0100] "GET /robots.txt HTTP/1.1" 200 298 "-" "Mozilla/5.0 (compatible; Googlebot/2.1; +http://www.google.com/bot.html)"
66.249.64.130 - - [06/Feb/2015:15:15:54 +0100] "GET / HTTP/1.1" 200 15853 "-" "Mozilla/5.0 (iPhone; CPU iPhone OS 6_0 like Mac OS X) AppleWebKit/536.26 (KHTML, like Gecko) Version/6.0 Mobile/10A5376e Safari/8536.25 (compatible; Googlebot/2.1; +http://www.google.com/bot.html)"
107.155.70.224 - - [06/Feb/2015:15:53:21 +0100] "GET / HTTP/1.1" 200 15853 "-" "Firefox"
208.115.113.91 - - [06/Feb/2015:15:59:47 +0100] "GET /robots.txt HTTP/1.1" 200 298 "-" "Mozilla/5.0 (compatible; DotBot/1.1; http://www.opensiteexplorer.org/dotbot, help@moz.com)"
208.115.113.91 - - [06/Feb/2015:17:05:11 +0100] "GET /impressum/impressum.html HTTP/1.1" 200 7872 "-" "Mozilla/5.0 (compatible; DotBot/1.1; http://www.opensiteexplorer.org/dotbot, help@moz.com)"
74.52.245.146 - - [06/Feb/2015:17:48:54 +0100] "GET / HTTP/1.0" 200 15853 "-" "Mozilla/5.0 (X11; U; Linux i686; en-US; rv:1.7.5) Gecko/20041107 Firefox/1.0"
192.99.107.172 - - [06/Feb/2015:19:11:11 +0100] "GET /robots.txt HTTP/1.1" 200 298 "-" "Mozilla/5.0 (compatible; meanpathbot/1.0; +http://www.meanpath.com/meanpathbot.html)"
192.99.107.172 - - [06/Feb/2015:19:11:11 +0100] "GET / HTTP/1.1" 200 15853 "-" "Mozilla/5.0 (compatible; meanpathbot/1.0; +http://www.meanpath.com/meanpathbot.html)"
157.55.39.60 - - [07/Feb/2015:01:47:42 +0100] "GET /robots.txt HTTP/1.1" 200 298 "-" "Mozilla/5.0 (compatible; bingbot/2.0; +http://www.bing.com/bingbot.htm)"
157.55.39.60 - - [07/Feb/2015:01:47:56 +0100] "GET /index.html HTTP/1.1" 304 - "-" "Mozilla/5.0 (compatible; bingbot/2.0; +http://www.bing.com/bingbot.htm)"
208.115.111.75 - - [07/Feb/2015:05:57:50 +0100] "GET /robots.txt HTTP/1.1" 200 298 "-" "Mozilla/5.0 (compatible; DotBot/1.1; http://www.opensiteexplorer.org/dotbot, help@moz.com)"
208.115.111.75 - - [07/Feb/2015:07:04:28 +0100] "GET /friends/friends.html HTTP/1.1" 401 1226 "-" "Mozilla/5.0 (compatible; DotBot/1.1; http://www.opensiteexplorer.org/dotbot, help@moz.com)"
66.249.78.199 - - [07/Feb/2015:08:19:47 +0100] "GET /env/jomox/jomox.html HTTP/1.1" 200 14935 "-" "Mozilla/5.0 (iPhone; CPU iPhone OS 6_0 like Mac OS X) AppleWebKit/536.26 (KHTML, like Gecko) Version/6.0 Mobile/10A5376e Safari/8536.25 (compatible; Googlebot/2.1; +http://www.google.com/bot.html)"
66.249.78.199 - - [07/Feb/2015:08:19:48 +0100] "GET /env/env.html HTTP/1.1" 304 - "-" "Mozilla/5.0 (iPhone; CPU iPhone OS 6_0 like Mac OS X) AppleWebKit/536.26 (KHTML, like Gecko) Version/6.0 Mobile/10A5376e Safari/8536.25 (compatible; Googlebot/2.1; +http://www.google.com/bot.html)"
141.8.189.109 - - [07/Feb/2015:13:19:17 +0100] "GET /robots.txt HTTP/1.1" 200 298 "-" "Mozilla/5.0 (compatible; YandexBot/3.0; +http://yandex.com/bots)"
141.8.189.109 - - [07/Feb/2015:14:45:41 +0100] "GET / HTTP/1.1" 200 15853 "-" "Mozilla/5.0 (compatible; YandexBot/3.0; +http://yandex.com/bots)"
66.249.69.9 - - [07/Feb/2015:19:35:57 +0100] "GET /robots.txt HTTP/1.1" 200 298 "-" "Mozilla/5.0 (compatible; Googlebot/2.1; +http://www.google.com/bot.html)"
66.249.69.248 - - [07/Feb/2015:19:35:58 +0100] "GET / HTTP/1.1" 200 15853 "-" "Mozilla/5.0 (iPhone; CPU iPhone OS 6_0 like Mac OS X) AppleWebKit/536.26 (KHTML, like Gecko) Version/6.0 Mobile/10A5376e Safari/8536.25 (compatible; Googlebot/2.1; +http://www.google.com/bot.html)"
66.249.69.9 - - [08/Feb/2015:00:21:33 +0100] "GET /links/links.html HTTP/1.1" 200 278 "-" "Mozilla/5.0 (compatible; Googlebot/2.1; +http://www.google.com/bot.html)"
208.115.111.75 - - [08/Feb/2015:01:56:59 +0100] "GET /robots.txt HTTP/1.1" 200 298 "-" "Mozilla/5.0 (compatible; DotBot/1.1; http://www.opensiteexplorer.org/dotbot, help@moz.com)"
208.115.111.75 - - [08/Feb/2015:03:02:42 +0100] "GET /env/roland/pics/pic_sc880.html HTTP/1.1" 200 755 "-" "Mozilla/5.0 (compatible; DotBot/1.1; http://www.opensiteexplorer.org/dotbot, help@moz.com)"
176.9.50.42 - - [08/Feb/2015:04:38:59 +0100] "GET / HTTP/1.1" 200 15853 "-" "Mozilla/2.0 (compatible; crw)"
81.169.250.152 - - [08/Feb/2015:05:40:56 +0100] "GET / HTTP/1.1" 200 15853 "-" "Mozilla/5.0 (compatible; WeViKaBot/1.0; +http://www.wevika.de/)"
173.208.177.59 - - [08/Feb/2015:05:47:44 +0100] "HEAD /wp-login.php HTTP/1.1" 404 - "-" "-"
207.46.13.15 - - [08/Feb/2015:09:13:11 +0100] "GET /env/roland/sc880.html HTTP/1.1" 304 - "-" "Mozilla/5.0 (compatible; bingbot/2.0; +http://www.bing.com/bingbot.htm)"
81.169.250.152 - - [08/Feb/2015:12:52:34 +0100] "GET /impressum/impressum.html HTTP/1.1" 200 7872 "-" "Mozilla/5.0 (compatible; WeViKaBot/1.0; +http://www.wevika.de/)"
66.249.64.134 - - [08/Feb/2015:13:14:09 +0100] "GET /robots.txt HTTP/1.1" 200 298 "-" "Mozilla/5.0 (compatible; Googlebot/2.1; +http://www.google.com/bot.html)"
66.249.78.206 - - [08/Feb/2015:13:14:09 +0100] "GET / HTTP/1.1" 200 15853 "-" "Mozilla/5.0 (iPhone; CPU iPhone OS 6_0 like Mac OS X) AppleWebKit/536.26 (KHTML, like Gecko) Version/6.0 Mobile/10A5376e Safari/8536.25 (compatible; Googlebot/2.1; +http://www.google.com/bot.html)"
208.115.111.75 - - [08/Feb/2015:13:57:18 +0100] "GET /robots.txt HTTP/1.1" 200 298 "-" "Mozilla/5.0 (compatible; DotBot/1.1; http://www.opensiteexplorer.org/dotbot, help@moz.com)"
87.145.209.46 - - [08/Feb/2015:14:13:06 +0100] "GET / HTTP/1.1" 200 15853 "http://www.bigfinder.de/?c=ws&q=online&v=1" "Mozilla/5.0 (Windows NT 6.1; WOW64; rv:19.0) Gecko/20100101 Firefox/19.0"
208.115.111.75 - - [08/Feb/2015:15:05:43 +0100] "GET /env/env.html HTTP/1.1" 200 12438 "-" "Mozilla/5.0 (compatible; DotBot/1.1; http://www.opensiteexplorer.org/dotbot, help@moz.com)"
46.118.113.31 - - [08/Feb/2015:17:38:54 +0100] "GET /robots.txt HTTP/1.1" 200 298 "-" "Mozilla/5.0 (compatible; bingbot/3.0-alpha; +http://www.bing.com/bingbot.htm)"
46.118.113.31 - - [08/Feb/2015:17:38:54 +0100] "GET /wp-login.php HTTP/1.1" 404 1256 "-" "Mozilla/5.0 (Windows NT 6.1; rv:36.0) Gecko/20100101 Firefox/36.0"
46.118.113.31 - - [08/Feb/2015:17:38:54 +0100] "GET /robots.txt HTTP/1.1" 200 298 "-" "Mozilla/5.0 (compatible; bingbot/3.0-alpha; +http://www.bing.com/bingbot.htm)"
46.118.113.31 - - [08/Feb/2015:17:38:54 +0100] "GET /admin/index.php HTTP/1.1" 404 1256 "-" "Mozilla/5.0 (compatible; bingbot/3.0-alpha; +http://www.bing.com/bingbot.htm)"
46.118.113.31 - - [08/Feb/2015:17:38:54 +0100] "GET /bitrix/admin/index.php?lang=en HTTP/1.1" 404 1256 "-" "Mozilla/5.0 (compatible; bingbot/3.0-alpha; +http://www.bing.com/bingbot.htm)"
46.118.113.31 - - [08/Feb/2015:17:38:54 +0100] "GET /robots.txt HTTP/1.1" 200 298 "-" "Mozilla/5.0 (compatible; bingbot/3.0-alpha; +http://www.bing.com/bingbot.htm)"
46.118.113.31 - - [08/Feb/2015:17:38:54 +0100] "GET /robots.txt HTTP/1.1" 200 298 "-" "Mozilla/5.0 (compatible; bingbot/3.0-alpha; +http://www.bing.com/bingbot.htm)"
46.118.113.31 - - [08/Feb/2015:17:38:54 +0100] "GET /robots.txt HTTP/1.1" 200 298 "-" "Mozilla/5.0 (compatible; bingbot/3.0-alpha; +http://www.bing.com/bingbot.htm)"
141.8.189.109 - - [08/Feb/2015:18:22:36 +0100] "GET /robots.txt HTTP/1.1" 200 298 "-" "Mozilla/5.0 (compatible; YandexBot/3.0; +http://yandex.com/bots)"
141.8.189.109 - - [08/Feb/2015:18:22:38 +0100] "GET /env/env.html HTTP/1.1" 200 12438 "-" "Mozilla/5.0 (compatible; YandexBot/3.0; +http://yandex.com/bots)"
66.249.78.199 - - [08/Feb/2015:19:12:44 +0100] "GET /env/roland/sc880.html HTTP/1.1" 200 17092 "-" "Mozilla/5.0 (iPhone; CPU iPhone OS 6_0 like Mac OS X) AppleWebKit/536.26 (KHTML, like Gecko) Version/6.0 Mobile/10A5376e Safari/8536.25 (compatible; Googlebot/2.1; +http://www.google.com/bot.html)"
66.249.78.199 - - [09/Feb/2015:03:15:23 +0100] "GET /impressum/impressum.html HTTP/1.1" 200 7872 "-" "Mozilla/5.0 (iPhone; CPU iPhone OS 6_0 like Mac OS X) AppleWebKit/536.26 (KHTML, like Gecko) Version/6.0 Mobile/10A5376e Safari/8536.25 (compatible; Googlebot/2.1; +http://www.google.com/bot.html)"
81.169.250.152 - - [09/Feb/2015:04:28:30 +0100] "GET /index.html HTTP/1.1" 200 15853 "-" "Mozilla/5.0 (compatible; WeViKaBot/1.0; +http://www.wevika.de/)"
157.55.39.174 - - [09/Feb/2015:04:34:48 +0100] "GET /env/env.html HTTP/1.1" 304 - "-" "Mozilla/5.0 (compatible; bingbot/2.0; +http://www.bing.com/bingbot.htm)"
208.115.111.75 - - [09/Feb/2015:09:57:15 +0100] "GET /robots.txt HTTP/1.1" 200 298 "-" "Mozilla/5.0 (compatible; DotBot/1.1; http://www.opensiteexplorer.org/dotbot, help@moz.com)"
208.115.111.75 - - [09/Feb/2015:11:07:41 +0100] "GET /env/roland/sc880.html HTTP/1.1" 200 17092 "-" "Mozilla/5.0 (compatible; DotBot/1.1; http://www.opensiteexplorer.org/dotbot, help@moz.com)"
173.208.177.59 - - [09/Feb/2015:12:03:26 +0100] "HEAD /fckeditor/editor/ HTTP/1.1" 404 - "-" "-"
173.208.177.59 - - [09/Feb/2015:12:03:27 +0100] "HEAD /js/fckeditor/editor/ HTTP/1.1" 404 - "-" "-"
173.208.177.59 - - [09/Feb/2015:12:03:27 +0100] "HEAD /include/fckeditor/editor/ HTTP/1.1" 404 - "-" "-"
173.208.177.59 - - [09/Feb/2015:12:03:27 +0100] "HEAD /admin/fckeditor/editor/ HTTP/1.1" 404 - "-" "-"
173.208.177.59 - - [09/Feb/2015:12:03:27 +0100] "HEAD /manage/fckeditor/editor/ HTTP/1.1" 404 - "-" "-"
188.165.15.22 - - [09/Feb/2015:14:01:34 +0100] "GET /robots.txt HTTP/1.1" 200 298 "-" "Mozilla/5.0 (compatible; AhrefsBot/5.0; +http://ahrefs.com/robot/)"
87.169.228.234 - - [09/Feb/2015:22:14:23 +0100] "GET /benji HTTP/1.1" 301 354 "-" "Mozilla/5.0 (Macintosh; Intel Mac OS X 10_8_5) AppleWebKit/537.36 (KHTML, like Gecko) Chrome/40.0.2214.111 Safari/537.36"
87.169.228.234 - - [09/Feb/2015:22:14:23 +0100] "GET /benji/ HTTP/1.1" 200 678 "-" "Mozilla/5.0 (Macintosh; Intel Mac OS X 10_8_5) AppleWebKit/537.36 (KHTML, like Gecko) Chrome/40.0.2214.111 Safari/537.36"
87.169.228.234 - - [09/Feb/2015:22:14:23 +0100] "GET /benji/back.gif HTTP/1.1" 200 216 "http://www.soundpatcher.de/benji/" "Mozilla/5.0 (Macintosh; Intel Mac OS X 10_8_5) AppleWebKit/537.36 (KHTML, like Gecko) Chrome/40.0.2214.111 Safari/537.36"
87.169.228.234 - - [09/Feb/2015:22:14:23 +0100] "GET /favicon.ico HTTP/1.1" 404 1256 "-" "Mozilla/5.0 (Macintosh; Intel Mac OS X 10_8_5) AppleWebKit/537.36 (KHTML, like Gecko) Chrome/40.0.2214.111 Safari/537.36"
87.169.228.234 - - [09/Feb/2015:22:14:28 +0100] "GET / HTTP/1.1" 200 15853 "http://www.soundpatcher.de/benji/" "Mozilla/5.0 (Macintosh; Intel Mac OS X 10_8_5) AppleWebKit/537.36 (KHTML, like Gecko) Chrome/40.0.2214.111 Safari/537.36"
87.169.228.234 - - [09/Feb/2015:22:14:28 +0100] "GET /images/logo_big.jpg HTTP/1.1" 200 12681 "http://www.soundpatcher.de/" "Mozilla/5.0 (Macintosh; Intel Mac OS X 10_8_5) AppleWebKit/537.36 (KHTML, like Gecko) Chrome/40.0.2214.111 Safari/537.36"
87.169.228.234 - - [09/Feb/2015:22:14:28 +0100] "GET /images/span.jpg HTTP/1.1" 200 811 "http://www.soundpatcher.de/" "Mozilla/5.0 (Macintosh; Intel Mac OS X 10_8_5) AppleWebKit/537.36 (KHTML, like Gecko) Chrome/40.0.2214.111 Safari/537.36"
87.169.228.234 - - [09/Feb/2015:22:14:28 +0100] "GET /images/15x15.jpg HTTP/1.1" 200 631 "http://www.soundpatcher.de/" "Mozilla/5.0 (Macintosh; Intel Mac OS X 10_8_5) AppleWebKit/537.36 (KHTML, like Gecko) Chrome/40.0.2214.111 Safari/537.36"
87.169.228.234 - - [09/Feb/2015:22:14:28 +0100] "GET /images/pixel.gif HTTP/1.1" 200 43 "http://www.soundpatcher.de/" "Mozilla/5.0 (Macintosh; Intel Mac OS X 10_8_5) AppleWebKit/537.36 (KHTML, like Gecko) Chrome/40.0.2214.111 Safari/537.36"
87.169.228.234 - - [09/Feb/2015:22:14:28 +0100] "GET /env/jomox/pics/airbase99_small.jpg HTTP/1.1" 200 5206 "http://www.soundpatcher.de/" "Mozilla/5.0 (Macintosh; Intel Mac OS X 10_8_5) AppleWebKit/537.36 (KHTML, like Gecko) Chrome/40.0.2214.111 Safari/537.36"
87.169.228.234 - - [09/Feb/2015:22:14:28 +0100] "GET /images/10x10_CCCCCC.jpg HTTP/1.1" 200 631 "http://www.soundpatcher.de/" "Mozilla/5.0 (Macintosh; Intel Mac OS X 10_8_5) AppleWebKit/537.36 (KHTML, like Gecko) Chrome/40.0.2214.111 Safari/537.36"
141.8.147.12 - - [09/Feb/2015:22:23:48 +0100] "GET /robots.txt HTTP/1.1" 200 298 "-" "Mozilla/5.0 (compatible; YandexBot/3.0; +http://yandex.com/bots)"
141.8.147.12 - - [09/Feb/2015:23:36:46 +0100] "GET / HTTP/1.1" 200 15853 "-" "Mozilla/5.0 (compatible; YandexBot/3.0; +http://yandex.com/bots)"
141.8.147.12 - - [10/Feb/2015:00:45:06 +0100] "GET /env/roland/sc880.html HTTP/1.1" 200 17092 "-" "Mozilla/5.0 (compatible; YandexBot/3.0; +http://yandex.com/bots)"
141.8.147.12 - - [10/Feb/2015:00:45:09 +0100] "GET /impressum/impressum.html HTTP/1.1" 200 7872 "-" "Mozilla/5.0 (compatible; YandexBot/3.0; +http://yandex.com/bots)"
81.169.250.152 - - [10/Feb/2015:01:49:40 +0100] "GET /env/env.html HTTP/1.1" 200 12438 "-" "Mozilla/5.0 (compatible; WeViKaBot/1.0; +http://www.wevika.de/)"
141.8.147.12 - - [10/Feb/2015:07:46:35 +0100] "GET /env/env.html HTTP/1.1" 200 12438 "-" "Mozilla/5.0 (compatible; YandexBot/3.0; +http://yandex.com/bots)"
141.8.147.12 - - [10/Feb/2015:08:16:10 +0100] "GET /links/links.html HTTP/1.1" 200 278 "-" "Mozilla/5.0 (compatible; YandexBot/3.0; +http://yandex.com/bots)"
208.115.111.75 - - [10/Feb/2015:09:54:22 +0100] "GET /robots.txt HTTP/1.1" 200 298 "-" "Mozilla/5.0 (compatible; DotBot/1.1; http://www.opensiteexplorer.org/dotbot, help@moz.com)"
208.115.111.75 - - [10/Feb/2015:11:03:29 +0100] "GET /index.html HTTP/1.1" 200 15853 "-" "Mozilla/5.0 (compatible; DotBot/1.1; http://www.opensiteexplorer.org/dotbot, help@moz.com)"
85.17.73.171 - - [10/Feb/2015:20:19:25 +0100] "GET / HTTP/1.1" 200 15853 "-" "Mozilla/5.0 (compatible; LinkpadBot/1.06; +http://www.linkpad.ru)"
85.17.73.171 - - [10/Feb/2015:20:19:26 +0100] "GET / HTTP/1.1" 200 15853 "-" "Mozilla/5.0 (compatible; LinkpadBot/1.06; +http://www.linkpad.ru)"
85.17.73.171 - - [10/Feb/2015:20:19:28 +0100] "GET /env/env.html HTTP/1.1" 200 12438 "-" "Mozilla/5.0 (compatible; LinkpadBot/1.06; +http://www.linkpad.ru)"
85.17.73.171 - - [10/Feb/2015:20:19:29 +0100] "GET /env/env.html HTTP/1.1" 200 12438 "-" "Mozilla/5.0 (compatible; LinkpadBot/1.06; +http://www.linkpad.ru)"
85.17.73.171 - - [10/Feb/2015:20:19:31 +0100] "GET /env/jomox/jomox.html HTTP/1.1" 200 14935 "-" "Mozilla/5.0 (compatible; LinkpadBot/1.06; +http://www.linkpad.ru)"
85.17.73.171 - - [10/Feb/2015:20:19:32 +0100] "GET /env/jomox/jomox.html HTTP/1.1" 200 14935 "-" "Mozilla/5.0 (compatible; LinkpadBot/1.06; +http://www.linkpad.ru)"
85.17.73.171 - - [10/Feb/2015:20:19:34 +0100] "GET /friends/friends.html HTTP/1.1" 401 1226 "-" "Mozilla/5.0 (compatible; LinkpadBot/1.06; +http://www.linkpad.ru)"
85.17.73.171 - - [10/Feb/2015:20:19:35 +0100] "GET /privat/privat.html HTTP/1.1" 401 1226 "-" "Mozilla/5.0 (compatible; LinkpadBot/1.06; +http://www.linkpad.ru)"
85.17.73.171 - - [10/Feb/2015:20:19:36 +0100] "GET /impressum/impressum.html HTTP/1.1" 200 7872 "-" "Mozilla/5.0 (compatible; LinkpadBot/1.06; +http://www.linkpad.ru)"
85.17.73.171 - - [10/Feb/2015:20:19:37 +0100] "GET /impressum/impressum.html HTTP/1.1" 200 7872 "-" "Mozilla/5.0 (compatible; LinkpadBot/1.06; +http://www.linkpad.ru)"
85.17.73.171 - - [10/Feb/2015:20:19:39 +0100] "GET /phpBB2/ HTTP/1.1" 401 1226 "-" "Mozilla/5.0 (compatible; LinkpadBot/1.06; +http://www.linkpad.ru)"
188.165.15.108 - - [10/Feb/2015:23:11:46 +0100] "GET /env/roland/sc880.html HTTP/1.1" 200 17092 "-" "Mozilla/5.0 (compatible; AhrefsBot/5.0; +http://ahrefs.com/robot/)"
104.131.211.25 - - [10/Feb/2015:23:36:47 +0100] "GET / HTTP/1.0" 200 15853 "-" "Mozilla/5.0 (compatible; NetcraftSurveyAgent/1.0; +info@netcraft.com)"
54.154.169.34 - - [11/Feb/2015:04:27:01 +0100] "GET / HTTP/1.1" 200 15853 "-" "Mozilla/4.0 (compatible; MSIE 8.0; Windows NT 5.1; Trident/4.0; .NET CLR 2.0.50727; FDM)"
58.20.54.248 - - [11/Feb/2015:05:26:27 +0100] "GET / HTTP/1.1" 200 15853 "-" "Mozilla/5.0 (Windows NT 6.1; WOW64; rv:31.0) Gecko/20100101 Firefox/31.0"
208.115.111.75 - - [11/Feb/2015:05:57:17 +0100] "GET /robots.txt HTTP/1.1" 200 298 "-" "Mozilla/5.0 (compatible; DotBot/1.1; http://www.opensiteexplorer.org/dotbot, help@moz.com)"
208.115.111.75 - - [11/Feb/2015:07:05:11 +0100] "GET /privat/privat.html HTTP/1.1" 401 1226 "-" "Mozilla/5.0 (compatible; DotBot/1.1; http://www.opensiteexplorer.org/dotbot, help@moz.com)"
141.8.147.12 - - [11/Feb/2015:09:29:13 +0100] "GET /robots.txt HTTP/1.1" 200 298 "-" "Mozilla/5.0 (compatible; YandexBot/3.0; +http://yandex.com/bots)"
54.221.150.94 - - [11/Feb/2015:12:20:53 +0100] "GET / HTTP/1.1" 200 15853 "-" "Mozilla/5.0 (Windows NT 6.1; WOW64; rv:28.0) Gecko/20100101 Firefox/28.0"
141.8.147.12 - - [11/Feb/2015:12:24:00 +0100] "GET /env/roland/sc880.html HTTP/1.1" 200 17092 "-" "Mozilla/5.0 (compatible; YandexBot/3.0; +http://yandex.com/bots)"
223.27.22.81 - - [11/Feb/2015:13:47:26 +0100] "GET /wp-login.php HTTP/1.1" 404 1256 "-" "Mozilla/5.0 (compatible; MSIE 10.0; Windows NT 6.1; WOW64; Trident/6.0)"
223.27.22.81 - - [11/Feb/2015:13:47:26 +0100] "GET /wp/wp-login.php HTTP/1.1" 404 1256 "-" "Mozilla/5.0 (compatible; MSIE 10.0; Windows NT 6.1; WOW64; Trident/6.0)"
223.27.22.81 - - [11/Feb/2015:13:47:26 +0100] "GET /wordpress/wp-login.php HTTP/1.1" 404 1256 "-" "Mozilla/5.0 (compatible; MSIE 10.0; Windows NT 6.1; WOW64; Trident/6.0)"
223.27.22.81 - - [11/Feb/2015:13:47:27 +0100] "GET /test/wp-login.php HTTP/1.1" 404 1256 "-" "Mozilla/5.0 (compatible; MSIE 10.0; Windows NT 6.1; WOW64; Trident/6.0)"
223.27.22.81 - - [11/Feb/2015:13:47:27 +0100] "GET /site/wp-login.php HTTP/1.1" 404 1256 "-" "Mozilla/5.0 (compatible; MSIE 10.0; Windows NT 6.1; WOW64; Trident/6.0)"
223.27.22.81 - - [11/Feb/2015:13:47:27 +0100] "GET /old/wp-login.php HTTP/1.1" 404 1256 "-" "Mozilla/5.0 (compatible; MSIE 10.0; Windows NT 6.1; WOW64; Trident/6.0)"
223.27.22.81 - - [11/Feb/2015:13:47:28 +0100] "GET /shop/wp-login.php HTTP/1.1" 404 1256 "-" "Mozilla/5.0 (compatible; MSIE 10.0; Windows NT 6.1; WOW64; Trident/6.0)"
223.27.22.81 - - [11/Feb/2015:13:47:28 +0100] "GET /store/wp-login.php HTTP/1.1" 404 1256 "-" "Mozilla/5.0 (compatible; MSIE 10.0; Windows NT 6.1; WOW64; Trident/6.0)"
223.27.22.81 - - [11/Feb/2015:13:47:29 +0100] "GET /blog/wp-login.php HTTP/1.1" 404 1256 "-" "Mozilla/5.0 (compatible; MSIE 10.0; Windows NT 6.1; WOW64; Trident/6.0)"
223.27.22.81 - - [11/Feb/2015:13:47:29 +0100] "GET /blogs/wp-login.php HTTP/1.1" 404 1256 "-" "Mozilla/5.0 (compatible; MSIE 10.0; Windows NT 6.1; WOW64; Trident/6.0)"
223.27.22.81 - - [11/Feb/2015:13:47:29 +0100] "GET /forum/wp-login.php HTTP/1.1" 404 1256 "-" "Mozilla/5.0 (compatible; MSIE 10.0; Windows NT 6.1; WOW64; Trident/6.0)"
141.8.147.12 - - [11/Feb/2015:21:11:40 +0100] "GET /robots.txt HTTP/1.1" 200 298 "-" "Mozilla/5.0 (compatible; YandexBot/3.0; +http://yandex.com/bots)"
141.8.147.12 - - [11/Feb/2015:22:51:48 +0100] "GET /env/env.html HTTP/1.1" 200 12438 "-" "Mozilla/5.0 (compatible; YandexBot/3.0; +http://yandex.com/bots)"
81.169.250.152 - - [11/Feb/2015:23:05:17 +0100] "GET /friends/friends.html HTTP/1.1" 401 1226 "-" "Mozilla/5.0 (compatible; WeViKaBot/1.0; +http://www.wevika.de/)"
208.115.111.75 - - [12/Feb/2015:01:55:41 +0100] "GET /robots.txt HTTP/1.1" 200 298 "-" "Mozilla/5.0 (compatible; DotBot/1.1; http://www.opensiteexplorer.org/dotbot, help@moz.com)"
208.115.111.75 - - [12/Feb/2015:03:02:59 +0100] "GET /env/jomox/pics/pic_airbase99.html HTTP/1.1" 200 759 "-" "Mozilla/5.0 (compatible; DotBot/1.1; http://www.opensiteexplorer.org/dotbot, help@moz.com)"
208.115.113.91 - - [12/Feb/2015:03:57:11 +0100] "GET /robots.txt HTTP/1.1" 200 298 "-" "Mozilla/5.0 (compatible; DotBot/1.1; http://www.opensiteexplorer.org/dotbot, help@moz.com)"
208.115.113.91 - - [12/Feb/2015:05:04:34 +0100] "GET /phpBB2/index.php HTTP/1.1" 401 1226 "-" "Mozilla/5.0 (compatible; DotBot/1.1; http://www.opensiteexplorer.org/dotbot, help@moz.com)"
213.239.208.23 - - [12/Feb/2015:11:37:33 +0100] "GET /impressum/impressum.html HTTP/1.0" 200 7872 "http://www.dr-kirsten-pp.de/impressum.php" "Opera/9.20 (Windows NT 5.1; U; de)"
85.25.202.18 - - [12/Feb/2015:12:14:11 +0100] "GET / HTTP/1.1" 200 15853 "http://www.sumaja.de/?such_wert=logic" "T-Online Browser (Windows NT 6.1; de)"
141.8.147.12 - - [12/Feb/2015:13:27:44 +0100] "GET /robots.txt HTTP/1.1" 200 298 "-" "Mozilla/5.0 (compatible; YandexBot/3.0; +http://yandex.com/bots)"
141.8.147.12 - - [12/Feb/2015:14:44:52 +0100] "GET /env/roland/images/15x15.jpg HTTP/1.1" 200 631 "-" "Mozilla/5.0 (compatible; YandexBot/3.0; +http://yandex.com/bots)"
141.8.147.12 - - [12/Feb/2015:15:27:38 +0100] "GET /env/roland/pics/pic_sc880.html HTTP/1.1" 200 755 "-" "Mozilla/5.0 (compatible; YandexBot/3.0; +http://yandex.com/bots)"
141.8.147.12 - - [12/Feb/2015:15:59:24 +0100] "GET /env/roland/images/span.jpg HTTP/1.1" 200 811 "-" "Mozilla/5.0 (compatible; YandexBot/3.0; +http://yandex.com/bots)"
81.169.250.152 - - [12/Feb/2015:16:27:14 +0100] "GET /phpBB2/index.php HTTP/1.1" 401 1226 "-" "Mozilla/5.0 (compatible; WeViKaBot/1.0; +http://www.wevika.de/)"
157.55.39.133 - - [12/Feb/2015:16:37:43 +0100] "GET /robots.txt HTTP/1.1" 200 298 "-" "Mozilla/5.0 (compatible; bingbot/2.0; +http://www.bing.com/bingbot.htm)"
157.55.39.133 - - [12/Feb/2015:16:37:50 +0100] "GET /impressum/impressum.html HTTP/1.1" 200 7872 "-" "Mozilla/5.0 (compatible; bingbot/2.0; +http://www.bing.com/bingbot.htm)"
66.249.78.213 - - [12/Feb/2015:16:39:03 +0100] "GET /robots.txt HTTP/1.1" 200 298 "-" "Mozilla/5.0 (compatible; Googlebot/2.1; +http://www.google.com/bot.html)"
66.249.78.213 - - [12/Feb/2015:16:39:04 +0100] "GET / HTTP/1.1" 200 15853 "-" "Mozilla/5.0 (iPhone; CPU iPhone OS 6_0 like Mac OS X) AppleWebKit/536.26 (KHTML, like Gecko) Version/6.0 Mobile/10A5376e Safari/8536.25 (compatible; Googlebot/2.1; +http://www.google.com/bot.html)"
81.169.250.152 - - [12/Feb/2015:18:02:24 +0100] "GET /env/jomox/jomox.html HTTP/1.1" 200 14935 "-" "Mozilla/5.0 (compatible; WeViKaBot/1.0; +http://www.wevika.de/)"
72.46.136.178 - - [12/Feb/2015:20:09:17 +0100] "GET / HTTP/1.1" 200 15853 "-" "Mozilla/4.0 (compatible; MSIE 6.0; Windows NT 5.1; SV1)"
141.8.147.12 - - [12/Feb/2015:21:49:22 +0100] "GET /env/roland/pics/sc880_mid.jpg HTTP/1.1" 304 - "-" "Mozilla/5.0 (compatible; YandexBot/3.0; +http://yandex.com/bots)"
141.8.147.12 - - [12/Feb/2015:22:42:54 +0100] "GET /env/jomox/images/span.jpg HTTP/1.1" 200 811 "-" "Mozilla/5.0 (compatible; YandexBot/3.0; +http://yandex.com/bots)"
217.69.133.224 - - [12/Feb/2015:23:10:19 +0100] "GET /robots.txt HTTP/1.1" 200 298 "-" "Mozilla/5.0 (compatible; Linux x86_64; Mail.RU_Bot/2.0; +http://go.mail.ru/help/robots)"
217.69.133.224 - - [12/Feb/2015:23:10:20 +0100] "GET / HTTP/1.1" 200 15853 "-" "Mozilla/5.0 (compatible; Linux x86_64; Mail.RU_Bot/2.0; +http://go.mail.ru/help/robots)"
141.8.147.12 - - [12/Feb/2015:23:18:36 +0100] "GET /env/jomox/pics/airbase99_small.jpg HTTP/1.1" 200 5206 "-" "Mozilla/5.0 (compatible; YandexBot/3.0; +http://yandex.com/bots)"
141.8.147.12 - - [13/Feb/2015:00:31:45 +0100] "GET /robots.txt HTTP/1.1" 200 298 "-" "Mozilla/5.0 (compatible; YandexBot/3.0; +http://yandex.com/bots)"
141.8.147.12 - - [13/Feb/2015:00:42:22 +0100] "GET /env/roland/pics/sc880_small+.jpg HTTP/1.1" 200 6084 "-" "Mozilla/5.0 (compatible; YandexBot/3.0; +http://yandex.com/bots)"
141.8.147.12 - - [13/Feb/2015:01:21:15 +0100] "GET /env/jomox/pics/airbase99_small+.jpg HTTP/1.1" 304 - "-" "Mozilla/5.0 (compatible; YandexBot/3.0; +http://yandex.com/bots)"
141.8.147.12 - - [13/Feb/2015:01:36:13 +0100] "GET /env/roland/images/10x10_CCCCCC.jpg HTTP/1.1" 200 631 "-" "Mozilla/5.0 (compatible; YandexBot/3.0; +http://yandex.com/bots)"
141.8.147.12 - - [13/Feb/2015:01:43:36 +0100] "GET /images/15x15.jpg HTTP/1.1" 200 631 "-" "Mozilla/5.0 (compatible; YandexBot/3.0; +http://yandex.com/bots)"
141.8.147.12 - - [13/Feb/2015:01:49:21 +0100] "GET /images/10x10_CCCCCC.jpg HTTP/1.1" 200 631 "-" "Mozilla/5.0 (compatible; YandexBot/3.0; +http://yandex.com/bots)"
141.8.147.12 - - [13/Feb/2015:01:53:27 +0100] "GET /env/roland/pics/sc880_small.jpg HTTP/1.1" 304 - "-" "Mozilla/5.0 (compatible; YandexBot/3.0; +http://yandex.com/bots)"
141.8.147.12 - - [13/Feb/2015:01:54:11 +0100] "GET /images/span.jpg HTTP/1.1" 200 811 "-" "Mozilla/5.0 (compatible; YandexBot/3.0; +http://yandex.com/bots)"
68.180.228.35 - - [13/Feb/2015:02:22:47 +0100] "GET /robots.txt HTTP/1.1" 304 - "-" "Mozilla/5.0 (compatible; Yahoo! Slurp; http://help.yahoo.com/help/us/ysearch/slurp)"
68.180.228.35 - - [13/Feb/2015:02:22:47 +0100] "GET /index.html HTTP/1.1" 200 15853 "-" "Mozilla/5.0 (compatible; Yahoo! Slurp; http://help.yahoo.com/help/us/ysearch/slurp)"
66.249.78.199 - - [13/Feb/2015:12:21:56 +0100] "GET /env/roland/pics/sc880_small+.jpg HTTP/1.1" 200 6084 "-" "Googlebot-Image/1.0"
66.249.78.213 - - [13/Feb/2015:13:34:44 +0100] "GET / HTTP/1.1" 200 15853 "-" "Mozilla/5.0 (iPhone; CPU iPhone OS 6_0 like Mac OS X) AppleWebKit/536.26 (KHTML, like Gecko) Version/6.0 Mobile/10A5376e Safari/8536.25 (compatible; Googlebot/2.1; +http://www.google.com/bot.html)"
66.249.78.206 - - [13/Feb/2015:15:31:52 +0100] "GET / HTTP/1.1" 200 15853 "-" "Mozilla/5.0 (compatible; Googlebot/2.1; +http://www.google.com/bot.html)"
66.249.78.199 - - [14/Feb/2015:09:34:43 +0100] "GET /robots.txt HTTP/1.1" 200 298 "-" "Mozilla/5.0 (compatible; Googlebot/2.1; +http://www.google.com/bot.html)"
66.249.78.199 - - [14/Feb/2015:09:34:43 +0100] "GET / HTTP/1.1" 200 15853 "-" "Mozilla/5.0 (iPhone; CPU iPhone OS 6_0 like Mac OS X) AppleWebKit/536.26 (KHTML, like Gecko) Version/6.0 Mobile/10A5376e Safari/8536.25 (compatible; Googlebot/2.1; +http://www.google.com/bot.html)"
37.24.36.126 - - [14/Feb/2015:13:44:19 +0100] "GET / HTTP/1.1" 200 15853 "-" "-"
37.24.36.126 - - [14/Feb/2015:13:44:19 +0100] "GET / HTTP/1.1" 200 15853 "http://www.google.de/" "finbot"
37.24.36.126 - - [14/Feb/2015:13:44:19 +0100] "GET / HTTP/1.1" 200 15853 "http://www.google.de/" "Mozilla/5.0 (Linux; U; Android 4.1.2; de-de; GT-I8190 Build/JZO54K) AppleWebKit/534.30 (KHTML, like Gecko) Version/4.0 Mobile Safari/534.30"
46.229.164.114 - - [14/Feb/2015:17:34:04 +0100] "GET /robots.txt HTTP/1.1" 200 298 "-" "Mozilla/5.0 (compatible; SemrushBot/0.98~bl; +http://www.semrush.com/bot.html)"
157.55.39.133 - - [14/Feb/2015:19:15:02 +0100] "GET /env/jomox/jomox.html HTTP/1.1" 200 14935 "-" "Mozilla/5.0 (compatible; bingbot/2.0; +http://www.bing.com/bingbot.htm)"
157.55.39.60 - - [14/Feb/2015:19:15:11 +0100] "GET /robots.txt HTTP/1.1" 200 298 "-" "Mozilla/5.0 (compatible; bingbot/2.0; +http://www.bing.com/bingbot.htm)"
66.249.78.199 - - [14/Feb/2015:19:43:27 +0100] "GET /env/roland/images/logo_big.jpg HTTP/1.1" 200 12681 "-" "Googlebot-Image/1.0"
68.180.228.35 - - [14/Feb/2015:22:05:40 +0100] "GET /robots.txt HTTP/1.1" 304 - "-" "Mozilla/5.0 (compatible; Yahoo! Slurp; http://help.yahoo.com/help/us/ysearch/slurp)"
68.180.228.35 - - [14/Feb/2015:22:05:40 +0100] "GET /env/roland/sc880.html HTTP/1.1" 200 17092 "-" "Mozilla/5.0 (compatible; Yahoo! Slurp; http://help.yahoo.com/help/us/ysearch/slurp)"
68.180.228.35 - - [14/Feb/2015:22:07:54 +0100] "GET /env/roland/pics/pic_sc880.html HTTP/1.1" 200 755 "-" "Mozilla/5.0 (compatible; Yahoo! Slurp; http://help.yahoo.com/help/us/ysearch/slurp)"
188.165.15.23 - - [14/Feb/2015:22:17:59 +0100] "GET /links/links.html HTTP/1.1" 200 278 "-" "Mozilla/5.0 (compatible; AhrefsBot/5.0; +http://ahrefs.com/robot/)"
68.180.228.35 - - [15/Feb/2015:21:26:28 +0100] "GET /privat/privat.html HTTP/1.1" 401 1226 "-" "Mozilla/5.0 (compatible; Yahoo! Slurp; http://help.yahoo.com/help/us/ysearch/slurp)"
64.246.165.180 - - [15/Feb/2015:23:28:26 +0100] "GET /robots.txt HTTP/1.0" 200 298 "-" "Mozilla/5.0 (Windows; U; Windows NT 5.1; en; rv:1.9.0.13) Gecko/2009073022 Firefox/3.5.2 (.NET CLR 3.5.30729) SurveyBot/2.3 (DomainTools)"
64.246.165.180 - - [15/Feb/2015:23:28:27 +0100] "GET / HTTP/1.1" 200 15853 "http://whois.domaintools.com/soundpatcher.de" "Mozilla/5.0 (Windows; U; Windows NT 5.1; en; rv:1.9.0.13) Gecko/2009073022 Firefox/3.5.2 (.NET CLR 3.5.30729) SurveyBot/2.3 (DomainTools)"
157.55.39.60 - - [16/Feb/2015:02:03:47 +0100] "GET /robots.txt HTTP/1.1" 200 298 "-" "Mozilla/5.0 (compatible; bingbot/2.0; +http://www.bing.com/bingbot.htm)"
157.55.39.60 - - [16/Feb/2015:02:03:52 +0100] "GET /env/jomox/download/airbase99.LSO HTTP/1.1" 200 387896 "-" "Mozilla/5.0 (compatible; bingbot/2.0; +http://www.bing.com/bingbot.htm)"
176.31.126.56 - - [16/Feb/2015:02:47:20 +0100] "GET /robots.txt HTTP/1.0" 200 298 "-" ""
176.31.126.56 - - [16/Feb/2015:02:47:20 +0100] "GET / HTTP/1.1" 206 15853 "-" "Mozilla/5.0 (X11; Linux i686) AppleWebKit/534.30 (KHTML, like Gecko) Slackware/Chrome/12.0.742.100 Safari/534.30"
176.31.126.56 - - [16/Feb/2015:02:47:22 +0100] "GET /index.html HTTP/1.1" 206 15853 "-" "Mozilla/5.0 (X11; Linux i686) AppleWebKit/534.30 (KHTML, like Gecko) Slackware/Chrome/12.0.742.100 Safari/534.30"
176.31.126.56 - - [16/Feb/2015:02:47:24 +0100] "GET /env/env.html HTTP/1.1" 206 12438 "-" "Mozilla/5.0 (X11; Linux i686) AppleWebKit/534.30 (KHTML, like Gecko) Slackware/Chrome/12.0.742.100 Safari/534.30"
176.31.126.56 - - [16/Feb/2015:02:47:26 +0100] "GET /friends/friends.html HTTP/1.1" 401 1226 "-" "Mozilla/5.0 (X11; Linux i686) AppleWebKit/534.30 (KHTML, like Gecko) Slackware/Chrome/12.0.742.100 Safari/534.30"
176.31.126.56 - - [16/Feb/2015:02:47:26 +0100] "GET /phpBB2/index.php HTTP/1.1" 401 1226 "-" "Mozilla/5.0 (X11; Linux i686) AppleWebKit/534.30 (KHTML, like Gecko) Slackware/Chrome/12.0.742.100 Safari/534.30"
176.31.126.56 - - [16/Feb/2015:02:47:26 +0100] "GET /privat/privat.html HTTP/1.1" 401 1226 "-" "Mozilla/5.0 (X11; Linux i686) AppleWebKit/534.30 (KHTML, like Gecko) Slackware/Chrome/12.0.742.100 Safari/534.30"
176.31.126.56 - - [16/Feb/2015:02:47:26 +0100] "GET /impressum/impressum.html HTTP/1.1" 206 7872 "-" "Mozilla/5.0 (X11; Linux i686) AppleWebKit/534.30 (KHTML, like Gecko) Slackware/Chrome/12.0.742.100 Safari/534.30"
176.31.126.56 - - [16/Feb/2015:02:47:28 +0100] "GET /env/jomox/jomox.html HTTP/1.1" 206 14935 "-" "Mozilla/5.0 (X11; Linux i686) AppleWebKit/534.30 (KHTML, like Gecko) Slackware/Chrome/12.0.742.100 Safari/534.30"
176.31.126.56 - - [16/Feb/2015:02:47:30 +0100] "GET /env/roland/sc880.html HTTP/1.1" 206 17092 "-" "Mozilla/5.0 (X11; Linux i686) AppleWebKit/534.30 (KHTML, like Gecko) Slackware/Chrome/12.0.742.100 Safari/534.30"
176.31.126.56 - - [16/Feb/2015:02:47:33 +0100] "GET /links/links.html HTTP/1.1" 206 278 "-" "Mozilla/5.0 (X11; Linux i686) AppleWebKit/534.30 (KHTML, like Gecko) Slackware/Chrome/12.0.742.100 Safari/534.30"
176.31.126.56 - - [16/Feb/2015:02:47:35 +0100] "GET /env/jomox/download/airbase99.LSO HTTP/1.1" 206 262145 "-" "Mozilla/5.0 (X11; Linux i686) AppleWebKit/534.30 (KHTML, like Gecko) Slackware/Chrome/12.0.742.100 Safari/534.30"
176.31.126.56 - - [16/Feb/2015:02:47:37 +0100] "GET /env/jomox/pics/pic_airbase99.html HTTP/1.1" 206 759 "-" "Mozilla/5.0 (X11; Linux i686) AppleWebKit/534.30 (KHTML, like Gecko) Slackware/Chrome/12.0.742.100 Safari/534.30"
176.31.126.56 - - [16/Feb/2015:02:47:39 +0100] "GET /env/roland/pics/pic_sc880.html HTTP/1.1" 206 755 "-" "Mozilla/5.0 (X11; Linux i686) AppleWebKit/534.30 (KHTML, like Gecko) Slackware/Chrome/12.0.742.100 Safari/534.30"
208.115.113.91 - - [16/Feb/2015:03:56:35 +0100] "GET /robots.txt HTTP/1.1" 200 298 "-" "Mozilla/5.0 (compatible; DotBot/1.1; http://www.opensiteexplorer.org/dotbot, help@moz.com)"
208.115.113.91 - - [16/Feb/2015:05:03:37 +0100] "GET /env/jomox/jomox.html HTTP/1.1" 200 14935 "-" "Mozilla/5.0 (compatible; DotBot/1.1; http://www.opensiteexplorer.org/dotbot, help@moz.com)"
68.180.228.35 - - [16/Feb/2015:06:39:09 +0100] "GET /robots.txt HTTP/1.1" 304 - "-" "Mozilla/5.0 (compatible; Yahoo! Slurp; http://help.yahoo.com/help/us/ysearch/slurp)"
68.180.228.35 - - [16/Feb/2015:06:39:10 +0100] "GET /links/links.html HTTP/1.1" 200 278 "-" "Mozilla/5.0 (compatible; Yahoo! Slurp; http://help.yahoo.com/help/us/ysearch/slurp)"
46.229.170.197 - - [16/Feb/2015:08:38:31 +0100] "GET / HTTP/1.1" 200 15853 "-" "Mozilla/5.0 (X11; Linux i686 on x86_64; rv:5.0a2) Gecko/20110524 Firefox/5.0a2"
157.55.39.133 - - [16/Feb/2015:14:31:55 +0100] "GET /env/jomox/pics/pic_airbase99.html HTTP/1.1" 200 759 "-" "Mozilla/5.0 (compatible; bingbot/2.0; +http://www.bing.com/bingbot.htm)"
46.4.27.145 - - [16/Feb/2015:14:54:16 +0100] "GET / HTTP/1.1" 200 15853 "http://www.webwiki.de/www.soundpatcher.de" "Mozilla/5.0 (Windows NT 6.1; WOW64; rv:29.0) Gecko/20100101 Firefox/29.0"
188.165.15.205 - - [16/Feb/2015:17:33:22 +0100] "GET /robots.txt HTTP/1.1" 200 298 "-" "Mozilla/5.0 (compatible; AhrefsBot/5.0; +http://ahrefs.com/robot/)"
192.99.107.28 - - [17/Feb/2015:08:03:57 +0100] "GET /robots.txt HTTP/1.1" 200 298 "-" "Mozilla/5.0 (compatible; meanpathbot/1.0; +http://www.meanpath.com/meanpathbot.html)"
192.99.107.28 - - [17/Feb/2015:08:03:58 +0100] "GET / HTTP/1.1" 200 15853 "-" "Mozilla/5.0 (compatible; meanpathbot/1.0; +http://www.meanpath.com/meanpathbot.html)"
148.251.75.46 - - [17/Feb/2015:08:39:47 +0100] "GET /impressum/impressum.html HTTP/1.1" 200 7872 "-" "Mozilla/5.0 (Windows NT 6.1) AppleWebKit/537.36 (KHTML, like Gecko) Chrome/27.0.1453.93 Safari/537.36"
148.251.75.46 - - [17/Feb/2015:08:39:48 +0100] "GET / HTTP/1.1" 200 15853 "-" "Mozilla/5.0 (Windows NT 6.1) AppleWebKit/537.36 (KHTML, like Gecko) Chrome/27.0.1453.90 Safari/537.36"
157.55.39.133 - - [17/Feb/2015:08:55:58 +0100] "GET /impressum/impressum.html HTTP/1.1" 200 7872 "-" "Mozilla/5.0 (compatible; bingbot/2.0; +http://www.bing.com/bingbot.htm)"
157.55.39.60 - - [17/Feb/2015:08:56:10 +0100] "GET /robots.txt HTTP/1.1" 200 298 "-" "Mozilla/5.0 (compatible; bingbot/2.0; +http://www.bing.com/bingbot.htm)"
157.55.39.60 - - [17/Feb/2015:08:56:11 +0100] "GET /impressum/images/10x10_CCCCCC.jpg HTTP/1.1" 200 631 "-" "Mozilla/5.0 (compatible; bingbot/2.0; +http://www.bing.com/bingbot.htm)"
157.55.39.60 - - [17/Feb/2015:08:56:11 +0100] "GET /impressum/images/logo_big.jpg HTTP/1.1" 200 12681 "-" "Mozilla/5.0 (compatible; bingbot/2.0; +http://www.bing.com/bingbot.htm)"
157.55.39.133 - - [17/Feb/2015:08:56:14 +0100] "GET /impressum/images/15x15.jpg HTTP/1.1" 200 631 "-" "Mozilla/5.0 (compatible; bingbot/2.0; +http://www.bing.com/bingbot.htm)"
157.55.39.133 - - [17/Feb/2015:08:56:15 +0100] "GET /impressum/images/span.jpg HTTP/1.1" 200 811 "-" "Mozilla/5.0 (compatible; bingbot/2.0; +http://www.bing.com/bingbot.htm)"
66.249.78.206 - - [17/Feb/2015:13:25:28 +0100] "GET /robots.txt HTTP/1.1" 200 298 "-" "Mozilla/5.0 (compatible; Googlebot/2.1; +http://www.google.com/bot.html)"
66.249.78.213 - - [17/Feb/2015:13:25:29 +0100] "GET /links/links.html HTTP/1.1" 200 278 "-" "Mozilla/5.0 (compatible; Googlebot/2.1; +http://www.google.com/bot.html)"
141.8.147.12 - - [17/Feb/2015:17:10:13 +0100] "GET /robots.txt HTTP/1.1" 200 298 "-" "Mozilla/5.0 (compatible; YandexBot/3.0; +http://yandex.com/bots)"
141.8.147.12 - - [17/Feb/2015:17:26:20 +0100] "GET /robots.txt HTTP/1.1" 200 298 "-" "Mozilla/5.0 (compatible; YandexBot/3.0; +http://yandex.com/bots)"
68.180.228.35 - - [17/Feb/2015:17:26:54 +0100] "GET /robots.txt HTTP/1.1" 304 - "-" "Mozilla/5.0 (compatible; Yahoo! Slurp; http://help.yahoo.com/help/us/ysearch/slurp)"
68.180.228.35 - - [17/Feb/2015:17:26:54 +0100] "GET /friends/friends.html HTTP/1.1" 401 1226 "-" "Mozilla/5.0 (compatible; Yahoo! Slurp; http://help.yahoo.com/help/us/ysearch/slurp)"
141.8.147.12 - - [17/Feb/2015:17:33:56 +0100] "GET /env/roland/pics/sc880_mid.jpg HTTP/1.1" 304 - "-" "Mozilla/5.0 (compatible; YandexBot/3.0; +http://yandex.com/bots)"
46.229.164.114 - - [17/Feb/2015:20:17:54 +0100] "GET / HTTP/1.1" 200 15853 "-" "Mozilla/5.0 (compatible; SemrushBot/0.98~bl; +http://www.semrush.com/bot.html)"
162.243.192.41 - - [18/Feb/2015:01:31:02 +0100] "GET /robots.txt HTTP/1.1" 200 298 "-" "Mozilla/5.0 (compatible; spbot/4.4.2; +http://OpenLinkProfiler.org/bot )"
162.243.192.41 - - [18/Feb/2015:01:31:06 +0100] "GET / HTTP/1.1" 200 15853 "-" "Mozilla/5.0 (compatible; spbot/4.4.2; +http://OpenLinkProfiler.org/bot )"
162.243.192.41 - - [18/Feb/2015:01:31:08 +0100] "GET /index.html HTTP/1.1" 200 15853 "http://www.soundpatcher.de/" "Mozilla/5.0 (compatible; spbot/4.4.2; +http://OpenLinkProfiler.org/bot )"
162.243.192.41 - - [18/Feb/2015:01:31:12 +0100] "GET /env/env.html HTTP/1.1" 200 12438 "http://www.soundpatcher.de/" "Mozilla/5.0 (compatible; spbot/4.4.2; +http://OpenLinkProfiler.org/bot )"
162.243.192.41 - - [18/Feb/2015:01:31:16 +0100] "GET /phpBB2/index.php HTTP/1.1" 401 1226 "http://www.soundpatcher.de/" "Mozilla/5.0 (compatible; spbot/4.4.2; +http://OpenLinkProfiler.org/bot )"
162.243.192.41 - - [18/Feb/2015:01:31:21 +0100] "GET /privat/privat.html HTTP/1.1" 401 1226 "http://www.soundpatcher.de/" "Mozilla/5.0 (compatible; spbot/4.4.2; +http://OpenLinkProfiler.org/bot )"
162.243.192.41 - - [18/Feb/2015:01:31:26 +0100] "GET /friends/friends.html HTTP/1.1" 401 1226 "http://www.soundpatcher.de/" "Mozilla/5.0 (compatible; spbot/4.4.2; +http://OpenLinkProfiler.org/bot )"
162.243.192.41 - - [18/Feb/2015:01:31:31 +0100] "GET /env/jomox/jomox.html HTTP/1.1" 200 14935 "http://www.soundpatcher.de/" "Mozilla/5.0 (compatible; spbot/4.4.2; +http://OpenLinkProfiler.org/bot )"
162.243.192.41 - - [18/Feb/2015:01:31:36 +0100] "GET /links/links.html HTTP/1.1" 200 278 "http://www.soundpatcher.de/env/jomox/jomox.html" "Mozilla/5.0 (compatible; spbot/4.4.2; +http://OpenLinkProfiler.org/bot )"
162.243.192.41 - - [18/Feb/2015:01:31:40 +0100] "GET /env/roland/sc880.html HTTP/1.1" 200 17092 "http://www.soundpatcher.de/env/env.html" "Mozilla/5.0 (compatible; spbot/4.4.2; +http://OpenLinkProfiler.org/bot )"
162.243.192.41 - - [18/Feb/2015:01:31:47 +0100] "GET /impressum/impressum.html HTTP/1.1" 200 7872 "http://www.soundpatcher.de/" "Mozilla/5.0 (compatible; spbot/4.4.2; +http://OpenLinkProfiler.org/bot )"
162.243.192.41 - - [18/Feb/2015:01:31:51 +0100] "GET /env/roland/pics/pic_sc880.html HTTP/1.1" 200 755 "http://www.soundpatcher.de/env/roland/sc880.html" "Mozilla/5.0 (compatible; spbot/4.4.2; +http://OpenLinkProfiler.org/bot )"
162.243.192.41 - - [18/Feb/2015:01:31:56 +0100] "GET /env/jomox/download/airbase99.LSO HTTP/1.1" 200 387896 "http://www.soundpatcher.de/env/jomox/jomox.html" "Mozilla/5.0 (compatible; spbot/4.4.2; +http://OpenLinkProfiler.org/bot )"
162.243.192.41 - - [18/Feb/2015:01:32:01 +0100] "GET /env/jomox/pics/pic_airbase99.html HTTP/1.1" 200 759 "http://www.soundpatcher.de/env/jomox/jomox.html" "Mozilla/5.0 (compatible; spbot/4.4.2; +http://OpenLinkProfiler.org/bot )"
192.99.107.100 - - [18/Feb/2015:08:52:08 +0100] "GET /robots.txt HTTP/1.1" 200 298 "-" "Mozilla/5.0 (compatible; meanpathbot/1.0; +http://www.meanpath.com/meanpathbot.html)"
192.99.107.100 - - [18/Feb/2015:08:52:08 +0100] "GET / HTTP/1.1" 200 15853 "-" "Mozilla/5.0 (compatible; meanpathbot/1.0; +http://www.meanpath.com/meanpathbot.html)"
192.187.99.195 - - [18/Feb/2015:16:04:38 +0100] "GET / HTTP/1.1" 200 15853 "-" "Mozilla/4.0 (compatible; MSIE 6.0; Windows NT 5.1; SV1; Mozilla/4.0 (compatible; MSIE 6.0; Windows NT 5.1; SV1) ; .NET CLR 2.0.50727 ; .NET CLR 4.0.30319)"
54.188.177.13 - - [18/Feb/2015:20:37:09 +0100] "GET / HTTP/1.1" 200 15853 "-" "Mozilla/5.0 (X11; Linux x86_64) AppleWebKit/537.36 (KHTML, like Gecko) Chrome/37.0.2062.120 Safari/537.36"
208.115.111.75 - - [19/Feb/2015:01:51:47 +0100] "GET /robots.txt HTTP/1.1" 200 298 "-" "Mozilla/5.0 (compatible; DotBot/1.1; http://www.opensiteexplorer.org/dotbot, help@moz.com)"
192.99.107.10 - - [19/Feb/2015:02:57:23 +0100] "GET /robots.txt HTTP/1.1" 200 298 "-" "Mozilla/5.0 (compatible; meanpathbot/1.0; +http://www.meanpath.com/meanpathbot.html)"
192.99.107.10 - - [19/Feb/2015:02:57:23 +0100] "GET / HTTP/1.1" 200 15853 "-" "Mozilla/5.0 (compatible; meanpathbot/1.0; +http://www.meanpath.com/meanpathbot.html)"
208.115.111.75 - - [19/Feb/2015:03:02:46 +0100] "GET /links/links.html HTTP/1.1" 200 278 "-" "Mozilla/5.0 (compatible; DotBot/1.1; http://www.opensiteexplorer.org/dotbot, help@moz.com)"
157.55.39.133 - - [19/Feb/2015:15:43:03 +0100] "GET /robots.txt HTTP/1.1" 200 298 "-" "Mozilla/5.0 (compatible; bingbot/2.0; +http://www.bing.com/bingbot.htm)"
157.55.39.133 - - [19/Feb/2015:15:43:07 +0100] "GET /impressum/impressum.html HTTP/1.1" 200 7872 "-" "Mozilla/5.0 (compatible; bingbot/2.0; +http://www.bing.com/bingbot.htm)"
157.55.39.60 - - [19/Feb/2015:15:43:15 +0100] "GET /robots.txt HTTP/1.1" 200 298 "-" "Mozilla/5.0 (compatible; bingbot/2.0; +http://www.bing.com/bingbot.htm)"
157.55.39.133 - - [19/Feb/2015:15:43:22 +0100] "GET /impressum/images/15x15.jpg HTTP/1.1" 200 631 "-" "Mozilla/5.0 (compatible; bingbot/2.0; +http://www.bing.com/bingbot.htm)"
157.55.39.133 - - [19/Feb/2015:15:43:22 +0100] "GET /impressum/images/span.jpg HTTP/1.1" 200 811 "-" "Mozilla/5.0 (compatible; bingbot/2.0; +http://www.bing.com/bingbot.htm)"
157.55.39.60 - - [19/Feb/2015:15:44:00 +0100] "GET /impressum/images/10x10_CCCCCC.jpg HTTP/1.1" 200 631 "-" "Mozilla/5.0 (compatible; bingbot/2.0; +http://www.bing.com/bingbot.htm)"
157.55.39.60 - - [19/Feb/2015:15:44:00 +0100] "GET /impressum/images/logo_big.jpg HTTP/1.1" 200 12681 "-" "Mozilla/5.0 (compatible; bingbot/2.0; +http://www.bing.com/bingbot.htm)"
173.208.177.59 - - [20/Feb/2015:06:27:00 +0100] "HEAD /include/fckeditor/editor/ HTTP/1.1" 404 - "-" "-"
173.208.177.59 - - [20/Feb/2015:06:27:00 +0100] "HEAD /js/fckeditor/editor/ HTTP/1.1" 404 - "-" "-"
173.208.177.59 - - [20/Feb/2015:06:27:01 +0100] "HEAD /admin/fckeditor/editor/ HTTP/1.1" 404 - "-" "-"
173.208.177.59 - - [20/Feb/2015:06:27:02 +0100] "HEAD /manage/fckeditor/editor/ HTTP/1.1" 404 - "-" "-"
157.55.39.133 - - [20/Feb/2015:10:24:28 +0100] "GET /env/jomox/pics/pic_airbase99.html HTTP/1.1" 304 - "-" "Mozilla/5.0 (compatible; bingbot/2.0; +http://www.bing.com/bingbot.htm)"
