157.55.39.133 - - [20/Feb/2015:15:21:38 +0100] "GET /impressum/impressum.html HTTP/1.1" 200 7872 "-" "Mozilla/5.0 (iPhone; CPU iPhone OS 7_0 like Mac OS X) AppleWebKit/537.51.1 (KHTML, like Gecko) Version/7.0 Mobile/11A465 Safari/9537.53 (compatible; bingbot/2.0; http://www.bing.com/bingbot.htm)"
157.55.39.120 - - [20/Feb/2015:15:21:55 +0100] "GET /impressum/images/pixel.gif HTTP/1.1" 200 43 "-" "Mozilla/5.0 (iPhone; CPU iPhone OS 7_0 like Mac OS X) AppleWebKit/537.51.1 (KHTML, like Gecko) Version/7.0 Mobile/11A465 Safari/9537.53 (compatible; bingbot/2.0; +http://www.bing.com/bingbot.htm)"
157.55.39.133 - - [20/Feb/2015:15:44:38 +0100] "GET / HTTP/1.1" 200 15853 "-" "Mozilla/5.0 (compatible; bingbot/2.0; +http://www.bing.com/bingbot.htm)"
89.247.112.193 - - [20/Feb/2015:18:27:04 +0100] "GET / HTTP/1.1" 200 15853 "-" "Mozilla/4.0 (compatible; MSIE 8.0; Windows NT 5.1; Trident/4.0; .NET CLR 2.0.50727; .NET CLR 3.0.4506.2152; .NET CLR 3.5.30729; InfoPath.3; .NET4.0C)"
89.247.112.193 - - [20/Feb/2015:18:27:05 +0100] "GET /images/logo_big.jpg HTTP/1.1" 200 12681 "http://www.soundpatcher.de/" "Mozilla/4.0 (compatible; MSIE 8.0; Windows NT 5.1; Trident/4.0; .NET CLR 2.0.50727; .NET CLR 3.0.4506.2152; .NET CLR 3.5.30729; InfoPath.3; .NET4.0C)"
89.247.112.193 - - [20/Feb/2015:18:27:05 +0100] "GET /images/span.jpg HTTP/1.1" 200 811 "http://www.soundpatcher.de/" "Mozilla/4.0 (compatible; MSIE 8.0; Windows NT 5.1; Trident/4.0; .NET CLR 2.0.50727; .NET CLR 3.0.4506.2152; .NET CLR 3.5.30729; InfoPath.3; .NET4.0C)"
89.247.112.193 - - [20/Feb/2015:18:27:05 +0100] "GET /images/10x10_CCCCCC.jpg HTTP/1.1" 200 631 "http://www.soundpatcher.de/" "Mozilla/4.0 (compatible; MSIE 8.0; Windows NT 5.1; Trident/4.0; .NET CLR 2.0.50727; .NET CLR 3.0.4506.2152; .NET CLR 3.5.30729; InfoPath.3; .NET4.0C)"
89.247.112.193 - - [20/Feb/2015:18:27:05 +0100] "GET /images/15x15.jpg HTTP/1.1" 200 631 "http://www.soundpatcher.de/" "Mozilla/4.0 (compatible; MSIE 8.0; Windows NT 5.1; Trident/4.0; .NET CLR 2.0.50727; .NET CLR 3.0.4506.2152; .NET CLR 3.5.30729; InfoPath.3; .NET4.0C)"
89.247.112.193 - - [20/Feb/2015:18:27:05 +0100] "GET /images/pixel.gif HTTP/1.1" 200 43 "http://www.soundpatcher.de/" "Mozilla/4.0 (compatible; MSIE 8.0; Windows NT 5.1; Trident/4.0; .NET CLR 2.0.50727; .NET CLR 3.0.4506.2152; .NET CLR 3.5.30729; InfoPath.3; .NET4.0C)"
89.247.112.193 - - [20/Feb/2015:18:27:05 +0100] "GET /env/jomox/pics/airbase99_small.jpg HTTP/1.1" 200 5206 "http://www.soundpatcher.de/" "Mozilla/4.0 (compatible; MSIE 8.0; Windows NT 5.1; Trident/4.0; .NET CLR 2.0.50727; .NET CLR 3.0.4506.2152; .NET CLR 3.5.30729; InfoPath.3; .NET4.0C)"
89.247.112.193 - - [20/Feb/2015:18:27:06 +0100] "GET /favicon.ico HTTP/1.1" 404 1256 "-" "Mozilla/4.0 (compatible; MSIE 8.0; Windows NT 5.1; Trident/4.0; .NET CLR 2.0.50727; .NET CLR 3.0.4506.2152; .NET CLR 3.5.30729; InfoPath.3; .NET4.0C)"
89.247.112.193 - - [20/Feb/2015:18:27:08 +0100] "GET /index.html HTTP/1.1" 200 15853 "http://www.soundpatcher.de/" "Mozilla/4.0 (compatible; MSIE 8.0; Windows NT 5.1; Trident/4.0; .NET CLR 2.0.50727; .NET CLR 3.0.4506.2152; .NET CLR 3.5.30729; InfoPath.3; .NET4.0C)"
89.247.112.193 - - [20/Feb/2015:18:27:09 +0100] "GET /favicon.ico HTTP/1.1" 404 1256 "-" "Mozilla/4.0 (compatible; MSIE 8.0; Windows NT 5.1; Trident/4.0; .NET CLR 2.0.50727; .NET CLR 3.0.4506.2152; .NET CLR 3.5.30729; InfoPath.3; .NET4.0C)"
89.247.112.193 - - [20/Feb/2015:18:27:10 +0100] "GET /env/env.html HTTP/1.1" 200 12438 "http://www.soundpatcher.de/index.html" "Mozilla/4.0 (compatible; MSIE 8.0; Windows NT 5.1; Trident/4.0; .NET CLR 2.0.50727; .NET CLR 3.0.4506.2152; .NET CLR 3.5.30729; InfoPath.3; .NET4.0C)"
89.247.112.193 - - [20/Feb/2015:18:27:10 +0100] "GET /env/images/pixel.gif HTTP/1.1" 200 43 "http://www.soundpatcher.de/env/env.html" "Mozilla/4.0 (compatible; MSIE 8.0; Windows NT 5.1; Trident/4.0; .NET CLR 2.0.50727; .NET CLR 3.0.4506.2152; .NET CLR 3.5.30729; InfoPath.3; .NET4.0C)"
89.247.112.193 - - [20/Feb/2015:18:27:10 +0100] "GET /env/images/10x10_CCCCCC.jpg HTTP/1.1" 200 631 "http://www.soundpatcher.de/env/env.html" "Mozilla/4.0 (compatible; MSIE 8.0; Windows NT 5.1; Trident/4.0; .NET CLR 2.0.50727; .NET CLR 3.0.4506.2152; .NET CLR 3.5.30729; InfoPath.3; .NET4.0C)"
89.247.112.193 - - [20/Feb/2015:18:27:10 +0100] "GET /env/images/logo_big.jpg HTTP/1.1" 200 12681 "http://www.soundpatcher.de/env/env.html" "Mozilla/4.0 (compatible; MSIE 8.0; Windows NT 5.1; Trident/4.0; .NET CLR 2.0.50727; .NET CLR 3.0.4506.2152; .NET CLR 3.5.30729; InfoPath.3; .NET4.0C)"
89.247.112.193 - - [20/Feb/2015:18:27:10 +0100] "GET /env/images/span.jpg HTTP/1.1" 200 811 "http://www.soundpatcher.de/env/env.html" "Mozilla/4.0 (compatible; MSIE 8.0; Windows NT 5.1; Trident/4.0; .NET CLR 2.0.50727; .NET CLR 3.0.4506.2152; .NET CLR 3.5.30729; InfoPath.3; .NET4.0C)"
89.247.112.193 - - [20/Feb/2015:18:27:10 +0100] "GET /env/roland/pics/sc880_small.jpg HTTP/1.1" 200 6144 "http://www.soundpatcher.de/env/env.html" "Mozilla/4.0 (compatible; MSIE 8.0; Windows NT 5.1; Trident/4.0; .NET CLR 2.0.50727; .NET CLR 3.0.4506.2152; .NET CLR 3.5.30729; InfoPath.3; .NET4.0C)"
89.247.112.193 - - [20/Feb/2015:18:27:10 +0100] "GET /env/images/15x15.jpg HTTP/1.1" 200 631 "http://www.soundpatcher.de/env/env.html" "Mozilla/4.0 (compatible; MSIE 8.0; Windows NT 5.1; Trident/4.0; .NET CLR 2.0.50727; .NET CLR 3.0.4506.2152; .NET CLR 3.5.30729; InfoPath.3; .NET4.0C)"
89.247.112.193 - - [20/Feb/2015:18:27:11 +0100] "GET /env/jomox/jomox.html HTTP/1.1" 200 14935 "http://www.soundpatcher.de/env/env.html" "Mozilla/4.0 (compatible; MSIE 8.0; Windows NT 5.1; Trident/4.0; .NET CLR 2.0.50727; .NET CLR 3.0.4506.2152; .NET CLR 3.5.30729; InfoPath.3; .NET4.0C)"
89.247.112.193 - - [20/Feb/2015:18:27:11 +0100] "GET /env/jomox/images/pixel.gif HTTP/1.1" 200 43 "http://www.soundpatcher.de/env/jomox/jomox.html" "Mozilla/4.0 (compatible; MSIE 8.0; Windows NT 5.1; Trident/4.0; .NET CLR 2.0.50727; .NET CLR 3.0.4506.2152; .NET CLR 3.5.30729; InfoPath.3; .NET4.0C)"
89.247.112.193 - - [20/Feb/2015:18:27:12 +0100] "GET /env/jomox/images/logo_big.jpg HTTP/1.1" 200 12681 "http://www.soundpatcher.de/env/jomox/jomox.html" "Mozilla/4.0 (compatible; MSIE 8.0; Windows NT 5.1; Trident/4.0; .NET CLR 2.0.50727; .NET CLR 3.0.4506.2152; .NET CLR 3.5.30729; InfoPath.3; .NET4.0C)"
89.247.112.193 - - [20/Feb/2015:18:27:12 +0100] "GET /env/jomox/images/span.jpg HTTP/1.1" 200 811 "http://www.soundpatcher.de/env/jomox/jomox.html" "Mozilla/4.0 (compatible; MSIE 8.0; Windows NT 5.1; Trident/4.0; .NET CLR 2.0.50727; .NET CLR 3.0.4506.2152; .NET CLR 3.5.30729; InfoPath.3; .NET4.0C)"
89.247.112.193 - - [20/Feb/2015:18:27:12 +0100] "GET /env/jomox/pics/airbase99_small+.jpg HTTP/1.1" 200 5326 "http://www.soundpatcher.de/env/jomox/jomox.html" "Mozilla/4.0 (compatible; MSIE 8.0; Windows NT 5.1; Trident/4.0; .NET CLR 2.0.50727; .NET CLR 3.0.4506.2152; .NET CLR 3.5.30729; InfoPath.3; .NET4.0C)"
89.247.112.193 - - [20/Feb/2015:18:27:12 +0100] "GET /env/jomox/images/10x10_CCCCCC.jpg HTTP/1.1" 200 631 "http://www.soundpatcher.de/env/jomox/jomox.html" "Mozilla/4.0 (compatible; MSIE 8.0; Windows NT 5.1; Trident/4.0; .NET CLR 2.0.50727; .NET CLR 3.0.4506.2152; .NET CLR 3.5.30729; InfoPath.3; .NET4.0C)"
89.247.112.193 - - [20/Feb/2015:18:27:12 +0100] "GET /env/jomox/images/15x15.jpg HTTP/1.1" 200 631 "http://www.soundpatcher.de/env/jomox/jomox.html" "Mozilla/4.0 (compatible; MSIE 8.0; Windows NT 5.1; Trident/4.0; .NET CLR 2.0.50727; .NET CLR 3.0.4506.2152; .NET CLR 3.5.30729; InfoPath.3; .NET4.0C)"
188.75.140.3 - - [21/Feb/2015:06:57:32 +0100] "GET /index.php HTTP/1.1" 404 1256 "-" "Mozilla/4.0 (compatible; MSIE 6.0; MSIE 5.5; Windows NT 5.1) Opera 7.01 [en]"
188.75.140.3 - - [21/Feb/2015:06:57:32 +0100] "GET /shop/index.php HTTP/1.1" 404 1256 "-" "Mozilla/4.0 (compatible; MSIE 6.0; MSIE 5.5; Windows NT 5.1) Opera 7.01 [en]"
188.75.140.3 - - [21/Feb/2015:06:57:32 +0100] "GET /store/index.php HTTP/1.1" 404 1256 "-" "Mozilla/4.0 (compatible; MSIE 6.0; MSIE 5.5; Windows NT 5.1) Opera 7.01 [en]"
188.75.140.3 - - [21/Feb/2015:06:57:32 +0100] "GET /online/index.php HTTP/1.1" 404 1256 "-" "Mozilla/4.0 (compatible; MSIE 6.0; MSIE 5.5; Windows NT 5.1) Opera 7.01 [en]"
66.249.78.213 - - [21/Feb/2015:07:00:40 +0100] "GET /robots.txt HTTP/1.1" 200 298 "-" "Mozilla/5.0 (compatible; Googlebot/2.1; +http://www.google.com/bot.html)"
66.249.64.131 - - [21/Feb/2015:07:00:40 +0100] "GET / HTTP/1.1" 200 15853 "-" "Mozilla/5.0 (iPhone; CPU iPhone OS 6_0 like Mac OS X) AppleWebKit/536.26 (KHTML, like Gecko) Version/6.0 Mobile/10A5376e Safari/8536.25 (compatible; Googlebot/2.1; +http://www.google.com/bot.html)"
148.251.138.201 - - [21/Feb/2015:10:27:06 +0100] "GET /robots.txt HTTP/1.0" 200 298 "-" "Mozilla/5.0 (compatible; MJ12bot/v1.4.5; http://www.majestic12.co.uk/bot.php?+)"
148.251.138.201 - - [21/Feb/2015:10:27:10 +0100] "GET /env/roland/sc880.html HTTP/1.0" 200 17092 "-" "Mozilla/5.0 (compatible; MJ12bot/v1.4.5; http://www.majestic12.co.uk/bot.php?+)"
66.249.78.199 - - [21/Feb/2015:15:28:15 +0100] "GET /zxfkptgjglvqhys.html HTTP/1.1" 404 1256 "-" "Mozilla/5.0 (compatible; Googlebot/2.1; +http://www.google.com/bot.html)"
208.115.111.75 - - [21/Feb/2015:17:51:10 +0100] "GET /robots.txt HTTP/1.1" 200 298 "-" "Mozilla/5.0 (compatible; DotBot/1.1; http://www.opensiteexplorer.org/dotbot, help@moz.com)"
208.115.111.75 - - [21/Feb/2015:19:01:32 +0100] "GET / HTTP/1.1" 200 15853 "-" "Mozilla/5.0 (compatible; DotBot/1.1; http://www.opensiteexplorer.org/dotbot, help@moz.com)"
68.180.228.35 - - [21/Feb/2015:21:13:59 +0100] "GET /robots.txt HTTP/1.1" 304 - "-" "Mozilla/5.0 (compatible; Yahoo! Slurp; http://help.yahoo.com/help/us/ysearch/slurp)"
68.180.228.35 - - [21/Feb/2015:21:14:00 +0100] "GET / HTTP/1.1" 200 15853 "-" "Mozilla/5.0 (compatible; Yahoo! Slurp; http://help.yahoo.com/help/us/ysearch/slurp)"
68.180.228.35 - - [21/Feb/2015:21:15:38 +0100] "GET /index.html HTTP/1.1" 304 - "-" "Mozilla/5.0 (compatible; Yahoo! Slurp; http://help.yahoo.com/help/us/ysearch/slurp)"
208.115.113.91 - - [21/Feb/2015:23:52:59 +0100] "GET /robots.txt HTTP/1.1" 200 298 "-" "Mozilla/5.0 (compatible; DotBot/1.1; http://www.opensiteexplorer.org/dotbot, help@moz.com)"
208.115.113.91 - - [22/Feb/2015:01:03:41 +0100] "GET /impressum/impressum.html HTTP/1.1" 200 7872 "-" "Mozilla/5.0 (compatible; DotBot/1.1; http://www.opensiteexplorer.org/dotbot, help@moz.com)"
188.165.15.200 - - [22/Feb/2015:01:42:33 +0100] "GET /index.html HTTP/1.1" 200 15853 "-" "Mozilla/5.0 (compatible; AhrefsBot/5.0; +http://ahrefs.com/robot/)"
66.249.67.111 - - [22/Feb/2015:05:41:27 +0100] "GET /robots.txt HTTP/1.1" 200 298 "-" "Mozilla/5.0 (compatible; Googlebot/2.1; +http://www.google.com/bot.html)"
66.249.67.111 - - [22/Feb/2015:05:41:27 +0100] "GET / HTTP/1.1" 200 15853 "-" "Mozilla/5.0 (iPhone; CPU iPhone OS 6_0 like Mac OS X) AppleWebKit/536.26 (KHTML, like Gecko) Version/6.0 Mobile/10A5376e Safari/8536.25 (compatible; Googlebot/2.1; +http://www.google.com/bot.html)"
66.249.67.103 - - [22/Feb/2015:06:35:07 +0100] "GET /impressum/impressum.html HTTP/1.1" 200 7872 "-" "Mozilla/5.0 (iPhone; CPU iPhone OS 6_0 like Mac OS X) AppleWebKit/536.26 (KHTML, like Gecko) Version/6.0 Mobile/10A5376e Safari/8536.25 (compatible; Googlebot/2.1; +http://www.google.com/bot.html)"
66.249.67.103 - - [22/Feb/2015:11:05:04 +0100] "GET /env/env.html HTTP/1.1" 200 12438 "-" "Mozilla/5.0 (iPhone; CPU iPhone OS 6_0 like Mac OS X) AppleWebKit/536.26 (KHTML, like Gecko) Version/6.0 Mobile/10A5376e Safari/8536.25 (compatible; Googlebot/2.1; +http://www.google.com/bot.html)"
66.249.67.111 - - [22/Feb/2015:11:14:16 +0100] "GET /env/jomox/jomox.html HTTP/1.1" 304 - "-" "Mozilla/5.0 (iPhone; CPU iPhone OS 6_0 like Mac OS X) AppleWebKit/536.26 (KHTML, like Gecko) Version/6.0 Mobile/10A5376e Safari/8536.25 (compatible; Googlebot/2.1; +http://www.google.com/bot.html)"
178.255.215.84 - - [22/Feb/2015:13:35:38 +0100] "GET /robots.txt HTTP/1.1" 200 298 "-" "Mozilla/5.0 (compatible; Exabot/3.0; +http://www.exabot.com/go/robot)"
178.255.215.84 - - [22/Feb/2015:13:35:38 +0100] "GET / HTTP/1.1" 304 - "-" "Mozilla/5.0 (compatible; Exabot/3.0; +http://www.exabot.com/go/robot)"
208.115.111.75 - - [22/Feb/2015:13:53:19 +0100] "GET /robots.txt HTTP/1.1" 200 298 "-" "Mozilla/5.0 (compatible; DotBot/1.1; http://www.opensiteexplorer.org/dotbot, help@moz.com)"
188.165.15.237 - - [22/Feb/2015:14:48:25 +0100] "GET /env/jomox/pics/pic_airbase99.html HTTP/1.1" 200 759 "-" "Mozilla/5.0 (compatible; AhrefsBot/5.0; +http://ahrefs.com/robot/)"
157.55.39.133 - - [22/Feb/2015:14:57:16 +0100] "GET /robots.txt HTTP/1.1" 200 298 "-" "Mozilla/5.0 (compatible; bingbot/2.0; +http://www.bing.com/bingbot.htm)"
157.55.39.133 - - [22/Feb/2015:14:57:18 +0100] "GET /impressum/impressum.html HTTP/1.1" 200 7872 "-" "Mozilla/5.0 (iPhone; CPU iPhone OS 7_0 like Mac OS X) AppleWebKit/537.51.1 (KHTML, like Gecko) Version/7.0 Mobile/11A465 Safari/9537.53 (compatible; bingbot/2.0; http://www.bing.com/bingbot.htm)"
157.55.39.60 - - [22/Feb/2015:14:57:25 +0100] "GET /robots.txt HTTP/1.1" 200 298 "-" "Mozilla/5.0 (compatible; bingbot/2.0; +http://www.bing.com/bingbot.htm)"
157.55.39.60 - - [22/Feb/2015:14:57:25 +0100] "GET /robots.txt HTTP/1.1" 200 298 "-" "Mozilla/5.0 (compatible; bingbot/2.0; +http://www.bing.com/bingbot.htm)"
157.55.39.60 - - [22/Feb/2015:14:57:26 +0100] "GET /robots.txt HTTP/1.1" 200 298 "-" "Mozilla/5.0 (compatible; bingbot/2.0; +http://www.bing.com/bingbot.htm)"
157.55.39.60 - - [22/Feb/2015:14:57:26 +0100] "GET /robots.txt HTTP/1.1" 200 298 "-" "Mozilla/5.0 (compatible; bingbot/2.0; +http://www.bing.com/bingbot.htm)"
157.55.39.60 - - [22/Feb/2015:14:57:26 +0100] "GET /robots.txt HTTP/1.1" 200 298 "-" "Mozilla/5.0 (compatible; bingbot/2.0; +http://www.bing.com/bingbot.htm)"
157.55.39.60 - - [22/Feb/2015:14:57:26 +0100] "GET /robots.txt HTTP/1.1" 200 298 "-" "Mozilla/5.0 (compatible; bingbot/2.0; +http://www.bing.com/bingbot.htm)"
157.55.39.133 - - [22/Feb/2015:14:57:33 +0100] "GET /impressum/images/15x15.jpg HTTP/1.1" 200 631 "-" "Mozilla/5.0 (iPhone; CPU iPhone OS 7_0 like Mac OS X) AppleWebKit/537.51.1 (KHTML, like Gecko) Version/7.0 Mobile/11A465 Safari/9537.53 (compatible; bingbot/2.0; +http://www.bing.com/bingbot.htm)"
157.55.39.133 - - [22/Feb/2015:14:57:33 +0100] "GET /impressum/images/span.jpg HTTP/1.1" 200 811 "-" "Mozilla/5.0 (iPhone; CPU iPhone OS 7_0 like Mac OS X) AppleWebKit/537.51.1 (KHTML, like Gecko) Version/7.0 Mobile/11A465 Safari/9537.53 (compatible; bingbot/2.0; +http://www.bing.com/bingbot.htm)"
157.55.39.60 - - [22/Feb/2015:14:57:37 +0100] "GET /impressum/images/10x10_CCCCCC.jpg HTTP/1.1" 200 631 "-" "Mozilla/5.0 (iPhone; CPU iPhone OS 7_0 like Mac OS X) AppleWebKit/537.51.1 (KHTML, like Gecko) Version/7.0 Mobile/11A465 Safari/9537.53 (compatible; bingbot/2.0; +http://www.bing.com/bingbot.htm)"
157.55.39.60 - - [22/Feb/2015:14:57:37 +0100] "GET /impressum/images/logo_big.jpg HTTP/1.1" 200 12681 "-" "Mozilla/5.0 (iPhone; CPU iPhone OS 7_0 like Mac OS X) AppleWebKit/537.51.1 (KHTML, like Gecko) Version/7.0 Mobile/11A465 Safari/9537.53 (compatible; bingbot/2.0; +http://www.bing.com/bingbot.htm)"
157.55.39.120 - - [22/Feb/2015:14:57:50 +0100] "GET /impressum/images/pixel.gif HTTP/1.1" 200 43 "-" "Mozilla/5.0 (iPhone; CPU iPhone OS 7_0 like Mac OS X) AppleWebKit/537.51.1 (KHTML, like Gecko) Version/7.0 Mobile/11A465 Safari/9537.53 (compatible; bingbot/2.0; +http://www.bing.com/bingbot.htm)"
208.115.111.75 - - [22/Feb/2015:15:03:32 +0100] "GET /friends/friends.html HTTP/1.1" 401 1226 "-" "Mozilla/5.0 (compatible; DotBot/1.1; http://www.opensiteexplorer.org/dotbot, help@moz.com)"
157.55.39.133 - - [22/Feb/2015:22:25:44 +0100] "GET /env/jomox/pics/pic_airbase99.html HTTP/1.1" 200 759 "-" "Mozilla/5.0 (compatible; bingbot/2.0; +http://www.bing.com/bingbot.htm)"
66.249.78.206 - - [23/Feb/2015:05:23:14 +0100] "GET /robots.txt HTTP/1.1" 200 298 "-" "Mozilla/5.0 (compatible; Googlebot/2.1; +http://www.google.com/bot.html)"
66.249.78.213 - - [23/Feb/2015:05:23:14 +0100] "GET / HTTP/1.1" 200 15853 "-" "Mozilla/5.0 (iPhone; CPU iPhone OS 6_0 like Mac OS X) AppleWebKit/536.26 (KHTML, like Gecko) Version/6.0 Mobile/10A5376e Safari/8536.25 (compatible; Googlebot/2.1; +http://www.google.com/bot.html)"
208.115.111.75 - - [23/Feb/2015:09:51:58 +0100] "GET /robots.txt HTTP/1.1" 200 298 "-" "Mozilla/5.0 (compatible; DotBot/1.1; http://www.opensiteexplorer.org/dotbot, help@moz.com)"
208.115.111.75 - - [23/Feb/2015:11:04:59 +0100] "GET /env/roland/pics/pic_sc880.html HTTP/1.1" 200 755 "-" "Mozilla/5.0 (compatible; DotBot/1.1; http://www.opensiteexplorer.org/dotbot, help@moz.com)"
66.249.78.206 - - [23/Feb/2015:11:48:50 +0100] "GET / HTTP/1.1" 200 15853 "-" "Mozilla/5.0 (compatible; Googlebot/2.1; +http://www.google.com/bot.html)"
66.249.78.206 - - [23/Feb/2015:12:31:44 +0100] "GET /impressum/impressum.html HTTP/1.1" 304 - "-" "Mozilla/5.0 (iPhone; CPU iPhone OS 6_0 like Mac OS X) AppleWebKit/536.26 (KHTML, like Gecko) Version/6.0 Mobile/10A5376e Safari/8536.25 (compatible; Googlebot/2.1; +http://www.google.com/bot.html)"
167.114.162.110 - - [23/Feb/2015:15:44:06 +0100] "GET / HTTP/1.1" 200 15853 "-" "Mozilla/5.0 (Macintosh; Intel Mac OS X 10_10_2) AppleWebKit/537.36 (KHTML, like Gecko) Chrome/40.0.2214.111 Safari/537.36"
188.165.15.97 - - [23/Feb/2015:20:03:43 +0100] "GET /robots.txt HTTP/1.1" 200 298 "-" "Mozilla/5.0 (compatible; AhrefsBot/5.0; +http://ahrefs.com/robot/)"
217.212.224.183 - - [23/Feb/2015:20:39:39 +0100] "GET /robots.txt HTTP/1.0" 200 298 "-" "psbot/0.1 (+http://www.picsearch.com/bot.html)"
217.212.224.181 - - [23/Feb/2015:20:39:39 +0100] "GET /env/jomox/jomox.html HTTP/1.0" 304 - "-" "psbot/0.1 (+http://www.picsearch.com/bot.html)"
208.115.111.75 - - [23/Feb/2015:21:52:03 +0100] "GET /robots.txt HTTP/1.1" 200 298 "-" "Mozilla/5.0 (compatible; DotBot/1.1; http://www.opensiteexplorer.org/dotbot, help@moz.com)"
208.115.111.75 - - [23/Feb/2015:23:02:14 +0100] "GET /env/env.html HTTP/1.1" 200 12438 "-" "Mozilla/5.0 (compatible; DotBot/1.1; http://www.opensiteexplorer.org/dotbot, help@moz.com)"
178.255.215.84 - - [24/Feb/2015:01:51:05 +0100] "GET /robots.txt HTTP/1.1" 200 298 "-" "Mozilla/5.0 (compatible; Exabot/3.0; +http://www.exabot.com/go/robot)"
178.255.215.84 - - [24/Feb/2015:01:51:05 +0100] "GET /phpBB2/index.php HTTP/1.1" 401 1226 "-" "Mozilla/5.0 (compatible; Exabot/3.0; +http://www.exabot.com/go/robot)"
107.155.70.242 - - [24/Feb/2015:01:53:19 +0100] "GET /images/logo_big.jpg HTTP/1.1" 200 12681 "-" "Firefox"
141.8.147.12 - - [24/Feb/2015:03:20:58 +0100] "GET /robots.txt HTTP/1.1" 200 298 "-" "Mozilla/5.0 (compatible; YandexBot/3.0; +http://yandex.com/bots)"
141.8.147.12 - - [24/Feb/2015:03:21:59 +0100] "GET /index.html HTTP/1.1" 200 15853 "-" "Mozilla/5.0 (compatible; YandexBot/3.0; +http://yandex.com/bots)"
117.6.135.52 - - [24/Feb/2015:09:43:36 +0100] "GET / HTTP/1.1" 200 15853 "-" "Mozilla/4.0 (compatible; MSIE 8.0; Windows NT 5.1; Trident/4.0)"
188.165.15.23 - - [24/Feb/2015:09:50:11 +0100] "GET /robots.txt HTTP/1.1" 200 298 "-" "Mozilla/5.0 (compatible; AhrefsBot/5.0; +http://ahrefs.com/robot/)"
66.249.65.179 - - [24/Feb/2015:11:47:22 +0100] "GET /robots.txt HTTP/1.1" 200 298 "-" "Mozilla/5.0 (compatible; Googlebot/2.1; +http://www.google.com/bot.html)"
66.249.65.175 - - [24/Feb/2015:11:47:22 +0100] "GET /impressum/impressum.html HTTP/1.1" 304 - "-" "Mozilla/5.0 (iPhone; CPU iPhone OS 6_0 like Mac OS X) AppleWebKit/536.26 (KHTML, like Gecko) Version/6.0 Mobile/10A5376e Safari/8536.25 (compatible; Googlebot/2.1; +http://www.google.com/bot.html)"
66.249.65.175 - - [24/Feb/2015:14:52:06 +0100] "GET / HTTP/1.1" 200 15853 "-" "Mozilla/5.0 (iPhone; CPU iPhone OS 6_0 like Mac OS X) AppleWebKit/536.26 (KHTML, like Gecko) Version/6.0 Mobile/10A5376e Safari/8536.25 (compatible; Googlebot/2.1; +http://www.google.com/bot.html)"
95.34.26.88 - - [24/Feb/2015:16:06:09 +0100] "GET /robots.txt HTTP/1.0" 200 298 "-" "Mozilla/5.0 (compatible; MJ12bot/v1.4.5; http://www.majestic12.co.uk/bot.php?+)"
95.34.26.88 - - [24/Feb/2015:16:06:16 +0100] "GET /impressum/impressum.html HTTP/1.0" 200 7872 "-" "Mozilla/5.0 (compatible; MJ12bot/v1.4.5; http://www.majestic12.co.uk/bot.php?+)"
95.34.26.88 - - [24/Feb/2015:16:07:34 +0100] "GET /index.html HTTP/1.0" 200 15853 "-" "Mozilla/5.0 (compatible; MJ12bot/v1.4.5; http://www.majestic12.co.uk/bot.php?+)"
95.34.26.88 - - [24/Feb/2015:16:07:50 +0100] "GET /links/links.html HTTP/1.0" 200 278 "-" "Mozilla/5.0 (compatible; MJ12bot/v1.4.5; http://www.majestic12.co.uk/bot.php?+)"
208.115.111.75 - - [24/Feb/2015:17:49:18 +0100] "GET /robots.txt HTTP/1.1" 200 298 "-" "Mozilla/5.0 (compatible; DotBot/1.1; http://www.opensiteexplorer.org/dotbot, help@moz.com)"
208.115.111.75 - - [24/Feb/2015:19:01:59 +0100] "GET /env/roland/sc880.html HTTP/1.1" 200 17092 "-" "Mozilla/5.0 (compatible; DotBot/1.1; http://www.opensiteexplorer.org/dotbot, help@moz.com)"
217.212.224.183 - - [24/Feb/2015:19:43:55 +0100] "GET /robots.txt HTTP/1.0" 200 298 "-" "psbot/0.1 (+http://www.picsearch.com/bot.html)"
217.212.224.181 - - [24/Feb/2015:19:43:55 +0100] "GET / HTTP/1.0" 304 - "-" "psbot/0.1 (+http://www.picsearch.com/bot.html)"
217.212.224.181 - - [24/Feb/2015:19:45:08 +0100] "GET /env/roland/sc880.html HTTP/1.0" 304 - "-" "psbot/0.1 (+http://www.picsearch.com/bot.html)"
185.44.151.74 - - [24/Feb/2015:23:30:34 +0100] "GET /env/jomox/jomox.html HTTP/1.1" 200 14935 "http://www.google.de/url?sa=t&rct=j&q=&esrc=s&source=web&cd=24&cad=rja&uact=8&ved=0CDcQFjADOBQ&url=http%3A%2F%2Fwww.soundpatcher.de%2Fenv%2Fjomox%2Fjomox.html&ei=dPvsVJX3MsfnUr2MgpAD&usg=AFQjCNFErEkUJqkiJytAcevha869TnRBrg&bvm=bv.86475890,d.d24" "Mozilla/5.0 (Windows NT 5.1; rv:35.0) Gecko/20100101 Firefox/35.0"
185.44.151.74 - - [24/Feb/2015:23:30:34 +0100] "GET /env/jomox/images/logo_big.jpg HTTP/1.1" 200 12681 "http://www.soundpatcher.de/env/jomox/jomox.html" "Mozilla/5.0 (Windows NT 5.1; rv:35.0) Gecko/20100101 Firefox/35.0"
185.44.151.74 - - [24/Feb/2015:23:30:34 +0100] "GET /env/jomox/images/span.jpg HTTP/1.1" 200 811 "http://www.soundpatcher.de/env/jomox/jomox.html" "Mozilla/5.0 (Windows NT 5.1; rv:35.0) Gecko/20100101 Firefox/35.0"
185.44.151.74 - - [24/Feb/2015:23:30:34 +0100] "GET /env/jomox/images/15x15.jpg HTTP/1.1" 200 631 "http://www.soundpatcher.de/env/jomox/jomox.html" "Mozilla/5.0 (Windows NT 5.1; rv:35.0) Gecko/20100101 Firefox/35.0"
185.44.151.74 - - [24/Feb/2015:23:30:34 +0100] "GET /env/jomox/images/10x10_CCCCCC.jpg HTTP/1.1" 200 631 "http://www.soundpatcher.de/env/jomox/jomox.html" "Mozilla/5.0 (Windows NT 5.1; rv:35.0) Gecko/20100101 Firefox/35.0"
185.44.151.74 - - [24/Feb/2015:23:30:34 +0100] "GET /env/jomox/images/pixel.gif HTTP/1.1" 200 43 "http://www.soundpatcher.de/env/jomox/jomox.html" "Mozilla/5.0 (Windows NT 5.1; rv:35.0) Gecko/20100101 Firefox/35.0"
185.44.151.74 - - [24/Feb/2015:23:30:34 +0100] "GET /env/jomox/pics/airbase99_small+.jpg HTTP/1.1" 200 5326 "http://www.soundpatcher.de/env/jomox/jomox.html" "Mozilla/5.0 (Windows NT 5.1; rv:35.0) Gecko/20100101 Firefox/35.0"
185.44.151.74 - - [24/Feb/2015:23:30:34 +0100] "GET /favicon.ico HTTP/1.1" 404 1256 "-" "Mozilla/5.0 (Windows NT 5.1; rv:35.0) Gecko/20100101 Firefox/35.0"
157.55.39.133 - - [25/Feb/2015:01:46:20 +0100] "GET /robots.txt HTTP/1.1" 200 298 "-" "Mozilla/5.0 (compatible; bingbot/2.0; +http://www.bing.com/bingbot.htm)"
157.55.39.133 - - [25/Feb/2015:01:46:27 +0100] "GET /phpBB2/index.php HTTP/1.1" 401 1226 "-" "Mozilla/5.0 (compatible; bingbot/2.0; +http://www.bing.com/bingbot.htm)"
217.212.224.183 - - [25/Feb/2015:16:13:42 +0100] "GET /robots.txt HTTP/1.0" 200 298 "-" "psbot/0.1 (+http://www.picsearch.com/bot.html)"
217.212.224.181 - - [25/Feb/2015:16:13:42 +0100] "GET /index.html HTTP/1.0" 304 - "-" "psbot/0.1 (+http://www.picsearch.com/bot.html)"
208.115.111.75 - - [25/Feb/2015:17:49:34 +0100] "GET /robots.txt HTTP/1.1" 200 298 "-" "Mozilla/5.0 (compatible; DotBot/1.1; http://www.opensiteexplorer.org/dotbot, help@moz.com)"
208.115.111.75 - - [25/Feb/2015:19:02:09 +0100] "GET /index.html HTTP/1.1" 200 15853 "-" "Mozilla/5.0 (compatible; DotBot/1.1; http://www.opensiteexplorer.org/dotbot, help@moz.com)"
87.145.213.44 - - [26/Feb/2015:00:56:52 +0100] "GET / HTTP/1.1" 200 15853 "http://www.bigfinder.de/?c=ws&q=online&v=1" "Mozilla/5.0 (Windows; U; Windows NT 5.1; de; rv:1.9.0.12) Gecko/2009070611 Firefox/3.0.12 GTB7.1 (.NET CLR 3.5.30729)"
66.249.69.7 - - [26/Feb/2015:02:19:56 +0100] "GET /robots.txt HTTP/1.1" 200 298 "-" "Mozilla/5.0 (compatible; Googlebot/2.1; +http://www.google.com/bot.html)"
66.249.69.248 - - [26/Feb/2015:02:19:56 +0100] "GET / HTTP/1.1" 200 15853 "-" "Mozilla/5.0 (iPhone; CPU iPhone OS 6_0 like Mac OS X) AppleWebKit/536.26 (KHTML, like Gecko) Version/6.0 Mobile/10A5376e Safari/8536.25 (compatible; Googlebot/2.1; +http://www.google.com/bot.html)"
91.121.121.43 - - [26/Feb/2015:09:24:03 +0100] "GET /robots.txt HTTP/1.0" 200 298 "-" "Mozilla/5.0 (compatible; MJ12bot/v1.4.5; http://www.majestic12.co.uk/bot.php?+)"
91.121.121.43 - - [26/Feb/2015:09:24:04 +0100] "GET / HTTP/1.0" 200 15853 "-" "Mozilla/5.0 (compatible; MJ12bot/v1.4.5; http://www.majestic12.co.uk/bot.php?+)"
117.6.135.52 - - [26/Feb/2015:09:35:54 +0100] "GET / HTTP/1.1" 200 15853 "-" "Mozilla/4.0 (compatible; MSIE 8.0; Windows NT 5.1; Trident/4.0)"
136.243.36.97 - - [26/Feb/2015:12:05:59 +0100] "GET /robots.txt HTTP/1.1" 200 298 "-" "Mozilla/5.0 (compatible; BLEXBot/1.0; +http://webmeup-crawler.com/)"
136.243.36.97 - - [26/Feb/2015:12:06:02 +0100] "GET / HTTP/1.1" 200 15853 "-" "Mozilla/5.0 (compatible; BLEXBot/1.0; +http://webmeup-crawler.com/)"
136.243.36.97 - - [26/Feb/2015:12:06:05 +0100] "GET /privat/privat.html HTTP/1.1" 401 1226 "-" "Mozilla/5.0 (compatible; BLEXBot/1.0; +http://webmeup-crawler.com/)"
136.243.36.97 - - [26/Feb/2015:12:06:08 +0100] "GET /friends/friends.html HTTP/1.1" 401 1226 "-" "Mozilla/5.0 (compatible; BLEXBot/1.0; +http://webmeup-crawler.com/)"
136.243.36.97 - - [26/Feb/2015:12:06:11 +0100] "GET /phpBB2/index.php HTTP/1.1" 401 1226 "-" "Mozilla/5.0 (compatible; BLEXBot/1.0; +http://webmeup-crawler.com/)"
136.243.36.97 - - [26/Feb/2015:12:06:15 +0100] "GET /env/env.html HTTP/1.1" 200 12438 "-" "Mozilla/5.0 (compatible; BLEXBot/1.0; +http://webmeup-crawler.com/)"
136.243.36.97 - - [26/Feb/2015:12:06:18 +0100] "GET /index.html HTTP/1.1" 200 15853 "-" "Mozilla/5.0 (compatible; BLEXBot/1.0; +http://webmeup-crawler.com/)"
136.243.36.97 - - [26/Feb/2015:12:06:21 +0100] "GET /env/jomox/jomox.html HTTP/1.1" 200 14935 "-" "Mozilla/5.0 (compatible; BLEXBot/1.0; +http://webmeup-crawler.com/)"
136.243.36.97 - - [26/Feb/2015:12:06:25 +0100] "GET /impressum/impressum.html HTTP/1.1" 200 7872 "-" "Mozilla/5.0 (compatible; BLEXBot/1.0; +http://webmeup-crawler.com/)"
136.243.36.97 - - [26/Feb/2015:12:06:28 +0100] "GET /env/roland/sc880.html HTTP/1.1" 200 17092 "-" "Mozilla/5.0 (compatible; BLEXBot/1.0; +http://webmeup-crawler.com/)"
136.243.36.97 - - [26/Feb/2015:12:06:31 +0100] "GET /links/links.html HTTP/1.1" 200 278 "-" "Mozilla/5.0 (compatible; BLEXBot/1.0; +http://webmeup-crawler.com/)"
136.243.36.97 - - [26/Feb/2015:12:06:35 +0100] "GET /env/jomox/pics/pic_airbase99.html HTTP/1.1" 200 759 "-" "Mozilla/5.0 (compatible; BLEXBot/1.0; +http://webmeup-crawler.com/)"
136.243.36.97 - - [26/Feb/2015:12:06:38 +0100] "GET /env/roland/pics/pic_sc880.html HTTP/1.1" 200 755 "-" "Mozilla/5.0 (compatible; BLEXBot/1.0; +http://webmeup-crawler.com/)"
208.115.111.75 - - [26/Feb/2015:13:50:29 +0100] "GET /robots.txt HTTP/1.1" 200 298 "-" "Mozilla/5.0 (compatible; DotBot/1.1; http://www.opensiteexplorer.org/dotbot, help@moz.com)"
208.115.111.75 - - [26/Feb/2015:15:02:33 +0100] "GET /privat/privat.html HTTP/1.1" 401 1226 "-" "Mozilla/5.0 (compatible; DotBot/1.1; http://www.opensiteexplorer.org/dotbot, help@moz.com)"
157.55.39.194 - - [26/Feb/2015:15:14:29 +0100] "GET /env/jomox/pics/pic_airbase99.html HTTP/1.1" 200 759 "-" "Mozilla/5.0 (compatible; bingbot/2.0; +http://www.bing.com/bingbot.htm)"
157.55.39.194 - - [26/Feb/2015:16:43:10 +0100] "GET /env/jomox/pics/pic_airbase99.html HTTP/1.1" 200 759 "-" "Mozilla/5.0 (compatible; bingbot/2.0; +http://www.bing.com/bingbot.htm)"
81.169.250.152 - - [26/Feb/2015:20:19:33 +0100] "GET /robots.txt HTTP/1.1" 200 298 "-" "Mozilla/5.0 (compatible; WeViKaBot/1.0; +http://www.wevika.de/)"
81.169.250.152 - - [26/Feb/2015:20:19:33 +0100] "GET / HTTP/1.1" 200 15853 "-" "Mozilla/5.0 (compatible; WeViKaBot/1.0; +http://www.wevika.de/)"
66.249.64.131 - - [27/Feb/2015:02:03:12 +0100] "GET /robots.txt HTTP/1.1" 200 298 "-" "Mozilla/5.0 (compatible; Googlebot/2.1; +http://www.google.com/bot.html)"
66.249.78.199 - - [27/Feb/2015:02:03:12 +0100] "GET / HTTP/1.1" 200 15853 "-" "Mozilla/5.0 (iPhone; CPU iPhone OS 6_0 like Mac OS X) AppleWebKit/536.26 (KHTML, like Gecko) Version/6.0 Mobile/10A5376e Safari/8536.25 (compatible; Googlebot/2.1; +http://www.google.com/bot.html)"
208.115.111.75 - - [27/Feb/2015:09:49:50 +0100] "GET /robots.txt HTTP/1.1" 200 298 "-" "Mozilla/5.0 (compatible; DotBot/1.1; http://www.opensiteexplorer.org/dotbot, help@moz.com)"
208.115.111.75 - - [27/Feb/2015:11:02:26 +0100] "GET /env/jomox/pics/pic_airbase99.html HTTP/1.1" 200 759 "-" "Mozilla/5.0 (compatible; DotBot/1.1; http://www.opensiteexplorer.org/dotbot, help@moz.com)"
208.115.113.91 - - [27/Feb/2015:11:50:51 +0100] "GET /robots.txt HTTP/1.1" 200 298 "-" "Mozilla/5.0 (compatible; DotBot/1.1; http://www.opensiteexplorer.org/dotbot, help@moz.com)"
208.115.113.91 - - [27/Feb/2015:13:00:57 +0100] "GET /phpBB2/index.php HTTP/1.1" 401 1226 "-" "Mozilla/5.0 (compatible; DotBot/1.1; http://www.opensiteexplorer.org/dotbot, help@moz.com)"
157.55.39.194 - - [27/Feb/2015:17:12:28 +0100] "GET /robots.txt HTTP/1.1" 200 298 "-" "Mozilla/5.0 (compatible; bingbot/2.0; +http://www.bing.com/bingbot.htm)"
157.55.39.194 - - [27/Feb/2015:17:12:48 +0100] "GET /env/jomox/pics/pic_airbase99.html HTTP/1.1" 200 759 "-" "Mozilla/5.0 (compatible; bingbot/2.0; +http://www.bing.com/bingbot.htm)"
72.46.136.178 - - [27/Feb/2015:19:04:00 +0100] "GET / HTTP/1.1" 200 15853 "-" "Mozilla/4.0 (compatible; MSIE 6.0; Windows NT 5.1; SV1)"
85.25.202.18 - - [27/Feb/2015:19:42:08 +0100] "GET / HTTP/1.1" 200 15853 "http://www.sumaja.de/?such_wert=midi" "Mozilla/4.0 (compatible; MSIE 8.0; Windows NT 6.1; Trident/4.0; SLCC2; .NET CLR 2.0.50727; .NET CLR 3.5.30729; .NET CLR 3.0.30729; Media Center PC 6.0)"
66.249.78.206 - - [28/Feb/2015:02:03:17 +0100] "GET / HTTP/1.1" 200 15853 "-" "Mozilla/5.0 (iPhone; CPU iPhone OS 6_0 like Mac OS X) AppleWebKit/536.26 (KHTML, like Gecko) Version/6.0 Mobile/10A5376e Safari/8536.25 (compatible; Googlebot/2.1; +http://www.google.com/bot.html)"
144.76.185.173 - - [28/Feb/2015:09:41:21 +0100] "GET /impressum/impressum.html HTTP/1.1" 200 7872 "-" "Mozilla/5.0 (Windows NT 6.1; WOW64) AppleWebKit/537.11 (KHTML, like Gecko) Chrome/23.0.1271.97 Safari/537.11"
144.76.185.173 - - [28/Feb/2015:09:41:22 +0100] "GET / HTTP/1.1" 200 15853 "-" "Mozilla/5.0 (Macintosh; Intel Mac OS X 10_6_8) AppleWebKit/537.13+ (KHTML, like Gecko) Version/5.1.7 Safari/534.57.2"
64.246.161.42 - - [28/Feb/2015:23:23:34 +0100] "GET /robots.txt HTTP/1.0" 200 298 "-" "Mozilla/5.0 (Windows; U; Windows NT 5.1; en; rv:1.9.0.13) Gecko/2009073022 Firefox/3.5.2 (.NET CLR 3.5.30729) SurveyBot/2.3 (DomainTools)"
64.246.161.42 - - [28/Feb/2015:23:23:34 +0100] "GET / HTTP/1.1" 200 15853 "http://whois.domaintools.com/soundpatcher.de" "Mozilla/5.0 (Windows; U; Windows NT 5.1; en; rv:1.9.0.13) Gecko/2009073022 Firefox/3.5.2 (.NET CLR 3.5.30729) SurveyBot/2.3 (DomainTools)"