180.76.15.6 - - [13/May/2017:07:58:30 +0200] "GET /index.html HTTP/1.1" 200 15853 "-" "Mozilla/5.0 (compatible; Baiduspider/2.0; +http://www.baidu.com/search/spider.html)"
180.76.15.145 - - [13/May/2017:07:58:31 +0200] "GET / HTTP/1.1" 200 15853 "-" "Mozilla/5.0 (compatible; Baiduspider/2.0; +http://www.baidu.com/search/spider.html)"
85.93.91.84 - - [13/May/2017:12:06:51 +0200] "GET /robots.txt HTTP/1.0" 200 298 "-" "Mozilla/5.0 (compatible; DeuSu/5.0.2; +https://deusu.de/robot.html)"
85.93.91.84 - - [13/May/2017:12:06:51 +0200] "GET / HTTP/1.0" 200 15853 "-" "Mozilla/5.0 (compatible; DeuSu/5.0.2; +https://deusu.de/robot.html)"
5.255.251.7 - - [13/May/2017:15:58:02 +0200] "GET /robots.txt HTTP/1.1" 200 298 "-" "Mozilla/5.0 (compatible; YandexBot/3.0; +http://yandex.com/bots)"
5.255.251.7 - - [13/May/2017:15:58:06 +0200] "GET /favicon.ico HTTP/1.1" 404 1256 "-" "Mozilla/5.0 (compatible; YandexBot/3.0; +http://yandex.com/bots)"
207.46.13.153 - - [13/May/2017:18:30:39 +0200] "GET /robots.txt HTTP/1.1" 200 298 "-" "Mozilla/5.0 (compatible; bingbot/2.0; +http://www.bing.com/bingbot.htm)"
40.77.167.15 - - [13/May/2017:18:30:42 +0200] "GET /env/jomox/jomox.html HTTP/1.1" 200 14935 "-" "Mozilla/5.0 (compatible; bingbot/2.0; +http://www.bing.com/bingbot.htm)"
207.46.13.104 - - [13/May/2017:19:51:14 +0200] "GET /robots.txt HTTP/1.1" 200 298 "-" "Mozilla/5.0 (compatible; bingbot/2.0; +http://www.bing.com/bingbot.htm)"
180.76.15.140 - - [13/May/2017:21:53:22 +0200] "GET /privat/privat.html HTTP/1.1" 401 1226 "-" "Mozilla/5.0 (compatible; Baiduspider/2.0; +http://www.baidu.com/search/spider.html)"
164.132.161.66 - - [14/May/2017:00:15:06 +0200] "GET /env/roland/sc880.html HTTP/1.1" 200 17092 "-" "Mozilla/5.0 (compatible; AhrefsBot/5.2; +http://ahrefs.com/robot/)"
5.196.87.6 - - [14/May/2017:00:15:26 +0200] "GET /robots.txt HTTP/1.1" 200 298 "-" "Mozilla/5.0 (compatible; AhrefsBot/5.2; +http://ahrefs.com/robot/)"
78.46.156.169 - - [14/May/2017:07:29:36 +0200] "GET / HTTP/1.1" 200 15853 "-" "Mozilla/5.0 (Windows NT 6.1) AppleWebKit/537.36 (KHTML, like Gecko) Chrome/27.0.1453.93 Safari/537.36"
78.46.156.169 - - [14/May/2017:07:29:40 +0200] "GET /index.html HTTP/1.1" 200 15853 "-" "Mozilla/5.0 (Macintosh; Intel Mac OS X 10_6_8) AppleWebKit/535.19 (KHTML, like Gecko) Chrome/18.0.1025.166 Safari/535.19"
78.46.156.169 - - [14/May/2017:07:29:40 +0200] "GET /impressum/impressum.html HTTP/1.1" 200 7872 "-" "Mozilla/5.0 (Windows NT 6.1) AppleWebKit/537.22 (KHTML, like Gecko) Chrome/25.0.1364.169 Safari/537.22"
40.77.167.15 - - [14/May/2017:14:29:05 +0200] "GET /env/jomox/jomox.html HTTP/1.1" 200 14935 "-" "Mozilla/5.0 (compatible; bingbot/2.0; +http://www.bing.com/bingbot.htm)"
46.229.164.101 - - [14/May/2017:15:20:48 +0200] "GET /robots.txt HTTP/1.1" 200 298 "-" "Mozilla/5.0 (compatible; SemrushBot/1.2~bl; +http://www.semrush.com/bot.html)"
51.255.65.32 - - [14/May/2017:16:03:03 +0200] "GET /friends/friends.html HTTP/1.1" 401 1226 "-" "Mozilla/5.0 (compatible; AhrefsBot/5.2; +http://ahrefs.com/robot/)"
180.76.15.153 - - [14/May/2017:19:24:15 +0200] "GET /friends/friends.html HTTP/1.1" 401 1226 "-" "Mozilla/5.0 (compatible; Baiduspider/2.0; +http://www.baidu.com/search/spider.html)"
5.255.251.7 - - [15/May/2017:00:55:19 +0200] "GET /robots.txt HTTP/1.1" 200 298 "-" "Mozilla/5.0 (compatible; YandexBot/3.0; +http://yandex.com/bots)"
5.39.85.81 - - [15/May/2017:01:57:56 +0200] "GET /robots.txt HTTP/1.0" 200 298 "-" ""
5.39.85.81 - - [15/May/2017:01:57:56 +0200] "GET / HTTP/1.1" 206 15853 "-" "Mozilla/5.0 (X11; Linux x86_64) AppleWebKit/534.24 (KHTML, like Gecko) Chrome/11.0.696.3 Safari/534.24"
5.39.85.81 - - [15/May/2017:01:57:58 +0200] "GET /index.html HTTP/1.1" 206 15853 "-" "Mozilla/5.0 (X11; Linux x86_64) AppleWebKit/534.24 (KHTML, like Gecko) Chrome/11.0.696.3 Safari/534.24"
5.39.85.81 - - [15/May/2017:01:58:00 +0200] "GET /env/env.html HTTP/1.1" 206 12438 "-" "Mozilla/5.0 (X11; Linux x86_64) AppleWebKit/534.24 (KHTML, like Gecko) Chrome/11.0.696.3 Safari/534.24"
5.39.85.81 - - [15/May/2017:01:58:02 +0200] "GET /friends/friends.html HTTP/1.1" 401 1226 "-" "Mozilla/5.0 (X11; Linux x86_64) AppleWebKit/534.24 (KHTML, like Gecko) Chrome/11.0.696.3 Safari/534.24"
5.39.85.81 - - [15/May/2017:01:58:02 +0200] "GET /phpBB2/index.php HTTP/1.1" 401 1226 "-" "Mozilla/5.0 (X11; Linux x86_64) AppleWebKit/534.24 (KHTML, like Gecko) Chrome/11.0.696.3 Safari/534.24"
5.39.85.81 - - [15/May/2017:01:58:02 +0200] "GET /privat/privat.html HTTP/1.1" 401 1226 "-" "Mozilla/5.0 (X11; Linux x86_64) AppleWebKit/534.24 (KHTML, like Gecko) Chrome/11.0.696.3 Safari/534.24"
5.39.85.81 - - [15/May/2017:01:58:02 +0200] "GET /impressum/impressum.html HTTP/1.1" 206 7872 "-" "Mozilla/5.0 (X11; Linux x86_64) AppleWebKit/534.24 (KHTML, like Gecko) Chrome/11.0.696.3 Safari/534.24"
5.39.85.81 - - [15/May/2017:01:58:04 +0200] "GET /env/jomox/jomox.html HTTP/1.1" 206 14935 "-" "Mozilla/5.0 (X11; Linux x86_64) AppleWebKit/534.24 (KHTML, like Gecko) Chrome/11.0.696.3 Safari/534.24"
5.39.85.81 - - [15/May/2017:01:58:06 +0200] "GET /env/roland/sc880.html HTTP/1.1" 206 17092 "-" "Mozilla/5.0 (X11; Linux x86_64) AppleWebKit/534.24 (KHTML, like Gecko) Chrome/11.0.696.3 Safari/534.24"
5.39.85.81 - - [15/May/2017:01:58:08 +0200] "GET /links/links.html HTTP/1.1" 206 278 "-" "Mozilla/5.0 (X11; Linux x86_64) AppleWebKit/534.24 (KHTML, like Gecko) Chrome/11.0.696.3 Safari/534.24"
5.39.85.81 - - [15/May/2017:01:58:10 +0200] "GET /env/jomox/download/airbase99.LSO HTTP/1.1" 206 262145 "-" "Mozilla/5.0 (X11; Linux x86_64) AppleWebKit/534.24 (KHTML, like Gecko) Chrome/11.0.696.3 Safari/534.24"
5.39.85.81 - - [15/May/2017:01:58:13 +0200] "GET /env/jomox/pics/pic_airbase99.html HTTP/1.1" 206 759 "-" "Mozilla/5.0 (X11; Linux x86_64) AppleWebKit/534.24 (KHTML, like Gecko) Chrome/11.0.696.3 Safari/534.24"
5.39.85.81 - - [15/May/2017:01:58:15 +0200] "GET /env/roland/pics/pic_sc880.html HTTP/1.1" 206 755 "-" "Mozilla/5.0 (X11; Linux x86_64) AppleWebKit/534.24 (KHTML, like Gecko) Chrome/11.0.696.3 Safari/534.24"
217.182.132.21 - - [15/May/2017:03:34:52 +0200] "GET /links/links.html HTTP/1.1" 200 278 "-" "Mozilla/5.0 (compatible; AhrefsBot/5.2; +http://ahrefs.com/robot/)"
5.255.251.7 - - [15/May/2017:09:30:49 +0200] "GET /robots.txt HTTP/1.1" 200 298 "-" "Mozilla/5.0 (compatible; YandexBot/3.0; +http://yandex.com/bots)"
5.255.251.7 - - [15/May/2017:09:30:53 +0200] "GET / HTTP/1.1" 200 15853 "-" "Mozilla/5.0 (compatible; YandexBot/3.0; +http://yandex.com/bots)"
46.4.27.145 - - [15/May/2017:11:50:05 +0200] "GET / HTTP/1.1" 200 15853 "http://www.webwiki.de/www.soundpatcher.de" "Mozilla/5.0 (Windows NT 6.1; WOW64; rv:41.0) Gecko/20100101 Firefox/41.0"
40.77.167.15 - - [15/May/2017:11:59:24 +0200] "GET /env/jomox/jomox.html HTTP/1.1" 200 14935 "-" "Mozilla/5.0 (compatible; bingbot/2.0; +http://www.bing.com/bingbot.htm)"
207.46.13.32 - - [15/May/2017:11:59:28 +0200] "GET /robots.txt HTTP/1.1" 200 298 "-" "Mozilla/5.0 (compatible; bingbot/2.0; +http://www.bing.com/bingbot.htm)"
104.131.12.216 - - [16/May/2017:01:28:39 +0200] "GET /robots.txt HTTP/1.1" 200 298 "-" "Mozilla/5.0 (compatible; spbot/5.0.3; +http://OpenLinkProfiler.org/bot )"
104.131.12.216 - - [16/May/2017:01:28:45 +0200] "GET / HTTP/1.1" 200 15853 "-" "Mozilla/5.0 (compatible; spbot/5.0.3; +http://OpenLinkProfiler.org/bot )"
104.131.12.216 - - [16/May/2017:01:28:46 +0200] "GET /index.html HTTP/1.1" 200 15853 "http://www.soundpatcher.de/" "Mozilla/5.0 (compatible; spbot/5.0.3; +http://OpenLinkProfiler.org/bot )"
104.131.12.216 - - [16/May/2017:01:28:49 +0200] "GET /env/env.html HTTP/1.1" 200 12438 "http://www.soundpatcher.de/" "Mozilla/5.0 (compatible; spbot/5.0.3; +http://OpenLinkProfiler.org/bot )"
104.131.12.216 - - [16/May/2017:01:28:54 +0200] "GET /phpBB2/index.php HTTP/1.1" 401 1226 "http://www.soundpatcher.de/" "Mozilla/5.0 (compatible; spbot/5.0.3; +http://OpenLinkProfiler.org/bot )"
104.131.12.216 - - [16/May/2017:01:28:59 +0200] "GET /privat/privat.html HTTP/1.1" 401 1226 "http://www.soundpatcher.de/" "Mozilla/5.0 (compatible; spbot/5.0.3; +http://OpenLinkProfiler.org/bot )"
104.131.12.216 - - [16/May/2017:01:29:04 +0200] "GET /friends/friends.html HTTP/1.1" 401 1226 "http://www.soundpatcher.de/" "Mozilla/5.0 (compatible; spbot/5.0.3; +http://OpenLinkProfiler.org/bot )"
104.131.12.216 - - [16/May/2017:01:29:08 +0200] "GET /env/jomox/jomox.html HTTP/1.1" 200 14935 "http://www.soundpatcher.de/" "Mozilla/5.0 (compatible; spbot/5.0.3; +http://OpenLinkProfiler.org/bot )"
104.131.12.216 - - [16/May/2017:01:29:14 +0200] "GET /links/links.html HTTP/1.1" 200 278 "http://www.soundpatcher.de/env/jomox/jomox.html" "Mozilla/5.0 (compatible; spbot/5.0.3; +http://OpenLinkProfiler.org/bot )"
104.131.12.216 - - [16/May/2017:01:29:19 +0200] "GET /env/roland/sc880.html HTTP/1.1" 200 17092 "http://www.soundpatcher.de/env/env.html" "Mozilla/5.0 (compatible; spbot/5.0.3; +http://OpenLinkProfiler.org/bot )"
104.131.12.216 - - [16/May/2017:01:29:23 +0200] "GET /impressum/impressum.html HTTP/1.1" 200 7872 "http://www.soundpatcher.de/" "Mozilla/5.0 (compatible; spbot/5.0.3; +http://OpenLinkProfiler.org/bot )"
104.131.12.216 - - [16/May/2017:01:29:29 +0200] "GET /env/roland/pics/pic_sc880.html HTTP/1.1" 200 755 "http://www.soundpatcher.de/env/roland/sc880.html" "Mozilla/5.0 (compatible; spbot/5.0.3; +http://OpenLinkProfiler.org/bot )"
104.131.12.216 - - [16/May/2017:01:29:34 +0200] "GET /env/jomox/download/airbase99.LSO HTTP/1.1" 200 387896 "http://www.soundpatcher.de/env/jomox/jomox.html" "Mozilla/5.0 (compatible; spbot/5.0.3; +http://OpenLinkProfiler.org/bot )"
104.131.12.216 - - [16/May/2017:01:29:39 +0200] "GET /env/jomox/pics/pic_airbase99.html HTTP/1.1" 200 759 "http://www.soundpatcher.de/env/jomox/jomox.html" "Mozilla/5.0 (compatible; spbot/5.0.3; +http://OpenLinkProfiler.org/bot )"
180.76.15.139 - - [16/May/2017:02:30:17 +0200] "GET /phpBB2/index.php HTTP/1.1" 401 1226 "-" "Mozilla/5.0 (compatible; Baiduspider/2.0; +http://www.baidu.com/search/spider.html)"
180.76.15.156 - - [16/May/2017:11:21:55 +0200] "GET / HTTP/1.1" 200 15853 "-" "Mozilla/5.0 (compatible; Baiduspider/2.0; +http://www.baidu.com/search/spider.html)"
31.18.231.84 - - [16/May/2017:11:55:37 +0200] "GET /env/env.html HTTP/1.1" 200 12438 "-" "Mozilla/5.0 (iPhone; CPU iPhone OS 10_3_2 like Mac OS X) AppleWebKit/603.2.4 (KHTML, like Gecko) Version/10.0 Mobile/14F89 Safari/602.1"
31.18.231.84 - - [16/May/2017:11:55:37 +0200] "GET /apple-touch-icon-120x120-precomposed.png HTTP/1.1" 404 1256 "-" "MobileSafari/602.1 CFNetwork/811.5.4 Darwin/16.6.0"
31.18.231.84 - - [16/May/2017:11:55:37 +0200] "GET /apple-touch-icon-120x120.png HTTP/1.1" 404 1256 "-" "MobileSafari/602.1 CFNetwork/811.5.4 Darwin/16.6.0"
31.18.231.84 - - [16/May/2017:11:55:37 +0200] "GET /apple-touch-icon-precomposed.png HTTP/1.1" 404 1256 "-" "MobileSafari/602.1 CFNetwork/811.5.4 Darwin/16.6.0"
31.18.231.84 - - [16/May/2017:11:55:37 +0200] "GET /apple-touch-icon.png HTTP/1.1" 404 1256 "-" "MobileSafari/602.1 CFNetwork/811.5.4 Darwin/16.6.0"
31.18.231.84 - - [16/May/2017:11:55:37 +0200] "GET /favicon.ico HTTP/1.1" 404 1256 "-" "MobileSafari/602.1 CFNetwork/811.5.4 Darwin/16.6.0"
40.77.167.7 - - [16/May/2017:12:15:00 +0200] "GET /robots.txt HTTP/1.1" 200 298 "-" "Mozilla/5.0 (compatible; bingbot/2.0; +http://www.bing.com/bingbot.htm)"
157.55.39.97 - - [16/May/2017:12:15:04 +0200] "GET /env/jomox/jomox.html HTTP/1.1" 200 14935 "-" "Mozilla/5.0 (compatible; bingbot/2.0; +http://www.bing.com/bingbot.htm)"
180.76.15.162 - - [17/May/2017:00:06:32 +0200] "GET /impressum/impressum.html HTTP/1.1" 200 7872 "-" "Mozilla/5.0 (compatible; Baiduspider/2.0; +http://www.baidu.com/search/spider.html)"
66.249.69.114 - - [17/May/2017:03:05:22 +0200] "GET /robots.txt HTTP/1.1" 200 298 "-" "Mozilla/5.0 (compatible; Googlebot/2.1; +http://www.google.com/bot.html)"
66.249.69.118 - - [17/May/2017:03:05:23 +0200] "GET / HTTP/1.1" 200 15853 "-" "Mozilla/5.0 (Linux; Android 6.0.1; Nexus 5X Build/MMB29P) AppleWebKit/537.36 (KHTML, like Gecko) Chrome/41.0.2272.96 Mobile Safari/537.36 (compatible; Googlebot/2.1; +http://www.google.com/bot.html)"
85.93.91.84 - - [17/May/2017:03:11:06 +0200] "GET /robots.txt HTTP/1.0" 200 298 "-" "Mozilla/5.0 (compatible; DeuSu/5.0.2; +https://deusu.de/robot.html)"
85.93.91.84 - - [17/May/2017:03:11:06 +0200] "GET /privat/privat.html HTTP/1.0" 401 1226 "-" "Mozilla/5.0 (compatible; DeuSu/5.0.2; +https://deusu.de/robot.html)"
31.18.231.84 - - [17/May/2017:03:44:09 +0200] "GET /env/env.html HTTP/1.1" 200 12438 "-" "Mozilla/5.0 (iPhone; CPU iPhone OS 10_3_2 like Mac OS X) AppleWebKit/603.2.4 (KHTML, like Gecko) Version/10.0 Mobile/14F89 Safari/602.1"
31.18.231.84 - - [17/May/2017:03:44:09 +0200] "GET /apple-touch-icon-120x120-precomposed.png HTTP/1.1" 404 1256 "-" "MobileSafari/602.1 CFNetwork/811.5.4 Darwin/16.6.0"
31.18.231.84 - - [17/May/2017:03:44:09 +0200] "GET /apple-touch-icon-120x120.png HTTP/1.1" 404 1256 "-" "MobileSafari/602.1 CFNetwork/811.5.4 Darwin/16.6.0"
31.18.231.84 - - [17/May/2017:03:44:09 +0200] "GET /apple-touch-icon-precomposed.png HTTP/1.1" 404 1256 "-" "MobileSafari/602.1 CFNetwork/811.5.4 Darwin/16.6.0"
31.18.231.84 - - [17/May/2017:03:44:09 +0200] "GET /apple-touch-icon.png HTTP/1.1" 404 1256 "-" "MobileSafari/602.1 CFNetwork/811.5.4 Darwin/16.6.0"
31.18.231.84 - - [17/May/2017:03:44:10 +0200] "GET /favicon.ico HTTP/1.1" 404 1256 "-" "MobileSafari/602.1 CFNetwork/811.5.4 Darwin/16.6.0"
163.172.73.206 - - [17/May/2017:07:17:51 +0200] "GET /robots.txt HTTP/1.1" 200 298 "-" "Mozilla/5.0 (compatible; MJ12bot/v1.4.7; http://mj12bot.com/)"
163.172.73.206 - - [17/May/2017:07:17:53 +0200] "GET / HTTP/1.1" 200 15853 "-" "Mozilla/5.0 (compatible; MJ12bot/v1.4.7; http://mj12bot.com/)"
178.255.215.84 - - [17/May/2017:09:22:35 +0200] "GET /robots.txt HTTP/1.1" 200 298 "-" "Mozilla/5.0 (compatible; Exabot/3.0; +http://www.exabot.com/go/robot)"
178.255.215.84 - - [17/May/2017:09:22:35 +0200] "GET / HTTP/1.1" 200 15853 "-" "Mozilla/5.0 (compatible; Exabot/3.0; +http://www.exabot.com/go/robot)"
5.255.251.7 - - [17/May/2017:12:52:13 +0200] "GET /robots.txt HTTP/1.1" 200 298 "-" "Mozilla/5.0 (compatible; YandexBot/3.0; +http://yandex.com/bots)"
5.255.251.7 - - [17/May/2017:12:52:17 +0200] "GET /favicon.ico HTTP/1.1" 404 1256 "-" "Mozilla/5.0 (compatible; YandexBot/3.0; +http://yandex.com/bots)"
180.76.15.11 - - [17/May/2017:15:26:00 +0200] "GET / HTTP/1.1" 200 15853 "-" "Mozilla/5.0 (compatible; Baiduspider/2.0; +http://www.baidu.com/search/spider.html)"
157.55.39.97 - - [17/May/2017:19:58:08 +0200] "GET /env/jomox/jomox.html HTTP/1.1" 200 14935 "-" "Mozilla/5.0 (compatible; bingbot/2.0; +http://www.bing.com/bingbot.htm)"
207.46.13.32 - - [17/May/2017:19:58:29 +0200] "GET /robots.txt HTTP/1.1" 200 298 "-" "Mozilla/5.0 (compatible; bingbot/2.0; +http://www.bing.com/bingbot.htm)"
5.255.251.7 - - [17/May/2017:22:54:03 +0200] "GET /robots.txt HTTP/1.1" 200 298 "-" "Mozilla/5.0 (compatible; YandexBot/3.0; +http://yandex.com/bots)"
5.255.251.7 - - [17/May/2017:22:54:07 +0200] "GET /env/env.html HTTP/1.1" 200 12438 "-" "Mozilla/5.0 (compatible; YandexBot/3.0; +http://yandex.com/bots)"
5.255.251.7 - - [18/May/2017:00:56:24 +0200] "GET / HTTP/1.1" 200 15853 "-" "Mozilla/5.0 (compatible; YandexBot/3.0; +http://yandex.com/bots)"
5.255.251.7 - - [18/May/2017:02:25:12 +0200] "GET /favicon.ico HTTP/1.1" 404 1256 "-" "Mozilla/5.0 (compatible; YandexBot/3.0; +http://yandex.com/bots)"
180.76.15.13 - - [18/May/2017:05:55:04 +0200] "GET /privat/privat.html HTTP/1.1" 401 1226 "-" "Mozilla/5.0 (compatible; Baiduspider/2.0; +http://www.baidu.com/search/spider.html)"
207.46.13.70 - - [18/May/2017:06:06:57 +0200] "GET / HTTP/1.1" 200 15853 "-" "Mozilla/5.0 (iPhone; CPU iPhone OS 7_0 like Mac OS X) AppleWebKit/537.51.1 (KHTML, like Gecko) Version/7.0 Mobile/11A465 Safari/9537.53 (compatible; bingbot/2.0; +http://www.bing.com/bingbot.htm)"
208.43.225.85 - - [18/May/2017:23:02:10 +0200] "GET /robots.txt HTTP/1.1" 200 298 "-" "Mozilla/5.0 (compatible; SiteExplorer/1.1b; +http://siteexplorer.info/Backlink-Checker-Spider/)"
208.43.225.85 - - [18/May/2017:23:02:15 +0200] "GET /env/jomox/jomox.html HTTP/1.1" 200 14935 "-" "Mozilla/5.0 (compatible; SiteExplorer/1.1b; +http://siteexplorer.info/Backlink-Checker-Spider/)"
208.43.225.85 - - [18/May/2017:23:02:19 +0200] "GET /env/jomox/pics/pic_airbase99.html HTTP/1.1" 200 759 "-" "Mozilla/5.0 (compatible; SiteExplorer/1.1b; +http://siteexplorer.info/Backlink-Checker-Spider/)"
208.43.225.85 - - [18/May/2017:23:02:24 +0200] "GET /links/links.html HTTP/1.1" 200 278 "-" "Mozilla/5.0 (compatible; SiteExplorer/1.1b; +http://siteexplorer.info/Backlink-Checker-Spider/)"
208.43.225.85 - - [18/May/2017:23:02:29 +0200] "GET /env/env.html HTTP/1.1" 200 12438 "-" "Mozilla/5.0 (compatible; SiteExplorer/1.1b; +http://siteexplorer.info/Backlink-Checker-Spider/)"
208.43.225.85 - - [18/May/2017:23:02:34 +0200] "GET /env/roland/sc880.html HTTP/1.1" 200 17092 "-" "Mozilla/5.0 (compatible; SiteExplorer/1.1b; +http://siteexplorer.info/Backlink-Checker-Spider/)"
208.43.225.85 - - [18/May/2017:23:02:39 +0200] "GET /impressum/impressum.html HTTP/1.1" 200 7872 "-" "Mozilla/5.0 (compatible; SiteExplorer/1.1b; +http://siteexplorer.info/Backlink-Checker-Spider/)"
208.43.225.85 - - [18/May/2017:23:02:44 +0200] "GET /env/roland/pics/pic_sc880.html HTTP/1.1" 200 755 "-" "Mozilla/5.0 (compatible; SiteExplorer/1.1b; +http://siteexplorer.info/Backlink-Checker-Spider/)"
208.43.225.85 - - [18/May/2017:23:02:48 +0200] "GET /index.html HTTP/1.1" 200 15853 "-" "Mozilla/5.0 (compatible; SiteExplorer/1.1b; +http://siteexplorer.info/Backlink-Checker-Spider/)"
164.132.162.157 - - [19/May/2017:11:11:53 +0200] "GET /env/jomox/download/airbase99.LSO HTTP/1.1" 200 387896 "-" "Mozilla/5.0 (compatible; AhrefsBot/5.2; +http://ahrefs.com/robot/)"
5.196.87.6 - - [19/May/2017:11:12:13 +0200] "GET /robots.txt HTTP/1.1" 200 298 "-" "Mozilla/5.0 (compatible; AhrefsBot/5.2; +http://ahrefs.com/robot/)"
180.76.15.29 - - [19/May/2017:14:10:00 +0200] "GET /friends/friends.html HTTP/1.1" 401 1226 "-" "Mozilla/5.0 (compatible; Baiduspider/2.0; +http://www.baidu.com/search/spider.html)"
157.55.39.8 - - [19/May/2017:14:52:22 +0200] "GET /robots.txt HTTP/1.1" 200 298 "-" "Mozilla/5.0 (compatible; bingbot/2.0; +http://www.bing.com/bingbot.htm)"
207.46.13.70 - - [19/May/2017:14:52:24 +0200] "GET /env/jomox/jomox.html HTTP/1.1" 200 14935 "-" "Mozilla/5.0 (compatible; bingbot/2.0; +http://www.bing.com/bingbot.htm)"
207.46.13.32 - - [19/May/2017:14:52:35 +0200] "GET /robots.txt HTTP/1.1" 200 298 "-" "Mozilla/5.0 (compatible; bingbot/2.0; +http://www.bing.com/bingbot.htm)"
31.18.231.84 - - [19/May/2017:16:47:06 +0200] "GET /env/env.html HTTP/1.1" 200 12438 "-" "Mozilla/5.0 (iPhone; CPU iPhone OS 10_3_2 like Mac OS X) AppleWebKit/603.2.4 (KHTML, like Gecko) Version/10.0 Mobile/14F89 Safari/602.1"
31.18.231.84 - - [19/May/2017:16:47:06 +0200] "GET /apple-touch-icon-120x120-precomposed.png HTTP/1.1" 404 1256 "-" "MobileSafari/602.1 CFNetwork/811.5.4 Darwin/16.6.0"
31.18.231.84 - - [19/May/2017:16:47:06 +0200] "GET /apple-touch-icon-120x120.png HTTP/1.1" 404 1256 "-" "MobileSafari/602.1 CFNetwork/811.5.4 Darwin/16.6.0"
31.18.231.84 - - [19/May/2017:16:47:06 +0200] "GET /apple-touch-icon-precomposed.png HTTP/1.1" 404 1256 "-" "MobileSafari/602.1 CFNetwork/811.5.4 Darwin/16.6.0"
31.18.231.84 - - [19/May/2017:16:47:06 +0200] "GET /apple-touch-icon.png HTTP/1.1" 404 1256 "-" "MobileSafari/602.1 CFNetwork/811.5.4 Darwin/16.6.0"
31.18.231.84 - - [19/May/2017:16:47:06 +0200] "GET /favicon.ico HTTP/1.1" 404 1256 "-" "MobileSafari/602.1 CFNetwork/811.5.4 Darwin/16.6.0"
178.255.215.84 - - [19/May/2017:18:40:28 +0200] "GET /robots.txt HTTP/1.1" 200 298 "-" "Mozilla/5.0 (compatible; Exabot/3.0; +http://www.exabot.com/go/robot)"
178.255.215.84 - - [19/May/2017:18:40:28 +0200] "GET / HTTP/1.1" 200 15853 "-" "Mozilla/5.0 (compatible; Exabot/3.0; +http://www.exabot.com/go/robot)"
180.76.15.145 - - [20/May/2017:02:23:30 +0200] "GET / HTTP/1.1" 200 15853 "-" "Mozilla/5.0 (compatible; Baiduspider/2.0; +http://www.baidu.com/search/spider.html)"
5.255.251.7 - - [20/May/2017:05:03:35 +0200] "GET /robots.txt HTTP/1.1" 200 298 "-" "Mozilla/5.0 (compatible; YandexBot/3.0; +http://yandex.com/bots)"
5.255.251.7 - - [20/May/2017:05:03:39 +0200] "GET /index.html HTTP/1.1" 200 15853 "-" "Mozilla/5.0 (compatible; YandexBot/3.0; +http://yandex.com/bots)"
180.76.15.32 - - [20/May/2017:09:33:06 +0200] "GET /env/env.html HTTP/1.1" 200 12438 "-" "Mozilla/5.0 (compatible; Baiduspider/2.0; +http://www.baidu.com/search/spider.html)"
66.249.76.36 - - [20/May/2017:14:53:41 +0200] "GET /robots.txt HTTP/1.1" 200 298 "-" "Mozilla/5.0 (compatible; Googlebot/2.1; +http://www.google.com/bot.html)"
66.249.76.38 - - [20/May/2017:14:53:42 +0200] "GET /impressum/impressum.html HTTP/1.1" 200 7872 "-" "Mozilla/5.0 (compatible; Googlebot/2.1; +http://www.google.com/bot.html)"
180.76.15.29 - - [21/May/2017:05:14:56 +0200] "GET / HTTP/1.1" 200 15853 "-" "Mozilla/5.0 (compatible; Baiduspider/2.0; +http://www.baidu.com/search/spider.html)"
46.229.168.72 - - [21/May/2017:09:25:39 +0200] "GET /links/links.html HTTP/1.1" 200 278 "-" "Mozilla/5.0 (compatible; SemrushBot/1.2~bl; +http://www.semrush.com/bot.html)"
46.229.168.75 - - [21/May/2017:09:25:49 +0200] "GET / HTTP/1.1" 200 15853 "-" "Mozilla/5.0 (compatible; SemrushBot/1.2~bl; +http://www.semrush.com/bot.html)"
46.229.168.75 - - [21/May/2017:09:26:03 +0200] "GET /phpBB2/index.php HTTP/1.1" 401 1226 "-" "Mozilla/5.0 (compatible; SemrushBot/1.2~bl; +http://www.semrush.com/bot.html)"
5.255.251.7 - - [21/May/2017:15:17:59 +0200] "GET /robots.txt HTTP/1.1" 200 298 "-" "Mozilla/5.0 (compatible; YandexBot/3.0; +http://yandex.com/bots)"
5.255.251.7 - - [21/May/2017:15:18:03 +0200] "GET /favicon.ico HTTP/1.1" 404 1256 "-" "Mozilla/5.0 (compatible; YandexBot/3.0; +http://yandex.com/bots)"
157.55.39.8 - - [21/May/2017:19:42:26 +0200] "GET /robots.txt HTTP/1.1" 200 298 "-" "Mozilla/5.0 (compatible; bingbot/2.0; +http://www.bing.com/bingbot.htm)"
207.46.13.70 - - [21/May/2017:19:42:30 +0200] "GET /env/jomox/jomox.html HTTP/1.1" 200 14935 "-" "Mozilla/5.0 (compatible; bingbot/2.0; +http://www.bing.com/bingbot.htm)"
40.77.167.59 - - [21/May/2017:19:42:35 +0200] "GET /robots.txt HTTP/1.1" 200 298 "-" "Mozilla/5.0 (compatible; bingbot/2.0; +http://www.bing.com/bingbot.htm)"
164.132.161.66 - - [22/May/2017:08:38:20 +0200] "GET /index.html HTTP/1.1" 200 15853 "-" "Mozilla/5.0 (compatible; AhrefsBot/5.2; +http://ahrefs.com/robot/)"
5.196.87.6 - - [22/May/2017:08:38:40 +0200] "GET /robots.txt HTTP/1.1" 200 298 "-" "Mozilla/5.0 (compatible; AhrefsBot/5.2; +http://ahrefs.com/robot/)"
180.76.15.9 - - [22/May/2017:15:05:38 +0200] "GET /env/jomox/jomox.html HTTP/1.1" 200 14935 "-" "Mozilla/5.0 (compatible; Baiduspider/2.0; +http://www.baidu.com/search/spider.html)"
144.76.153.198 - - [22/May/2017:18:23:56 +0200] "GET / HTTP/1.1" 200 15853 "-" "Mozilla/5.0 (Macintosh; Intel Mac OS X 10_7_5) AppleWebKit/537.31 (KHTML, like Gecko) Chrome/26.0.1410.65 Safari/537.31"
144.76.153.198 - - [22/May/2017:18:24:18 +0200] "GET /index.html HTTP/1.1" 200 15853 "-" "Mozilla/5.0 (Windows NT 6.1; WOW64; rv:21.0) Gecko/20100101 Firefox/21.0"
144.76.153.198 - - [22/May/2017:18:24:45 +0200] "GET /impressum/impressum.html HTTP/1.1" 200 7872 "-" "Mozilla/5.0 (Windows NT 6.1; rv:12.0) Gecko/20120403211507 Firefox/14.0.1"
66.249.76.36 - - [22/May/2017:18:55:04 +0200] "GET /robots.txt HTTP/1.1" 200 298 "-" "Mozilla/5.0 (compatible; Googlebot/2.1; +http://www.google.com/bot.html)"
66.249.76.34 - - [22/May/2017:18:55:04 +0200] "GET /env/env.html HTTP/1.1" 200 12438 "-" "Mozilla/5.0 (compatible; Googlebot/2.1; +http://www.google.com/bot.html)"
180.76.15.153 - - [22/May/2017:22:49:18 +0200] "GET /impressum/impressum.html HTTP/1.1" 200 7872 "-" "Mozilla/5.0 (compatible; Baiduspider/2.0; +http://www.baidu.com/search/spider.html)"
164.132.161.62 - - [23/May/2017:01:32:56 +0200] "GET /env/jomox/jomox.html HTTP/1.1" 200 14935 "-" "Mozilla/5.0 (compatible; AhrefsBot/5.2; +http://ahrefs.com/robot/)"
46.229.164.99 - - [23/May/2017:03:32:40 +0200] "GET /robots.txt HTTP/1.1" 200 298 "-" "Mozilla/5.0 (compatible; SemrushBot/1.2~bl; +http://www.semrush.com/bot.html)"
178.255.215.84 - - [23/May/2017:09:15:18 +0200] "GET /robots.txt HTTP/1.1" 200 298 "-" "Mozilla/5.0 (compatible; Exabot/3.0; +http://www.exabot.com/go/robot)"
178.255.215.84 - - [23/May/2017:09:15:18 +0200] "GET /env/env.html HTTP/1.1" 200 12438 "-" "Mozilla/5.0 (compatible; Exabot/3.0; +http://www.exabot.com/go/robot)"
64.246.165.180 - - [23/May/2017:10:36:25 +0200] "GET /robots.txt HTTP/1.0" 200 298 "-" "Mozilla/5.0 (Windows; U; Windows NT 5.1; en; rv:1.9.0.13) Gecko/2009073022 Firefox/3.5.2 (.NET CLR 3.5.30729) SurveyBot/2.3 (DomainTools)"
64.246.165.180 - - [23/May/2017:10:36:25 +0200] "GET / HTTP/1.1" 200 15853 "http://whois.domaintools.com/soundpatcher.de" "Mozilla/5.0 (Windows; U; Windows NT 5.1; en; rv:1.9.0.13) Gecko/2009073022 Firefox/3.5.2 (.NET CLR 3.5.30729) SurveyBot/2.3 (DomainTools)"
157.55.39.12 - - [23/May/2017:11:50:39 +0200] "GET /robots.txt HTTP/1.1" 200 298 "-" "Mozilla/5.0 (compatible; bingbot/2.0; +http://www.bing.com/bingbot.htm)"
207.46.13.70 - - [23/May/2017:11:50:40 +0200] "GET /env/jomox/jomox.html HTTP/1.1" 200 14935 "-" "Mozilla/5.0 (compatible; bingbot/2.0; +http://www.bing.com/bingbot.htm)"
31.18.231.84 - - [23/May/2017:13:08:05 +0200] "GET /env/env.html HTTP/1.1" 200 12438 "-" "Mozilla/5.0 (iPhone; CPU iPhone OS 10_3_2 like Mac OS X) AppleWebKit/603.2.4 (KHTML, like Gecko) Version/10.0 Mobile/14F89 Safari/602.1"
31.18.231.84 - - [23/May/2017:13:08:05 +0200] "GET /apple-touch-icon-120x120-precomposed.png HTTP/1.1" 404 1256 "-" "MobileSafari/602.1 CFNetwork/811.5.4 Darwin/16.6.0"
31.18.231.84 - - [23/May/2017:13:08:05 +0200] "GET /apple-touch-icon-120x120.png HTTP/1.1" 404 1256 "-" "MobileSafari/602.1 CFNetwork/811.5.4 Darwin/16.6.0"
31.18.231.84 - - [23/May/2017:13:08:05 +0200] "GET /apple-touch-icon-precomposed.png HTTP/1.1" 404 1256 "-" "MobileSafari/602.1 CFNetwork/811.5.4 Darwin/16.6.0"
31.18.231.84 - - [23/May/2017:13:08:05 +0200] "GET /apple-touch-icon.png HTTP/1.1" 404 1256 "-" "MobileSafari/602.1 CFNetwork/811.5.4 Darwin/16.6.0"
31.18.231.84 - - [23/May/2017:13:08:05 +0200] "GET /favicon.ico HTTP/1.1" 404 1256 "-" "MobileSafari/602.1 CFNetwork/811.5.4 Darwin/16.6.0"
207.46.13.70 - - [23/May/2017:15:21:06 +0200] "GET /env/jomox/jomox.html HTTP/1.1" 200 14935 "-" "Mozilla/5.0 (compatible; bingbot/2.0; +http://www.bing.com/bingbot.htm)"
207.46.13.2 - - [23/May/2017:15:21:12 +0200] "GET /robots.txt HTTP/1.1" 200 298 "-" "Mozilla/5.0 (compatible; bingbot/2.0; +http://www.bing.com/bingbot.htm)"
66.249.64.241 - - [23/May/2017:22:10:47 +0200] "GET /robots.txt HTTP/1.1" 200 298 "-" "Mozilla/5.0 (compatible; Googlebot/2.1; +http://www.google.com/bot.html)"
66.249.64.245 - - [23/May/2017:22:10:47 +0200] "GET /env/jomox/jomox.html HTTP/1.1" 200 14935 "-" "Mozilla/5.0 (compatible; Googlebot/2.1; +http://www.google.com/bot.html)"
66.249.76.36 - - [23/May/2017:22:14:17 +0200] "GET /env/jomox/pics/pic_airbase99.html HTTP/1.1" 200 759 "-" "Mozilla/5.0 (compatible; Googlebot/2.1; +http://www.google.com/bot.html)"
180.76.15.152 - - [23/May/2017:22:20:28 +0200] "GET / HTTP/1.1" 200 15853 "-" "Mozilla/5.0 (compatible; Baiduspider/2.0; +http://www.baidu.com/search/spider.html)"
180.76.15.27 - - [23/May/2017:23:27:08 +0200] "GET /privat/privat.html HTTP/1.1" 401 1226 "-" "Mozilla/5.0 (compatible; Baiduspider/2.0; +http://www.baidu.com/search/spider.html)"
31.18.231.84 - - [24/May/2017:01:46:28 +0200] "GET /env/env.html HTTP/1.1" 200 12438 "-" "Mozilla/5.0 (iPhone; CPU iPhone OS 10_3_2 like Mac OS X) AppleWebKit/603.2.4 (KHTML, like Gecko) Version/10.0 Mobile/14F89 Safari/602.1"
207.46.13.70 - - [24/May/2017:06:14:20 +0200] "GET /env/jomox/jomox.html HTTP/1.1" 200 14935 "-" "Mozilla/5.0 (compatible; bingbot/2.0; +http://www.bing.com/bingbot.htm)"
193.70.37.50 - - [24/May/2017:13:19:31 +0200] "GET /robots.txt HTTP/1.1" 200 298 "-" "Mozilla/5.0 (compatible; MJ12bot/v1.4.7; http://mj12bot.com/)"
193.70.37.50 - - [24/May/2017:13:19:32 +0200] "GET /env/env.html HTTP/1.1" 200 12438 "-" "Mozilla/5.0 (compatible; MJ12bot/v1.4.7; http://mj12bot.com/)"
193.70.37.50 - - [24/May/2017:13:19:34 +0200] "GET /env/jomox/download/airbase99.LSO HTTP/1.1" 200 387896 "-" "Mozilla/5.0 (compatible; MJ12bot/v1.4.7; http://mj12bot.com/)"
193.70.37.50 - - [24/May/2017:13:19:35 +0200] "GET /env/jomox/pics/pic_airbase99.html HTTP/1.1" 200 759 "-" "Mozilla/5.0 (compatible; MJ12bot/v1.4.7; http://mj12bot.com/)"
193.70.37.50 - - [24/May/2017:13:19:37 +0200] "GET /env/roland/pics/pic_sc880.html HTTP/1.1" 200 755 "-" "Mozilla/5.0 (compatible; MJ12bot/v1.4.7; http://mj12bot.com/)"
193.70.37.50 - - [24/May/2017:13:19:38 +0200] "GET /env/roland/sc880.html HTTP/1.1" 200 17092 "-" "Mozilla/5.0 (compatible; MJ12bot/v1.4.7; http://mj12bot.com/)"
193.70.37.50 - - [24/May/2017:13:19:40 +0200] "GET /friends/friends.html HTTP/1.1" 401 1226 "-" "Mozilla/5.0 (compatible; MJ12bot/v1.4.7; http://mj12bot.com/)"
193.70.37.50 - - [24/May/2017:13:19:41 +0200] "GET /impressum/impressum.html HTTP/1.1" 200 7872 "-" "Mozilla/5.0 (compatible; MJ12bot/v1.4.7; http://mj12bot.com/)"
193.70.37.50 - - [24/May/2017:13:19:43 +0200] "GET /index.html HTTP/1.1" 200 15853 "-" "Mozilla/5.0 (compatible; MJ12bot/v1.4.7; http://mj12bot.com/)"
193.70.37.50 - - [24/May/2017:13:19:44 +0200] "GET /links/links.html HTTP/1.1" 200 278 "-" "Mozilla/5.0 (compatible; MJ12bot/v1.4.7; http://mj12bot.com/)"
193.70.37.50 - - [24/May/2017:13:19:46 +0200] "GET /phpBB2/index.php HTTP/1.1" 401 1226 "-" "Mozilla/5.0 (compatible; MJ12bot/v1.4.7; http://mj12bot.com/)"
193.70.37.50 - - [24/May/2017:13:19:48 +0200] "GET /privat/privat.html HTTP/1.1" 401 1226 "-" "Mozilla/5.0 (compatible; MJ12bot/v1.4.7; http://mj12bot.com/)"
85.25.202.18 - - [24/May/2017:16:40:39 +0200] "GET / HTTP/1.1" 200 15853 "http://www.sumaja.de/?such_wert=midi" "T-Online Browser (Windows NT 6.1; de)"
180.76.15.146 - - [24/May/2017:17:53:28 +0200] "GET / HTTP/1.1" 200 15853 "-" "Mozilla/5.0 (compatible; Baiduspider/2.0; +http://www.baidu.com/search/spider.html)"
68.180.230.113 - - [24/May/2017:23:23:45 +0200] "GET /robots.txt HTTP/1.1" 200 298 "-" "Mozilla/5.0 (compatible; Yahoo! Slurp; http://help.yahoo.com/help/us/ysearch/slurp)"
68.180.230.113 - - [24/May/2017:23:23:46 +0200] "GET / HTTP/1.1" 200 15853 "-" "Mozilla/5.0 (compatible; Yahoo! Slurp; http://help.yahoo.com/help/us/ysearch/slurp)"
5.255.251.7 - - [25/May/2017:07:56:03 +0200] "GET /robots.txt HTTP/1.1" 200 298 "-" "Mozilla/5.0 (compatible; YandexBot/3.0; +http://yandex.com/bots)"
5.255.251.7 - - [25/May/2017:07:56:07 +0200] "GET /favicon.ico HTTP/1.1" 404 1256 "-" "Mozilla/5.0 (compatible; YandexBot/3.0; +http://yandex.com/bots)"
207.46.13.70 - - [25/May/2017:10:19:34 +0200] "GET /env/jomox/jomox.html HTTP/1.1" 200 14935 "-" "Mozilla/5.0 (compatible; bingbot/2.0; +http://www.bing.com/bingbot.htm)"
157.55.39.170 - - [25/May/2017:10:19:38 +0200] "GET /robots.txt HTTP/1.1" 200 298 "-" "Mozilla/5.0 (compatible; bingbot/2.0; +http://www.bing.com/bingbot.htm)"
5.255.251.7 - - [25/May/2017:18:52:58 +0200] "GET /robots.txt HTTP/1.1" 200 298 "-" "Mozilla/5.0 (compatible; YandexBot/3.0; +http://yandex.com/bots)"
5.255.251.7 - - [25/May/2017:18:53:02 +0200] "GET /favicon.ico HTTP/1.1" 404 1256 "-" "Mozilla/5.0 (compatible; YandexBot/3.0; +http://yandex.com/bots)"
204.236.242.229 - - [25/May/2017:22:13:23 +0200] "GET / HTTP/1.1" 200 15853 "-" "Mozilla/5.0 (X11; Ubuntu; Linux x86_64; rv:30.0) Gecko/20100101 Firefox/30.0"
104.131.187.239 - - [25/May/2017:22:15:05 +0200] "GET /robots.txt HTTP/1.1" 200 298 "-" "Mozilla/5.0 (compatible; spbot/5.0.3; +http://OpenLinkProfiler.org/bot )"
104.131.187.239 - - [25/May/2017:22:15:11 +0200] "GET / HTTP/1.1" 200 15853 "-" "Mozilla/5.0 (compatible; spbot/5.0.3; +http://OpenLinkProfiler.org/bot )"
104.131.187.239 - - [25/May/2017:22:15:13 +0200] "GET /index.html HTTP/1.1" 200 15853 "http://www.soundpatcher.de/" "Mozilla/5.0 (compatible; spbot/5.0.3; +http://OpenLinkProfiler.org/bot )"
104.131.187.239 - - [25/May/2017:22:15:16 +0200] "GET /env/env.html HTTP/1.1" 200 12438 "http://www.soundpatcher.de/" "Mozilla/5.0 (compatible; spbot/5.0.3; +http://OpenLinkProfiler.org/bot )"
104.131.187.239 - - [25/May/2017:22:15:20 +0200] "GET /phpBB2/index.php HTTP/1.1" 401 1226 "http://www.soundpatcher.de/" "Mozilla/5.0 (compatible; spbot/5.0.3; +http://OpenLinkProfiler.org/bot )"
104.131.187.239 - - [25/May/2017:22:15:26 +0200] "GET /privat/privat.html HTTP/1.1" 401 1226 "http://www.soundpatcher.de/" "Mozilla/5.0 (compatible; spbot/5.0.3; +http://OpenLinkProfiler.org/bot )"
104.131.187.239 - - [25/May/2017:22:15:31 +0200] "GET /env/jomox/jomox.html HTTP/1.1" 200 14935 "http://www.soundpatcher.de/" "Mozilla/5.0 (compatible; spbot/5.0.3; +http://OpenLinkProfiler.org/bot )"
104.131.187.239 - - [25/May/2017:22:15:35 +0200] "GET /links/links.html HTTP/1.1" 200 278 "http://www.soundpatcher.de/env/jomox/jomox.html" "Mozilla/5.0 (compatible; spbot/5.0.3; +http://OpenLinkProfiler.org/bot )"
104.131.187.239 - - [25/May/2017:22:15:40 +0200] "GET /friends/friends.html HTTP/1.1" 401 1226 "http://www.soundpatcher.de/" "Mozilla/5.0 (compatible; spbot/5.0.3; +http://OpenLinkProfiler.org/bot )"
104.131.187.239 - - [25/May/2017:22:15:46 +0200] "GET /env/roland/sc880.html HTTP/1.1" 200 17092 "http://www.soundpatcher.de/env/env.html" "Mozilla/5.0 (compatible; spbot/5.0.3; +http://OpenLinkProfiler.org/bot )"
104.131.187.239 - - [25/May/2017:22:15:51 +0200] "GET /impressum/impressum.html HTTP/1.1" 200 7872 "http://www.soundpatcher.de/" "Mozilla/5.0 (compatible; spbot/5.0.3; +http://OpenLinkProfiler.org/bot )"
104.131.187.239 - - [25/May/2017:22:15:55 +0200] "GET /env/roland/pics/pic_sc880.html HTTP/1.1" 200 755 "http://www.soundpatcher.de/env/roland/sc880.html" "Mozilla/5.0 (compatible; spbot/5.0.3; +http://OpenLinkProfiler.org/bot )"
104.131.187.239 - - [25/May/2017:22:16:01 +0200] "GET /env/jomox/download/airbase99.LSO HTTP/1.1" 200 387896 "http://www.soundpatcher.de/env/jomox/jomox.html" "Mozilla/5.0 (compatible; spbot/5.0.3; +http://OpenLinkProfiler.org/bot )"
104.131.187.239 - - [25/May/2017:22:16:06 +0200] "GET /env/jomox/pics/pic_airbase99.html HTTP/1.1" 200 759 "http://www.soundpatcher.de/env/jomox/jomox.html" "Mozilla/5.0 (compatible; spbot/5.0.3; +http://OpenLinkProfiler.org/bot )"
208.43.225.84 - - [25/May/2017:22:45:26 +0200] "GET /robots.txt HTTP/1.1" 200 298 "-" "Mozilla/5.0 (compatible; SiteExplorer/1.1b; +http://siteexplorer.info/Backlink-Checker-Spider/)"
208.43.225.84 - - [25/May/2017:22:45:30 +0200] "GET /phpBB2/index.php HTTP/1.1" 401 1226 "-" "Mozilla/5.0 (compatible; SiteExplorer/1.1b; +http://siteexplorer.info/Backlink-Checker-Spider/)"
208.43.225.84 - - [25/May/2017:22:45:35 +0200] "GET /impressum/impressum.html HTTP/1.1" 200 7872 "-" "Mozilla/5.0 (compatible; SiteExplorer/1.1b; +http://siteexplorer.info/Backlink-Checker-Spider/)"
208.43.225.84 - - [25/May/2017:22:45:40 +0200] "GET /friends/friends.html HTTP/1.1" 401 1226 "-" "Mozilla/5.0 (compatible; SiteExplorer/1.1b; +http://siteexplorer.info/Backlink-Checker-Spider/)"
208.43.225.84 - - [25/May/2017:22:45:45 +0200] "GET /env/roland/sc880.html HTTP/1.1" 200 17092 "-" "Mozilla/5.0 (compatible; SiteExplorer/1.1b; +http://siteexplorer.info/Backlink-Checker-Spider/)"
208.43.225.84 - - [25/May/2017:22:45:50 +0200] "GET /env/jomox/pics/pic_airbase99.html HTTP/1.1" 200 759 "-" "Mozilla/5.0 (compatible; SiteExplorer/1.1b; +http://siteexplorer.info/Backlink-Checker-Spider/)"
208.43.225.84 - - [25/May/2017:22:45:54 +0200] "GET /env/roland/pics/pic_sc880.html HTTP/1.1" 200 755 "-" "Mozilla/5.0 (compatible; SiteExplorer/1.1b; +http://siteexplorer.info/Backlink-Checker-Spider/)"
208.43.225.84 - - [25/May/2017:22:45:59 +0200] "GET /privat/privat.html HTTP/1.1" 401 1226 "-" "Mozilla/5.0 (compatible; SiteExplorer/1.1b; +http://siteexplorer.info/Backlink-Checker-Spider/)"
208.43.225.84 - - [25/May/2017:22:46:04 +0200] "GET /env/jomox/jomox.html HTTP/1.1" 200 14935 "-" "Mozilla/5.0 (compatible; SiteExplorer/1.1b; +http://siteexplorer.info/Backlink-Checker-Spider/)"
208.43.225.84 - - [25/May/2017:22:46:09 +0200] "GET /index.html HTTP/1.1" 200 15853 "-" "Mozilla/5.0 (compatible; SiteExplorer/1.1b; +http://siteexplorer.info/Backlink-Checker-Spider/)"
208.43.225.84 - - [25/May/2017:22:46:13 +0200] "GET /env/env.html HTTP/1.1" 200 12438 "-" "Mozilla/5.0 (compatible; SiteExplorer/1.1b; +http://siteexplorer.info/Backlink-Checker-Spider/)"
208.43.225.84 - - [25/May/2017:22:46:18 +0200] "GET /links/links.html HTTP/1.1" 200 278 "-" "Mozilla/5.0 (compatible; SiteExplorer/1.1b; +http://siteexplorer.info/Backlink-Checker-Spider/)"
157.55.39.2 - - [26/May/2017:05:45:39 +0200] "GET /robots.txt HTTP/1.1" 200 298 "-" "Mozilla/5.0 (compatible; bingbot/2.0; +http://www.bing.com/bingbot.htm)"
207.46.13.70 - - [26/May/2017:05:45:46 +0200] "GET / HTTP/1.1" 200 15853 "-" "Mozilla/5.0 (iPhone; CPU iPhone OS 7_0 like Mac OS X) AppleWebKit/537.51.1 (KHTML, like Gecko) Version/7.0 Mobile/11A465 Safari/9537.53 (compatible; bingbot/2.0; +http://www.bing.com/bingbot.htm)"
180.76.15.159 - - [26/May/2017:07:31:43 +0200] "GET /phpBB2/index.php HTTP/1.1" 401 1226 "-" "Mozilla/5.0 (compatible; Baiduspider/2.0; +http://www.baidu.com/search/spider.html)"
5.255.251.7 - - [26/May/2017:16:16:47 +0200] "GET /robots.txt HTTP/1.1" 200 298 "-" "Mozilla/5.0 (compatible; YandexBot/3.0; +http://yandex.com/bots)"
5.255.251.7 - - [26/May/2017:16:16:51 +0200] "GET /favicon.ico HTTP/1.1" 404 1256 "-" "Mozilla/5.0 (compatible; YandexBot/3.0; +http://yandex.com/bots)"
175.42.42.87 - - [26/May/2017:23:50:41 +0200] "GET /tiny_mce/plugins/elfinder/elfinder.html HTTP/1.1" 404 1256 "-" "-"
175.42.42.87 - - [26/May/2017:23:50:42 +0200] "GET /administrator/components/com_akquickicons/includes/elfinder/elfinder.html HTTP/1.1" 404 1256 "-" "-"
175.42.42.87 - - [26/May/2017:23:50:42 +0200] "GET /erfurt/administrator/components/com_akquickicons/includes/elfinder/elfinder.html HTTP/1.1" 404 1256 "-" "-"
175.42.42.87 - - [26/May/2017:23:50:42 +0200] "GET /erfurt/erfurt/administrator/components/com_akquickicons/includes/elfinder/elfinder.html HTTP/1.1" 404 1256 "-" "-"
175.42.42.87 - - [26/May/2017:23:50:43 +0200] "GET /erfurt/gotha/administrator/components/com_akquickicons/includes/elfinder/elfinder.html HTTP/1.1" 404 1256 "-" "-"
175.42.42.87 - - [26/May/2017:23:50:43 +0200] "GET /gotha/erfurt/administrator/components/com_akquickicons/includes/elfinder/elfinder.html HTTP/1.1" 404 1256 "-" "-"
175.42.42.87 - - [26/May/2017:23:50:44 +0200] "GET /gotha/administrator/components/com_akquickicons/includes/elfinder/elfinder.html HTTP/1.1" 404 1256 "-" "-"
175.42.42.87 - - [26/May/2017:23:50:44 +0200] "GET /gotha/gotha/administrator/components/com_akquickicons/includes/elfinder/elfinder.html HTTP/1.1" 404 1256 "-" "-"
175.42.42.87 - - [26/May/2017:23:50:45 +0200] "GET /backup/preview_1/admin/elfinder/elfinder.html HTTP/1.1" 404 1256 "-" "-"
175.42.42.87 - - [26/May/2017:23:50:45 +0200] "GET /backup/preview_2/admin/elfinder/elfinder.html HTTP/1.1" 404 1256 "-" "-"
175.42.42.87 - - [26/May/2017:23:50:46 +0200] "GET /backup/preview_Jan27/admin/elfinder/elfinder.html HTTP/1.1" 404 1256 "-" "-"
175.42.42.87 - - [26/May/2017:23:50:46 +0200] "GET /backup/preview_Jan9/admin/elfinder/elfinder.html HTTP/1.1" 404 1256 "-" "-"
175.42.42.87 - - [26/May/2017:23:50:47 +0200] "GET /backup/preview_problem/admin/elfinder/elfinder.html HTTP/1.1" 404 1256 "-" "-"
175.42.42.87 - - [26/May/2017:23:50:47 +0200] "GET /lightupfashion/includes/elfinder/elfinder.html HTTP/1.1" 404 1256 "-" "-"
175.42.42.87 - - [26/May/2017:23:50:48 +0200] "GET /vendor/barryvdh/elfinder-builds/elfinder.html HTTP/1.1" 404 1256 "-" "-"
175.42.42.87 - - [26/May/2017:23:50:48 +0200] "GET /allinone/administrator/components/com_jvframework/libraries/elfinder-2.0-rc1/elfinder.html HTTP/1.1" 404 1256 "-" "-"
162.210.196.130 - - [27/May/2017:05:04:24 +0200] "GET /robots.txt HTTP/1.1" 200 298 "-" "Mozilla/5.0 (compatible; MJ12bot/v1.4.8; http://mj12bot.com/)"
162.210.196.130 - - [27/May/2017:05:04:26 +0200] "GET / HTTP/1.1" 200 15853 "-" "Mozilla/5.0 (compatible; MJ12bot/v1.4.8; http://mj12bot.com/)"
66.249.64.216 - - [27/May/2017:05:45:15 +0200] "GET /robots.txt HTTP/1.1" 200 298 "-" "Mozilla/5.0 (compatible; Googlebot/2.1; +http://www.google.com/bot.html)"
66.249.76.38 - - [27/May/2017:05:45:15 +0200] "GET / HTTP/1.1" 200 15853 "-" "Mozilla/5.0 (compatible; Googlebot/2.1; +http://www.google.com/bot.html)"
66.249.76.38 - - [27/May/2017:05:49:48 +0200] "GET /privat/privat.html HTTP/1.1" 401 1226 "-" "Mozilla/5.0 (compatible; Googlebot/2.1; +http://www.google.com/bot.html)"
66.249.64.216 - - [27/May/2017:05:52:51 +0200] "GET /friends/friends.html HTTP/1.1" 401 1226 "-" "Mozilla/5.0 (compatible; Googlebot/2.1; +http://www.google.com/bot.html)"
46.229.168.67 - - [27/May/2017:06:01:45 +0200] "GET /env/roland/sc880.html HTTP/1.1" 200 17092 "-" "Mozilla/5.0 (compatible; SemrushBot/1.2~bl; +http://www.semrush.com/bot.html)"
46.229.168.70 - - [27/May/2017:06:02:04 +0200] "GET /env/env.html HTTP/1.1" 200 12438 "-" "Mozilla/5.0 (compatible; SemrushBot/1.2~bl; +http://www.semrush.com/bot.html)"
46.229.168.65 - - [27/May/2017:06:02:13 +0200] "GET /env/jomox/download/airbase99.LSO HTTP/1.1" 200 387896 "-" "Mozilla/5.0 (compatible; SemrushBot/1.2~bl; +http://www.semrush.com/bot.html)"
46.229.168.71 - - [27/May/2017:06:02:27 +0200] "GET /friends/friends.html HTTP/1.1" 401 1226 "-" "Mozilla/5.0 (compatible; SemrushBot/1.2~bl; +http://www.semrush.com/bot.html)"
46.229.168.69 - - [27/May/2017:06:02:48 +0200] "GET /privat/privat.html HTTP/1.1" 401 1226 "-" "Mozilla/5.0 (compatible; SemrushBot/1.2~bl; +http://www.semrush.com/bot.html)"
46.229.168.66 - - [27/May/2017:06:02:56 +0200] "GET /env/roland/pics/pic_sc880.html HTTP/1.1" 200 755 "-" "Mozilla/5.0 (compatible; SemrushBot/1.2~bl; +http://www.semrush.com/bot.html)"
46.229.168.72 - - [27/May/2017:06:03:15 +0200] "GET /impressum/impressum.html HTTP/1.1" 200 7872 "-" "Mozilla/5.0 (compatible; SemrushBot/1.2~bl; +http://www.semrush.com/bot.html)"
180.76.15.30 - - [27/May/2017:07:13:14 +0200] "GET /impressum/impressum.html HTTP/1.1" 200 7872 "-" "Mozilla/5.0 (compatible; Baiduspider/2.0; +http://www.baidu.com/search/spider.html)"
195.154.191.62 - - [27/May/2017:11:28:11 +0200] "GET /fckeditor/editor/ HTTP/1.1" 404 1256 "-" "compatible;Baiduspider/2.0; +http://www.baidu.com/search/spider.html"
207.46.13.70 - - [27/May/2017:11:34:46 +0200] "GET /env/jomox/jomox.html HTTP/1.1" 200 14935 "-" "Mozilla/5.0 (compatible; bingbot/2.0; +http://www.bing.com/bingbot.htm)"
195.154.191.62 - - [27/May/2017:14:51:05 +0200] "GET /js/fckeditor/editor/ HTTP/1.1" 404 1256 "-" "compatible;Baiduspider/2.0; +http://www.baidu.com/search/spider.html"
195.154.191.62 - - [27/May/2017:18:27:53 +0200] "GET /admin/fckeditor/editor/ HTTP/1.1" 404 1256 "-" "compatible;Baiduspider/2.0; +http://www.baidu.com/search/spider.html"
195.154.191.62 - - [27/May/2017:21:53:44 +0200] "GET /manage/fckeditor/editor/ HTTP/1.1" 404 1256 "-" "compatible;Baiduspider/2.0; +http://www.baidu.com/search/spider.html"
195.154.191.62 - - [28/May/2017:01:14:48 +0200] "GET /sysadmin/fckeditor/editor/ HTTP/1.1" 404 1256 "-" "compatible;Baiduspider/2.0; +http://www.baidu.com/search/spider.html"
195.154.191.62 - - [28/May/2017:04:44:09 +0200] "GET /editor/editor/ HTTP/1.1" 404 1256 "-" "compatible;Baiduspider/2.0; +http://www.baidu.com/search/spider.html"
180.76.15.24 - - [28/May/2017:04:45:31 +0200] "GET / HTTP/1.1" 200 15853 "-" "Mozilla/5.0 (compatible; Baiduspider/2.0; +http://www.baidu.com/search/spider.html)"
144.76.243.98 - - [28/May/2017:07:46:35 +0200] "GET /administrator/index.php HTTP/1.1" 404 1256 "-" "Mozilla/5.0 (Windows NT 6.1; WOW64) AppleWebKit/537.36 (KHTML, like Gecko) Chrome/36.0.1985.125 Safari/537.36"
144.76.243.98 - - [28/May/2017:07:46:49 +0200] "GET /admin.php HTTP/1.1" 404 1256 "-" "Mozilla/5.0 (Windows NT 6.1; WOW64) AppleWebKit/537.36 (KHTML, like Gecko) Chrome/36.0.1985.125 Safari/537.36"
195.154.191.62 - - [28/May/2017:07:55:36 +0200] "GET /common/fckeditor/editor/ HTTP/1.1" 404 1256 "-" "compatible;Baiduspider/2.0; +http://www.baidu.com/search/spider.html"
195.154.191.62 - - [28/May/2017:11:14:48 +0200] "GET /scripts/fckeditor/editor/ HTTP/1.1" 404 1256 "-" "compatible;Baiduspider/2.0; +http://www.baidu.com/search/spider.html"
180.76.15.30 - - [28/May/2017:13:05:04 +0200] "GET /env/env.html HTTP/1.1" 200 12438 "-" "Mozilla/5.0 (compatible; Baiduspider/2.0; +http://www.baidu.com/search/spider.html)"
195.154.191.62 - - [28/May/2017:14:39:49 +0200] "GET /includes/fckeditor/editor/ HTTP/1.1" 404 1256 "-" "compatible;Baiduspider/2.0; +http://www.baidu.com/search/spider.html"
85.25.202.18 - - [28/May/2017:15:49:50 +0200] "GET / HTTP/1.1" 200 15853 "http://www.sumaja.de/?such_wert=roland" "Mozilla/5.0 (Macintosh; U; Intel Mac OS X 10.6; de-DE; rv:1.9.2.8) Gecko/20100722 Firefox/3.6.8"
195.154.191.62 - - [28/May/2017:17:58:10 +0200] "GET /include/fckeditor/editor/ HTTP/1.1" 404 1256 "-" "compatible;Baiduspider/2.0; +http://www.baidu.com/search/spider.html"
31.18.231.84 - - [28/May/2017:21:01:35 +0200] "GET /env/env.html HTTP/1.1" 200 12438 "-" "Mozilla/5.0 (iPhone; CPU iPhone OS 10_3_2 like Mac OS X) AppleWebKit/603.2.4 (KHTML, like Gecko) Version/10.0 Mobile/14F89 Safari/602.1"
31.18.231.84 - - [28/May/2017:21:01:35 +0200] "GET /apple-touch-icon-120x120-precomposed.png HTTP/1.1" 404 1256 "-" "MobileSafari/602.1 CFNetwork/811.5.4 Darwin/16.6.0"
31.18.231.84 - - [28/May/2017:21:01:35 +0200] "GET /apple-touch-icon-120x120.png HTTP/1.1" 404 1256 "-" "MobileSafari/602.1 CFNetwork/811.5.4 Darwin/16.6.0"
31.18.231.84 - - [28/May/2017:21:01:35 +0200] "GET /apple-touch-icon-precomposed.png HTTP/1.1" 404 1256 "-" "MobileSafari/602.1 CFNetwork/811.5.4 Darwin/16.6.0"
31.18.231.84 - - [28/May/2017:21:01:35 +0200] "GET /apple-touch-icon.png HTTP/1.1" 404 1256 "-" "MobileSafari/602.1 CFNetwork/811.5.4 Darwin/16.6.0"
31.18.231.84 - - [28/May/2017:21:01:35 +0200] "GET /favicon.ico HTTP/1.1" 404 1256 "-" "MobileSafari/602.1 CFNetwork/811.5.4 Darwin/16.6.0"
195.154.191.62 - - [28/May/2017:21:13:10 +0200] "GET /system/fckeditor/editor/ HTTP/1.1" 404 1256 "-" "compatible;Baiduspider/2.0; +http://www.baidu.com/search/spider.html"
180.76.15.14 - - [28/May/2017:21:13:23 +0200] "GET / HTTP/1.1" 200 15853 "-" "Mozilla/5.0 (compatible; Baiduspider/2.0; +http://www.baidu.com/search/spider.html)"
212.86.219.134 - - [28/May/2017:22:10:22 +0200] "GET /robots.txt HTTP/1.1" 200 298 "-" "Mozilla/5.0 (Macintosh; U; Intel Mac OS X 10_5_6; en-us) AppleWebKit/528.16 (KHTML, like Gecko) Version/4.0 Safari/528.16"
195.154.191.62 - - [29/May/2017:00:33:09 +0200] "GET /inc/fckeditor/editor/ HTTP/1.1" 404 1256 "-" "compatible;Baiduspider/2.0; +http://www.baidu.com/search/spider.html"
188.165.196.25 - - [29/May/2017:01:24:19 +0200] "GET /robots.txt HTTP/1.0" 200 298 "-" ""
188.165.196.25 - - [29/May/2017:01:24:19 +0200] "GET / HTTP/1.1" 206 15853 "-" "Mozilla/5.0 (X11; Linux i686) AppleWebKit/534.30 (KHTML, like Gecko) Ubuntu/11.04 Chromium/12.0.742.112 Chrome/12.0.742.112 Safari/534.30"
188.165.196.25 - - [29/May/2017:01:24:21 +0200] "GET /index.html HTTP/1.1" 206 15853 "-" "Mozilla/5.0 (X11; Linux i686) AppleWebKit/534.30 (KHTML, like Gecko) Ubuntu/11.04 Chromium/12.0.742.112 Chrome/12.0.742.112 Safari/534.30"
188.165.196.25 - - [29/May/2017:01:24:23 +0200] "GET /env/env.html HTTP/1.1" 206 12438 "-" "Mozilla/5.0 (X11; Linux i686) AppleWebKit/534.30 (KHTML, like Gecko) Ubuntu/11.04 Chromium/12.0.742.112 Chrome/12.0.742.112 Safari/534.30"
188.165.196.25 - - [29/May/2017:01:24:25 +0200] "GET /friends/friends.html HTTP/1.1" 401 1226 "-" "Mozilla/5.0 (X11; Linux i686) AppleWebKit/534.30 (KHTML, like Gecko) Ubuntu/11.04 Chromium/12.0.742.112 Chrome/12.0.742.112 Safari/534.30"
188.165.196.25 - - [29/May/2017:01:24:25 +0200] "GET /phpBB2/index.php HTTP/1.1" 401 1226 "-" "Mozilla/5.0 (X11; Linux i686) AppleWebKit/534.30 (KHTML, like Gecko) Ubuntu/11.04 Chromium/12.0.742.112 Chrome/12.0.742.112 Safari/534.30"
188.165.196.25 - - [29/May/2017:01:24:25 +0200] "GET /privat/privat.html HTTP/1.1" 401 1226 "-" "Mozilla/5.0 (X11; Linux i686) AppleWebKit/534.30 (KHTML, like Gecko) Ubuntu/11.04 Chromium/12.0.742.112 Chrome/12.0.742.112 Safari/534.30"
188.165.196.25 - - [29/May/2017:01:24:25 +0200] "GET /impressum/impressum.html HTTP/1.1" 206 7872 "-" "Mozilla/5.0 (X11; Linux i686) AppleWebKit/534.30 (KHTML, like Gecko) Ubuntu/11.04 Chromium/12.0.742.112 Chrome/12.0.742.112 Safari/534.30"
188.165.196.25 - - [29/May/2017:01:24:27 +0200] "GET /env/jomox/jomox.html HTTP/1.1" 206 14935 "-" "Mozilla/5.0 (X11; Linux i686) AppleWebKit/534.30 (KHTML, like Gecko) Ubuntu/11.04 Chromium/12.0.742.112 Chrome/12.0.742.112 Safari/534.30"
188.165.196.25 - - [29/May/2017:01:24:29 +0200] "GET /env/roland/sc880.html HTTP/1.1" 206 17092 "-" "Mozilla/5.0 (X11; Linux i686) AppleWebKit/534.30 (KHTML, like Gecko) Ubuntu/11.04 Chromium/12.0.742.112 Chrome/12.0.742.112 Safari/534.30"
188.165.196.25 - - [29/May/2017:01:24:31 +0200] "GET /links/links.html HTTP/1.1" 206 278 "-" "Mozilla/5.0 (X11; Linux i686) AppleWebKit/534.30 (KHTML, like Gecko) Ubuntu/11.04 Chromium/12.0.742.112 Chrome/12.0.742.112 Safari/534.30"
188.165.196.25 - - [29/May/2017:01:24:33 +0200] "GET /env/jomox/download/airbase99.LSO HTTP/1.1" 206 262145 "-" "Mozilla/5.0 (X11; Linux i686) AppleWebKit/534.30 (KHTML, like Gecko) Ubuntu/11.04 Chromium/12.0.742.112 Chrome/12.0.742.112 Safari/534.30"
188.165.196.25 - - [29/May/2017:01:24:36 +0200] "GET /env/jomox/pics/pic_airbase99.html HTTP/1.1" 206 759 "-" "Mozilla/5.0 (X11; Linux i686) AppleWebKit/534.30 (KHTML, like Gecko) Ubuntu/11.04 Chromium/12.0.742.112 Chrome/12.0.742.112 Safari/534.30"
