148.251.8.250 - - [01/May/2020:05:33:25 +0200] "GET /robots.txt HTTP/1.1" 404 1256 "-" "Mozilla/5.0 (compatible; MJ12bot/v1.4.8; http://mj12bot.com/)"
148.251.8.250 - - [01/May/2020:05:33:27 +0200] "GET /frameset/bottom.htm HTTP/1.1" 200 244 "-" "Mozilla/5.0 (compatible; MJ12bot/v1.4.8; http://mj12bot.com/)"
88.198.25.244 - - [01/May/2020:05:58:48 +0200] "GET / HTTP/1.1" 200 876 "-" "Mozilla/5.0 (compatible; MegaIndex.ru/2.0; +http://megaindex.com/crawler)"
77.88.9.133 - - [01/May/2020:09:39:15 +0200] "GET /robots.txt HTTP/1.1" 404 1256 "-" "Mozilla/5.0 (compatible; YandexBot/3.0; +http://yandex.com/bots)"
77.88.9.133 - - [01/May/2020:09:39:19 +0200] "GET / HTTP/1.1" 200 876 "-" "Mozilla/5.0 (compatible; YandexBot/3.0; +http://yandex.com/bots)"
66.249.75.185 - - [01/May/2020:11:49:49 +0200] "GET /robots.txt HTTP/1.1" 404 1256 "-" "Mozilla/5.0 (compatible; Googlebot/2.1; +http://www.google.com/bot.html)"
66.249.75.183 - - [01/May/2020:11:49:49 +0200] "GET / HTTP/1.1" 200 876 "-" "Mozilla/5.0 (Linux; Android 6.0.1; Nexus 5X Build/MMB29P) AppleWebKit/537.36 (KHTML, like Gecko) Chrome/41.0.2272.96 Mobile Safari/537.36 (compatible; Googlebot/2.1; +http://www.google.com/bot.html)"
66.249.75.185 - - [01/May/2020:11:49:52 +0200] "GET /frameset/left.htm HTTP/1.1" 200 244 "http://www.die-sehnsucht.com/" "Mozilla/5.0 (Linux; Android 6.0.1; Nexus 5X Build/MMB29P) AppleWebKit/537.36 (KHTML, like Gecko) Chrome/80.0.3987.92 Mobile Safari/537.36 (compatible; Googlebot/2.1; +http://www.google.com/bot.html)"
66.249.75.183 - - [01/May/2020:11:49:53 +0200] "GET /frameset/top.htm HTTP/1.1" 200 244 "http://www.die-sehnsucht.com/" "Mozilla/5.0 (Linux; Android 6.0.1; Nexus 5X Build/MMB29P) AppleWebKit/537.36 (KHTML, like Gecko) Chrome/80.0.3987.92 Mobile Safari/537.36 (compatible; Googlebot/2.1; +http://www.google.com/bot.html)"
66.249.75.181 - - [01/May/2020:11:49:53 +0200] "GET /neue_seite_1.htm HTTP/1.1" 200 405 "http://www.die-sehnsucht.com/" "Mozilla/5.0 (Linux; Android 6.0.1; Nexus 5X Build/MMB29P) AppleWebKit/537.36 (KHTML, like Gecko) Chrome/80.0.3987.92 Mobile Safari/537.36 (compatible; Googlebot/2.1; +http://www.google.com/bot.html)"
66.249.75.183 - - [01/May/2020:11:49:54 +0200] "GET /frameset/right.htm HTTP/1.1" 200 244 "http://www.die-sehnsucht.com/" "Mozilla/5.0 (Linux; Android 6.0.1; Nexus 5X Build/MMB29P) AppleWebKit/537.36 (KHTML, like Gecko) Chrome/80.0.3987.92 Mobile Safari/537.36 (compatible; Googlebot/2.1; +http://www.google.com/bot.html)"
66.249.75.181 - - [01/May/2020:11:49:54 +0200] "GET /frameset/bottom.htm HTTP/1.1" 200 244 "http://www.die-sehnsucht.com/" "Mozilla/5.0 (Linux; Android 6.0.1; Nexus 5X Build/MMB29P) AppleWebKit/537.36 (KHTML, like Gecko) Chrome/80.0.3987.92 Mobile Safari/537.36 (compatible; Googlebot/2.1; +http://www.google.com/bot.html)"
114.119.163.78 - - [01/May/2020:18:32:14 +0200] "GET /robots.txt HTTP/1.1" 404 1256 "-" "Mozilla/5.0 (Linux; Android 7.0;) AppleWebKit/537.36 (KHTML, like Gecko) Mobile Safari/537.36 (compatible; AspiegelBot)"
47.244.133.17 - - [02/May/2020:04:40:21 +0200] "GET / HTTP/1.1" 200 876 "-" "Mozilla/5.0 (Windows NT 6.1; Win64; x64) AppleWebKit/537.36 (KHTML, like Gecko) Chrome/79.0.3945.88 Safari/537.36"
144.76.3.79 - - [02/May/2020:05:37:44 +0200] "GET /robots.txt HTTP/1.1" 404 1256 "-" "Mozilla/5.0 (compatible; MJ12bot/v1.4.8; http://mj12bot.com/)"
144.76.3.79 - - [02/May/2020:05:37:47 +0200] "GET /frameset/left.htm HTTP/1.1" 200 244 "-" "Mozilla/5.0 (compatible; MJ12bot/v1.4.8; http://mj12bot.com/)"
209.17.97.74 - - [04/May/2020:01:58:26 +0200] "GET / HTTP/1.1" 200 876 "-" "Mozilla/5.0 (compatible; Nimbostratus-Bot/v1.3.2; http://cloudsystemnetworks.com)"
114.119.165.183 - - [04/May/2020:20:21:24 +0200] "GET /robots.txt HTTP/1.1" 404 1256 "-" "Mozilla/5.0 (Linux; Android 7.0;) AppleWebKit/537.36 (KHTML, like Gecko) Mobile Safari/537.36 (compatible; AspiegelBot)"
157.55.39.17 - - [05/May/2020:04:21:20 +0200] "GET /robots.txt HTTP/1.1" 404 1256 "-" "Mozilla/5.0 (compatible; bingbot/2.0; +http://www.bing.com/bingbot.htm)"
207.46.13.159 - - [05/May/2020:04:21:39 +0200] "GET / HTTP/1.1" 304 - "-" "Mozilla/5.0 (compatible; bingbot/2.0; +http://www.bing.com/bingbot.htm)"
148.251.50.77 - - [05/May/2020:09:09:07 +0200] "GET / HTTP/1.1" 200 876 "-" "Mozilla/5.0 (Windows NT 10.0) AppleWebKit/537.36 (KHTML, like Gecko) Chrome/63.0.3239.132 Safari/537.36"
88.198.43.207 - - [05/May/2020:09:09:09 +0200] "GET / HTTP/1.1" 200 876 "-" "Mozilla/5.0 (compatible; MSIE 10.0; Windows NT 6.1; WOW64; Trident/6.0)"
209.17.97.18 - - [05/May/2020:10:23:29 +0200] "GET / HTTP/1.1" 200 876 "-" "Mozilla/5.0 (compatible; Nimbostratus-Bot/v1.3.2; http://cloudsystemnetworks.com)"
192.99.5.228 - - [05/May/2020:11:52:54 +0200] "GET /robots.txt HTTP/1.1" 404 1256 "-" "Mozilla/5.0 (compatible; MJ12bot/v1.4.8; http://mj12bot.com/)"
192.99.5.228 - - [05/May/2020:11:53:44 +0200] "GET /frameset/left.htm HTTP/1.1" 200 244 "-" "Mozilla/5.0 (compatible; MJ12bot/v1.4.8; http://mj12bot.com/)"
66.249.79.117 - - [05/May/2020:14:56:05 +0200] "GET /robots.txt HTTP/1.1" 404 1256 "-" "Mozilla/5.0 (compatible; Googlebot/2.1; +http://www.google.com/bot.html)"
66.249.79.119 - - [05/May/2020:14:56:05 +0200] "GET / HTTP/1.1" 200 876 "-" "Mozilla/5.0 (Linux; Android 6.0.1; Nexus 5X Build/MMB29P) AppleWebKit/537.36 (KHTML, like Gecko) Chrome/41.0.2272.96 Mobile Safari/537.36 (compatible; Googlebot/2.1; +http://www.google.com/bot.html)"
68.183.149.120 - - [05/May/2020:18:27:46 +0200] "GET / HTTP/1.0" 200 876 "-" "Mozilla/5.0 (compatible; NetcraftSurveyAgent/1.0; +info@netcraft.com)"
68.183.149.120 - - [05/May/2020:18:27:50 +0200] "GET /frameset/left.htm HTTP/1.0" 200 244 "-" "Mozilla/5.0 (compatible; NetcraftSurveyAgent/1.0; +info@netcraft.com)"
68.183.149.120 - - [05/May/2020:18:27:52 +0200] "GET /frameset/top.htm HTTP/1.0" 200 244 "-" "Mozilla/5.0 (compatible; NetcraftSurveyAgent/1.0; +info@netcraft.com)"
68.183.149.120 - - [05/May/2020:18:27:56 +0200] "GET /neue_seite_1.htm HTTP/1.0" 200 405 "-" "Mozilla/5.0 (compatible; NetcraftSurveyAgent/1.0; +info@netcraft.com)"
68.183.149.120 - - [05/May/2020:18:27:59 +0200] "GET /frameset/bottom.htm HTTP/1.0" 200 244 "-" "Mozilla/5.0 (compatible; NetcraftSurveyAgent/1.0; +info@netcraft.com)"
68.183.149.120 - - [05/May/2020:18:28:02 +0200] "GET /frameset/right.htm HTTP/1.0" 200 244 "-" "Mozilla/5.0 (compatible; NetcraftSurveyAgent/1.0; +info@netcraft.com)"
66.249.64.85 - - [06/May/2020:03:00:55 +0200] "GET / HTTP/1.1" 200 876 "-" "Mozilla/5.0 (Linux; Android 6.0.1; Nexus 5X Build/MMB29P) AppleWebKit/537.36 (KHTML, like Gecko) Chrome/41.0.2272.96 Mobile Safari/537.36 (compatible; Googlebot/2.1; +http://www.google.com/bot.html)"
66.249.64.87 - - [06/May/2020:03:00:55 +0200] "GET /robots.txt HTTP/1.1" 404 1256 "-" "Mozilla/5.0 (compatible; Googlebot/2.1; +http://www.google.com/bot.html)"
66.249.64.87 - - [06/May/2020:03:00:59 +0200] "GET /neue_seite_1.htm HTTP/1.1" 200 405 "http://www.die-sehnsucht.com/" "Mozilla/5.0 (Linux; Android 6.0.1; Nexus 5X Build/MMB29P) AppleWebKit/537.36 (KHTML, like Gecko) Chrome/80.0.3987.92 Mobile Safari/537.36 (compatible; Googlebot/2.1; +http://www.google.com/bot.html)"
66.249.64.85 - - [06/May/2020:03:01:00 +0200] "GET /frameset/left.htm HTTP/1.1" 200 244 "http://www.die-sehnsucht.com/" "Mozilla/5.0 (Linux; Android 6.0.1; Nexus 5X Build/MMB29P) AppleWebKit/537.36 (KHTML, like Gecko) Chrome/80.0.3987.92 Mobile Safari/537.36 (compatible; Googlebot/2.1; +http://www.google.com/bot.html)"
66.249.64.87 - - [06/May/2020:03:01:00 +0200] "GET /frameset/right.htm HTTP/1.1" 200 244 "http://www.die-sehnsucht.com/" "Mozilla/5.0 (Linux; Android 6.0.1; Nexus 5X Build/MMB29P) AppleWebKit/537.36 (KHTML, like Gecko) Chrome/80.0.3987.92 Mobile Safari/537.36 (compatible; Googlebot/2.1; +http://www.google.com/bot.html)"
66.249.64.85 - - [06/May/2020:03:01:01 +0200] "GET /frameset/bottom.htm HTTP/1.1" 200 244 "http://www.die-sehnsucht.com/" "Mozilla/5.0 (Linux; Android 6.0.1; Nexus 5X Build/MMB29P) AppleWebKit/537.36 (KHTML, like Gecko) Chrome/80.0.3987.92 Mobile Safari/537.36 (compatible; Googlebot/2.1; +http://www.google.com/bot.html)"
66.249.64.85 - - [06/May/2020:03:01:01 +0200] "GET /frameset/top.htm HTTP/1.1" 200 244 "http://www.die-sehnsucht.com/" "Mozilla/5.0 (Linux; Android 6.0.1; Nexus 5X Build/MMB29P) AppleWebKit/537.36 (KHTML, like Gecko) Chrome/80.0.3987.92 Mobile Safari/537.36 (compatible; Googlebot/2.1; +http://www.google.com/bot.html)"
66.249.64.85 - - [06/May/2020:12:15:02 +0200] "GET / HTTP/1.1" 200 876 "-" "Mozilla/5.0 (Linux; Android 6.0.1; Nexus 5X Build/MMB29P) AppleWebKit/537.36 (KHTML, like Gecko) Chrome/41.0.2272.96 Mobile Safari/537.36 (compatible; Googlebot/2.1; +http://www.google.com/bot.html)"
188.72.84.196 - - [06/May/2020:15:14:11 +0200] "HEAD /phpMyAdmin/index.php HTTP/1.1" 404 - "-" "Mozilla/5.0 (Windows NT 10.0; WOW64; rv:42.0) Gecko/20100101 Firefox/42.0"
66.249.64.89 - - [06/May/2020:21:28:14 +0200] "GET /robots.txt HTTP/1.1" 404 1256 "-" "Mozilla/5.0 (compatible; Googlebot/2.1; +http://www.google.com/bot.html)"
66.249.64.89 - - [06/May/2020:21:28:14 +0200] "GET / HTTP/1.1" 200 876 "-" "Mozilla/5.0 (Linux; Android 6.0.1; Nexus 5X Build/MMB29P) AppleWebKit/537.36 (KHTML, like Gecko) Chrome/41.0.2272.96 Mobile Safari/537.36 (compatible; Googlebot/2.1; +http://www.google.com/bot.html)"
144.217.66.151 - - [07/May/2020:00:53:14 +0200] "GET / HTTP/1.1" 200 876 "-" "Mozilla/5.0 (compatible; Dataprovider.com)"
144.217.66.151 - - [07/May/2020:00:53:16 +0200] "GET /robots.txt HTTP/1.1" 404 1256 "-" "Mozilla/5.0 (compatible; Dataprovider.com)"
144.217.66.151 - - [07/May/2020:00:53:16 +0200] "GET /sitemap.xml HTTP/1.1" 404 1256 "-" "Mozilla/5.0 (compatible; Dataprovider.com)"
144.217.66.151 - - [07/May/2020:00:53:16 +0200] "GET / HTTP/1.1" 200 876 "-" "Mozilla/5.0 (compatible; Dataprovider.com)"
144.217.66.151 - - [07/May/2020:00:53:17 +0200] "GET /ads.txt HTTP/1.1" 404 1256 "-" "Mozilla/5.0 (compatible; Dataprovider.com)"
144.217.66.151 - - [07/May/2020:00:53:18 +0200] "GET / HTTP/1.1" 200 876 "-" "Mozilla/5.0 (Linux; Android 5.1.1; SM-G925F Build/LMY47X) AppleWebKit/537.36 (KHTML, like Gecko) Chrome/45.0.2454.94 Mobile Safari/537.36"
95.217.104.173 - - [07/May/2020:01:19:45 +0200] "GET / HTTP/1.1" 200 876 "-" "Mozilla/5.0 (Windows NT 10.0; Win64; x64) AppleWebKit/537.36 (KHTML, like iGecko) Chrome/56.0.2925.37 Safari/537.36"
66.249.75.67 - - [07/May/2020:07:01:44 +0200] "GET / HTTP/1.1" 200 876 "-" "Mozilla/5.0 (Linux; Android 6.0.1; Nexus 5X Build/MMB29P) AppleWebKit/537.36 (KHTML, like Gecko) Chrome/41.0.2272.96 Mobile Safari/537.36 (compatible; Googlebot/2.1; +http://www.google.com/bot.html)"
51.77.246.204 - - [07/May/2020:13:10:53 +0200] "GET / HTTP/1.1" 200 876 "-" "Mozilla/5.0 (compatible; Dataprovider.com)"
51.77.246.204 - - [07/May/2020:13:10:53 +0200] "GET /frameset/left.htm HTTP/1.1" 200 244 "http://www.die-sehnsucht.com/" "Mozilla/5.0 (compatible; Dataprovider.com)"
51.77.246.204 - - [07/May/2020:13:10:53 +0200] "GET /frameset/top.htm HTTP/1.1" 200 244 "http://www.die-sehnsucht.com/" "Mozilla/5.0 (compatible; Dataprovider.com)"
51.77.246.204 - - [07/May/2020:13:10:53 +0200] "GET /frameset/bottom.htm HTTP/1.1" 200 244 "http://www.die-sehnsucht.com/" "Mozilla/5.0 (compatible; Dataprovider.com)"
51.77.246.204 - - [07/May/2020:13:10:53 +0200] "GET /neue_seite_1.htm HTTP/1.1" 200 405 "http://www.die-sehnsucht.com/" "Mozilla/5.0 (compatible; Dataprovider.com)"
51.77.246.204 - - [07/May/2020:13:10:53 +0200] "GET /frameset/right.htm HTTP/1.1" 200 244 "http://www.die-sehnsucht.com/" "Mozilla/5.0 (compatible; Dataprovider.com)"
66.249.75.183 - - [07/May/2020:16:06:02 +0200] "GET /robots.txt HTTP/1.1" 404 1256 "-" "Mozilla/5.0 (compatible; Googlebot/2.1; +http://www.google.com/bot.html)"
66.249.75.183 - - [07/May/2020:16:06:03 +0200] "GET / HTTP/1.1" 200 876 "-" "Mozilla/5.0 (Linux; Android 6.0.1; Nexus 5X Build/MMB29P) AppleWebKit/537.36 (KHTML, like Gecko) Chrome/41.0.2272.96 Mobile Safari/537.36 (compatible; Googlebot/2.1; +http://www.google.com/bot.html)"
114.119.160.239 - - [07/May/2020:22:54:03 +0200] "GET /robots.txt HTTP/1.1" 404 1256 "-" "Mozilla/5.0 (Linux; Android 7.0;) AppleWebKit/537.36 (KHTML, like Gecko) Mobile Safari/537.36 (compatible; AspiegelBot)"
216.244.66.241 - - [07/May/2020:22:57:20 +0200] "GET /robots.txt HTTP/1.1" 404 1256 "-" "Mozilla/5.0 (compatible; DotBot/1.1; http://www.opensiteexplorer.org/dotbot, help@moz.com)"
216.244.66.241 - - [07/May/2020:23:01:56 +0200] "GET / HTTP/1.1" 200 876 "-" "Mozilla/5.0 (compatible; DotBot/1.1; http://www.opensiteexplorer.org/dotbot, help@moz.com)"
66.249.73.248 - - [08/May/2020:04:04:35 +0200] "GET / HTTP/1.1" 200 876 "-" "Mozilla/5.0 (Linux; Android 6.0.1; Nexus 5X Build/MMB29P) AppleWebKit/537.36 (KHTML, like Gecko) Chrome/41.0.2272.96 Mobile Safari/537.36 (compatible; Googlebot/2.1; +http://www.google.com/bot.html)"
192.99.5.228 - - [08/May/2020:05:04:10 +0200] "GET /robots.txt HTTP/1.1" 404 1256 "-" "Mozilla/5.0 (compatible; MJ12bot/v1.4.8; http://mj12bot.com/)"
192.99.5.228 - - [08/May/2020:05:04:36 +0200] "GET / HTTP/1.1" 200 876 "-" "Mozilla/5.0 (compatible; MJ12bot/v1.4.8; http://mj12bot.com/)"
209.17.96.18 - - [08/May/2020:14:00:59 +0200] "GET / HTTP/1.1" 200 876 "-" "Mozilla/5.0 (compatible; Nimbostratus-Bot/v1.3.2; http://cloudsystemnetworks.com)"
78.12.242.185 - - [09/May/2020:10:13:33 +0200] "GET /wp-login.php HTTP/1.1" 404 1256 "-" "Mozilla/5.0 (Windows NT 6.1; WOW64; rv:40.0) Gecko/20100101 Firefox/40.1"
78.12.242.185 - - [09/May/2020:10:13:33 +0200] "GET / HTTP/1.1" 200 876 "-" "Mozilla/5.0 (Windows NT 6.1; WOW64; rv:40.0) Gecko/20100101 Firefox/40.1"
95.216.149.140 - - [09/May/2020:19:59:01 +0200] "GET / HTTP/1.1" 200 876 "-" "Mozilla/5.0 (Macintosh; Intel Mac OS X 10_9_2)"
72.76.221.125 - - [10/May/2020:04:54:36 +0200] "GET /robots.txt HTTP/1.1" 404 1256 "-" "panscient.com"
72.76.221.125 - - [10/May/2020:04:54:37 +0200] "GET / HTTP/1.1" 200 876 "-" "Mozilla/5.0 (compatible; Panscient/1.0; +http://panscient.com/faq.htm)"
72.76.221.125 - - [10/May/2020:04:54:38 +0200] "GET /frameset/right.htm HTTP/1.1" 200 244 "-" "Mozilla/5.0 (compatible; Panscient/1.0; +http://panscient.com/faq.htm)"
72.76.221.125 - - [10/May/2020:04:54:39 +0200] "GET /neue_seite_1.htm HTTP/1.1" 200 405 "-" "Mozilla/5.0 (compatible; Panscient/1.0; +http://panscient.com/faq.htm)"
72.76.221.125 - - [10/May/2020:04:54:40 +0200] "GET /frameset/top.htm HTTP/1.1" 200 244 "-" "Mozilla/5.0 (compatible; Panscient/1.0; +http://panscient.com/faq.htm)"
72.76.221.125 - - [10/May/2020:04:54:41 +0200] "GET /frameset/left.htm HTTP/1.1" 200 244 "-" "Mozilla/5.0 (compatible; Panscient/1.0; +http://panscient.com/faq.htm)"
72.76.221.125 - - [10/May/2020:04:54:43 +0200] "GET /frameset/bottom.htm HTTP/1.1" 200 244 "-" "Mozilla/5.0 (compatible; Panscient/1.0; +http://panscient.com/faq.htm)"
72.76.221.125 - - [10/May/2020:04:54:44 +0200] "GET /frameset/top.htm HTTP/1.1" 200 244 "-" "Mozilla/5.0 (compatible; Panscient/1.0; +http://panscient.com/faq.htm)"
72.76.221.125 - - [10/May/2020:04:54:45 +0200] "GET /robots.txt HTTP/1.1" 404 1256 "-" "panscient.com"
72.76.221.125 - - [10/May/2020:04:54:46 +0200] "GET /frameset/right.htm HTTP/1.1" 200 244 "-" "Mozilla/5.0 (compatible; Panscient/1.0; +http://panscient.com/faq.htm)"
72.76.221.125 - - [10/May/2020:04:54:47 +0200] "GET /neue_seite_1.htm HTTP/1.1" 200 405 "-" "Mozilla/5.0 (compatible; Panscient/1.0; +http://panscient.com/faq.htm)"
72.76.221.125 - - [10/May/2020:04:54:48 +0200] "GET /frameset/left.htm HTTP/1.1" 200 244 "-" "Mozilla/5.0 (compatible; Panscient/1.0; +http://panscient.com/faq.htm)"
72.76.221.125 - - [10/May/2020:04:54:49 +0200] "GET /frameset/bottom.htm HTTP/1.1" 200 244 "-" "Mozilla/5.0 (compatible; Panscient/1.0; +http://panscient.com/faq.htm)"
88.198.43.207 - - [10/May/2020:19:58:21 +0200] "GET / HTTP/1.1" 200 876 "-" "Mozilla/5.0 (Windows NT 6.1; WOW64) AppleWebKit/537.36 (KHTML, like Gecko) Chrome/63.0.3239.132 Safari/537.36"
88.198.43.207 - - [10/May/2020:19:58:21 +0200] "GET /images/sehnsucht%252520start-mit%252520schrift.gif HTTP/1.1" 404 1256 "-" "Mozilla/5.0 (Macintosh; Intel Mac OS X 10_13_2) AppleWebKit/537.36 (KHTML, like Gecko) Chrome/64.0.3282.140 Safari/537.36"
114.119.163.78 - - [11/May/2020:01:17:07 +0200] "GET /robots.txt HTTP/1.1" 404 1256 "-" "Mozilla/5.0 (Linux; Android 7.0;) AppleWebKit/537.36 (KHTML, like Gecko) Mobile Safari/537.36 (compatible; AspiegelBot)"
114.119.165.130 - - [11/May/2020:03:41:18 +0200] "GET /robots.txt HTTP/1.1" 404 1256 "-" "Mozilla/5.0 (Linux; Android 7.0;) AppleWebKit/537.36 (KHTML, like Gecko) Mobile Safari/537.36 (compatible; AspiegelBot)"
114.119.165.130 - - [11/May/2020:06:32:52 +0200] "GET /robots.txt HTTP/1.1" 404 1256 "-" "Mozilla/5.0 (Linux; Android 7.0;) AppleWebKit/537.36 (KHTML, like Gecko) Mobile Safari/537.36 (compatible; AspiegelBot)"
138.201.95.26 - - [11/May/2020:07:20:19 +0200] "GET / HTTP/1.1" 200 876 "-" "Mozilla/5.0 (compatible; Seekport Crawler; http://seekport.com/)"
138.201.95.26 - - [11/May/2020:07:20:19 +0200] "GET /robots.txt HTTP/1.1" 404 1256 "-" "Mozilla/5.0 (compatible; Seekport Crawler; http://seekport.com/)"
138.201.95.26 - - [11/May/2020:07:20:19 +0200] "GET / HTTP/1.1" 200 876 "-" "Mozilla/5.0 (compatible; Seekport Crawler; http://seekport.com/)"
138.201.95.26 - - [11/May/2020:07:20:19 +0200] "GET /frameset/left.htm HTTP/1.1" 200 244 "-" "Mozilla/5.0 (compatible; Seekport Crawler; http://seekport.com/)"
138.201.95.26 - - [11/May/2020:07:20:19 +0200] "GET /frameset/top.htm HTTP/1.1" 200 244 "-" "Mozilla/5.0 (compatible; Seekport Crawler; http://seekport.com/)"
138.201.95.26 - - [11/May/2020:07:20:19 +0200] "GET /neue_seite_1.htm HTTP/1.1" 200 405 "-" "Mozilla/5.0 (compatible; Seekport Crawler; http://seekport.com/)"
138.201.95.26 - - [11/May/2020:07:20:20 +0200] "GET /frameset/bottom.htm HTTP/1.1" 200 244 "-" "Mozilla/5.0 (compatible; Seekport Crawler; http://seekport.com/)"
138.201.95.26 - - [11/May/2020:07:20:20 +0200] "GET /frameset/right.htm HTTP/1.1" 200 244 "-" "Mozilla/5.0 (compatible; Seekport Crawler; http://seekport.com/)"
159.203.56.92 - - [11/May/2020:07:37:08 +0200] "HEAD / HTTP/1.1" 200 - "-" "Mozilla/5.0 (Windows NT 5.1) AppleWebKit/537.36 (KHTML, like Gecko) Chrome/41.0.2224.3 Safari/537.36"
148.251.50.77 - - [12/May/2020:12:13:32 +0200] "GET / HTTP/1.1" 200 876 "-" "Mozilla/5.0 (Windows NT 6.1; Win64; x64) AppleWebKit/537.36 (KHTML, like Gecko) Chrome/63.0.3239.84 Safari/537.36"
114.119.160.239 - - [12/May/2020:13:43:00 +0200] "GET /robots.txt HTTP/1.1" 404 1256 "-" "Mozilla/5.0 (Linux; Android 7.0;) AppleWebKit/537.36 (KHTML, like Gecko) Mobile Safari/537.36 (compatible; AspiegelBot)"
66.249.64.85 - - [12/May/2020:21:44:41 +0200] "GET /robots.txt HTTP/1.1" 404 1256 "-" "Mozilla/5.0 (compatible; Googlebot/2.1; +http://www.google.com/bot.html)"
66.249.64.87 - - [12/May/2020:21:44:41 +0200] "GET / HTTP/1.1" 200 876 "-" "Mozilla/5.0 (Linux; Android 6.0.1; Nexus 5X Build/MMB29P) AppleWebKit/537.36 (KHTML, like Gecko) Chrome/41.0.2272.96 Mobile Safari/537.36 (compatible; Googlebot/2.1; +http://www.google.com/bot.html)"
66.249.64.85 - - [12/May/2020:21:44:43 +0200] "GET /neue_seite_1.htm HTTP/1.1" 200 405 "http://www.die-sehnsucht.com/" "Mozilla/5.0 (Linux; Android 6.0.1; Nexus 5X Build/MMB29P) AppleWebKit/537.36 (KHTML, like Gecko) Chrome/81.0.4044.108 Mobile Safari/537.36 (compatible; Googlebot/2.1; +http://www.google.com/bot.html)"
66.249.64.85 - - [12/May/2020:21:44:44 +0200] "GET /frameset/left.htm HTTP/1.1" 200 244 "http://www.die-sehnsucht.com/" "Mozilla/5.0 (Linux; Android 6.0.1; Nexus 5X Build/MMB29P) AppleWebKit/537.36 (KHTML, like Gecko) Chrome/81.0.4044.108 Mobile Safari/537.36 (compatible; Googlebot/2.1; +http://www.google.com/bot.html)"
66.249.64.89 - - [12/May/2020:21:44:44 +0200] "GET /frameset/bottom.htm HTTP/1.1" 200 244 "http://www.die-sehnsucht.com/" "Mozilla/5.0 (Linux; Android 6.0.1; Nexus 5X Build/MMB29P) AppleWebKit/537.36 (KHTML, like Gecko) Chrome/81.0.4044.108 Mobile Safari/537.36 (compatible; Googlebot/2.1; +http://www.google.com/bot.html)"
66.249.64.89 - - [12/May/2020:21:44:45 +0200] "GET /frameset/right.htm HTTP/1.1" 200 244 "http://www.die-sehnsucht.com/" "Mozilla/5.0 (Linux; Android 6.0.1; Nexus 5X Build/MMB29P) AppleWebKit/537.36 (KHTML, like Gecko) Chrome/81.0.4044.108 Mobile Safari/537.36 (compatible; Googlebot/2.1; +http://www.google.com/bot.html)"
66.249.64.85 - - [12/May/2020:21:44:45 +0200] "GET /frameset/top.htm HTTP/1.1" 200 244 "http://www.die-sehnsucht.com/" "Mozilla/5.0 (Linux; Android 6.0.1; Nexus 5X Build/MMB29P) AppleWebKit/537.36 (KHTML, like Gecko) Chrome/81.0.4044.108 Mobile Safari/537.36 (compatible; Googlebot/2.1; +http://www.google.com/bot.html)"
64.246.161.42 - - [13/May/2020:10:08:09 +0200] "GET /robots.txt HTTP/1.0" 404 1256 "-" "Mozilla/5.0 (Macintosh; Intel Mac OS X 10.10; rv:59.0) Gecko/20100101 Firefox/59.0"
64.246.161.42 - - [13/May/2020:10:08:09 +0200] "GET / HTTP/1.1" 200 876 "-" "Mozilla/5.0 (Macintosh; Intel Mac OS X 10.10; rv:59.0) Gecko/20100101 Firefox/59.0"
114.119.164.112 - - [13/May/2020:14:10:52 +0200] "GET /robots.txt HTTP/1.1" 404 1256 "-" "Mozilla/5.0 (Linux; Android 7.0;) AppleWebKit/537.36 (KHTML, like Gecko) Mobile Safari/537.36 (compatible; AspiegelBot)"
209.17.97.98 - - [14/May/2020:02:29:21 +0200] "GET / HTTP/1.1" 200 876 "-" "Mozilla/5.0 (compatible; Nimbostratus-Bot/v1.3.2; http://cloudsystemnetworks.com)"
114.119.163.189 - - [14/May/2020:15:29:03 +0200] "GET /robots.txt HTTP/1.1" 404 1256 "-" "Mozilla/5.0 (Linux; Android 7.0;) AppleWebKit/537.36 (KHTML, like Gecko) Mobile Safari/537.36 (compatible; AspiegelBot)"
114.119.164.112 - - [15/May/2020:15:48:18 +0200] "GET /robots.txt HTTP/1.1" 404 1256 "-" "Mozilla/5.0 (Linux; Android 7.0;) AppleWebKit/537.36 (KHTML, like Gecko) Mobile Safari/537.36 (compatible; AspiegelBot)"
77.88.9.133 - - [15/May/2020:17:11:17 +0200] "GET /robots.txt HTTP/1.1" 404 1256 "-" "Mozilla/5.0 (compatible; YandexBot/3.0; +http://yandex.com/bots)"
77.88.9.133 - - [15/May/2020:17:11:21 +0200] "GET / HTTP/1.1" 200 876 "-" "Mozilla/5.0 (compatible; YandexBot/3.0; +http://yandex.com/bots)"
162.250.127.9 - - [15/May/2020:22:28:08 +0200] "GET / HTTP/1.1" 200 876 "-" "Mozilla/5.0 (Windows NT 10.0; Win64; x64; rv:64.0) Gecko/20100101 Firefox/64.0"
162.250.127.9 - - [15/May/2020:22:28:12 +0200] "GET /shop HTTP/1.1" 404 1256 "-" "Mozilla/5.0 (Windows NT 10.0; Win64; x64; rv:64.0) Gecko/20100101 Firefox/64.0"
162.250.127.9 - - [15/May/2020:22:28:16 +0200] "GET /admin/view/javascript/common.js HTTP/1.1" 404 1256 "-" "Mozilla/5.0 (Windows NT 10.0; Win64; x64; rv:64.0) Gecko/20100101 Firefox/64.0"
114.119.165.130 - - [16/May/2020:16:07:29 +0200] "GET /robots.txt HTTP/1.1" 404 1256 "-" "Mozilla/5.0 (Linux; Android 7.0;) AppleWebKit/537.36 (KHTML, like Gecko) Mobile Safari/537.36 (compatible; AspiegelBot)"
114.119.165.130 - - [17/May/2020:17:23:52 +0200] "GET /robots.txt HTTP/1.1" 404 1256 "-" "Mozilla/5.0 (Linux; Android 7.0;) AppleWebKit/537.36 (KHTML, like Gecko) Mobile Safari/537.36 (compatible; AspiegelBot)"
66.249.64.89 - - [18/May/2020:15:28:22 +0200] "GET /robots.txt HTTP/1.1" 404 1256 "-" "Mozilla/5.0 (compatible; Googlebot/2.1; +http://www.google.com/bot.html)"
66.249.64.85 - - [18/May/2020:15:28:22 +0200] "GET / HTTP/1.1" 200 876 "-" "Mozilla/5.0 (Linux; Android 6.0.1; Nexus 5X Build/MMB29P) AppleWebKit/537.36 (KHTML, like Gecko) Chrome/41.0.2272.96 Mobile Safari/537.36 (compatible; Googlebot/2.1; +http://www.google.com/bot.html)"
114.119.165.130 - - [18/May/2020:18:45:31 +0200] "GET /robots.txt HTTP/1.1" 404 1256 "-" "Mozilla/5.0 (Linux; Android 7.0;) AppleWebKit/537.36 (KHTML, like Gecko) Mobile Safari/537.36 (compatible; AspiegelBot)"
114.119.165.183 - - [19/May/2020:19:22:54 +0200] "GET /robots.txt HTTP/1.1" 404 1256 "-" "Mozilla/5.0 (Linux; Android 7.0;) AppleWebKit/537.36 (KHTML, like Gecko) Mobile Safari/537.36 (compatible; AspiegelBot)"
66.249.73.246 - - [19/May/2020:22:29:37 +0200] "GET /robots.txt HTTP/1.1" 404 1256 "-" "Mozilla/5.0 (compatible; Googlebot/2.1; +http://www.google.com/bot.html)"
66.249.73.244 - - [19/May/2020:22:29:37 +0200] "GET / HTTP/1.1" 200 876 "-" "Mozilla/5.0 (Linux; Android 6.0.1; Nexus 5X Build/MMB29P) AppleWebKit/537.36 (KHTML, like Gecko) Chrome/80.0.3987.92 Mobile Safari/537.36 (compatible; Googlebot/2.1; +http://www.google.com/bot.html)"
209.17.96.146 - - [20/May/2020:08:58:21 +0200] "GET / HTTP/1.1" 200 876 "-" "Mozilla/5.0 (compatible; Nimbostratus-Bot/v1.3.2; http://cloudsystemnetworks.com)"
144.168.162.250 - - [20/May/2020:16:35:15 +0200] "GET / HTTP/1.1" 200 876 "-" "Mozilla/5.0 (Windows NT 6.1; WOW64) AppleWebKit/537.36 (KHTML, like Gecko) Chrome/34.0.1847.131 Safari/537.36"
114.119.160.239 - - [20/May/2020:20:12:19 +0200] "GET /robots.txt HTTP/1.1" 404 1256 "-" "Mozilla/5.0 (Linux; Android 7.0;) AppleWebKit/537.36 (KHTML, like Gecko) Mobile Safari/537.36 (compatible; PetalBot;+https://aspiegel.com/petalbot)"
148.251.50.77 - - [21/May/2020:06:10:04 +0200] "GET / HTTP/1.1" 200 876 "-" "Mozilla/5.0 (Windows NT 10.0; Win64; x64; rv:57.0) Gecko/20100101 Firefox/57.0"
144.76.102.243 - - [21/May/2020:06:11:34 +0200] "GET / HTTP/1.1" 200 876 "-" "Mozilla/5.0 (Windows NT 10.0) AppleWebKit/537.36 (KHTML, like Gecko) Chrome/63.0.3239.132 Safari/537.36"
66.249.66.215 - - [21/May/2020:07:54:24 +0200] "GET /robots.txt HTTP/1.1" 404 1256 "-" "Mozilla/5.0 (compatible; Googlebot/2.1; +http://www.google.com/bot.html)"
66.249.66.215 - - [21/May/2020:07:54:24 +0200] "GET / HTTP/1.1" 200 876 "-" "Mozilla/5.0 (Linux; Android 6.0.1; Nexus 5X Build/MMB29P) AppleWebKit/537.36 (KHTML, like Gecko) Chrome/80.0.3987.92 Mobile Safari/537.36 (compatible; Googlebot/2.1; +http://www.google.com/bot.html)"
66.249.66.215 - - [21/May/2020:07:54:26 +0200] "GET /frameset/top.htm HTTP/1.1" 200 244 "http://www.die-sehnsucht.com/" "Mozilla/5.0 (Linux; Android 6.0.1; Nexus 5X Build/MMB29P) AppleWebKit/537.36 (KHTML, like Gecko) Chrome/81.0.4044.108 Mobile Safari/537.36 (compatible; Googlebot/2.1; +http://www.google.com/bot.html)"
66.249.66.215 - - [21/May/2020:07:54:27 +0200] "GET /frameset/right.htm HTTP/1.1" 200 244 "http://www.die-sehnsucht.com/" "Mozilla/5.0 (Linux; Android 6.0.1; Nexus 5X Build/MMB29P) AppleWebKit/537.36 (KHTML, like Gecko) Chrome/81.0.4044.108 Mobile Safari/537.36 (compatible; Googlebot/2.1; +http://www.google.com/bot.html)"
66.249.66.217 - - [21/May/2020:07:54:27 +0200] "GET /frameset/bottom.htm HTTP/1.1" 200 244 "http://www.die-sehnsucht.com/" "Mozilla/5.0 (Linux; Android 6.0.1; Nexus 5X Build/MMB29P) AppleWebKit/537.36 (KHTML, like Gecko) Chrome/81.0.4044.108 Mobile Safari/537.36 (compatible; Googlebot/2.1; +http://www.google.com/bot.html)"
66.249.66.213 - - [21/May/2020:07:54:28 +0200] "GET /neue_seite_1.htm HTTP/1.1" 200 405 "http://www.die-sehnsucht.com/" "Mozilla/5.0 (Linux; Android 6.0.1; Nexus 5X Build/MMB29P) AppleWebKit/537.36 (KHTML, like Gecko) Chrome/81.0.4044.108 Mobile Safari/537.36 (compatible; Googlebot/2.1; +http://www.google.com/bot.html)"
157.55.39.17 - - [21/May/2020:09:31:27 +0200] "GET /robots.txt HTTP/1.1" 404 1256 "-" "Mozilla/5.0 (compatible; bingbot/2.0; +http://www.bing.com/bingbot.htm)"
207.46.13.16 - - [21/May/2020:09:31:39 +0200] "GET / HTTP/1.1" 304 - "-" "Mozilla/5.0 (compatible; bingbot/2.0; +http://www.bing.com/bingbot.htm)"
178.62.82.141 - - [21/May/2020:14:27:08 +0200] "GET / HTTP/1.1" 200 876 "-" "Mozilla/5.0 (Windows NT 6.0) AppleWebKit/537.36 (KHTML, like Gecko) Chrome/34.0.1847.116 Safari/537.36"
66.249.66.213 - - [21/May/2020:18:05:13 +0200] "GET / HTTP/1.1" 200 876 "-" "Mozilla/5.0 (Linux; Android 6.0.1; Nexus 5X Build/MMB29P) AppleWebKit/537.36 (KHTML, like Gecko) Chrome/80.0.3987.92 Mobile Safari/537.36 (compatible; Googlebot/2.1; +http://www.google.com/bot.html)"
114.119.160.239 - - [21/May/2020:20:33:02 +0200] "GET /robots.txt HTTP/1.1" 404 1256 "-" "Mozilla/5.0 (Linux; Android 7.0;) AppleWebKit/537.36 (KHTML, like Gecko) Mobile Safari/537.36 (compatible; PetalBot;+https://aspiegel.com/petalbot)"
148.251.50.77 - - [22/May/2020:04:42:58 +0200] "GET / HTTP/1.1" 200 876 "-" "Mozilla/5.0 (Macintosh; Intel Mac OS X 10_12_6) AppleWebKit/604.4.7 (KHTML, like Gecko) Version/11.0.2 Safari/604.4.7"
209.17.97.66 - - [22/May/2020:11:42:17 +0200] "GET / HTTP/1.1" 200 876 "-" "Mozilla/5.0 (compatible; Nimbostratus-Bot/v1.3.2; http://cloudsystemnetworks.com)"
157.55.39.17 - - [22/May/2020:15:42:01 +0200] "GET /robots.txt HTTP/1.1" 404 1256 "-" "Mozilla/5.0 (compatible; bingbot/2.0; +http://www.bing.com/bingbot.htm)"
40.77.167.136 - - [22/May/2020:15:42:29 +0200] "GET /frameset/right.htm HTTP/1.1" 200 244 "-" "Mozilla/5.0 (compatible; bingbot/2.0; +http://www.bing.com/bingbot.htm)"
207.46.13.161 - - [22/May/2020:15:42:33 +0200] "GET /robots.txt HTTP/1.1" 404 1256 "-" "Mozilla/5.0 (compatible; bingbot/2.0; +http://www.bing.com/bingbot.htm)"
207.46.13.161 - - [22/May/2020:15:42:34 +0200] "GET /frameset/left.htm HTTP/1.1" 200 244 "-" "Mozilla/5.0 (compatible; bingbot/2.0; +http://www.bing.com/bingbot.htm)"
207.46.13.161 - - [22/May/2020:15:42:34 +0200] "GET /frameset/top.htm HTTP/1.1" 200 244 "-" "Mozilla/5.0 (compatible; bingbot/2.0; +http://www.bing.com/bingbot.htm)"
40.77.167.38 - - [22/May/2020:15:42:39 +0200] "GET /neue_seite_1.htm HTTP/1.1" 200 405 "-" "Mozilla/5.0 (compatible; bingbot/2.0; +http://www.bing.com/bingbot.htm)"
40.77.167.4 - - [22/May/2020:15:42:46 +0200] "GET /frameset/bottom.htm HTTP/1.1" 200 244 "-" "Mozilla/5.0 (compatible; bingbot/2.0; +http://www.bing.com/bingbot.htm)"
5.9.145.132 - - [22/May/2020:16:10:43 +0200] "GET / HTTP/1.1" 200 876 "-" "Mozilla/5.0 (X11; Linux x86_64; rv:58.0) Gecko/20100101 Firefox/58.0"
5.9.145.132 - - [22/May/2020:16:10:43 +0200] "GET /images/sehnsucht%252520start-mit%252520schrift.gif HTTP/1.1" 404 1256 "-" "Mozilla/5.0 (X11; Linux x86_64; rv:58.0) Gecko/20100101 Firefox/58.0"
66.249.64.85 - - [22/May/2020:16:20:07 +0200] "GET /robots.txt HTTP/1.1" 404 1256 "-" "Mozilla/5.0 (compatible; Googlebot/2.1; +http://www.google.com/bot.html)"
66.249.64.89 - - [22/May/2020:16:20:07 +0200] "GET / HTTP/1.1" 200 876 "-" "Mozilla/5.0 (compatible; Googlebot/2.1; +http://www.google.com/bot.html)"
114.119.165.183 - - [22/May/2020:21:43:36 +0200] "GET /robots.txt HTTP/1.1" 404 1256 "-" "Mozilla/5.0 (Linux; Android 7.0;) AppleWebKit/537.36 (KHTML, like Gecko) Mobile Safari/537.36 (compatible; PetalBot;+https://aspiegel.com/petalbot)"
114.119.163.189 - - [22/May/2020:22:57:57 +0200] "GET /robots.txt HTTP/1.1" 404 1256 "-" "Mozilla/5.0 (Linux; Android 7.0;) AppleWebKit/537.36 (KHTML, like Gecko) Mobile Safari/537.36 (compatible; PetalBot;+https://aspiegel.com/petalbot)"
46.243.145.132 - - [23/May/2020:09:23:08 +0200] "HEAD /phpmyadmin/?Zm261262 HTTP/1.1" 404 - "-" "Mozilla/5.0 (Windows NT 10.0; WOW64; rv:42.0) Gecko/20100101 Firefox/42.0"
114.119.163.189 - - [24/May/2020:01:44:34 +0200] "GET /robots.txt HTTP/1.1" 404 1256 "-" "Mozilla/5.0 (Linux; Android 7.0;) AppleWebKit/537.36 (KHTML, like Gecko) Mobile Safari/537.36 (compatible; PetalBot;+https://aspiegel.com/petalbot)"
66.249.64.89 - - [24/May/2020:02:53:25 +0200] "GET /robots.txt HTTP/1.1" 404 1256 "-" "Mozilla/5.0 (compatible; Googlebot/2.1; +http://www.google.com/bot.html)"
66.249.64.85 - - [24/May/2020:02:53:25 +0200] "GET / HTTP/1.1" 200 876 "-" "Mozilla/5.0 (compatible; Googlebot/2.1; +http://www.google.com/bot.html)"
114.119.167.23 - - [24/May/2020:02:59:01 +0200] "GET /robots.txt HTTP/1.1" 404 1256 "-" "Mozilla/5.0 (Linux; Android 7.0;) AppleWebKit/537.36 (KHTML, like Gecko) Mobile Safari/537.36 (compatible; PetalBot;+https://aspiegel.com/petalbot)"
66.249.64.87 - - [24/May/2020:09:16:04 +0200] "GET / HTTP/1.1" 200 876 "-" "Mozilla/5.0 (Linux; Android 6.0.1; Nexus 5X Build/MMB29P) AppleWebKit/537.36 (KHTML, like Gecko) Chrome/80.0.3987.92 Mobile Safari/537.36 (compatible; Googlebot/2.1; +http://www.google.com/bot.html)"
88.198.36.62 - - [24/May/2020:10:50:31 +0200] "GET / HTTP/1.1" 200 876 "-" "Mozilla/5.0 (Windows NT 10.0; Win64; x64) AppleWebKit/537.36 (KHTML, like Gecko) Chrome/64.0.3282.140 Safari/537.36"
88.198.36.62 - - [24/May/2020:10:50:31 +0200] "GET /images/sehnsucht%252520start-mit%252520schrift.gif HTTP/1.1" 404 1256 "-" "Mozilla/5.0 (Macintosh; Intel Mac OS X 10_13_2) AppleWebKit/604.4.7 (KHTML, like Gecko) Version/11.0.2 Safari/604.4.7"
144.76.102.243 - - [24/May/2020:10:50:31 +0200] "GET / HTTP/1.1" 200 876 "-" "Mozilla/5.0 (Windows NT 6.3; Win64; x64) AppleWebKit/537.36 (KHTML, like Gecko) Chrome/63.0.3239.132 Safari/537.36"
144.76.102.243 - - [24/May/2020:10:50:31 +0200] "GET /images/sehnsucht%252520start-mit%252520schrift.gif HTTP/1.1" 404 1256 "-" "Mozilla/5.0 (X11; Linux x86_64; rv:52.0) Gecko/20100101 Firefox/52.0"
66.249.64.89 - - [24/May/2020:11:45:16 +0200] "GET / HTTP/1.1" 200 876 "-" "Mozilla/5.0 (compatible; Googlebot/2.1; +http://www.google.com/bot.html)"
66.249.64.85 - - [25/May/2020:00:29:04 +0200] "GET /robots.txt HTTP/1.1" 404 1256 "-" "Mozilla/5.0 (compatible; Googlebot/2.1; +http://www.google.com/bot.html)"
66.249.64.89 - - [25/May/2020:00:29:05 +0200] "GET / HTTP/1.1" 200 876 "-" "Mozilla/5.0 (Linux; Android 6.0.1; Nexus 5X Build/MMB29P) AppleWebKit/537.36 (KHTML, like Gecko) Chrome/80.0.3987.92 Mobile Safari/537.36 (compatible; Googlebot/2.1; +http://www.google.com/bot.html)"
66.249.64.89 - - [25/May/2020:02:09:35 +0200] "GET / HTTP/1.1" 200 876 "-" "Mozilla/5.0 (compatible; Googlebot/2.1; +http://www.google.com/bot.html)"
66.249.64.87 - - [25/May/2020:02:09:38 +0200] "GET /frameset/right.htm HTTP/1.1" 200 244 "http://www.die-sehnsucht.com/" "Mozilla/5.0 AppleWebKit/537.36 (KHTML, like Gecko; compatible; Googlebot/2.1; +http://www.google.com/bot.html) Chrome/81.0.4044.108 Safari/537.36"
114.119.165.183 - - [25/May/2020:05:40:36 +0200] "GET /robots.txt HTTP/1.1" 404 1256 "-" "Mozilla/5.0 (Linux; Android 7.0;) AppleWebKit/537.36 (KHTML, like Gecko) Mobile Safari/537.36 (compatible; PetalBot;+https://aspiegel.com/petalbot)"
95.216.113.228 - - [25/May/2020:11:46:02 +0200] "GET /frameset/right.htm HTTP/1.1" 200 244 "-" "Mozilla/5.0 (X11; Linux x86_64) AppleWebKit/537.36 (KHTML, like Gecko) Chrome/78.26.10.1974 Safari/537.36"
66.249.64.89 - - [25/May/2020:14:14:48 +0200] "GET /robots.txt HTTP/1.1" 404 1256 "-" "Mozilla/5.0 (compatible; Googlebot/2.1; +http://www.google.com/bot.html)"
66.249.64.85 - - [25/May/2020:14:14:48 +0200] "GET / HTTP/1.1" 200 876 "-" "Mozilla/5.0 (Linux; Android 6.0.1; Nexus 5X Build/MMB29P) AppleWebKit/537.36 (KHTML, like Gecko) Chrome/80.0.3987.92 Mobile Safari/537.36 (compatible; Googlebot/2.1; +http://www.google.com/bot.html)"
66.249.64.89 - - [25/May/2020:18:56:34 +0200] "GET / HTTP/1.1" 200 876 "-" "Mozilla/5.0 (compatible; Googlebot/2.1; +http://www.google.com/bot.html)"
114.119.163.78 - - [26/May/2020:07:08:12 +0200] "GET /robots.txt HTTP/1.1" 404 1256 "-" "Mozilla/5.0 (Linux; Android 7.0;) AppleWebKit/537.36 (KHTML, like Gecko) Mobile Safari/537.36 (compatible; PetalBot;+https://aspiegel.com/petalbot)"
114.119.165.130 - - [26/May/2020:08:22:09 +0200] "GET /robots.txt HTTP/1.1" 404 1256 "-" "Mozilla/5.0 (Linux; Android 7.0;) AppleWebKit/537.36 (KHTML, like Gecko) Mobile Safari/537.36 (compatible; PetalBot;+https://aspiegel.com/petalbot)"
114.119.164.112 - - [26/May/2020:09:37:43 +0200] "GET /robots.txt HTTP/1.1" 404 1256 "-" "Mozilla/5.0 (Linux; Android 7.0;) AppleWebKit/537.36 (KHTML, like Gecko) Mobile Safari/537.36 (compatible; PetalBot;+https://aspiegel.com/petalbot)"
114.119.164.112 - - [26/May/2020:10:53:09 +0200] "GET /robots.txt HTTP/1.1" 404 1256 "-" "Mozilla/5.0 (Linux; Android 7.0;) AppleWebKit/537.36 (KHTML, like Gecko) Mobile Safari/537.36 (compatible; PetalBot;+https://aspiegel.com/petalbot)"
114.119.167.249 - - [26/May/2020:12:09:56 +0200] "GET /robots.txt HTTP/1.1" 404 1256 "-" "Mozilla/5.0 (Linux; Android 7.0;) AppleWebKit/537.36 (KHTML, like Gecko) Mobile Safari/537.36 (compatible; PetalBot;+https://aspiegel.com/petalbot)"
114.119.165.130 - - [26/May/2020:13:29:06 +0200] "GET /robots.txt HTTP/1.1" 404 1256 "-" "Mozilla/5.0 (Linux; Android 7.0;) AppleWebKit/537.36 (KHTML, like Gecko) Mobile Safari/537.36 (compatible; PetalBot;+https://aspiegel.com/petalbot)"
66.249.64.89 - - [26/May/2020:20:31:47 +0200] "GET /robots.txt HTTP/1.1" 404 1256 "-" "Mozilla/5.0 (compatible; Googlebot/2.1; +http://www.google.com/bot.html)"
66.249.64.85 - - [26/May/2020:20:31:47 +0200] "GET / HTTP/1.1" 200 876 "-" "Mozilla/5.0 (compatible; Googlebot/2.1; +http://www.google.com/bot.html)"
66.249.64.85 - - [26/May/2020:20:31:50 +0200] "GET /frameset/left.htm HTTP/1.1" 200 244 "http://www.die-sehnsucht.com/" "Mozilla/5.0 AppleWebKit/537.36 (KHTML, like Gecko; compatible; Googlebot/2.1; +http://www.google.com/bot.html) Chrome/81.0.4044.108 Safari/537.36"
66.249.64.87 - - [27/May/2020:12:04:00 +0200] "GET /robots.txt HTTP/1.1" 404 1256 "-" "Mozilla/5.0 (compatible; Googlebot/2.1; +http://www.google.com/bot.html)"
66.249.64.87 - - [27/May/2020:12:04:00 +0200] "GET / HTTP/1.1" 200 876 "-" "Mozilla/5.0 (compatible; Googlebot/2.1; +http://www.google.com/bot.html)"
209.17.97.98 - - [27/May/2020:15:09:23 +0200] "GET / HTTP/1.1" 200 876 "-" "Mozilla/5.0 (compatible; Nimbostratus-Bot/v1.3.2; http://cloudsystemnetworks.com)"
114.119.167.249 - - [27/May/2020:20:10:44 +0200] "GET /robots.txt HTTP/1.1" 404 1256 "-" "Mozilla/5.0 (Linux; Android 7.0;) AppleWebKit/537.36 (KHTML, like Gecko) Mobile Safari/537.36 (compatible; PetalBot;+https://aspiegel.com/petalbot)"
114.119.164.112 - - [27/May/2020:21:23:32 +0200] "GET /robots.txt HTTP/1.1" 404 1256 "-" "Mozilla/5.0 (Linux; Android 7.0;) AppleWebKit/537.36 (KHTML, like Gecko) Mobile Safari/537.36 (compatible; PetalBot;+https://aspiegel.com/petalbot)"
114.119.163.189 - - [27/May/2020:22:36:03 +0200] "GET /robots.txt HTTP/1.1" 404 1256 "-" "Mozilla/5.0 (Linux; Android 7.0;) AppleWebKit/537.36 (KHTML, like Gecko) Mobile Safari/537.36 (compatible; PetalBot;+https://aspiegel.com/petalbot)"
114.119.160.218 - - [27/May/2020:23:49:01 +0200] "GET /robots.txt HTTP/1.1" 404 1256 "-" "Mozilla/5.0 (Linux; Android 7.0;) AppleWebKit/537.36 (KHTML, like Gecko) Mobile Safari/537.36 (compatible; PetalBot;+https://aspiegel.com/petalbot)"
66.249.64.89 - - [28/May/2020:00:21:51 +0200] "GET /robots.txt HTTP/1.1" 404 1256 "-" "Mozilla/5.0 (compatible; Googlebot/2.1; +http://www.google.com/bot.html)"
66.249.64.87 - - [28/May/2020:00:21:51 +0200] "GET / HTTP/1.1" 200 876 "-" "Mozilla/5.0 (Linux; Android 6.0.1; Nexus 5X Build/MMB29P) AppleWebKit/537.36 (KHTML, like Gecko) Chrome/80.0.3987.92 Mobile Safari/537.36 (compatible; Googlebot/2.1; +http://www.google.com/bot.html)"
114.119.160.218 - - [28/May/2020:01:02:57 +0200] "GET /robots.txt HTTP/1.1" 404 1256 "-" "Mozilla/5.0 (Linux; Android 7.0;) AppleWebKit/537.36 (KHTML, like Gecko) Mobile Safari/537.36 (compatible; PetalBot;+https://aspiegel.com/petalbot)"
114.119.164.112 - - [28/May/2020:02:16:52 +0200] "GET /robots.txt HTTP/1.1" 404 1256 "-" "Mozilla/5.0 (Linux; Android 7.0;) AppleWebKit/537.36 (KHTML, like Gecko) Mobile Safari/537.36 (compatible; PetalBot;+https://aspiegel.com/petalbot)"
114.119.160.218 - - [28/May/2020:03:31:48 +0200] "GET /robots.txt HTTP/1.1" 404 1256 "-" "Mozilla/5.0 (Linux; Android 7.0;) AppleWebKit/537.36 (KHTML, like Gecko) Mobile Safari/537.36 (compatible; PetalBot;+https://aspiegel.com/petalbot)"
66.249.64.89 - - [28/May/2020:10:05:02 +0200] "GET / HTTP/1.1" 200 876 "-" "Mozilla/5.0 (Linux; Android 6.0.1; Nexus 5X Build/MMB29P) AppleWebKit/537.36 (KHTML, like Gecko) Chrome/80.0.3987.92 Mobile Safari/537.36 (compatible; Googlebot/2.1; +http://www.google.com/bot.html)"
46.243.145.131 - - [28/May/2020:22:43:55 +0200] "HEAD /pma/ HTTP/1.1" 404 - "-" "Mozilla/5.0 (Windows NT 10.0; WOW64; rv:42.0) Gecko/20100101 Firefox/42.0"
114.119.163.78 - - [29/May/2020:09:55:53 +0200] "GET /robots.txt HTTP/1.1" 404 1256 "-" "Mozilla/5.0 (Linux; Android 7.0;) AppleWebKit/537.36 (KHTML, like Gecko) Mobile Safari/537.36 (compatible; PetalBot;+https://aspiegel.com/petalbot)"
77.88.9.133 - - [29/May/2020:14:17:18 +0200] "GET /robots.txt HTTP/1.1" 404 1256 "-" "Mozilla/5.0 (compatible; YandexBot/3.0; +http://yandex.com/bots)"
77.88.9.133 - - [29/May/2020:14:17:21 +0200] "GET / HTTP/1.1" 200 876 "-" "Mozilla/5.0 (compatible; YandexBot/3.0; +http://yandex.com/bots)"
66.249.79.121 - - [29/May/2020:20:40:32 +0200] "GET /robots.txt HTTP/1.1" 404 1256 "-" "Mozilla/5.0 (compatible; Googlebot/2.1; +http://www.google.com/bot.html)"
66.249.79.119 - - [29/May/2020:20:40:32 +0200] "GET / HTTP/1.1" 200 876 "-" "Mozilla/5.0 (Linux; Android 6.0.1; Nexus 5X Build/MMB29P) AppleWebKit/537.36 (KHTML, like Gecko) Chrome/80.0.3987.92 Mobile Safari/537.36 (compatible; Googlebot/2.1; +http://www.google.com/bot.html)"
5.9.145.132 - - [30/May/2020:00:51:36 +0200] "GET / HTTP/1.1" 200 876 "-" "Mozilla/5.0 (Windows NT 6.3; Win64; x64) AppleWebKit/537.36 (KHTML, like Gecko) Chrome/63.0.3239.132 Safari/537.36"
209.17.97.2 - - [30/May/2020:05:21:49 +0200] "GET / HTTP/1.1" 200 876 "-" "Mozilla/5.0 (compatible; Nimbostratus-Bot/v1.3.2; http://cloudsystemnetworks.com)"
114.119.160.218 - - [30/May/2020:10:15:59 +0200] "GET /robots.txt HTTP/1.1" 404 1256 "-" "Mozilla/5.0 (Linux; Android 7.0;) AppleWebKit/537.36 (KHTML, like Gecko) Mobile Safari/537.36 (compatible; PetalBot;+https://aspiegel.com/petalbot)"
114.119.163.93 - - [31/May/2020:11:13:15 +0200] "GET /robots.txt HTTP/1.1" 404 1256 "-" "Mozilla/5.0 (Linux; Android 7.0;) AppleWebKit/537.36 (KHTML, like Gecko) Mobile Safari/537.36 (compatible; PetalBot;+https://aspiegel.com/petalbot)"