66.249.79.107 - - [18/Feb/2015:13:59:20 +0100] "GET /css/bootstrap-responsive.min.css HTTP/1.1" 200 16520 "-" "Mozilla/5.0 (compatible; Googlebot/2.1; +http://www.google.com/bot.html)"
66.249.79.91 - - [18/Feb/2015:14:18:37 +0100] "GET /css/bootstrap.min.css HTTP/1.1" 200 101265 "-" "Mozilla/5.0 (compatible; Googlebot/2.1; +http://www.google.com/bot.html)"
66.249.79.99 - - [18/Feb/2015:15:44:50 +0100] "GET / HTTP/1.1" 200 3274 "-" "Mozilla/5.0 (compatible; Googlebot/2.1; +http://www.google.com/bot.html)"
37.59.62.43 - - [18/Feb/2015:20:10:23 +0100] "OPTIONS / HTTP/1.1" 200 - "-" "Dillo/0.8.6-i18n-misc"
37.59.62.43 - - [18/Feb/2015:20:10:23 +0100] "OPTIONS / HTTP/1.1" 200 - "-" "Dillo/0.8.6-i18n-misc"
37.59.62.43 - - [18/Feb/2015:20:10:23 +0100] "HEAD / HTTP/1.1" 200 - "-" "Dillo/0.8.6-i18n-misc"
37.59.62.43 - - [18/Feb/2015:20:10:23 +0100] "GET / HTTP/1.1" 200 3274 "-" "Dillo/0.8.6-i18n-misc"
66.249.79.91 - - [18/Feb/2015:21:51:28 +0100] "GET /robots.txt HTTP/1.1" 404 1256 "-" "Mozilla/5.0 (compatible; Googlebot/2.1; +http://www.google.com/bot.html)"
66.249.79.99 - - [18/Feb/2015:21:51:28 +0100] "GET / HTTP/1.1" 200 3274 "-" "Mozilla/5.0 (compatible; Googlebot/2.1; +http://www.google.com/bot.html)"
207.46.13.17 - - [19/Feb/2015:01:24:31 +0100] "GET /robots.txt HTTP/1.1" 404 1256 "-" "Mozilla/5.0 (compatible; bingbot/2.0; +http://www.bing.com/bingbot.htm)"
207.46.13.17 - - [19/Feb/2015:01:26:00 +0100] "GET / HTTP/1.1" 200 3274 "-" "Mozilla/5.0 (compatible; bingbot/2.0; +http://www.bing.com/bingbot.htm)"
52.1.36.84 - - [19/Feb/2015:04:01:20 +0100] "GET / HTTP/1.1" 200 3274 "-" "Mozilla/5.0 (compatible& Googlebot/2.1& +http://www.google.com/bot.html)"
217.251.209.254 - - [19/Feb/2015:04:25:28 +0100] "GET / HTTP/1.1" 200 3274 "http://www.bigfinder.de/?c=ws&q=online&v=1" "T-Online Browser"
192.99.107.64 - - [19/Feb/2015:07:29:23 +0100] "GET /robots.txt HTTP/1.1" 404 1256 "-" "Mozilla/5.0 (compatible; meanpathbot/1.0; +http://www.meanpath.com/meanpathbot.html)"
192.99.107.64 - - [19/Feb/2015:07:29:24 +0100] "GET / HTTP/1.1" 200 3274 "-" "Mozilla/5.0 (compatible; meanpathbot/1.0; +http://www.meanpath.com/meanpathbot.html)"
66.249.79.91 - - [19/Feb/2015:07:31:30 +0100] "GET / HTTP/1.1" 200 3274 "-" "Mozilla/5.0 (compatible; Googlebot/2.1; +http://www.google.com/bot.html)"
66.249.65.167 - - [19/Feb/2015:11:31:20 +0100] "GET /robots.txt HTTP/1.1" 404 1256 "-" "Mozilla/5.0 (compatible; Googlebot/2.1; +http://www.google.com/bot.html)"
66.249.65.163 - - [19/Feb/2015:11:31:21 +0100] "GET / HTTP/1.1" 200 3274 "-" "Mozilla/5.0 (compatible; Googlebot/2.1; +http://www.google.com/bot.html)"
66.249.79.99 - - [19/Feb/2015:12:15:02 +0100] "GET /robots.txt HTTP/1.1" 404 1256 "-" "Mozilla/5.0 (compatible; Googlebot/2.1; +http://www.google.com/bot.html)"
66.249.79.107 - - [19/Feb/2015:12:15:02 +0100] "GET / HTTP/1.1" 200 3274 "-" "Mozilla/5.0 (iPhone; CPU iPhone OS 6_0 like Mac OS X) AppleWebKit/536.26 (KHTML, like Gecko) Version/6.0 Mobile/10A5376e Safari/8536.25 (compatible; Googlebot/2.1; +http://www.google.com/bot.html)"
66.249.79.99 - - [19/Feb/2015:14:08:11 +0100] "GET / HTTP/1.1" 200 3274 "-" "Mozilla/5.0 (compatible; Googlebot/2.1; +http://www.google.com/bot.html)"
217.251.209.254 - - [19/Feb/2015:16:22:33 +0100] "GET / HTTP/1.1" 200 3274 "http://m.bigfinder.de/?c=ws&q=internet&v=1" "Mozilla/5.0 (Windows; U; Windows NT 6.0; en-US) AppleWebKit/533.4 (KHTML, like Gecko) Chrome/5.0.375.126 Safari/533.4"
52.1.210.136 - - [19/Feb/2015:18:21:15 +0100] "GET / HTTP/1.1" 200 3274 "-" "Mozilla/5.0 (compatible& Googlebot/2.1& +http://www.google.com/bot.html)"
66.249.79.91 - - [19/Feb/2015:18:49:23 +0100] "GET / HTTP/1.1" 200 3274 "-" "Mozilla/5.0 (compatible; Googlebot/2.1; +http://www.google.com/bot.html)"
46.229.170.197 - - [19/Feb/2015:19:39:49 +0100] "GET / HTTP/1.1" 200 3274 "-" "Mozilla/5.0 (Windows NT 6.1; WOW64; rv:2.0b11pre) Gecko/20110128 Firefox/4.0b11pre"
66.249.79.99 - - [19/Feb/2015:20:04:33 +0100] "GET / HTTP/1.1" 200 3274 "-" "Mozilla/5.0 (compatible; Googlebot/2.1; +http://www.google.com/bot.html)"
66.249.79.91 - - [19/Feb/2015:23:39:33 +0100] "GET / HTTP/1.1" 200 3274 "-" "Mozilla/5.0 (compatible; Googlebot/2.1; +http://www.google.com/bot.html)"
66.249.79.91 - - [20/Feb/2015:02:06:54 +0100] "GET /robots.txt HTTP/1.1" 404 1256 "-" "Mozilla/5.0 (compatible; Googlebot/2.1; +http://www.google.com/bot.html)"
66.249.79.99 - - [20/Feb/2015:02:06:54 +0100] "GET / HTTP/1.1" 200 3274 "-" "SAMSUNG-SGH-E250/1.0 Profile/MIDP-2.0 Configuration/CLDC-1.1 UP.Browser/6.2.3.3.c.1.101 (GUI) MMP/2.0 (compatible; Googlebot-Mobile/2.1; +http://www.google.com/bot.html)"
66.249.79.99 - - [20/Feb/2015:04:47:22 +0100] "GET / HTTP/1.1" 200 3274 "-" "Mozilla/5.0 (compatible; Googlebot/2.1; +http://www.google.com/bot.html)"
208.115.113.83 - - [20/Feb/2015:06:23:41 +0100] "GET /robots.txt HTTP/1.1" 404 1256 "-" "Mozilla/5.0 (compatible; DotBot/1.1; http://www.opensiteexplorer.org/dotbot, help@moz.com)"
173.208.177.59 - - [20/Feb/2015:06:27:09 +0100] "HEAD /admin/fckeditor/editor/ HTTP/1.1" 404 - "-" "-"
173.208.177.59 - - [20/Feb/2015:06:27:10 +0100] "HEAD /manage/fckeditor/editor/ HTTP/1.1" 404 - "-" "-"
173.208.177.59 - - [20/Feb/2015:06:27:13 +0100] "HEAD /include/fckeditor/editor/ HTTP/1.1" 404 - "-" "-"
173.208.177.59 - - [20/Feb/2015:06:27:14 +0100] "HEAD /js/fckeditor/editor/ HTTP/1.1" 404 - "-" "-"
208.115.113.83 - - [20/Feb/2015:07:28:49 +0100] "GET / HTTP/1.1" 200 3274 "-" "Mozilla/5.0 (compatible; DotBot/1.1; http://www.opensiteexplorer.org/dotbot, help@moz.com)"
213.110.133.221 - - [20/Feb/2015:08:04:57 +0100] "GET / HTTP/1.1" 200 3274 "http://chimiver.info/" "Mozilla/4.0 (compatible; Blog Search;)"
213.110.133.221 - - [20/Feb/2015:08:04:58 +0100] "GET / HTTP/1.1" 200 3274 "http://chimiver.info/" "Mozilla/4.0 (compatible; Blog Search;)"
213.110.133.221 - - [20/Feb/2015:08:04:59 +0100] "GET / HTTP/1.1" 200 3274 "http://chimiver.info/" "Mozilla/4.0 (compatible; Blog Search;)"
207.46.13.17 - - [20/Feb/2015:08:24:23 +0100] "GET / HTTP/1.1" 200 3274 "-" "Mozilla/5.0 (compatible; bingbot/2.0; +http://www.bing.com/bingbot.htm)"
66.249.79.99 - - [20/Feb/2015:09:44:08 +0100] "GET / HTTP/1.1" 200 3274 "-" "Mozilla/5.0 (iPhone; CPU iPhone OS 6_0 like Mac OS X) AppleWebKit/536.26 (KHTML, like Gecko) Version/6.0 Mobile/10A5376e Safari/8536.25 (compatible; Googlebot/2.1; +http://www.google.com/bot.html)"
207.46.13.17 - - [20/Feb/2015:09:59:57 +0100] "GET / HTTP/1.1" 200 3274 "-" "Mozilla/5.0 (compatible; bingbot/2.0; +http://www.bing.com/bingbot.htm)"
207.46.13.17 - - [20/Feb/2015:10:00:00 +0100] "GET / HTTP/1.1" 200 3274 "-" "Mozilla/5.0 (compatible; bingbot/2.0; +http://www.bing.com/bingbot.htm)"
109.45.0.198 - - [20/Feb/2015:10:26:32 +0100] "GET / HTTP/1.1" 200 3274 "http://www.google.de/search?site=&source=hp&ei=T_3mVPz_PMrcaoyzgugN&q=klick+falkensee&btnG=&norc=1&zx=1424424299484" "Mozilla/5.0 (Linux; U; Android 4.3; de-de; SAMSUNG GT-I9300/I9300XXUGNH4 Build/JSS15J) AppleWebKit/534.30 (KHTML, like Gecko) Version/4.0 Mobile Safari/534.30"
109.45.0.198 - - [20/Feb/2015:10:26:32 +0100] "GET /css/bootstrap-responsive.min.css HTTP/1.1" 200 16520 "http://www.dialyse-falkensee.de/" "Mozilla/5.0 (Linux; U; Android 4.3; de-de; SAMSUNG GT-I9300/I9300XXUGNH4 Build/JSS15J) AppleWebKit/534.30 (KHTML, like Gecko) Version/4.0 Mobile Safari/534.30"
109.45.0.198 - - [20/Feb/2015:10:26:32 +0100] "GET /js/bootstrap.min.js HTTP/1.1" 200 25764 "http://www.dialyse-falkensee.de/" "Mozilla/5.0 (Linux; U; Android 4.3; de-de; SAMSUNG GT-I9300/I9300XXUGNH4 Build/JSS15J) AppleWebKit/534.30 (KHTML, like Gecko) Version/4.0 Mobile Safari/534.30"
109.45.0.198 - - [20/Feb/2015:10:26:35 +0100] "GET /css/bootstrap.min.css HTTP/1.1" 200 101265 "http://www.dialyse-falkensee.de/" "Mozilla/5.0 (Linux; U; Android 4.3; de-de; SAMSUNG GT-I9300/I9300XXUGNH4 Build/JSS15J) AppleWebKit/534.30 (KHTML, like Gecko) Version/4.0 Mobile Safari/534.30"
109.45.0.198 - - [20/Feb/2015:10:26:58 +0100] "GET /img/glyphicons-halflings.png HTTP/1.1" 200 12799 "http://www.dialyse-falkensee.de/" "Mozilla/5.0 (Linux; U; Android 4.3; de-de; SAMSUNG GT-I9300/I9300XXUGNH4 Build/JSS15J) AppleWebKit/534.30 (KHTML, like Gecko) Version/4.0 Mobile Safari/534.30"
109.45.0.198 - - [20/Feb/2015:10:27:15 +0100] "GET /ico/favicon.ico HTTP/1.1" 404 1256 "http://www.dialyse-falkensee.de/" "Mozilla/5.0 (Linux; U; Android 4.3; de-de; SAMSUNG GT-I9300/I9300XXUGNH4 Build/JSS15J) AppleWebKit/534.30 (KHTML, like Gecko) Version/4.0 Mobile Safari/534.30"
66.249.79.99 - - [20/Feb/2015:10:43:01 +0100] "GET / HTTP/1.1" 200 3274 "-" "Mozilla/5.0 (compatible; Googlebot/2.1; +http://www.google.com/bot.html)"
91.64.88.28 - - [20/Feb/2015:14:55:40 +0100] "GET / HTTP/1.1" 200 3274 "http://www.google.de/url?sa=t&rct=j&q=dialyse%20falkensee&source=web&cd=1&ved=0CDgQFjAA&url=http%3A%2F%2Fwww.dialyse-falkensee.de%2F&ei=lTznVLGvJ9PqaKjggHg&usg=AFQjCNECgXXq-DVOeCPbM1zyqacv9mR2gg&bvm=bv.86475890,d.bGQ" "Mozilla/5.0 (compatible; MSIE 10.0; Windows NT 6.2; Trident/6.0; Xbox; Xbox One)"
91.64.88.28 - - [20/Feb/2015:14:55:40 +0100] "GET /css/bootstrap-responsive.min.css HTTP/1.1" 200 16520 "http://www.dialyse-falkensee.de/" "Mozilla/5.0 (compatible; MSIE 10.0; Windows NT 6.2; Trident/6.0; Xbox; Xbox One)"
91.64.88.28 - - [20/Feb/2015:14:55:40 +0100] "GET /js/bootstrap.min.js HTTP/1.1" 200 25764 "http://www.dialyse-falkensee.de/" "Mozilla/5.0 (compatible; MSIE 10.0; Windows NT 6.2; Trident/6.0; Xbox; Xbox One)"
91.64.88.28 - - [20/Feb/2015:14:55:40 +0100] "GET /css/bootstrap.min.css HTTP/1.1" 200 101265 "http://www.dialyse-falkensee.de/" "Mozilla/5.0 (compatible; MSIE 10.0; Windows NT 6.2; Trident/6.0; Xbox; Xbox One)"
91.64.88.28 - - [20/Feb/2015:14:55:41 +0100] "GET /img/glyphicons-halflings.png HTTP/1.1" 200 12799 "http://www.dialyse-falkensee.de/" "Mozilla/5.0 (compatible; MSIE 10.0; Windows NT 6.2; Trident/6.0; Xbox; Xbox One)"
178.255.215.83 - - [20/Feb/2015:20:55:51 +0100] "GET /robots.txt HTTP/1.1" 404 1256 "-" "Mozilla/5.0 (compatible; Exabot/3.0; +http://www.exabot.com/go/robot)"
178.255.215.83 - - [20/Feb/2015:20:55:51 +0100] "GET / HTTP/1.1" 304 - "-" "Mozilla/5.0 (compatible; Exabot/3.0; +http://www.exabot.com/go/robot)"
188.75.140.3 - - [20/Feb/2015:21:12:02 +0100] "GET /index.php HTTP/1.1" 404 1256 "-" "Mozilla/4.0 (compatible; MSIE 6.0; MSIE 5.5; Windows NT 5.1) Opera 7.01 [en]"
188.75.140.3 - - [20/Feb/2015:21:12:02 +0100] "GET /shop/index.php HTTP/1.1" 404 1256 "-" "Mozilla/4.0 (compatible; MSIE 6.0; MSIE 5.5; Windows NT 5.1) Opera 7.01 [en]"
188.75.140.3 - - [20/Feb/2015:21:12:02 +0100] "GET /store/index.php HTTP/1.1" 404 1256 "-" "Mozilla/4.0 (compatible; MSIE 6.0; MSIE 5.5; Windows NT 5.1) Opera 7.01 [en]"
188.75.140.3 - - [20/Feb/2015:21:12:02 +0100] "GET /online/index.php HTTP/1.1" 404 1256 "-" "Mozilla/4.0 (compatible; MSIE 6.0; MSIE 5.5; Windows NT 5.1) Opera 7.01 [en]"
188.165.15.205 - - [21/Feb/2015:03:02:49 +0100] "GET /robots.txt HTTP/1.1" 404 1256 "-" "Mozilla/5.0 (compatible; AhrefsBot/5.0; +http://ahrefs.com/robot/)"
66.249.78.52 - - [21/Feb/2015:06:28:09 +0100] "GET /robots.txt HTTP/1.1" 404 1256 "-" "Mozilla/5.0 (compatible; Googlebot/2.1; +http://www.google.com/bot.html)"
66.249.64.79 - - [21/Feb/2015:06:28:09 +0100] "GET / HTTP/1.1" 200 3274 "-" "Mozilla/5.0 (compatible; Googlebot/2.1; +http://www.google.com/bot.html)"
185.65.245.134 - - [21/Feb/2015:15:33:35 +0100] "GET /language/en-GB/en-GB.xmld HTTP/1.0" 404 1256 "www.dialyse-falkensee.de/language/en-GB/en-GB.xmld" "Mozilla/4.0 (compatible; MSIE 6.0; Windows 98; Win 9x 4.90)"
185.65.245.134 - - [21/Feb/2015:15:33:35 +0100] "GET /language/en-GB/en-GB.xmldindex.php HTTP/1.0" 404 1256 "www.dialyse-falkensee.de/language/en-GB/en-GB.xmldindex.php" "Mozilla/4.0 (compatible; MSIE 6.0; Windows 98; Win 9x 4.90)"
46.174.67.107 - - [21/Feb/2015:16:39:51 +0100] "GET /ghfh.html HTTP/1.0" 404 1256 "http://www.dialyse-falkensee.de/ghfh.html" "Mozilla/5.0 (Windows NT 6.1; WOW64) AppleWebKit/537.36 (KHTML, like Gecko) Chrome/36.0.1985.125 YaBrowser/14.8.1985.12084 Safari/537.36"
46.174.67.107 - - [21/Feb/2015:16:39:52 +0100] "GET /ghfh.htmlindex.php HTTP/1.0" 404 1256 "http://www.dialyse-falkensee.de/ghfh.htmlindex.php" "Mozilla/5.0 (Windows NT 6.3) AppleWebKit/537.36 (KHTML, like Gecko) Chrome/39.0.2171.71 Safari/537.36"
119.63.196.112 - - [21/Feb/2015:17:29:00 +0100] "GET / HTTP/1.1" 200 3274 "-" "Mozilla/5.0 (compatible; Baiduspider/2.0; +http://www.baidu.com/search/spider.html)"
66.249.67.91 - - [21/Feb/2015:17:58:18 +0100] "GET /robots.txt HTTP/1.1" 404 1256 "-" "Mozilla/5.0 (compatible; Googlebot/2.1; +http://www.google.com/bot.html)"
66.249.67.99 - - [21/Feb/2015:17:58:18 +0100] "GET / HTTP/1.1" 200 3274 "-" "Mozilla/5.0 (compatible; Googlebot/2.1; +http://www.google.com/bot.html)"
66.249.67.99 - - [21/Feb/2015:18:03:36 +0100] "GET /css/bootstrap-responsive.min.css HTTP/1.1" 200 16520 "-" "Mozilla/5.0 (compatible; Googlebot/2.1; +http://www.google.com/bot.html)"
66.249.67.91 - - [21/Feb/2015:18:03:37 +0100] "GET /css/bootstrap.min.css HTTP/1.1" 200 101265 "-" "Mozilla/5.0 (compatible; Googlebot/2.1; +http://www.google.com/bot.html)"
66.249.67.107 - - [21/Feb/2015:20:23:33 +0100] "GET / HTTP/1.1" 200 3274 "-" "Mozilla/5.0 (compatible; Googlebot/2.1; +http://www.google.com/bot.html)"
66.249.67.91 - - [22/Feb/2015:00:38:49 +0100] "GET / HTTP/1.1" 200 3274 "-" "Mozilla/5.0 (compatible; Googlebot/2.1; +http://www.google.com/bot.html)"
207.46.13.95 - - [22/Feb/2015:01:28:33 +0100] "GET /robots.txt HTTP/1.1" 404 1256 "-" "Mozilla/5.0 (compatible; bingbot/2.0; +http://www.bing.com/bingbot.htm)"
207.46.13.95 - - [22/Feb/2015:01:28:46 +0100] "GET /leer.htm HTTP/1.1" 404 1256 "-" "Mozilla/5.0 (compatible; bingbot/2.0; +http://www.bing.com/bingbot.htm)"
207.46.13.95 - - [22/Feb/2015:01:28:56 +0100] "GET / HTTP/1.1" 200 3274 "-" "Mozilla/5.0 (compatible; bingbot/2.0; +http://www.bing.com/bingbot.htm)"
66.249.67.107 - - [22/Feb/2015:03:48:28 +0100] "GET / HTTP/1.1" 200 3274 "-" "Mozilla/5.0 (compatible; Googlebot/2.1; +http://www.google.com/bot.html)"
87.160.114.15 - - [22/Feb/2015:05:08:00 +0100] "HEAD / HTTP/1.1" 200 - "-" "LWP::Simple/6.00 libwww-perl/6.04"
87.160.114.15 - - [22/Feb/2015:05:08:00 +0100] "GET / HTTP/1.1" 200 3274 "-" "LWP::Simple/6.00 libwww-perl/6.04"
87.160.114.15 - - [22/Feb/2015:05:08:00 +0100] "GET / HTTP/1.1" 200 3274 "" "suma spider"
63.141.227.74 - - [22/Feb/2015:05:25:23 +0100] "GET / HTTP/1.1" 200 3274 "-" "Mozilla/4.0 (compatible; MSIE 6.0; Windows NT 5.1; SV1; Mozilla/4.0 (compatible; MSIE 6.0; Windows NT 5.1; SV1) )"
88.73.76.141 - - [22/Feb/2015:07:45:46 +0100] "GET / HTTP/1.1" 200 3274 "https://www.google.de/" "Mozilla/5.0 (Windows NT 6.3; WOW64) AppleWebKit/537.36 (KHTML, like Gecko) Chrome/40.0.2214.115 Safari/537.36"
88.73.76.141 - - [22/Feb/2015:07:45:46 +0100] "GET /css/bootstrap-responsive.min.css HTTP/1.1" 200 16520 "http://www.dialyse-falkensee.de/" "Mozilla/5.0 (Windows NT 6.3; WOW64) AppleWebKit/537.36 (KHTML, like Gecko) Chrome/40.0.2214.115 Safari/537.36"
88.73.76.141 - - [22/Feb/2015:07:45:46 +0100] "GET /js/bootstrap.min.js HTTP/1.1" 200 25764 "http://www.dialyse-falkensee.de/" "Mozilla/5.0 (Windows NT 6.3; WOW64) AppleWebKit/537.36 (KHTML, like Gecko) Chrome/40.0.2214.115 Safari/537.36"
88.73.76.141 - - [22/Feb/2015:07:45:46 +0100] "GET /css/bootstrap.min.css HTTP/1.1" 200 101265 "http://www.dialyse-falkensee.de/" "Mozilla/5.0 (Windows NT 6.3; WOW64) AppleWebKit/537.36 (KHTML, like Gecko) Chrome/40.0.2214.115 Safari/537.36"
88.73.76.141 - - [22/Feb/2015:07:45:46 +0100] "GET /ico/favicon.ico HTTP/1.1" 404 1256 "-" "Mozilla/5.0 (Windows NT 6.3; WOW64) AppleWebKit/537.36 (KHTML, like Gecko) Chrome/40.0.2214.115 Safari/537.36"
66.249.67.99 - - [22/Feb/2015:09:01:09 +0100] "GET /robots.txt HTTP/1.1" 404 1256 "-" "Mozilla/5.0 (compatible; Googlebot/2.1; +http://www.google.com/bot.html)"
66.249.67.99 - - [22/Feb/2015:09:01:09 +0100] "GET /favicon.ico HTTP/1.1" 404 1256 "-" "Googlebot-Image/1.0"
207.46.13.117 - - [22/Feb/2015:10:17:50 +0100] "GET /index.html HTTP/1.1" 200 3274 "-" "Mozilla/5.0 (compatible; bingbot/2.0; +http://www.bing.com/bingbot.htm)"
66.249.64.83 - - [22/Feb/2015:14:07:21 +0100] "GET /robots.txt HTTP/1.1" 404 1256 "-" "Mozilla/5.0 (compatible; Googlebot/2.1; +http://www.google.com/bot.html)"
66.249.78.59 - - [22/Feb/2015:14:07:22 +0100] "GET /ico/favicon.ico HTTP/1.1" 404 1256 "-" "Googlebot-Image/1.0"
87.160.114.15 - - [22/Feb/2015:15:42:06 +0100] "HEAD / HTTP/1.1" 200 - "-" "LWP::Simple/6.00 libwww-perl/6.04"
87.160.114.15 - - [22/Feb/2015:15:42:06 +0100] "GET / HTTP/1.1" 200 3274 "-" "LWP::Simple/6.00 libwww-perl/6.04"
87.160.114.15 - - [22/Feb/2015:15:42:06 +0100] "GET / HTTP/1.1" 200 3274 "" "suma spider"
66.249.78.59 - - [22/Feb/2015:16:19:18 +0100] "GET / HTTP/1.1" 200 3274 "-" "Mozilla/5.0 (compatible; Googlebot/2.1; +http://www.google.com/bot.html)"
178.25.64.100 - - [22/Feb/2015:16:47:21 +0100] "GET / HTTP/1.1" 200 3274 "http://suche.web.de/web?origin=HP&q=dialyse+in+falkensee" "Mozilla/5.0 (Windows NT 6.3; WOW64; rv:35.0) Gecko/20100101 Firefox/35.0"
178.25.64.100 - - [22/Feb/2015:16:47:22 +0100] "GET /css/bootstrap-responsive.min.css HTTP/1.1" 200 16520 "http://www.dialyse-falkensee.de/" "Mozilla/5.0 (Windows NT 6.3; WOW64; rv:35.0) Gecko/20100101 Firefox/35.0"
178.25.64.100 - - [22/Feb/2015:16:47:23 +0100] "GET /ico/favicon.ico HTTP/1.1" 404 1256 "-" "Mozilla/5.0 (Windows NT 6.3; WOW64; rv:35.0) Gecko/20100101 Firefox/35.0"
178.25.64.100 - - [22/Feb/2015:16:47:23 +0100] "GET /js/bootstrap.min.js HTTP/1.1" 200 25764 "http://www.dialyse-falkensee.de/" "Mozilla/5.0 (Windows NT 6.3; WOW64; rv:35.0) Gecko/20100101 Firefox/35.0"
178.25.64.100 - - [22/Feb/2015:16:47:26 +0100] "GET /ico/favicon.ico HTTP/1.1" 404 1256 "-" "Mozilla/5.0 (Windows NT 6.3; WOW64; rv:35.0) Gecko/20100101 Firefox/35.0"
178.25.64.100 - - [22/Feb/2015:16:47:22 +0100] "GET /css/bootstrap.min.css HTTP/1.1" 200 101265 "http://www.dialyse-falkensee.de/" "Mozilla/5.0 (Windows NT 6.3; WOW64; rv:35.0) Gecko/20100101 Firefox/35.0"
222.239.162.7 - - [22/Feb/2015:17:22:47 +0100] "GET /robots.txt HTTP/1.1" 404 1256 "http://search.daum.net/" "Mozilla/5.0 (compatible; MSIE or Firefox mutant; not on Windows server; + http://tab.search.daum.net/aboutWebSearch.html) Daumoa/3.0"
222.239.162.7 - - [22/Feb/2015:17:22:49 +0100] "GET / HTTP/1.1" 200 3274 "http://search.daum.net/" "Mozilla/5.0 (compatible; MSIE or Firefox mutant; not on Windows server; + http://tab.search.daum.net/aboutWebSearch.html) Daumoa/3.0"
207.46.13.95 - - [22/Feb/2015:22:54:06 +0100] "GET / HTTP/1.1" 200 3274 "-" "Mozilla/5.0 (compatible; bingbot/2.0; +http://www.bing.com/bingbot.htm)"
207.46.13.95 - - [23/Feb/2015:02:42:43 +0100] "GET / HTTP/1.1" 200 3274 "-" "Mozilla/5.0 (compatible; bingbot/2.0; +http://www.bing.com/bingbot.htm)"
188.165.234.52 - - [23/Feb/2015:04:35:27 +0100] "GET /robots.txt HTTP/1.0" 404 1256 "-" ""
188.165.234.52 - - [23/Feb/2015:04:35:27 +0100] "GET / HTTP/1.1" 206 3274 "-" "Mozilla/5.0 (X11; U; Linux i586; en-US) AppleWebKit/533.2 (KHTML, like Gecko) Chrome/5.0.342.1 Safari/533.2"
66.249.78.52 - - [23/Feb/2015:07:01:05 +0100] "GET /robots.txt HTTP/1.1" 404 1256 "-" "Mozilla/5.0 (compatible; Googlebot/2.1; +http://www.google.com/bot.html)"
66.249.78.52 - - [23/Feb/2015:07:01:05 +0100] "GET / HTTP/1.1" 200 3274 "-" "Mozilla/5.0 (iPhone; CPU iPhone OS 6_0 like Mac OS X) AppleWebKit/536.26 (KHTML, like Gecko) Version/6.0 Mobile/10A5376e Safari/8536.25 (compatible; Googlebot/2.1; +http://www.google.com/bot.html)"
157.55.39.74 - - [23/Feb/2015:07:12:06 +0100] "GET /mail/contact.html HTTP/1.1" 404 1256 "-" "Mozilla/5.0 (compatible; bingbot/2.0; +http://www.bing.com/bingbot.htm)"
66.249.64.87 - - [23/Feb/2015:08:16:24 +0100] "GET / HTTP/1.1" 200 3274 "-" "DoCoMo/2.0 N905i(c100;TB;W24H16) (compatible; Googlebot-Mobile/2.1; +http://www.google.com/bot.html)"
188.165.15.188 - - [23/Feb/2015:08:18:34 +0100] "GET /robots.txt HTTP/1.1" 404 1256 "-" "Mozilla/5.0 (compatible; AhrefsBot/5.0; +http://ahrefs.com/robot/)"
52.1.234.213 - - [23/Feb/2015:08:58:07 +0100] "GET / HTTP/1.1" 200 3274 "-" "Mozilla/5.0 (compatible& Googlebot/2.1& +http://www.google.com/bot.html)"
79.216.106.47 - - [23/Feb/2015:10:40:46 +0100] "GET / HTTP/1.1" 200 3274 "-" "Mozilla/5.0 (Linux; Android 4.4.2; de-de; SAMSUNG GT-I9195 Build/KOT49H) AppleWebKit/537.36 (KHTML, like Gecko) Version/1.5 Chrome/28.0.1500.94 Mobile Safari/537.36"
79.216.106.47 - - [23/Feb/2015:10:40:46 +0100] "GET /css/bootstrap-responsive.min.css HTTP/1.1" 200 16520 "http://www.dialyse-falkensee.de/" "Mozilla/5.0 (Linux; Android 4.4.2; de-de; SAMSUNG GT-I9195 Build/KOT49H) AppleWebKit/537.36 (KHTML, like Gecko) Version/1.5 Chrome/28.0.1500.94 Mobile Safari/537.36"
79.216.106.47 - - [23/Feb/2015:10:40:46 +0100] "GET /js/bootstrap.min.js HTTP/1.1" 200 25764 "http://www.dialyse-falkensee.de/" "Mozilla/5.0 (Linux; Android 4.4.2; de-de; SAMSUNG GT-I9195 Build/KOT49H) AppleWebKit/537.36 (KHTML, like Gecko) Version/1.5 Chrome/28.0.1500.94 Mobile Safari/537.36"
79.216.106.47 - - [23/Feb/2015:10:40:46 +0100] "GET /css/bootstrap.min.css HTTP/1.1" 200 101265 "http://www.dialyse-falkensee.de/" "Mozilla/5.0 (Linux; Android 4.4.2; de-de; SAMSUNG GT-I9195 Build/KOT49H) AppleWebKit/537.36 (KHTML, like Gecko) Version/1.5 Chrome/28.0.1500.94 Mobile Safari/537.36"
79.216.106.47 - - [23/Feb/2015:10:40:47 +0100] "GET /img/glyphicons-halflings.png HTTP/1.1" 200 12799 "http://www.dialyse-falkensee.de/" "Mozilla/5.0 (Linux; Android 4.4.2; de-de; SAMSUNG GT-I9195 Build/KOT49H) AppleWebKit/537.36 (KHTML, like Gecko) Version/1.5 Chrome/28.0.1500.94 Mobile Safari/537.36"
79.216.106.47 - - [23/Feb/2015:10:40:47 +0100] "GET /ico/favicon.ico HTTP/1.1" 404 1256 "-" "Mozilla/5.0 (Linux; Android 4.4.2; de-de; SAMSUNG GT-I9195 Build/KOT49H) AppleWebKit/537.36 (KHTML, like Gecko) Version/1.5 Chrome/28.0.1500.94 Mobile Safari/537.36"
209.15.21.139 - - [23/Feb/2015:11:05:08 +0100] "GET / HTTP/1.1" 200 3274 "-" "Mozilla/5.0 (X11; Linux x86_64; rv:10.0.12) Gecko/20100101 Firefox/21.0 WordPress.com mShots"
209.15.21.139 - - [23/Feb/2015:11:05:09 +0100] "GET /css/bootstrap-responsive.min.css HTTP/1.1" 200 16520 "http://www.dialyse-falkensee.de/" "Mozilla/5.0 (X11; Linux x86_64; rv:10.0.12) Gecko/20100101 Firefox/21.0 WordPress.com mShots"
209.15.21.139 - - [23/Feb/2015:11:05:08 +0100] "GET /css/bootstrap.min.css HTTP/1.1" 200 101265 "http://www.dialyse-falkensee.de/" "Mozilla/5.0 (X11; Linux x86_64; rv:10.0.12) Gecko/20100101 Firefox/21.0 WordPress.com mShots"
209.15.21.139 - - [23/Feb/2015:11:05:09 +0100] "GET /img/glyphicons-halflings.png HTTP/1.1" 200 12799 "http://www.dialyse-falkensee.de/" "Mozilla/5.0 (X11; Linux x86_64; rv:10.0.12) Gecko/20100101 Firefox/21.0 WordPress.com mShots"
209.15.21.139 - - [23/Feb/2015:11:05:09 +0100] "GET /js/bootstrap.min.js HTTP/1.1" 200 25764 "http://www.dialyse-falkensee.de/" "Mozilla/5.0 (X11; Linux x86_64; rv:10.0.12) Gecko/20100101 Firefox/21.0 WordPress.com mShots"
212.204.54.162 - - [23/Feb/2015:11:06:58 +0100] "GET / HTTP/1.1" 200 3274 "http://www.google.de/url?sa=t&rct=j&q=&esrc=s&frm=1&source=web&cd=1&ved=0CCEQFjAA&url=http%3A%2F%2Fwww.dialyse-falkensee.de%2F&ei=SPvqVNOFHcWuPIucgPgC&usg=AFQjCNECgXXq-DVOeCPbM1zyqacv9mR2gg&bvm=bv.86475890,d.ZWU" "Mozilla/5.0 (compatible; MSIE 10.0; Windows NT 6.1; Trident/6.0)"
212.204.54.162 - - [23/Feb/2015:11:06:58 +0100] "GET /css/bootstrap-responsive.min.css HTTP/1.1" 200 16520 "http://www.dialyse-falkensee.de/" "Mozilla/5.0 (compatible; MSIE 10.0; Windows NT 6.1; Trident/6.0)"
212.204.54.162 - - [23/Feb/2015:11:06:58 +0100] "GET /js/bootstrap.min.js HTTP/1.1" 200 25764 "http://www.dialyse-falkensee.de/" "Mozilla/5.0 (compatible; MSIE 10.0; Windows NT 6.1; Trident/6.0)"
212.204.54.162 - - [23/Feb/2015:11:06:58 +0100] "GET /css/bootstrap.min.css HTTP/1.1" 200 101265 "http://www.dialyse-falkensee.de/" "Mozilla/5.0 (compatible; MSIE 10.0; Windows NT 6.1; Trident/6.0)"
212.204.54.162 - - [23/Feb/2015:11:06:59 +0100] "GET /ico/favicon.ico HTTP/1.1" 404 1256 "-" "Mozilla/5.0 (compatible; MSIE 10.0; Windows NT 6.1; Trident/6.0)"
212.204.54.162 - - [23/Feb/2015:11:16:17 +0100] "GET / HTTP/1.1" 200 3274 "http://www.blnp.de/index.php?id=51" "Mozilla/5.0 (compatible; MSIE 10.0; Windows NT 6.1; Trident/6.0)"
212.204.54.162 - - [23/Feb/2015:11:16:17 +0100] "GET /css/bootstrap-responsive.min.css HTTP/1.1" 200 16520 "http://www.dialyse-falkensee.de/" "Mozilla/5.0 (compatible; MSIE 10.0; Windows NT 6.1; Trident/6.0)"
212.204.54.162 - - [23/Feb/2015:11:16:17 +0100] "GET /js/bootstrap.min.js HTTP/1.1" 200 25764 "http://www.dialyse-falkensee.de/" "Mozilla/5.0 (compatible; MSIE 10.0; Windows NT 6.1; Trident/6.0)"
212.204.54.162 - - [23/Feb/2015:11:16:17 +0100] "GET /css/bootstrap.min.css HTTP/1.1" 200 101265 "http://www.dialyse-falkensee.de/" "Mozilla/5.0 (compatible; MSIE 10.0; Windows NT 6.1; Trident/6.0)"
212.204.54.162 - - [23/Feb/2015:11:16:17 +0100] "GET /ico/favicon.ico HTTP/1.1" 404 1256 "-" "Mozilla/5.0 (compatible; MSIE 10.0; Windows NT 6.1; Trident/6.0)"
212.204.54.162 - - [23/Feb/2015:11:16:17 +0100] "GET /img/glyphicons-halflings.png HTTP/1.1" 200 12799 "http://www.dialyse-falkensee.de/" "Mozilla/5.0 (compatible; MSIE 10.0; Windows NT 6.1; Trident/6.0)"
66.249.78.59 - - [23/Feb/2015:12:00:59 +0100] "GET / HTTP/1.1" 200 3274 "-" "Mozilla/5.0 (compatible; Googlebot/2.1; +http://www.google.com/bot.html)"
167.114.162.113 - - [23/Feb/2015:13:59:05 +0100] "GET / HTTP/1.1" 200 3274 "-" "Mozilla/5.0 (Macintosh; Intel Mac OS X 10_10_2) AppleWebKit/537.36 (KHTML, like Gecko) Chrome/40.0.2214.111 Safari/537.36"
66.249.65.167 - - [23/Feb/2015:14:29:58 +0100] "GET /robots.txt HTTP/1.1" 404 1256 "-" "Mozilla/5.0 (compatible; Googlebot/2.1; +http://www.google.com/bot.html)"
66.249.65.159 - - [23/Feb/2015:14:29:59 +0100] "GET / HTTP/1.1" 200 3274 "-" "Mozilla/5.0 (compatible; Googlebot/2.1; +http://www.google.com/bot.html)"
188.138.41.172 - - [23/Feb/2015:20:20:16 +0100] "GET /robots.txt HTTP/1.1" 404 1256 "-" "Mozilla/5.0 (X11; U; Linux i686; de; rv:1.9.0.1; compatible; iCjobs Stellenangebote Jobs; http://www.icjobs.de) Gecko/20100401 iCjobs/3.2.3"
188.138.41.172 - - [23/Feb/2015:20:20:17 +0100] "GET / HTTP/1.1" 200 3274 "-" "Mozilla/5.0 (X11; U; Linux i686; de; rv:1.9.0.1; compatible; iCjobs Stellenangebote Jobs; http://www.icjobs.de) Gecko/20100401 iCjobs/3.2.3"
188.138.41.172 - - [23/Feb/2015:20:20:17 +0100] "GET /js/bootstrap.min.js HTTP/1.1" 200 25764 "-" "Mozilla/5.0 (X11; U; Linux i686; de; rv:1.9.0.1; compatible; iCjobs Stellenangebote Jobs; http://www.icjobs.de) Gecko/20100401 iCjobs/3.2.3"
188.138.41.172 - - [23/Feb/2015:20:20:20 +0100] "GET /css/bootstrap.min.css HTTP/1.1" 200 101265 "-" "Mozilla/5.0 (X11; U; Linux i686; de; rv:1.9.0.1; compatible; iCjobs Stellenangebote Jobs; http://www.icjobs.de) Gecko/20100401 iCjobs/3.2.3"
188.138.41.172 - - [23/Feb/2015:20:20:21 +0100] "GET /css/bootstrap-responsive.min.css HTTP/1.1" 200 16520 "-" "Mozilla/5.0 (X11; U; Linux i686; de; rv:1.9.0.1; compatible; iCjobs Stellenangebote Jobs; http://www.icjobs.de) Gecko/20100401 iCjobs/3.2.3"
162.210.196.100 - - [23/Feb/2015:20:48:43 +0100] "GET /robots.txt HTTP/1.0" 404 1256 "-" "Mozilla/5.0 (compatible; MJ12bot/v1.4.5; http://www.majestic12.co.uk/bot.php?+)"
162.210.196.100 - - [23/Feb/2015:20:48:45 +0100] "GET / HTTP/1.0" 200 3274 "-" "Mozilla/5.0 (compatible; MJ12bot/v1.4.5; http://www.majestic12.co.uk/bot.php?+)"
66.249.65.163 - - [24/Feb/2015:00:37:29 +0100] "GET / HTTP/1.1" 200 3274 "-" "Mozilla/5.0 (compatible; Googlebot/2.1; +http://www.google.com/bot.html)"
218.30.103.135 - - [24/Feb/2015:01:12:13 +0100] "GET / HTTP/1.1" 200 3274 "-" "Sogou web spider/4.0(+http://www.sogou.com/docs/help/webmasters.htm#07)"
218.30.103.135 - - [24/Feb/2015:01:15:18 +0100] "GET /robots.txt HTTP/1.1" 404 1256 "-" "Sogou web spider/4.0(+http://www.sogou.com/docs/help/webmasters.htm#07)"
64.246.165.170 - - [24/Feb/2015:01:22:11 +0100] "GET /robots.txt HTTP/1.0" 404 1256 "-" "Mozilla/5.0 (Windows; U; Windows NT 5.1; en; rv:1.9.0.13) Gecko/2009073022 Firefox/3.5.2 (.NET CLR 3.5.30729) SurveyBot/2.3 (DomainTools)"
64.246.165.170 - - [24/Feb/2015:01:22:11 +0100] "GET / HTTP/1.1" 200 3274 "http://whois.domaintools.com/dialyse-falkensee.de" "Mozilla/5.0 (Windows; U; Windows NT 5.1; en; rv:1.9.0.13) Gecko/2009073022 Firefox/3.5.2 (.NET CLR 3.5.30729) SurveyBot/2.3 (DomainTools)"
213.110.133.221 - - [24/Feb/2015:04:19:47 +0100] "GET / HTTP/1.1" 200 3274 "http://doska-vsem.ru/" "Mozilla/4.0 (compatible; Blog Search;)"
213.110.133.221 - - [24/Feb/2015:04:19:48 +0100] "GET / HTTP/1.1" 200 3274 "http://doska-vsem.ru/" "Mozilla/4.0 (compatible; Blog Search;)"
213.110.133.221 - - [24/Feb/2015:04:19:49 +0100] "GET / HTTP/1.1" 200 3274 "http://doska-vsem.ru/" "Mozilla/4.0 (compatible; Blog Search;)"
208.90.57.196 - - [24/Feb/2015:04:50:00 +0100] "GET / HTTP/1.1" 200 3274 "-" "Mozilla/5.0 (Macintosh; Intel Mac OS X 10.6; rv:2.0.1) Gecko/20100101 Firefox/4.0.1"
208.90.57.196 - - [24/Feb/2015:04:50:02 +0100] "GET /# HTTP/1.1" 200 3274 "-" "Mozilla/5.0 (Macintosh; Intel Mac OS X 10.6; rv:2.0.1) Gecko/20100101 Firefox/4.0.1"
157.55.39.74 - - [24/Feb/2015:05:02:09 +0100] "GET /home.htm HTTP/1.1" 404 1256 "-" "Mozilla/5.0 (compatible; bingbot/2.0; +http://www.bing.com/bingbot.htm)"
207.46.13.95 - - [24/Feb/2015:06:14:07 +0100] "GET / HTTP/1.1" 200 3274 "-" "Mozilla/5.0 (compatible; bingbot/2.0; +http://www.bing.com/bingbot.htm)"
207.46.13.95 - - [24/Feb/2015:12:09:36 +0100] "GET /robots.txt HTTP/1.1" 404 1256 "-" "Mozilla/5.0 (compatible; bingbot/2.0; +http://www.bing.com/bingbot.htm)"
207.46.13.95 - - [24/Feb/2015:12:09:45 +0100] "GET / HTTP/1.1" 200 3274 "-" "Mozilla/5.0 (compatible; bingbot/2.0; +http://www.bing.com/bingbot.htm)"
199.30.25.77 - - [24/Feb/2015:12:09:47 +0100] "GET /css/bootstrap-responsive.min.css HTTP/1.1" 200 16520 "http://www.dialyse-falkensee.de/" "Mozilla/5.0 (Windows NT 6.1; WOW64) AppleWebKit/534+ (KHTML, like Gecko) BingPreview/1.0b"
199.30.25.77 - - [24/Feb/2015:12:09:47 +0100] "GET /css/bootstrap.min.css HTTP/1.1" 200 101265 "http://www.dialyse-falkensee.de/" "Mozilla/5.0 (Windows NT 6.1; WOW64) AppleWebKit/534+ (KHTML, like Gecko) BingPreview/1.0b"
199.30.25.77 - - [24/Feb/2015:12:09:52 +0100] "GET /js/bootstrap.min.js HTTP/1.1" 200 25764 "http://www.dialyse-falkensee.de/" "Mozilla/5.0 (Windows NT 6.1; WOW64) AppleWebKit/534+ (KHTML, like Gecko) BingPreview/1.0b"
66.249.65.163 - - [24/Feb/2015:12:27:25 +0100] "GET /robots.txt HTTP/1.1" 404 1256 "-" "Mozilla/5.0 (compatible; Googlebot/2.1; +http://www.google.com/bot.html)"
66.249.65.159 - - [24/Feb/2015:12:27:25 +0100] "GET / HTTP/1.1" 200 3274 "-" "Mozilla/5.0 (iPhone; CPU iPhone OS 6_0 like Mac OS X) AppleWebKit/536.26 (KHTML, like Gecko) Version/6.0 Mobile/10A5376e Safari/8536.25 (compatible; Googlebot/2.1; +http://www.google.com/bot.html)"
54.152.54.166 - - [24/Feb/2015:14:39:15 +0100] "GET / HTTP/1.1" 200 3274 "-" "Mozilla/5.0 (compatible& Googlebot/2.1& +http://www.google.com/bot.html)"
77.75.73.36 - - [24/Feb/2015:17:48:27 +0100] "GET /robots.txt HTTP/1.1" 404 1256 "-" "Mozilla/5.0 (compatible; SeznamBot/3.2; +http://fulltext.sblog.cz/)"
77.75.73.36 - - [24/Feb/2015:17:48:27 +0100] "GET / HTTP/1.1" 304 - "-" "Mozilla/5.0 (compatible; SeznamBot/3.2; +http://fulltext.sblog.cz/)"
66.249.65.167 - - [25/Feb/2015:04:17:39 +0100] "GET /robots.txt HTTP/1.1" 404 1256 "-" "Mozilla/5.0 (compatible; Googlebot/2.1; +http://www.google.com/bot.html)"
66.249.65.159 - - [25/Feb/2015:04:17:40 +0100] "GET /css/bootstrap-responsive.min.css HTTP/1.1" 200 16520 "-" "Mozilla/5.0 (compatible; Googlebot/2.1; +http://www.google.com/bot.html)"
93.219.229.58 - - [25/Feb/2015:06:47:22 +0100] "GET / HTTP/1.1" 200 3274 "-" "Mozilla/5.0 (Linux; Android 4.4.2; GT-I9506 Build/KOT49H) AppleWebKit/537.36 (KHTML, like Gecko) Chrome/40.0.2214.109 Mobile Safari/537.36"
93.219.229.58 - - [25/Feb/2015:06:47:23 +0100] "GET /css/bootstrap-responsive.min.css HTTP/1.1" 200 16520 "http://www.dialyse-falkensee.de/" "Mozilla/5.0 (Linux; Android 4.4.2; GT-I9506 Build/KOT49H) AppleWebKit/537.36 (KHTML, like Gecko) Chrome/40.0.2214.109 Mobile Safari/537.36"
93.219.229.58 - - [25/Feb/2015:06:47:23 +0100] "GET /js/bootstrap.min.js HTTP/1.1" 200 25764 "http://www.dialyse-falkensee.de/" "Mozilla/5.0 (Linux; Android 4.4.2; GT-I9506 Build/KOT49H) AppleWebKit/537.36 (KHTML, like Gecko) Chrome/40.0.2214.109 Mobile Safari/537.36"
93.219.229.58 - - [25/Feb/2015:06:47:23 +0100] "GET /css/bootstrap.min.css HTTP/1.1" 200 101265 "http://www.dialyse-falkensee.de/" "Mozilla/5.0 (Linux; Android 4.4.2; GT-I9506 Build/KOT49H) AppleWebKit/537.36 (KHTML, like Gecko) Chrome/40.0.2214.109 Mobile Safari/537.36"
93.219.229.58 - - [25/Feb/2015:06:47:23 +0100] "GET /img/glyphicons-halflings.png HTTP/1.1" 200 12799 "http://www.dialyse-falkensee.de/css/bootstrap.min.css" "Mozilla/5.0 (Linux; Android 4.4.2; GT-I9506 Build/KOT49H) AppleWebKit/537.36 (KHTML, like Gecko) Chrome/40.0.2214.109 Mobile Safari/537.36"
93.219.229.58 - - [25/Feb/2015:06:47:24 +0100] "GET /ico/favicon.ico HTTP/1.1" 404 1256 "-" "Mozilla/5.0 (Linux; Android 4.4.2; GT-I9506 Build/KOT49H) AppleWebKit/537.36 (KHTML, like Gecko) Chrome/40.0.2214.109 Mobile Safari/537.36"
66.249.65.159 - - [25/Feb/2015:08:02:29 +0100] "GET /css/bootstrap.min.css HTTP/1.1" 200 101265 "-" "Mozilla/5.0 (compatible; Googlebot/2.1; +http://www.google.com/bot.html)"
94.66.101.233 - - [25/Feb/2015:11:49:35 +0100] "GET / HTTP/1.1" 200 3274 "https://www.google.gr/" "Mozilla/5.0 (Windows NT 6.1; WOW64) AppleWebKit/537.36 (KHTML, like Gecko) Chrome/40.0.2214.115 Safari/537.36"
94.66.101.233 - - [25/Feb/2015:11:49:35 +0100] "GET /css/bootstrap-responsive.min.css HTTP/1.1" 200 16520 "http://www.dialyse-falkensee.de/" "Mozilla/5.0 (Windows NT 6.1; WOW64) AppleWebKit/537.36 (KHTML, like Gecko) Chrome/40.0.2214.115 Safari/537.36"
94.66.101.233 - - [25/Feb/2015:11:49:35 +0100] "GET /js/bootstrap.min.js HTTP/1.1" 200 25764 "http://www.dialyse-falkensee.de/" "Mozilla/5.0 (Windows NT 6.1; WOW64) AppleWebKit/537.36 (KHTML, like Gecko) Chrome/40.0.2214.115 Safari/537.36"
94.66.101.233 - - [25/Feb/2015:11:49:35 +0100] "GET /css/bootstrap.min.css HTTP/1.1" 200 101265 "http://www.dialyse-falkensee.de/" "Mozilla/5.0 (Windows NT 6.1; WOW64) AppleWebKit/537.36 (KHTML, like Gecko) Chrome/40.0.2214.115 Safari/537.36"
94.66.101.233 - - [25/Feb/2015:11:49:36 +0100] "GET /ico/favicon.ico HTTP/1.1" 404 1256 "-" "Mozilla/5.0 (Windows NT 6.1; WOW64) AppleWebKit/537.36 (KHTML, like Gecko) Chrome/40.0.2214.115 Safari/537.36"
208.90.57.196 - - [25/Feb/2015:12:57:29 +0100] "GET / HTTP/1.1" 200 3274 "-" "Mozilla/5.0 (Macintosh; Intel Mac OS X 10.6; rv:2.0.1) Gecko/20100101 Firefox/4.0.1"
208.90.57.196 - - [25/Feb/2015:12:57:33 +0100] "GET /# HTTP/1.1" 200 3274 "-" "Mozilla/5.0 (Macintosh; Intel Mac OS X 10.6; rv:2.0.1) Gecko/20100101 Firefox/4.0.1"
89.204.138.37 - - [25/Feb/2015:15:47:50 +0100] "GET / HTTP/1.1" 200 3274 "https://www.google.de/" "Mozilla/5.0 (Linux; Android 4.4.2; de-de; SAMSUNG GT-I9195 Build/KOT49H) AppleWebKit/537.36 (KHTML, like Gecko) Version/1.5 Chrome/28.0.1500.94 Mobile Safari/537.36"
89.204.138.37 - - [25/Feb/2015:15:47:50 +0100] "GET /css/bootstrap-responsive.min.css HTTP/1.1" 200 16520 "http://www.dialyse-falkensee.de/" "Mozilla/5.0 (Linux; Android 4.4.2; de-de; SAMSUNG GT-I9195 Build/KOT49H) AppleWebKit/537.36 (KHTML, like Gecko) Version/1.5 Chrome/28.0.1500.94 Mobile Safari/537.36"
89.204.138.37 - - [25/Feb/2015:15:47:50 +0100] "GET /js/bootstrap.min.js HTTP/1.1" 200 25764 "http://www.dialyse-falkensee.de/" "Mozilla/5.0 (Linux; Android 4.4.2; de-de; SAMSUNG GT-I9195 Build/KOT49H) AppleWebKit/537.36 (KHTML, like Gecko) Version/1.5 Chrome/28.0.1500.94 Mobile Safari/537.36"
89.204.138.37 - - [25/Feb/2015:15:47:50 +0100] "GET /css/bootstrap.min.css HTTP/1.1" 200 101265 "http://www.dialyse-falkensee.de/" "Mozilla/5.0 (Linux; Android 4.4.2; de-de; SAMSUNG GT-I9195 Build/KOT49H) AppleWebKit/537.36 (KHTML, like Gecko) Version/1.5 Chrome/28.0.1500.94 Mobile Safari/537.36"
89.204.138.37 - - [25/Feb/2015:15:47:51 +0100] "GET /img/glyphicons-halflings.png HTTP/1.1" 200 12799 "http://www.dialyse-falkensee.de/" "Mozilla/5.0 (Linux; Android 4.4.2; de-de; SAMSUNG GT-I9195 Build/KOT49H) AppleWebKit/537.36 (KHTML, like Gecko) Version/1.5 Chrome/28.0.1500.94 Mobile Safari/537.36"
89.204.138.37 - - [25/Feb/2015:15:47:52 +0100] "GET /ico/favicon.ico HTTP/1.1" 404 1256 "-" "Mozilla/5.0 (Linux; Android 4.4.2; de-de; SAMSUNG GT-I9195 Build/KOT49H) AppleWebKit/537.36 (KHTML, like Gecko) Version/1.5 Chrome/28.0.1500.94 Mobile Safari/537.36"
93.232.24.210 - - [25/Feb/2015:17:25:35 +0100] "HEAD / HTTP/1.1" 200 - "-" "LWP::Simple/6.00 libwww-perl/6.04"
93.232.24.210 - - [25/Feb/2015:17:25:35 +0100] "GET / HTTP/1.1" 200 3274 "-" "LWP::Simple/6.00 libwww-perl/6.04"
93.232.24.210 - - [25/Feb/2015:17:25:35 +0100] "GET / HTTP/1.1" 200 3274 "" "suma spider"
119.63.196.121 - - [25/Feb/2015:17:27:42 +0100] "GET / HTTP/1.1" 200 3274 "-" "Mozilla/5.0 (compatible; Baiduspider/2.0; +http://www.baidu.com/search/spider.html)"
117.78.13.18 - - [25/Feb/2015:18:53:30 +0100] "GET /robots.txt HTTP/1.0" 404 1256 "-" "nutch-1.4/Nutch-1.4"
117.78.13.18 - - [25/Feb/2015:18:53:31 +0100] "GET / HTTP/1.0" 200 3274 "-" "nutch-1.4/Nutch-1.4"
144.76.18.125 - - [25/Feb/2015:19:07:12 +0100] "GET / HTTP/1.1" 200 3274 "-" "Mozilla/5.0 (Windows; U; Windows NT 6.0; de; rv:1.9.2.3) Gecko/20100401 Firefox/3.6.3 ( .NET CLR 3.5.30729)"
144.76.18.125 - - [25/Feb/2015:20:21:30 +0100] "GET / HTTP/1.1" 200 3274 "-" "Mozilla/5.0 (Windows; U; Windows NT 6.0; de; rv:1.9.2.3) Gecko/20100401 Firefox/3.6.3 ( .NET CLR 3.5.30729)"
66.249.69.19 - - [25/Feb/2015:23:09:12 +0100] "GET /robots.txt HTTP/1.1" 404 1256 "-" "Mozilla/5.0 (compatible; Googlebot/2.1; +http://www.google.com/bot.html)"
66.249.69.19 - - [25/Feb/2015:23:09:13 +0100] "GET / HTTP/1.1" 200 3274 "-" "Mozilla/5.0 (iPhone; CPU iPhone OS 6_0 like Mac OS X) AppleWebKit/536.26 (KHTML, like Gecko) Version/6.0 Mobile/10A5376e Safari/8536.25 (compatible; Googlebot/2.1; +http://www.google.com/bot.html)"
144.76.18.125 - - [25/Feb/2015:23:23:13 +0100] "GET / HTTP/1.1" 200 3274 "-" "Mozilla/5.0 (Windows; U; Windows NT 6.0; de; rv:1.9.2.3) Gecko/20100401 Firefox/3.6.3 ( .NET CLR 3.5.30729)"
144.76.18.125 - - [26/Feb/2015:00:03:58 +0100] "GET / HTTP/1.1" 200 3274 "-" "Mozilla/5.0 (Windows; U; Windows NT 6.0; de; rv:1.9.2.3) Gecko/20100401 Firefox/3.6.3 ( .NET CLR 3.5.30729)"
207.46.13.95 - - [26/Feb/2015:00:51:01 +0100] "GET / HTTP/1.1" 200 3274 "-" "Mozilla/5.0 (compatible; bingbot/2.0; +http://www.bing.com/bingbot.htm)"
87.145.213.44 - - [26/Feb/2015:03:43:34 +0100] "GET / HTTP/1.1" 200 3274 "http://www.bigfinder.de/?c=ws&q=online&v=1" "Mozilla/4.0 (compatible; MSIE 8.0; Windows NT 6.1; Trident/4.0; SLCC2; .NET CLR 2.0.50727; .NET CLR 3.5.30729; .NET CLR 3.0.30729; Media Center PC 6.0)"
107.170.65.251 - - [26/Feb/2015:04:48:21 +0100] "GET /robots.txt HTTP/1.1" 404 1256 "-" "Mozilla/5.0 (compatible; spbot/4.4.2; +http://OpenLinkProfiler.org/bot )"
107.170.65.251 - - [26/Feb/2015:04:48:26 +0100] "GET / HTTP/1.1" 200 3274 "-" "Mozilla/5.0 (compatible; spbot/4.4.2; +http://OpenLinkProfiler.org/bot )"
66.249.69.19 - - [26/Feb/2015:09:24:36 +0100] "GET / HTTP/1.1" 200 3274 "-" "Mozilla/5.0 (compatible; Googlebot/2.1; +http://www.google.com/bot.html)"
93.219.229.58 - - [26/Feb/2015:09:27:31 +0100] "GET /ico/favicon.ico HTTP/1.1" 404 1256 "-" "Mozilla/5.0 (Linux; Android 4.4.2; GT-I9506 Build/KOT49H) AppleWebKit/537.36 (KHTML, like Gecko) Chrome/40.0.2214.109 Mobile Safari/537.36"
91.64.191.150 - - [26/Feb/2015:09:45:03 +0100] "GET / HTTP/1.1" 200 3274 "https://www.google.de/" "Mozilla/5.0 (iPad; CPU OS 7_1_2 like Mac OS X) AppleWebKit/537.51.2 (KHTML, like Gecko) Version/7.0 Mobile/11D257 Safari/9537.53"
91.64.191.150 - - [26/Feb/2015:09:45:03 +0100] "GET /css/bootstrap-responsive.min.css HTTP/1.1" 200 16520 "http://www.dialyse-falkensee.de/" "Mozilla/5.0 (iPad; CPU OS 7_1_2 like Mac OS X) AppleWebKit/537.51.2 (KHTML, like Gecko) Version/7.0 Mobile/11D257 Safari/9537.53"
91.64.191.150 - - [26/Feb/2015:09:45:03 +0100] "GET /css/bootstrap.min.css HTTP/1.1" 200 101265 "http://www.dialyse-falkensee.de/" "Mozilla/5.0 (iPad; CPU OS 7_1_2 like Mac OS X) AppleWebKit/537.51.2 (KHTML, like Gecko) Version/7.0 Mobile/11D257 Safari/9537.53"
91.64.191.150 - - [26/Feb/2015:09:45:03 +0100] "GET /js/bootstrap.min.js HTTP/1.1" 200 25764 "http://www.dialyse-falkensee.de/" "Mozilla/5.0 (iPad; CPU OS 7_1_2 like Mac OS X) AppleWebKit/537.51.2 (KHTML, like Gecko) Version/7.0 Mobile/11D257 Safari/9537.53"
84.132.236.182 - - [26/Feb/2015:10:03:31 +0100] "GET / HTTP/1.1" 200 3274 "http://www.google.de/url?sa=t&rct=j&q=&esrc=s&source=web&cd=1&ved=0CCMQFjAA&url=http%3A%2F%2Fwww.dialyse-falkensee.de%2F&ei=OuHuVNufD8fKPfqDgZAG&usg=AFQjCNECgXXq-DVOeCPbM1zyqacv9mR2gg&bvm=bv.86956481,d.ZWU" "Mozilla/5.0 (Macintosh; Intel Mac OS X 10.6; rv:35.0) Gecko/20100101 Firefox/35.0"
84.132.236.182 - - [26/Feb/2015:10:03:31 +0100] "GET /css/bootstrap-responsive.min.css HTTP/1.1" 200 16520 "http://www.dialyse-falkensee.de/" "Mozilla/5.0 (Macintosh; Intel Mac OS X 10.6; rv:35.0) Gecko/20100101 Firefox/35.0"
84.132.236.182 - - [26/Feb/2015:10:03:31 +0100] "GET /js/bootstrap.min.js HTTP/1.1" 200 25764 "http://www.dialyse-falkensee.de/" "Mozilla/5.0 (Macintosh; Intel Mac OS X 10.6; rv:35.0) Gecko/20100101 Firefox/35.0"
84.132.236.182 - - [26/Feb/2015:10:03:31 +0100] "GET /ico/favicon.ico HTTP/1.1" 404 1256 "-" "Mozilla/5.0 (Macintosh; Intel Mac OS X 10.6; rv:35.0) Gecko/20100101 Firefox/35.0"
84.132.236.182 - - [26/Feb/2015:10:03:31 +0100] "GET /css/bootstrap.min.css HTTP/1.1" 200 101265 "http://www.dialyse-falkensee.de/" "Mozilla/5.0 (Macintosh; Intel Mac OS X 10.6; rv:35.0) Gecko/20100101 Firefox/35.0"
84.132.236.182 - - [26/Feb/2015:10:03:58 +0100] "GET /favicon.ico HTTP/1.1" 404 1256 "-" "Mozilla/5.0 (Macintosh; Intel Mac OS X 10.6; rv:35.0) Gecko/20100101 Firefox/35.0"
84.132.236.182 - - [26/Feb/2015:10:03:58 +0100] "GET /favicon.ico HTTP/1.1" 404 1256 "-" "Mozilla/5.0 (Macintosh; Intel Mac OS X 10.6; rv:35.0) Gecko/20100101 Firefox/35.0"
66.249.69.19 - - [26/Feb/2015:10:11:53 +0100] "GET / HTTP/1.1" 200 3274 "-" "Mozilla/5.0 (compatible; Googlebot/2.1; +http://www.google.com/bot.html)"
217.27.196.25 - - [26/Feb/2015:11:16:06 +0100] "GET / HTTP/1.1" 200 3274 "http://www.bing.com/search?q=Dialyse+Falkensee&src=ie9tr" "Mozilla/5.0 (compatible; MSIE 9.0; Windows NT 6.1; WOW64; Trident/5.0)"
217.27.196.25 - - [26/Feb/2015:11:16:07 +0100] "GET /css/bootstrap-responsive.min.css HTTP/1.1" 200 16520 "http://www.dialyse-falkensee.de/" "Mozilla/5.0 (compatible; MSIE 9.0; Windows NT 6.1; WOW64; Trident/5.0)"
217.27.196.25 - - [26/Feb/2015:11:16:07 +0100] "GET /css/bootstrap.min.css HTTP/1.1" 200 101265 "http://www.dialyse-falkensee.de/" "Mozilla/5.0 (compatible; MSIE 9.0; Windows NT 6.1; WOW64; Trident/5.0)"
217.27.196.25 - - [26/Feb/2015:11:16:07 +0100] "GET /img/glyphicons-halflings.png HTTP/1.1" 200 12799 "http://www.dialyse-falkensee.de/" "Mozilla/5.0 (compatible; MSIE 9.0; Windows NT 6.1; WOW64; Trident/5.0)"
217.27.196.25 - - [26/Feb/2015:11:16:07 +0100] "GET /js/bootstrap.min.js HTTP/1.1" 200 25764 "http://www.dialyse-falkensee.de/" "Mozilla/5.0 (compatible; MSIE 9.0; Windows NT 6.1; WOW64; Trident/5.0)"
217.27.196.25 - - [26/Feb/2015:11:16:07 +0100] "GET /ico/favicon.ico HTTP/1.1" 404 1256 "-" "Mozilla/5.0 (compatible; MSIE 9.0; Windows NT 6.1; WOW64; Trident/5.0)"
157.55.39.104 - - [26/Feb/2015:12:40:15 +0100] "GET /index.html HTTP/1.1" 200 3274 "-" "Mozilla/5.0 (compatible; bingbot/2.0; +http://www.bing.com/bingbot.htm)"
157.55.39.103 - - [26/Feb/2015:12:40:20 +0100] "GET /robots.txt HTTP/1.1" 404 1256 "-" "Mozilla/5.0 (compatible; bingbot/2.0; +http://www.bing.com/bingbot.htm)"
157.55.39.103 - - [26/Feb/2015:12:40:21 +0100] "GET /robots.txt HTTP/1.1" 404 1256 "-" "Mozilla/5.0 (compatible; bingbot/2.0; +http://www.bing.com/bingbot.htm)"
157.55.39.103 - - [26/Feb/2015:12:40:21 +0100] "GET /robots.txt HTTP/1.1" 404 1256 "-" "Mozilla/5.0 (compatible; bingbot/2.0; +http://www.bing.com/bingbot.htm)"
157.55.39.103 - - [26/Feb/2015:12:40:21 +0100] "GET /robots.txt HTTP/1.1" 404 1256 "-" "Mozilla/5.0 (compatible; bingbot/2.0; +http://www.bing.com/bingbot.htm)"
157.55.39.103 - - [26/Feb/2015:12:40:26 +0100] "GET /css/bootstrap.min.css HTTP/1.1" 200 101265 "-" "Mozilla/5.0 (compatible; bingbot/2.0; +http://www.bing.com/bingbot.htm)"
207.46.13.88 - - [26/Feb/2015:12:40:55 +0100] "GET /robots.txt HTTP/1.1" 404 1256 "-" "Mozilla/5.0 (compatible; bingbot/2.0; +http://www.bing.com/bingbot.htm)"
207.46.13.88 - - [26/Feb/2015:12:40:58 +0100] "GET /js/bootstrap.min.js HTTP/1.1" 200 25764 "-" "Mozilla/5.0 (compatible; bingbot/2.0; +http://www.bing.com/bingbot.htm)"
207.46.13.95 - - [26/Feb/2015:13:09:13 +0100] "GET /css/bootstrap-responsive.min.css HTTP/1.1" 200 16520 "-" "Mozilla/5.0 (compatible; bingbot/2.0; +http://www.bing.com/bingbot.htm)"
66.249.69.19 - - [26/Feb/2015:13:20:01 +0100] "GET /robots.txt HTTP/1.1" 404 1256 "-" "Mozilla/5.0 (compatible; Googlebot/2.1; +http://www.google.com/bot.html)"
66.249.69.19 - - [26/Feb/2015:13:20:01 +0100] "GET / HTTP/1.1" 200 3274 "-" "Mozilla/5.0 (compatible; Googlebot/2.1; +http://www.google.com/bot.html)"
194.76.232.207 - - [26/Feb/2015:14:56:35 +0100] "GET / HTTP/1.1" 200 3274 "http://www.google.de/url?sa=t&rct=j&q=&esrc=s&frm=1&source=web&cd=1&sqi=2&ved=0CCEQFjAA&url=http%3A%2F%2Fwww.dialyse-falkensee.de%2F&ei=5SXvVPeqKYfAOeb5gfAG&usg=AFQjCNECgXXq-DVOeCPbM1zyqacv9mR2gg&bvm=bv.86956481,d.ZWU" "Mozilla/5.0 (compatible; MSIE 9.0; Windows NT 6.1; Trident/5.0)"
194.76.232.207 - - [26/Feb/2015:14:56:35 +0100] "GET /css/bootstrap-responsive.min.css HTTP/1.1" 200 16520 "http://www.dialyse-falkensee.de/" "Mozilla/5.0 (compatible; MSIE 9.0; Windows NT 6.1; Trident/5.0)"
194.76.232.207 - - [26/Feb/2015:14:56:35 +0100] "GET /css/bootstrap.min.css HTTP/1.1" 200 101265 "http://www.dialyse-falkensee.de/" "Mozilla/5.0 (compatible; MSIE 9.0; Windows NT 6.1; Trident/5.0)"
194.76.232.207 - - [26/Feb/2015:14:56:35 +0100] "GET /js/bootstrap.min.js HTTP/1.1" 200 25764 "http://www.dialyse-falkensee.de/" "Mozilla/5.0 (compatible; MSIE 9.0; Windows NT 6.1; Trident/5.0)"
194.76.232.207 - - [26/Feb/2015:14:56:35 +0100] "GET /img/glyphicons-halflings.png HTTP/1.1" 200 12799 "http://www.dialyse-falkensee.de/" "Mozilla/5.0 (compatible; MSIE 9.0; Windows NT 6.1; Trident/5.0)"
194.76.232.207 - - [26/Feb/2015:14:56:36 +0100] "GET /ico/favicon.ico HTTP/1.1" 404 1256 "-" "Mozilla/5.0 (compatible; MSIE 9.0; Windows NT 6.1; Trident/5.0)"
93.232.52.137 - - [26/Feb/2015:15:23:42 +0100] "HEAD / HTTP/1.1" 200 - "-" "LWP::Simple/6.00 libwww-perl/6.04"
93.232.52.137 - - [26/Feb/2015:15:23:42 +0100] "GET / HTTP/1.1" 200 3274 "-" "LWP::Simple/6.00 libwww-perl/6.04"
93.232.52.137 - - [26/Feb/2015:15:23:42 +0100] "GET / HTTP/1.1" 200 3274 "" "suma spider"
87.160.167.136 - - [26/Feb/2015:15:54:32 +0100] "GET / HTTP/1.1" 200 3274 "http://www.google.de/url?sa=t&rct=j&q=&esrc=s&source=web&cd=1&sqi=2&ved=0CCEQFjAA&url=http%3A%2F%2Fwww.dialyse-falkensee.de%2F&ei=dDPvVNzAN82sPZLvgfgI&usg=AFQjCNECgXXq-DVOeCPbM1zyqacv9mR2gg" "Mozilla/5.0 (Windows NT 6.1; WOW64; Trident/7.0; rv:11.0) like Gecko"
87.160.167.136 - - [26/Feb/2015:15:54:32 +0100] "GET /css/bootstrap-responsive.min.css HTTP/1.1" 200 16520 "http://www.dialyse-falkensee.de/" "Mozilla/5.0 (Windows NT 6.1; WOW64; Trident/7.0; rv:11.0) like Gecko"
87.160.167.136 - - [26/Feb/2015:15:54:32 +0100] "GET /css/bootstrap.min.css HTTP/1.1" 200 101265 "http://www.dialyse-falkensee.de/" "Mozilla/5.0 (Windows NT 6.1; WOW64; Trident/7.0; rv:11.0) like Gecko"
87.160.167.136 - - [26/Feb/2015:15:54:33 +0100] "GET /js/bootstrap.min.js HTTP/1.1" 200 25764 "http://www.dialyse-falkensee.de/" "Mozilla/5.0 (Windows NT 6.1; WOW64; Trident/7.0; rv:11.0) like Gecko"
87.160.167.136 - - [26/Feb/2015:15:54:33 +0100] "GET /ico/favicon.ico HTTP/1.1" 404 1256 "-" "Mozilla/5.0 (Windows NT 6.1; Win64; x64; Trident/7.0; rv:11.0) like Gecko"
87.160.167.136 - - [26/Feb/2015:15:54:33 +0100] "GET /favicon.ico HTTP/1.1" 404 1256 "-" "Mozilla/5.0 (Windows NT 6.1; Win64; x64; Trident/7.0; rv:11.0) like Gecko"
87.160.167.136 - - [26/Feb/2015:15:54:53 +0100] "GET /img/glyphicons-halflings.png HTTP/1.1" 200 12799 "http://www.dialyse-falkensee.de/" "Mozilla/5.0 (Windows NT 6.1; WOW64; Trident/7.0; rv:11.0) like Gecko"
87.160.167.136 - - [26/Feb/2015:15:55:08 +0100] "GET /ico/favicon.ico HTTP/1.1" 404 1256 "-" "Mozilla/5.0 (Windows NT 6.1; Win64; x64; Trident/7.0; rv:11.0) like Gecko"
87.160.167.136 - - [26/Feb/2015:15:55:08 +0100] "GET /favicon.ico HTTP/1.1" 404 1256 "-" "Mozilla/5.0 (Windows NT 6.1; Win64; x64; Trident/7.0; rv:11.0) like Gecko"
66.249.78.52 - - [26/Feb/2015:17:46:21 +0100] "GET /robots.txt HTTP/1.1" 404 1256 "-" "Mozilla/5.0 (compatible; Googlebot/2.1; +http://www.google.com/bot.html)"
66.249.78.52 - - [26/Feb/2015:17:46:21 +0100] "GET / HTTP/1.1" 200 3274 "-" "Mozilla/5.0 (iPhone; CPU iPhone OS 6_0 like Mac OS X) AppleWebKit/536.26 (KHTML, like Gecko) Version/6.0 Mobile/10A5376e Safari/8536.25 (compatible; Googlebot/2.1; +http://www.google.com/bot.html)"
144.76.18.125 - - [26/Feb/2015:20:44:50 +0100] "GET / HTTP/1.1" 200 3274 "-" "Mozilla/5.0 (Windows; U; Windows NT 6.0; de; rv:1.9.2.3) Gecko/20100401 Firefox/3.6.3 ( .NET CLR 3.5.30729)"
178.255.215.83 - - [26/Feb/2015:21:42:18 +0100] "GET /robots.txt HTTP/1.1" 404 1256 "-" "Mozilla/5.0 (compatible; Exabot/3.0; +http://www.exabot.com/go/robot)"
178.255.215.83 - - [26/Feb/2015:21:42:18 +0100] "GET / HTTP/1.1" 304 - "-" "Mozilla/5.0 (compatible; Exabot/3.0; +http://www.exabot.com/go/robot)"
66.249.78.45 - - [27/Feb/2015:01:37:43 +0100] "GET / HTTP/1.1" 200 3274 "-" "Mozilla/5.0 (compatible; Googlebot/2.1; +http://www.google.com/bot.html)"
