91.115.160.245 - - [22/Mar/2010:19:26:45 +0100] "GET /images/ptr_akt.jpg HTTP/1.1" 200 3048 "http://www.boedenundmehr.de/" "Mozilla/5.0 (Windows; U; Windows NT 6.0; de; rv:1.9.2) Gecko/20100115 Firefox/3.6 (.NET CLR 3.5.30729)"
91.115.160.245 - - [22/Mar/2010:19:26:45 +0100] "GET /images/ref_pas.jpg HTTP/1.1" 200 1043 "http://www.boedenundmehr.de/" "Mozilla/5.0 (Windows; U; Windows NT 6.0; de; rv:1.9.2) Gecko/20100115 Firefox/3.6 (.NET CLR 3.5.30729)"
91.115.160.245 - - [22/Mar/2010:19:26:45 +0100] "GET /images/ref_akt.jpg HTTP/1.1" 200 1528 "http://www.boedenundmehr.de/" "Mozilla/5.0 (Windows; U; Windows NT 6.0; de; rv:1.9.2) Gecko/20100115 Firefox/3.6 (.NET CLR 3.5.30729)"
91.115.160.245 - - [22/Mar/2010:19:26:45 +0100] "GET /images/fsh_pas.jpg HTTP/1.1" 200 1094 "http://www.boedenundmehr.de/" "Mozilla/5.0 (Windows; U; Windows NT 6.0; de; rv:1.9.2) Gecko/20100115 Firefox/3.6 (.NET CLR 3.5.30729)"
91.115.160.245 - - [22/Mar/2010:19:26:45 +0100] "GET /images/fsh_akt.jpg HTTP/1.1" 200 1590 "http://www.boedenundmehr.de/" "Mozilla/5.0 (Windows; U; Windows NT 6.0; de; rv:1.9.2) Gecko/20100115 Firefox/3.6 (.NET CLR 3.5.30729)"
91.115.160.245 - - [22/Mar/2010:19:26:44 +0100] "GET /images/logoani.gif HTTP/1.1" 200 139624 "http://www.boedenundmehr.de/" "Mozilla/5.0 (Windows; U; Windows NT 6.0; de; rv:1.9.2) Gecko/20100115 Firefox/3.6 (.NET CLR 3.5.30729)"
91.115.160.245 - - [22/Mar/2010:19:26:45 +0100] "GET /images/fga_pas.jpg HTTP/1.1" 200 1246 "http://www.boedenundmehr.de/" "Mozilla/5.0 (Windows; U; Windows NT 6.0; de; rv:1.9.2) Gecko/20100115 Firefox/3.6 (.NET CLR 3.5.30729)"
91.115.160.245 - - [22/Mar/2010:19:26:45 +0100] "GET /images/fga_akt.jpg HTTP/1.1" 200 1837 "http://www.boedenundmehr.de/" "Mozilla/5.0 (Windows; U; Windows NT 6.0; de; rv:1.9.2) Gecko/20100115 Firefox/3.6 (.NET CLR 3.5.30729)"
91.115.160.245 - - [22/Mar/2010:19:26:45 +0100] "GET /images/kon_pas.jpg HTTP/1.1" 200 852 "http://www.boedenundmehr.de/" "Mozilla/5.0 (Windows; U; Windows NT 6.0; de; rv:1.9.2) Gecko/20100115 Firefox/3.6 (.NET CLR 3.5.30729)"
91.115.160.245 - - [22/Mar/2010:19:26:45 +0100] "GET /images/kon_akt.jpg HTTP/1.1" 200 1199 "http://www.boedenundmehr.de/" "Mozilla/5.0 (Windows; U; Windows NT 6.0; de; rv:1.9.2) Gecko/20100115 Firefox/3.6 (.NET CLR 3.5.30729)"
91.115.160.245 - - [22/Mar/2010:19:26:45 +0100] "GET /images/imp_pas.jpg HTTP/1.1" 200 1016 "http://www.boedenundmehr.de/" "Mozilla/5.0 (Windows; U; Windows NT 6.0; de; rv:1.9.2) Gecko/20100115 Firefox/3.6 (.NET CLR 3.5.30729)"
91.115.160.245 - - [22/Mar/2010:19:26:45 +0100] "GET /images/imp_akt.jpg HTTP/1.1" 200 1463 "http://www.boedenundmehr.de/" "Mozilla/5.0 (Windows; U; Windows NT 6.0; de; rv:1.9.2) Gecko/20100115 Firefox/3.6 (.NET CLR 3.5.30729)"
91.115.160.245 - - [22/Mar/2010:19:26:45 +0100] "GET /favicon.ico HTTP/1.1" 404 1256 "-" "Mozilla/5.0 (Windows; U; Windows NT 6.0; de; rv:1.9.2) Gecko/20100115 Firefox/3.6 (.NET CLR 3.5.30729)"
91.115.160.245 - - [22/Mar/2010:19:26:48 +0100] "GET /leistungen.htm HTTP/1.1" 200 5320 "http://www.boedenundmehr.de/" "Mozilla/5.0 (Windows; U; Windows NT 6.0; de; rv:1.9.2) Gecko/20100115 Firefox/3.6 (.NET CLR 3.5.30729)"
91.115.160.245 - - [22/Mar/2010:19:26:48 +0100] "GET /images/lei.jpg HTTP/1.1" 200 2187 "http://www.boedenundmehr.de/leistungen.htm" "Mozilla/5.0 (Windows; U; Windows NT 6.0; de; rv:1.9.2) Gecko/20100115 Firefox/3.6 (.NET CLR 3.5.30729)"
91.115.160.245 - - [22/Mar/2010:19:26:48 +0100] "GET /favicon.ico HTTP/1.1" 404 1256 "-" "Mozilla/5.0 (Windows; U; Windows NT 6.0; de; rv:1.9.2) Gecko/20100115 Firefox/3.6 (.NET CLR 3.5.30729)"
91.115.160.245 - - [22/Mar/2010:19:26:48 +0100] "GET /favicon.ico HTTP/1.1" 404 1256 "-" "Mozilla/5.0 (Windows; U; Windows NT 6.0; de; rv:1.9.2) Gecko/20100115 Firefox/3.6 (.NET CLR 3.5.30729)"
91.115.160.245 - - [22/Mar/2010:19:26:49 +0100] "GET /trittschall.htm HTTP/1.1" 200 5274 "http://www.boedenundmehr.de/leistungen.htm" "Mozilla/5.0 (Windows; U; Windows NT 6.0; de; rv:1.9.2) Gecko/20100115 Firefox/3.6 (.NET CLR 3.5.30729)"
91.115.160.245 - - [22/Mar/2010:19:26:50 +0100] "GET /images/ptr.jpg HTTP/1.1" 200 5149 "http://www.boedenundmehr.de/trittschall.htm" "Mozilla/5.0 (Windows; U; Windows NT 6.0; de; rv:1.9.2) Gecko/20100115 Firefox/3.6 (.NET CLR 3.5.30729)"
91.115.160.245 - - [22/Mar/2010:19:26:50 +0100] "GET /fotos/linoleum.jpg HTTP/1.1" 200 14314 "http://www.boedenundmehr.de/trittschall.htm" "Mozilla/5.0 (Windows; U; Windows NT 6.0; de; rv:1.9.2) Gecko/20100115 Firefox/3.6 (.NET CLR 3.5.30729)"
91.115.160.245 - - [22/Mar/2010:19:26:51 +0100] "GET /referenzen.htm HTTP/1.1" 200 6024 "http://www.boedenundmehr.de/trittschall.htm" "Mozilla/5.0 (Windows; U; Windows NT 6.0; de; rv:1.9.2) Gecko/20100115 Firefox/3.6 (.NET CLR 3.5.30729)"
91.115.160.245 - - [22/Mar/2010:19:26:51 +0100] "GET /images/ref.jpg HTTP/1.1" 200 2235 "http://www.boedenundmehr.de/referenzen.htm" "Mozilla/5.0 (Windows; U; Windows NT 6.0; de; rv:1.9.2) Gecko/20100115 Firefox/3.6 (.NET CLR 3.5.30729)"
91.115.160.245 - - [22/Mar/2010:19:26:52 +0100] "GET /fotoshow/fotoshow.htm HTTP/1.1" 200 6148 "http://www.boedenundmehr.de/referenzen.htm" "Mozilla/5.0 (Windows; U; Windows NT 6.0; de; rv:1.9.2) Gecko/20100115 Firefox/3.6 (.NET CLR 3.5.30729)"
91.115.160.245 - - [22/Mar/2010:19:26:52 +0100] "GET /images/fsh.jpg HTTP/1.1" 200 2105 "http://www.boedenundmehr.de/fotoshow/fotoshow.htm" "Mozilla/5.0 (Windows; U; Windows NT 6.0; de; rv:1.9.2) Gecko/20100115 Firefox/3.6 (.NET CLR 3.5.30729)"
91.115.160.245 - - [22/Mar/2010:19:26:52 +0100] "GET /fotoshow/Fotoani.swf HTTP/1.1" 200 36756 "http://www.boedenundmehr.de/fotoshow/fotoshow.htm" "Mozilla/5.0 (Windows; U; Windows NT 6.0; de; rv:1.9.2) Gecko/20100115 Firefox/3.6 (.NET CLR 3.5.30729)"
91.115.160.245 - - [22/Mar/2010:19:26:53 +0100] "GET /fotoshow/SteelExternalPlaySeekMute.swf HTTP/1.1" 200 3600 "-" "Mozilla/5.0 (Windows; U; Windows NT 6.0; de; rv:1.9.2) Gecko/20100115 Firefox/3.6 (.NET CLR 3.5.30729)"
91.115.160.245 - - [22/Mar/2010:19:26:55 +0100] "GET /fotogalerien.htm HTTP/1.1" 200 6426 "http://www.boedenundmehr.de/fotoshow/fotoshow.htm" "Mozilla/5.0 (Windows; U; Windows NT 6.0; de; rv:1.9.2) Gecko/20100115 Firefox/3.6 (.NET CLR 3.5.30729)"
91.115.160.245 - - [22/Mar/2010:19:26:56 +0100] "GET /images/fga.jpg HTTP/1.1" 200 2457 "http://www.boedenundmehr.de/fotogalerien.htm" "Mozilla/5.0 (Windows; U; Windows NT 6.0; de; rv:1.9.2) Gecko/20100115 Firefox/3.6 (.NET CLR 3.5.30729)"
91.115.160.245 - - [22/Mar/2010:19:26:56 +0100] "GET /fotos/thumbnails/fotogalerie_01.jpg HTTP/1.1" 200 8144 "http://www.boedenundmehr.de/fotogalerien.htm" "Mozilla/5.0 (Windows; U; Windows NT 6.0; de; rv:1.9.2) Gecko/20100115 Firefox/3.6 (.NET CLR 3.5.30729)"
91.115.160.245 - - [22/Mar/2010:19:26:56 +0100] "GET /fotos/thumbnails/fotogalerie_02.jpg HTTP/1.1" 200 3973 "http://www.boedenundmehr.de/fotogalerien.htm" "Mozilla/5.0 (Windows; U; Windows NT 6.0; de; rv:1.9.2) Gecko/20100115 Firefox/3.6 (.NET CLR 3.5.30729)"
91.115.160.245 - - [22/Mar/2010:19:26:56 +0100] "GET /fotos/thumbnails/fotogalerie_04.jpg HTTP/1.1" 200 5238 "http://www.boedenundmehr.de/fotogalerien.htm" "Mozilla/5.0 (Windows; U; Windows NT 6.0; de; rv:1.9.2) Gecko/20100115 Firefox/3.6 (.NET CLR 3.5.30729)"
91.115.160.245 - - [22/Mar/2010:19:26:56 +0100] "GET /fotos/thumbnails/fotogalerie_05.jpg HTTP/1.1" 200 5064 "http://www.boedenundmehr.de/fotogalerien.htm" "Mozilla/5.0 (Windows; U; Windows NT 6.0; de; rv:1.9.2) Gecko/20100115 Firefox/3.6 (.NET CLR 3.5.30729)"
91.115.160.245 - - [22/Mar/2010:19:26:56 +0100] "GET /fotos/thumbnails/leer.gif HTTP/1.1" 200 137 "http://www.boedenundmehr.de/fotogalerien.htm" "Mozilla/5.0 (Windows; U; Windows NT 6.0; de; rv:1.9.2) Gecko/20100115 Firefox/3.6 (.NET CLR 3.5.30729)"
91.115.160.245 - - [22/Mar/2010:19:26:56 +0100] "GET /fotos/thumbnails/fotogalerie_03.jpg HTTP/1.1" 200 3814 "http://www.boedenundmehr.de/fotogalerien.htm" "Mozilla/5.0 (Windows; U; Windows NT 6.0; de; rv:1.9.2) Gecko/20100115 Firefox/3.6 (.NET CLR 3.5.30729)"
91.115.160.245 - - [22/Mar/2010:19:26:53 +0100] "GET /fotoshow/Sources/Fotoani_Steinkrau%DF_finish.flv HTTP/1.1" 200 22612388 "-" "Mozilla/5.0 (Windows; U; Windows NT 6.0; de; rv:1.9.2) Gecko/20100115 Firefox/3.6 (.NET CLR 3.5.30729)"
91.115.160.245 - - [22/Mar/2010:19:26:59 +0100] "GET /kontakt.htm HTTP/1.1" 200 5074 "http://www.boedenundmehr.de/fotogalerien.htm" "Mozilla/5.0 (Windows; U; Windows NT 6.0; de; rv:1.9.2) Gecko/20100115 Firefox/3.6 (.NET CLR 3.5.30729)"
91.115.160.245 - - [22/Mar/2010:19:26:59 +0100] "GET /images/kon.jpg HTTP/1.1" 200 1965 "http://www.boedenundmehr.de/kontakt.htm" "Mozilla/5.0 (Windows; U; Windows NT 6.0; de; rv:1.9.2) Gecko/20100115 Firefox/3.6 (.NET CLR 3.5.30729)"
91.115.160.245 - - [22/Mar/2010:19:27:00 +0100] "GET /impressum.htm HTTP/1.1" 200 5232 "http://www.boedenundmehr.de/kontakt.htm" "Mozilla/5.0 (Windows; U; Windows NT 6.0; de; rv:1.9.2) Gecko/20100115 Firefox/3.6 (.NET CLR 3.5.30729)"
91.115.160.245 - - [22/Mar/2010:19:27:00 +0100] "GET /images/imp.jpg HTTP/1.1" 200 2123 "http://www.boedenundmehr.de/impressum.htm" "Mozilla/5.0 (Windows; U; Windows NT 6.0; de; rv:1.9.2) Gecko/20100115 Firefox/3.6 (.NET CLR 3.5.30729)"
67.195.114.50 - - [22/Mar/2010:20:01:18 +0100] "GET /robots.txt HTTP/1.0" 404 1256 "-" "Mozilla/5.0 (compatible; Yahoo! Slurp; http://help.yahoo.com/help/us/ysearch/slurp)"
67.195.114.50 - - [22/Mar/2010:20:01:18 +0100] "GET / HTTP/1.0" 200 5998 "-" "Mozilla/5.0 (compatible; Yahoo! Slurp/3.0; http://help.yahoo.com/help/us/ysearch/slurp)"
83.133.125.202 - - [23/Mar/2010:00:49:10 +0100] "GET / HTTP/1.1" 200 5998 "http://www.bigfinder.de/index.php" "T-Online Browser (Windows NT 5.1; U; de)"
83.133.125.202 - - [23/Mar/2010:04:17:35 +0100] "GET / HTTP/1.1" 200 5998 "http://www.bigfinder.de/index.php" "Mozilla/4.0 (compatible; MSIE 6.0; Windows NT 5.1)"
62.117.16.231 - - [23/Mar/2010:09:36:34 +0100] "GET / HTTP/1.1" 200 5998 "http://www.google.de/url?sa=t&source=web&ct=res&cd=1&ved=0CAYQFjAA&url=http%3A%2F%2Fwww.boedenundmehr.de%2F&rct=j&q=steinkrau%C3%9F+b%C3%B6den&ei=kH2oS7ybEISAnQOS4ql7&usg=AFQjCNGrTY8uwc4J_TZjzyRgyJZIxG4XUA" "Mozilla/4.0 (compatible; MSIE 8.0; Windows NT 6.1; WOW64; Trident/4.0; GTB0.0; SLCC2; .NET CLR 2.0.50727; .NET CLR 3.5.30729; .NET CLR 3.0.30729; Media Center PC 6.0)"
62.117.16.231 - - [23/Mar/2010:09:36:35 +0100] "GET /images/ueb_pas.jpg HTTP/1.1" 200 911 "http://www.boedenundmehr.de/" "Mozilla/4.0 (compatible; MSIE 8.0; Windows NT 6.1; WOW64; Trident/4.0; GTB0.0; SLCC2; .NET CLR 2.0.50727; .NET CLR 3.5.30729; .NET CLR 3.0.30729; Media Center PC 6.0)"
62.117.16.231 - - [23/Mar/2010:09:36:35 +0100] "GET /images/fsh_pas.jpg HTTP/1.1" 200 1094 "http://www.boedenundmehr.de/" "Mozilla/4.0 (compatible; MSIE 8.0; Windows NT 6.1; WOW64; Trident/4.0; GTB0.0; SLCC2; .NET CLR 2.0.50727; .NET CLR 3.5.30729; .NET CLR 3.0.30729; Media Center PC 6.0)"
62.117.16.231 - - [23/Mar/2010:09:36:34 +0100] "GET /images/fsh_akt.jpg HTTP/1.1" 200 1590 "http://www.boedenundmehr.de/" "Mozilla/4.0 (compatible; MSIE 8.0; Windows NT 6.1; WOW64; Trident/4.0; GTB0.0; SLCC2; .NET CLR 2.0.50727; .NET CLR 3.5.30729; .NET CLR 3.0.30729; Media Center PC 6.0)"
62.117.16.231 - - [23/Mar/2010:09:36:35 +0100] "GET /images/lei_pas.jpg HTTP/1.1" 200 1048 "http://www.boedenundmehr.de/" "Mozilla/4.0 (compatible; MSIE 8.0; Windows NT 6.1; WOW64; Trident/4.0; GTB0.0; SLCC2; .NET CLR 2.0.50727; .NET CLR 3.5.30729; .NET CLR 3.0.30729; Media Center PC 6.0)"
62.117.16.231 - - [23/Mar/2010:09:36:35 +0100] "GET /images/ptr_pas.jpg HTTP/1.1" 200 2040 "http://www.boedenundmehr.de/" "Mozilla/4.0 (compatible; MSIE 8.0; Windows NT 6.1; WOW64; Trident/4.0; GTB0.0; SLCC2; .NET CLR 2.0.50727; .NET CLR 3.5.30729; .NET CLR 3.0.30729; Media Center PC 6.0)"
62.117.16.231 - - [23/Mar/2010:09:36:35 +0100] "GET /images/ref_pas.jpg HTTP/1.1" 200 1043 "http://www.boedenundmehr.de/" "Mozilla/4.0 (compatible; MSIE 8.0; Windows NT 6.1; WOW64; Trident/4.0; GTB0.0; SLCC2; .NET CLR 2.0.50727; .NET CLR 3.5.30729; .NET CLR 3.0.30729; Media Center PC 6.0)"
62.117.16.231 - - [23/Mar/2010:09:36:35 +0100] "GET /images/fga_pas.jpg HTTP/1.1" 200 1246 "http://www.boedenundmehr.de/" "Mozilla/4.0 (compatible; MSIE 8.0; Windows NT 6.1; WOW64; Trident/4.0; GTB0.0; SLCC2; .NET CLR 2.0.50727; .NET CLR 3.5.30729; .NET CLR 3.0.30729; Media Center PC 6.0)"
62.117.16.231 - - [23/Mar/2010:09:36:35 +0100] "GET /images/fga_akt.jpg HTTP/1.1" 200 1837 "http://www.boedenundmehr.de/" "Mozilla/4.0 (compatible; MSIE 8.0; Windows NT 6.1; WOW64; Trident/4.0; GTB0.0; SLCC2; .NET CLR 2.0.50727; .NET CLR 3.5.30729; .NET CLR 3.0.30729; Media Center PC 6.0)"
62.117.16.231 - - [23/Mar/2010:09:36:35 +0100] "GET /images/kon_pas.jpg HTTP/1.1" 200 852 "http://www.boedenundmehr.de/" "Mozilla/4.0 (compatible; MSIE 8.0; Windows NT 6.1; WOW64; Trident/4.0; GTB0.0; SLCC2; .NET CLR 2.0.50727; .NET CLR 3.5.30729; .NET CLR 3.0.30729; Media Center PC 6.0)"
62.117.16.231 - - [23/Mar/2010:09:36:35 +0100] "GET /images/kon_akt.jpg HTTP/1.1" 200 1199 "http://www.boedenundmehr.de/" "Mozilla/4.0 (compatible; MSIE 8.0; Windows NT 6.1; WOW64; Trident/4.0; GTB0.0; SLCC2; .NET CLR 2.0.50727; .NET CLR 3.5.30729; .NET CLR 3.0.30729; Media Center PC 6.0)"
62.117.16.231 - - [23/Mar/2010:09:36:35 +0100] "GET /images/ueb_akt.jpg HTTP/1.1" 200 1277 "http://www.boedenundmehr.de/" "Mozilla/4.0 (compatible; MSIE 8.0; Windows NT 6.1; WOW64; Trident/4.0; GTB0.0; SLCC2; .NET CLR 2.0.50727; .NET CLR 3.5.30729; .NET CLR 3.0.30729; Media Center PC 6.0)"
62.117.16.231 - - [23/Mar/2010:09:36:35 +0100] "GET /images/imp_pas.jpg HTTP/1.1" 200 1016 "http://www.boedenundmehr.de/" "Mozilla/4.0 (compatible; MSIE 8.0; Windows NT 6.1; WOW64; Trident/4.0; GTB0.0; SLCC2; .NET CLR 2.0.50727; .NET CLR 3.5.30729; .NET CLR 3.0.30729; Media Center PC 6.0)"
62.117.16.231 - - [23/Mar/2010:09:36:35 +0100] "GET /images/lei_akt.jpg HTTP/1.1" 200 1500 "http://www.boedenundmehr.de/" "Mozilla/4.0 (compatible; MSIE 8.0; Windows NT 6.1; WOW64; Trident/4.0; GTB0.0; SLCC2; .NET CLR 2.0.50727; .NET CLR 3.5.30729; .NET CLR 3.0.30729; Media Center PC 6.0)"
62.117.16.231 - - [23/Mar/2010:09:36:35 +0100] "GET /images/ptr_akt.jpg HTTP/1.1" 200 3048 "http://www.boedenundmehr.de/" "Mozilla/4.0 (compatible; MSIE 8.0; Windows NT 6.1; WOW64; Trident/4.0; GTB0.0; SLCC2; .NET CLR 2.0.50727; .NET CLR 3.5.30729; .NET CLR 3.0.30729; Media Center PC 6.0)"
62.117.16.231 - - [23/Mar/2010:09:36:35 +0100] "GET /images/ref_akt.jpg HTTP/1.1" 200 1528 "http://www.boedenundmehr.de/" "Mozilla/4.0 (compatible; MSIE 8.0; Windows NT 6.1; WOW64; Trident/4.0; GTB0.0; SLCC2; .NET CLR 2.0.50727; .NET CLR 3.5.30729; .NET CLR 3.0.30729; Media Center PC 6.0)"
62.117.16.231 - - [23/Mar/2010:09:36:35 +0100] "GET /images/imp_akt.jpg HTTP/1.1" 200 1463 "http://www.boedenundmehr.de/" "Mozilla/4.0 (compatible; MSIE 8.0; Windows NT 6.1; WOW64; Trident/4.0; GTB0.0; SLCC2; .NET CLR 2.0.50727; .NET CLR 3.5.30729; .NET CLR 3.0.30729; Media Center PC 6.0)"
62.117.16.231 - - [23/Mar/2010:09:36:35 +0100] "GET /images/headpic3.jpg HTTP/1.1" 200 19267 "http://www.boedenundmehr.de/" "Mozilla/4.0 (compatible; MSIE 8.0; Windows NT 6.1; WOW64; Trident/4.0; GTB0.0; SLCC2; .NET CLR 2.0.50727; .NET CLR 3.5.30729; .NET CLR 3.0.30729; Media Center PC 6.0)"
62.117.16.231 - - [23/Mar/2010:09:36:35 +0100] "GET /images/ueb.jpg HTTP/1.1" 200 1911 "http://www.boedenundmehr.de/" "Mozilla/4.0 (compatible; MSIE 8.0; Windows NT 6.1; WOW64; Trident/4.0; GTB0.0; SLCC2; .NET CLR 2.0.50727; .NET CLR 3.5.30729; .NET CLR 3.0.30729; Media Center PC 6.0)"
62.117.16.231 - - [23/Mar/2010:09:36:35 +0100] "GET /images/footer.gif HTTP/1.1" 200 945 "http://www.boedenundmehr.de/" "Mozilla/4.0 (compatible; MSIE 8.0; Windows NT 6.1; WOW64; Trident/4.0; GTB0.0; SLCC2; .NET CLR 2.0.50727; .NET CLR 3.5.30729; .NET CLR 3.0.30729; Media Center PC 6.0)"
62.117.16.231 - - [23/Mar/2010:09:36:35 +0100] "GET /images/headpic2.jpg HTTP/1.1" 200 30749 "http://www.boedenundmehr.de/" "Mozilla/4.0 (compatible; MSIE 8.0; Windows NT 6.1; WOW64; Trident/4.0; GTB0.0; SLCC2; .NET CLR 2.0.50727; .NET CLR 3.5.30729; .NET CLR 3.0.30729; Media Center PC 6.0)"
62.117.16.231 - - [23/Mar/2010:09:36:35 +0100] "GET /fotos/kompass.jpg HTTP/1.1" 200 22788 "http://www.boedenundmehr.de/" "Mozilla/4.0 (compatible; MSIE 8.0; Windows NT 6.1; WOW64; Trident/4.0; GTB0.0; SLCC2; .NET CLR 2.0.50727; .NET CLR 3.5.30729; .NET CLR 3.0.30729; Media Center PC 6.0)"
62.117.16.231 - - [23/Mar/2010:09:36:35 +0100] "GET /images/logoani.gif HTTP/1.1" 200 139624 "http://www.boedenundmehr.de/" "Mozilla/4.0 (compatible; MSIE 8.0; Windows NT 6.1; WOW64; Trident/4.0; GTB0.0; SLCC2; .NET CLR 2.0.50727; .NET CLR 3.5.30729; .NET CLR 3.0.30729; Media Center PC 6.0)"
62.117.16.231 - - [23/Mar/2010:09:36:35 +0100] "GET /favicon.ico HTTP/1.1" 404 1256 "-" "Mozilla/4.0 (compatible; MSIE 8.0; Windows NT 6.1; WOW64; Trident/4.0; GTB0.0; SLCC2; .NET CLR 2.0.50727; .NET CLR 3.5.30729; .NET CLR 3.0.30729; Media Center PC 6.0)"
62.117.16.231 - - [23/Mar/2010:09:36:38 +0100] "GET /referenzen.htm HTTP/1.1" 200 6024 "http://www.boedenundmehr.de/" "Mozilla/4.0 (compatible; MSIE 8.0; Windows NT 6.1; WOW64; Trident/4.0; GTB0.0; SLCC2; .NET CLR 2.0.50727; .NET CLR 3.5.30729; .NET CLR 3.0.30729; Media Center PC 6.0)"
62.117.16.231 - - [23/Mar/2010:09:36:38 +0100] "GET /images/ref.jpg HTTP/1.1" 200 2235 "http://www.boedenundmehr.de/referenzen.htm" "Mozilla/4.0 (compatible; MSIE 8.0; Windows NT 6.1; WOW64; Trident/4.0; GTB0.0; SLCC2; .NET CLR 2.0.50727; .NET CLR 3.5.30729; .NET CLR 3.0.30729; Media Center PC 6.0)"
62.117.16.231 - - [23/Mar/2010:09:36:38 +0100] "GET /favicon.ico HTTP/1.1" 404 1256 "-" "Mozilla/4.0 (compatible; MSIE 8.0; Windows NT 6.1; WOW64; Trident/4.0; GTB0.0; SLCC2; .NET CLR 2.0.50727; .NET CLR 3.5.30729; .NET CLR 3.0.30729; Media Center PC 6.0)"
62.117.16.231 - - [23/Mar/2010:09:36:40 +0100] "GET /fotoshow/fotoshow.htm HTTP/1.1" 200 6148 "http://www.boedenundmehr.de/referenzen.htm" "Mozilla/4.0 (compatible; MSIE 8.0; Windows NT 6.1; WOW64; Trident/4.0; GTB0.0; SLCC2; .NET CLR 2.0.50727; .NET CLR 3.5.30729; .NET CLR 3.0.30729; Media Center PC 6.0)"
62.117.16.231 - - [23/Mar/2010:09:36:40 +0100] "GET /images/fsh.jpg HTTP/1.1" 200 2105 "http://www.boedenundmehr.de/fotoshow/fotoshow.htm" "Mozilla/4.0 (compatible; MSIE 8.0; Windows NT 6.1; WOW64; Trident/4.0; GTB0.0; SLCC2; .NET CLR 2.0.50727; .NET CLR 3.5.30729; .NET CLR 3.0.30729; Media Center PC 6.0)"
62.117.16.231 - - [23/Mar/2010:09:36:40 +0100] "GET /fotoshow/Fotoani.swf HTTP/1.1" 200 36756 "http://www.boedenundmehr.de/fotoshow/fotoshow.htm" "Mozilla/4.0 (compatible; MSIE 8.0; Windows NT 6.1; WOW64; Trident/4.0; GTB0.0; SLCC2; .NET CLR 2.0.50727; .NET CLR 3.5.30729; .NET CLR 3.0.30729; Media Center PC 6.0)"
62.117.16.231 - - [23/Mar/2010:09:36:40 +0100] "GET /fotoshow/SteelExternalPlaySeekMute.swf HTTP/1.1" 200 3600 "http://www.boedenundmehr.de/fotoshow/Fotoani.swf" "Mozilla/4.0 (compatible; MSIE 8.0; Windows NT 6.1; WOW64; Trident/4.0; GTB0.0; SLCC2; .NET CLR 2.0.50727; .NET CLR 3.5.30729; .NET CLR 3.0.30729; Media Center PC 6.0)"
62.117.16.231 - - [23/Mar/2010:09:36:42 +0100] "GET /fotogalerien.htm HTTP/1.1" 200 6426 "http://www.boedenundmehr.de/fotoshow/fotoshow.htm" "Mozilla/4.0 (compatible; MSIE 8.0; Windows NT 6.1; WOW64; Trident/4.0; GTB0.0; SLCC2; .NET CLR 2.0.50727; .NET CLR 3.5.30729; .NET CLR 3.0.30729; Media Center PC 6.0)"
62.117.16.231 - - [23/Mar/2010:09:36:40 +0100] "GET /fotoshow/Sources/Fotoani_Steinkrau\xdf_finish.flv HTTP/1.1" 200 22612388 "http://www.boedenundmehr.de/fotoshow/Fotoani.swf" "Mozilla/4.0 (compatible; MSIE 8.0; Windows NT 6.1; WOW64; Trident/4.0; GTB0.0; SLCC2; .NET CLR 2.0.50727; .NET CLR 3.5.30729; .NET CLR 3.0.30729; Media Center PC 6.0)"
62.117.16.231 - - [23/Mar/2010:09:36:43 +0100] "GET /images/fga.jpg HTTP/1.1" 200 2457 "http://www.boedenundmehr.de/fotogalerien.htm" "Mozilla/4.0 (compatible; MSIE 8.0; Windows NT 6.1; WOW64; Trident/4.0; GTB0.0; SLCC2; .NET CLR 2.0.50727; .NET CLR 3.5.30729; .NET CLR 3.0.30729; Media Center PC 6.0)"
62.117.16.231 - - [23/Mar/2010:09:36:43 +0100] "GET /fotos/thumbnails/fotogalerie_01.jpg HTTP/1.1" 200 8144 "http://www.boedenundmehr.de/fotogalerien.htm" "Mozilla/4.0 (compatible; MSIE 8.0; Windows NT 6.1; WOW64; Trident/4.0; GTB0.0; SLCC2; .NET CLR 2.0.50727; .NET CLR 3.5.30729; .NET CLR 3.0.30729; Media Center PC 6.0)"
62.117.16.231 - - [23/Mar/2010:09:36:43 +0100] "GET /fotos/thumbnails/fotogalerie_02.jpg HTTP/1.1" 200 3973 "http://www.boedenundmehr.de/fotogalerien.htm" "Mozilla/4.0 (compatible; MSIE 8.0; Windows NT 6.1; WOW64; Trident/4.0; GTB0.0; SLCC2; .NET CLR 2.0.50727; .NET CLR 3.5.30729; .NET CLR 3.0.30729; Media Center PC 6.0)"
62.117.16.231 - - [23/Mar/2010:09:36:43 +0100] "GET /fotos/thumbnails/fotogalerie_03.jpg HTTP/1.1" 200 3814 "http://www.boedenundmehr.de/fotogalerien.htm" "Mozilla/4.0 (compatible; MSIE 8.0; Windows NT 6.1; WOW64; Trident/4.0; GTB0.0; SLCC2; .NET CLR 2.0.50727; .NET CLR 3.5.30729; .NET CLR 3.0.30729; Media Center PC 6.0)"
62.117.16.231 - - [23/Mar/2010:09:36:43 +0100] "GET /fotos/thumbnails/fotogalerie_04.jpg HTTP/1.1" 200 5238 "http://www.boedenundmehr.de/fotogalerien.htm" "Mozilla/4.0 (compatible; MSIE 8.0; Windows NT 6.1; WOW64; Trident/4.0; GTB0.0; SLCC2; .NET CLR 2.0.50727; .NET CLR 3.5.30729; .NET CLR 3.0.30729; Media Center PC 6.0)"
62.117.16.231 - - [23/Mar/2010:09:36:43 +0100] "GET /fotos/thumbnails/fotogalerie_05.jpg HTTP/1.1" 200 5064 "http://www.boedenundmehr.de/fotogalerien.htm" "Mozilla/4.0 (compatible; MSIE 8.0; Windows NT 6.1; WOW64; Trident/4.0; GTB0.0; SLCC2; .NET CLR 2.0.50727; .NET CLR 3.5.30729; .NET CLR 3.0.30729; Media Center PC 6.0)"
62.117.16.231 - - [23/Mar/2010:09:36:43 +0100] "GET /fotos/thumbnails/leer.gif HTTP/1.1" 200 137 "http://www.boedenundmehr.de/fotogalerien.htm" "Mozilla/4.0 (compatible; MSIE 8.0; Windows NT 6.1; WOW64; Trident/4.0; GTB0.0; SLCC2; .NET CLR 2.0.50727; .NET CLR 3.5.30729; .NET CLR 3.0.30729; Media Center PC 6.0)"
62.117.16.231 - - [23/Mar/2010:09:36:46 +0100] "GET /trittschall.htm HTTP/1.1" 200 5274 "http://www.boedenundmehr.de/fotogalerien.htm" "Mozilla/4.0 (compatible; MSIE 8.0; Windows NT 6.1; WOW64; Trident/4.0; GTB0.0; SLCC2; .NET CLR 2.0.50727; .NET CLR 3.5.30729; .NET CLR 3.0.30729; Media Center PC 6.0)"
62.117.16.231 - - [23/Mar/2010:09:36:46 +0100] "GET /images/ptr.jpg HTTP/1.1" 200 5149 "http://www.boedenundmehr.de/trittschall.htm" "Mozilla/4.0 (compatible; MSIE 8.0; Windows NT 6.1; WOW64; Trident/4.0; GTB0.0; SLCC2; .NET CLR 2.0.50727; .NET CLR 3.5.30729; .NET CLR 3.0.30729; Media Center PC 6.0)"
62.117.16.231 - - [23/Mar/2010:09:36:46 +0100] "GET /fotos/linoleum.jpg HTTP/1.1" 200 14314 "http://www.boedenundmehr.de/trittschall.htm" "Mozilla/4.0 (compatible; MSIE 8.0; Windows NT 6.1; WOW64; Trident/4.0; GTB0.0; SLCC2; .NET CLR 2.0.50727; .NET CLR 3.5.30729; .NET CLR 3.0.30729; Media Center PC 6.0)"
62.117.16.231 - - [23/Mar/2010:09:36:47 +0100] "GET /leistungen.htm HTTP/1.1" 200 5320 "http://www.boedenundmehr.de/trittschall.htm" "Mozilla/4.0 (compatible; MSIE 8.0; Windows NT 6.1; WOW64; Trident/4.0; GTB0.0; SLCC2; .NET CLR 2.0.50727; .NET CLR 3.5.30729; .NET CLR 3.0.30729; Media Center PC 6.0)"
62.117.16.231 - - [23/Mar/2010:09:36:47 +0100] "GET /images/lei.jpg HTTP/1.1" 200 2187 "http://www.boedenundmehr.de/leistungen.htm" "Mozilla/4.0 (compatible; MSIE 8.0; Windows NT 6.1; WOW64; Trident/4.0; GTB0.0; SLCC2; .NET CLR 2.0.50727; .NET CLR 3.5.30729; .NET CLR 3.0.30729; Media Center PC 6.0)"
62.117.16.231 - - [23/Mar/2010:09:36:53 +0100] "GET /fotoshow/Sources/Fotoani_Steinkrau\xdf_finish.flv HTTP/1.1" 206 21540453 "http://www.boedenundmehr.de/fotoshow/Fotoani.swf" "Mozilla/4.0 (compatible; MSIE 8.0; Windows NT 6.1; WOW64; Trident/4.0; GTB0.0; SLCC2; .NET CLR 2.0.50727; .NET CLR 3.5.30729; .NET CLR 3.0.30729; Media Center PC 6.0)"
83.133.125.202 - - [23/Mar/2010:12:03:38 +0100] "GET / HTTP/1.1" 200 5998 "http://www.bigfinder.de/index.php" "Mozilla/3.01 (compatible;)"
67.195.114.50 - - [24/Mar/2010:03:36:15 +0100] "GET /robots.txt HTTP/1.0" 404 1256 "-" "Mozilla/5.0 (compatible; Yahoo! Slurp; http://help.yahoo.com/help/us/ysearch/slurp)"
67.195.114.50 - - [24/Mar/2010:03:36:15 +0100] "GET /impressum.htm HTTP/1.0" 200 5232 "-" "Mozilla/5.0 (compatible; Yahoo! Slurp/3.0; http://help.yahoo.com/help/us/ysearch/slurp)"
66.249.71.154 - - [24/Mar/2010:15:16:25 +0100] "GET /robots.txt HTTP/1.1" 404 1256 "-" "Googlebot-Image/1.0"
66.249.71.154 - - [24/Mar/2010:15:16:25 +0100] "GET /fotos/linoleum.jpg HTTP/1.1" 304 - "-" "Googlebot-Image/1.0"
66.249.71.154 - - [24/Mar/2010:17:04:54 +0100] "GET /fotos/thumbnails/fotogalerie_04.jpg HTTP/1.1" 304 - "-" "Googlebot-Image/1.0"
87.123.122.204 - - [24/Mar/2010:19:36:37 +0100] "GET / HTTP/1.1" 200 5998 "http://www.google.de/search?hl=de&q=steinkrau%C3%9F+b%C3%B6den&meta=&aq=0&aqi=g2&aql=&oq=Steinkrau%C3%9F&gs_rfai=&fp=9c19266a9a786edb" "Mozilla/5.0 (Windows; U; Windows NT 6.1; de; rv:1.9.2) Gecko/20100115 Firefox/3.6"
83.133.125.202 - - [25/Mar/2010:08:16:00 +0100] "GET / HTTP/1.1" 200 5998 "http://www.bigfinder.de/index.php" "T-Online Browser (Windows NT 5.1; U; de)"
109.41.124.120 - - [25/Mar/2010:12:22:48 +0100] "GET / HTTP/1.1" 200 5998 "-" "Mozilla/3.0 (compatible; Indy Library)"
66.249.71.154 - - [25/Mar/2010:13:47:38 +0100] "GET /robots.txt HTTP/1.1" 404 1256 "-" "Googlebot-Image/1.0"
66.249.71.154 - - [25/Mar/2010:13:47:38 +0100] "GET /fotos/thumbnails/fotogalerie_01.jpg HTTP/1.1" 304 - "-" "Googlebot-Image/1.0"
195.212.199.56 - - [26/Mar/2010:14:03:10 +0100] "GET / HTTP/1.1" 200 5998 "http://www.google.de/search?hl=de&q=steinkrauss+Fussboden&meta=&aq=f&aqi=&aql=&oq=&gs_rfai=" "Mozilla/4.0 (compatible; MSIE 7.0; Windows NT 5.1; InfoPath.1; .NET CLR 1.1.4322; .NET CLR 2.0.50727; .NET CLR 3.0.04506.30; .NET CLR 3.0.04506.648; .NET CLR 3.0.4506.2152; .NET CLR 3.5.30729; MS-RTC LM 8)"
195.212.199.56 - - [26/Mar/2010:14:03:10 +0100] "GET /images/headpic3.jpg HTTP/1.1" 200 19267 "-" "Mozilla/4.0 (compatible;)"
195.212.199.56 - - [26/Mar/2010:14:03:10 +0100] "GET /images/ptr_pas.jpg HTTP/1.1" 200 2040 "-" "Mozilla/4.0 (compatible;)"
195.212.199.56 - - [26/Mar/2010:14:03:10 +0100] "GET /fotos/kompass.jpg HTTP/1.1" 200 22788 "-" "Mozilla/4.0 (compatible;)"
195.212.199.56 - - [26/Mar/2010:14:03:10 +0100] "GET /images/headpic2.jpg HTTP/1.1" 200 30749 "-" "Mozilla/4.0 (compatible;)"
195.212.199.56 - - [26/Mar/2010:14:03:10 +0100] "GET /images/imp_pas.jpg HTTP/1.1" 200 1016 "-" "Mozilla/4.0 (compatible;)"
195.212.199.56 - - [26/Mar/2010:14:03:10 +0100] "GET /images/ref_pas.jpg HTTP/1.1" 200 1043 "-" "Mozilla/4.0 (compatible;)"
195.212.199.56 - - [26/Mar/2010:14:03:10 +0100] "GET /images/ueb_akt.jpg HTTP/1.1" 200 1277 "-" "Mozilla/4.0 (compatible;)"
195.212.199.56 - - [26/Mar/2010:14:03:10 +0100] "GET /images/ueb_pas.jpg HTTP/1.1" 200 911 "http://www.boedenundmehr.de/" "Mozilla/4.0 (compatible; MSIE 7.0; Windows NT 5.1; InfoPath.1; .NET CLR 1.1.4322; .NET CLR 2.0.50727; .NET CLR 3.0.04506.30; .NET CLR 3.0.04506.648; .NET CLR 3.0.4506.2152; .NET CLR 3.5.30729; MS-RTC LM 8)"
195.212.199.56 - - [26/Mar/2010:14:03:10 +0100] "GET /images/lei_akt.jpg HTTP/1.1" 200 1500 "http://www.boedenundmehr.de/" "Mozilla/4.0 (compatible; MSIE 7.0; Windows NT 5.1; InfoPath.1; .NET CLR 1.1.4322; .NET CLR 2.0.50727; .NET CLR 3.0.04506.30; .NET CLR 3.0.04506.648; .NET CLR 3.0.4506.2152; .NET CLR 3.5.30729; MS-RTC LM 8)"
195.212.199.56 - - [26/Mar/2010:14:03:10 +0100] "GET /images/logoani.gif HTTP/1.1" 200 139624 "-" "Mozilla/4.0 (compatible;)"
195.212.199.56 - - [26/Mar/2010:14:03:10 +0100] "GET /images/ptr_akt.jpg HTTP/1.1" 200 3048 "http://www.boedenundmehr.de/" "Mozilla/4.0 (compatible; MSIE 7.0; Windows NT 5.1; InfoPath.1; .NET CLR 1.1.4322; .NET CLR 2.0.50727; .NET CLR 3.0.04506.30; .NET CLR 3.0.04506.648; .NET CLR 3.0.4506.2152; .NET CLR 3.5.30729; MS-RTC LM 8)"
195.212.199.56 - - [26/Mar/2010:14:03:10 +0100] "GET /images/ref_akt.jpg HTTP/1.1" 200 1528 "http://www.boedenundmehr.de/" "Mozilla/4.0 (compatible; MSIE 7.0; Windows NT 5.1; InfoPath.1; .NET CLR 1.1.4322; .NET CLR 2.0.50727; .NET CLR 3.0.04506.30; .NET CLR 3.0.04506.648; .NET CLR 3.0.4506.2152; .NET CLR 3.5.30729; MS-RTC LM 8)"
195.212.199.56 - - [26/Mar/2010:14:03:11 +0100] "GET /images/fsh_pas.jpg HTTP/1.1" 200 1094 "http://www.boedenundmehr.de/" "Mozilla/4.0 (compatible; MSIE 7.0; Windows NT 5.1; InfoPath.1; .NET CLR 1.1.4322; .NET CLR 2.0.50727; .NET CLR 3.0.04506.30; .NET CLR 3.0.04506.648; .NET CLR 3.0.4506.2152; .NET CLR 3.5.30729; MS-RTC LM 8)"
195.212.199.56 - - [26/Mar/2010:14:03:11 +0100] "GET /images/fsh_akt.jpg HTTP/1.1" 200 1590 "http://www.boedenundmehr.de/" "Mozilla/4.0 (compatible; MSIE 7.0; Windows NT 5.1; InfoPath.1; .NET CLR 1.1.4322; .NET CLR 2.0.50727; .NET CLR 3.0.04506.30; .NET CLR 3.0.04506.648; .NET CLR 3.0.4506.2152; .NET CLR 3.5.30729; MS-RTC LM 8)"
195.212.199.56 - - [26/Mar/2010:14:03:11 +0100] "GET /images/fga_pas.jpg HTTP/1.1" 200 1246 "http://www.boedenundmehr.de/" "Mozilla/4.0 (compatible; MSIE 7.0; Windows NT 5.1; InfoPath.1; .NET CLR 1.1.4322; .NET CLR 2.0.50727; .NET CLR 3.0.04506.30; .NET CLR 3.0.04506.648; .NET CLR 3.0.4506.2152; .NET CLR 3.5.30729; MS-RTC LM 8)"
195.212.199.56 - - [26/Mar/2010:14:03:11 +0100] "GET /images/lei_pas.jpg HTTP/1.1" 200 1048 "-" "Mozilla/4.0 (compatible;)"
195.212.199.56 - - [26/Mar/2010:14:03:11 +0100] "GET /images/fga_akt.jpg HTTP/1.1" 200 1837 "http://www.boedenundmehr.de/" "Mozilla/4.0 (compatible; MSIE 7.0; Windows NT 5.1; InfoPath.1; .NET CLR 1.1.4322; .NET CLR 2.0.50727; .NET CLR 3.0.04506.30; .NET CLR 3.0.04506.648; .NET CLR 3.0.4506.2152; .NET CLR 3.5.30729; MS-RTC LM 8)"
195.212.199.56 - - [26/Mar/2010:14:03:11 +0100] "GET /images/kon_akt.jpg HTTP/1.1" 200 1199 "http://www.boedenundmehr.de/" "Mozilla/4.0 (compatible; MSIE 7.0; Windows NT 5.1; InfoPath.1; .NET CLR 1.1.4322; .NET CLR 2.0.50727; .NET CLR 3.0.04506.30; .NET CLR 3.0.04506.648; .NET CLR 3.0.4506.2152; .NET CLR 3.5.30729; MS-RTC LM 8)"
195.212.199.56 - - [26/Mar/2010:14:03:11 +0100] "GET /images/imp_akt.jpg HTTP/1.1" 200 1463 "http://www.boedenundmehr.de/" "Mozilla/4.0 (compatible; MSIE 7.0; Windows NT 5.1; InfoPath.1; .NET CLR 1.1.4322; .NET CLR 2.0.50727; .NET CLR 3.0.04506.30; .NET CLR 3.0.04506.648; .NET CLR 3.0.4506.2152; .NET CLR 3.5.30729; MS-RTC LM 8)"
195.212.199.56 - - [26/Mar/2010:14:03:12 +0100] "GET /images/ueb.jpg HTTP/1.1" 200 1911 "-" "Mozilla/4.0 (compatible;)"
195.212.199.56 - - [26/Mar/2010:14:03:12 +0100] "GET /images/kon_pas.jpg HTTP/1.1" 304 - "-" "Mozilla/4.0 (compatible;)"
195.212.199.56 - - [26/Mar/2010:14:03:13 +0100] "GET /images/footer.gif HTTP/1.1" 304 - "-" "Mozilla/4.0 (compatible;)"
195.212.199.56 - - [26/Mar/2010:14:03:13 +0100] "GET /favicon.ico HTTP/1.1" 404 1256 "-" "Mozilla/4.0 (compatible; MSIE 7.0; Windows NT 5.1; InfoPath.1; .NET CLR 1.1.4322; .NET CLR 2.0.50727; .NET CLR 3.0.04506.30; .NET CLR 3.0.04506.648; .NET CLR 3.0.4506.2152; .NET CLR 3.5.30729; MS-RTC LM 8)"
195.212.199.56 - - [26/Mar/2010:14:03:13 +0100] "GET /kontakt.htm HTTP/1.1" 200 5074 "http://www.boedenundmehr.de/" "Mozilla/4.0 (compatible; MSIE 7.0; Windows NT 5.1; InfoPath.1; .NET CLR 1.1.4322; .NET CLR 2.0.50727; .NET CLR 3.0.04506.30; .NET CLR 3.0.04506.648; .NET CLR 3.0.4506.2152; .NET CLR 3.5.30729; MS-RTC LM 8)"
195.212.199.56 - - [26/Mar/2010:14:03:13 +0100] "GET /images/kon.jpg HTTP/1.1" 200 1965 "-" "Mozilla/4.0 (compatible;)"
67.195.114.50 - - [26/Mar/2010:15:37:47 +0100] "GET /robots.txt HTTP/1.0" 404 1256 "-" "Mozilla/5.0 (compatible; Yahoo! Slurp; http://help.yahoo.com/help/us/ysearch/slurp)"
67.195.114.50 - - [26/Mar/2010:15:37:48 +0100] "GET /fotogalerien.htm HTTP/1.0" 200 6426 "-" "Mozilla/5.0 (compatible; Yahoo! Slurp/3.0; http://help.yahoo.com/help/us/ysearch/slurp)"
66.235.124.8 - - [26/Mar/2010:17:20:29 +0100] "GET /robots.txt HTTP/1.1" 404 1256 "-" "Mozilla/5.0 (compatible; Ask Jeeves/Teoma; +http://about.ask.com/en/docs/about/webmasters.shtml)"
66.235.124.8 - - [26/Mar/2010:17:20:29 +0100] "GET / HTTP/1.1" 200 5998 "-" "Mozilla/5.0 (compatible; Ask Jeeves/Teoma; +http://about.ask.com/en/docs/about/webmasters.shtml)"
83.133.125.202 - - [26/Mar/2010:20:45:03 +0100] "GET / HTTP/1.1" 200 5998 "http://www.bigfinder.de/index.php" "Mozilla/4.0 (compatible; MSIE 7.0; Windows NT 5.1; .NET CLR 1.1.4322; .NET CLR 2.0.50727)"
66.249.65.194 - - [26/Mar/2010:23:45:01 +0100] "GET /robots.txt HTTP/1.1" 404 1256 "-" "Mozilla/5.0 (compatible; Googlebot/2.1; +http://www.google.com/bot.html)"
66.249.65.194 - - [26/Mar/2010:23:45:01 +0100] "GET / HTTP/1.1" 200 5998 "-" "Mozilla/5.0 (compatible; Googlebot/2.1; +http://www.google.com/bot.html)"
67.195.114.50 - - [27/Mar/2010:00:19:55 +0100] "GET / HTTP/1.0" 200 5998 "-" "Mozilla/5.0 (compatible; Yahoo! Slurp/3.0; http://help.yahoo.com/help/us/ysearch/slurp)"
66.249.65.194 - - [27/Mar/2010:10:50:12 +0100] "GET /robots.txt HTTP/1.1" 404 1256 "-" "Mozilla/5.0 (compatible; Googlebot/2.1; +http://www.google.com/bot.html)"
66.249.65.194 - - [27/Mar/2010:10:50:12 +0100] "GET /index.htm HTTP/1.1" 200 5998 "-" "Mozilla/5.0 (compatible; Googlebot/2.1; +http://www.google.com/bot.html)"
66.235.124.75 - - [27/Mar/2010:13:34:16 +0100] "GET /robots.txt HTTP/1.0" 404 1256 "-" "Mozilla/5.0 (compatible; Ask Jeeves/Teoma; +http://about.ask.com/en/docs/about/webmasters.shtml)"
66.235.124.75 - - [27/Mar/2010:13:34:16 +0100] "GET /images/headpic3.jpg HTTP/1.0" 200 19267 "-" "Mozilla/5.0 (compatible; Ask Jeeves/Teoma; +http://about.ask.com/en/docs/about/webmasters.shtml)"
66.235.124.75 - - [27/Mar/2010:16:46:12 +0100] "GET /images/headpic2.jpg HTTP/1.0" 200 30749 "-" "Mozilla/5.0 (compatible; Ask Jeeves/Teoma; +http://about.ask.com/en/docs/about/webmasters.shtml)"
67.195.114.50 - - [28/Mar/2010:04:51:11 +0200] "GET /robots.txt HTTP/1.0" 404 1256 "-" "Mozilla/5.0 (compatible; Yahoo! Slurp; http://help.yahoo.com/help/us/ysearch/slurp)"
67.195.114.50 - - [28/Mar/2010:04:51:12 +0200] "GET /referenzen.htm HTTP/1.0" 200 6024 "-" "Mozilla/5.0 (compatible; Yahoo! Slurp/3.0; http://help.yahoo.com/help/us/ysearch/slurp)"
83.133.125.202 - - [28/Mar/2010:06:02:12 +0200] "GET / HTTP/1.1" 200 5998 "http://www.bigfinder.de/index.php" "Mozilla/4.0 (compatible; MSIE 6.0; Windows NT 5.1; de)"
92.51.147.90 - - [28/Mar/2010:10:47:06 +0200] "GET /robots.txt HTTP/1.1" 404 1256 "-" "BotOnParade, http://www.bots-on-para.de/bot.html"
109.84.46.8 - - [28/Mar/2010:12:43:47 +0200] "GET / HTTP/1.1" 200 5998 "-" "Mozilla/3.0 (compatible; Indy Library)"
83.133.125.202 - - [28/Mar/2010:17:04:10 +0200] "GET / HTTP/1.1" 200 5998 "http://www.bigfinder.de/index.php" "T-Online Browser"
66.249.65.194 - - [28/Mar/2010:17:13:36 +0200] "GET /robots.txt HTTP/1.1" 404 1256 "-" "Googlebot-Image/1.0"
66.249.65.194 - - [28/Mar/2010:17:13:36 +0200] "GET /fotos/thumbnails/fotogalerie_02.jpg HTTP/1.1" 304 - "-" "Googlebot-Image/1.0"
79.197.230.1 - - [28/Mar/2010:22:36:16 +0200] "GET / HTTP/1.1" 200 5998 "-" "Mozilla/3.0 (compatible; Indy Library)"
83.133.125.202 - - [29/Mar/2010:11:01:12 +0200] "GET / HTTP/1.1" 200 5998 "http://www.bigfinder.de/index.php" "Mozilla/4.0 (compatible; MSIE 6.0; Windows NT 5.1; de)"
66.249.65.194 - - [29/Mar/2010:16:08:59 +0200] "GET /robots.txt HTTP/1.1" 404 1256 "-" "Googlebot-Image/1.0"
66.249.65.194 - - [29/Mar/2010:16:08:59 +0200] "GET /images/headpic3.jpg HTTP/1.1" 304 - "-" "Googlebot-Image/1.0"
122.246.40.121 - - [29/Mar/2010:16:42:09 +0200] "GET /images/logoani.gif HTTP/1.0" 200 139624 "-" "Wget/1.12 (linux-gnu)"
66.249.65.194 - - [29/Mar/2010:17:21:17 +0200] "GET /fotos/thumbnails/fotogalerie_05.jpg HTTP/1.1" 304 - "-" "Googlebot-Image/1.0"
66.235.124.8 - - [29/Mar/2010:19:24:47 +0200] "GET /robots.txt HTTP/1.1" 404 1256 "-" "Mozilla/5.0 (compatible; Ask Jeeves/Teoma; +http://about.ask.com/en/docs/about/webmasters.shtml)"
66.235.124.8 - - [29/Mar/2010:19:24:48 +0200] "GET / HTTP/1.1" 200 5998 "-" "Mozilla/5.0 (compatible; Ask Jeeves/Teoma; +http://about.ask.com/en/docs/about/webmasters.shtml)"
66.249.65.194 - - [30/Mar/2010:11:39:44 +0200] "GET /robots.txt HTTP/1.1" 404 1256 "-" "Googlebot-Image/1.0"
66.249.65.194 - - [30/Mar/2010:11:39:44 +0200] "GET /fotos/thumbnails/leer.gif HTTP/1.1" 304 - "-" "Googlebot-Image/1.0"
83.133.125.202 - - [30/Mar/2010:11:43:27 +0200] "GET / HTTP/1.1" 200 5998 "http://www.bigfinder.de/index.php" "Mozilla/5.0 (Windows; U; Windows NT 5.1; de; rv:1.8.1.16) Gecko/20080702 Firefox/2.0.0.16"
83.133.125.202 - - [30/Mar/2010:20:23:13 +0200] "GET / HTTP/1.1" 200 5998 "http://www.bigfinder.de/index.php" "Mozilla/4.0 (compatible; MSIE 7.0; Windows NT 5.1; .NET CLR 1.1.4322; .NET CLR 2.0.50727)"
92.51.147.90 - - [31/Mar/2010:11:28:04 +0200] "GET /robots.txt HTTP/1.1" 404 1256 "-" "BotOnParade, http://www.bots-on-para.de/bot.html"
67.195.114.50 - - [31/Mar/2010:12:17:03 +0200] "GET /robots.txt HTTP/1.0" 404 1256 "-" "Mozilla/5.0 (compatible; Yahoo! Slurp; http://help.yahoo.com/help/us/ysearch/slurp)"
67.195.114.50 - - [31/Mar/2010:12:17:03 +0200] "GET /fotoshow/fotoshow.htm HTTP/1.0" 200 6148 "-" "Mozilla/5.0 (compatible; Yahoo! Slurp/3.0; http://help.yahoo.com/help/us/ysearch/slurp)"
83.133.125.202 - - [31/Mar/2010:21:44:10 +0200] "GET / HTTP/1.1" 200 5998 "http://www.bigfinder.de/index.php" "Mozilla/5.0 (Windows; U; Windows NT 5.1; de; rv:1.8.1.16) Gecko/20080702 Firefox/2.0.0.16"