66.249.78.90 - - [21/Jan/2015:21:37:25 +0100] "GET /impressum.html HTTP/1.1" 304 - "-" "Mozilla/5.0 (compatible; Googlebot/2.1; +http://www.google.com/bot.html)"
66.249.64.90 - - [22/Jan/2015:01:45:30 +0100] "GET / HTTP/1.1" 200 3704 "-" "Mozilla/5.0 (compatible; Googlebot/2.1; +http://www.google.com/bot.html)"
66.249.78.83 - - [22/Jan/2015:01:54:40 +0100] "GET /css/bootstrap-responsive.min.css HTTP/1.1" 200 16520 "-" "Mozilla/5.0 (compatible; Googlebot/2.1; +http://www.google.com/bot.html)"
66.249.78.90 - - [22/Jan/2015:01:54:48 +0100] "GET /css/bootstrap.min.css HTTP/1.1" 200 101265 "-" "Mozilla/5.0 (compatible; Googlebot/2.1; +http://www.google.com/bot.html)"
188.165.15.97 - - [22/Jan/2015:07:55:24 +0100] "GET / HTTP/1.1" 200 3704 "-" "Mozilla/5.0 (compatible; AhrefsBot/5.0; +http://ahrefs.com/robot/)"
192.187.99.195 - - [22/Jan/2015:08:18:29 +0100] "HEAD /wp-login.php HTTP/1.1" 404 - "-" "-"
157.55.39.113 - - [22/Jan/2015:08:47:32 +0100] "GET /robots.txt HTTP/1.1" 404 1256 "-" "Mozilla/5.0 (compatible; bingbot/2.0; +http://www.bing.com/bingbot.htm)"
157.55.39.113 - - [22/Jan/2015:08:47:36 +0100] "GET /index.html HTTP/1.1" 200 3704 "-" "Mozilla/5.0 (iPhone; CPU iPhone OS 7_0 like Mac OS X) AppleWebKit/537.51.1 (KHTML, like Gecko) Version/7.0 Mobile/11A465 Safari/9537.53 (compatible; bingbot/2.0; http://www.bing.com/bingbot.htm)"
157.55.39.113 - - [22/Jan/2015:08:47:42 +0100] "GET /robots.txt HTTP/1.1" 404 1256 "-" "Mozilla/5.0 (compatible; bingbot/2.0; +http://www.bing.com/bingbot.htm)"
157.55.39.113 - - [22/Jan/2015:08:47:42 +0100] "GET /robots.txt HTTP/1.1" 404 1256 "-" "Mozilla/5.0 (compatible; bingbot/2.0; +http://www.bing.com/bingbot.htm)"
157.55.39.113 - - [22/Jan/2015:08:47:42 +0100] "GET /robots.txt HTTP/1.1" 404 1256 "-" "Mozilla/5.0 (compatible; bingbot/2.0; +http://www.bing.com/bingbot.htm)"
157.55.39.113 - - [22/Jan/2015:08:47:42 +0100] "GET /robots.txt HTTP/1.1" 404 1256 "-" "Mozilla/5.0 (compatible; bingbot/2.0; +http://www.bing.com/bingbot.htm)"
157.55.39.58 - - [22/Jan/2015:08:47:51 +0100] "GET /css/bootstrap.min.css HTTP/1.1" 200 101265 "-" "Mozilla/5.0 (iPhone; CPU iPhone OS 7_0 like Mac OS X) AppleWebKit/537.51.1 (KHTML, like Gecko) Version/7.0 Mobile/11A465 Safari/9537.53 (compatible; bingbot/2.0; +http://www.bing.com/bingbot.htm)"
157.55.39.37 - - [22/Jan/2015:08:47:57 +0100] "GET /css/bootstrap-responsive.min.css HTTP/1.1" 200 16520 "-" "Mozilla/5.0 (iPhone; CPU iPhone OS 7_0 like Mac OS X) AppleWebKit/537.51.1 (KHTML, like Gecko) Version/7.0 Mobile/11A465 Safari/9537.53 (compatible; bingbot/2.0; +http://www.bing.com/bingbot.htm)"
157.55.39.37 - - [22/Jan/2015:08:47:57 +0100] "GET /img/beos.jpg HTTP/1.1" 200 46831 "-" "Mozilla/5.0 (iPhone; CPU iPhone OS 7_0 like Mac OS X) AppleWebKit/537.51.1 (KHTML, like Gecko) Version/7.0 Mobile/11A465 Safari/9537.53 (compatible; bingbot/2.0; +http://www.bing.com/bingbot.htm)"
157.55.39.37 - - [22/Jan/2015:08:47:59 +0100] "GET /js/bootstrap.min.js HTTP/1.1" 200 25764 "-" "Mozilla/5.0 (iPhone; CPU iPhone OS 7_0 like Mac OS X) AppleWebKit/537.51.1 (KHTML, like Gecko) Version/7.0 Mobile/11A465 Safari/9537.53 (compatible; bingbot/2.0; +http://www.bing.com/bingbot.htm)"
199.30.25.81 - - [22/Jan/2015:09:48:53 +0100] "GET /img/glyphicons-halflings.png HTTP/1.1" 200 12799 "http://www.beos-polymer.de/index.html" "Mozilla/5.0 (iPhone; CPU iPhone OS 7_0 like Mac OS X) AppleWebKit/537.51.1 (KHTML, like Gecko) Version/7.0 Mobile/11A465 Safari/9537.53 BingPreview/1.0b"
66.249.78.97 - - [22/Jan/2015:14:56:38 +0100] "GET /robots.txt HTTP/1.1" 404 1256 "-" "Mozilla/5.0 (compatible; Googlebot/2.1; +http://www.google.com/bot.html)"
66.249.78.97 - - [22/Jan/2015:14:56:38 +0100] "GET / HTTP/1.1" 200 3704 "-" "Mozilla/5.0 (compatible; Googlebot/2.1; +http://www.google.com/bot.html)"
173.208.177.59 - - [22/Jan/2015:15:32:02 +0100] "HEAD /js/fckeditor/editor/ HTTP/1.1" 404 - "-" "-"
173.208.177.59 - - [22/Jan/2015:15:32:03 +0100] "HEAD /admin/fckeditor/editor/ HTTP/1.1" 404 - "-" "-"
173.208.177.59 - - [22/Jan/2015:15:32:03 +0100] "HEAD /fckeditor/editor/ HTTP/1.1" 404 - "-" "-"
173.208.177.59 - - [22/Jan/2015:15:32:03 +0100] "HEAD /include/fckeditor/editor/ HTTP/1.1" 404 - "-" "-"
173.208.177.59 - - [22/Jan/2015:15:32:03 +0100] "HEAD /manage/fckeditor/editor/ HTTP/1.1" 404 - "-" "-"
66.249.78.83 - - [22/Jan/2015:20:08:56 +0100] "GET / HTTP/1.1" 200 3704 "-" "Mozilla/5.0 (compatible; Googlebot/2.1; +http://www.google.com/bot.html)"
66.249.78.97 - - [22/Jan/2015:20:28:04 +0100] "GET /impressum.html HTTP/1.1" 200 2574 "-" "Mozilla/5.0 (compatible; Googlebot/2.1; +http://www.google.com/bot.html)"
141.8.147.12 - - [22/Jan/2015:22:12:06 +0100] "GET /robots.txt HTTP/1.1" 404 1256 "-" "Mozilla/5.0 (compatible; YandexBot/3.0; +http://yandex.com/bots)"
141.8.147.12 - - [22/Jan/2015:22:54:43 +0100] "GET /index.html HTTP/1.1" 200 3704 "-" "Mozilla/5.0 (compatible; YandexBot/3.0; +http://yandex.com/bots)"
66.249.78.83 - - [23/Jan/2015:04:13:00 +0100] "GET /robots.txt HTTP/1.1" 404 1256 "-" "Mozilla/5.0 (compatible; Googlebot/2.1; +http://www.google.com/bot.html)"
207.46.13.131 - - [23/Jan/2015:10:41:50 +0100] "GET /impressum.html HTTP/1.1" 200 2574 "-" "Mozilla/5.0 (compatible; bingbot/2.0; +http://www.bing.com/bingbot.htm)"
207.46.13.131 - - [23/Jan/2015:10:42:10 +0100] "GET /css/bootstrap-responsive.min.css HTTP/1.1" 200 16520 "-" "Mozilla/5.0 (compatible; bingbot/2.0; +http://www.bing.com/bingbot.htm)"
207.46.13.131 - - [23/Jan/2015:10:42:11 +0100] "GET /js/bootstrap.min.js HTTP/1.1" 200 25764 "-" "Mozilla/5.0 (compatible; bingbot/2.0; +http://www.bing.com/bingbot.htm)"
157.55.39.58 - - [23/Jan/2015:10:43:22 +0100] "GET /css/bootstrap.min.css HTTP/1.1" 200 101265 "-" "Mozilla/5.0 (compatible; bingbot/2.0; +http://www.bing.com/bingbot.htm)"
199.58.86.206 - - [23/Jan/2015:12:19:02 +0100] "GET /robots.txt HTTP/1.0" 404 1256 "-" "Mozilla/5.0 (compatible; MJ12bot/v1.4.5; http://www.majestic12.co.uk/bot.php?+)"
199.58.86.206 - - [23/Jan/2015:12:19:04 +0100] "GET / HTTP/1.0" 200 3704 "-" "Mozilla/5.0 (compatible; MJ12bot/v1.4.5; http://www.majestic12.co.uk/bot.php?+)"
217.6.255.133 - - [23/Jan/2015:16:47:00 +0100] "GET / HTTP/1.0" 200 3704 "http://www.google.de/url?sa=t&rct=j&q=&esrc=s&source=web&cd=4&ved=0CDYQFjAD&url=http%3A%2F%2Fwww.beos-polymer.de%2F&ei=5mzCVJSFO4P8aJPXgegF&usg=AFQjCNHkP8INSL1dW-97m1F_ljbLQHJSGA&bvm=bv.84349003,d.d2s" "Mozilla/5.0 (Windows NT 6.1; WOW64; Trident/7.0; rv:11.0) like Gecko"
217.6.255.133 - - [23/Jan/2015:16:47:00 +0100] "GET /css/bootstrap-responsive.min.css HTTP/1.0" 200 16520 "http://www.beos-polymer.de/" "Mozilla/5.0 (Windows NT 6.1; WOW64; Trident/7.0; rv:11.0) like Gecko"
217.6.255.133 - - [23/Jan/2015:16:47:00 +0100] "GET /js/bootstrap.min.js HTTP/1.0" 200 25764 "http://www.beos-polymer.de/" "Mozilla/5.0 (Windows NT 6.1; WOW64; Trident/7.0; rv:11.0) like Gecko"
217.6.255.133 - - [23/Jan/2015:16:47:00 +0100] "GET /img/beos.jpg HTTP/1.0" 200 46831 "http://www.beos-polymer.de/" "Mozilla/5.0 (Windows NT 6.1; WOW64; Trident/7.0; rv:11.0) like Gecko"
217.6.255.133 - - [23/Jan/2015:16:47:00 +0100] "GET /css/bootstrap.min.css HTTP/1.0" 200 101265 "http://www.beos-polymer.de/" "Mozilla/5.0 (Windows NT 6.1; WOW64; Trident/7.0; rv:11.0) like Gecko"
217.6.255.133 - - [23/Jan/2015:16:47:01 +0100] "GET /ico/favicon.ico HTTP/1.0" 404 1256 "-" "Mozilla/5.0 (Windows NT 6.1; WOW64; Trident/7.0; rv:11.0) like Gecko"
217.6.255.133 - - [23/Jan/2015:16:47:01 +0100] "GET /favicon.ico HTTP/1.0" 404 1256 "-" "Mozilla/5.0 (Windows NT 6.1; WOW64; Trident/7.0; rv:11.0) like Gecko"
87.170.2.118 - - [23/Jan/2015:16:56:58 +0100] "GET / HTTP/1.1" 200 3704 "-" "Mozilla/5.0 (Windows NT 5.1; rv:35.0) Gecko/20100101 Firefox/35.0"
87.170.2.118 - - [23/Jan/2015:16:56:58 +0100] "GET /css/bootstrap-responsive.min.css HTTP/1.1" 200 16520 "http://www.beos-polymer.de/" "Mozilla/5.0 (Windows NT 5.1; rv:35.0) Gecko/20100101 Firefox/35.0"
87.170.2.118 - - [23/Jan/2015:16:56:58 +0100] "GET /js/bootstrap.min.js HTTP/1.1" 200 25764 "http://www.beos-polymer.de/" "Mozilla/5.0 (Windows NT 5.1; rv:35.0) Gecko/20100101 Firefox/35.0"
87.170.2.118 - - [23/Jan/2015:16:56:58 +0100] "GET /ico/favicon.ico HTTP/1.1" 404 1256 "-" "Mozilla/5.0 (Windows NT 5.1; rv:35.0) Gecko/20100101 Firefox/35.0"
87.170.2.118 - - [23/Jan/2015:16:56:58 +0100] "GET /css/bootstrap.min.css HTTP/1.1" 200 101265 "http://www.beos-polymer.de/" "Mozilla/5.0 (Windows NT 5.1; rv:35.0) Gecko/20100101 Firefox/35.0"
87.170.2.118 - - [23/Jan/2015:16:56:59 +0100] "GET /img/beos.jpg HTTP/1.1" 200 46831 "http://www.beos-polymer.de/" "Mozilla/5.0 (Windows NT 5.1; rv:35.0) Gecko/20100101 Firefox/35.0"
188.165.15.94 - - [23/Jan/2015:18:35:58 +0100] "GET /robots.txt HTTP/1.1" 404 1256 "-" "Mozilla/5.0 (compatible; AhrefsBot/5.0; +http://ahrefs.com/robot/)"
66.249.78.97 - - [23/Jan/2015:19:44:06 +0100] "GET /robots.txt HTTP/1.1" 404 1256 "-" "Mozilla/5.0 (compatible; Googlebot/2.1; +http://www.google.com/bot.html)"
66.249.78.90 - - [23/Jan/2015:19:44:06 +0100] "GET /impressum.html HTTP/1.1" 304 - "-" "Mozilla/5.0 (compatible; Googlebot/2.1; +http://www.google.com/bot.html)"
66.249.78.83 - - [23/Jan/2015:20:05:51 +0100] "GET / HTTP/1.1" 200 3704 "-" "Mozilla/5.0 (compatible; Googlebot/2.1; +http://www.google.com/bot.html)"
66.249.78.97 - - [24/Jan/2015:02:49:29 +0100] "GET /index.html HTTP/1.1" 200 3704 "-" "Mozilla/5.0 (compatible; Googlebot/2.1; +http://www.google.com/bot.html)"
220.181.108.97 - - [24/Jan/2015:04:37:00 +0100] "GET / HTTP/1.1" 200 3704 "-" "Mozilla/5.0 (compatible; Baiduspider/2.0; +http://www.baidu.com/search/spider.html)"
208.115.113.87 - - [24/Jan/2015:07:31:15 +0100] "GET /robots.txt HTTP/1.1" 404 1256 "-" "Mozilla/5.0 (compatible; DotBot/1.1; http://www.opensiteexplorer.org/dotbot, help@moz.com)"
208.115.113.87 - - [24/Jan/2015:08:20:08 +0100] "GET / HTTP/1.1" 200 3704 "-" "Mozilla/5.0 (compatible; DotBot/1.1; http://www.opensiteexplorer.org/dotbot, help@moz.com)"
66.249.78.90 - - [24/Jan/2015:08:50:32 +0100] "GET /robots.txt HTTP/1.1" 404 1256 "-" "Mozilla/5.0 (compatible; Googlebot/2.1; +http://www.google.com/bot.html)"
66.249.78.97 - - [24/Jan/2015:08:50:32 +0100] "GET / HTTP/1.1" 200 3704 "-" "Mozilla/5.0 (iPhone; CPU iPhone OS 6_0 like Mac OS X) AppleWebKit/536.26 (KHTML, like Gecko) Version/6.0 Mobile/10A5376e Safari/8536.25 (compatible; Googlebot/2.1; +http://www.google.com/bot.html)"
66.249.78.97 - - [24/Jan/2015:11:06:50 +0100] "GET / HTTP/1.1" 200 3704 "-" "Mozilla/5.0 (compatible; Googlebot/2.1; +http://www.google.com/bot.html)"
66.249.78.90 - - [24/Jan/2015:18:20:37 +0100] "GET / HTTP/1.1" 200 3704 "-" "Mozilla/5.0 (compatible; Googlebot/2.1; +http://www.google.com/bot.html)"
66.249.78.83 - - [24/Jan/2015:18:20:52 +0100] "GET /impressum.html HTTP/1.1" 304 - "-" "Mozilla/5.0 (compatible; Googlebot/2.1; +http://www.google.com/bot.html)"
46.229.170.197 - - [24/Jan/2015:23:10:57 +0100] "GET / HTTP/1.1" 200 3704 "-" "Mozilla/5.0 (Windows NT 6.1; Win64; x64; rv:2.0b8pre) Gecko/20101213 Firefox/4.0b8pre"
66.249.78.90 - - [24/Jan/2015:23:38:12 +0100] "GET /robots.txt HTTP/1.1" 404 1256 "-" "Mozilla/5.0 (compatible; Googlebot/2.1; +http://www.google.com/bot.html)"
66.249.78.90 - - [24/Jan/2015:23:38:13 +0100] "GET /impressum.html HTTP/1.1" 200 2574 "-" "Mozilla/5.0 (compatible; Googlebot/2.1; +http://www.google.com/bot.html)"
66.249.78.97 - - [25/Jan/2015:13:25:32 +0100] "GET /robots.txt HTTP/1.1" 404 1256 "-" "Mozilla/5.0 (compatible; Googlebot/2.1; +http://www.google.com/bot.html)"
66.249.78.83 - - [25/Jan/2015:13:25:32 +0100] "GET / HTTP/1.1" 200 3704 "-" "Mozilla/5.0 (compatible; Googlebot/2.1; +http://www.google.com/bot.html)"
66.249.64.94 - - [25/Jan/2015:13:27:31 +0100] "GET /css/bootstrap.min.css HTTP/1.1" 200 101265 "-" "Mozilla/5.0 (compatible; Googlebot/2.1; +http://www.google.com/bot.html)"
66.249.78.90 - - [25/Jan/2015:14:08:41 +0100] "GET /impressum.html HTTP/1.1" 304 - "-" "Mozilla/5.0 (compatible; Googlebot/2.1; +http://www.google.com/bot.html)"
66.249.64.90 - - [25/Jan/2015:16:26:45 +0100] "GET /css/bootstrap-responsive.min.css HTTP/1.1" 200 16520 "-" "Mozilla/5.0 (compatible; Googlebot/2.1; +http://www.google.com/bot.html)"
66.249.64.94 - - [25/Jan/2015:17:18:15 +0100] "GET / HTTP/1.1" 200 3704 "-" "Mozilla/5.0 (compatible; Googlebot/2.1; +http://www.google.com/bot.html)"
141.8.147.12 - - [25/Jan/2015:17:53:08 +0100] "GET /robots.txt HTTP/1.1" 404 1256 "-" "Mozilla/5.0 (compatible; YandexBot/3.0; +http://yandex.com/bots)"
141.8.147.12 - - [25/Jan/2015:18:09:27 +0100] "GET / HTTP/1.1" 200 3704 "-" "Mozilla/5.0 (compatible; YandexBot/3.0; +http://yandex.com/bots)"
66.249.64.94 - - [26/Jan/2015:00:08:21 +0100] "GET / HTTP/1.1" 200 3704 "-" "Mozilla/5.0 (compatible; Googlebot/2.1; +http://www.google.com/bot.html)"
66.249.64.94 - - [26/Jan/2015:00:13:35 +0100] "GET /impressum.html HTTP/1.1" 200 2574 "-" "Mozilla/5.0 (compatible; Googlebot/2.1; +http://www.google.com/bot.html)"
66.249.78.97 - - [26/Jan/2015:04:12:58 +0100] "GET /robots.txt HTTP/1.1" 404 1256 "-" "Mozilla/5.0 (compatible; Googlebot/2.1; +http://www.google.com/bot.html)"
66.249.78.97 - - [26/Jan/2015:04:12:58 +0100] "GET / HTTP/1.1" 200 3704 "-" "Mozilla/5.0 (compatible; Googlebot/2.1; +http://www.google.com/bot.html)"
66.249.78.97 - - [26/Jan/2015:09:29:27 +0100] "GET /impressum.html HTTP/1.1" 304 - "-" "Mozilla/5.0 (compatible; Googlebot/2.1; +http://www.google.com/bot.html)"
217.253.75.133 - - [26/Jan/2015:12:46:12 +0100] "GET / HTTP/1.1" 200 3704 "http://www.mochau.de/Gemeindegebiet.phtml" "Mozilla/5.0 (Windows NT 6.1; WOW64; rv:35.0) Gecko/20100101 Firefox/35.0"
217.253.75.133 - - [26/Jan/2015:12:46:12 +0100] "GET /css/bootstrap-responsive.min.css HTTP/1.1" 200 16520 "http://www.beos-polymer.de/" "Mozilla/5.0 (Windows NT 6.1; WOW64; rv:35.0) Gecko/20100101 Firefox/35.0"
217.253.75.133 - - [26/Jan/2015:12:46:12 +0100] "GET /ico/favicon.ico HTTP/1.1" 404 1256 "-" "Mozilla/5.0 (Windows NT 6.1; WOW64; rv:35.0) Gecko/20100101 Firefox/35.0"
217.253.75.133 - - [26/Jan/2015:12:46:13 +0100] "GET /ico/favicon.ico HTTP/1.1" 404 1256 "-" "Mozilla/5.0 (Windows NT 6.1; WOW64; rv:35.0) Gecko/20100101 Firefox/35.0"
217.253.75.133 - - [26/Jan/2015:12:46:12 +0100] "GET /js/bootstrap.min.js HTTP/1.1" 200 25764 "http://www.beos-polymer.de/" "Mozilla/5.0 (Windows NT 6.1; WOW64; rv:35.0) Gecko/20100101 Firefox/35.0"
217.253.75.133 - - [26/Jan/2015:12:46:12 +0100] "GET /css/bootstrap.min.css HTTP/1.1" 200 101265 "http://www.beos-polymer.de/" "Mozilla/5.0 (Windows NT 6.1; WOW64; rv:35.0) Gecko/20100101 Firefox/35.0"
217.253.75.133 - - [26/Jan/2015:12:46:17 +0100] "GET /img/beos.jpg HTTP/1.1" 200 46831 "http://www.beos-polymer.de/" "Mozilla/5.0 (Windows NT 6.1; WOW64; rv:35.0) Gecko/20100101 Firefox/35.0"
217.253.75.133 - - [26/Jan/2015:12:46:18 +0100] "GET /ico/favicon.ico HTTP/1.1" 404 1256 "-" "Mozilla/5.0 (Windows NT 6.1; WOW64; rv:35.0) Gecko/20100101 Firefox/35.0"
173.208.177.59 - - [26/Jan/2015:14:49:59 +0100] "HEAD /administrator/index.php HTTP/1.1" 404 - "-" "-"
72.46.136.178 - - [26/Jan/2015:20:29:42 +0100] "GET / HTTP/1.1" 200 3704 "-" "Mozilla/4.0 (compatible; MSIE 6.0; Windows NT 5.1; SV1)"
66.249.78.97 - - [26/Jan/2015:23:45:39 +0100] "GET /robots.txt HTTP/1.1" 404 1256 "-" "Mozilla/5.0 (compatible; Googlebot/2.1; +http://www.google.com/bot.html)"
66.249.65.71 - - [26/Jan/2015:23:45:39 +0100] "GET / HTTP/1.1" 200 3704 "-" "Mozilla/5.0 (compatible; Googlebot/2.1; +http://www.google.com/bot.html)"
66.249.78.83 - - [27/Jan/2015:00:13:06 +0100] "GET /impressum.html HTTP/1.1" 304 - "-" "Mozilla/5.0 (compatible; Googlebot/2.1; +http://www.google.com/bot.html)"
66.249.78.83 - - [27/Jan/2015:07:49:24 +0100] "GET /impressum.html HTTP/1.1" 304 - "-" "Mozilla/5.0 (compatible; Googlebot/2.1; +http://www.google.com/bot.html)"
78.46.94.23 - - [27/Jan/2015:14:37:47 +0100] "GET /robots.txt HTTP/1.0" 404 1256 "-" "Mozilla/5.0 (compatible; MJ12bot/v1.4.5; http://www.majestic12.co.uk/bot.php?+)"
78.46.94.23 - - [27/Jan/2015:14:37:56 +0100] "GET /impressum.html HTTP/1.0" 200 2574 "-" "Mozilla/5.0 (compatible; MJ12bot/v1.4.5; http://www.majestic12.co.uk/bot.php?+)"
66.249.78.97 - - [27/Jan/2015:15:59:43 +0100] "GET /robots.txt HTTP/1.1" 404 1256 "-" "Mozilla/5.0 (compatible; Googlebot/2.1; +http://www.google.com/bot.html)"
66.249.78.83 - - [27/Jan/2015:15:59:43 +0100] "GET / HTTP/1.1" 200 3704 "-" "Mozilla/5.0 (compatible; Googlebot/2.1; +http://www.google.com/bot.html)"
66.249.78.90 - - [27/Jan/2015:16:25:41 +0100] "GET /impressum.html HTTP/1.1" 304 - "-" "Mozilla/5.0 (compatible; Googlebot/2.1; +http://www.google.com/bot.html)"
188.165.15.224 - - [27/Jan/2015:21:04:45 +0100] "GET /robots.txt HTTP/1.1" 404 1256 "-" "Mozilla/5.0 (compatible; AhrefsBot/5.0; +http://ahrefs.com/robot/)"
66.249.78.83 - - [27/Jan/2015:22:30:13 +0100] "GET / HTTP/1.1" 200 3704 "-" "Mozilla/5.0 (compatible; Googlebot/2.1; +http://www.google.com/bot.html)"
66.249.78.83 - - [27/Jan/2015:22:40:13 +0100] "GET /impressum.html HTTP/1.1" 304 - "-" "Mozilla/5.0 (compatible; Googlebot/2.1; +http://www.google.com/bot.html)"
64.246.165.210 - - [27/Jan/2015:23:41:50 +0100] "GET /robots.txt HTTP/1.0" 404 1256 "-" "Mozilla/5.0 (Windows; U; Windows NT 5.1; en; rv:1.9.0.13) Gecko/2009073022 Firefox/3.5.2 (.NET CLR 3.5.30729) SurveyBot/2.3 (DomainTools)"
64.246.165.210 - - [27/Jan/2015:23:41:50 +0100] "GET / HTTP/1.1" 200 3704 "http://whois.domaintools.com/beos-polymer.de" "Mozilla/5.0 (Windows; U; Windows NT 5.1; en; rv:1.9.0.13) Gecko/2009073022 Firefox/3.5.2 (.NET CLR 3.5.30729) SurveyBot/2.3 (DomainTools)"
66.249.78.90 - - [28/Jan/2015:04:04:23 +0100] "GET /robots.txt HTTP/1.1" 404 1256 "-" "Mozilla/5.0 (compatible; Googlebot/2.1; +http://www.google.com/bot.html)"
66.249.78.83 - - [28/Jan/2015:04:04:23 +0100] "GET / HTTP/1.1" 200 3704 "-" "Mozilla/5.0 (compatible; Googlebot/2.1; +http://www.google.com/bot.html)"
66.249.78.90 - - [28/Jan/2015:05:45:36 +0100] "GET / HTTP/1.1" 200 3704 "-" "Mozilla/5.0 (compatible; Googlebot/2.1; +http://www.google.com/bot.html)"
66.249.78.83 - - [28/Jan/2015:12:54:33 +0100] "GET /impressum.html HTTP/1.1" 304 - "-" "Mozilla/5.0 (compatible; Googlebot/2.1; +http://www.google.com/bot.html)"
212.185.174.138 - - [28/Jan/2015:14:02:22 +0100] "GET / HTTP/1.1" 200 3704 "http://www.google.de/url?sa=t&rct=j&q=&esrc=s&frm=1&source=web&cd=1&ved=0CCEQFjAA&url=http%3A%2F%2Fwww.beos-polymer.de%2F&ei=x93IVMSyE4faaprogYgK&usg=AFQjCNHkP8INSL1dW-97m1F_ljbLQHJSGA&bvm=bv.84607526,d.d2s" "Mozilla/5.0 (compatible; MSIE 9.0; Windows NT 6.1; WOW64; Trident/5.0)"
212.185.174.138 - - [28/Jan/2015:14:02:22 +0100] "GET /css/bootstrap-responsive.min.css HTTP/1.1" 200 16520 "http://www.beos-polymer.de/" "Mozilla/5.0 (compatible; MSIE 9.0; Windows NT 6.1; WOW64; Trident/5.0)"
212.185.174.138 - - [28/Jan/2015:14:02:22 +0100] "GET /css/bootstrap.min.css HTTP/1.1" 200 101265 "http://www.beos-polymer.de/" "Mozilla/5.0 (compatible; MSIE 9.0; Windows NT 6.1; WOW64; Trident/5.0)"
212.185.174.138 - - [28/Jan/2015:14:02:22 +0100] "GET /js/bootstrap.min.js HTTP/1.1" 200 25764 "http://www.beos-polymer.de/" "Mozilla/5.0 (compatible; MSIE 9.0; Windows NT 6.1; WOW64; Trident/5.0)"
212.185.174.138 - - [28/Jan/2015:14:02:22 +0100] "GET /img/glyphicons-halflings.png HTTP/1.1" 200 12799 "http://www.beos-polymer.de/" "Mozilla/5.0 (compatible; MSIE 9.0; Windows NT 6.1; WOW64; Trident/5.0)"
212.185.174.138 - - [28/Jan/2015:14:02:22 +0100] "GET /img/beos.jpg HTTP/1.1" 200 46831 "http://www.beos-polymer.de/" "Mozilla/5.0 (compatible; MSIE 9.0; Windows NT 6.1; WOW64; Trident/5.0)"
212.185.174.138 - - [28/Jan/2015:14:02:23 +0100] "GET /ico/favicon.ico HTTP/1.1" 404 1256 "-" "Mozilla/5.0 (compatible; MSIE 9.0; Windows NT 6.1; WOW64; Trident/5.0)"
123.125.71.19 - - [28/Jan/2015:14:12:56 +0100] "GET /robots.txt HTTP/1.1" 404 1256 "-" "Mozilla/5.0 (Windows NT 5.1; rv:6.0.2) Gecko/20100101 Firefox/6.0.2"
123.125.71.87 - - [28/Jan/2015:14:13:22 +0100] "GET / HTTP/1.1" 200 3704 "-" "Mozilla/5.0 (compatible; Baiduspider/2.0; +http://www.baidu.com/search/spider.html)"
66.249.78.90 - - [28/Jan/2015:18:29:46 +0100] "GET /robots.txt HTTP/1.1" 404 1256 "-" "Mozilla/5.0 (compatible; Googlebot/2.1; +http://www.google.com/bot.html)"
66.249.78.90 - - [28/Jan/2015:18:29:46 +0100] "GET /impressum.html HTTP/1.1" 304 - "-" "Mozilla/5.0 (compatible; Googlebot/2.1; +http://www.google.com/bot.html)"
66.249.78.97 - - [29/Jan/2015:01:13:49 +0100] "GET /impressum.html HTTP/1.1" 304 - "-" "Mozilla/5.0 (compatible; Googlebot/2.1; +http://www.google.com/bot.html)"
66.249.78.83 - - [29/Jan/2015:02:37:53 +0100] "GET / HTTP/1.1" 200 3704 "-" "Mozilla/5.0 (compatible; Googlebot/2.1; +http://www.google.com/bot.html)"
66.249.78.97 - - [29/Jan/2015:02:43:15 +0100] "GET /css/bootstrap.min.css HTTP/1.1" 200 101265 "-" "Mozilla/5.0 (compatible; Googlebot/2.1; +http://www.google.com/bot.html)"
66.249.65.167 - - [29/Jan/2015:06:19:14 +0100] "GET /css/bootstrap-responsive.min.css HTTP/1.1" 200 16520 "-" "Mozilla/5.0 (compatible; Googlebot/2.1; +http://www.google.com/bot.html)"
176.57.141.254 - - [29/Jan/2015:12:22:01 +0100] "GET /impressum.html HTTP/1.1" 200 2574 "-" "Mozilla/5.0 (compatible; MSIE 10.0; Windows NT 6.1; Trident/5.0)"
176.57.141.254 - - [29/Jan/2015:12:22:02 +0100] "GET / HTTP/1.1" 200 3704 "-" "Mozilla/5.0 (Windows NT 6.2; rv:21.0) Gecko/20130326 Firefox/21.0"
72.46.136.178 - - [29/Jan/2015:13:02:49 +0100] "GET / HTTP/1.1" 200 3704 "-" "Mozilla/4.0 (compatible; MSIE 6.0; Windows NT 5.1)"
220.181.108.92 - - [30/Jan/2015:05:29:28 +0100] "GET / HTTP/1.1" 200 3704 "-" "Mozilla/5.0 (compatible; Baiduspider/2.0; +http://www.baidu.com/search/spider.html)"
66.249.78.83 - - [30/Jan/2015:11:10:08 +0100] "GET /robots.txt HTTP/1.1" 404 1256 "-" "Mozilla/5.0 (compatible; Googlebot/2.1; +http://www.google.com/bot.html)"
66.249.78.83 - - [30/Jan/2015:11:10:08 +0100] "GET / HTTP/1.1" 200 3704 "-" "Mozilla/5.0 (iPhone; CPU iPhone OS 6_0 like Mac OS X) AppleWebKit/536.26 (KHTML, like Gecko) Version/6.0 Mobile/10A5376e Safari/8536.25 (compatible; Googlebot/2.1; +http://www.google.com/bot.html)"
217.92.153.75 - - [30/Jan/2015:11:46:31 +0100] "GET / HTTP/1.0" 200 3704 "http://www.google.de/url?sa=t&rct=j&q=&esrc=s&source=web&cd=2&ved=0CCkQFjAB&url=http%3A%2F%2Fwww.beos-polymer.de%2F&ei=02DLVPivAYOfPISHgLAI&usg=AFQjCNHkP8INSL1dW-97m1F_ljbLQHJSGA&sig2=ByUKN-UcHwuyVikDrO6Wuw&bvm=bv.84607526,d.ZWU" "Mozilla/5.0 (Windows NT 6.1; WOW64; rv:35.0) Gecko/20100101 Firefox/35.0"
217.92.153.75 - - [30/Jan/2015:11:46:31 +0100] "GET /ico/favicon.ico HTTP/1.0" 404 1256 "-" "Mozilla/5.0 (Windows NT 6.1; WOW64; rv:35.0) Gecko/20100101 Firefox/35.0"
217.92.153.75 - - [30/Jan/2015:11:46:31 +0100] "GET /css/bootstrap-responsive.min.css HTTP/1.0" 200 16520 "http://www.beos-polymer.de/" "Mozilla/5.0 (Windows NT 6.1; WOW64; rv:35.0) Gecko/20100101 Firefox/35.0"
217.92.153.75 - - [30/Jan/2015:11:46:31 +0100] "GET /js/bootstrap.min.js HTTP/1.0" 200 25764 "http://www.beos-polymer.de/" "Mozilla/5.0 (Windows NT 6.1; WOW64; rv:35.0) Gecko/20100101 Firefox/35.0"
217.92.153.75 - - [30/Jan/2015:11:46:31 +0100] "GET /css/bootstrap.min.css HTTP/1.0" 200 101265 "http://www.beos-polymer.de/" "Mozilla/5.0 (Windows NT 6.1; WOW64; rv:35.0) Gecko/20100101 Firefox/35.0"
217.92.153.75 - - [30/Jan/2015:11:46:33 +0100] "GET /img/beos.jpg HTTP/1.0" 200 46831 "http://www.beos-polymer.de/" "Mozilla/5.0 (Windows NT 6.1; WOW64; rv:35.0) Gecko/20100101 Firefox/35.0"
207.46.13.109 - - [30/Jan/2015:16:59:16 +0100] "GET /robots.txt HTTP/1.1" 404 1256 "-" "Mozilla/5.0 (compatible; bingbot/2.0; +http://www.bing.com/bingbot.htm)"
207.46.13.109 - - [30/Jan/2015:16:59:23 +0100] "GET /index.html HTTP/1.1" 304 - "-" "Mozilla/5.0 (compatible; bingbot/2.0; +http://www.bing.com/bingbot.htm)"
188.165.15.64 - - [30/Jan/2015:23:24:56 +0100] "GET /impressum.html HTTP/1.1" 200 2574 "-" "Mozilla/5.0 (compatible; AhrefsBot/5.0; +http://ahrefs.com/robot/)"
188.165.15.55 - - [31/Jan/2015:00:36:26 +0100] "GET /robots.txt HTTP/1.1" 404 1256 "-" "Mozilla/5.0 (compatible; AhrefsBot/5.0; +http://ahrefs.com/robot/)"