46.119.119.184 - - [25/Dec/2014:13:35:35 +0100] "GET / HTTP/1.1" 200 3274 "https://www.tattooreligion.ru/" "Opera/9.0 (Windows NT 5.1; U; en)"
46.119.119.184 - - [25/Dec/2014:13:35:36 +0100] "GET / HTTP/1.1" 200 3274 "https://www.tattooreligion.ru/" "Opera/9.0 (Windows NT 5.1; U; en)"
46.119.119.184 - - [25/Dec/2014:13:35:36 +0100] "GET / HTTP/1.1" 200 3274 "https://www.tattooreligion.ru/" "Opera/9.0 (Windows NT 5.1; U; en)"
178.137.94.34 - - [25/Dec/2014:15:53:09 +0100] "GET / HTTP/1.1" 200 3274 "http://www.germes-trans.com/poleznaya-informaciya/sovremennaya-rol-logistiki-v-upravlenii-biznesom.html" "Mozilla/4.0 (compatible; MSIE 6.0; Windows NT 5.0; APC; .NET CLR 1.0.3705; .NET CLR 1.1.4322; .NET CLR 2.0.50215; InfoPath.1)"
178.137.94.34 - - [25/Dec/2014:15:53:09 +0100] "GET / HTTP/1.1" 200 3274 "http://www.germes-trans.com/poleznaya-informaciya/sovremennaya-rol-logistiki-v-upravlenii-biznesom.html" "Mozilla/4.0 (compatible; MSIE 6.0; Windows NT 5.0; APC; .NET CLR 1.0.3705; .NET CLR 1.1.4322; .NET CLR 2.0.50215; InfoPath.1)"
178.137.94.34 - - [25/Dec/2014:15:53:09 +0100] "GET / HTTP/1.1" 200 3274 "http://www.germes-trans.com/poleznaya-informaciya/sovremennaya-rol-logistiki-v-upravlenii-biznesom.html" "Mozilla/4.0 (compatible; MSIE 6.0; Windows NT 5.0; APC; .NET CLR 1.0.3705; .NET CLR 1.1.4322; .NET CLR 2.0.50215; InfoPath.1)"
188.165.15.198 - - [25/Dec/2014:18:08:40 +0100] "GET /index.html HTTP/1.1" 200 3274 "-" "Mozilla/5.0 (compatible; AhrefsBot/5.0; +http://ahrefs.com/robot/)"
85.25.210.189 - - [25/Dec/2014:22:13:01 +0100] "GET / HTTP/1.1" 200 3274 "-" "Python-urllib/2.7"
46.118.113.149 - - [25/Dec/2014:22:24:37 +0100] "GET / HTTP/1.1" 200 3274 "http://taximytishi.ru/" "Mozilla/4.0 (compatible; MSIE 5.5; Windows NT 4.0)"
46.118.113.149 - - [25/Dec/2014:22:24:38 +0100] "GET / HTTP/1.1" 200 3274 "http://serialsway.ucoz.ru/" "Mozilla/4.0 (compatible; MSIE 5.5; Windows NT 4.0)"
46.118.113.149 - - [25/Dec/2014:22:24:38 +0100] "GET / HTTP/1.1" 200 3274 "http://1fe.ru/" "Mozilla/4.0 (compatible; MSIE 5.5; Windows NT 4.0)"
46.118.113.149 - - [25/Dec/2014:22:24:38 +0100] "GET / HTTP/1.1" 200 3274 "http://taximytishi.ru/" "Mozilla/4.0 (compatible; MSIE 5.5; Windows NT 4.0)"
46.118.113.149 - - [25/Dec/2014:22:24:38 +0100] "GET / HTTP/1.1" 200 3274 "http://serialsway.ucoz.ru/" "Mozilla/4.0 (compatible; MSIE 5.5; Windows NT 4.0)"
46.118.113.149 - - [25/Dec/2014:22:24:38 +0100] "GET / HTTP/1.1" 200 3274 "http://1fe.ru/" "Mozilla/4.0 (compatible; MSIE 5.5; Windows NT 4.0)"
46.118.113.149 - - [25/Dec/2014:22:24:38 +0100] "GET / HTTP/1.1" 200 3274 "http://taximytishi.ru/" "Mozilla/4.0 (compatible; MSIE 5.5; Windows NT 4.0)"
46.118.113.149 - - [25/Dec/2014:22:24:38 +0100] "GET / HTTP/1.1" 200 3274 "http://serialsway.ucoz.ru/" "Mozilla/4.0 (compatible; MSIE 5.5; Windows NT 4.0)"
46.118.113.149 - - [25/Dec/2014:22:24:38 +0100] "GET / HTTP/1.1" 200 3274 "http://1fe.ru/" "Mozilla/4.0 (compatible; MSIE 5.5; Windows NT 4.0)"
77.75.73.11 - - [26/Dec/2014:04:37:02 +0100] "GET /robots.txt HTTP/1.1" 404 1256 "-" "Mozilla/5.0 (compatible; SeznamBot/3.2; +http://fulltext.sblog.cz/)"
77.75.73.11 - - [26/Dec/2014:04:37:02 +0100] "GET / HTTP/1.1" 304 - "-" "Mozilla/5.0 (compatible; SeznamBot/3.2; +http://fulltext.sblog.cz/)"
46.119.119.184 - - [26/Dec/2014:05:33:08 +0100] "GET / HTTP/1.1" 200 3274 "http://xxx-ru.com/" "Mozilla/0.91 Beta (Windows)"
91.207.8.46 - - [26/Dec/2014:07:50:19 +0100] "GET / HTTP/1.1" 200 3274 "http://xlolitka.com/" "Mozilla/4.0 (compatible; MSIE 6.0; Windows NT 5.0; .NET CLR 1.0.3705; .NET CLR 1.1.4322)"
91.207.8.46 - - [26/Dec/2014:07:50:19 +0100] "GET / HTTP/1.1" 200 3274 "http://xlolitka.com/" "Mozilla/4.0 (compatible; MSIE 6.0; Windows NT 5.0; .NET CLR 1.0.3705; .NET CLR 1.1.4322)"
91.207.8.46 - - [26/Dec/2014:07:50:21 +0100] "GET / HTTP/1.1" 200 3274 "http://xlolitka.com/" "Mozilla/4.0 (compatible; MSIE 6.0; Windows NT 5.0; .NET CLR 1.0.3705; .NET CLR 1.1.4322)"
91.207.8.46 - - [26/Dec/2014:07:50:22 +0100] "GET / HTTP/1.1" 200 3274 "http://www.fortiswatches.com/" "Mozilla/4.0 (compatible; MSIE 6.0; Windows NT 5.1; .NET CLR 1.1.4322; FDM)"
91.207.8.46 - - [26/Dec/2014:07:50:23 +0100] "GET / HTTP/1.1" 200 3274 "http://www.fortiswatches.com/" "Mozilla/4.0 (compatible; MSIE 6.0; Windows NT 5.1; .NET CLR 1.1.4322; FDM)"
91.207.8.46 - - [26/Dec/2014:07:50:23 +0100] "GET / HTTP/1.1" 200 3274 "http://www.fortiswatches.com/" "Mozilla/4.0 (compatible; MSIE 6.0; Windows NT 5.1; .NET CLR 1.1.4322; FDM)"
178.137.94.34 - - [26/Dec/2014:08:01:39 +0100] "GET / HTTP/1.1" 200 3274 "http://charge-up.ru/" "Mozilla/4.0 (compatible; MSIE 7.0b; Windows NT 6.0 ; .NET CLR 2.0.50215; SL Commerce Client v1.0; Tablet PC 2.0"
178.137.94.34 - - [26/Dec/2014:08:01:41 +0100] "GET / HTTP/1.1" 200 3274 "http://charge-up.ru/" "Mozilla/4.0 (compatible; MSIE 7.0b; Windows NT 6.0 ; .NET CLR 2.0.50215; SL Commerce Client v1.0; Tablet PC 2.0"
178.137.94.34 - - [26/Dec/2014:08:01:41 +0100] "GET / HTTP/1.1" 200 3274 "http://charge-up.ru/" "Mozilla/4.0 (compatible; MSIE 7.0b; Windows NT 6.0 ; .NET CLR 2.0.50215; SL Commerce Client v1.0; Tablet PC 2.0"
141.8.147.12 - - [26/Dec/2014:09:15:26 +0100] "GET /robots.txt HTTP/1.1" 404 1256 "-" "Mozilla/5.0 (compatible; YandexBot/3.0; +http://yandex.com/bots)"
46.118.113.149 - - [26/Dec/2014:10:30:03 +0100] "GET / HTTP/1.1" 200 3274 "http://megabeaver.ru/" "Mozilla/4.61 [en] (X11; U; ) - BrowseX (2.0.0 Windows)"
46.118.113.149 - - [26/Dec/2014:10:30:03 +0100] "GET / HTTP/1.1" 200 3274 "http://megabeaver.ru/" "Mozilla/4.61 [en] (X11; U; ) - BrowseX (2.0.0 Windows)"
46.118.113.149 - - [26/Dec/2014:10:30:03 +0100] "GET / HTTP/1.1" 200 3274 "http://megabeaver.ru/" "Mozilla/4.61 [en] (X11; U; ) - BrowseX (2.0.0 Windows)"
141.8.147.12 - - [26/Dec/2014:12:06:40 +0100] "GET / HTTP/1.1" 200 3274 "-" "Mozilla/5.0 (compatible; YandexBot/3.0; +http://yandex.com/bots)"
91.207.8.46 - - [26/Dec/2014:14:01:19 +0100] "GET / HTTP/1.1" 200 3274 "http://managest.ru/" "Mozilla/4.0 (compatible; MSIE 5.0; Windows 2000) Opera 6.0 [en]"
91.207.8.46 - - [26/Dec/2014:14:01:19 +0100] "GET / HTTP/1.1" 200 3274 "http://otdih-na-more.ru/" "Mozilla/4.0 (compatible; Powermarks/3.5; Windows 95/98/2000/NT)"
91.207.8.46 - - [26/Dec/2014:14:01:20 +0100] "GET / HTTP/1.1" 200 3274 "http://otdih-na-more.ru/" "Mozilla/4.0 (compatible; Powermarks/3.5; Windows 95/98/2000/NT)"
91.207.8.46 - - [26/Dec/2014:14:01:20 +0100] "GET / HTTP/1.1" 200 3274 "http://managest.ru/" "Mozilla/4.0 (compatible; MSIE 5.0; Windows 2000) Opera 6.0 [en]"
91.207.8.46 - - [26/Dec/2014:14:01:20 +0100] "GET / HTTP/1.1" 200 3274 "http://managest.ru/" "Mozilla/4.0 (compatible; MSIE 5.0; Windows 2000) Opera 6.0 [en]"
91.207.8.46 - - [26/Dec/2014:14:01:20 +0100] "GET / HTTP/1.1" 200 3274 "http://otdih-na-more.ru/" "Mozilla/4.0 (compatible; Powermarks/3.5; Windows 95/98/2000/NT)"
178.137.94.34 - - [26/Dec/2014:14:55:05 +0100] "GET / HTTP/1.1" 200 3274 "http://banan.tv/" "Mozilla/4.0 (compatible; MSIE 6.0; Windows NT 5.1; KKman2.0)"
178.137.94.34 - - [26/Dec/2014:14:55:05 +0100] "GET / HTTP/1.1" 200 3274 "http://banan.tv/" "Mozilla/4.0 (compatible; MSIE 6.0; Windows NT 5.1; KKman2.0)"
178.137.94.34 - - [26/Dec/2014:14:55:05 +0100] "GET / HTTP/1.1" 200 3274 "http://banan.tv/" "Mozilla/4.0 (compatible; MSIE 6.0; Windows NT 5.1; KKman2.0)"
141.8.147.12 - - [26/Dec/2014:15:10:10 +0100] "GET /index.html HTTP/1.1" 200 3274 "-" "Mozilla/5.0 (compatible; YandexBot/3.0; +http://yandex.com/bots)"
37.139.52.23 - - [26/Dec/2014:17:13:15 +0100] "GET / HTTP/1.1" 200 3274 "http://amoremio.by/" "Mozilla/4.76 [en] (Windows NT 5.0; U)"
37.139.52.23 - - [26/Dec/2014:17:13:16 +0100] "GET / HTTP/1.1" 200 3274 "http://amoremio.by/" "Mozilla/4.76 [en] (Windows NT 5.0; U)"
37.139.52.23 - - [26/Dec/2014:17:13:16 +0100] "GET / HTTP/1.1" 200 3274 "http://amoremio.by/" "Mozilla/4.76 [en] (Windows NT 5.0; U)"
188.165.15.169 - - [26/Dec/2014:19:37:06 +0100] "GET /robots.txt HTTP/1.1" 404 1256 "-" "Mozilla/5.0 (compatible; AhrefsBot/5.0; +http://ahrefs.com/robot/)"
46.119.119.184 - - [26/Dec/2014:22:32:22 +0100] "GET / HTTP/1.1" 200 3274 "http://minecraft-rus.org/" "Mozilla/1.22 (compatible; MSIE 2.0d; Windows NT)"
46.119.119.184 - - [26/Dec/2014:22:32:22 +0100] "GET / HTTP/1.1" 200 3274 "http://www.bookmaker-bet.com/" "Mozilla/4.0 (compatible; MSIE 6.0; Windows XP)"
46.119.119.184 - - [26/Dec/2014:22:32:22 +0100] "GET / HTTP/1.1" 200 3274 "http://minecraft-rus.org/" "Mozilla/1.22 (compatible; MSIE 2.0d; Windows NT)"
46.119.119.184 - - [26/Dec/2014:22:32:22 +0100] "GET / HTTP/1.1" 200 3274 "http://www.bookmaker-bet.com/" "Mozilla/4.0 (compatible; MSIE 6.0; Windows XP)"
46.119.119.184 - - [26/Dec/2014:22:32:23 +0100] "GET / HTTP/1.1" 200 3274 "http://minecraft-rus.org/" "Mozilla/1.22 (compatible; MSIE 2.0d; Windows NT)"
46.119.119.184 - - [26/Dec/2014:22:32:23 +0100] "GET / HTTP/1.1" 200 3274 "http://www.bookmaker-bet.com/" "Mozilla/4.0 (compatible; MSIE 6.0; Windows XP)"
178.137.94.34 - - [26/Dec/2014:22:32:25 +0100] "GET / HTTP/1.1" 200 3274 "http://www.medius-spb.ru/" "Mozilla/4.0 (compatible; MSIE 6.0; Windows NT 5.1; .NET CLR 1.1.4322)"
178.137.94.34 - - [26/Dec/2014:22:32:25 +0100] "GET / HTTP/1.1" 200 3274 "http://www.medius-spb.ru/" "Mozilla/4.0 (compatible; MSIE 6.0; Windows NT 5.1; .NET CLR 1.1.4322)"
178.137.94.34 - - [26/Dec/2014:22:32:26 +0100] "GET / HTTP/1.1" 200 3274 "http://www.medius-spb.ru/" "Mozilla/4.0 (compatible; MSIE 6.0; Windows NT 5.1; .NET CLR 1.1.4322)"
66.249.78.52 - - [27/Dec/2014:00:18:06 +0100] "GET /robots.txt HTTP/1.1" 404 1256 "-" "Mozilla/5.0 (compatible; Googlebot/2.1; +http://www.google.com/bot.html)"
66.249.64.86 - - [27/Dec/2014:00:18:06 +0100] "GET / HTTP/1.1" 200 3274 "-" "SAMSUNG-SGH-E250/1.0 Profile/MIDP-2.0 Configuration/CLDC-1.1 UP.Browser/6.2.3.3.c.1.101 (GUI) MMP/2.0 (compatible; Googlebot-Mobile/2.1; +http://www.google.com/bot.html)"
66.249.78.45 - - [27/Dec/2014:01:38:36 +0100] "GET / HTTP/1.1" 200 3274 "-" "Mozilla/5.0 (iPhone; CPU iPhone OS 6_0 like Mac OS X) AppleWebKit/536.26 (KHTML, like Gecko) Version/6.0 Mobile/10A5376e Safari/8536.25 (compatible; Googlebot/2.1; +http://www.google.com/bot.html)"
46.119.119.184 - - [27/Dec/2014:02:01:54 +0100] "GET / HTTP/1.1" 200 3274 "http://www.intim-art.ru/" "Mozilla/4.0 (compatible; MSIE 6.0; Windows NT 5.1; SV1; InfoPath.1)"
46.119.119.184 - - [27/Dec/2014:02:01:55 +0100] "GET / HTTP/1.1" 200 3274 "http://www.intim-art.ru/" "Mozilla/4.0 (compatible; MSIE 6.0; Windows NT 5.1; SV1; InfoPath.1)"
46.119.119.184 - - [27/Dec/2014:02:01:55 +0100] "GET / HTTP/1.1" 200 3274 "http://www.intim-art.ru/" "Mozilla/4.0 (compatible; MSIE 6.0; Windows NT 5.1; SV1; InfoPath.1)"
80.153.101.65 - - [27/Dec/2014:02:25:48 +0100] "GET / HTTP/1.1" 200 3274 "-" "Mozilla/5.0 (compatible; WeViKaBot/1.0; +http://www.wevika.de/)"
178.137.94.34 - - [27/Dec/2014:04:10:35 +0100] "GET / HTTP/1.1" 200 3274 "http://makedo.ru/" "Mozilla/1.22 (compatible; MSIE 2.0; Windows 95)"
178.137.94.34 - - [27/Dec/2014:04:10:35 +0100] "GET / HTTP/1.1" 200 3274 "http://makedo.ru/" "Mozilla/1.22 (compatible; MSIE 2.0; Windows 95)"
178.137.94.34 - - [27/Dec/2014:04:10:36 +0100] "GET / HTTP/1.1" 200 3274 "http://makedo.ru/" "Mozilla/1.22 (compatible; MSIE 2.0; Windows 95)"
66.249.78.52 - - [27/Dec/2014:05:18:15 +0100] "GET /css/bootstrap-responsive.min.css HTTP/1.1" 200 16520 "-" "Mozilla/5.0 (compatible; Googlebot/2.1; +http://www.google.com/bot.html)"
66.249.78.59 - - [27/Dec/2014:05:53:19 +0100] "GET /css/bootstrap.min.css HTTP/1.1" 200 101265 "-" "Mozilla/5.0 (compatible; Googlebot/2.1; +http://www.google.com/bot.html)"
207.46.13.87 - - [27/Dec/2014:09:19:52 +0100] "GET /robots.txt HTTP/1.1" 404 1256 "-" "Mozilla/5.0 (compatible; bingbot/2.0; +http://www.bing.com/bingbot.htm)"
207.46.13.87 - - [27/Dec/2014:09:20:24 +0100] "GET / HTTP/1.1" 200 3274 "-" "Mozilla/5.0 (compatible; bingbot/2.0; +http://www.bing.com/bingbot.htm)"
46.118.113.149 - - [27/Dec/2014:10:43:16 +0100] "GET / HTTP/1.1" 200 3274 "http://www.video12.ru/" "Mozilla/4.0 (compatible; MSIE 5.0; Windows NT; DigExt)"
46.118.113.149 - - [27/Dec/2014:10:43:16 +0100] "GET / HTTP/1.1" 200 3274 "http://portal-eu.ru/" "Mozilla/4.0 (compatible; MSIE 5.0; Windows NT; DigExt)"
46.118.113.149 - - [27/Dec/2014:10:43:16 +0100] "GET / HTTP/1.1" 200 3274 "http://best-vps.ru/" "Mozilla/4.0 (compatible; MSIE 5.0; Windows NT; DigExt)"
46.118.113.149 - - [27/Dec/2014:10:43:17 +0100] "GET / HTTP/1.1" 200 3274 "http://www.video12.ru/" "Mozilla/4.0 (compatible; MSIE 5.0; Windows NT; DigExt)"
46.118.113.149 - - [27/Dec/2014:10:43:17 +0100] "GET / HTTP/1.1" 200 3274 "http://best-vps.ru/" "Mozilla/4.0 (compatible; MSIE 5.0; Windows NT; DigExt)"
46.118.113.149 - - [27/Dec/2014:10:43:17 +0100] "GET / HTTP/1.1" 200 3274 "http://portal-eu.ru/" "Mozilla/4.0 (compatible; MSIE 5.0; Windows NT; DigExt)"
46.118.113.149 - - [27/Dec/2014:10:43:17 +0100] "GET / HTTP/1.1" 200 3274 "http://www.video12.ru/" "Mozilla/4.0 (compatible; MSIE 5.0; Windows NT; DigExt)"
46.118.113.149 - - [27/Dec/2014:10:43:17 +0100] "GET / HTTP/1.1" 200 3274 "http://best-vps.ru/" "Mozilla/4.0 (compatible; MSIE 5.0; Windows NT; DigExt)"
46.118.113.149 - - [27/Dec/2014:10:43:17 +0100] "GET / HTTP/1.1" 200 3274 "http://portal-eu.ru/" "Mozilla/4.0 (compatible; MSIE 5.0; Windows NT; DigExt)"
82.193.99.33 - - [27/Dec/2014:12:01:48 +0100] "GET / HTTP/1.1" 200 3274 "http://alievy.com.ua/" "Opera/7.60 (Windows NT 5.2; U) [en] (IBM EVV/3.0/EAK01AG9/LE)"
82.193.99.33 - - [27/Dec/2014:12:01:48 +0100] "GET / HTTP/1.1" 200 3274 "http://alievy.com.ua/" "Opera/7.60 (Windows NT 5.2; U) [en] (IBM EVV/3.0/EAK01AG9/LE)"
82.193.99.33 - - [27/Dec/2014:12:01:49 +0100] "GET / HTTP/1.1" 200 3274 "http://alievy.com.ua/" "Opera/7.60 (Windows NT 5.2; U) [en] (IBM EVV/3.0/EAK01AG9/LE)"
216.107.155.114 - - [27/Dec/2014:13:51:01 +0100] "GET /robots.txt HTTP/1.0" 404 1256 "-" "Mozilla/5.0 (compatible; MJ12bot/v1.4.5; http://www.majestic12.co.uk/bot.php?+)"
216.107.155.114 - - [27/Dec/2014:13:51:02 +0100] "GET / HTTP/1.0" 200 3274 "-" "Mozilla/5.0 (compatible; MJ12bot/v1.4.5; http://www.majestic12.co.uk/bot.php?+)"
109.120.157.179 - - [27/Dec/2014:14:42:22 +0100] "GET / HTTP/1.1" 200 3274 "http://doska-vsem.ru/" "Mozilla/5.0 (compatible; Add Catalog/2.1;)"
109.120.157.179 - - [27/Dec/2014:14:42:22 +0100] "GET / HTTP/1.1" 200 3274 "http://doska-vsem.ru/" "Mozilla/5.0 (compatible; Add Catalog/2.1;)"
109.120.157.179 - - [27/Dec/2014:14:42:23 +0100] "GET / HTTP/1.1" 200 3274 "http://doska-vsem.ru/" "Mozilla/5.0 (compatible; Add Catalog/2.1;)"
109.45.1.184 - - [27/Dec/2014:16:14:41 +0100] "GET / HTTP/1.1" 200 3274 "-" "Mozilla/5.0 (Linux; Android 4.4.4; D5803 Build/23.0.1.A.5.79) AppleWebKit/537.36 (KHTML, like Gecko) Chrome/39.0.2171.93 Mobile Safari/537.36"
109.45.1.184 - - [27/Dec/2014:16:14:41 +0100] "GET /css/bootstrap-responsive.min.css HTTP/1.1" 200 16520 "-" "Mozilla/5.0 (Linux; Android 4.4.4; D5803 Build/23.0.1.A.5.79) AppleWebKit/537.36 (KHTML, like Gecko) Chrome/39.0.2171.93 Mobile Safari/537.36"
109.45.1.184 - - [27/Dec/2014:16:14:41 +0100] "GET /js/bootstrap.min.js HTTP/1.1" 200 25764 "-" "Mozilla/5.0 (Linux; Android 4.4.4; D5803 Build/23.0.1.A.5.79) AppleWebKit/537.36 (KHTML, like Gecko) Chrome/39.0.2171.93 Mobile Safari/537.36"
109.45.1.184 - - [27/Dec/2014:16:14:41 +0100] "GET /css/bootstrap.min.css HTTP/1.1" 200 101265 "-" "Mozilla/5.0 (Linux; Android 4.4.4; D5803 Build/23.0.1.A.5.79) AppleWebKit/537.36 (KHTML, like Gecko) Chrome/39.0.2171.93 Mobile Safari/537.36"
109.45.1.184 - - [27/Dec/2014:16:14:41 +0100] "GET /img/glyphicons-halflings.png HTTP/1.1" 200 12799 "http://www.dialyse-falkensee.de/" "Mozilla/5.0 (Linux; Android 4.4.4; D5803 Build/23.0.1.A.5.79) AppleWebKit/537.36 (KHTML, like Gecko) Chrome/39.0.2171.93 Mobile Safari/537.36"
109.45.1.184 - - [27/Dec/2014:16:14:41 +0100] "GET /ico/favicon.ico HTTP/1.1" 404 1256 "-" "Mozilla/5.0 (Linux; Android 4.4.4; D5803 Build/23.0.1.A.5.79) AppleWebKit/537.36 (KHTML, like Gecko) Chrome/39.0.2171.93 Mobile Safari/537.36"
109.45.0.166 - - [27/Dec/2014:16:17:08 +0100] "GET / HTTP/1.1" 200 3274 "-" "Mozilla/5.0 (Linux; Android 4.4.3; HTC One Build/KTU84L) AppleWebKit/537.36 (KHTML, like Gecko) Chrome/39.0.2171.93 Mobile Safari/537.36"
109.45.0.166 - - [27/Dec/2014:16:17:08 +0100] "GET /css/bootstrap-responsive.min.css HTTP/1.1" 200 16520 "-" "Mozilla/5.0 (Linux; Android 4.4.3; HTC One Build/KTU84L) AppleWebKit/537.36 (KHTML, like Gecko) Chrome/39.0.2171.93 Mobile Safari/537.36"
109.45.0.166 - - [27/Dec/2014:16:17:08 +0100] "GET /js/bootstrap.min.js HTTP/1.1" 200 25764 "-" "Mozilla/5.0 (Linux; Android 4.4.3; HTC One Build/KTU84L) AppleWebKit/537.36 (KHTML, like Gecko) Chrome/39.0.2171.93 Mobile Safari/537.36"
109.45.0.166 - - [27/Dec/2014:16:17:08 +0100] "GET /css/bootstrap.min.css HTTP/1.1" 200 101265 "-" "Mozilla/5.0 (Linux; Android 4.4.3; HTC One Build/KTU84L) AppleWebKit/537.36 (KHTML, like Gecko) Chrome/39.0.2171.93 Mobile Safari/537.36"
109.45.0.166 - - [27/Dec/2014:16:17:08 +0100] "GET /img/glyphicons-halflings.png HTTP/1.1" 200 12799 "http://www.dialyse-falkensee.de/" "Mozilla/5.0 (Linux; Android 4.4.3; HTC One Build/KTU84L) AppleWebKit/537.36 (KHTML, like Gecko) Chrome/39.0.2171.93 Mobile Safari/537.36"
109.45.0.166 - - [27/Dec/2014:16:17:09 +0100] "GET /ico/favicon.ico HTTP/1.1" 404 1256 "-" "Mozilla/5.0 (Linux; Android 4.4.3; HTC One Build/KTU84L) AppleWebKit/537.36 (KHTML, like Gecko) Chrome/39.0.2171.93 Mobile Safari/537.36"
109.45.3.213 - - [27/Dec/2014:16:18:44 +0100] "GET / HTTP/1.1" 200 3274 "-" "Mozilla/5.0 (Linux; Android 4.4.2; de-de; SAMSUNG SM-G900F/G900FXXU1ANI3 Build/KOT49H) AppleWebKit/537.36 (KHTML, like Gecko) Version/1.6 Chrome/28.0.1500.94 Mobile Safari/537.36"
109.45.3.213 - - [27/Dec/2014:16:18:44 +0100] "GET /css/bootstrap-responsive.min.css HTTP/1.1" 200 16520 "-" "Mozilla/5.0 (Linux; Android 4.4.2; de-de; SAMSUNG SM-G900F/G900FXXU1ANI3 Build/KOT49H) AppleWebKit/537.36 (KHTML, like Gecko) Version/1.6 Chrome/28.0.1500.94 Mobile Safari/537.36"
109.45.3.213 - - [27/Dec/2014:16:18:44 +0100] "GET /js/bootstrap.min.js HTTP/1.1" 200 25764 "-" "Mozilla/5.0 (Linux; Android 4.4.2; de-de; SAMSUNG SM-G900F/G900FXXU1ANI3 Build/KOT49H) AppleWebKit/537.36 (KHTML, like Gecko) Version/1.6 Chrome/28.0.1500.94 Mobile Safari/537.36"
109.45.3.213 - - [27/Dec/2014:16:18:45 +0100] "GET /css/bootstrap.min.css HTTP/1.1" 200 101265 "http://www.dialyse-falkensee.de/" "Mozilla/5.0 (Linux; Android 4.4.2; de-de; SAMSUNG SM-G900F/G900FXXU1ANI3 Build/KOT49H) AppleWebKit/537.36 (KHTML, like Gecko) Version/1.6 Chrome/28.0.1500.94 Mobile Safari/537.36"
109.45.3.213 - - [27/Dec/2014:16:18:45 +0100] "GET /img/glyphicons-halflings.png HTTP/1.1" 200 12799 "http://www.dialyse-falkensee.de/" "Mozilla/5.0 (Linux; Android 4.4.2; de-de; SAMSUNG SM-G900F/G900FXXU1ANI3 Build/KOT49H) AppleWebKit/537.36 (KHTML, like Gecko) Version/1.6 Chrome/28.0.1500.94 Mobile Safari/537.36"
109.45.3.213 - - [27/Dec/2014:16:18:46 +0100] "GET /ico/favicon.ico HTTP/1.1" 404 1256 "-" "Mozilla/5.0 (Linux; Android 4.4.2; de-de; SAMSUNG SM-G900F/G900FXXU1ANI3 Build/KOT49H) AppleWebKit/537.36 (KHTML, like Gecko) Version/1.6 Chrome/28.0.1500.94 Mobile Safari/537.36"
46.119.119.184 - - [27/Dec/2014:18:40:47 +0100] "GET / HTTP/1.1" 200 3274 "http://bolshe.ru/" "Mozilla/4.0 (compatible; MSIE 6.0; Windows NT 5.1; MRA 4.3 (build 01218); .NET CLR 1.1.4322)"
46.119.119.184 - - [27/Dec/2014:18:40:48 +0100] "GET / HTTP/1.1" 200 3274 "http://bolshe.ru/" "Mozilla/4.0 (compatible; MSIE 6.0; Windows NT 5.1; MRA 4.3 (build 01218); .NET CLR 1.1.4322)"
46.119.119.184 - - [27/Dec/2014:18:40:48 +0100] "GET / HTTP/1.1" 200 3274 "http://bolshe.ru/" "Mozilla/4.0 (compatible; MSIE 6.0; Windows NT 5.1; MRA 4.3 (build 01218); .NET CLR 1.1.4322)"
93.219.255.222 - - [27/Dec/2014:18:58:45 +0100] "GET / HTTP/1.1" 304 - "-" "Mozilla/5.0 (Linux; Android 4.4.2; de-de; SAMSUNG SM-G900F/G900FXXU1ANI3 Build/KOT49H) AppleWebKit/537.36 (KHTML, like Gecko) Version/1.6 Chrome/28.0.1500.94 Mobile Safari/537.36"
93.219.255.222 - - [27/Dec/2014:18:58:46 +0100] "GET /ico/favicon.ico HTTP/1.1" 404 1256 "-" "Mozilla/5.0 (Linux; Android 4.4.2; de-de; SAMSUNG SM-G900F/G900FXXU1ANI3 Build/KOT49H) AppleWebKit/537.36 (KHTML, like Gecko) Version/1.6 Chrome/28.0.1500.94 Mobile Safari/537.36"
93.219.255.222 - - [27/Dec/2014:18:59:27 +0100] "GET / HTTP/1.1" 304 - "-" "Mozilla/5.0 (Linux; Android 4.4.2; de-de; SAMSUNG SM-G900F/G900FXXU1ANI3 Build/KOT49H) AppleWebKit/537.36 (KHTML, like Gecko) Version/1.6 Chrome/28.0.1500.94 Mobile Safari/537.36"
77.12.234.144 - - [27/Dec/2014:20:25:30 +0100] "GET /ico/favicon.ico HTTP/1.1" 404 1256 "-" "Mozilla/5.0 (Linux; Android 4.4.3; HTC One Build/KTU84L) AppleWebKit/537.36 (KHTML, like Gecko) Chrome/39.0.2171.93 Mobile Safari/537.36"
178.137.94.34 - - [27/Dec/2014:20:36:39 +0100] "GET / HTTP/1.1" 200 3274 "http://altezza.travel/" "Mozilla/4.0 (compatible; MSIE 6.0; Windows NT 5.1; SV1; InfoPath.1"
178.137.94.34 - - [27/Dec/2014:20:36:39 +0100] "GET / HTTP/1.1" 200 3274 "http://altezza.travel/" "Mozilla/4.0 (compatible; MSIE 6.0; Windows NT 5.1; SV1; InfoPath.1"
178.137.94.34 - - [27/Dec/2014:20:36:40 +0100] "GET / HTTP/1.1" 200 3274 "http://altezza.travel/" "Mozilla/4.0 (compatible; MSIE 6.0; Windows NT 5.1; SV1; InfoPath.1"
141.8.147.12 - - [27/Dec/2014:21:42:55 +0100] "GET /robots.txt HTTP/1.1" 404 1256 "-" "Mozilla/5.0 (compatible; YandexBot/3.0; +http://yandex.com/bots)"
46.118.113.149 - - [27/Dec/2014:22:11:56 +0100] "GET / HTTP/1.1" 200 3274 "http://myfavoritebag.ru/" "Mozilla/4.0 (compatible; MSIE 6.0; Windows NT 5.1; SV1; .NET CLR 1.1.4322)"
46.118.113.149 - - [27/Dec/2014:22:11:57 +0100] "GET / HTTP/1.1" 200 3274 "http://myfavoritebag.ru/" "Mozilla/4.0 (compatible; MSIE 6.0; Windows NT 5.1; SV1; .NET CLR 1.1.4322)"
46.118.113.149 - - [27/Dec/2014:22:11:57 +0100] "GET / HTTP/1.1" 200 3274 "http://myfavoritebag.ru/" "Mozilla/4.0 (compatible; MSIE 6.0; Windows NT 5.1; SV1; .NET CLR 1.1.4322)"
91.207.8.46 - - [27/Dec/2014:23:04:53 +0100] "GET / HTTP/1.1" 200 3274 "http://1serial.tv/" "Mozilla/4.0 (compatible; MSIE 5.0; Windows 2000) Opera 6.0 [en]"
91.207.8.46 - - [27/Dec/2014:23:04:53 +0100] "GET / HTTP/1.1" 200 3274 "http://www.fortiswatches.com/" "Mozilla/4.0 (compatible; MSIE 5.0; Windows 2000) Opera 6.0 [en]"
91.207.8.46 - - [27/Dec/2014:23:04:54 +0100] "GET / HTTP/1.1" 200 3274 "http://1serial.tv/" "Mozilla/4.0 (compatible; MSIE 5.0; Windows 2000) Opera 6.0 [en]"
91.207.8.46 - - [27/Dec/2014:23:04:55 +0100] "GET / HTTP/1.1" 200 3274 "http://www.fortiswatches.com/" "Mozilla/4.0 (compatible; MSIE 5.0; Windows 2000) Opera 6.0 [en]"
91.207.8.46 - - [27/Dec/2014:23:04:55 +0100] "GET / HTTP/1.1" 200 3274 "http://1serial.tv/" "Mozilla/4.0 (compatible; MSIE 5.0; Windows 2000) Opera 6.0 [en]"
91.207.8.46 - - [27/Dec/2014:23:04:55 +0100] "GET / HTTP/1.1" 200 3274 "http://www.fortiswatches.com/" "Mozilla/4.0 (compatible; MSIE 5.0; Windows 2000) Opera 6.0 [en]"
208.115.113.83 - - [27/Dec/2014:23:12:27 +0100] "GET /robots.txt HTTP/1.1" 404 1256 "-" "Mozilla/5.0 (compatible; DotBot/1.1; http://www.opensiteexplorer.org/dotbot, help@moz.com)"
208.115.113.83 - - [28/Dec/2014:00:05:43 +0100] "GET /index.html HTTP/1.1" 200 3274 "-" "Mozilla/5.0 (compatible; DotBot/1.1; http://www.opensiteexplorer.org/dotbot, help@moz.com)"
141.8.147.12 - - [28/Dec/2014:01:48:00 +0100] "GET / HTTP/1.1" 200 3274 "-" "Mozilla/5.0 (compatible; YandexBot/3.0; +http://yandex.com/bots)"
193.175.73.219 - - [28/Dec/2014:02:00:22 +0100] "GET / HTTP/1.1" 200 3274 "http://www.google.de/url?sa=t&rct=j&q=&esrc=s&frm=1&source=web&cd=1&ved=0CCEQFjAA&url=http%3A%2F%2Fwww.dialyse-falkensee.de%2F&ei=vlWfVLqpJoXyPIlo&usg=AFQjCNECgXXq-DVOeCPbM1zyqacv9mR2gg&bvm=bv.82001339,d.ZWU" "Mozilla/5.0 (compatible; MSIE 10.0; Windows NT 6.1; WOW64; Trident/6.0)"
193.175.73.219 - - [28/Dec/2014:02:00:22 +0100] "GET /css/bootstrap-responsive.min.css HTTP/1.1" 200 16520 "http://www.dialyse-falkensee.de/" "Mozilla/5.0 (compatible; MSIE 10.0; Windows NT 6.1; WOW64; Trident/6.0)"
193.175.73.219 - - [28/Dec/2014:02:00:22 +0100] "GET /css/bootstrap.min.css HTTP/1.1" 200 101265 "http://www.dialyse-falkensee.de/" "Mozilla/5.0 (compatible; MSIE 10.0; Windows NT 6.1; WOW64; Trident/6.0)"
193.175.73.219 - - [28/Dec/2014:02:00:23 +0100] "GET /js/bootstrap.min.js HTTP/1.1" 200 25764 "http://www.dialyse-falkensee.de/" "Mozilla/5.0 (compatible; MSIE 10.0; Windows NT 6.1; WOW64; Trident/6.0)"
193.175.73.219 - - [28/Dec/2014:02:00:23 +0100] "GET /ico/favicon.ico HTTP/1.1" 404 1256 "-" "Mozilla/5.0 (compatible; MSIE 10.0; Windows NT 6.1; WOW64; Trident/6.0)"
193.175.73.219 - - [28/Dec/2014:02:00:58 +0100] "GET /ico/favicon.ico HTTP/1.1" 404 1256 "-" "Mozilla/5.0 (compatible; MSIE 10.0; Windows NT 6.1; WOW64; Trident/6.0)"
193.175.73.219 - - [28/Dec/2014:02:00:58 +0100] "GET /img/glyphicons-halflings.png HTTP/1.1" 200 12799 "http://www.dialyse-falkensee.de/" "Mozilla/5.0 (compatible; MSIE 10.0; Windows NT 6.1; WOW64; Trident/6.0)"
193.175.73.219 - - [28/Dec/2014:02:01:51 +0100] "GET /ico/favicon.ico HTTP/1.1" 404 1256 "-" "Mozilla/5.0 (compatible; MSIE 10.0; Windows NT 6.1; WOW64; Trident/6.0)"
130.185.104.122 - - [28/Dec/2014:02:38:50 +0100] "GET /robots.txt HTTP/1.1" 404 1256 "-" "PagesInventory (robot http://www.pagesinventory.com)"
130.185.104.122 - - [28/Dec/2014:02:38:50 +0100] "GET / HTTP/1.1" 200 3274 "-" "PagesInventory (robot +http://www.pagesinventory.com)"
178.137.94.34 - - [28/Dec/2014:03:17:15 +0100] "GET / HTTP/1.1" 200 3274 "http://fin48.ru/" "Mozilla/4.0 (compatible; MSIE 6.0; Windows XP)"
178.137.94.34 - - [28/Dec/2014:03:17:16 +0100] "GET / HTTP/1.1" 200 3274 "http://fin48.ru/" "Mozilla/4.0 (compatible; MSIE 6.0; Windows XP)"
178.137.94.34 - - [28/Dec/2014:03:17:16 +0100] "GET / HTTP/1.1" 200 3274 "http://fin48.ru/" "Mozilla/4.0 (compatible; MSIE 6.0; Windows XP)"
194.187.168.4 - - [28/Dec/2014:06:29:27 +0100] "GET /robots.txt HTTP/1.1" 404 1256 "-" "Mozilla/5.0 (compatible; memoryBot/1.21.24 +http://internetmemory.org/en/)"
194.187.168.4 - - [28/Dec/2014:06:29:30 +0100] "GET / HTTP/1.1" 200 3274 "-" "Mozilla/5.0 (compatible; memoryBot/1.21.24 +http://internetmemory.org/en/)"
157.55.39.242 - - [28/Dec/2014:08:10:03 +0100] "GET /index.html HTTP/1.1" 304 - "-" "Mozilla/5.0 (compatible; bingbot/2.0; +http://www.bing.com/bingbot.htm)"
178.137.94.34 - - [28/Dec/2014:10:15:42 +0100] "GET / HTTP/1.1" 200 3274 "http://www.narugka.ru/" "Mozilla/4.0 (compatible; MSIE 6.0; Windows NT 5.1; Q312461)"
46.119.119.184 - - [28/Dec/2014:10:15:42 +0100] "GET / HTTP/1.1" 200 3274 "http://zakreativ.ru/" "Mozilla/4.0 (compatible; MSIE 6.0; MSIE 5.5; Windows NT 5.0) Opera 7.02 Bork-edition [en]"
178.137.94.34 - - [28/Dec/2014:10:15:42 +0100] "GET / HTTP/1.1" 200 3274 "http://www.narugka.ru/" "Mozilla/4.0 (compatible; MSIE 6.0; Windows NT 5.1; Q312461)"
46.119.119.184 - - [28/Dec/2014:10:15:42 +0100] "GET / HTTP/1.1" 200 3274 "http://zakreativ.ru/" "Mozilla/4.0 (compatible; MSIE 6.0; MSIE 5.5; Windows NT 5.0) Opera 7.02 Bork-edition [en]"
178.137.94.34 - - [28/Dec/2014:10:15:43 +0100] "GET / HTTP/1.1" 200 3274 "http://www.narugka.ru/" "Mozilla/4.0 (compatible; MSIE 6.0; Windows NT 5.1; Q312461)"
46.119.119.184 - - [28/Dec/2014:10:15:43 +0100] "GET / HTTP/1.1" 200 3274 "http://zakreativ.ru/" "Mozilla/4.0 (compatible; MSIE 6.0; MSIE 5.5; Windows NT 5.0) Opera 7.02 Bork-edition [en]"
46.119.119.184 - - [28/Dec/2014:10:15:59 +0100] "GET / HTTP/1.1" 200 3274 "http://morevi.ru/" "Mozilla/4.0 (compatible; MSIE 7.0b; Windows NT 6.0 ; .NET CLR 2.0.50215; SL Commerce Client v1.0; Tablet PC 2.0"
46.119.119.184 - - [28/Dec/2014:10:15:59 +0100] "GET / HTTP/1.1" 200 3274 "http://morevi.ru/" "Mozilla/4.0 (compatible; MSIE 7.0b; Windows NT 6.0 ; .NET CLR 2.0.50215; SL Commerce Client v1.0; Tablet PC 2.0"
46.119.119.184 - - [28/Dec/2014:10:16:00 +0100] "GET / HTTP/1.1" 200 3274 "http://morevi.ru/" "Mozilla/4.0 (compatible; MSIE 7.0b; Windows NT 6.0 ; .NET CLR 2.0.50215; SL Commerce Client v1.0; Tablet PC 2.0"
91.207.8.46 - - [28/Dec/2014:10:45:47 +0100] "GET / HTTP/1.1" 200 3274 "http://otdih-na-more.ru/" "Mozilla/5.0 (Windows NT 5.1; U; en) Opera 8.00"
91.207.8.46 - - [28/Dec/2014:10:45:47 +0100] "GET / HTTP/1.1" 200 3274 "http://otdih-na-more.ru/" "Mozilla/5.0 (Windows NT 5.1; U; en) Opera 8.00"
91.207.8.46 - - [28/Dec/2014:10:45:47 +0100] "GET / HTTP/1.1" 200 3274 "http://relaksion.ru/" "Mozilla/4.0 (compatible; MSIE 6.0; MSIE 5.5; Windows NT 5.0) Opera 7.02 Bork-edition [en]"
91.207.8.46 - - [28/Dec/2014:10:45:48 +0100] "GET / HTTP/1.1" 200 3274 "http://otdih-na-more.ru/" "Mozilla/5.0 (Windows NT 5.1; U; en) Opera 8.00"
91.207.8.46 - - [28/Dec/2014:10:45:49 +0100] "GET / HTTP/1.1" 200 3274 "http://relaksion.ru/" "Mozilla/4.0 (compatible; MSIE 6.0; MSIE 5.5; Windows NT 5.0) Opera 7.02 Bork-edition [en]"
91.207.8.46 - - [28/Dec/2014:10:45:50 +0100] "GET / HTTP/1.1" 200 3274 "http://relaksion.ru/" "Mozilla/4.0 (compatible; MSIE 6.0; MSIE 5.5; Windows NT 5.0) Opera 7.02 Bork-edition [en]"
66.249.78.45 - - [28/Dec/2014:13:45:37 +0100] "GET /robots.txt HTTP/1.1" 404 1256 "-" "Mozilla/5.0 (compatible; Googlebot/2.1; +http://www.google.com/bot.html)"
66.249.78.45 - - [28/Dec/2014:13:45:37 +0100] "GET / HTTP/1.1" 200 3274 "-" "Mozilla/5.0 (iPhone; CPU iPhone OS 6_0 like Mac OS X) AppleWebKit/536.26 (KHTML, like Gecko) Version/6.0 Mobile/10A5376e Safari/8536.25 (compatible; Googlebot/2.1; +http://www.google.com/bot.html)"
46.119.119.184 - - [28/Dec/2014:14:14:40 +0100] "GET / HTTP/1.1" 200 3274 "http://npoet.ru/" "Mozilla/4.0 (compatible; MSIE 6.0; Windows NT 5.0; .NET CLR 1.0.3705; .NET CLR 1.1.4322)"
46.119.119.184 - - [28/Dec/2014:14:14:40 +0100] "GET / HTTP/1.1" 200 3274 "http://npoet.ru/" "Mozilla/4.0 (compatible; MSIE 6.0; Windows NT 5.0; .NET CLR 1.0.3705; .NET CLR 1.1.4322)"
46.119.119.184 - - [28/Dec/2014:14:14:41 +0100] "GET / HTTP/1.1" 200 3274 "http://npoet.ru/" "Mozilla/4.0 (compatible; MSIE 6.0; Windows NT 5.0; .NET CLR 1.0.3705; .NET CLR 1.1.4322)"
46.229.167.149 - - [28/Dec/2014:16:23:05 +0100] "GET / HTTP/1.1" 200 3274 "-" "Mozilla/5.0 (Windows NT 5.1; U; rv:5.0) Gecko/20100101 Firefox/5.0"
46.229.167.149 - - [28/Dec/2014:16:24:08 +0100] "GET / HTTP/1.1" 200 3274 "-" "Mozilla/5.0 (Windows NT 6.1; Win64; x64; rv:2.2a1pre) Gecko/20110323 Firefox/4.2a1pre"
178.137.94.34 - - [28/Dec/2014:16:33:57 +0100] "GET / HTTP/1.1" 200 3274 "http://domik-derevne.ru/" "Mozilla/4.0 (compatible; MSIE 6.0; Windows NT 5.2; Win64; AMD64)"
178.137.94.34 - - [28/Dec/2014:16:33:57 +0100] "GET / HTTP/1.1" 200 3274 "http://domik-derevne.ru/" "Mozilla/4.0 (compatible; MSIE 6.0; Windows NT 5.2; Win64; AMD64)"
178.137.94.34 - - [28/Dec/2014:16:34:01 +0100] "GET / HTTP/1.1" 200 3274 "http://domik-derevne.ru/" "Mozilla/4.0 (compatible; MSIE 6.0; Windows NT 5.2; Win64; AMD64)"
5.9.9.4 - - [28/Dec/2014:16:43:47 +0100] "GET / HTTP/1.1" 200 3274 "http://forum.topic71754.adviceforum.info/?topic=71754" "Mozilla/5.0 (Unknown; Linux x86_64) AppleWebKit/534.34 (KHTML, like Gecko) PhantomJS/1.9.8 Safari/534.34"
5.9.9.4 - - [28/Dec/2014:16:43:47 +0100] "GET /js/bootstrap.min.js HTTP/1.1" 200 25764 "http://forum.topic71754.adviceforum.info/?topic=71754" "Mozilla/5.0 (Unknown; Linux x86_64) AppleWebKit/534.34 (KHTML, like Gecko) PhantomJS/1.9.8 Safari/534.34"
5.9.9.4 - - [28/Dec/2014:16:43:47 +0100] "GET /css/bootstrap-responsive.min.css HTTP/1.1" 200 16520 "http://forum.topic71754.adviceforum.info/?topic=71754" "Mozilla/5.0 (Unknown; Linux x86_64) AppleWebKit/534.34 (KHTML, like Gecko) PhantomJS/1.9.8 Safari/534.34"
5.9.9.4 - - [28/Dec/2014:16:43:47 +0100] "GET /css/bootstrap.min.css HTTP/1.1" 200 101265 "http://forum.topic71754.adviceforum.info/?topic=71754" "Mozilla/5.0 (Unknown; Linux x86_64) AppleWebKit/534.34 (KHTML, like Gecko) PhantomJS/1.9.8 Safari/534.34"
5.9.9.4 - - [28/Dec/2014:16:43:48 +0100] "GET /img/glyphicons-halflings.png HTTP/1.1" 200 12799 "http://forum.topic71754.adviceforum.info/?topic=71754" "Mozilla/5.0 (Unknown; Linux x86_64) AppleWebKit/534.34 (KHTML, like Gecko) PhantomJS/1.9.8 Safari/534.34"
66.249.69.7 - - [28/Dec/2014:16:52:40 +0100] "GET / HTTP/1.1" 200 3274 "-" "Mozilla/5.0 (compatible; Googlebot/2.1; +http://www.google.com/bot.html)"
195.242.218.133 - - [28/Dec/2014:17:56:28 +0100] "GET / HTTP/1.1" 200 3274 "http://brutforyou.blogspot.com/" "Mozilla/4.0 (compatible; MSIE 5.5; Windows NT 5.0)"
195.242.218.133 - - [28/Dec/2014:17:56:29 +0100] "GET / HTTP/1.1" 200 3274 "http://brutforyou.blogspot.com/" "Mozilla/4.0 (compatible; MSIE 5.5; Windows NT 5.0)"
195.242.218.133 - - [28/Dec/2014:17:56:30 +0100] "GET / HTTP/1.1" 200 3274 "http://brutforyou.blogspot.com/" "Mozilla/4.0 (compatible; MSIE 5.5; Windows NT 5.0)"
37.139.52.23 - - [28/Dec/2014:18:08:26 +0100] "GET / HTTP/1.1" 200 3274 "http://kupitmishku.ru/" "Mozilla/4.0 (compatible; MSIE 6.0; Windows NT 5.1; SV1; YPC 3.0.2; .NET CLR 1.1.4322; yplus 4.4.02b)"
37.139.52.23 - - [28/Dec/2014:18:08:26 +0100] "GET / HTTP/1.1" 200 3274 "http://kupitmishku.ru/" "Mozilla/4.0 (compatible; MSIE 6.0; Windows NT 5.1; SV1; YPC 3.0.2; .NET CLR 1.1.4322; yplus 4.4.02b)"
37.139.52.23 - - [28/Dec/2014:18:08:27 +0100] "GET / HTTP/1.1" 200 3274 "http://kupitmishku.ru/" "Mozilla/4.0 (compatible; MSIE 6.0; Windows NT 5.1; SV1; YPC 3.0.2; .NET CLR 1.1.4322; yplus 4.4.02b)"
66.249.78.45 - - [28/Dec/2014:20:01:49 +0100] "GET / HTTP/1.1" 200 3274 "-" "Mozilla/5.0 (compatible; Googlebot/2.1; +http://www.google.com/bot.html)"
95.91.212.117 - - [28/Dec/2014:20:37:29 +0100] "GET / HTTP/1.1" 200 3274 "http://www.google.de/url?sa=t&rct=j&q=&esrc=s&source=web&cd=1&ved=0CCEQFjAA&url=http%3A%2F%2Fwww.dialyse-falkensee.de%2F&ei=iVugVP2ZHIjvaL25gsgJ&usg=AFQjCNECgXXq-DVOeCPbM1zyqacv9mR2gg&bvm=bv.82001339,d.bGQ" "Mozilla/5.0 (Windows NT 6.1; WOW64; rv:34.0) Gecko/20100101 Firefox/34.0"
95.91.212.117 - - [28/Dec/2014:20:37:30 +0100] "GET /css/bootstrap-responsive.min.css HTTP/1.1" 200 16520 "http://www.dialyse-falkensee.de/" "Mozilla/5.0 (Windows NT 6.1; WOW64; rv:34.0) Gecko/20100101 Firefox/34.0"
95.91.212.117 - - [28/Dec/2014:20:37:30 +0100] "GET /js/bootstrap.min.js HTTP/1.1" 200 25764 "http://www.dialyse-falkensee.de/" "Mozilla/5.0 (Windows NT 6.1; WOW64; rv:34.0) Gecko/20100101 Firefox/34.0"
95.91.212.117 - - [28/Dec/2014:20:37:30 +0100] "GET /ico/favicon.ico HTTP/1.1" 404 1256 "-" "Mozilla/5.0 (Windows NT 6.1; WOW64; rv:34.0) Gecko/20100101 Firefox/34.0"
95.91.212.117 - - [28/Dec/2014:20:37:30 +0100] "GET /ico/favicon.ico HTTP/1.1" 404 1256 "-" "Mozilla/5.0 (Windows NT 6.1; WOW64; rv:34.0) Gecko/20100101 Firefox/34.0"
95.91.212.117 - - [28/Dec/2014:20:37:30 +0100] "GET /css/bootstrap.min.css HTTP/1.1" 200 101265 "http://www.dialyse-falkensee.de/" "Mozilla/5.0 (Windows NT 6.1; WOW64; rv:34.0) Gecko/20100101 Firefox/34.0"
95.91.212.117 - - [28/Dec/2014:20:38:47 +0100] "GET /favicon.ico HTTP/1.1" 404 1256 "-" "Mozilla/5.0 (Windows NT 6.1; WOW64; rv:34.0) Gecko/20100101 Firefox/34.0"
95.91.212.117 - - [28/Dec/2014:20:38:47 +0100] "GET /favicon.ico HTTP/1.1" 404 1256 "-" "Mozilla/5.0 (Windows NT 6.1; WOW64; rv:34.0) Gecko/20100101 Firefox/34.0"
66.249.78.52 - - [28/Dec/2014:22:51:55 +0100] "GET / HTTP/1.1" 200 3274 "-" "Mozilla/5.0 (compatible; Googlebot/2.1; +http://www.google.com/bot.html)"
46.118.113.149 - - [28/Dec/2014:23:11:45 +0100] "GET / HTTP/1.1" 200 3274 "http://golden-praga.ru/" "Opera/8.01 (Windows NT 5.1)"
46.118.113.149 - - [28/Dec/2014:23:11:45 +0100] "GET / HTTP/1.1" 200 3274 "http://liderpak.ru/" "Opera/8.01 (Windows NT 5.1)"
46.118.113.149 - - [28/Dec/2014:23:11:45 +0100] "GET / HTTP/1.1" 200 3274 "http://forum.taihouse.ru/" "Opera/8.01 (Windows NT 5.1)"
46.118.113.149 - - [28/Dec/2014:23:11:45 +0100] "GET / HTTP/1.1" 200 3274 "http://forum.taihouse.ru/" "Opera/8.01 (Windows NT 5.1)"
46.118.113.149 - - [28/Dec/2014:23:11:45 +0100] "GET / HTTP/1.1" 200 3274 "http://golden-praga.ru/" "Opera/8.01 (Windows NT 5.1)"
46.118.113.149 - - [28/Dec/2014:23:11:45 +0100] "GET / HTTP/1.1" 200 3274 "http://liderpak.ru/" "Opera/8.01 (Windows NT 5.1)"
46.118.113.149 - - [28/Dec/2014:23:11:46 +0100] "GET / HTTP/1.1" 200 3274 "http://golden-praga.ru/" "Opera/8.01 (Windows NT 5.1)"
46.118.113.149 - - [28/Dec/2014:23:11:46 +0100] "GET / HTTP/1.1" 200 3274 "http://liderpak.ru/" "Opera/8.01 (Windows NT 5.1)"
46.118.113.149 - - [28/Dec/2014:23:11:46 +0100] "GET / HTTP/1.1" 200 3274 "http://forum.taihouse.ru/" "Opera/8.01 (Windows NT 5.1)"
144.76.42.76 - - [29/Dec/2014:03:37:16 +0100] "GET / HTTP/1.1" 200 3274 "-" "Mozilla/5.0 (Macintosh; Intel Mac OS X 10_8_2) AppleWebKit/537.17 (KHTML, like Gecko) Chrome/24.0.1312.52 Safari/537.17"
144.76.42.76 - - [29/Dec/2014:03:37:16 +0100] "GET / HTTP/1.1" 200 3274 "-" "Mozilla/5.0 (Macintosh; Intel Mac OS X 10_8_2) AppleWebKit/537.17 (KHTML, like Gecko) Chrome/24.0.1312.52 Safari/537.17"
211.244.83.248 - - [29/Dec/2014:04:44:13 +0100] "GET /robots.txt HTTP/1.1" 404 1256 "http://search.daum.net/" "Mozilla/5.0 (compatible; MSIE or Firefox mutant; not on Windows server; + http://tab.search.daum.net/aboutWebSearch.html) Daumoa/3.0"
211.244.83.248 - - [29/Dec/2014:04:44:14 +0100] "GET / HTTP/1.1" 200 3274 "http://search.daum.net/" "Mozilla/5.0 (compatible; MSIE or Firefox mutant; not on Windows server; + http://tab.search.daum.net/aboutWebSearch.html) Daumoa/3.0"
46.119.119.184 - - [29/Dec/2014:07:52:13 +0100] "GET / HTTP/1.1" 200 3274 "http://w7s.ru/" "Mozilla/4.79 [en] (Windows NT 5.0; U)"
46.119.119.184 - - [29/Dec/2014:07:52:14 +0100] "GET / HTTP/1.1" 200 3274 "http://w7s.ru/" "Mozilla/4.79 [en] (Windows NT 5.0; U)"
46.119.119.184 - - [29/Dec/2014:07:52:14 +0100] "GET / HTTP/1.1" 200 3274 "http://w7s.ru/" "Mozilla/4.79 [en] (Windows NT 5.0; U)"
178.137.94.34 - - [29/Dec/2014:09:40:02 +0100] "GET / HTTP/1.1" 200 3274 "http://servisural.ru/" "Mozilla/4.0 (compatible; MSIE 6.0; Windows NT 5.1; FREE; .NET CLR 1.1.4322)"
178.137.94.34 - - [29/Dec/2014:09:40:03 +0100] "GET / HTTP/1.1" 200 3274 "http://servisural.ru/" "Mozilla/4.0 (compatible; MSIE 6.0; Windows NT 5.1; FREE; .NET CLR 1.1.4322)"
178.137.94.34 - - [29/Dec/2014:09:40:03 +0100] "GET / HTTP/1.1" 200 3274 "http://servisural.ru/" "Mozilla/4.0 (compatible; MSIE 6.0; Windows NT 5.1; FREE; .NET CLR 1.1.4322)"
46.118.113.149 - - [29/Dec/2014:09:40:15 +0100] "GET / HTTP/1.1" 200 3274 "http://megabeaver.ru/" "Mozilla/4.0 (compatible; MSIE 6.0; MSIE 5.5; Windows NT 5.0) Opera 7.02 Bork-edition [en]"
46.118.113.149 - - [29/Dec/2014:09:40:16 +0100] "GET / HTTP/1.1" 200 3274 "http://megabeaver.ru/" "Mozilla/4.0 (compatible; MSIE 6.0; MSIE 5.5; Windows NT 5.0) Opera 7.02 Bork-edition [en]"
66.249.78.45 - - [29/Dec/2014:09:49:45 +0100] "GET /robots.txt HTTP/1.1" 404 1256 "-" "Mozilla/5.0 (compatible; Googlebot/2.1; +http://www.google.com/bot.html)"
2.166.207.150 - - [29/Dec/2014:12:09:51 +0100] "GET / HTTP/1.1" 200 3274 "https://www.google.de/" "Mozilla/5.0 (Windows NT 6.1) AppleWebKit/537.36 (KHTML, like Gecko) Chrome/39.0.2171.95 Safari/537.36"
2.166.207.150 - - [29/Dec/2014:12:09:51 +0100] "GET /css/bootstrap-responsive.min.css HTTP/1.1" 200 16520 "http://www.dialyse-falkensee.de/" "Mozilla/5.0 (Windows NT 6.1) AppleWebKit/537.36 (KHTML, like Gecko) Chrome/39.0.2171.95 Safari/537.36"
2.166.207.150 - - [29/Dec/2014:12:09:51 +0100] "GET /js/bootstrap.min.js HTTP/1.1" 200 25764 "http://www.dialyse-falkensee.de/" "Mozilla/5.0 (Windows NT 6.1) AppleWebKit/537.36 (KHTML, like Gecko) Chrome/39.0.2171.95 Safari/537.36"
2.166.207.150 - - [29/Dec/2014:12:09:51 +0100] "GET /css/bootstrap.min.css HTTP/1.1" 200 101265 "http://www.dialyse-falkensee.de/" "Mozilla/5.0 (Windows NT 6.1) AppleWebKit/537.36 (KHTML, like Gecko) Chrome/39.0.2171.95 Safari/537.36"
2.166.207.150 - - [29/Dec/2014:12:09:52 +0100] "GET /ico/favicon.ico HTTP/1.1" 404 1256 "-" "Mozilla/5.0 (Windows NT 6.1) AppleWebKit/537.36 (KHTML, like Gecko) Chrome/39.0.2171.95 Safari/537.36"
141.8.147.12 - - [29/Dec/2014:16:02:16 +0100] "GET /robots.txt HTTP/1.1" 404 1256 "-" "Mozilla/5.0 (compatible; YandexBot/3.0; +http://yandex.com/bots)"
217.69.133.221 - - [29/Dec/2014:16:08:15 +0100] "GET /robots.txt HTTP/1.1" 404 1256 "-" "Mozilla/5.0 (compatible; Linux x86_64; Mail.RU_Bot/2.0; +http://go.mail.ru/help/robots)"
217.69.133.225 - - [29/Dec/2014:16:08:16 +0100] "GET / HTTP/1.1" 304 - "-" "Mozilla/5.0 (compatible; Linux x86_64; Mail.RU_Bot/2.0; +http://go.mail.ru/help/robots)"
141.8.147.12 - - [29/Dec/2014:16:19:55 +0100] "GET / HTTP/1.1" 200 3274 "-" "Mozilla/5.0 (compatible; YandexBot/3.0; +http://yandex.com/bots)"
178.137.94.34 - - [29/Dec/2014:16:22:05 +0100] "GET / HTTP/1.1" 200 3274 "http://banan.tv/" "Mozilla/4.0 (compatible; MSIE 6.0; Windows NT 5.1; en) Opera 8.00"
178.137.94.34 - - [29/Dec/2014:16:22:06 +0100] "GET / HTTP/1.1" 200 3274 "http://banan.tv/" "Mozilla/4.0 (compatible; MSIE 6.0; Windows NT 5.1; en) Opera 8.00"
178.137.94.34 - - [29/Dec/2014:16:22:06 +0100] "GET / HTTP/1.1" 200 3274 "http://banan.tv/" "Mozilla/4.0 (compatible; MSIE 6.0; Windows NT 5.1; en) Opera 8.00"
218.30.103.135 - - [29/Dec/2014:21:12:16 +0100] "GET / HTTP/1.1" 200 3274 "-" "Sogou web spider/4.0(+http://www.sogou.com/docs/help/webmasters.htm#07)"
218.30.103.135 - - [29/Dec/2014:21:12:35 +0100] "GET /robots.txt HTTP/1.1" 404 1256 "-" "Sogou web spider/4.0(+http://www.sogou.com/docs/help/webmasters.htm#07)"
178.137.94.34 - - [29/Dec/2014:22:59:24 +0100] "GET / HTTP/1.1" 200 3274 "http://uiutdom.ru/" "Mozilla/4.0 (compatible; MSIE 6.0; Windows ME) Opera 7.11 [en]"
46.119.119.184 - - [29/Dec/2014:22:59:24 +0100] "GET / HTTP/1.1" 200 3274 "http://rabotaru.5bb.ru/" "Mozilla/4.0 (compatible; MSIE 6.0; Windows NT 5.1)"
46.119.119.184 - - [29/Dec/2014:22:59:24 +0100] "GET / HTTP/1.1" 200 3274 "http://www.bookmaker-bet.com/" "Mozilla/4.0 (compatible; MSIE 6.0; Windows NT 5.1; SV1)"
178.137.94.34 - - [29/Dec/2014:22:59:24 +0100] "GET / HTTP/1.1" 200 3274 "http://uiutdom.ru/" "Mozilla/4.0 (compatible; MSIE 6.0; Windows ME) Opera 7.11 [en]"
178.137.94.34 - - [29/Dec/2014:22:59:25 +0100] "GET / HTTP/1.1" 200 3274 "http://uiutdom.ru/" "Mozilla/4.0 (compatible; MSIE 6.0; Windows ME) Opera 7.11 [en]"
46.119.119.184 - - [29/Dec/2014:22:59:25 +0100] "GET / HTTP/1.1" 200 3274 "http://www.bookmaker-bet.com/" "Mozilla/4.0 (compatible; MSIE 6.0; Windows NT 5.1; SV1)"
46.119.119.184 - - [29/Dec/2014:22:59:25 +0100] "GET / HTTP/1.1" 200 3274 "http://rabotaru.5bb.ru/" "Mozilla/4.0 (compatible; MSIE 6.0; Windows NT 5.1)"
46.119.119.184 - - [29/Dec/2014:22:59:26 +0100] "GET / HTTP/1.1" 200 3274 "http://www.bookmaker-bet.com/" "Mozilla/4.0 (compatible; MSIE 6.0; Windows NT 5.1; SV1)"
46.119.119.184 - - [29/Dec/2014:22:59:26 +0100] "GET / HTTP/1.1" 200 3274 "http://rabotaru.5bb.ru/" "Mozilla/4.0 (compatible; MSIE 6.0; Windows NT 5.1)"
5.9.112.67 - - [29/Dec/2014:23:10:59 +0100] "GET /robots.txt HTTP/1.1" 404 1256 "-" "Mozilla/5.0 (compatible; SISTRIX Crawler; http://crawler.sistrix.net/)"
5.9.112.67 - - [29/Dec/2014:23:11:00 +0100] "GET / HTTP/1.1" 206 3274 "-" "Mozilla/5.0 (compatible; SISTRIX Crawler; http://crawler.sistrix.net/)"
109.120.157.179 - - [29/Dec/2014:23:34:26 +0100] "GET / HTTP/1.1" 200 3274 "http://doska-vsem.ru/" "Mozilla/5.0 (compatible; Add Catalog/2.1;)"
109.120.157.179 - - [29/Dec/2014:23:34:26 +0100] "GET / HTTP/1.1" 200 3274 "http://doska-vsem.ru/" "Mozilla/5.0 (compatible; Add Catalog/2.1;)"
109.120.157.179 - - [29/Dec/2014:23:34:27 +0100] "GET / HTTP/1.1" 200 3274 "http://doska-vsem.ru/" "Mozilla/5.0 (compatible; Add Catalog/2.1;)"
178.63.49.74 - - [29/Dec/2014:23:42:31 +0100] "GET / HTTP/1.1" 200 3274 "-" "Mozilla/4.0 (compatible; MSIE 6.0; Windows NT 5.1; SV1; .NET CLR 1.1.4322)"
178.63.49.74 - - [29/Dec/2014:23:42:31 +0100] "GET /robots.txt HTTP/1.1" 404 1256 "-" "libwww-perl/6.05"
178.63.49.74 - - [29/Dec/2014:23:42:31 +0100] "GET / HTTP/1.1" 200 3274 "-" "Mozilla/4.0 (compatible; MSIE 6.0; Windows NT 5.1; SV1; .NET CLR 1.1.4322)"
207.46.13.87 - - [30/Dec/2014:02:05:59 +0100] "GET /robots.txt HTTP/1.1" 404 1256 "-" "Mozilla/5.0 (compatible; bingbot/2.0; +http://www.bing.com/bingbot.htm)"
207.46.13.87 - - [30/Dec/2014:02:50:13 +0100] "GET / HTTP/1.1" 200 3274 "-" "Mozilla/5.0 (compatible; bingbot/2.0; +http://www.bing.com/bingbot.htm)"
72.46.136.178 - - [30/Dec/2014:02:59:19 +0100] "GET / HTTP/1.1" 200 3274 "-" "Mozilla/4.0 (compatible; MSIE 6.0; Windows NT 5.1)"
66.249.78.45 - - [30/Dec/2014:03:10:30 +0100] "GET /robots.txt HTTP/1.1" 404 1256 "-" "Mozilla/5.0 (compatible; Googlebot/2.1; +http://www.google.com/bot.html)"
66.249.78.52 - - [30/Dec/2014:03:10:30 +0100] "GET / HTTP/1.1" 200 3274 "-" "Mozilla/5.0 (compatible; Googlebot/2.1; +http://www.google.com/bot.html)"
46.119.119.184 - - [30/Dec/2014:03:48:10 +0100] "GET / HTTP/1.1" 200 3274 "http://deshevye-stoleshnicy.ru/" "Mozilla/4.0 (compatible; MSIE 6.0; Windows NT 5.1; SV1; .NET CLR 1.1.4322; .NET CLR 2.0.50727)"
46.119.119.184 - - [30/Dec/2014:03:48:11 +0100] "GET / HTTP/1.1" 200 3274 "http://deshevye-stoleshnicy.ru/" "Mozilla/4.0 (compatible; MSIE 6.0; Windows NT 5.1; SV1; .NET CLR 1.1.4322; .NET CLR 2.0.50727)"
46.119.119.184 - - [30/Dec/2014:03:48:11 +0100] "GET / HTTP/1.1" 200 3274 "http://deshevye-stoleshnicy.ru/" "Mozilla/4.0 (compatible; MSIE 6.0; Windows NT 5.1; SV1; .NET CLR 1.1.4322; .NET CLR 2.0.50727)"
66.249.69.18 - - [30/Dec/2014:05:07:34 +0100] "GET / HTTP/1.1" 200 3274 "-" "Mozilla/5.0 (compatible; Googlebot/2.1; +http://www.google.com/bot.html)"
178.137.94.34 - - [30/Dec/2014:05:59:56 +0100] "GET / HTTP/1.1" 200 3274 "http://xvideos-h.com/" "Mozilla/4.79 [en] (Windows NT 5.0; U)"
178.137.94.34 - - [30/Dec/2014:05:59:56 +0100] "GET / HTTP/1.1" 200 3274 "http://xvideos-h.com/" "Mozilla/4.79 [en] (Windows NT 5.0; U)"
178.137.94.34 - - [30/Dec/2014:05:59:57 +0100] "GET / HTTP/1.1" 200 3274 "http://xvideos-h.com/" "Mozilla/4.79 [en] (Windows NT 5.0; U)"
66.249.78.52 - - [30/Dec/2014:08:17:41 +0100] "GET / HTTP/1.1" 200 3274 "-" "Mozilla/5.0 (compatible; Googlebot/2.1; +http://www.google.com/bot.html)"
46.118.113.149 - - [30/Dec/2014:11:56:48 +0100] "GET / HTTP/1.1" 200 3274 "http://golden-praga.ru/" "Mozilla/4.0 (compatible; MSIE 6.0; Windows NT 5.1; SV1)"
46.118.113.149 - - [30/Dec/2014:11:56:48 +0100] "GET / HTTP/1.1" 200 3274 "http://forum.taihouse.ru/" "Mozilla/4.0 (compatible; MSIE 6.0; Windows NT 5.1; SV1)"
46.118.113.149 - - [30/Dec/2014:11:56:48 +0100] "GET / HTTP/1.1" 200 3274 "http://photokitchendesign.com/" "Mozilla/4.0 (compatible; MSIE 6.0; Windows NT 5.1; SV1)"
46.118.113.149 - - [30/Dec/2014:11:56:48 +0100] "GET / HTTP/1.1" 200 3274 "http://forum.taihouse.ru/" "Mozilla/4.0 (compatible; MSIE 6.0; Windows NT 5.1; SV1)"
46.118.113.149 - - [30/Dec/2014:11:56:48 +0100] "GET / HTTP/1.1" 200 3274 "http://golden-praga.ru/" "Mozilla/4.0 (compatible; MSIE 6.0; Windows NT 5.1; SV1)"
46.118.113.149 - - [30/Dec/2014:11:56:48 +0100] "GET / HTTP/1.1" 200 3274 "http://photokitchendesign.com/" "Mozilla/4.0 (compatible; MSIE 6.0; Windows NT 5.1; SV1)"
46.118.113.149 - - [30/Dec/2014:11:56:48 +0100] "GET / HTTP/1.1" 200 3274 "http://forum.taihouse.ru/" "Mozilla/4.0 (compatible; MSIE 6.0; Windows NT 5.1; SV1)"
46.118.113.149 - - [30/Dec/2014:11:56:48 +0100] "GET / HTTP/1.1" 200 3274 "http://golden-praga.ru/" "Mozilla/4.0 (compatible; MSIE 6.0; Windows NT 5.1; SV1)"
46.118.113.149 - - [30/Dec/2014:11:56:48 +0100] "GET / HTTP/1.1" 200 3274 "http://photokitchendesign.com/" "Mozilla/4.0 (compatible; MSIE 6.0; Windows NT 5.1; SV1)"
82.193.99.33 - - [30/Dec/2014:12:19:51 +0100] "GET / HTTP/1.1" 200 3274 "http://7zap.com/" "Opera/7.11 (Windows NT 5.1; U) [en]"
82.193.99.33 - - [30/Dec/2014:12:19:52 +0100] "GET / HTTP/1.1" 200 3274 "http://7zap.com/" "Opera/7.11 (Windows NT 5.1; U) [en]"
82.193.99.33 - - [30/Dec/2014:12:19:52 +0100] "GET / HTTP/1.1" 200 3274 "http://7zap.com/" "Opera/7.11 (Windows NT 5.1; U) [en]"
195.242.218.133 - - [30/Dec/2014:13:58:52 +0100] "GET / HTTP/1.1" 200 3274 "http://orgbase.biz/" "Mozilla/4.0 (compatible; MSIE 5.5; Windows NT 5.0; T312461)"
195.242.218.133 - - [30/Dec/2014:13:58:53 +0100] "GET / HTTP/1.1" 200 3274 "http://orgbase.biz/" "Mozilla/4.0 (compatible; MSIE 5.5; Windows NT 5.0; T312461)"
195.242.218.133 - - [30/Dec/2014:13:58:54 +0100] "GET / HTTP/1.1" 200 3274 "http://orgbase.biz/" "Mozilla/4.0 (compatible; MSIE 5.5; Windows NT 5.0; T312461)"
66.249.78.59 - - [30/Dec/2014:14:02:36 +0100] "GET / HTTP/1.1" 200 3274 "-" "Mozilla/5.0 (compatible; Googlebot/2.1; +http://www.google.com/bot.html)"
66.249.78.45 - - [30/Dec/2014:14:35:57 +0100] "GET /css/bootstrap-responsive.min.css HTTP/1.1" 200 16520 "-" "Mozilla/5.0 (compatible; Googlebot/2.1; +http://www.google.com/bot.html)"
66.249.78.52 - - [30/Dec/2014:15:09:30 +0100] "GET /css/bootstrap.min.css HTTP/1.1" 200 101265 "-" "Mozilla/5.0 (compatible; Googlebot/2.1; +http://www.google.com/bot.html)"
207.46.13.87 - - [30/Dec/2014:16:07:05 +0100] "GET / HTTP/1.1" 200 3274 "-" "Mozilla/5.0 (compatible; bingbot/2.0; +http://www.bing.com/bingbot.htm)"
66.249.78.45 - - [30/Dec/2014:16:40:12 +0100] "GET /robots.txt HTTP/1.1" 404 1256 "-" "Mozilla/5.0 (compatible; Googlebot/2.1; +http://www.google.com/bot.html)"
207.46.13.87 - - [30/Dec/2014:17:07:13 +0100] "GET / HTTP/1.1" 200 3274 "-" "Mozilla/5.0 (compatible; bingbot/2.0; +http://www.bing.com/bingbot.htm)"
199.30.16.163 - - [30/Dec/2014:17:07:14 +0100] "GET /css/bootstrap-responsive.min.css HTTP/1.1" 200 16520 "http://www.dialyse-falkensee.de/" "Mozilla/5.0 (Windows NT 6.1; WOW64) AppleWebKit/534+ (KHTML, like Gecko) BingPreview/1.0b"
199.30.16.163 - - [30/Dec/2014:17:07:14 +0100] "GET /css/bootstrap.min.css HTTP/1.1" 200 101265 "http://www.dialyse-falkensee.de/" "Mozilla/5.0 (Windows NT 6.1; WOW64) AppleWebKit/534+ (KHTML, like Gecko) BingPreview/1.0b"
199.30.16.163 - - [30/Dec/2014:17:07:16 +0100] "GET /js/bootstrap.min.js HTTP/1.1" 200 25764 "http://www.dialyse-falkensee.de/" "Mozilla/5.0 (Windows NT 6.1; WOW64) AppleWebKit/534+ (KHTML, like Gecko) BingPreview/1.0b"
