77.178.154.21 - - [09/Dec/2014:19:05:08 +0100] "GET /css/bootstrap.min.css HTTP/1.1" 304 - "http://www.dialyse-falkensee.de/" "Mozilla/5.0 (iPad; CPU OS 8_1_1 like Mac OS X) AppleWebKit/600.1.4 (KHTML, like Gecko) Version/8.0 Mobile/12B435 Safari/600.1.4"
77.178.154.21 - - [09/Dec/2014:19:05:08 +0100] "GET /css/bootstrap-responsive.min.css HTTP/1.1" 304 - "http://www.dialyse-falkensee.de/" "Mozilla/5.0 (iPad; CPU OS 8_1_1 like Mac OS X) AppleWebKit/600.1.4 (KHTML, like Gecko) Version/8.0 Mobile/12B435 Safari/600.1.4"
77.178.154.21 - - [09/Dec/2014:19:05:08 +0100] "GET /js/bootstrap.min.js HTTP/1.1" 304 - "http://www.dialyse-falkensee.de/" "Mozilla/5.0 (iPad; CPU OS 8_1_1 like Mac OS X) AppleWebKit/600.1.4 (KHTML, like Gecko) Version/8.0 Mobile/12B435 Safari/600.1.4"
157.55.39.79 - - [09/Dec/2014:19:23:47 +0100] "GET /robots.txt HTTP/1.1" 404 1256 "-" "Mozilla/5.0 (compatible; bingbot/2.0; +http://www.bing.com/bingbot.htm)"
157.55.39.79 - - [09/Dec/2014:19:24:11 +0100] "GET / HTTP/1.1" 200 3274 "-" "Mozilla/5.0 (compatible; bingbot/2.0; +http://www.bing.com/bingbot.htm)"
178.137.94.34 - - [09/Dec/2014:20:38:08 +0100] "GET / HTTP/1.1" 200 3274 "http://za-otechestvo.ru/" "Mozilla/4.0 (compatible; MSIE 6.0; Windows NT 5.1; SV1)"
178.137.94.34 - - [09/Dec/2014:20:38:09 +0100] "GET / HTTP/1.1" 200 3274 "http://za-otechestvo.ru/" "Mozilla/4.0 (compatible; MSIE 6.0; Windows NT 5.1; SV1)"
178.137.94.34 - - [09/Dec/2014:20:38:09 +0100] "GET / HTTP/1.1" 200 3274 "http://za-otechestvo.ru/" "Mozilla/4.0 (compatible; MSIE 6.0; Windows NT 5.1; SV1)"
178.137.165.25 - - [09/Dec/2014:21:27:50 +0100] "GET / HTTP/1.1" 200 3274 "http://golden-praga.ru/" "Mozilla/4.0 (compatible; MSIE 6.0; Windows NT 5.1; SV1)"
91.207.8.46 - - [09/Dec/2014:22:44:11 +0100] "GET / HTTP/1.1" 200 3274 "http://ogli.org/erotika/" "Mozilla/4.0 (compatible; MSIE 5.5; Windows NT 4.0; .NET CLR 1.0.2914)"
91.207.8.46 - - [09/Dec/2014:22:44:12 +0100] "GET / HTTP/1.1" 200 3274 "http://ogli.org/erotika/" "Mozilla/4.0 (compatible; MSIE 5.5; Windows NT 4.0; .NET CLR 1.0.2914)"
91.207.8.46 - - [09/Dec/2014:22:44:12 +0100] "GET / HTTP/1.1" 200 3274 "http://ogli.org/erotika/" "Mozilla/4.0 (compatible; MSIE 5.5; Windows NT 4.0; .NET CLR 1.0.2914)"
141.8.147.12 - - [09/Dec/2014:23:57:28 +0100] "GET /robots.txt HTTP/1.1" 404 1256 "-" "Mozilla/5.0 (compatible; YandexBot/3.0; +http://yandex.com/bots)"
66.249.78.59 - - [10/Dec/2014:00:22:30 +0100] "GET /robots.txt HTTP/1.1" 404 1256 "-" "Mozilla/5.0 (compatible; Googlebot/2.1; +http://www.google.com/bot.html)"
66.249.78.52 - - [10/Dec/2014:00:22:30 +0100] "GET / HTTP/1.1" 200 3274 "-" "SAMSUNG-SGH-E250/1.0 Profile/MIDP-2.0 Configuration/CLDC-1.1 UP.Browser/6.2.3.3.c.1.101 (GUI) MMP/2.0 (compatible; Googlebot-Mobile/2.1; +http://www.google.com/bot.html)"
134.249.76.28 - - [10/Dec/2014:01:16:14 +0100] "GET / HTTP/1.1" 200 3274 "http://amoremio.by/" "Mozilla/4.0 (compatible; MSIE 6.0; Windows NT 5.0; .NET CLR 1.0.3705; .NET CLR 1.1.4322)"
134.249.76.28 - - [10/Dec/2014:01:16:15 +0100] "GET / HTTP/1.1" 200 3274 "http://amoremio.by/" "Mozilla/4.0 (compatible; MSIE 6.0; Windows NT 5.0; .NET CLR 1.0.3705; .NET CLR 1.1.4322)"
134.249.76.28 - - [10/Dec/2014:01:16:15 +0100] "GET / HTTP/1.1" 200 3274 "http://amoremio.by/" "Mozilla/4.0 (compatible; MSIE 6.0; Windows NT 5.0; .NET CLR 1.0.3705; .NET CLR 1.1.4322)"
180.153.236.171 - - [10/Dec/2014:02:39:01 +0100] "GET / HTTP/1.1" 200 3274 "http://www.dialyse-falkensee.de/" "Mozilla/5.0 (compatible; MSIE 9.0; Windows NT 6.1; Trident/5.0); 360Spider"
46.119.119.184 - - [10/Dec/2014:03:03:58 +0100] "GET / HTTP/1.1" 200 3274 "http://minecraft-rus.org/" "Mozilla/4.0 (compatible; MSIE 6.0; AOL 9.0; Windows NT 5.1)"
46.119.119.184 - - [10/Dec/2014:03:03:59 +0100] "GET / HTTP/1.1" 200 3274 "http://minecraft-rus.org/" "Mozilla/4.0 (compatible; MSIE 6.0; AOL 9.0; Windows NT 5.1)"
46.119.119.184 - - [10/Dec/2014:03:03:59 +0100] "GET / HTTP/1.1" 200 3274 "http://minecraft-rus.org/" "Mozilla/4.0 (compatible; MSIE 6.0; AOL 9.0; Windows NT 5.1)"
178.137.94.34 - - [10/Dec/2014:03:11:51 +0100] "GET / HTTP/1.1" 200 3274 "http://fastxak.com/" "Mozilla/4.0 (compatible; MSIE 6.0; Windows NT 5.1; Crazy Browser 1.0.5)"
178.137.94.34 - - [10/Dec/2014:03:11:51 +0100] "GET / HTTP/1.1" 200 3274 "http://fastxak.com/" "Mozilla/4.0 (compatible; MSIE 6.0; Windows NT 5.1; Crazy Browser 1.0.5)"
178.137.94.34 - - [10/Dec/2014:03:11:52 +0100] "GET / HTTP/1.1" 200 3274 "http://fastxak.com/" "Mozilla/4.0 (compatible; MSIE 6.0; Windows NT 5.1; Crazy Browser 1.0.5)"
141.8.147.12 - - [10/Dec/2014:04:53:27 +0100] "GET / HTTP/1.1" 200 3274 "-" "Mozilla/5.0 (compatible; YandexBot/3.0; +http://yandex.com/bots)"
178.137.165.25 - - [10/Dec/2014:05:37:10 +0100] "GET / HTTP/1.1" 200 3274 "http://www.na-verh.ru/" "Mozilla/4.0 (compatible; MSIE 6.0; Windows NT 5.1; MRA 4.6 (build 01425))"
178.137.165.25 - - [10/Dec/2014:05:37:11 +0100] "GET / HTTP/1.1" 200 3274 "http://www.na-verh.ru/" "Mozilla/4.0 (compatible; MSIE 6.0; Windows NT 5.1; MRA 4.6 (build 01425))"
178.137.165.25 - - [10/Dec/2014:05:37:11 +0100] "GET / HTTP/1.1" 200 3274 "http://www.na-verh.ru/" "Mozilla/4.0 (compatible; MSIE 6.0; Windows NT 5.1; MRA 4.6 (build 01425))"
107.170.38.42 - - [10/Dec/2014:08:54:36 +0100] "GET /robots.txt HTTP/1.1" 404 1256 "-" "Mozilla/5.0 (compatible; spbot/4.4.1; +http://OpenLinkProfiler.org/bot )"
107.170.38.42 - - [10/Dec/2014:08:54:41 +0100] "GET / HTTP/1.1" 200 3274 "-" "Mozilla/5.0 (compatible; spbot/4.4.1; +http://OpenLinkProfiler.org/bot )"
145.253.170.146 - - [10/Dec/2014:08:56:22 +0100] "GET / HTTP/1.1" 200 3274 "-" "Mozilla/4.0 (compatible; MSIE 8.0; Windows NT 6.1; WOW64; Trident/4.0; chromeframe/31.0.1650.57; SLCC2; .NET CLR 2.0.50727; .NET CLR 3.5.30729; .NET CLR 3.0.30729; Media Center PC 6.0)"
145.253.170.146 - - [10/Dec/2014:08:56:22 +0100] "GET /css/bootstrap-responsive.min.css HTTP/1.1" 200 16520 "http://www.dialyse-falkensee.de/" "Mozilla/4.0 (compatible; MSIE 8.0; Windows NT 6.1; WOW64; Trident/4.0; chromeframe/31.0.1650.57; SLCC2; .NET CLR 2.0.50727; .NET CLR 3.5.30729; .NET CLR 3.0.30729; Media Center PC 6.0)"
145.253.170.146 - - [10/Dec/2014:08:56:22 +0100] "GET /css/bootstrap.min.css HTTP/1.1" 200 101265 "http://www.dialyse-falkensee.de/" "Mozilla/4.0 (compatible; MSIE 8.0; Windows NT 6.1; WOW64; Trident/4.0; chromeframe/31.0.1650.57; SLCC2; .NET CLR 2.0.50727; .NET CLR 3.5.30729; .NET CLR 3.0.30729; Media Center PC 6.0)"
145.253.170.146 - - [10/Dec/2014:08:56:22 +0100] "GET /img/glyphicons-halflings.png HTTP/1.1" 200 12799 "http://www.dialyse-falkensee.de/" "Mozilla/4.0 (compatible; MSIE 8.0; Windows NT 6.1; WOW64; Trident/4.0; chromeframe/31.0.1650.57; SLCC2; .NET CLR 2.0.50727; .NET CLR 3.5.30729; .NET CLR 3.0.30729; Media Center PC 6.0)"
145.253.170.146 - - [10/Dec/2014:08:56:22 +0100] "GET /js/bootstrap.min.js HTTP/1.1" 200 25764 "http://www.dialyse-falkensee.de/" "Mozilla/4.0 (compatible; MSIE 8.0; Windows NT 6.1; WOW64; Trident/4.0; chromeframe/31.0.1650.57; SLCC2; .NET CLR 2.0.50727; .NET CLR 3.5.30729; .NET CLR 3.0.30729; Media Center PC 6.0)"
145.253.170.146 - - [10/Dec/2014:08:56:22 +0100] "GET /ico/favicon.ico HTTP/1.1" 404 1256 "-" "Mozilla/4.0 (compatible; MSIE 8.0; Windows NT 6.1; WOW64; Trident/4.0; chromeframe/31.0.1650.57; SLCC2; .NET CLR 2.0.50727; .NET CLR 3.5.30729; .NET CLR 3.0.30729; Media Center PC 6.0)"
68.180.228.232 - - [10/Dec/2014:12:55:08 +0100] "GET /robots.txt HTTP/1.1" 404 1256 "-" "Mozilla/5.0 (compatible; Yahoo! Slurp; http://help.yahoo.com/help/us/ysearch/slurp)"
68.180.228.232 - - [10/Dec/2014:12:55:08 +0100] "GET /index.html HTTP/1.1" 200 3274 "-" "Mozilla/5.0 (compatible; Yahoo! Slurp; http://help.yahoo.com/help/us/ysearch/slurp)"
178.137.165.25 - - [10/Dec/2014:14:19:16 +0100] "GET / HTTP/1.1" 200 3274 "http://yzdorov.ru/" "Mozilla/4.0 (compatible; MSIE 5.5; Windows NT 5.0)"
178.137.165.25 - - [10/Dec/2014:14:19:17 +0100] "GET / HTTP/1.1" 200 3274 "http://yzdorov.ru/" "Mozilla/4.0 (compatible; MSIE 5.5; Windows NT 5.0)"
178.137.165.25 - - [10/Dec/2014:14:19:17 +0100] "GET / HTTP/1.1" 200 3274 "http://yzdorov.ru/" "Mozilla/4.0 (compatible; MSIE 5.5; Windows NT 5.0)"
178.137.94.34 - - [10/Dec/2014:14:20:11 +0100] "GET / HTTP/1.1" 200 3274 "http://www.kbaptupa.ru/" "Mozilla/4.0 (compatible; MSIE 5.5; Windows NT 4.0; .NET CLR 1.0.2914)"
178.137.94.34 - - [10/Dec/2014:14:20:11 +0100] "GET / HTTP/1.1" 200 3274 "http://fastxak.com/" "Mozilla/4.0 (compatible; MSIE 5.5; Windows NT 4.0; .NET CLR 1.0.2914)"
178.137.94.34 - - [10/Dec/2014:14:20:12 +0100] "GET / HTTP/1.1" 200 3274 "http://www.kbaptupa.ru/" "Mozilla/4.0 (compatible; MSIE 5.5; Windows NT 4.0; .NET CLR 1.0.2914)"
178.137.94.34 - - [10/Dec/2014:14:20:12 +0100] "GET / HTTP/1.1" 200 3274 "http://fastxak.com/" "Mozilla/4.0 (compatible; MSIE 5.5; Windows NT 4.0; .NET CLR 1.0.2914)"
178.137.94.34 - - [10/Dec/2014:14:20:12 +0100] "GET / HTTP/1.1" 200 3274 "http://www.kbaptupa.ru/" "Mozilla/4.0 (compatible; MSIE 5.5; Windows NT 4.0; .NET CLR 1.0.2914)"
178.137.94.34 - - [10/Dec/2014:14:20:13 +0100] "GET / HTTP/1.1" 200 3274 "http://fastxak.com/" "Mozilla/4.0 (compatible; MSIE 5.5; Windows NT 4.0; .NET CLR 1.0.2914)"
46.119.119.184 - - [10/Dec/2014:14:21:26 +0100] "GET / HTTP/1.1" 200 3274 "http://www.intim-art.ru/" "Mozilla/4.0 (compatible; MSIE 5.0; Windows NT; DigExt)"
46.119.119.184 - - [10/Dec/2014:14:21:26 +0100] "GET / HTTP/1.1" 200 3274 "http://cvety24.by/" "Mozilla/4.0 (compatible; MSIE 5.0; Windows NT; DigExt)"
46.119.119.184 - - [10/Dec/2014:14:21:26 +0100] "GET / HTTP/1.1" 200 3274 "http://www.intim-art.ru/" "Mozilla/4.0 (compatible; MSIE 5.0; Windows NT; DigExt)"
46.119.119.184 - - [10/Dec/2014:14:21:26 +0100] "GET / HTTP/1.1" 200 3274 "http://cvety24.by/" "Mozilla/4.0 (compatible; MSIE 5.0; Windows NT; DigExt)"
46.119.119.184 - - [10/Dec/2014:14:21:27 +0100] "GET / HTTP/1.1" 200 3274 "http://www.intim-art.ru/" "Mozilla/4.0 (compatible; MSIE 5.0; Windows NT; DigExt)"
46.119.119.184 - - [10/Dec/2014:14:21:27 +0100] "GET / HTTP/1.1" 200 3274 "http://cvety24.by/" "Mozilla/4.0 (compatible; MSIE 5.0; Windows NT; DigExt)"
180.153.236.171 - - [10/Dec/2014:14:40:59 +0100] "GET / HTTP/1.1" 200 3274 "http://www.dialyse-falkensee.de/" "Mozilla/5.0 (compatible; MSIE 9.0; Windows NT 6.1; Trident/5.0); 360Spider"
157.55.39.79 - - [10/Dec/2014:16:42:26 +0100] "GET / HTTP/1.1" 200 3274 "-" "Mozilla/5.0 (compatible; bingbot/2.0; +http://www.bing.com/bingbot.htm)"
109.120.157.179 - - [10/Dec/2014:17:51:14 +0100] "GET / HTTP/1.1" 200 3274 "http://www.artparquet.ru/" "Mozilla/5.0 (compatible; Add Catalog/2.1;)"
109.120.157.179 - - [10/Dec/2014:17:51:15 +0100] "GET / HTTP/1.1" 200 3274 "http://www.artparquet.ru/" "Mozilla/5.0 (compatible; Add Catalog/2.1;)"
109.120.157.179 - - [10/Dec/2014:17:51:15 +0100] "GET / HTTP/1.1" 200 3274 "http://www.artparquet.ru/" "Mozilla/5.0 (compatible; Add Catalog/2.1;)"
178.137.94.34 - - [10/Dec/2014:22:16:07 +0100] "GET / HTTP/1.1" 200 3274 "http://altezza.travel/" "Mozilla/1.22 (compatible; MSIE 2.0d; Windows NT)"
178.137.94.34 - - [10/Dec/2014:22:16:07 +0100] "GET / HTTP/1.1" 200 3274 "http://altezza.travel/" "Mozilla/1.22 (compatible; MSIE 2.0d; Windows NT)"
178.137.94.34 - - [10/Dec/2014:22:16:07 +0100] "GET / HTTP/1.1" 200 3274 "http://altezza.travel/" "Mozilla/1.22 (compatible; MSIE 2.0d; Windows NT)"
78.55.175.182 - - [10/Dec/2014:23:45:18 +0100] "GET / HTTP/1.1" 200 3274 "https://www.google.de/" "Mozilla/5.0 (iPad; CPU OS 7_1_2 like Mac OS X) AppleWebKit/537.51.2 (KHTML, like Gecko) Version/7.0 Mobile/11D257 Safari/9537.53"
78.55.175.182 - - [10/Dec/2014:23:45:18 +0100] "GET /css/bootstrap-responsive.min.css HTTP/1.1" 200 16520 "http://www.dialyse-falkensee.de/" "Mozilla/5.0 (iPad; CPU OS 7_1_2 like Mac OS X) AppleWebKit/537.51.2 (KHTML, like Gecko) Version/7.0 Mobile/11D257 Safari/9537.53"
78.55.175.182 - - [10/Dec/2014:23:45:18 +0100] "GET /css/bootstrap.min.css HTTP/1.1" 200 101265 "http://www.dialyse-falkensee.de/" "Mozilla/5.0 (iPad; CPU OS 7_1_2 like Mac OS X) AppleWebKit/537.51.2 (KHTML, like Gecko) Version/7.0 Mobile/11D257 Safari/9537.53"
78.55.175.182 - - [10/Dec/2014:23:45:18 +0100] "GET /js/bootstrap.min.js HTTP/1.1" 200 25764 "http://www.dialyse-falkensee.de/" "Mozilla/5.0 (iPad; CPU OS 7_1_2 like Mac OS X) AppleWebKit/537.51.2 (KHTML, like Gecko) Version/7.0 Mobile/11D257 Safari/9537.53"
180.153.236.169 - - [11/Dec/2014:02:40:22 +0100] "GET / HTTP/1.1" 200 3274 "http://www.dialyse-falkensee.de/" "Mozilla/5.0 (compatible; MSIE 9.0; Windows NT 6.1; Trident/5.0); 360Spider"
178.137.165.25 - - [11/Dec/2014:03:26:27 +0100] "GET / HTTP/1.1" 200 3274 "http://sk.golden-praga.ru/" "Mozilla/4.0 (compatible; MSIE 6.0; Windows NT 5.1; ru) Opera 8.50"
178.137.165.25 - - [11/Dec/2014:03:26:27 +0100] "GET / HTTP/1.1" 200 3274 "http://sk.golden-praga.ru/" "Mozilla/4.0 (compatible; MSIE 6.0; Windows NT 5.1; ru) Opera 8.50"
178.137.165.25 - - [11/Dec/2014:03:26:28 +0100] "GET / HTTP/1.1" 200 3274 "http://sk.golden-praga.ru/" "Mozilla/4.0 (compatible; MSIE 6.0; Windows NT 5.1; ru) Opera 8.50"
46.119.119.184 - - [11/Dec/2014:03:53:50 +0100] "GET / HTTP/1.1" 200 3274 "http://remont-comp-pomosh.ru/" "Mozilla/4.0 (compatible; MSIE 6.0; Windows NT 5.1)"
46.119.119.184 - - [11/Dec/2014:03:53:50 +0100] "GET / HTTP/1.1" 200 3274 "http://remont-comp-pomosh.ru/" "Mozilla/4.0 (compatible; MSIE 6.0; Windows NT 5.1)"
46.119.119.184 - - [11/Dec/2014:03:53:51 +0100] "GET / HTTP/1.1" 200 3274 "http://remont-comp-pomosh.ru/" "Mozilla/4.0 (compatible; MSIE 6.0; Windows NT 5.1)"
157.55.39.79 - - [11/Dec/2014:08:21:54 +0100] "GET / HTTP/1.1" 200 3274 "-" "Mozilla/5.0 (compatible; bingbot/2.0; +http://www.bing.com/bingbot.htm)"
199.30.25.130 - - [11/Dec/2014:08:21:57 +0100] "GET /css/bootstrap-responsive.min.css HTTP/1.1" 200 16520 "http://www.dialyse-falkensee.de/" "Mozilla/5.0 (Windows NT 6.1; WOW64) AppleWebKit/534+ (KHTML, like Gecko) BingPreview/1.0b"
199.30.25.130 - - [11/Dec/2014:08:21:57 +0100] "GET /css/bootstrap.min.css HTTP/1.1" 200 101265 "http://www.dialyse-falkensee.de/" "Mozilla/5.0 (Windows NT 6.1; WOW64) AppleWebKit/534+ (KHTML, like Gecko) BingPreview/1.0b"
199.30.25.130 - - [11/Dec/2014:08:21:58 +0100] "GET /js/bootstrap.min.js HTTP/1.1" 200 25764 "http://www.dialyse-falkensee.de/" "Mozilla/5.0 (Windows NT 6.1; WOW64) AppleWebKit/534+ (KHTML, like Gecko) BingPreview/1.0b"
146.48.126.211 - - [11/Dec/2014:08:28:11 +0100] "GET / HTTP/1.1" 200 3274 "-" "Mozilla/5.0 (X11; Linux x86_64; rv:24.0) Gecko/20100101 Firefox/24.0"
146.48.126.211 - - [11/Dec/2014:08:28:11 +0100] "GET /robots.txt HTTP/1.1" 404 1256 "-" "Mozilla/5.0 (X11; Linux x86_64; rv:24.0) Gecko/20100101 Firefox/24.0"
91.207.8.46 - - [11/Dec/2014:11:11:13 +0100] "GET / HTTP/1.1" 200 3274 "http://remont-komputerov-notebook.ru/" "Opera/9.0 (Windows NT 5.1; U; en)"
91.207.8.46 - - [11/Dec/2014:11:11:14 +0100] "GET / HTTP/1.1" 200 3274 "http://remont-komputerov-notebook.ru/" "Opera/9.0 (Windows NT 5.1; U; en)"
91.207.8.46 - - [11/Dec/2014:11:11:17 +0100] "GET / HTTP/1.1" 200 3274 "http://remont-komputerov-notebook.ru/" "Opera/9.0 (Windows NT 5.1; U; en)"
66.249.78.59 - - [11/Dec/2014:11:19:30 +0100] "GET /robots.txt HTTP/1.1" 404 1256 "-" "Mozilla/5.0 (compatible; Googlebot/2.1; +http://www.google.com/bot.html)"
66.249.78.59 - - [11/Dec/2014:11:19:30 +0100] "GET / HTTP/1.1" 200 3274 "-" "Mozilla/5.0 (iPhone; CPU iPhone OS 6_0 like Mac OS X) AppleWebKit/536.26 (KHTML, like Gecko) Version/6.0 Mobile/10A5376e Safari/8536.25 (compatible; Googlebot/2.1; +http://www.google.com/bot.html)"
82.193.99.33 - - [11/Dec/2014:11:46:16 +0100] "GET / HTTP/1.1" 200 3274 "http://xudeem-pravilno.ru/" "Mozilla/4.0 (compatible; MSIE 6.0; Windows NT 5.1; SV1; .NET CLR 1.1.4322; .NET CLR 2.0.50727)"
82.193.99.33 - - [11/Dec/2014:11:46:16 +0100] "GET / HTTP/1.1" 200 3274 "http://xudeem-pravilno.ru/" "Mozilla/4.0 (compatible; MSIE 6.0; Windows NT 5.1; SV1; .NET CLR 1.1.4322; .NET CLR 2.0.50727)"
82.193.99.33 - - [11/Dec/2014:11:46:17 +0100] "GET / HTTP/1.1" 200 3274 "http://xudeem-pravilno.ru/" "Mozilla/4.0 (compatible; MSIE 6.0; Windows NT 5.1; SV1; .NET CLR 1.1.4322; .NET CLR 2.0.50727)"
178.137.165.25 - - [11/Dec/2014:12:07:32 +0100] "GET / HTTP/1.1" 200 3274 "http://education-cz.ru/" "Mozilla/4.0 (compatible; MSIE 6.0; AOL 9.0; Windows NT 5.1)"
178.137.165.25 - - [11/Dec/2014:12:07:32 +0100] "GET / HTTP/1.1" 200 3274 "http://anti-radari.ru/" "Mozilla/4.0 (compatible; MSIE 6.0; AOL 9.0; Windows NT 5.1)"
178.137.165.25 - - [11/Dec/2014:12:07:32 +0100] "GET / HTTP/1.1" 200 3274 "http://education-cz.ru/" "Mozilla/4.0 (compatible; MSIE 6.0; AOL 9.0; Windows NT 5.1)"
178.137.165.25 - - [11/Dec/2014:12:07:32 +0100] "GET / HTTP/1.1" 200 3274 "http://anti-radari.ru/" "Mozilla/4.0 (compatible; MSIE 6.0; AOL 9.0; Windows NT 5.1)"
178.137.165.25 - - [11/Dec/2014:12:07:33 +0100] "GET / HTTP/1.1" 200 3274 "http://education-cz.ru/" "Mozilla/4.0 (compatible; MSIE 6.0; AOL 9.0; Windows NT 5.1)"
178.137.165.25 - - [11/Dec/2014:12:07:33 +0100] "GET / HTTP/1.1" 200 3274 "http://anti-radari.ru/" "Mozilla/4.0 (compatible; MSIE 6.0; AOL 9.0; Windows NT 5.1)"
46.119.119.184 - - [11/Dec/2014:12:07:35 +0100] "GET / HTTP/1.1" 200 3274 "http://www.a-parusa.ru/" "Mozilla/4.0 (compatible; MSIE 6.0; AOL 9.0; Windows NT 5.1)"
46.119.119.184 - - [11/Dec/2014:12:07:35 +0100] "GET / HTTP/1.1" 200 3274 "http://www.a-parusa.ru/" "Mozilla/4.0 (compatible; MSIE 6.0; AOL 9.0; Windows NT 5.1)"
46.119.119.184 - - [11/Dec/2014:12:07:35 +0100] "GET / HTTP/1.1" 200 3274 "http://www.a-parusa.ru/" "Mozilla/4.0 (compatible; MSIE 6.0; AOL 9.0; Windows NT 5.1)"
178.137.94.34 - - [11/Dec/2014:12:08:05 +0100] "GET / HTTP/1.1" 200 3274 "http://www.hdporno7.com/" "Mozilla/4.0 (compatible; MSIE 6.0; AOL 9.0; Windows NT 5.1)"
178.137.94.34 - - [11/Dec/2014:12:08:05 +0100] "GET / HTTP/1.1" 200 3274 "http://uiutdom.ru/" "Mozilla/4.0 (compatible; MSIE 6.0; AOL 9.0; Windows NT 5.1)"
178.137.94.34 - - [11/Dec/2014:12:08:06 +0100] "GET / HTTP/1.1" 200 3274 "http://www.hdporno7.com/" "Mozilla/4.0 (compatible; MSIE 6.0; AOL 9.0; Windows NT 5.1)"
178.137.94.34 - - [11/Dec/2014:12:08:06 +0100] "GET / HTTP/1.1" 200 3274 "http://retsepty.biz/" "Mozilla/4.0 (compatible; MSIE 6.0; AOL 9.0; Windows NT 5.1)"
178.137.94.34 - - [11/Dec/2014:12:08:06 +0100] "GET / HTTP/1.1" 200 3274 "http://www.hdporno7.com/" "Mozilla/4.0 (compatible; MSIE 6.0; AOL 9.0; Windows NT 5.1)"
178.137.94.34 - - [11/Dec/2014:12:08:06 +0100] "GET / HTTP/1.1" 200 3274 "http://retsepty.biz/" "Mozilla/4.0 (compatible; MSIE 6.0; AOL 9.0; Windows NT 5.1)"
178.137.94.34 - - [11/Dec/2014:12:08:06 +0100] "GET / HTTP/1.1" 200 3274 "http://retsepty.biz/" "Mozilla/4.0 (compatible; MSIE 6.0; AOL 9.0; Windows NT 5.1)"
178.137.94.34 - - [11/Dec/2014:12:08:07 +0100] "GET / HTTP/1.1" 200 3274 "http://uiutdom.ru/" "Mozilla/4.0 (compatible; MSIE 6.0; AOL 9.0; Windows NT 5.1)"
178.137.94.34 - - [11/Dec/2014:12:08:07 +0100] "GET / HTTP/1.1" 200 3274 "http://uiutdom.ru/" "Mozilla/4.0 (compatible; MSIE 6.0; AOL 9.0; Windows NT 5.1)"
54.165.81.194 - - [11/Dec/2014:14:29:35 +0100] "GET / HTTP/1.1" 200 3274 "-" "Mozilla/5.0 (compatible& Googlebot/2.1& +http://www.google.com/bot.html)"
66.249.78.52 - - [11/Dec/2014:14:46:45 +0100] "GET /css/bootstrap.min.css HTTP/1.1" 200 101265 "-" "Mozilla/5.0 (compatible; Googlebot/2.1; +http://www.google.com/bot.html)"
66.249.78.45 - - [11/Dec/2014:14:46:48 +0100] "GET /css/bootstrap-responsive.min.css HTTP/1.1" 200 16520 "-" "Mozilla/5.0 (compatible; Googlebot/2.1; +http://www.google.com/bot.html)"
157.55.39.79 - - [11/Dec/2014:16:50:08 +0100] "GET /robots.txt HTTP/1.1" 404 1256 "-" "Mozilla/5.0 (compatible; bingbot/2.0; +http://www.bing.com/bingbot.htm)"
157.55.39.79 - - [11/Dec/2014:16:57:41 +0100] "GET / HTTP/1.1" 200 3274 "-" "Mozilla/5.0 (compatible; bingbot/2.0; +http://www.bing.com/bingbot.htm)"
141.8.147.12 - - [11/Dec/2014:18:16:11 +0100] "GET /robots.txt HTTP/1.1" 404 1256 "-" "Mozilla/5.0 (compatible; YandexBot/3.0; +http://yandex.com/bots)"
85.25.210.189 - - [11/Dec/2014:18:54:06 +0100] "GET / HTTP/1.1" 200 3274 "-" "Python-urllib/2.7"
141.8.147.12 - - [11/Dec/2014:19:15:42 +0100] "GET / HTTP/1.1" 200 3274 "-" "Mozilla/5.0 (compatible; YandexBot/3.0; +http://yandex.com/bots)"
178.137.165.25 - - [11/Dec/2014:19:22:32 +0100] "GET / HTTP/1.1" 200 3274 "http://www.video12.ru/" "Mozilla/4.0 (compatible; MSIE 6.0; MSIE 5.5; Windows NT 5.0) Opera 7.02 Bork-edition [en]"
178.137.165.25 - - [11/Dec/2014:19:22:32 +0100] "GET / HTTP/1.1" 200 3274 "http://www.video12.ru/" "Mozilla/4.0 (compatible; MSIE 6.0; MSIE 5.5; Windows NT 5.0) Opera 7.02 Bork-edition [en]"
178.137.165.25 - - [11/Dec/2014:19:22:33 +0100] "GET / HTTP/1.1" 200 3274 "http://www.video12.ru/" "Mozilla/4.0 (compatible; MSIE 6.0; MSIE 5.5; Windows NT 5.0) Opera 7.02 Bork-edition [en]"
188.165.15.188 - - [11/Dec/2014:19:22:41 +0100] "GET /robots.txt HTTP/1.1" 404 1256 "-" "Mozilla/5.0 (compatible; AhrefsBot/5.0; +http://ahrefs.com/robot/)"
178.137.94.34 - - [11/Dec/2014:19:23:44 +0100] "GET / HTTP/1.1" 200 3274 "http://servisural.ru/" "Opera/7.11 (Windows NT 5.1; U) [en]"
178.137.94.34 - - [11/Dec/2014:19:23:44 +0100] "GET / HTTP/1.1" 200 3274 "http://servisural.ru/" "Opera/7.11 (Windows NT 5.1; U) [en]"
178.137.94.34 - - [11/Dec/2014:19:23:45 +0100] "GET / HTTP/1.1" 200 3274 "http://servisural.ru/" "Opera/7.11 (Windows NT 5.1; U) [en]"
182.118.45.213 - - [11/Dec/2014:22:21:49 +0100] "GET / HTTP/1.1" 200 3274 "http://www.dialyse-falkensee.de/" "Mozilla/5.0 (compatible; MSIE 9.0; Windows NT 6.1; Trident/5.0)"
182.118.53.144 - - [11/Dec/2014:22:21:51 +0100] "GET / HTTP/1.1" 200 3274 "-" "Mozilla/4.0 (compatible; MSIE 8.0; Windows NT 6.1; Trident/4.0; SLCC2; .NET CLR 2.0.50727; .NET CLR 3.5.30729; .NET CLR 3.0.30729; Media Center PC 6.0)"
182.118.53.144 - - [11/Dec/2014:22:21:52 +0100] "GET /css/bootstrap-responsive.min.css HTTP/1.1" 200 16520 "http://www.dialyse-falkensee.de/" "Mozilla/4.0 (compatible; MSIE 8.0; Windows NT 6.1; Trident/4.0; SLCC2; .NET CLR 2.0.50727; .NET CLR 3.5.30729; .NET CLR 3.0.30729; Media Center PC 6.0)"
182.118.53.144 - - [11/Dec/2014:22:21:52 +0100] "GET /js/bootstrap.min.js HTTP/1.1" 200 25764 "http://www.dialyse-falkensee.de/" "Mozilla/4.0 (compatible; MSIE 8.0; Windows NT 6.1; Trident/4.0; SLCC2; .NET CLR 2.0.50727; .NET CLR 3.5.30729; .NET CLR 3.0.30729; Media Center PC 6.0)"
182.118.53.144 - - [11/Dec/2014:22:21:52 +0100] "GET /css/bootstrap.min.css HTTP/1.1" 200 101265 "http://www.dialyse-falkensee.de/" "Mozilla/4.0 (compatible; MSIE 8.0; Windows NT 6.1; Trident/4.0; SLCC2; .NET CLR 2.0.50727; .NET CLR 3.5.30729; .NET CLR 3.0.30729; Media Center PC 6.0)"
208.115.113.83 - - [11/Dec/2014:23:25:22 +0100] "GET /robots.txt HTTP/1.1" 404 1256 "-" "Mozilla/5.0 (compatible; DotBot/1.1; http://www.opensiteexplorer.org/dotbot, help@moz.com)"
208.115.113.83 - - [12/Dec/2014:00:14:22 +0100] "GET /index.html HTTP/1.1" 200 3274 "-" "Mozilla/5.0 (compatible; DotBot/1.1; http://www.opensiteexplorer.org/dotbot, help@moz.com)"
180.153.236.181 - - [12/Dec/2014:02:26:40 +0100] "GET / HTTP/1.1" 200 3274 "http://www.dialyse-falkensee.de/" "Mozilla/5.0 (compatible; MSIE 9.0; Windows NT 6.1; Trident/5.0); 360Spider"
46.119.119.184 - - [12/Dec/2014:02:28:43 +0100] "GET / HTTP/1.1" 200 3274 "http://www.intim-art.ru/" "Mozilla/4.0 (compatible; MSIE 6.0; MSIE 5.5; Windows NT 5.0) Opera 7.02 Bork-edition [en]"
46.119.119.184 - - [12/Dec/2014:02:28:43 +0100] "GET / HTTP/1.1" 200 3274 "http://cvety24.by/" "Mozilla/4.0 (compatible; MSIE 6.0; MSIE 5.5; Windows NT 5.0) Opera 7.02 Bork-edition [en]"
46.119.119.184 - - [12/Dec/2014:02:28:43 +0100] "GET / HTTP/1.1" 200 3274 "http://www.intim-art.ru/" "Mozilla/4.0 (compatible; MSIE 6.0; MSIE 5.5; Windows NT 5.0) Opera 7.02 Bork-edition [en]"
46.119.119.184 - - [12/Dec/2014:02:28:43 +0100] "GET / HTTP/1.1" 200 3274 "http://cvety24.by/" "Mozilla/4.0 (compatible; MSIE 6.0; MSIE 5.5; Windows NT 5.0) Opera 7.02 Bork-edition [en]"
46.119.119.184 - - [12/Dec/2014:02:28:44 +0100] "GET / HTTP/1.1" 200 3274 "http://www.intim-art.ru/" "Mozilla/4.0 (compatible; MSIE 6.0; MSIE 5.5; Windows NT 5.0) Opera 7.02 Bork-edition [en]"
46.119.119.184 - - [12/Dec/2014:02:28:44 +0100] "GET / HTTP/1.1" 200 3274 "http://cvety24.by/" "Mozilla/4.0 (compatible; MSIE 6.0; MSIE 5.5; Windows NT 5.0) Opera 7.02 Bork-edition [en]"
218.30.103.135 - - [12/Dec/2014:07:19:09 +0100] "GET /js/bootstrap.min.js HTTP/1.1" 200 25764 "-" "Sogou web spider/4.0(+http://www.sogou.com/docs/help/webmasters.htm#07)"
218.30.103.135 - - [12/Dec/2014:07:27:26 +0100] "GET /robots.txt HTTP/1.1" 404 1256 "-" "Sogou web spider/4.0(+http://www.sogou.com/docs/help/webmasters.htm#07)"
195.242.218.133 - - [12/Dec/2014:09:38:16 +0100] "GET / HTTP/1.1" 200 3274 "http://brutforyou.blogspot.com/" "Opera/9.0 (Windows NT 5.1; U; en)"
195.242.218.133 - - [12/Dec/2014:09:38:18 +0100] "GET / HTTP/1.1" 200 3274 "http://brutforyou.blogspot.com/" "Opera/9.0 (Windows NT 5.1; U; en)"
195.242.218.133 - - [12/Dec/2014:09:38:19 +0100] "GET / HTTP/1.1" 200 3274 "http://brutforyou.blogspot.com/" "Opera/9.0 (Windows NT 5.1; U; en)"
91.13.44.86 - - [12/Dec/2014:10:24:23 +0100] "GET / HTTP/1.1" 200 3274 "-" "Mozilla/5.0 (Windows NT 6.1; WOW64) AppleWebKit/537.36 (KHTML, like Gecko) Chrome/36.0.1985.125 Safari/537.36"
91.13.44.86 - - [12/Dec/2014:10:24:23 +0100] "GET / HTTP/1.1" 200 3274 "-" "Mozilla/5.0 (Windows NT 6.1; WOW64) AppleWebKit/537.36 (KHTML, like Gecko) Chrome/36.0.1985.125 Safari/537.36"
91.13.44.86 - - [12/Dec/2014:10:24:23 +0100] "GET / HTTP/1.1" 200 3274 "-" "Java/1.7.0_25"
91.13.44.86 - - [12/Dec/2014:10:24:23 +0100] "GET / HTTP/1.1" 200 3274 "-" "Java/1.7.0_25"
91.13.44.86 - - [12/Dec/2014:10:24:23 +0100] "GET / HTTP/1.1" 200 3274 "-" "Mozilla/5.0 (Windows NT 6.1; WOW64) AppleWebKit/537.36 (KHTML, like Gecko) Chrome/36.0.1985.125 Safari/537.36"
91.13.44.86 - - [12/Dec/2014:10:24:23 +0100] "GET / HTTP/1.1" 200 3274 "-" "Mozilla/5.0 (Windows NT 6.1; WOW64) AppleWebKit/537.36 (KHTML, like Gecko) Chrome/36.0.1985.125 Safari/537.36"
91.13.44.86 - - [12/Dec/2014:10:24:23 +0100] "GET / HTTP/1.1" 200 3274 "-" "Mozilla/5.0 (Windows NT 6.1; WOW64) AppleWebKit/537.36 (KHTML, like Gecko) Chrome/36.0.1985.125 Safari/537.36"
91.13.44.86 - - [12/Dec/2014:10:24:23 +0100] "GET / HTTP/1.1" 200 3274 "-" "Mozilla/5.0 (Windows NT 6.1; WOW64) AppleWebKit/537.36 (KHTML, like Gecko) Chrome/36.0.1985.125 Safari/537.36"
134.249.76.28 - - [12/Dec/2014:10:44:20 +0100] "GET / HTTP/1.1" 200 3274 "http://csanty-online.ru/" "Mozilla/4.7 (compatible; OffByOne; Windows 2000) Webster Pro V3.4"
134.249.76.28 - - [12/Dec/2014:10:44:21 +0100] "GET / HTTP/1.1" 200 3274 "http://csanty-online.ru/" "Mozilla/4.7 (compatible; OffByOne; Windows 2000) Webster Pro V3.4"
134.249.76.28 - - [12/Dec/2014:10:44:21 +0100] "GET / HTTP/1.1" 200 3274 "http://csanty-online.ru/" "Mozilla/4.7 (compatible; OffByOne; Windows 2000) Webster Pro V3.4"
178.137.165.25 - - [12/Dec/2014:12:09:53 +0100] "GET / HTTP/1.1" 200 3274 "http://megabeaver.ru/" "Mozilla/4.0 (compatible; MSIE 6.0; Windows NT 5.1; SV1; YPC 3.0.2; .NET CLR 1.1.4322; yplus 4.4.02b)"
178.137.165.25 - - [12/Dec/2014:12:09:54 +0100] "GET / HTTP/1.1" 200 3274 "http://megabeaver.ru/" "Mozilla/4.0 (compatible; MSIE 6.0; Windows NT 5.1; SV1; YPC 3.0.2; .NET CLR 1.1.4322; yplus 4.4.02b)"
178.137.165.25 - - [12/Dec/2014:12:09:54 +0100] "GET / HTTP/1.1" 200 3274 "http://megabeaver.ru/" "Mozilla/4.0 (compatible; MSIE 6.0; Windows NT 5.1; SV1; YPC 3.0.2; .NET CLR 1.1.4322; yplus 4.4.02b)"
180.153.236.183 - - [12/Dec/2014:14:22:28 +0100] "GET / HTTP/1.1" 200 3274 "http://www.dialyse-falkensee.de/" "Mozilla/5.0 (compatible; MSIE 9.0; Windows NT 6.1; Trident/5.0); 360Spider"
182.118.60.62 - - [12/Dec/2014:14:22:58 +0100] "GET / HTTP/1.1" 200 3274 "-" "Mozilla/4.0 (compatible; MSIE 8.0; Windows NT 6.1; Trident/4.0; SLCC2; .NET CLR 2.0.50727; .NET CLR 3.5.30729; .NET CLR 3.0.30729; Media Center PC 6.0)"
182.118.60.62 - - [12/Dec/2014:14:22:59 +0100] "GET /css/bootstrap-responsive.min.css HTTP/1.1" 200 16520 "http://www.dialyse-falkensee.de/" "Mozilla/4.0 (compatible; MSIE 8.0; Windows NT 6.1; Trident/4.0; SLCC2; .NET CLR 2.0.50727; .NET CLR 3.5.30729; .NET CLR 3.0.30729; Media Center PC 6.0)"
182.118.60.62 - - [12/Dec/2014:14:22:59 +0100] "GET /js/bootstrap.min.js HTTP/1.1" 200 25764 "http://www.dialyse-falkensee.de/" "Mozilla/4.0 (compatible; MSIE 8.0; Windows NT 6.1; Trident/4.0; SLCC2; .NET CLR 2.0.50727; .NET CLR 3.5.30729; .NET CLR 3.0.30729; Media Center PC 6.0)"
182.118.60.62 - - [12/Dec/2014:14:22:59 +0100] "GET /css/bootstrap.min.css HTTP/1.1" 200 101265 "http://www.dialyse-falkensee.de/" "Mozilla/4.0 (compatible; MSIE 8.0; Windows NT 6.1; Trident/4.0; SLCC2; .NET CLR 2.0.50727; .NET CLR 3.5.30729; .NET CLR 3.0.30729; Media Center PC 6.0)"
222.239.162.7 - - [12/Dec/2014:14:27:02 +0100] "GET /robots.txt HTTP/1.1" 404 1256 "http://search.daum.net/" "Mozilla/5.0 (compatible; MSIE or Firefox mutant; not on Windows server; + http://tab.search.daum.net/aboutWebSearch.html) Daumoa/3.0"
222.239.162.7 - - [12/Dec/2014:14:27:04 +0100] "GET / HTTP/1.1" 200 3274 "http://search.daum.net/" "Mozilla/5.0 (compatible; MSIE or Firefox mutant; not on Windows server; + http://tab.search.daum.net/aboutWebSearch.html) Daumoa/3.0"
66.249.64.82 - - [12/Dec/2014:14:40:33 +0100] "GET /robots.txt HTTP/1.1" 404 1256 "-" "Mozilla/5.0 (compatible; Googlebot/2.1; +http://www.google.com/bot.html)"
66.249.78.45 - - [12/Dec/2014:14:40:34 +0100] "GET / HTTP/1.1" 200 3274 "-" "Mozilla/5.0 (iPhone; CPU iPhone OS 6_0 like Mac OS X) AppleWebKit/536.26 (KHTML, like Gecko) Version/6.0 Mobile/10A5376e Safari/8536.25 (compatible; Googlebot/2.1; +http://www.google.com/bot.html)"
157.55.39.79 - - [12/Dec/2014:16:17:29 +0100] "GET /robots.txt HTTP/1.1" 404 1256 "-" "Mozilla/5.0 (compatible; bingbot/2.0; +http://www.bing.com/bingbot.htm)"
157.55.39.79 - - [12/Dec/2014:16:17:36 +0100] "GET / HTTP/1.1" 200 3274 "-" "Mozilla/5.0 (compatible; bingbot/2.0; +http://www.bing.com/bingbot.htm)"
58.20.54.248 - - [12/Dec/2014:16:36:59 +0100] "GET / HTTP/1.1" 200 3274 "-" "Mozilla/5.0 (Windows NT 6.1; WOW64; rv:31.0) Gecko/20100101 Firefox/31.0"
46.119.119.184 - - [12/Dec/2014:17:07:31 +0100] "GET / HTTP/1.1" 200 3274 "http://jjbabskoe.ru/" "Mozilla/4.0 (compatible; MSIE 6.0; Windows NT 5.1; SV1; .NET CLR 1.1.4322)"
46.119.119.184 - - [12/Dec/2014:17:07:31 +0100] "GET / HTTP/1.1" 200 3274 "http://10-casino.net/" "Mozilla/4.0 (compatible; MSIE 6.0; Windows NT 5.1; SV1; .NET CLR 1.1.4322)"
46.119.119.184 - - [12/Dec/2014:17:07:31 +0100] "GET / HTTP/1.1" 200 3274 "http://windowsmax.net/" "Mozilla/4.0 (compatible; MSIE 6.0; Windows NT 5.1; SV1; .NET CLR 1.1.4322)"
46.119.119.184 - - [12/Dec/2014:17:07:32 +0100] "GET / HTTP/1.1" 200 3274 "http://10-casino.net/" "Mozilla/4.0 (compatible; MSIE 6.0; Windows NT 5.1; SV1; .NET CLR 1.1.4322)"
46.119.119.184 - - [12/Dec/2014:17:07:32 +0100] "GET / HTTP/1.1" 200 3274 "http://10-casino.net/" "Mozilla/4.0 (compatible; MSIE 6.0; Windows NT 5.1; SV1; .NET CLR 1.1.4322)"
46.119.119.184 - - [12/Dec/2014:17:07:32 +0100] "GET / HTTP/1.1" 200 3274 "http://jjbabskoe.ru/" "Mozilla/4.0 (compatible; MSIE 6.0; Windows NT 5.1; SV1; .NET CLR 1.1.4322)"
46.119.119.184 - - [12/Dec/2014:17:07:32 +0100] "GET / HTTP/1.1" 200 3274 "http://windowsmax.net/" "Mozilla/4.0 (compatible; MSIE 6.0; Windows NT 5.1; SV1; .NET CLR 1.1.4322)"
46.119.119.184 - - [12/Dec/2014:17:07:33 +0100] "GET / HTTP/1.1" 200 3274 "http://jjbabskoe.ru/" "Mozilla/4.0 (compatible; MSIE 6.0; Windows NT 5.1; SV1; .NET CLR 1.1.4322)"
46.119.119.184 - - [12/Dec/2014:17:07:33 +0100] "GET / HTTP/1.1" 200 3274 "http://windowsmax.net/" "Mozilla/4.0 (compatible; MSIE 6.0; Windows NT 5.1; SV1; .NET CLR 1.1.4322)"
178.137.94.34 - - [12/Dec/2014:17:07:33 +0100] "GET / HTTP/1.1" 200 3274 "http://internet-apteka.ru/" "Mozilla/4.0 (compatible; MSIE 6.0; Windows NT 5.2; Win64; AMD64)"
178.137.94.34 - - [12/Dec/2014:17:07:33 +0100] "GET / HTTP/1.1" 200 3274 "http://jimbo.by/" "Mozilla/4.0 (compatible; MSIE 6.0; Windows NT 5.2; Win64; AMD64)"
178.137.94.34 - - [12/Dec/2014:17:07:33 +0100] "GET / HTTP/1.1" 200 3274 "http://internet-apteka.ru/" "Mozilla/4.0 (compatible; MSIE 6.0; Windows NT 5.2; Win64; AMD64)"
178.137.94.34 - - [12/Dec/2014:17:07:34 +0100] "GET / HTTP/1.1" 200 3274 "http://jimbo.by/" "Mozilla/4.0 (compatible; MSIE 6.0; Windows NT 5.2; Win64; AMD64)"
178.137.94.34 - - [12/Dec/2014:17:07:34 +0100] "GET / HTTP/1.1" 200 3274 "http://internet-apteka.ru/" "Mozilla/4.0 (compatible; MSIE 6.0; Windows NT 5.2; Win64; AMD64)"
178.137.94.34 - - [12/Dec/2014:17:07:34 +0100] "GET / HTTP/1.1" 200 3274 "http://jimbo.by/" "Mozilla/4.0 (compatible; MSIE 6.0; Windows NT 5.2; Win64; AMD64)"
46.119.119.184 - - [12/Dec/2014:19:54:04 +0100] "GET / HTTP/1.1" 200 3274 "http://zakreativ.ru/" "Mozilla/4.0 (compatible; MSIE 6.0; Windows NT 5.1; Maxthon; .NET CLR 1.1.4322)"
46.119.119.184 - - [12/Dec/2014:19:54:05 +0100] "GET / HTTP/1.1" 200 3274 "http://zakreativ.ru/" "Mozilla/4.0 (compatible; MSIE 6.0; Windows NT 5.1; Maxthon; .NET CLR 1.1.4322)"
46.119.119.184 - - [12/Dec/2014:19:54:05 +0100] "GET / HTTP/1.1" 200 3274 "http://zakreativ.ru/" "Mozilla/4.0 (compatible; MSIE 6.0; Windows NT 5.1; Maxthon; .NET CLR 1.1.4322)"
91.207.8.46 - - [12/Dec/2014:21:54:42 +0100] "GET / HTTP/1.1" 200 3274 "http://dosug-lux.ru/" "Mozilla/4.0 (compatible; MSIE 6.0; AOL 9.0; Windows NT 5.1)"
91.207.8.46 - - [12/Dec/2014:21:54:43 +0100] "GET / HTTP/1.1" 200 3274 "http://dosug-lux.ru/" "Mozilla/4.0 (compatible; MSIE 6.0; AOL 9.0; Windows NT 5.1)"
91.207.8.46 - - [12/Dec/2014:21:54:43 +0100] "GET / HTTP/1.1" 200 3274 "http://dosug-lux.ru/" "Mozilla/4.0 (compatible; MSIE 6.0; AOL 9.0; Windows NT 5.1)"
213.110.133.221 - - [13/Dec/2014:00:20:01 +0100] "GET / HTTP/1.1" 200 3274 "http://www.artparquet.ru/" "Mozilla/4.0 (compatible; Blog Search;)"
213.110.133.221 - - [13/Dec/2014:00:20:01 +0100] "GET / HTTP/1.1" 200 3274 "http://www.artparquet.ru/" "Mozilla/4.0 (compatible; Blog Search;)"
213.110.133.221 - - [13/Dec/2014:00:20:02 +0100] "GET / HTTP/1.1" 200 3274 "http://www.artparquet.ru/" "Mozilla/4.0 (compatible; Blog Search;)"
178.137.165.25 - - [13/Dec/2014:01:34:23 +0100] "GET / HTTP/1.1" 200 3274 "http://instalegs.com/" "Mozilla/4.0 (compatible; MSIE 6.0; Windows NT 5.1; .NET CLR 1.1.4322)"
178.137.165.25 - - [13/Dec/2014:01:34:23 +0100] "GET / HTTP/1.1" 200 3274 "http://instalegs.com/" "Mozilla/4.0 (compatible; MSIE 6.0; Windows NT 5.1; .NET CLR 1.1.4322)"
178.137.165.25 - - [13/Dec/2014:01:34:23 +0100] "GET / HTTP/1.1" 200 3274 "http://instalegs.com/" "Mozilla/4.0 (compatible; MSIE 6.0; Windows NT 5.1; .NET CLR 1.1.4322)"
87.145.214.236 - - [13/Dec/2014:03:50:14 +0100] "GET / HTTP/1.1" 200 3274 "http://www.bigfinder.de/?c=ws&q=online&v=1" "Mozilla/5.0 (Windows; U; Windows NT 5.1; de; rv:1.9.0.12) Gecko/2009070611 Firefox/3.0.12 GTB7.1 (.NET CLR 3.5.30729)"
81.161.59.17 - - [13/Dec/2014:04:22:19 +0100] "GET / HTTP/1.1" 200 3274 "-" "Mozilla/5.0 (Windows NT 6.2) AppleWebKit/536.6 (KHTML, like Gecko) Chrome/20.0.1090.0 Safari/536.6"
109.120.157.179 - - [13/Dec/2014:06:17:02 +0100] "GET / HTTP/1.1" 200 3274 "http://doska-vsem.ru/" "Mozilla/5.0 (compatible; Add Catalog/2.1;)"
109.120.157.179 - - [13/Dec/2014:06:17:02 +0100] "GET / HTTP/1.1" 200 3274 "http://doska-vsem.ru/" "Mozilla/5.0 (compatible; Add Catalog/2.1;)"
109.120.157.179 - - [13/Dec/2014:06:17:03 +0100] "GET / HTTP/1.1" 200 3274 "http://doska-vsem.ru/" "Mozilla/5.0 (compatible; Add Catalog/2.1;)"
178.137.94.34 - - [13/Dec/2014:07:37:59 +0100] "GET / HTTP/1.1" 200 3274 "http://servisural.ru/" "Mozilla/4.0 (compatible; MSIE 6.0; Windows NT 5.1; FREE; .NET CLR 1.1.4322)"
178.137.94.34 - - [13/Dec/2014:07:37:59 +0100] "GET / HTTP/1.1" 200 3274 "http://servisural.ru/" "Mozilla/4.0 (compatible; MSIE 6.0; Windows NT 5.1; FREE; .NET CLR 1.1.4322)"
178.137.94.34 - - [13/Dec/2014:07:38:00 +0100] "GET / HTTP/1.1" 200 3274 "http://servisural.ru/" "Mozilla/4.0 (compatible; MSIE 6.0; Windows NT 5.1; FREE; .NET CLR 1.1.4322)"
91.207.8.46 - - [13/Dec/2014:09:02:06 +0100] "GET / HTTP/1.1" 200 3274 "http://ogli.org/erotika/" "Mozilla/4.0 (compatible; MSIE 6.0; Windows NT 5.1) Netscape/8.0.4"
91.207.8.46 - - [13/Dec/2014:09:02:06 +0100] "GET / HTTP/1.1" 200 3274 "http://ogli.org/erotika/" "Mozilla/4.0 (compatible; MSIE 6.0; Windows NT 5.1) Netscape/8.0.4"
91.207.8.46 - - [13/Dec/2014:09:02:07 +0100] "GET / HTTP/1.1" 200 3274 "http://ogli.org/erotika/" "Mozilla/4.0 (compatible; MSIE 6.0; Windows NT 5.1) Netscape/8.0.4"
82.193.99.33 - - [13/Dec/2014:12:30:51 +0100] "GET / HTTP/1.1" 200 3274 "http://audi.7zap.com/" "Mozilla/4.0 (compatible; MSIE 6.0; Windows NT 5.1; SV1; FunWebProducts; MRA 4.6 (build 01425); .NET CLR 1.1.4322; .NET CLR 2.0.50727)"
82.193.99.33 - - [13/Dec/2014:12:30:52 +0100] "GET / HTTP/1.1" 200 3274 "http://audi.7zap.com/" "Mozilla/4.0 (compatible; MSIE 6.0; Windows NT 5.1; SV1; FunWebProducts; MRA 4.6 (build 01425); .NET CLR 1.1.4322; .NET CLR 2.0.50727)"
82.193.99.33 - - [13/Dec/2014:12:30:52 +0100] "GET / HTTP/1.1" 200 3274 "http://audi.7zap.com/" "Mozilla/4.0 (compatible; MSIE 6.0; Windows NT 5.1; SV1; FunWebProducts; MRA 4.6 (build 01425); .NET CLR 1.1.4322; .NET CLR 2.0.50727)"
66.249.64.78 - - [13/Dec/2014:15:30:05 +0100] "GET /robots.txt HTTP/1.1" 404 1256 "-" "Mozilla/5.0 (compatible; Googlebot/2.1; +http://www.google.com/bot.html)"
66.249.78.59 - - [13/Dec/2014:15:30:05 +0100] "GET /index.html HTTP/1.1" 200 3274 "-" "Mozilla/5.0 (compatible; Googlebot/2.1; +http://www.google.com/bot.html)"
199.192.207.146 - - [13/Dec/2014:15:39:33 +0100] "GET /robots.txt HTTP/1.0" 404 1256 "-" "Mozilla/5.0 (compatible; MJ12bot/v1.4.5; http://www.majestic12.co.uk/bot.php?+)"
199.192.207.146 - - [13/Dec/2014:15:39:34 +0100] "GET / HTTP/1.0" 200 3274 "-" "Mozilla/5.0 (compatible; MJ12bot/v1.4.5; http://www.majestic12.co.uk/bot.php?+)"
141.8.147.12 - - [13/Dec/2014:16:38:43 +0100] "GET /robots.txt HTTP/1.1" 404 1256 "-" "Mozilla/5.0 (compatible; YandexBot/3.0; +http://yandex.com/bots)"
157.55.39.79 - - [13/Dec/2014:17:29:57 +0100] "GET / HTTP/1.1" 200 3274 "-" "Mozilla/5.0 (compatible; bingbot/2.0; +http://www.bing.com/bingbot.htm)"
178.137.94.34 - - [13/Dec/2014:17:40:05 +0100] "GET / HTTP/1.1" 200 3274 "http://fin48.ru/" "Mozilla/4.0 (compatible; MSIE 6.0; Windows NT 5.2; WOW64; SV1; .NET CLR 2.0.50727)"
178.137.94.34 - - [13/Dec/2014:17:40:06 +0100] "GET / HTTP/1.1" 200 3274 "http://fin48.ru/" "Mozilla/4.0 (compatible; MSIE 6.0; Windows NT 5.2; WOW64; SV1; .NET CLR 2.0.50727)"
178.137.94.34 - - [13/Dec/2014:17:40:07 +0100] "GET / HTTP/1.1" 200 3274 "http://fin48.ru/" "Mozilla/4.0 (compatible; MSIE 6.0; Windows NT 5.2; WOW64; SV1; .NET CLR 2.0.50727)"
178.137.165.25 - - [13/Dec/2014:19:08:36 +0100] "GET / HTTP/1.1" 200 3274 "http://best-vps.ru/" "Mozilla/4.0 (compatible; MSIE 6.0; Windows NT 5.1) Netscape/8.0.4"
178.137.165.25 - - [13/Dec/2014:19:08:36 +0100] "GET / HTTP/1.1" 200 3274 "http://education-cz.ru/" "Mozilla/4.0 (compatible; MSIE 6.0; Windows 98; Win 9x 4.90; Creative)"
178.137.165.25 - - [13/Dec/2014:19:08:37 +0100] "GET / HTTP/1.1" 200 3274 "http://education-cz.ru/" "Mozilla/4.0 (compatible; MSIE 6.0; Windows 98; Win 9x 4.90; Creative)"
178.137.165.25 - - [13/Dec/2014:19:08:37 +0100] "GET / HTTP/1.1" 200 3274 "http://best-vps.ru/" "Mozilla/4.0 (compatible; MSIE 6.0; Windows NT 5.1) Netscape/8.0.4"
178.137.165.25 - - [13/Dec/2014:19:08:37 +0100] "GET / HTTP/1.1" 200 3274 "http://education-cz.ru/" "Mozilla/4.0 (compatible; MSIE 6.0; Windows 98; Win 9x 4.90; Creative)"
178.137.165.25 - - [13/Dec/2014:19:08:37 +0100] "GET / HTTP/1.1" 200 3274 "http://best-vps.ru/" "Mozilla/4.0 (compatible; MSIE 6.0; Windows NT 5.1) Netscape/8.0.4"
141.8.147.12 - - [13/Dec/2014:20:04:32 +0100] "GET / HTTP/1.1" 200 3274 "-" "Mozilla/5.0 (compatible; YandexBot/3.0; +http://yandex.com/bots)"
37.139.52.23 - - [13/Dec/2014:21:25:31 +0100] "GET / HTTP/1.1" 200 3274 "http://cookingmeat.ru/" "Mozilla/4.0 (compatible; MSIE 5.0; Windows 3.1)"
37.139.52.23 - - [13/Dec/2014:21:25:31 +0100] "GET / HTTP/1.1" 200 3274 "http://cookingmeat.ru/" "Mozilla/4.0 (compatible; MSIE 5.0; Windows 3.1)"
37.139.52.23 - - [13/Dec/2014:21:25:32 +0100] "GET / HTTP/1.1" 200 3274 "http://cookingmeat.ru/" "Mozilla/4.0 (compatible; MSIE 5.0; Windows 3.1)"
178.137.165.25 - - [14/Dec/2014:02:42:18 +0100] "GET / HTTP/1.1" 200 3274 "http://anti-radari.ru/" "Mozilla/4.0 (compatible; MSIE 6.0; AOL 9.0; Windows NT 5.1)"
178.137.165.25 - - [14/Dec/2014:02:42:20 +0100] "GET / HTTP/1.1" 200 3274 "http://anti-radari.ru/" "Mozilla/4.0 (compatible; MSIE 6.0; AOL 9.0; Windows NT 5.1)"
66.249.78.45 - - [14/Dec/2014:04:38:50 +0100] "GET /robots.txt HTTP/1.1" 404 1256 "-" "Mozilla/5.0 (compatible; Googlebot/2.1; +http://www.google.com/bot.html)"
66.249.78.52 - - [14/Dec/2014:04:38:50 +0100] "GET / HTTP/1.1" 200 3274 "-" "Mozilla/5.0 (compatible; Googlebot/2.1; +http://www.google.com/bot.html)"
134.249.76.28 - - [14/Dec/2014:07:23:25 +0100] "GET / HTTP/1.1" 200 3274 "http://www.tehngr.ru/" "Opera/9.00 (Windows NT 4.0; U; en)"
134.249.76.28 - - [14/Dec/2014:07:23:25 +0100] "GET / HTTP/1.1" 200 3274 "http://www.tehngr.ru/" "Opera/9.00 (Windows NT 4.0; U; en)"
134.249.76.28 - - [14/Dec/2014:07:23:25 +0100] "GET / HTTP/1.1" 200 3274 "http://www.tehngr.ru/" "Opera/9.00 (Windows NT 4.0; U; en)"
66.249.78.45 - - [14/Dec/2014:07:55:58 +0100] "GET / HTTP/1.1" 200 3274 "-" "Mozilla/5.0 (compatible; Googlebot/2.1; +http://www.google.com/bot.html)"
85.25.210.189 - - [14/Dec/2014:08:08:00 +0100] "GET / HTTP/1.1" 200 3274 "-" "Python-urllib/2.7"
178.137.94.34 - - [14/Dec/2014:08:56:50 +0100] "GET / HTTP/1.1" 200 3274 "http://infoprosto.com/" "Mozilla/4.0 (compatible; MSIE 6.0; Windows NT 5.0; .NET CLR 1.0.3705; .NET CLR 1.1.4322)"
178.137.94.34 - - [14/Dec/2014:08:56:50 +0100] "GET / HTTP/1.1" 200 3274 "http://ridder.asia/" "Mozilla/4.0 (compatible; MSIE 6.0; Windows NT 5.1; FREE; .NET CLR 1.1.4322)"
178.137.94.34 - - [14/Dec/2014:08:56:51 +0100] "GET / HTTP/1.1" 200 3274 "http://infoprosto.com/" "Mozilla/4.0 (compatible; MSIE 6.0; Windows NT 5.0; .NET CLR 1.0.3705; .NET CLR 1.1.4322)"
178.137.94.34 - - [14/Dec/2014:08:56:51 +0100] "GET / HTTP/1.1" 200 3274 "http://ridder.asia/" "Mozilla/4.0 (compatible; MSIE 6.0; Windows NT 5.1; FREE; .NET CLR 1.1.4322)"
178.137.94.34 - - [14/Dec/2014:08:56:51 +0100] "GET / HTTP/1.1" 200 3274 "http://infoprosto.com/" "Mozilla/4.0 (compatible; MSIE 6.0; Windows NT 5.0; .NET CLR 1.0.3705; .NET CLR 1.1.4322)"
178.137.94.34 - - [14/Dec/2014:08:56:51 +0100] "GET / HTTP/1.1" 200 3274 "http://ridder.asia/" "Mozilla/4.0 (compatible; MSIE 6.0; Windows NT 5.1; FREE; .NET CLR 1.1.4322)"
87.138.73.2 - - [14/Dec/2014:09:30:36 +0100] "HEAD / HTTP/1.1" 200 - "-" "Xenu Link Sleuth/1.3.8"
66.249.78.59 - - [14/Dec/2014:10:53:41 +0100] "GET / HTTP/1.1" 200 3274 "-" "Mozilla/5.0 (compatible; Googlebot/2.1; +http://www.google.com/bot.html)"
46.119.119.184 - - [14/Dec/2014:11:01:34 +0100] "GET / HTTP/1.1" 200 3274 "http://www.burenieburenie.ru/" "Mozilla/4.0 (compatible; MSIE 6.0; Windows NT 5.1; SV1; .NET CLR 1.1.4322; XMPP Tiscali Communicator v.10.0.2; .NET CLR 2.0.50727)"
46.119.119.184 - - [14/Dec/2014:11:01:34 +0100] "GET / HTTP/1.1" 200 3274 "http://w7s.ru/" "Mozilla/4.0 (compatible; MSIE 6.0; Windows NT 5.1; SV1; .NET CLR 1.1.4322; XMPP Tiscali Communicator v.10.0.2; .NET CLR 2.0.50727)"
46.119.119.184 - - [14/Dec/2014:11:01:34 +0100] "GET / HTTP/1.1" 200 3274 "http://pro-vk.info/" "Mozilla/4.0 (compatible; MSIE 6.0; Windows NT 5.1; SV1; .NET CLR 1.1.4322; XMPP Tiscali Communicator v.10.0.2; .NET CLR 2.0.50727)"
46.119.119.184 - - [14/Dec/2014:11:01:35 +0100] "GET / HTTP/1.1" 200 3274 "http://pro-vk.info/" "Mozilla/4.0 (compatible; MSIE 6.0; Windows NT 5.1; SV1; .NET CLR 1.1.4322; XMPP Tiscali Communicator v.10.0.2; .NET CLR 2.0.50727)"
46.119.119.184 - - [14/Dec/2014:11:01:35 +0100] "GET / HTTP/1.1" 200 3274 "http://www.burenieburenie.ru/" "Mozilla/4.0 (compatible; MSIE 6.0; Windows NT 5.1; SV1; .NET CLR 1.1.4322; XMPP Tiscali Communicator v.10.0.2; .NET CLR 2.0.50727)"
46.119.119.184 - - [14/Dec/2014:11:01:35 +0100] "GET / HTTP/1.1" 200 3274 "http://w7s.ru/" "Mozilla/4.0 (compatible; MSIE 6.0; Windows NT 5.1; SV1; .NET CLR 1.1.4322; XMPP Tiscali Communicator v.10.0.2; .NET CLR 2.0.50727)"
46.119.119.184 - - [14/Dec/2014:11:01:35 +0100] "GET / HTTP/1.1" 200 3274 "http://pro-vk.info/" "Mozilla/4.0 (compatible; MSIE 6.0; Windows NT 5.1; SV1; .NET CLR 1.1.4322; XMPP Tiscali Communicator v.10.0.2; .NET CLR 2.0.50727)"
46.119.119.184 - - [14/Dec/2014:11:01:35 +0100] "GET / HTTP/1.1" 200 3274 "http://w7s.ru/" "Mozilla/4.0 (compatible; MSIE 6.0; Windows NT 5.1; SV1; .NET CLR 1.1.4322; XMPP Tiscali Communicator v.10.0.2; .NET CLR 2.0.50727)"
46.119.119.184 - - [14/Dec/2014:11:01:35 +0100] "GET / HTTP/1.1" 200 3274 "http://www.burenieburenie.ru/" "Mozilla/4.0 (compatible; MSIE 6.0; Windows NT 5.1; SV1; .NET CLR 1.1.4322; XMPP Tiscali Communicator v.10.0.2; .NET CLR 2.0.50727)"
157.55.39.79 - - [14/Dec/2014:13:46:07 +0100] "GET / HTTP/1.1" 200 3274 "-" "Mozilla/5.0 (compatible; bingbot/2.0; +http://www.bing.com/bingbot.htm)"
157.55.39.243 - - [14/Dec/2014:13:46:12 +0100] "GET /robots.txt HTTP/1.1" 404 1256 "-" "Mozilla/5.0 (compatible; bingbot/2.0; +http://www.bing.com/bingbot.htm)"
157.55.39.243 - - [14/Dec/2014:13:46:13 +0100] "GET /robots.txt HTTP/1.1" 404 1256 "-" "Mozilla/5.0 (compatible; bingbot/2.0; +http://www.bing.com/bingbot.htm)"
157.55.39.243 - - [14/Dec/2014:13:46:13 +0100] "GET /robots.txt HTTP/1.1" 404 1256 "-" "Mozilla/5.0 (compatible; bingbot/2.0; +http://www.bing.com/bingbot.htm)"
157.55.39.244 - - [14/Dec/2014:13:46:17 +0100] "GET /css/bootstrap.min.css HTTP/1.1" 200 101265 "-" "Mozilla/5.0 (compatible; bingbot/2.0; +http://www.bing.com/bingbot.htm)"
157.55.39.79 - - [14/Dec/2014:13:46:22 +0100] "GET /css/bootstrap-responsive.min.css HTTP/1.1" 200 16520 "-" "Mozilla/5.0 (compatible; bingbot/2.0; +http://www.bing.com/bingbot.htm)"
157.55.39.15 - - [14/Dec/2014:13:47:20 +0100] "GET /robots.txt HTTP/1.1" 404 1256 "-" "Mozilla/5.0 (compatible; bingbot/2.0; +http://www.bing.com/bingbot.htm)"
157.55.39.13 - - [14/Dec/2014:14:54:47 +0100] "GET /js/bootstrap.min.js HTTP/1.1" 200 25764 "-" "Mozilla/5.0 (compatible; bingbot/2.0; +http://www.bing.com/bingbot.htm)"
199.19.249.196 - - [14/Dec/2014:16:08:19 +0100] "GET / HTTP/1.1" 200 3274 "-" "Mozilla/4.0 (compatible; MSIE 7.0; Windows NT 5.1; InfoPath.1; .NET CLR 2.0.50727; .NET CLR 1.1.4322; MS-RTC LM 8; .NET CLR 3.0.4506.2152; .NET CLR 3.5.30729)"
193.41.37.3 - - [14/Dec/2014:16:08:19 +0100] "GET / HTTP/1.1" 200 3274 "http://www.google.de/url?url=http://www.dialyse-falkensee.de/&rct=j&frm=1&q=&esrc=s&sa=U&ei=z6aNVMX_EMitUbT-gfAE&ved=0CBQQFjAA&usg=AFQjCNEJ18hZ8J31ZmV2vO6l4Tv3tia5lg" "Mozilla/4.0 (compatible; MSIE 8.0; Windows NT 6.1; Trident/4.0; SLCC2; .NET CLR 2.0.50727; .NET CLR 3.5.30729; .NET CLR 3.0.30729; Media Center PC 6.0; .NET4.0C; .NET4.0E; InfoPath.3)"
193.41.37.3 - - [14/Dec/2014:16:08:19 +0100] "GET /css/bootstrap-responsive.min.css HTTP/1.1" 200 16520 "http://www.dialyse-falkensee.de/" "Mozilla/4.0 (compatible; MSIE 8.0; Windows NT 6.1; Trident/4.0; SLCC2; .NET CLR 2.0.50727; .NET CLR 3.5.30729; .NET CLR 3.0.30729; Media Center PC 6.0; .NET4.0C; .NET4.0E; InfoPath.3)"
193.41.37.3 - - [14/Dec/2014:16:08:19 +0100] "GET /ico/favicon.ico HTTP/1.1" 404 1256 "http://www.dialyse-falkensee.de/" "Mozilla/4.0 (compatible; MSIE 8.0; Windows NT 6.1; Trident/4.0; SLCC2; .NET CLR 2.0.50727; .NET CLR 3.5.30729; .NET CLR 3.0.30729; Media Center PC 6.0; .NET4.0C; .NET4.0E; InfoPath.3)"
193.41.37.3 - - [14/Dec/2014:16:08:19 +0100] "GET /js/bootstrap.min.js HTTP/1.1" 200 25764 "http://www.dialyse-falkensee.de/" "Mozilla/4.0 (compatible; MSIE 8.0; Windows NT 6.1; Trident/4.0; SLCC2; .NET CLR 2.0.50727; .NET CLR 3.5.30729; .NET CLR 3.0.30729; Media Center PC 6.0; .NET4.0C; .NET4.0E; InfoPath.3)"
193.41.37.3 - - [14/Dec/2014:16:08:19 +0100] "GET /css/bootstrap.min.css HTTP/1.1" 200 101265 "http://www.dialyse-falkensee.de/" "Mozilla/4.0 (compatible; MSIE 8.0; Windows NT 6.1; Trident/4.0; SLCC2; .NET CLR 2.0.50727; .NET CLR 3.5.30729; .NET CLR 3.0.30729; Media Center PC 6.0; .NET4.0C; .NET4.0E; InfoPath.3)"
193.41.37.3 - - [14/Dec/2014:16:08:21 +0100] "GET /img/glyphicons-halflings.png HTTP/1.1" 200 12799 "http://www.dialyse-falkensee.de/" "Mozilla/4.0 (compatible; MSIE 8.0; Windows NT 6.1; Trident/4.0; SLCC2; .NET CLR 2.0.50727; .NET CLR 3.5.30729; .NET CLR 3.0.30729; Media Center PC 6.0; .NET4.0C; .NET4.0E; InfoPath.3)"
193.41.37.3 - - [14/Dec/2014:16:08:21 +0100] "GET /ico/favicon.ico HTTP/1.1" 404 1256 "-" "Mozilla/4.0 (compatible; MSIE 8.0; Windows NT 6.1; Trident/4.0; SLCC2; .NET CLR 2.0.50727; .NET CLR 3.5.30729; .NET CLR 3.0.30729; Media Center PC 6.0; .NET4.0C; .NET4.0E; InfoPath.3)"
178.137.165.25 - - [14/Dec/2014:16:21:13 +0100] "GET / HTTP/1.1" 200 3274 "http://game-score.ru/rating/" "Mozilla/4.0 (compatible; MSIE 6.0; Windows NT 5.1; Deepnet Explorer 1.5.0; .NET CLR 1.0.3705)"
178.137.165.25 - - [14/Dec/2014:16:21:13 +0100] "GET / HTTP/1.1" 200 3274 "http://game-score.ru/rating/" "Mozilla/4.0 (compatible; MSIE 6.0; Windows NT 5.1; Deepnet Explorer 1.5.0; .NET CLR 1.0.3705)"
178.137.165.25 - - [14/Dec/2014:16:21:14 +0100] "GET / HTTP/1.1" 200 3274 "http://game-score.ru/rating/" "Mozilla/4.0 (compatible; MSIE 6.0; Windows NT 5.1; Deepnet Explorer 1.5.0; .NET CLR 1.0.3705)"
218.30.103.135 - - [14/Dec/2014:17:11:34 +0100] "GET /js/bootstrap.min.js HTTP/1.1" 200 25764 "-" "Sogou web spider/4.0(+http://www.sogou.com/docs/help/webmasters.htm#07)"
218.30.103.135 - - [14/Dec/2014:17:17:30 +0100] "GET /robots.txt HTTP/1.1" 404 1256 "-" "Sogou web spider/4.0(+http://www.sogou.com/docs/help/webmasters.htm#07)"
66.249.78.52 - - [14/Dec/2014:18:13:25 +0100] "GET /robots.txt HTTP/1.1" 404 1256 "-" "Mozilla/5.0 (compatible; Googlebot/2.1; +http://www.google.com/bot.html)"
