87.160.160.170 - - [05/Dec/2014:16:22:15 +0100] "GET /css/bootstrap.min.css HTTP/1.1" 200 101265 "http://www.dialyse-falkensee.de/" "Mozilla/5.0 (X11; Ubuntu; Linux i686; rv:16.0) Gecko/20100101 Firefox/16.0"
87.160.160.170 - - [05/Dec/2014:16:22:15 +0100] "GET /ico/favicon.ico HTTP/1.1" 404 1256 "-" "Mozilla/5.0 (X11; Ubuntu; Linux i686; rv:16.0) Gecko/20100101 Firefox/16.0"
87.160.160.170 - - [05/Dec/2014:16:22:16 +0100] "GET /ico/favicon.ico HTTP/1.1" 404 1256 "-" "Mozilla/5.0 (X11; Ubuntu; Linux i686; rv:16.0) Gecko/20100101 Firefox/16.0"
178.137.128.163 - - [05/Dec/2014:16:30:17 +0100] "GET / HTTP/1.1" 200 3274 "http://music.utrolive.ru/news.php?readmore=344" "Mozilla/4.0 (compatible; MSIE 6.0; Windows NT 5.0; Avant Browser [avantbrowser.com]; Hotbar 4.4.5.0)"
178.137.128.163 - - [05/Dec/2014:16:30:18 +0100] "GET / HTTP/1.1" 200 3274 "http://music.utrolive.ru/news.php?readmore=344" "Mozilla/4.0 (compatible; MSIE 6.0; Windows NT 5.0; Avant Browser [avantbrowser.com]; Hotbar 4.4.5.0)"
178.137.128.163 - - [05/Dec/2014:16:30:18 +0100] "GET / HTTP/1.1" 200 3274 "http://music.utrolive.ru/news.php?readmore=344" "Mozilla/4.0 (compatible; MSIE 6.0; Windows NT 5.0; Avant Browser [avantbrowser.com]; Hotbar 4.4.5.0)"
80.153.187.140 - - [05/Dec/2014:17:02:07 +0100] "GET / HTTP/1.1" 200 3274 "https://www.google.de/" "Mozilla/5.0 (iPhone; CPU iPhone OS 8_1_1 like Mac OS X) AppleWebKit/600.1.4 (KHTML, like Gecko) Version/8.0 Mobile/12B435 Safari/600.1.4"
80.153.187.140 - - [05/Dec/2014:17:02:08 +0100] "GET /css/bootstrap-responsive.min.css HTTP/1.1" 200 16520 "http://www.dialyse-falkensee.de/" "Mozilla/5.0 (iPhone; CPU iPhone OS 8_1_1 like Mac OS X) AppleWebKit/600.1.4 (KHTML, like Gecko) Version/8.0 Mobile/12B435 Safari/600.1.4"
80.153.187.140 - - [05/Dec/2014:17:02:08 +0100] "GET /js/bootstrap.min.js HTTP/1.1" 200 25764 "http://www.dialyse-falkensee.de/" "Mozilla/5.0 (iPhone; CPU iPhone OS 8_1_1 like Mac OS X) AppleWebKit/600.1.4 (KHTML, like Gecko) Version/8.0 Mobile/12B435 Safari/600.1.4"
80.153.187.140 - - [05/Dec/2014:17:02:07 +0100] "GET /css/bootstrap.min.css HTTP/1.1" 200 101265 "http://www.dialyse-falkensee.de/" "Mozilla/5.0 (iPhone; CPU iPhone OS 8_1_1 like Mac OS X) AppleWebKit/600.1.4 (KHTML, like Gecko) Version/8.0 Mobile/12B435 Safari/600.1.4"
80.153.187.140 - - [05/Dec/2014:17:02:08 +0100] "GET /img/glyphicons-halflings.png HTTP/1.1" 200 12799 "http://www.dialyse-falkensee.de/" "Mozilla/5.0 (iPhone; CPU iPhone OS 8_1_1 like Mac OS X) AppleWebKit/600.1.4 (KHTML, like Gecko) Version/8.0 Mobile/12B435 Safari/600.1.4"
80.153.187.140 - - [05/Dec/2014:17:02:27 +0100] "GET / HTTP/1.1" 200 3274 "https://www.google.de/" "Mozilla/5.0 (iPhone; CPU iPhone OS 8_1_1 like Mac OS X) AppleWebKit/600.1.4 (KHTML, like Gecko) Version/8.0 Mobile/12B435 Safari/600.1.4"
80.153.187.140 - - [05/Dec/2014:17:02:27 +0100] "GET /css/bootstrap.min.css HTTP/1.1" 304 - "http://www.dialyse-falkensee.de/" "Mozilla/5.0 (iPhone; CPU iPhone OS 8_1_1 like Mac OS X) AppleWebKit/600.1.4 (KHTML, like Gecko) Version/8.0 Mobile/12B435 Safari/600.1.4"
80.153.187.140 - - [05/Dec/2014:17:02:27 +0100] "GET /css/bootstrap-responsive.min.css HTTP/1.1" 304 - "http://www.dialyse-falkensee.de/" "Mozilla/5.0 (iPhone; CPU iPhone OS 8_1_1 like Mac OS X) AppleWebKit/600.1.4 (KHTML, like Gecko) Version/8.0 Mobile/12B435 Safari/600.1.4"
80.153.187.140 - - [05/Dec/2014:17:02:27 +0100] "GET /js/bootstrap.min.js HTTP/1.1" 304 - "http://www.dialyse-falkensee.de/" "Mozilla/5.0 (iPhone; CPU iPhone OS 8_1_1 like Mac OS X) AppleWebKit/600.1.4 (KHTML, like Gecko) Version/8.0 Mobile/12B435 Safari/600.1.4"
80.153.187.140 - - [05/Dec/2014:17:02:29 +0100] "GET / HTTP/1.1" 200 3274 "https://www.google.de/" "Mozilla/5.0 (iPhone; CPU iPhone OS 8_1_1 like Mac OS X) AppleWebKit/600.1.4 (KHTML, like Gecko) Version/8.0 Mobile/12B435 Safari/600.1.4"
80.153.187.140 - - [05/Dec/2014:17:02:29 +0100] "GET /css/bootstrap.min.css HTTP/1.1" 304 - "http://www.dialyse-falkensee.de/" "Mozilla/5.0 (iPhone; CPU iPhone OS 8_1_1 like Mac OS X) AppleWebKit/600.1.4 (KHTML, like Gecko) Version/8.0 Mobile/12B435 Safari/600.1.4"
80.153.187.140 - - [05/Dec/2014:17:02:29 +0100] "GET /css/bootstrap-responsive.min.css HTTP/1.1" 304 - "http://www.dialyse-falkensee.de/" "Mozilla/5.0 (iPhone; CPU iPhone OS 8_1_1 like Mac OS X) AppleWebKit/600.1.4 (KHTML, like Gecko) Version/8.0 Mobile/12B435 Safari/600.1.4"
80.153.187.140 - - [05/Dec/2014:17:02:29 +0100] "GET /js/bootstrap.min.js HTTP/1.1" 304 - "http://www.dialyse-falkensee.de/" "Mozilla/5.0 (iPhone; CPU iPhone OS 8_1_1 like Mac OS X) AppleWebKit/600.1.4 (KHTML, like Gecko) Version/8.0 Mobile/12B435 Safari/600.1.4"
80.153.187.140 - - [05/Dec/2014:17:02:41 +0100] "GET / HTTP/1.1" 200 3274 "-" "Mozilla/5.0 (iPhone; CPU iPhone OS 8_1_1 like Mac OS X) AppleWebKit/600.1.4 (KHTML, like Gecko) Version/8.0 Mobile/12B435 Safari/600.1.4"
80.153.187.140 - - [05/Dec/2014:17:02:41 +0100] "GET /css/bootstrap.min.css HTTP/1.1" 304 - "http://www.dialyse-falkensee.de/" "Mozilla/5.0 (iPhone; CPU iPhone OS 8_1_1 like Mac OS X) AppleWebKit/600.1.4 (KHTML, like Gecko) Version/8.0 Mobile/12B435 Safari/600.1.4"
80.153.187.140 - - [05/Dec/2014:17:02:41 +0100] "GET /css/bootstrap-responsive.min.css HTTP/1.1" 304 - "http://www.dialyse-falkensee.de/" "Mozilla/5.0 (iPhone; CPU iPhone OS 8_1_1 like Mac OS X) AppleWebKit/600.1.4 (KHTML, like Gecko) Version/8.0 Mobile/12B435 Safari/600.1.4"
80.153.187.140 - - [05/Dec/2014:17:02:41 +0100] "GET /js/bootstrap.min.js HTTP/1.1" 304 - "http://www.dialyse-falkensee.de/" "Mozilla/5.0 (iPhone; CPU iPhone OS 8_1_1 like Mac OS X) AppleWebKit/600.1.4 (KHTML, like Gecko) Version/8.0 Mobile/12B435 Safari/600.1.4"
80.153.187.140 - - [05/Dec/2014:17:02:43 +0100] "GET / HTTP/1.1" 200 3274 "-" "Mozilla/5.0 (iPhone; CPU iPhone OS 8_1_1 like Mac OS X) AppleWebKit/600.1.4 (KHTML, like Gecko) Version/8.0 Mobile/12B435 Safari/600.1.4"
80.153.187.140 - - [05/Dec/2014:17:02:43 +0100] "GET /css/bootstrap.min.css HTTP/1.1" 304 - "http://www.dialyse-falkensee.de/" "Mozilla/5.0 (iPhone; CPU iPhone OS 8_1_1 like Mac OS X) AppleWebKit/600.1.4 (KHTML, like Gecko) Version/8.0 Mobile/12B435 Safari/600.1.4"
80.153.187.140 - - [05/Dec/2014:17:02:43 +0100] "GET /css/bootstrap-responsive.min.css HTTP/1.1" 304 - "http://www.dialyse-falkensee.de/" "Mozilla/5.0 (iPhone; CPU iPhone OS 8_1_1 like Mac OS X) AppleWebKit/600.1.4 (KHTML, like Gecko) Version/8.0 Mobile/12B435 Safari/600.1.4"
80.153.187.140 - - [05/Dec/2014:17:02:43 +0100] "GET /js/bootstrap.min.js HTTP/1.1" 304 - "http://www.dialyse-falkensee.de/" "Mozilla/5.0 (iPhone; CPU iPhone OS 8_1_1 like Mac OS X) AppleWebKit/600.1.4 (KHTML, like Gecko) Version/8.0 Mobile/12B435 Safari/600.1.4"
66.249.67.90 - - [05/Dec/2014:18:04:52 +0100] "GET /robots.txt HTTP/1.1" 404 1256 "-" "Mozilla/5.0 (compatible; Googlebot/2.1; +http://www.google.com/bot.html)"
66.249.67.90 - - [05/Dec/2014:18:04:52 +0100] "GET / HTTP/1.1" 200 3274 "-" "Mozilla/5.0 (iPhone; CPU iPhone OS 6_0 like Mac OS X) AppleWebKit/536.26 (KHTML, like Gecko) Version/6.0 Mobile/10A5376e Safari/8536.25 (compatible; Googlebot/2.1; +http://www.google.com/bot.html)"
109.120.157.179 - - [05/Dec/2014:18:16:17 +0100] "GET / HTTP/1.1" 200 3274 "http://chimiver.info/" "Mozilla/5.0 (compatible; Add Catalog/2.1;)"
109.120.157.179 - - [05/Dec/2014:18:16:18 +0100] "GET / HTTP/1.1" 200 3274 "http://chimiver.info/" "Mozilla/5.0 (compatible; Add Catalog/2.1;)"
109.120.157.179 - - [05/Dec/2014:18:16:18 +0100] "GET / HTTP/1.1" 200 3274 "http://chimiver.info/" "Mozilla/5.0 (compatible; Add Catalog/2.1;)"
91.207.8.46 - - [05/Dec/2014:20:14:42 +0100] "GET / HTTP/1.1" 200 3274 "http://www.fortiswatches.com/" "Mozilla/4.0 (compatible; MSIE 5.5; Windows 95; BCD2000)"
91.207.8.46 - - [05/Dec/2014:20:14:43 +0100] "GET / HTTP/1.1" 200 3274 "http://www.fortiswatches.com/" "Mozilla/4.0 (compatible; MSIE 5.5; Windows 95; BCD2000)"
91.207.8.46 - - [05/Dec/2014:20:14:46 +0100] "GET / HTTP/1.1" 200 3274 "http://www.fortiswatches.com/" "Mozilla/4.0 (compatible; MSIE 5.5; Windows 95; BCD2000)"
178.137.94.34 - - [05/Dec/2014:20:57:45 +0100] "GET / HTTP/1.1" 200 3274 "http://banan.tv/" "Mozilla/4.0 (compatible; MSIE 6.0; Windows NT 5.0; APC; .NET CLR 1.0.3705; .NET CLR 1.1.4322; .NET CLR 2.0.50215; InfoPath.1)"
178.137.94.34 - - [05/Dec/2014:20:57:45 +0100] "GET / HTTP/1.1" 200 3274 "http://za-otechestvo.ru/" "Mozilla/4.0 (compatible; MSIE 6.0; Windows XP)"
178.137.94.34 - - [05/Dec/2014:20:57:45 +0100] "GET / HTTP/1.1" 200 3274 "http://za-otechestvo.ru/" "Mozilla/4.0 (compatible; MSIE 6.0; Windows XP)"
178.137.94.34 - - [05/Dec/2014:20:57:45 +0100] "GET / HTTP/1.1" 200 3274 "http://banan.tv/" "Mozilla/4.0 (compatible; MSIE 6.0; Windows NT 5.0; APC; .NET CLR 1.0.3705; .NET CLR 1.1.4322; .NET CLR 2.0.50215; InfoPath.1)"
178.137.94.34 - - [05/Dec/2014:20:57:46 +0100] "GET / HTTP/1.1" 200 3274 "http://za-otechestvo.ru/" "Mozilla/4.0 (compatible; MSIE 6.0; Windows XP)"
178.137.94.34 - - [05/Dec/2014:20:57:46 +0100] "GET / HTTP/1.1" 200 3274 "http://banan.tv/" "Mozilla/4.0 (compatible; MSIE 6.0; Windows NT 5.0; APC; .NET CLR 1.0.3705; .NET CLR 1.1.4322; .NET CLR 2.0.50215; InfoPath.1)"
157.55.39.79 - - [06/Dec/2014:01:19:45 +0100] "GET / HTTP/1.1" 200 3274 "-" "Mozilla/5.0 (compatible; bingbot/2.0; +http://www.bing.com/bingbot.htm)"
134.249.76.28 - - [06/Dec/2014:02:08:17 +0100] "GET / HTTP/1.1" 200 3274 "http://www.tehngr.ru/" "Mozilla/4.0 (compatible; MSIE 5.0; Windows 2000) Opera 6.0 [en]"
134.249.76.28 - - [06/Dec/2014:02:08:17 +0100] "GET / HTTP/1.1" 200 3274 "http://www.tehngr.ru/" "Mozilla/4.0 (compatible; MSIE 5.0; Windows 2000) Opera 6.0 [en]"
134.249.76.28 - - [06/Dec/2014:02:08:18 +0100] "GET / HTTP/1.1" 200 3274 "http://www.tehngr.ru/" "Mozilla/4.0 (compatible; MSIE 5.0; Windows 2000) Opera 6.0 [en]"
178.137.165.25 - - [06/Dec/2014:02:37:47 +0100] "GET / HTTP/1.1" 200 3274 "http://www.video12.ru/" "Mozilla/2.0 (compatible; MSIE 3.02; Windows CE; 240x320)"
178.137.165.25 - - [06/Dec/2014:02:37:47 +0100] "GET / HTTP/1.1" 200 3274 "http://liderpak.ru/" "Mozilla/2.0 (compatible; MSIE 3.02; Windows CE; 240x320)"
178.137.165.25 - - [06/Dec/2014:02:37:47 +0100] "GET / HTTP/1.1" 200 3274 "http://portal-eu.ru/" "Mozilla/2.0 (compatible; MSIE 3.02; Windows CE; 240x320)"
178.137.165.25 - - [06/Dec/2014:02:37:47 +0100] "GET / HTTP/1.1" 200 3274 "http://megabeaver.ru/" "Mozilla/2.0 (compatible; MSIE 3.02; Windows CE; 240x320)"
178.137.165.25 - - [06/Dec/2014:02:37:48 +0100] "GET / HTTP/1.1" 200 3274 "http://www.video12.ru/" "Mozilla/2.0 (compatible; MSIE 3.02; Windows CE; 240x320)"
178.137.165.25 - - [06/Dec/2014:02:37:48 +0100] "GET / HTTP/1.1" 200 3274 "http://megabeaver.ru/" "Mozilla/2.0 (compatible; MSIE 3.02; Windows CE; 240x320)"
178.137.165.25 - - [06/Dec/2014:02:37:48 +0100] "GET / HTTP/1.1" 200 3274 "http://www.video12.ru/" "Mozilla/2.0 (compatible; MSIE 3.02; Windows CE; 240x320)"
178.137.165.25 - - [06/Dec/2014:02:37:48 +0100] "GET / HTTP/1.1" 200 3274 "http://megabeaver.ru/" "Mozilla/2.0 (compatible; MSIE 3.02; Windows CE; 240x320)"
178.137.165.25 - - [06/Dec/2014:02:37:49 +0100] "GET / HTTP/1.1" 200 3274 "http://portal-eu.ru/" "Mozilla/2.0 (compatible; MSIE 3.02; Windows CE; 240x320)"
178.137.165.25 - - [06/Dec/2014:02:37:49 +0100] "GET / HTTP/1.1" 200 3274 "http://portal-eu.ru/" "Mozilla/2.0 (compatible; MSIE 3.02; Windows CE; 240x320)"
178.137.94.34 - - [06/Dec/2014:02:37:50 +0100] "GET / HTTP/1.1" 200 3274 "http://domik-derevne.ru/" "Mozilla/4.0 (compatible; MSIE 5.5; Windows NT 5.0)"
178.137.94.34 - - [06/Dec/2014:02:37:51 +0100] "GET / HTTP/1.1" 200 3274 "http://domik-derevne.ru/" "Mozilla/4.0 (compatible; MSIE 5.5; Windows NT 5.0)"
178.137.165.25 - - [06/Dec/2014:02:37:51 +0100] "GET / HTTP/1.1" 200 3274 "http://liderpak.ru/" "Mozilla/2.0 (compatible; MSIE 3.02; Windows CE; 240x320)"
178.137.94.34 - - [06/Dec/2014:02:37:51 +0100] "GET / HTTP/1.1" 200 3274 "http://domik-derevne.ru/" "Mozilla/4.0 (compatible; MSIE 5.5; Windows NT 5.0)"
178.137.165.25 - - [06/Dec/2014:02:37:51 +0100] "GET / HTTP/1.1" 200 3274 "http://liderpak.ru/" "Mozilla/2.0 (compatible; MSIE 3.02; Windows CE; 240x320)"
46.119.119.184 - - [06/Dec/2014:02:40:04 +0100] "GET / HTTP/1.1" 200 3274 "http://pro-vk.info/" "Mozilla/4.0 (compatible; MSIE 5.5; Windows NT 4.0; .NET CLR 1.0.2914)"
46.119.119.184 - - [06/Dec/2014:02:40:04 +0100] "GET / HTTP/1.1" 200 3274 "http://reversefile.org/" "Mozilla/4.0 (compatible; MSIE 5.0; Windows 2000) Opera 6.0 [en]"
46.119.119.184 - - [06/Dec/2014:02:40:05 +0100] "GET / HTTP/1.1" 200 3274 "http://pro-vk.info/" "Mozilla/4.0 (compatible; MSIE 5.5; Windows NT 4.0; .NET CLR 1.0.2914)"
46.119.119.184 - - [06/Dec/2014:02:40:05 +0100] "GET / HTTP/1.1" 200 3274 "http://reversefile.org/" "Mozilla/4.0 (compatible; MSIE 5.0; Windows 2000) Opera 6.0 [en]"
46.119.119.184 - - [06/Dec/2014:02:40:05 +0100] "GET / HTTP/1.1" 200 3274 "https://www.tattooreligion.ru/" "Mozilla/4.0 (compatible; MSIE 5.5; Windows NT 5.0)"
46.119.119.184 - - [06/Dec/2014:02:40:05 +0100] "GET / HTTP/1.1" 200 3274 "http://pro-vk.info/" "Mozilla/4.0 (compatible; MSIE 5.5; Windows NT 4.0; .NET CLR 1.0.2914)"
46.119.119.184 - - [06/Dec/2014:02:40:05 +0100] "GET / HTTP/1.1" 200 3274 "http://reversefile.org/" "Mozilla/4.0 (compatible; MSIE 5.0; Windows 2000) Opera 6.0 [en]"
46.119.119.184 - - [06/Dec/2014:02:40:05 +0100] "GET / HTTP/1.1" 200 3274 "https://www.tattooreligion.ru/" "Mozilla/4.0 (compatible; MSIE 5.5; Windows NT 5.0)"
46.119.119.184 - - [06/Dec/2014:02:40:06 +0100] "GET / HTTP/1.1" 200 3274 "https://www.tattooreligion.ru/" "Mozilla/4.0 (compatible; MSIE 5.5; Windows NT 5.0)"
46.119.119.184 - - [06/Dec/2014:02:40:07 +0100] "GET / HTTP/1.1" 200 3274 "http://cleaning-uborka.ru/" "Mozilla/4.0 (compatible; MSIE 5.5; Windows NT 5.0)"
46.119.119.184 - - [06/Dec/2014:02:40:08 +0100] "GET / HTTP/1.1" 200 3274 "http://cleaning-uborka.ru/" "Mozilla/4.0 (compatible; MSIE 5.5; Windows NT 5.0)"
46.119.119.184 - - [06/Dec/2014:02:40:08 +0100] "GET / HTTP/1.1" 200 3274 "http://cleaning-uborka.ru/" "Mozilla/4.0 (compatible; MSIE 5.5; Windows NT 5.0)"
157.55.39.168 - - [06/Dec/2014:02:51:49 +0100] "GET /index.html HTTP/1.1" 200 3274 "-" "Mozilla/5.0 (compatible; bingbot/2.0; +http://www.bing.com/bingbot.htm)"
157.55.39.211 - - [06/Dec/2014:02:52:07 +0100] "GET /js/bootstrap.min.js HTTP/1.1" 200 25764 "-" "Mozilla/5.0 (compatible; bingbot/2.0; +http://www.bing.com/bingbot.htm)"
157.55.39.168 - - [06/Dec/2014:02:52:12 +0100] "GET /robots.txt HTTP/1.1" 404 1256 "-" "Mozilla/5.0 (compatible; bingbot/2.0; +http://www.bing.com/bingbot.htm)"
157.55.39.168 - - [06/Dec/2014:02:52:12 +0100] "GET /css/bootstrap.min.css HTTP/1.1" 200 101265 "-" "Mozilla/5.0 (compatible; bingbot/2.0; +http://www.bing.com/bingbot.htm)"
157.55.39.79 - - [06/Dec/2014:02:53:30 +0100] "GET /robots.txt HTTP/1.1" 404 1256 "-" "Mozilla/5.0 (compatible; bingbot/2.0; +http://www.bing.com/bingbot.htm)"
157.55.39.79 - - [06/Dec/2014:02:53:31 +0100] "GET /css/bootstrap-responsive.min.css HTTP/1.1" 200 16520 "-" "Mozilla/5.0 (compatible; bingbot/2.0; +http://www.bing.com/bingbot.htm)"
209.190.1.134 - - [06/Dec/2014:05:13:42 +0100] "GET / HTTP/1.1" 200 3274 "-" "Mozilla/5.0 (Windows NT 6.1; Win64; x64) KomodiaBot/1.0"
66.249.67.98 - - [06/Dec/2014:07:14:50 +0100] "GET /robots.txt HTTP/1.1" 404 1256 "-" "Mozilla/5.0 (compatible; Googlebot/2.1; +http://www.google.com/bot.html)"
66.249.67.106 - - [06/Dec/2014:07:14:50 +0100] "GET /css/bootstrap.min.css HTTP/1.1" 200 101265 "-" "Mozilla/5.0 (compatible; Googlebot/2.1; +http://www.google.com/bot.html)"
91.207.8.46 - - [06/Dec/2014:08:03:47 +0100] "GET / HTTP/1.1" 200 3274 "http://xlolitka.com/" "Mozilla/4.0 (compatible; MSIE 5.5; Windows NT 4.0; .NET CLR 1.0.2914)"
91.207.8.46 - - [06/Dec/2014:08:03:48 +0100] "GET / HTTP/1.1" 200 3274 "http://xlolitka.com/" "Mozilla/4.0 (compatible; MSIE 5.5; Windows NT 4.0; .NET CLR 1.0.2914)"
91.207.8.46 - - [06/Dec/2014:08:03:49 +0100] "GET / HTTP/1.1" 200 3274 "http://xlolitka.com/" "Mozilla/4.0 (compatible; MSIE 5.5; Windows NT 4.0; .NET CLR 1.0.2914)"
66.249.67.90 - - [06/Dec/2014:08:46:22 +0100] "GET / HTTP/1.1" 200 3274 "-" "DoCoMo/2.0 N905i(c100;TB;W24H16) (compatible; Googlebot-Mobile/2.1; +http://www.google.com/bot.html)"
188.165.15.85 - - [06/Dec/2014:10:46:32 +0100] "GET /robots.txt HTTP/1.1" 404 1256 "-" "Mozilla/5.0 (compatible; AhrefsBot/5.0; +http://ahrefs.com/robot/)"
141.8.147.12 - - [06/Dec/2014:13:03:47 +0100] "GET /robots.txt HTTP/1.1" 404 1256 "-" "Mozilla/5.0 (compatible; YandexBot/3.0; +http://yandex.com/bots)"
199.58.86.211 - - [06/Dec/2014:13:04:56 +0100] "GET /robots.txt HTTP/1.0" 404 1256 "-" "Mozilla/5.0 (compatible; MJ12bot/v1.4.5; http://www.majestic12.co.uk/bot.php?+)"
199.58.86.211 - - [06/Dec/2014:13:04:57 +0100] "GET / HTTP/1.0" 200 3274 "-" "Mozilla/5.0 (compatible; MJ12bot/v1.4.5; http://www.majestic12.co.uk/bot.php?+)"
37.139.52.23 - - [06/Dec/2014:16:59:18 +0100] "GET / HTTP/1.1" 200 3274 "http://landreferat.ru/" "Mozilla/4.0 (compatible; MSIE 5.0; Windows 95) Opera 6.01 [en]"
37.139.52.23 - - [06/Dec/2014:16:59:18 +0100] "GET / HTTP/1.1" 200 3274 "http://landreferat.ru/" "Mozilla/4.0 (compatible; MSIE 5.0; Windows 95) Opera 6.01 [en]"
37.139.52.23 - - [06/Dec/2014:16:59:19 +0100] "GET / HTTP/1.1" 200 3274 "http://landreferat.ru/" "Mozilla/4.0 (compatible; MSIE 5.0; Windows 95) Opera 6.01 [en]"
178.137.128.163 - - [06/Dec/2014:18:02:03 +0100] "GET / HTTP/1.1" 200 3274 "http://ledekole.com/" "Mozilla/4.0 (compatible; MSIE 6.0; AOL 9.0; Windows NT 5.1)"
178.137.128.163 - - [06/Dec/2014:18:02:04 +0100] "GET / HTTP/1.1" 200 3274 "http://ledekole.com/" "Mozilla/4.0 (compatible; MSIE 6.0; AOL 9.0; Windows NT 5.1)"
178.137.128.163 - - [06/Dec/2014:18:02:04 +0100] "GET / HTTP/1.1" 200 3274 "http://ledekole.com/" "Mozilla/4.0 (compatible; MSIE 6.0; AOL 9.0; Windows NT 5.1)"
211.244.83.248 - - [06/Dec/2014:20:25:39 +0100] "GET /robots.txt HTTP/1.1" 404 1256 "http://search.daum.net/" "Mozilla/5.0 (compatible; MSIE or Firefox mutant; not on Windows server; + http://tab.search.daum.net/aboutWebSearch.html) Daumoa/3.0"
211.244.83.248 - - [06/Dec/2014:20:25:40 +0100] "GET / HTTP/1.1" 200 3274 "http://search.daum.net/" "Mozilla/5.0 (compatible; MSIE or Firefox mutant; not on Windows server; + http://tab.search.daum.net/aboutWebSearch.html) Daumoa/3.0"
141.8.147.12 - - [06/Dec/2014:22:55:21 +0100] "GET / HTTP/1.1" 200 3274 "-" "Mozilla/5.0 (compatible; YandexBot/3.0; +http://yandex.com/bots)"
157.55.39.79 - - [07/Dec/2014:00:20:36 +0100] "GET /robots.txt HTTP/1.1" 404 1256 "-" "Mozilla/5.0 (compatible; bingbot/2.0; +http://www.bing.com/bingbot.htm)"
157.55.39.79 - - [07/Dec/2014:00:21:29 +0100] "GET / HTTP/1.1" 200 3274 "-" "Mozilla/5.0 (compatible; bingbot/2.0; +http://www.bing.com/bingbot.htm)"
66.249.78.52 - - [07/Dec/2014:09:11:52 +0100] "GET /robots.txt HTTP/1.1" 404 1256 "-" "Mozilla/5.0 (compatible; Googlebot/2.1; +http://www.google.com/bot.html)"
66.249.64.86 - - [07/Dec/2014:09:11:52 +0100] "GET / HTTP/1.1" 200 3274 "-" "Mozilla/5.0 (compatible; Googlebot/2.1; +http://www.google.com/bot.html)"
178.137.128.163 - - [07/Dec/2014:11:05:51 +0100] "GET / HTTP/1.1" 200 3274 "http://pronekut.com/news.php?readmore=18" "Mozilla/4.0 (compatible; Powermarks/3.5; Windows 95/98/2000/NT)"
178.137.128.163 - - [07/Dec/2014:11:05:52 +0100] "GET / HTTP/1.1" 200 3274 "http://pronekut.com/news.php?readmore=18" "Mozilla/4.0 (compatible; Powermarks/3.5; Windows 95/98/2000/NT)"
178.137.128.163 - - [07/Dec/2014:11:05:52 +0100] "GET / HTTP/1.1" 200 3274 "http://pronekut.com/news.php?readmore=18" "Mozilla/4.0 (compatible; Powermarks/3.5; Windows 95/98/2000/NT)"
178.137.165.25 - - [07/Dec/2014:11:06:54 +0100] "GET / HTTP/1.1" 200 3274 "http://forum.taihouse.ru/" "Mozilla/6.0 (compatible; MSIE 7.0a1; Windows NT 5.2; SV1)"
178.137.165.25 - - [07/Dec/2014:11:06:54 +0100] "GET / HTTP/1.1" 200 3274 "http://megakalyan.com/" "Mozilla/6.0 (compatible; MSIE 7.0a1; Windows NT 5.2; SV1)"
178.137.165.25 - - [07/Dec/2014:11:06:54 +0100] "GET / HTTP/1.1" 200 3274 "http://best-vps.ru/" "Mozilla/6.0 (compatible; MSIE 7.0a1; Windows NT 5.2; SV1)"
178.137.165.25 - - [07/Dec/2014:11:06:54 +0100] "GET / HTTP/1.1" 200 3274 "http://golden-praga.ru/" "Mozilla/6.0 (compatible; MSIE 7.0a1; Windows NT 5.2; SV1)"
178.137.165.25 - - [07/Dec/2014:11:06:54 +0100] "GET / HTTP/1.1" 200 3274 "http://forum.taihouse.ru/" "Mozilla/6.0 (compatible; MSIE 7.0a1; Windows NT 5.2; SV1)"
178.137.165.25 - - [07/Dec/2014:11:06:54 +0100] "GET / HTTP/1.1" 200 3274 "http://golden-praga.ru/" "Mozilla/6.0 (compatible; MSIE 7.0a1; Windows NT 5.2; SV1)"
178.137.165.25 - - [07/Dec/2014:11:06:54 +0100] "GET / HTTP/1.1" 200 3274 "http://best-vps.ru/" "Mozilla/6.0 (compatible; MSIE 7.0a1; Windows NT 5.2; SV1)"
178.137.165.25 - - [07/Dec/2014:11:06:54 +0100] "GET / HTTP/1.1" 200 3274 "http://megakalyan.com/" "Mozilla/6.0 (compatible; MSIE 7.0a1; Windows NT 5.2; SV1)"
178.137.165.25 - - [07/Dec/2014:11:06:55 +0100] "GET / HTTP/1.1" 200 3274 "http://forum.taihouse.ru/" "Mozilla/6.0 (compatible; MSIE 7.0a1; Windows NT 5.2; SV1)"
178.137.165.25 - - [07/Dec/2014:11:06:55 +0100] "GET / HTTP/1.1" 200 3274 "http://golden-praga.ru/" "Mozilla/6.0 (compatible; MSIE 7.0a1; Windows NT 5.2; SV1)"
178.137.165.25 - - [07/Dec/2014:11:06:55 +0100] "GET / HTTP/1.1" 200 3274 "http://best-vps.ru/" "Mozilla/6.0 (compatible; MSIE 7.0a1; Windows NT 5.2; SV1)"
178.137.165.25 - - [07/Dec/2014:11:06:55 +0100] "GET / HTTP/1.1" 200 3274 "http://megakalyan.com/" "Mozilla/6.0 (compatible; MSIE 7.0a1; Windows NT 5.2; SV1)"
46.119.119.184 - - [07/Dec/2014:11:06:56 +0100] "GET / HTTP/1.1" 200 3274 "http://remont-fridge-tv.ru/" "Mozilla/4.0 (compatible; MSIE 6.0; Windows NT 5.2; WOW64; SV1; .NET CLR 2.0.50727)"
46.119.119.184 - - [07/Dec/2014:11:06:56 +0100] "GET / HTTP/1.1" 200 3274 "http://sex-shop-internet.ru/" "Mozilla/4.0 (compatible; MSIE 6.0; Windows NT 5.2; WOW64; SV1; .NET CLR 2.0.50727)"
46.119.119.184 - - [07/Dec/2014:11:06:56 +0100] "GET / HTTP/1.1" 200 3274 "http://remont-fridge-tv.ru/" "Mozilla/4.0 (compatible; MSIE 6.0; Windows NT 5.2; WOW64; SV1; .NET CLR 2.0.50727)"
46.119.119.184 - - [07/Dec/2014:11:06:57 +0100] "GET / HTTP/1.1" 200 3274 "http://tesl-tour.com/" "Mozilla/4.0 (compatible; MSIE 6.0; Windows NT 5.2; WOW64; SV1; .NET CLR 2.0.50727)"
46.119.119.184 - - [07/Dec/2014:11:06:57 +0100] "GET / HTTP/1.1" 200 3274 "http://vprosmotre.ucoz.ru/" "Mozilla/4.0 (compatible; MSIE 6.0; Windows NT 5.2; WOW64; SV1; .NET CLR 2.0.50727)"
46.119.119.184 - - [07/Dec/2014:11:06:57 +0100] "GET / HTTP/1.1" 200 3274 "http://remont-fridge-tv.ru/" "Mozilla/4.0 (compatible; MSIE 6.0; Windows NT 5.2; WOW64; SV1; .NET CLR 2.0.50727)"
46.119.119.184 - - [07/Dec/2014:11:06:57 +0100] "GET / HTTP/1.1" 200 3274 "http://tesl-tour.com/" "Mozilla/4.0 (compatible; MSIE 6.0; Windows NT 5.2; WOW64; SV1; .NET CLR 2.0.50727)"
46.119.119.184 - - [07/Dec/2014:11:06:57 +0100] "GET / HTTP/1.1" 200 3274 "http://sex-shop-internet.ru/" "Mozilla/4.0 (compatible; MSIE 6.0; Windows NT 5.2; WOW64; SV1; .NET CLR 2.0.50727)"
46.119.119.184 - - [07/Dec/2014:11:06:57 +0100] "GET / HTTP/1.1" 200 3274 "http://sex-shop-internet.ru/" "Mozilla/4.0 (compatible; MSIE 6.0; Windows NT 5.2; WOW64; SV1; .NET CLR 2.0.50727)"
46.119.119.184 - - [07/Dec/2014:11:06:58 +0100] "GET / HTTP/1.1" 200 3274 "http://vprosmotre.ucoz.ru/" "Mozilla/4.0 (compatible; MSIE 6.0; Windows NT 5.2; WOW64; SV1; .NET CLR 2.0.50727)"
46.119.119.184 - - [07/Dec/2014:11:06:58 +0100] "GET / HTTP/1.1" 200 3274 "http://vprosmotre.ucoz.ru/" "Mozilla/4.0 (compatible; MSIE 6.0; Windows NT 5.2; WOW64; SV1; .NET CLR 2.0.50727)"
46.119.119.184 - - [07/Dec/2014:11:06:58 +0100] "GET / HTTP/1.1" 200 3274 "http://tesl-tour.com/" "Mozilla/4.0 (compatible; MSIE 6.0; Windows NT 5.2; WOW64; SV1; .NET CLR 2.0.50727)"
178.137.94.34 - - [07/Dec/2014:11:10:42 +0100] "GET / HTTP/1.1" 200 3274 "http://altezza.travel/" "Mozilla/4.0 (compatible; MSIE 5.0; Windows 2000) Opera 6.0 [en]"
178.137.94.34 - - [07/Dec/2014:11:10:42 +0100] "GET / HTTP/1.1" 200 3274 "http://www.germes-trans.com/poleznaya-informaciya/sovremennaya-rol-logistiki-v-upravlenii-biznesom.html" "Mozilla/4.0 (compatible; MSIE 5.0; Windows 2000) Opera 6.0 [en]"
178.137.94.34 - - [07/Dec/2014:11:10:42 +0100] "GET / HTTP/1.1" 200 3274 "http://www.narugka.ru/" "Mozilla/4.0 (compatible; MSIE 5.0; Windows 2000) Opera 6.0 [en]"
178.137.94.34 - - [07/Dec/2014:11:10:42 +0100] "GET / HTTP/1.1" 200 3274 "http://altezza.travel/" "Mozilla/4.0 (compatible; MSIE 5.0; Windows 2000) Opera 6.0 [en]"
178.137.94.34 - - [07/Dec/2014:11:10:42 +0100] "GET / HTTP/1.1" 200 3274 "http://www.germes-trans.com/poleznaya-informaciya/sovremennaya-rol-logistiki-v-upravlenii-biznesom.html" "Mozilla/4.0 (compatible; MSIE 5.0; Windows 2000) Opera 6.0 [en]"
178.137.94.34 - - [07/Dec/2014:11:10:42 +0100] "GET / HTTP/1.1" 200 3274 "http://www.narugka.ru/" "Mozilla/4.0 (compatible; MSIE 5.0; Windows 2000) Opera 6.0 [en]"
178.137.94.34 - - [07/Dec/2014:11:10:43 +0100] "GET / HTTP/1.1" 200 3274 "http://altezza.travel/" "Mozilla/4.0 (compatible; MSIE 5.0; Windows 2000) Opera 6.0 [en]"
178.137.94.34 - - [07/Dec/2014:11:10:43 +0100] "GET / HTTP/1.1" 200 3274 "http://www.narugka.ru/" "Mozilla/4.0 (compatible; MSIE 5.0; Windows 2000) Opera 6.0 [en]"
178.137.94.34 - - [07/Dec/2014:11:10:43 +0100] "GET / HTTP/1.1" 200 3274 "http://www.germes-trans.com/poleznaya-informaciya/sovremennaya-rol-logistiki-v-upravlenii-biznesom.html" "Mozilla/4.0 (compatible; MSIE 5.0; Windows 2000) Opera 6.0 [en]"
178.137.94.34 - - [07/Dec/2014:11:10:43 +0100] "GET / HTTP/1.1" 200 3274 "http://banan.tv/" "Mozilla/4.0 (compatible; MSIE 5.0; Windows 2000) Opera 6.0 [en]"
178.137.94.34 - - [07/Dec/2014:11:10:43 +0100] "GET / HTTP/1.1" 200 3274 "http://banan.tv/" "Mozilla/4.0 (compatible; MSIE 5.0; Windows 2000) Opera 6.0 [en]"
178.137.94.34 - - [07/Dec/2014:11:10:44 +0100] "GET / HTTP/1.1" 200 3274 "http://banan.tv/" "Mozilla/4.0 (compatible; MSIE 5.0; Windows 2000) Opera 6.0 [en]"
87.160.170.233 - - [07/Dec/2014:11:23:07 +0100] "GET / HTTP/1.1" 200 3274 "http://suche.t-online.de/fast-cgi/tsc?sr=ptoweb&q=Dialysearzt+DR.Klick+14612Falkensee" "Mozilla/5.0 (Windows NT 6.0; rv:34.0) Gecko/20100101 Firefox/34.0"
87.160.170.233 - - [07/Dec/2014:11:23:07 +0100] "GET /css/bootstrap-responsive.min.css HTTP/1.1" 200 16520 "http://www.dialyse-falkensee.de/" "Mozilla/5.0 (Windows NT 6.0; rv:34.0) Gecko/20100101 Firefox/34.0"
87.160.170.233 - - [07/Dec/2014:11:23:08 +0100] "GET /ico/favicon.ico HTTP/1.1" 404 1256 "-" "Mozilla/5.0 (Windows NT 6.0; rv:34.0) Gecko/20100101 Firefox/34.0"
87.160.170.233 - - [07/Dec/2014:11:23:07 +0100] "GET /js/bootstrap.min.js HTTP/1.1" 200 25764 "http://www.dialyse-falkensee.de/" "Mozilla/5.0 (Windows NT 6.0; rv:34.0) Gecko/20100101 Firefox/34.0"
87.160.170.233 - - [07/Dec/2014:11:23:07 +0100] "GET /css/bootstrap.min.css HTTP/1.1" 200 101265 "http://www.dialyse-falkensee.de/" "Mozilla/5.0 (Windows NT 6.0; rv:34.0) Gecko/20100101 Firefox/34.0"
148.251.78.167 - - [07/Dec/2014:14:27:14 +0100] "GET / HTTP/1.1" 200 3274 "http://www.abcd4.de/link.php" "Mozilla/5.0 (Windows NT 6.3; ARM; Trident/7.0; Touch; rv:11.0) like Gecko"
148.251.78.167 - - [07/Dec/2014:14:27:15 +0100] "GET /css/bootstrap-responsive.min.css HTTP/1.1" 200 16520 "http://www.abcd4.de/link.php" "Mozilla/5.0 (Windows NT 6.3; ARM; Trident/7.0; Touch; rv:11.0) like Gecko"
148.251.78.167 - - [07/Dec/2014:14:27:15 +0100] "GET /js/bootstrap.min.js HTTP/1.1" 200 25764 "http://www.abcd4.de/link.php" "Mozilla/5.0 (Windows NT 6.3; ARM; Trident/7.0; Touch; rv:11.0) like Gecko"
148.251.78.167 - - [07/Dec/2014:14:27:15 +0100] "GET /css/bootstrap.min.css HTTP/1.1" 200 101265 "http://www.abcd4.de/link.php" "Mozilla/5.0 (Windows NT 6.3; ARM; Trident/7.0; Touch; rv:11.0) like Gecko"
148.251.78.167 - - [07/Dec/2014:14:27:15 +0100] "GET /img/glyphicons-halflings.png HTTP/1.1" 200 12799 "http://www.abcd4.de/link.php" "Mozilla/5.0 (Windows NT 6.3; ARM; Trident/7.0; Touch; rv:11.0) like Gecko"
66.249.78.45 - - [07/Dec/2014:15:01:19 +0100] "GET / HTTP/1.1" 200 3274 "-" "Mozilla/5.0 (compatible; Googlebot/2.1; +http://www.google.com/bot.html)"
46.163.116.194 - - [07/Dec/2014:16:30:08 +0100] "GET / HTTP/1.1" 200 3274 "-" "Apache-HttpClient/4.3.1 (java 1.5)"
119.63.196.78 - - [07/Dec/2014:17:28:28 +0100] "GET / HTTP/1.1" 200 3274 "-" "Mozilla/5.0 (compatible; Baiduspider/2.0; +http://www.baidu.com/search/spider.html)"
66.249.78.59 - - [07/Dec/2014:17:51:35 +0100] "GET / HTTP/1.1" 200 3274 "-" "Mozilla/5.0 (iPhone; CPU iPhone OS 6_0 like Mac OS X) AppleWebKit/536.26 (KHTML, like Gecko) Version/6.0 Mobile/10A5376e Safari/8536.25 (compatible; Googlebot/2.1; +http://www.google.com/bot.html)"
66.249.78.59 - - [07/Dec/2014:18:00:58 +0100] "GET /css/bootstrap-responsive.min.css HTTP/1.1" 200 16520 "-" "Mozilla/5.0 (compatible; Googlebot/2.1; +http://www.google.com/bot.html)"
91.207.8.46 - - [07/Dec/2014:19:54:36 +0100] "GET / HTTP/1.1" 200 3274 "http://muznachas-service.ru/" "Mozilla/4.0 (compatible; MSIE 6.0; Windows NT 5.1; SV1; .NET CLR 1.1.4322; .NET CLR 2.0.50727)"
91.207.8.46 - - [07/Dec/2014:19:54:37 +0100] "GET / HTTP/1.1" 200 3274 "http://muznachas-service.ru/" "Mozilla/4.0 (compatible; MSIE 6.0; Windows NT 5.1; SV1; .NET CLR 1.1.4322; .NET CLR 2.0.50727)"
91.207.8.46 - - [07/Dec/2014:19:54:38 +0100] "GET / HTTP/1.1" 200 3274 "http://muznachas-service.ru/" "Mozilla/4.0 (compatible; MSIE 6.0; Windows NT 5.1; SV1; .NET CLR 1.1.4322; .NET CLR 2.0.50727)"
157.55.39.79 - - [07/Dec/2014:22:22:07 +0100] "GET /robots.txt HTTP/1.1" 404 1256 "-" "Mozilla/5.0 (compatible; bingbot/2.0; +http://www.bing.com/bingbot.htm)"
157.55.39.79 - - [07/Dec/2014:22:22:24 +0100] "GET / HTTP/1.1" 200 3274 "-" "Mozilla/5.0 (compatible; bingbot/2.0; +http://www.bing.com/bingbot.htm)"
64.246.165.10 - - [07/Dec/2014:23:43:48 +0100] "GET /robots.txt HTTP/1.0" 404 1256 "-" "Mozilla/5.0 (Windows; U; Windows NT 5.1; en; rv:1.9.0.13) Gecko/2009073022 Firefox/3.5.2 (.NET CLR 3.5.30729) SurveyBot/2.3 (DomainTools)"
64.246.165.10 - - [07/Dec/2014:23:43:48 +0100] "GET / HTTP/1.1" 200 3274 "http://whois.domaintools.com/dialyse-falkensee.de" "Mozilla/5.0 (Windows; U; Windows NT 5.1; en; rv:1.9.0.13) Gecko/2009073022 Firefox/3.5.2 (.NET CLR 3.5.30729) SurveyBot/2.3 (DomainTools)"
134.249.76.28 - - [08/Dec/2014:00:41:51 +0100] "GET / HTTP/1.1" 200 3274 "http://www.detsky.ru/detsad-mebel/" "Mozilla/4.0 (compatible; MSIE 6.0; Windows 98; Win 9x 4.90)"
134.249.76.28 - - [08/Dec/2014:00:41:51 +0100] "GET / HTTP/1.1" 200 3274 "http://www.detsky.ru/detsad-mebel/" "Mozilla/4.0 (compatible; MSIE 6.0; Windows 98; Win 9x 4.90)"
134.249.76.28 - - [08/Dec/2014:00:41:52 +0100] "GET / HTTP/1.1" 200 3274 "http://www.detsky.ru/detsad-mebel/" "Mozilla/4.0 (compatible; MSIE 6.0; Windows 98; Win 9x 4.90)"
209.190.1.132 - - [08/Dec/2014:01:35:21 +0100] "GET / HTTP/1.1" 200 3274 "-" "Mozilla/5.0 (Windows NT 6.1; Win64; x64) KomodiaBot/1.0"
209.190.1.131 - - [08/Dec/2014:01:43:15 +0100] "GET / HTTP/1.1" 200 3274 "-" "M"
141.8.147.12 - - [08/Dec/2014:02:56:42 +0100] "GET /robots.txt HTTP/1.1" 404 1256 "-" "Mozilla/5.0 (compatible; YandexBot/3.0; +http://yandex.com/bots)"
109.120.157.179 - - [08/Dec/2014:03:27:31 +0100] "GET / HTTP/1.1" 200 3274 "http://chimiver.info/" "Mozilla/5.0 (compatible; Add Catalog/2.1;)"
109.120.157.179 - - [08/Dec/2014:03:27:32 +0100] "GET / HTTP/1.1" 200 3274 "http://chimiver.info/" "Mozilla/5.0 (compatible; Add Catalog/2.1;)"
109.120.157.179 - - [08/Dec/2014:03:27:32 +0100] "GET / HTTP/1.1" 200 3274 "http://chimiver.info/" "Mozilla/5.0 (compatible; Add Catalog/2.1;)"
180.153.236.57 - - [08/Dec/2014:03:41:19 +0100] "GET / HTTP/1.1" 200 3274 "http://www.dialyse-falkensee.de/" "Mozilla/5.0 (compatible; MSIE 9.0; Windows NT 6.1; Trident/5.0); 360Spider"
66.249.78.45 - - [08/Dec/2014:07:50:30 +0100] "GET /robots.txt HTTP/1.1" 404 1256 "-" "Mozilla/5.0 (compatible; Googlebot/2.1; +http://www.google.com/bot.html)"
66.249.78.52 - - [08/Dec/2014:07:50:30 +0100] "GET / HTTP/1.1" 304 - "-" "Mozilla/5.0 (compatible; Googlebot/2.1; +http://www.google.com/bot.html)"
141.8.147.12 - - [08/Dec/2014:08:21:39 +0100] "GET / HTTP/1.1" 200 3274 "-" "Mozilla/5.0 (compatible; YandexBot/3.0; +http://yandex.com/bots)"
157.55.39.79 - - [08/Dec/2014:08:41:48 +0100] "GET / HTTP/1.1" 200 3274 "-" "Mozilla/5.0 (compatible; bingbot/2.0; +http://www.bing.com/bingbot.htm)"
157.55.39.212 - - [08/Dec/2014:08:41:58 +0100] "GET /robots.txt HTTP/1.1" 404 1256 "-" "Mozilla/5.0 (compatible; bingbot/2.0; +http://www.bing.com/bingbot.htm)"
157.55.39.243 - - [08/Dec/2014:08:42:00 +0100] "GET /css/bootstrap.min.css HTTP/1.1" 200 101265 "-" "Mozilla/5.0 (compatible; bingbot/2.0; +http://www.bing.com/bingbot.htm)"
157.55.39.211 - - [08/Dec/2014:08:42:15 +0100] "GET /js/bootstrap.min.js HTTP/1.1" 200 25764 "-" "Mozilla/5.0 (compatible; bingbot/2.0; +http://www.bing.com/bingbot.htm)"
157.55.39.79 - - [08/Dec/2014:08:42:43 +0100] "GET /css/bootstrap-responsive.min.css HTTP/1.1" 200 16520 "-" "Mozilla/5.0 (compatible; bingbot/2.0; +http://www.bing.com/bingbot.htm)"
66.249.78.52 - - [08/Dec/2014:10:02:57 +0100] "GET / HTTP/1.1" 304 - "-" "Mozilla/5.0 (compatible; Googlebot/2.1; +http://www.google.com/bot.html)"
157.55.39.168 - - [08/Dec/2014:10:25:48 +0100] "GET /mail/contact.html HTTP/1.1" 404 1256 "-" "Mozilla/5.0 (compatible; bingbot/2.0; +http://www.bing.com/bingbot.htm)"
91.216.45.83 - - [08/Dec/2014:11:30:30 +0100] "GET / HTTP/1.1" 200 3274 "http://www.google.de/url?sa=t&rct=j&q=&esrc=s&frm=1&source=web&cd=1&sqi=2&ved=0CCEQFjAA&url=http%3A%2F%2Fwww.dialyse-falkensee.de%2F&ei=Y32FVNGICIr0UuPsgfgP&usg=AFQjCNECgXXq-DVOeCPbM1zyqacv9mR2gg&bvm=bv.80642063,d.ZWU" "Mozilla/5.0 (compatible; MSIE 9.0; Windows NT 6.1; WOW64; Trident/5.0)"
91.216.45.83 - - [08/Dec/2014:11:30:30 +0100] "GET /css/bootstrap-responsive.min.css HTTP/1.1" 200 16520 "http://www.dialyse-falkensee.de/" "Mozilla/5.0 (compatible; MSIE 9.0; Windows NT 6.1; WOW64; Trident/5.0)"
91.216.45.83 - - [08/Dec/2014:11:30:30 +0100] "GET /css/bootstrap.min.css HTTP/1.1" 200 101265 "http://www.dialyse-falkensee.de/" "Mozilla/5.0 (compatible; MSIE 9.0; Windows NT 6.1; WOW64; Trident/5.0)"
91.216.45.83 - - [08/Dec/2014:11:30:30 +0100] "GET /js/bootstrap.min.js HTTP/1.1" 200 25764 "http://www.dialyse-falkensee.de/" "Mozilla/5.0 (compatible; MSIE 9.0; Windows NT 6.1; WOW64; Trident/5.0)"
91.216.45.83 - - [08/Dec/2014:11:30:30 +0100] "GET /img/glyphicons-halflings.png HTTP/1.1" 200 12799 "http://www.dialyse-falkensee.de/" "Mozilla/5.0 (compatible; MSIE 9.0; Windows NT 6.1; WOW64; Trident/5.0)"
91.216.45.83 - - [08/Dec/2014:11:30:30 +0100] "GET /ico/favicon.ico HTTP/1.1" 404 1256 "-" "Mozilla/5.0 (compatible; MSIE 9.0; Windows NT 6.1; WOW64; Trident/5.0)"
192.99.107.100 - - [08/Dec/2014:11:33:08 +0100] "GET /robots.txt HTTP/1.1" 404 1256 "-" "Mozilla/5.0 (compatible; meanpathbot/1.0; +http://www.meanpath.com/meanpathbot.html)"
192.99.107.100 - - [08/Dec/2014:11:33:08 +0100] "GET / HTTP/1.1" 200 3274 "-" "Mozilla/5.0 (compatible; meanpathbot/1.0; +http://www.meanpath.com/meanpathbot.html)"
180.153.236.53 - - [08/Dec/2014:15:30:09 +0100] "GET / HTTP/1.1" 200 3274 "http://www.dialyse-falkensee.de/" "Mozilla/5.0 (compatible; MSIE 9.0; Windows NT 6.1; Trident/5.0); 360Spider"
66.249.65.159 - - [08/Dec/2014:16:40:37 +0100] "GET /robots.txt HTTP/1.1" 404 1256 "-" "Mozilla/5.0 (compatible; Googlebot/2.1; +http://www.google.com/bot.html)"
66.249.65.159 - - [08/Dec/2014:16:40:37 +0100] "GET / HTTP/1.1" 304 - "-" "Mozilla/5.0 (compatible; Googlebot/2.1; +http://www.google.com/bot.html)"
66.249.65.159 - - [08/Dec/2014:17:05:42 +0100] "GET / HTTP/1.1" 304 - "-" "Mozilla/5.0 (compatible; Googlebot/2.1; +http://www.google.com/bot.html)"
178.137.165.25 - - [08/Dec/2014:17:28:44 +0100] "GET / HTTP/1.1" 200 3274 "http://anti-radari.ru/" "Mozilla/4.0 (compatible; MSIE 6.0; Update a; AOL 6.0; Windows 98)"
178.137.165.25 - - [08/Dec/2014:17:28:44 +0100] "GET / HTTP/1.1" 200 3274 "http://anti-radari.ru/" "Mozilla/4.0 (compatible; MSIE 6.0; Update a; AOL 6.0; Windows 98)"
178.137.165.25 - - [08/Dec/2014:17:28:45 +0100] "GET / HTTP/1.1" 200 3274 "http://anti-radari.ru/" "Mozilla/4.0 (compatible; MSIE 6.0; Update a; AOL 6.0; Windows 98)"
46.119.119.184 - - [08/Dec/2014:17:28:45 +0100] "GET / HTTP/1.1" 200 3274 "http://cleaning-uborka.ru/" "Mozilla/4.0 (compatible; MSIE 6.0; Windows NT 5.2; Win64; AMD64)"
46.119.119.184 - - [08/Dec/2014:17:28:45 +0100] "GET / HTTP/1.1" 200 3274 "http://cleaning-uborka.ru/" "Mozilla/4.0 (compatible; MSIE 6.0; Windows NT 5.2; Win64; AMD64)"
46.119.119.184 - - [08/Dec/2014:17:28:46 +0100] "GET / HTTP/1.1" 200 3274 "http://cleaning-uborka.ru/" "Mozilla/4.0 (compatible; MSIE 6.0; Windows NT 5.2; Win64; AMD64)"
178.137.94.34 - - [08/Dec/2014:17:28:47 +0100] "GET / HTTP/1.1" 200 3274 "http://www.germes-trans.com/poleznaya-informaciya/sovremennaya-rol-logistiki-v-upravlenii-biznesom.html" "Mozilla/4.0 (compatible; MSIE 6.0; Windows NT 5.1; SV1; .NET CLR 1.1.4322)"
178.137.94.34 - - [08/Dec/2014:17:28:47 +0100] "GET / HTTP/1.1" 200 3274 "http://www.germes-trans.com/poleznaya-informaciya/sovremennaya-rol-logistiki-v-upravlenii-biznesom.html" "Mozilla/4.0 (compatible; MSIE 6.0; Windows NT 5.1; SV1; .NET CLR 1.1.4322)"
178.137.94.34 - - [08/Dec/2014:17:28:48 +0100] "GET / HTTP/1.1" 200 3274 "http://www.germes-trans.com/poleznaya-informaciya/sovremennaya-rol-logistiki-v-upravlenii-biznesom.html" "Mozilla/4.0 (compatible; MSIE 6.0; Windows NT 5.1; SV1; .NET CLR 1.1.4322)"
119.63.196.55 - - [08/Dec/2014:17:29:10 +0100] "GET / HTTP/1.1" 200 3274 "-" "Mozilla/5.0 (compatible; Baiduspider/2.0; +http://www.baidu.com/search/spider.html)"
218.30.103.135 - - [08/Dec/2014:21:11:47 +0100] "GET / HTTP/1.1" 200 3274 "-" "Sogou web spider/4.0(+http://www.sogou.com/docs/help/webmasters.htm#07)"
218.30.103.135 - - [08/Dec/2014:21:12:07 +0100] "GET /robots.txt HTTP/1.1" 404 1256 "-" "Sogou web spider/4.0(+http://www.sogou.com/docs/help/webmasters.htm#07)"
195.242.218.133 - - [08/Dec/2014:21:14:47 +0100] "GET / HTTP/1.1" 200 3274 "http://orgbase.biz/" "Mozilla/4.0 (compatible; MSIE 6.0; Windows NT 5.2; WOW64; SV1; .NET CLR 2.0.50727)"
195.242.218.133 - - [08/Dec/2014:21:14:49 +0100] "GET / HTTP/1.1" 200 3274 "http://orgbase.biz/" "Mozilla/4.0 (compatible; MSIE 6.0; Windows NT 5.2; WOW64; SV1; .NET CLR 2.0.50727)"
195.242.218.133 - - [08/Dec/2014:21:14:50 +0100] "GET / HTTP/1.1" 200 3274 "http://orgbase.biz/" "Mozilla/4.0 (compatible; MSIE 6.0; Windows NT 5.2; WOW64; SV1; .NET CLR 2.0.50727)"
157.55.39.79 - - [08/Dec/2014:21:29:00 +0100] "GET /robots.txt HTTP/1.1" 404 1256 "-" "Mozilla/5.0 (compatible; bingbot/2.0; +http://www.bing.com/bingbot.htm)"
157.55.39.79 - - [08/Dec/2014:21:29:30 +0100] "GET / HTTP/1.1" 200 3274 "-" "Mozilla/5.0 (compatible; bingbot/2.0; +http://www.bing.com/bingbot.htm)"
217.251.216.160 - - [08/Dec/2014:22:26:03 +0100] "GET / HTTP/1.1" 200 3274 "http://www.bigfinder.de/?c=ws&q=online&v=1" "Mozilla/5.0 (Windows NT 6.1; WOW64; Trident/7.0; rv:11.0) like Gecko"
87.138.73.2 - - [08/Dec/2014:23:41:48 +0100] "HEAD / HTTP/1.1" 200 - "-" "Xenu Link Sleuth/1.3.8"
87.138.73.2 - - [08/Dec/2014:23:48:35 +0100] "HEAD /index.html HTTP/1.1" 200 - "-" "Xenu Link Sleuth/1.3.8"
46.119.119.184 - - [09/Dec/2014:01:13:54 +0100] "GET / HTTP/1.1" 200 3274 "http://fabrikaperevodov.ru/" "Mozilla/4.0 (compatible; MSIE 6.0; Windows NT 5.1; en) Opera 9.0"
46.119.119.184 - - [09/Dec/2014:01:13:55 +0100] "GET / HTTP/1.1" 200 3274 "http://fabrikaperevodov.ru/" "Mozilla/4.0 (compatible; MSIE 6.0; Windows NT 5.1; en) Opera 9.0"
46.119.119.184 - - [09/Dec/2014:01:13:55 +0100] "GET / HTTP/1.1" 200 3274 "http://fabrikaperevodov.ru/" "Mozilla/4.0 (compatible; MSIE 6.0; Windows NT 5.1; en) Opera 9.0"
180.153.236.179 - - [09/Dec/2014:03:15:48 +0100] "GET / HTTP/1.1" 200 3274 "http://www.dialyse-falkensee.de/" "Mozilla/5.0 (compatible; MSIE 9.0; Windows NT 6.1; Trident/5.0); 360Spider"
91.207.8.46 - - [09/Dec/2014:03:43:29 +0100] "GET / HTTP/1.1" 200 3274 "http://taximytishi.ru/" "Mozilla/4.0 (compatible; MSIE 5.0; Windows 2000) Opera 6.0 [en]"
91.207.8.46 - - [09/Dec/2014:03:43:29 +0100] "GET / HTTP/1.1" 200 3274 "http://taximytishi.ru/" "Mozilla/4.0 (compatible; MSIE 5.0; Windows 2000) Opera 6.0 [en]"
91.207.8.46 - - [09/Dec/2014:03:43:30 +0100] "GET / HTTP/1.1" 200 3274 "http://taximytishi.ru/" "Mozilla/4.0 (compatible; MSIE 5.0; Windows 2000) Opera 6.0 [en]"
66.249.65.159 - - [09/Dec/2014:04:30:46 +0100] "GET / HTTP/1.1" 200 3274 "-" "Mozilla/5.0 (iPhone; CPU iPhone OS 6_0 like Mac OS X) AppleWebKit/536.26 (KHTML, like Gecko) Version/6.0 Mobile/10A5376e Safari/8536.25 (compatible; Googlebot/2.1; +http://www.google.com/bot.html)"
178.137.165.25 - - [09/Dec/2014:07:03:33 +0100] "GET / HTTP/1.1" 200 3274 "http://flowersun.msk.ru/" "Opera/9.01 (Windows NT 5.1; U; en)"
178.137.165.25 - - [09/Dec/2014:07:03:34 +0100] "GET / HTTP/1.1" 200 3274 "http://flowersun.msk.ru/" "Opera/9.01 (Windows NT 5.1; U; en)"
178.137.165.25 - - [09/Dec/2014:07:03:34 +0100] "GET / HTTP/1.1" 200 3274 "http://flowersun.msk.ru/" "Opera/9.01 (Windows NT 5.1; U; en)"
46.119.119.184 - - [09/Dec/2014:07:06:31 +0100] "GET / HTTP/1.1" 200 3274 "http://xxart.ru/" "Mozilla/4.0 (compatible; MSIE 6.0; Windows NT 5.1) Opera 7.54 [en]"
46.119.119.184 - - [09/Dec/2014:07:06:31 +0100] "GET / HTTP/1.1" 200 3274 "http://xxart.ru/" "Mozilla/4.0 (compatible; MSIE 6.0; Windows NT 5.1) Opera 7.54 [en]"
46.119.119.184 - - [09/Dec/2014:07:06:32 +0100] "GET / HTTP/1.1" 200 3274 "http://xxart.ru/" "Mozilla/4.0 (compatible; MSIE 6.0; Windows NT 5.1) Opera 7.54 [en]"
178.137.94.34 - - [09/Dec/2014:07:16:28 +0100] "GET / HTTP/1.1" 200 3274 "http://altezza.travel/" "Mozilla/4.0 (compatible; MSIE 6.0; Windows NT 5.1; SV1; FunWebProducts)"
178.137.94.34 - - [09/Dec/2014:07:16:29 +0100] "GET / HTTP/1.1" 200 3274 "http://ridder.asia/" "Mozilla/4.0 (compatible; MSIE 6.0; Windows NT 5.0; .NET CLR 1.0.3705; .NET CLR 1.1.4322)"
178.137.94.34 - - [09/Dec/2014:07:16:29 +0100] "GET / HTTP/1.1" 200 3274 "http://altezza.travel/" "Mozilla/4.0 (compatible; MSIE 6.0; Windows NT 5.1; SV1; FunWebProducts)"
178.137.94.34 - - [09/Dec/2014:07:16:29 +0100] "GET / HTTP/1.1" 200 3274 "http://altezza.travel/" "Mozilla/4.0 (compatible; MSIE 6.0; Windows NT 5.1; SV1; FunWebProducts)"
178.137.94.34 - - [09/Dec/2014:07:16:30 +0100] "GET / HTTP/1.1" 200 3274 "http://ridder.asia/" "Mozilla/4.0 (compatible; MSIE 6.0; Windows NT 5.0; .NET CLR 1.0.3705; .NET CLR 1.1.4322)"
178.137.94.34 - - [09/Dec/2014:07:16:30 +0100] "GET / HTTP/1.1" 200 3274 "http://ridder.asia/" "Mozilla/4.0 (compatible; MSIE 6.0; Windows NT 5.0; .NET CLR 1.0.3705; .NET CLR 1.1.4322)"
218.30.103.135 - - [09/Dec/2014:07:31:29 +0100] "GET /js/bootstrap.min.js HTTP/1.1" 200 25764 "-" "Sogou web spider/4.0(+http://www.sogou.com/docs/help/webmasters.htm#07)"
141.8.147.12 - - [09/Dec/2014:08:40:52 +0100] "GET /robots.txt HTTP/1.1" 404 1256 "-" "Mozilla/5.0 (compatible; YandexBot/3.0; +http://yandex.com/bots)"
91.207.8.46 - - [09/Dec/2014:09:57:09 +0100] "GET / HTTP/1.1" 200 3274 "http://dosug-lux.ru/" "Mozilla/4.0 (compatible; MSIE 6.0; Windows NT 5.1; SV1; .NET CLR 1.1.4322) NS8/0.9.6"
91.207.8.46 - - [09/Dec/2014:09:57:10 +0100] "GET / HTTP/1.1" 200 3274 "http://dosug-lux.ru/" "Mozilla/4.0 (compatible; MSIE 6.0; Windows NT 5.1; SV1; .NET CLR 1.1.4322) NS8/0.9.6"
91.207.8.46 - - [09/Dec/2014:09:57:10 +0100] "GET / HTTP/1.1" 200 3274 "http://dosug-lux.ru/" "Mozilla/4.0 (compatible; MSIE 6.0; Windows NT 5.1; SV1; .NET CLR 1.1.4322) NS8/0.9.6"
46.119.119.184 - - [09/Dec/2014:12:53:47 +0100] "GET / HTTP/1.1" 200 3274 "http://fabrikaperevodov.ru/" "Mozilla/4.0 (compatible; MSIE 6.0; Windows NT 5.1; SV1; Media Center PC"
178.137.94.34 - - [09/Dec/2014:12:53:47 +0100] "GET / HTTP/1.1" 200 3274 "http://thewomenlife.com/" "Mozilla/4.0 (compatible; MSIE 6.0; Windows NT 5.1; SV1; Media Center PC"
46.119.119.184 - - [09/Dec/2014:12:53:48 +0100] "GET / HTTP/1.1" 200 3274 "http://fabrikaperevodov.ru/" "Mozilla/4.0 (compatible; MSIE 6.0; Windows NT 5.1; SV1; Media Center PC"
178.137.94.34 - - [09/Dec/2014:12:53:48 +0100] "GET / HTTP/1.1" 200 3274 "http://thewomenlife.com/" "Mozilla/4.0 (compatible; MSIE 6.0; Windows NT 5.1; SV1; Media Center PC"
46.119.119.184 - - [09/Dec/2014:12:53:48 +0100] "GET / HTTP/1.1" 200 3274 "http://fabrikaperevodov.ru/" "Mozilla/4.0 (compatible; MSIE 6.0; Windows NT 5.1; SV1; Media Center PC"
178.137.94.34 - - [09/Dec/2014:12:53:48 +0100] "GET / HTTP/1.1" 200 3274 "http://thewomenlife.com/" "Mozilla/4.0 (compatible; MSIE 6.0; Windows NT 5.1; SV1; Media Center PC"
82.193.99.33 - - [09/Dec/2014:13:20:37 +0100] "GET / HTTP/1.1" 200 3274 "http://serialsway.ucoz.ru/" "Mozilla/3.0 (compatible; WebCapture 2.0; Auto; Windows)"
82.193.99.33 - - [09/Dec/2014:13:20:37 +0100] "GET / HTTP/1.1" 200 3274 "http://serialsway.ucoz.ru/" "Mozilla/3.0 (compatible; WebCapture 2.0; Auto; Windows)"
82.193.99.33 - - [09/Dec/2014:13:20:38 +0100] "GET / HTTP/1.1" 200 3274 "http://serialsway.ucoz.ru/" "Mozilla/3.0 (compatible; WebCapture 2.0; Auto; Windows)"
91.64.158.214 - - [09/Dec/2014:14:19:40 +0100] "GET / HTTP/1.1" 200 3274 "http://www.google.de/url?sa=t&rct=j&q=&esrc=s&source=web&cd=3&sqi=2&ved=0CC8QFjAC&url=http%3A%2F%2Fwww.dialyse-falkensee.de%2F&ei=dvaGVO38LJHgaImPgOgK&usg=AFQjCNECgXXq-DVOeCPbM1zyqacv9mR2gg&sig2=32Qp0g-Hg8uGzhctCnT92g&bvm=bv.81449611,d.d2s" "Mozilla/5.0 (Windows NT 6.0; rv:32.0) Gecko/20100101 Firefox/32.0"
91.64.158.214 - - [09/Dec/2014:14:19:40 +0100] "GET /css/bootstrap-responsive.min.css HTTP/1.1" 200 16520 "http://www.dialyse-falkensee.de/" "Mozilla/5.0 (Windows NT 6.0; rv:32.0) Gecko/20100101 Firefox/32.0"
91.64.158.214 - - [09/Dec/2014:14:19:40 +0100] "GET /ico/favicon.ico HTTP/1.1" 404 1256 "-" "Mozilla/5.0 (Windows NT 6.0; rv:32.0) Gecko/20100101 Firefox/32.0"
91.64.158.214 - - [09/Dec/2014:14:19:40 +0100] "GET /css/bootstrap.min.css HTTP/1.1" 200 101265 "http://www.dialyse-falkensee.de/" "Mozilla/5.0 (Windows NT 6.0; rv:32.0) Gecko/20100101 Firefox/32.0"
91.64.158.214 - - [09/Dec/2014:14:19:41 +0100] "GET /js/bootstrap.min.js HTTP/1.1" 200 25764 "http://www.dialyse-falkensee.de/" "Mozilla/5.0 (Windows NT 6.0; rv:32.0) Gecko/20100101 Firefox/32.0"
141.8.147.12 - - [09/Dec/2014:14:49:45 +0100] "GET / HTTP/1.1" 200 3274 "-" "Mozilla/5.0 (compatible; YandexBot/3.0; +http://yandex.com/bots)"
178.137.165.25 - - [09/Dec/2014:15:13:50 +0100] "GET / HTTP/1.1" 200 3274 "http://boleznikogi.com/" "Mozilla/4.0 (compatible; MSIE 5.5; Windows NT 4.0; .NET CLR 1.0.2914)"
178.137.165.25 - - [09/Dec/2014:15:13:51 +0100] "GET / HTTP/1.1" 200 3274 "http://boleznikogi.com/" "Mozilla/4.0 (compatible; MSIE 5.5; Windows NT 4.0; .NET CLR 1.0.2914)"
178.137.165.25 - - [09/Dec/2014:15:13:52 +0100] "GET / HTTP/1.1" 200 3274 "http://boleznikogi.com/" "Mozilla/4.0 (compatible; MSIE 5.5; Windows NT 4.0; .NET CLR 1.0.2914)"
180.153.236.177 - - [09/Dec/2014:15:14:53 +0100] "GET / HTTP/1.1" 200 3274 "http://www.dialyse-falkensee.de/" "Mozilla/5.0 (compatible; MSIE 9.0; Windows NT 6.1; Trident/5.0); 360Spider"
178.255.215.76 - - [09/Dec/2014:17:07:05 +0100] "GET /robots.txt HTTP/1.1" 404 1256 "-" "Mozilla/5.0 (compatible; Exabot/3.0; +http://www.exabot.com/go/robot)"
178.255.215.76 - - [09/Dec/2014:17:07:05 +0100] "GET / HTTP/1.1" 304 - "-" "Mozilla/5.0 (compatible; Exabot/3.0; +http://www.exabot.com/go/robot)"
119.63.196.103 - - [09/Dec/2014:17:27:11 +0100] "GET / HTTP/1.1" 200 3274 "-" "Mozilla/5.0 (compatible; Baiduspider/2.0; +http://www.baidu.com/search/spider.html)"
77.178.154.21 - - [09/Dec/2014:19:04:27 +0100] "GET / HTTP/1.1" 200 3274 "https://www.google.de/" "Mozilla/5.0 (iPad; CPU OS 8_1_1 like Mac OS X) AppleWebKit/600.1.4 (KHTML, like Gecko) Version/8.0 Mobile/12B435 Safari/600.1.4"
77.178.154.21 - - [09/Dec/2014:19:04:27 +0100] "GET /css/bootstrap-responsive.min.css HTTP/1.1" 200 16520 "http://www.dialyse-falkensee.de/" "Mozilla/5.0 (iPad; CPU OS 8_1_1 like Mac OS X) AppleWebKit/600.1.4 (KHTML, like Gecko) Version/8.0 Mobile/12B435 Safari/600.1.4"
77.178.154.21 - - [09/Dec/2014:19:04:27 +0100] "GET /js/bootstrap.min.js HTTP/1.1" 200 25764 "http://www.dialyse-falkensee.de/" "Mozilla/5.0 (iPad; CPU OS 8_1_1 like Mac OS X) AppleWebKit/600.1.4 (KHTML, like Gecko) Version/8.0 Mobile/12B435 Safari/600.1.4"
77.178.154.21 - - [09/Dec/2014:19:04:27 +0100] "GET /css/bootstrap.min.css HTTP/1.1" 200 101265 "http://www.dialyse-falkensee.de/" "Mozilla/5.0 (iPad; CPU OS 8_1_1 like Mac OS X) AppleWebKit/600.1.4 (KHTML, like Gecko) Version/8.0 Mobile/12B435 Safari/600.1.4"
77.178.154.21 - - [09/Dec/2014:19:04:55 +0100] "GET / HTTP/1.1" 200 3274 "-" "Mozilla/5.0 (iPad; CPU OS 8_1_1 like Mac OS X) AppleWebKit/600.1.4 (KHTML, like Gecko) Version/8.0 Mobile/12B435 Safari/600.1.4"
77.178.154.21 - - [09/Dec/2014:19:04:55 +0100] "GET /css/bootstrap.min.css HTTP/1.1" 304 - "http://www.dialyse-falkensee.de/" "Mozilla/5.0 (iPad; CPU OS 8_1_1 like Mac OS X) AppleWebKit/600.1.4 (KHTML, like Gecko) Version/8.0 Mobile/12B435 Safari/600.1.4"
77.178.154.21 - - [09/Dec/2014:19:04:55 +0100] "GET /css/bootstrap-responsive.min.css HTTP/1.1" 304 - "http://www.dialyse-falkensee.de/" "Mozilla/5.0 (iPad; CPU OS 8_1_1 like Mac OS X) AppleWebKit/600.1.4 (KHTML, like Gecko) Version/8.0 Mobile/12B435 Safari/600.1.4"
77.178.154.21 - - [09/Dec/2014:19:04:55 +0100] "GET /js/bootstrap.min.js HTTP/1.1" 304 - "http://www.dialyse-falkensee.de/" "Mozilla/5.0 (iPad; CPU OS 8_1_1 like Mac OS X) AppleWebKit/600.1.4 (KHTML, like Gecko) Version/8.0 Mobile/12B435 Safari/600.1.4"
77.178.154.21 - - [09/Dec/2014:19:05:08 +0100] "GET / HTTP/1.1" 200 3274 "-" "Mozilla/5.0 (iPad; CPU OS 8_1_1 like Mac OS X) AppleWebKit/600.1.4 (KHTML, like Gecko) Version/8.0 Mobile/12B435 Safari/600.1.4"
