222.239.162.7 - - [01/Dec/2014:00:05:11 +0100] "GET /robots.txt HTTP/1.1" 404 1256 "http://search.daum.net/" "Mozilla/5.0 (compatible; MSIE or Firefox mutant; not on Windows server; + http://tab.search.daum.net/aboutWebSearch.html) Daumoa/3.0"
222.239.162.7 - - [01/Dec/2014:00:05:12 +0100] "GET / HTTP/1.1" 200 3274 "http://search.daum.net/" "Mozilla/5.0 (compatible; MSIE or Firefox mutant; not on Windows server; + http://tab.search.daum.net/aboutWebSearch.html) Daumoa/3.0"
157.55.39.79 - - [01/Dec/2014:01:06:44 +0100] "GET / HTTP/1.1" 200 3274 "-" "Mozilla/5.0 (compatible; bingbot/2.0; +http://www.bing.com/bingbot.htm)"
134.249.76.28 - - [01/Dec/2014:01:12:55 +0100] "GET / HTTP/1.1" 200 3274 "http://www.kamchatkabear.ru/" "Mozilla/4.0 (compatible; MSIE 5.0; Windows 3.1)"
134.249.76.28 - - [01/Dec/2014:01:12:56 +0100] "GET / HTTP/1.1" 200 3274 "http://www.kamchatkabear.ru/" "Mozilla/4.0 (compatible; MSIE 5.0; Windows 3.1)"
134.249.76.28 - - [01/Dec/2014:01:12:56 +0100] "GET / HTTP/1.1" 200 3274 "http://www.kamchatkabear.ru/" "Mozilla/4.0 (compatible; MSIE 5.0; Windows 3.1)"
27.153.251.209 - - [01/Dec/2014:01:35:47 +0100] "GET / HTTP/1.1" 200 3274 "-" "Mozilla/4.0 (compatible; MSIE 6.0; Windows NT 5.1; SV1; Mozilla/4.0 (compatible; MSIE 6.0; Windows NT 5.1; SV1) ; .NET CLR 1.0.3705)"
66.249.78.44 - - [01/Dec/2014:04:08:18 +0100] "GET /robots.txt HTTP/1.1" 404 1256 "-" "Mozilla/5.0 (compatible; Googlebot/2.1; +http://www.google.com/bot.html)"
66.249.78.51 - - [01/Dec/2014:04:08:19 +0100] "GET / HTTP/1.1" 200 3274 "-" "Mozilla/5.0 (compatible; Googlebot/2.1; +http://www.google.com/bot.html)"
198.143.187.202 - - [01/Dec/2014:06:01:05 +0100] "GET /robots.txt HTTP/1.1" 404 1256 "-" "Mozilla/5.0 (compatible; BLEXBot/1.0; +http://webmeup-crawler.com/)"
198.143.187.202 - - [01/Dec/2014:06:01:07 +0100] "GET / HTTP/1.1" 200 3274 "-" "Mozilla/5.0 (compatible; BLEXBot/1.0; +http://webmeup-crawler.com/)"
93.219.193.49 - - [01/Dec/2014:08:17:34 +0100] "GET /ico/favicon.ico HTTP/1.1" 404 1256 "http://www.google.com/" "Mozilla/5.0 (Linux; Android 4.3; C5303 Build/12.1.A.1.205) AppleWebKit/537.36 (KHTML, like Gecko) Chrome/39.0.2171.59 Mobile Safari/537.36"
178.137.161.93 - - [01/Dec/2014:10:28:29 +0100] "GET / HTTP/1.1" 200 3274 "http://best-vps.ru/" "Mozilla/4.0 (compatible; MSIE 6.0; Windows NT 5.1; TheFreeDictionary.com; .NET CLR 1.1.4322; .NET CLR 1.0.3705; .NET CLR 2.0.50727)"
178.137.161.93 - - [01/Dec/2014:10:28:29 +0100] "GET / HTTP/1.1" 200 3274 "http://anti-radari.ru/" "Mozilla/4.0 (compatible; MSIE 6.0; Windows NT 5.1; TheFreeDictionary.com; .NET CLR 1.1.4322; .NET CLR 1.0.3705; .NET CLR 2.0.50727)"
178.137.161.93 - - [01/Dec/2014:10:28:29 +0100] "GET / HTTP/1.1" 200 3274 "http://best-vps.ru/" "Mozilla/4.0 (compatible; MSIE 6.0; Windows NT 5.1; TheFreeDictionary.com; .NET CLR 1.1.4322; .NET CLR 1.0.3705; .NET CLR 2.0.50727)"
178.137.161.93 - - [01/Dec/2014:10:28:30 +0100] "GET / HTTP/1.1" 200 3274 "http://best-vps.ru/" "Mozilla/4.0 (compatible; MSIE 6.0; Windows NT 5.1; TheFreeDictionary.com; .NET CLR 1.1.4322; .NET CLR 1.0.3705; .NET CLR 2.0.50727)"
195.242.218.133 - - [01/Dec/2014:10:56:43 +0100] "GET / HTTP/1.1" 200 3274 "http://brutforyou.blogspot.com/" "Mozilla/4.0 (compatible; MSIE 6.0; Windows NT 5.1; MRA 4.3 (build 01218); .NET CLR 1.1.4322)"
195.242.218.133 - - [01/Dec/2014:10:56:44 +0100] "GET / HTTP/1.1" 200 3274 "http://brutforyou.blogspot.com/" "Mozilla/4.0 (compatible; MSIE 6.0; Windows NT 5.1; MRA 4.3 (build 01218); .NET CLR 1.1.4322)"
195.242.218.133 - - [01/Dec/2014:10:56:46 +0100] "GET / HTTP/1.1" 200 3274 "http://brutforyou.blogspot.com/" "Mozilla/4.0 (compatible; MSIE 6.0; Windows NT 5.1; MRA 4.3 (build 01218); .NET CLR 1.1.4322)"
207.46.13.129 - - [01/Dec/2014:11:36:10 +0100] "GET /robots.txt HTTP/1.1" 404 1256 "-" "Mozilla/5.0 (compatible; bingbot/2.0; +http://www.bing.com/bingbot.htm)"
207.46.13.129 - - [01/Dec/2014:11:36:19 +0100] "GET /home.htm HTTP/1.1" 404 1256 "-" "Mozilla/5.0 (compatible; bingbot/2.0; +http://www.bing.com/bingbot.htm)"
192.99.107.172 - - [01/Dec/2014:14:09:22 +0100] "GET /robots.txt HTTP/1.1" 404 1256 "-" "Mozilla/5.0 (compatible; meanpathbot/1.0; +http://www.meanpath.com/meanpathbot.html)"
192.99.107.172 - - [01/Dec/2014:14:09:22 +0100] "GET / HTTP/1.1" 200 3274 "-" "Mozilla/5.0 (compatible; meanpathbot/1.0; +http://www.meanpath.com/meanpathbot.html)"
157.55.39.79 - - [01/Dec/2014:16:06:22 +0100] "GET / HTTP/1.1" 200 3274 "-" "Mozilla/5.0 (compatible; bingbot/2.0; +http://www.bing.com/bingbot.htm)"
199.30.24.203 - - [01/Dec/2014:16:06:24 +0100] "GET /css/bootstrap-responsive.min.css HTTP/1.1" 200 16520 "http://www.dialyse-falkensee.de/" "Mozilla/5.0 (Windows NT 6.1; WOW64) AppleWebKit/534+ (KHTML, like Gecko) BingPreview/1.0b"
199.30.24.203 - - [01/Dec/2014:16:06:24 +0100] "GET /css/bootstrap.min.css HTTP/1.1" 200 101265 "http://www.dialyse-falkensee.de/" "Mozilla/5.0 (Windows NT 6.1; WOW64) AppleWebKit/534+ (KHTML, like Gecko) BingPreview/1.0b"
199.30.24.203 - - [01/Dec/2014:16:06:25 +0100] "GET /js/bootstrap.min.js HTTP/1.1" 200 25764 "http://www.dialyse-falkensee.de/" "Mozilla/5.0 (Windows NT 6.1; WOW64) AppleWebKit/534+ (KHTML, like Gecko) BingPreview/1.0b"
207.46.13.132 - - [01/Dec/2014:16:06:52 +0100] "GET /robots.txt HTTP/1.1" 404 1256 "-" "Mozilla/5.0 (compatible; bingbot/2.0; +http://www.bing.com/bingbot.htm)"
46.119.123.190 - - [01/Dec/2014:17:38:55 +0100] "GET / HTTP/1.1" 200 3274 "http://mug-na-chas-moscow.ru/" "Mozilla/4.0 (compatible; MSIE 6.0; Windows NT 5.0; Avant Browser [avantbrowser.com]; Hotbar 4.4.5.0)"
46.119.123.190 - - [01/Dec/2014:17:38:55 +0100] "GET / HTTP/1.1" 200 3274 "http://mug-na-chas-moscow.ru/" "Mozilla/4.0 (compatible; MSIE 6.0; Windows NT 5.0; Avant Browser [avantbrowser.com]; Hotbar 4.4.5.0)"
46.119.123.190 - - [01/Dec/2014:17:38:56 +0100] "GET / HTTP/1.1" 200 3274 "http://mug-na-chas-moscow.ru/" "Mozilla/4.0 (compatible; MSIE 6.0; Windows NT 5.0; Avant Browser [avantbrowser.com]; Hotbar 4.4.5.0)"
178.137.94.34 - - [01/Dec/2014:17:38:56 +0100] "GET / HTTP/1.1" 200 3274 "http://uiutdom.ru/" "Mozilla/4.0 (compatible; MSIE 6.0; Windows NT 5.0; KTXN)"
178.137.94.34 - - [01/Dec/2014:17:38:57 +0100] "GET / HTTP/1.1" 200 3274 "http://uiutdom.ru/" "Mozilla/4.0 (compatible; MSIE 6.0; Windows NT 5.0; KTXN)"
83.149.126.98 - - [01/Dec/2014:17:46:22 +0100] "GET /robots.txt HTTP/1.0" 404 1256 "-" "Mozilla/5.0 (compatible; MJ12bot/v1.4.5; http://www.majestic12.co.uk/bot.php?+)"
83.149.126.98 - - [01/Dec/2014:17:46:23 +0100] "GET / HTTP/1.0" 200 3274 "-" "Mozilla/5.0 (compatible; MJ12bot/v1.4.5; http://www.majestic12.co.uk/bot.php?+)"
85.25.210.189 - - [01/Dec/2014:19:30:58 +0100] "GET / HTTP/1.1" 200 3274 "-" "Python-urllib/2.7"
218.30.103.135 - - [01/Dec/2014:21:12:30 +0100] "GET / HTTP/1.1" 200 3274 "-" "Sogou web spider/4.0(+http://www.sogou.com/docs/help/webmasters.htm#07)"
218.30.103.135 - - [01/Dec/2014:21:12:52 +0100] "GET /robots.txt HTTP/1.1" 404 1256 "-" "Sogou web spider/4.0(+http://www.sogou.com/docs/help/webmasters.htm#07)"
157.55.39.79 - - [01/Dec/2014:22:24:01 +0100] "GET / HTTP/1.1" 200 3274 "-" "Mozilla/5.0 (compatible; bingbot/2.0; +http://www.bing.com/bingbot.htm)"
178.137.161.93 - - [01/Dec/2014:23:29:11 +0100] "GET / HTTP/1.1" 200 3274 "http://www.video12.ru/" "Mozilla/4.0 (compatible; MSIE 6.0; Windows NT 5.1; FREE; .NET CLR 1.1.4322)"
178.137.161.93 - - [01/Dec/2014:23:29:12 +0100] "GET / HTTP/1.1" 200 3274 "http://www.video12.ru/" "Mozilla/4.0 (compatible; MSIE 6.0; Windows NT 5.1; FREE; .NET CLR 1.1.4322)"
178.137.161.93 - - [01/Dec/2014:23:29:12 +0100] "GET / HTTP/1.1" 200 3274 "http://www.video12.ru/" "Mozilla/4.0 (compatible; MSIE 6.0; Windows NT 5.1; FREE; .NET CLR 1.1.4322)"
46.119.123.190 - - [01/Dec/2014:23:31:31 +0100] "GET / HTTP/1.1" 200 3274 "https://www.tattooreligion.ru/" "Mozilla/4.0 (compatible; MSIE 6.0; Windows NT 5.2; Win64; AMD64)"
46.119.123.190 - - [01/Dec/2014:23:31:31 +0100] "GET / HTTP/1.1" 200 3274 "https://www.tattooreligion.ru/" "Mozilla/4.0 (compatible; MSIE 6.0; Windows NT 5.2; Win64; AMD64)"
46.119.123.190 - - [01/Dec/2014:23:31:32 +0100] "GET / HTTP/1.1" 200 3274 "https://www.tattooreligion.ru/" "Mozilla/4.0 (compatible; MSIE 6.0; Windows NT 5.2; Win64; AMD64)"
178.137.94.34 - - [01/Dec/2014:23:54:25 +0100] "GET / HTTP/1.1" 200 3274 "http://altezza.travel/" "Mozilla/4.0 (compatible; MSIE 5.5; Windows NT 4.0; .NET CLR 1.0.2914)"
178.137.94.34 - - [01/Dec/2014:23:54:25 +0100] "GET / HTTP/1.1" 200 3274 "http://altezza.travel/" "Mozilla/4.0 (compatible; MSIE 5.5; Windows NT 4.0; .NET CLR 1.0.2914)"
178.137.94.34 - - [01/Dec/2014:23:54:26 +0100] "GET / HTTP/1.1" 200 3274 "http://altezza.travel/" "Mozilla/4.0 (compatible; MSIE 5.5; Windows NT 4.0; .NET CLR 1.0.2914)"
66.249.78.51 - - [02/Dec/2014:01:22:07 +0100] "GET /robots.txt HTTP/1.1" 404 1256 "-" "Mozilla/5.0 (compatible; Googlebot/2.1; +http://www.google.com/bot.html)"
66.249.78.51 - - [02/Dec/2014:01:22:07 +0100] "GET / HTTP/1.1" 200 3274 "-" "SAMSUNG-SGH-E250/1.0 Profile/MIDP-2.0 Configuration/CLDC-1.1 UP.Browser/6.2.3.3.c.1.101 (GUI) MMP/2.0 (compatible; Googlebot-Mobile/2.1; +http://www.google.com/bot.html)"
91.207.8.46 - - [02/Dec/2014:05:16:13 +0100] "GET / HTTP/1.1" 200 3274 "http://remont-ustanovka-tehniki.ru/" "Mozilla/5.0 (Windows NT 5.1; U; en) Opera 8.01"
91.207.8.46 - - [02/Dec/2014:05:16:14 +0100] "GET / HTTP/1.1" 200 3274 "http://remont-ustanovka-tehniki.ru/" "Mozilla/5.0 (Windows NT 5.1; U; en) Opera 8.01"
91.207.8.46 - - [02/Dec/2014:05:16:15 +0100] "GET / HTTP/1.1" 200 3274 "http://remont-ustanovka-tehniki.ru/" "Mozilla/5.0 (Windows NT 5.1; U; en) Opera 8.01"
134.249.76.28 - - [02/Dec/2014:05:25:11 +0100] "GET / HTTP/1.1" 200 3274 "http://kupitmishku.ru/" "Mozilla/2.0 (compatible; MSIE 3.02; Windows CE; 240x320)"
134.249.76.28 - - [02/Dec/2014:05:25:11 +0100] "GET / HTTP/1.1" 200 3274 "http://kupitmishku.ru/" "Mozilla/2.0 (compatible; MSIE 3.02; Windows CE; 240x320)"
134.249.76.28 - - [02/Dec/2014:05:25:12 +0100] "GET / HTTP/1.1" 200 3274 "http://kupitmishku.ru/" "Mozilla/2.0 (compatible; MSIE 3.02; Windows CE; 240x320)"
46.119.123.190 - - [02/Dec/2014:07:03:35 +0100] "GET / HTTP/1.1" 200 3274 "http://vprosmotre.ucoz.ru/" "Mozilla/4.0 (compatible; MSIE 6.0; Windows NT 5.1; ru) Opera 8.01"
178.137.94.34 - - [02/Dec/2014:07:03:36 +0100] "GET / HTTP/1.1" 200 3274 "http://www.germes-trans.com/poleznaya-informaciya/sovremennaya-rol-logistiki-v-upravlenii-biznesom.html" "Mozilla/4.0 (compatible; MSIE 6.0; Windows NT 5.1; SV1; InfoPath.1"
46.119.123.190 - - [02/Dec/2014:07:03:36 +0100] "GET / HTTP/1.1" 200 3274 "http://vprosmotre.ucoz.ru/" "Mozilla/4.0 (compatible; MSIE 6.0; Windows NT 5.1; ru) Opera 8.01"
178.137.94.34 - - [02/Dec/2014:07:03:36 +0100] "GET / HTTP/1.1" 200 3274 "http://www.germes-trans.com/poleznaya-informaciya/sovremennaya-rol-logistiki-v-upravlenii-biznesom.html" "Mozilla/4.0 (compatible; MSIE 6.0; Windows NT 5.1; SV1; InfoPath.1"
46.119.123.190 - - [02/Dec/2014:07:03:36 +0100] "GET / HTTP/1.1" 200 3274 "http://vprosmotre.ucoz.ru/" "Mozilla/4.0 (compatible; MSIE 6.0; Windows NT 5.1; ru) Opera 8.01"
178.137.94.34 - - [02/Dec/2014:07:03:40 +0100] "GET / HTTP/1.1" 200 3274 "http://www.germes-trans.com/poleznaya-informaciya/sovremennaya-rol-logistiki-v-upravlenii-biznesom.html" "Mozilla/4.0 (compatible; MSIE 6.0; Windows NT 5.1; SV1; InfoPath.1"
37.139.52.23 - - [02/Dec/2014:07:38:17 +0100] "GET / HTTP/1.1" 200 3274 "http://ulibka-baby.com.ua/" "Mozilla/4.0 (compatible; MSIE 6.0; Windows NT 5.1; SV1; Media Center PC"
37.139.52.23 - - [02/Dec/2014:07:38:17 +0100] "GET / HTTP/1.1" 200 3274 "http://ulibka-baby.com.ua/" "Mozilla/4.0 (compatible; MSIE 6.0; Windows NT 5.1; SV1; Media Center PC"
37.139.52.23 - - [02/Dec/2014:07:38:18 +0100] "GET / HTTP/1.1" 200 3274 "http://ulibka-baby.com.ua/" "Mozilla/4.0 (compatible; MSIE 6.0; Windows NT 5.1; SV1; Media Center PC"
66.249.64.86 - - [02/Dec/2014:10:12:58 +0100] "GET / HTTP/1.1" 200 3274 "-" "Mozilla/5.0 (iPhone; CPU iPhone OS 6_0 like Mac OS X) AppleWebKit/536.26 (KHTML, like Gecko) Version/6.0 Mobile/10A5376e Safari/8536.25 (compatible; Googlebot/2.1; +http://www.google.com/bot.html)"
109.120.157.179 - - [02/Dec/2014:10:25:53 +0100] "GET / HTTP/1.1" 200 3274 "http://www.artparquet.ru/" "Mozilla/5.0 (compatible; Add Catalog/2.1;)"
109.120.157.179 - - [02/Dec/2014:10:25:54 +0100] "GET / HTTP/1.1" 200 3274 "http://www.artparquet.ru/" "Mozilla/5.0 (compatible; Add Catalog/2.1;)"
109.120.157.179 - - [02/Dec/2014:10:25:54 +0100] "GET / HTTP/1.1" 200 3274 "http://www.artparquet.ru/" "Mozilla/5.0 (compatible; Add Catalog/2.1;)"
91.64.224.99 - - [02/Dec/2014:13:05:24 +0100] "GET / HTTP/1.1" 200 3274 "http://www.blnp.de/index.php?id=51" "Mozilla/5.0 (compatible; MSIE 10.0; Windows NT 6.1; WOW64; Trident/6.0)"
91.64.224.99 - - [02/Dec/2014:13:05:24 +0100] "GET /css/bootstrap-responsive.min.css HTTP/1.1" 200 16520 "http://www.dialyse-falkensee.de/" "Mozilla/5.0 (compatible; MSIE 10.0; Windows NT 6.1; WOW64; Trident/6.0)"
91.64.224.99 - - [02/Dec/2014:13:05:24 +0100] "GET /js/bootstrap.min.js HTTP/1.1" 200 25764 "http://www.dialyse-falkensee.de/" "Mozilla/5.0 (compatible; MSIE 10.0; Windows NT 6.1; WOW64; Trident/6.0)"
91.64.224.99 - - [02/Dec/2014:13:05:24 +0100] "GET /css/bootstrap.min.css HTTP/1.1" 200 101265 "http://www.dialyse-falkensee.de/" "Mozilla/5.0 (compatible; MSIE 10.0; Windows NT 6.1; WOW64; Trident/6.0)"
91.64.224.99 - - [02/Dec/2014:13:05:25 +0100] "GET /ico/favicon.ico HTTP/1.1" 404 1256 "-" "Mozilla/5.0 (compatible; MSIE 10.0; Windows NT 6.1; WOW64; Trident/6.0)"
46.119.123.190 - - [02/Dec/2014:14:12:50 +0100] "GET / HTTP/1.1" 200 3274 "http://smart-halyava.com/" "Mozilla/4.0 (compatible; MSIE 5.5; Windows NT 5.0)"
178.137.94.34 - - [02/Dec/2014:14:12:50 +0100] "GET / HTTP/1.1" 200 3274 "http://www.kvartira-sutochno.com/" "Mozilla/4.0 (compatible; MSIE 5.5; Windows NT 5.0)"
46.119.123.190 - - [02/Dec/2014:14:12:50 +0100] "GET / HTTP/1.1" 200 3274 "http://smart-halyava.com/" "Mozilla/4.0 (compatible; MSIE 5.5; Windows NT 5.0)"
178.137.94.34 - - [02/Dec/2014:14:12:50 +0100] "GET / HTTP/1.1" 200 3274 "http://www.kvartira-sutochno.com/" "Mozilla/4.0 (compatible; MSIE 5.5; Windows NT 5.0)"
46.119.123.190 - - [02/Dec/2014:14:12:51 +0100] "GET / HTTP/1.1" 200 3274 "http://smart-halyava.com/" "Mozilla/4.0 (compatible; MSIE 5.5; Windows NT 5.0)"
178.137.94.34 - - [02/Dec/2014:14:12:51 +0100] "GET / HTTP/1.1" 200 3274 "http://www.kvartira-sutochno.com/" "Mozilla/4.0 (compatible; MSIE 5.5; Windows NT 5.0)"
91.207.8.46 - - [02/Dec/2014:14:16:52 +0100] "GET / HTTP/1.1" 200 3274 "http://1kino.com/" "Mozilla/4.0 (compatible; MSIE 6.0; Windows ME) Opera 7.11 [en]"
91.207.8.46 - - [02/Dec/2014:14:16:53 +0100] "GET / HTTP/1.1" 200 3274 "http://1kino.com/" "Mozilla/4.0 (compatible; MSIE 6.0; Windows ME) Opera 7.11 [en]"
91.207.8.46 - - [02/Dec/2014:14:17:03 +0100] "GET / HTTP/1.1" 200 3274 "http://1kino.com/" "Mozilla/4.0 (compatible; MSIE 6.0; Windows ME) Opera 7.11 [en]"
178.137.161.93 - - [02/Dec/2014:15:18:26 +0100] "GET / HTTP/1.1" 200 3274 "http://pornogig.com/" "Mozilla/4.0 (compatible; MSIE 5.5; Windows NT 4.0; .NET CLR 1.0.2914)"
178.137.161.93 - - [02/Dec/2014:15:18:26 +0100] "GET / HTTP/1.1" 200 3274 "http://pornogig.com/" "Mozilla/4.0 (compatible; MSIE 5.5; Windows NT 4.0; .NET CLR 1.0.2914)"
178.137.161.93 - - [02/Dec/2014:15:18:27 +0100] "GET / HTTP/1.1" 200 3274 "http://pornogig.com/" "Mozilla/4.0 (compatible; MSIE 5.5; Windows NT 4.0; .NET CLR 1.0.2914)"
157.55.39.79 - - [02/Dec/2014:16:21:04 +0100] "GET /robots.txt HTTP/1.1" 404 1256 "-" "Mozilla/5.0 (compatible; bingbot/2.0; +http://www.bing.com/bingbot.htm)"
157.55.39.79 - - [02/Dec/2014:16:21:21 +0100] "GET / HTTP/1.1" 200 3274 "-" "Mozilla/5.0 (compatible; bingbot/2.0; +http://www.bing.com/bingbot.htm)"
27.153.251.209 - - [02/Dec/2014:16:48:09 +0100] "GET / HTTP/1.1" 200 3274 "-" "Mozilla/4.0 (compatible; MSIE 6.0; Windows NT 5.1)"
188.165.15.13 - - [02/Dec/2014:21:52:17 +0100] "GET /robots.txt HTTP/1.1" 404 1256 "-" "Mozilla/5.0 (compatible; AhrefsBot/5.0; +http://ahrefs.com/robot/)"
46.119.126.9 - - [02/Dec/2014:23:23:07 +0100] "GET / HTTP/1.1" 200 3274 "http://taximytishi.ru/" "Mozilla/4.0 (compatible; MSIE 6.0; Windows NT 5.2; WOW64; SV1; .NET CLR 2.0.50727)"
46.119.126.9 - - [02/Dec/2014:23:23:07 +0100] "GET / HTTP/1.1" 200 3274 "http://www.na-verh.ru/" "Mozilla/4.0 (compatible; MSIE 6.0; Windows NT 5.2; WOW64; SV1; .NET CLR 2.0.50727)"
46.119.126.9 - - [02/Dec/2014:23:23:07 +0100] "GET / HTTP/1.1" 200 3274 "http://taximytishi.ru/" "Mozilla/4.0 (compatible; MSIE 6.0; Windows NT 5.2; WOW64; SV1; .NET CLR 2.0.50727)"
46.119.126.9 - - [02/Dec/2014:23:23:07 +0100] "GET / HTTP/1.1" 200 3274 "http://www.na-verh.ru/" "Mozilla/4.0 (compatible; MSIE 6.0; Windows NT 5.2; WOW64; SV1; .NET CLR 2.0.50727)"
46.119.126.9 - - [02/Dec/2014:23:23:07 +0100] "GET / HTTP/1.1" 200 3274 "http://taximytishi.ru/" "Mozilla/4.0 (compatible; MSIE 6.0; Windows NT 5.2; WOW64; SV1; .NET CLR 2.0.50727)"
46.119.126.9 - - [02/Dec/2014:23:23:07 +0100] "GET / HTTP/1.1" 200 3274 "http://www.na-verh.ru/" "Mozilla/4.0 (compatible; MSIE 6.0; Windows NT 5.2; WOW64; SV1; .NET CLR 2.0.50727)"
96.22.11.7 - - [03/Dec/2014:00:36:49 +0100] "GET / HTTP/1.1" 200 3274 "-" "Mozilla/5.0"
96.22.11.7 - - [03/Dec/2014:00:49:34 +0100] "GET / HTTP/1.1" 200 3274 "-" "Mozilla/5.0"
46.119.119.184 - - [03/Dec/2014:06:35:47 +0100] "GET / HTTP/1.1" 200 3274 "http://www.a-parusa.ru/" "Mozilla/3.0 (x86 [en] Windows NT 5.1; Sun)"
46.119.119.184 - - [03/Dec/2014:06:35:47 +0100] "GET / HTTP/1.1" 200 3274 "http://www.a-parusa.ru/" "Mozilla/3.0 (x86 [en] Windows NT 5.1; Sun)"
178.137.94.34 - - [03/Dec/2014:06:35:49 +0100] "GET / HTTP/1.1" 200 3274 "http://thewomenlife.com/" "Mozilla/4.0 (compatible; MSIE 6.0; Windows NT 5.1; SV1; .NET CLR 1.1.4322)"
178.137.94.34 - - [03/Dec/2014:06:35:50 +0100] "GET / HTTP/1.1" 200 3274 "http://thewomenlife.com/" "Mozilla/4.0 (compatible; MSIE 6.0; Windows NT 5.1; SV1; .NET CLR 1.1.4322)"
178.137.94.34 - - [03/Dec/2014:06:35:50 +0100] "GET / HTTP/1.1" 200 3274 "http://thewomenlife.com/" "Mozilla/4.0 (compatible; MSIE 6.0; Windows NT 5.1; SV1; .NET CLR 1.1.4322)"
46.119.119.184 - - [03/Dec/2014:06:35:51 +0100] "GET / HTTP/1.1" 200 3274 "http://www.a-parusa.ru/" "Mozilla/3.0 (x86 [en] Windows NT 5.1; Sun)"
84.139.159.12 - - [03/Dec/2014:07:17:43 +0100] "GET / HTTP/1.1" 200 3274 "http://www.google.de/url?sa=t&rct=j&q=&esrc=s&source=web&cd=1&ved=0CCMQFjAA&url=http%3A%2F%2Fwww.dialyse-falkensee.de%2F&ei=6Kp-VNDsNMHyOM3JgYAG&usg=AFQjCNECgXXq-DVOeCPbM1zyqacv9mR2gg&bvm=bv.80642063,d.ZWU" "Mozilla/5.0 (Windows NT 6.1; rv:32.0) Gecko/20100101 Firefox/32.0"
84.139.159.12 - - [03/Dec/2014:07:17:43 +0100] "GET /css/bootstrap-responsive.min.css HTTP/1.1" 200 16520 "http://www.dialyse-falkensee.de/" "Mozilla/5.0 (Windows NT 6.1; rv:32.0) Gecko/20100101 Firefox/32.0"
84.139.159.12 - - [03/Dec/2014:07:17:43 +0100] "GET /ico/favicon.ico HTTP/1.1" 404 1256 "-" "Mozilla/5.0 (Windows NT 6.1; rv:32.0) Gecko/20100101 Firefox/32.0"
84.139.159.12 - - [03/Dec/2014:07:17:43 +0100] "GET /ico/favicon.ico HTTP/1.1" 404 1256 "-" "Mozilla/5.0 (Windows NT 6.1; rv:32.0) Gecko/20100101 Firefox/32.0"
84.139.159.12 - - [03/Dec/2014:07:17:43 +0100] "GET /css/bootstrap.min.css HTTP/1.1" 200 101265 "http://www.dialyse-falkensee.de/" "Mozilla/5.0 (Windows NT 6.1; rv:32.0) Gecko/20100101 Firefox/32.0"
84.139.159.12 - - [03/Dec/2014:07:17:44 +0100] "GET /js/bootstrap.min.js HTTP/1.1" 200 25764 "http://www.dialyse-falkensee.de/" "Mozilla/5.0 (Windows NT 6.1; rv:32.0) Gecko/20100101 Firefox/32.0"
84.139.159.12 - - [03/Dec/2014:07:18:38 +0100] "GET /favicon.ico HTTP/1.1" 404 1256 "-" "Mozilla/5.0 (Windows NT 6.1; rv:32.0) Gecko/20100101 Firefox/32.0"
84.139.159.12 - - [03/Dec/2014:07:18:38 +0100] "GET /favicon.ico HTTP/1.1" 404 1256 "-" "Mozilla/5.0 (Windows NT 6.1; rv:32.0) Gecko/20100101 Firefox/32.0"
188.165.15.206 - - [03/Dec/2014:07:44:56 +0100] "GET / HTTP/1.1" 200 3274 "-" "Mozilla/5.0 (compatible; AhrefsBot/5.0; +http://ahrefs.com/robot/)"
91.207.8.46 - - [03/Dec/2014:09:03:14 +0100] "GET / HTTP/1.1" 200 3274 "http://master-remont-tehniki.ru/" "Mozilla/4.0 (compatible; MSIE 6.0; Windows 98; Win 9x 4.90; Creative)"
91.207.8.46 - - [03/Dec/2014:09:03:14 +0100] "GET / HTTP/1.1" 200 3274 "http://master-remont-tehniki.ru/" "Mozilla/4.0 (compatible; MSIE 6.0; Windows 98; Win 9x 4.90; Creative)"
91.207.8.46 - - [03/Dec/2014:09:03:15 +0100] "GET / HTTP/1.1" 200 3274 "http://master-remont-tehniki.ru/" "Mozilla/4.0 (compatible; MSIE 6.0; Windows 98; Win 9x 4.90; Creative)"
109.120.157.179 - - [03/Dec/2014:11:36:16 +0100] "GET / HTTP/1.1" 200 3274 "http://doska-vsem.ru/" "Mozilla/5.0 (compatible; Add Catalog/2.1;)"
109.120.157.179 - - [03/Dec/2014:11:36:17 +0100] "GET / HTTP/1.1" 200 3274 "http://doska-vsem.ru/" "Mozilla/5.0 (compatible; Add Catalog/2.1;)"
109.120.157.179 - - [03/Dec/2014:11:36:17 +0100] "GET / HTTP/1.1" 200 3274 "http://doska-vsem.ru/" "Mozilla/5.0 (compatible; Add Catalog/2.1;)"
157.55.39.79 - - [03/Dec/2014:11:55:41 +0100] "GET / HTTP/1.1" 200 3274 "-" "Mozilla/5.0 (compatible; bingbot/2.0; +http://www.bing.com/bingbot.htm)"
46.119.126.9 - - [03/Dec/2014:14:11:10 +0100] "GET / HTTP/1.1" 200 3274 "http://1fe.ru/" "Mozilla/4.0 (compatible; MSIE 6.0; Windows NT 5.1; SV1; InfoPath.1"
46.119.126.9 - - [03/Dec/2014:14:11:11 +0100] "GET / HTTP/1.1" 200 3274 "http://1fe.ru/" "Mozilla/4.0 (compatible; MSIE 6.0; Windows NT 5.1; SV1; InfoPath.1"
46.119.126.9 - - [03/Dec/2014:14:11:11 +0100] "GET / HTTP/1.1" 200 3274 "http://1fe.ru/" "Mozilla/4.0 (compatible; MSIE 6.0; Windows NT 5.1; SV1; InfoPath.1"
46.119.119.184 - - [03/Dec/2014:14:12:00 +0100] "GET / HTTP/1.1" 200 3274 "http://vprosmotre.ucoz.ru/" "Mozilla/4.0 (compatible; MSIE 6.0; Windows NT 5.2; Win64; x64; SV1; .NET CLR 2.0.50727)"
46.119.119.184 - - [03/Dec/2014:14:12:00 +0100] "GET / HTTP/1.1" 200 3274 "http://vprosmotre.ucoz.ru/" "Mozilla/4.0 (compatible; MSIE 6.0; Windows NT 5.2; Win64; x64; SV1; .NET CLR 2.0.50727)"
46.119.119.184 - - [03/Dec/2014:14:12:01 +0100] "GET / HTTP/1.1" 200 3274 "http://vprosmotre.ucoz.ru/" "Mozilla/4.0 (compatible; MSIE 6.0; Windows NT 5.2; Win64; x64; SV1; .NET CLR 2.0.50727)"
178.137.94.34 - - [03/Dec/2014:14:12:40 +0100] "GET / HTTP/1.1" 200 3274 "http://fin48.ru/" "Mozilla/4.0 (compatible; MSIE 6.0; Windows NT 5.2; WOW64; SV1; .NET CLR 2.0.50727)"
178.137.94.34 - - [03/Dec/2014:14:12:40 +0100] "GET / HTTP/1.1" 200 3274 "http://fin48.ru/" "Mozilla/4.0 (compatible; MSIE 6.0; Windows NT 5.2; WOW64; SV1; .NET CLR 2.0.50727)"
178.137.94.34 - - [03/Dec/2014:14:12:40 +0100] "GET / HTTP/1.1" 200 3274 "http://makedo.ru/" "Mozilla/4.0 (compatible; MSIE 6.0; Windows NT 5.2; WOW64; SV1; .NET CLR 2.0.50727)"
178.137.94.34 - - [03/Dec/2014:14:12:41 +0100] "GET / HTTP/1.1" 200 3274 "http://fin48.ru/" "Mozilla/4.0 (compatible; MSIE 6.0; Windows NT 5.2; WOW64; SV1; .NET CLR 2.0.50727)"
178.137.94.34 - - [03/Dec/2014:14:12:41 +0100] "GET / HTTP/1.1" 200 3274 "http://makedo.ru/" "Mozilla/4.0 (compatible; MSIE 6.0; Windows NT 5.2; WOW64; SV1; .NET CLR 2.0.50727)"
178.137.94.34 - - [03/Dec/2014:14:12:45 +0100] "GET / HTTP/1.1" 200 3274 "http://makedo.ru/" "Mozilla/4.0 (compatible; MSIE 6.0; Windows NT 5.2; WOW64; SV1; .NET CLR 2.0.50727)"
46.119.119.184 - - [03/Dec/2014:21:12:21 +0100] "GET / HTTP/1.1" 200 3274 "http://jjbabskoe.ru/" "Mozilla/4.0 (compatible; MSIE 6.0; Windows NT 5.1; KKman2.0)"
46.119.119.184 - - [03/Dec/2014:21:12:22 +0100] "GET / HTTP/1.1" 200 3274 "http://jjbabskoe.ru/" "Mozilla/4.0 (compatible; MSIE 6.0; Windows NT 5.1; KKman2.0)"
46.119.119.184 - - [03/Dec/2014:21:12:22 +0100] "GET / HTTP/1.1" 200 3274 "http://jjbabskoe.ru/" "Mozilla/4.0 (compatible; MSIE 6.0; Windows NT 5.1; KKman2.0)"
178.137.94.34 - - [03/Dec/2014:21:14:12 +0100] "GET / HTTP/1.1" 200 3274 "http://investsuccess.org/" "Mozilla/4.0 (compatible; MSIE 6.0; Windows NT 5.0; Avant Browser [avantbrowser.com]; Hotbar 4.4.5.0)"
178.137.94.34 - - [03/Dec/2014:21:14:12 +0100] "GET / HTTP/1.1" 200 3274 "http://investsuccess.org/" "Mozilla/4.0 (compatible; MSIE 6.0; Windows NT 5.0; Avant Browser [avantbrowser.com]; Hotbar 4.4.5.0)"
178.137.94.34 - - [03/Dec/2014:21:14:12 +0100] "GET / HTTP/1.1" 200 3274 "http://investsuccess.org/" "Mozilla/4.0 (compatible; MSIE 6.0; Windows NT 5.0; Avant Browser [avantbrowser.com]; Hotbar 4.4.5.0)"
178.137.165.25 - - [03/Dec/2014:22:07:39 +0100] "GET / HTTP/1.1" 200 3274 "http://xn-----8kcnijgeam1andnpi2aq8m.xn--p1ai/" "Mozilla/4.0 (compatible; MSIE 6.0; Windows NT 5.2; Win64; x64; SV1; .NET CLR 2.0.50727)"
178.137.165.25 - - [03/Dec/2014:22:07:39 +0100] "GET / HTTP/1.1" 200 3274 "http://pornogig.com/" "Mozilla/4.0 (compatible; MSIE 6.0; Windows NT 5.1; SV1; .NET CLR 1.1.4322; XMPP Tiscali Communicator v.10.0.2; .NET CLR 2.0.50727)"
178.137.165.25 - - [03/Dec/2014:22:07:39 +0100] "GET / HTTP/1.1" 200 3274 "http://xn-----8kcnijgeam1andnpi2aq8m.xn--p1ai/" "Mozilla/4.0 (compatible; MSIE 6.0; Windows NT 5.2; Win64; x64; SV1; .NET CLR 2.0.50727)"
178.137.165.25 - - [03/Dec/2014:22:07:39 +0100] "GET / HTTP/1.1" 200 3274 "http://pornogig.com/" "Mozilla/4.0 (compatible; MSIE 6.0; Windows NT 5.1; SV1; .NET CLR 1.1.4322; XMPP Tiscali Communicator v.10.0.2; .NET CLR 2.0.50727)"
178.137.165.25 - - [03/Dec/2014:22:07:39 +0100] "GET / HTTP/1.1" 200 3274 "http://xn-----8kcnijgeam1andnpi2aq8m.xn--p1ai/" "Mozilla/4.0 (compatible; MSIE 6.0; Windows NT 5.2; Win64; x64; SV1; .NET CLR 2.0.50727)"
178.137.165.25 - - [03/Dec/2014:22:07:39 +0100] "GET / HTTP/1.1" 200 3274 "http://pornogig.com/" "Mozilla/4.0 (compatible; MSIE 6.0; Windows NT 5.1; SV1; .NET CLR 1.1.4322; XMPP Tiscali Communicator v.10.0.2; .NET CLR 2.0.50727)"
195.242.218.133 - - [03/Dec/2014:23:15:59 +0100] "GET / HTTP/1.1" 200 3274 "http://brutforyou.blogspot.com/" "Mozilla/4.61 [en] (X11; U; ) - BrowseX (2.0.0 Windows)"
195.242.218.133 - - [03/Dec/2014:23:16:02 +0100] "GET / HTTP/1.1" 200 3274 "http://brutforyou.blogspot.com/" "Mozilla/4.61 [en] (X11; U; ) - BrowseX (2.0.0 Windows)"
195.242.218.133 - - [03/Dec/2014:23:16:05 +0100] "GET / HTTP/1.1" 200 3274 "http://brutforyou.blogspot.com/" "Mozilla/4.61 [en] (X11; U; ) - BrowseX (2.0.0 Windows)"
91.207.8.46 - - [04/Dec/2014:02:31:32 +0100] "GET / HTTP/1.1" 200 3274 "http://farmville-2.ru/" "Mozilla/4.0 (compatible; MSIE 6.0; Windows NT 5.1; SV1; YPC 3.0.2; .NET CLR 1.1.4322; yplus 4.4.02b)"
91.207.8.46 - - [04/Dec/2014:02:31:33 +0100] "GET / HTTP/1.1" 200 3274 "http://farmville-2.ru/" "Mozilla/4.0 (compatible; MSIE 6.0; Windows NT 5.1; SV1; YPC 3.0.2; .NET CLR 1.1.4322; yplus 4.4.02b)"
91.207.8.46 - - [04/Dec/2014:02:31:33 +0100] "GET / HTTP/1.1" 200 3274 "http://farmville-2.ru/" "Mozilla/4.0 (compatible; MSIE 6.0; Windows NT 5.1; SV1; YPC 3.0.2; .NET CLR 1.1.4322; yplus 4.4.02b)"
134.249.76.28 - - [04/Dec/2014:03:11:40 +0100] "GET / HTTP/1.1" 200 3274 "http://www.detsky.ru/detsad-mebel/" "Mozilla/4.0 (compatible; MSIE 6.0; Windows 98; Win 9x 4.90)"
134.249.76.28 - - [04/Dec/2014:03:11:40 +0100] "GET / HTTP/1.1" 200 3274 "http://www.detsky.ru/detsad-mebel/" "Mozilla/4.0 (compatible; MSIE 6.0; Windows 98; Win 9x 4.90)"
134.249.76.28 - - [04/Dec/2014:03:11:41 +0100] "GET / HTTP/1.1" 200 3274 "http://www.detsky.ru/detsad-mebel/" "Mozilla/4.0 (compatible; MSIE 6.0; Windows 98; Win 9x 4.90)"
46.119.119.184 - - [04/Dec/2014:03:26:15 +0100] "GET / HTTP/1.1" 200 3274 "http://fabrikaperevodov.ru/" "Mozilla/4.0 (compatible; MSIE 7.0b; Windows NT 6.0 ; .NET CLR 2.0.50215; SL Commerce Client v1.0; Tablet PC 2.0"
46.119.119.184 - - [04/Dec/2014:03:26:16 +0100] "GET / HTTP/1.1" 200 3274 "http://fabrikaperevodov.ru/" "Mozilla/4.0 (compatible; MSIE 7.0b; Windows NT 6.0 ; .NET CLR 2.0.50215; SL Commerce Client v1.0; Tablet PC 2.0"
46.119.119.184 - - [04/Dec/2014:03:26:16 +0100] "GET / HTTP/1.1" 200 3274 "http://fabrikaperevodov.ru/" "Mozilla/4.0 (compatible; MSIE 7.0b; Windows NT 6.0 ; .NET CLR 2.0.50215; SL Commerce Client v1.0; Tablet PC 2.0"
178.137.94.34 - - [04/Dec/2014:03:26:29 +0100] "GET / HTTP/1.1" 200 3274 "http://internet-apteka.ru/" "Mozilla/4.0 (compatible; MSIE 6.0; Windows NT 5.1; SV1; .NET CLR 1.1.4322; .NET CLR 2.0.50727)"
178.137.94.34 - - [04/Dec/2014:03:26:30 +0100] "GET / HTTP/1.1" 200 3274 "http://internet-apteka.ru/" "Mozilla/4.0 (compatible; MSIE 6.0; Windows NT 5.1; SV1; .NET CLR 1.1.4322; .NET CLR 2.0.50727)"
178.137.94.34 - - [04/Dec/2014:03:26:31 +0100] "GET / HTTP/1.1" 200 3274 "http://internet-apteka.ru/" "Mozilla/4.0 (compatible; MSIE 6.0; Windows NT 5.1; SV1; .NET CLR 1.1.4322; .NET CLR 2.0.50727)"
96.22.11.7 - - [04/Dec/2014:03:55:26 +0100] "GET / HTTP/1.1" 200 3274 "-" "Mozilla/5.0"
178.137.165.25 - - [04/Dec/2014:04:47:03 +0100] "GET / HTTP/1.1" 200 3274 "http://boleznikogi.com/" "Mozilla/4.0 (compatible; MSIE 6.0; Windows NT 5.1; KKman2.0)"
178.137.165.25 - - [04/Dec/2014:04:47:04 +0100] "GET / HTTP/1.1" 200 3274 "http://boleznikogi.com/" "Mozilla/4.0 (compatible; MSIE 6.0; Windows NT 5.1; KKman2.0)"
141.8.147.12 - - [04/Dec/2014:06:23:00 +0100] "GET /robots.txt HTTP/1.1" 404 1256 "-" "Mozilla/5.0 (compatible; YandexBot/3.0; +http://yandex.com/bots)"
141.8.147.12 - - [04/Dec/2014:06:23:05 +0100] "GET / HTTP/1.1" 200 3274 "-" "Mozilla/5.0 (compatible; YandexBot/3.0; +http://yandex.com/bots)"
93.194.51.136 - - [04/Dec/2014:08:44:23 +0100] "GET / HTTP/1.1" 200 3274 "https://www.google.de/" "Mozilla/5.0 (Linux; Android 4.4.2; de-de; SAMSUNG GT-I9505 Build/KOT49H) AppleWebKit/537.36 (KHTML, like Gecko) Version/1.5 Chrome/28.0.1500.94 Mobile Safari/537.36"
93.194.51.136 - - [04/Dec/2014:08:44:24 +0100] "GET /css/bootstrap-responsive.min.css HTTP/1.1" 200 16520 "http://www.dialyse-falkensee.de/" "Mozilla/5.0 (Linux; Android 4.4.2; de-de; SAMSUNG GT-I9505 Build/KOT49H) AppleWebKit/537.36 (KHTML, like Gecko) Version/1.5 Chrome/28.0.1500.94 Mobile Safari/537.36"
93.194.51.136 - - [04/Dec/2014:08:44:24 +0100] "GET /js/bootstrap.min.js HTTP/1.1" 200 25764 "http://www.dialyse-falkensee.de/" "Mozilla/5.0 (Linux; Android 4.4.2; de-de; SAMSUNG GT-I9505 Build/KOT49H) AppleWebKit/537.36 (KHTML, like Gecko) Version/1.5 Chrome/28.0.1500.94 Mobile Safari/537.36"
93.194.51.136 - - [04/Dec/2014:08:44:23 +0100] "GET /css/bootstrap.min.css HTTP/1.1" 200 101265 "http://www.dialyse-falkensee.de/" "Mozilla/5.0 (Linux; Android 4.4.2; de-de; SAMSUNG GT-I9505 Build/KOT49H) AppleWebKit/537.36 (KHTML, like Gecko) Version/1.5 Chrome/28.0.1500.94 Mobile Safari/537.36"
93.194.51.136 - - [04/Dec/2014:08:44:24 +0100] "GET /img/glyphicons-halflings.png HTTP/1.1" 200 12799 "http://www.dialyse-falkensee.de/" "Mozilla/5.0 (Linux; Android 4.4.2; de-de; SAMSUNG GT-I9505 Build/KOT49H) AppleWebKit/537.36 (KHTML, like Gecko) Version/1.5 Chrome/28.0.1500.94 Mobile Safari/537.36"
93.194.51.136 - - [04/Dec/2014:08:44:24 +0100] "GET /ico/favicon.ico HTTP/1.1" 404 1256 "-" "Mozilla/5.0 (Linux; Android 4.4.2; de-de; SAMSUNG GT-I9505 Build/KOT49H) AppleWebKit/537.36 (KHTML, like Gecko) Version/1.5 Chrome/28.0.1500.94 Mobile Safari/537.36"
157.55.39.79 - - [04/Dec/2014:09:28:40 +0100] "GET / HTTP/1.1" 200 3274 "-" "Mozilla/5.0 (compatible; bingbot/2.0; +http://www.bing.com/bingbot.htm)"
91.33.118.198 - - [04/Dec/2014:11:24:56 +0100] "GET / HTTP/1.1" 200 3274 "http://www.google.de/url?sa=t&rct=j&q=&esrc=s&source=web&cd=5&ved=0CEQQFjAE&url=http%3A%2F%2Fwww.dialyse-falkensee.de%2F&ei=UTaAVMfCG4jfPZffgagF&usg=AFQjCNECgXXq-DVOeCPbM1zyqacv9mR2gg&bvm=bv.80642063,d.ZWU" "Mozilla/5.0 (Windows NT 6.1; Trident/7.0; rv:11.0) like Gecko"
91.33.118.198 - - [04/Dec/2014:11:24:56 +0100] "GET /css/bootstrap-responsive.min.css HTTP/1.1" 200 16520 "http://www.dialyse-falkensee.de/" "Mozilla/5.0 (Windows NT 6.1; Trident/7.0; rv:11.0) like Gecko"
91.33.118.198 - - [04/Dec/2014:11:24:56 +0100] "GET /js/bootstrap.min.js HTTP/1.1" 200 25764 "http://www.dialyse-falkensee.de/" "Mozilla/5.0 (Windows NT 6.1; Trident/7.0; rv:11.0) like Gecko"
91.33.118.198 - - [04/Dec/2014:11:24:56 +0100] "GET /css/bootstrap.min.css HTTP/1.1" 200 101265 "http://www.dialyse-falkensee.de/" "Mozilla/5.0 (Windows NT 6.1; Trident/7.0; rv:11.0) like Gecko"
91.33.118.198 - - [04/Dec/2014:11:24:56 +0100] "GET /ico/favicon.ico HTTP/1.1" 404 1256 "-" "Mozilla/5.0 (Windows NT 6.1; Trident/7.0; rv:11.0) like Gecko"
91.33.118.198 - - [04/Dec/2014:11:24:56 +0100] "GET /favicon.ico HTTP/1.1" 404 1256 "-" "Mozilla/5.0 (Windows NT 6.1; Trident/7.0; rv:11.0) like Gecko"
87.160.156.24 - - [04/Dec/2014:11:42:17 +0100] "GET / HTTP/1.1" 200 3274 "http://www.google.de/url?sa=t&rct=j&q=&esrc=s&source=web&cd=2&ved=0CCsQFjAB&url=http%3A%2F%2Fwww.dialyse-falkensee.de%2F&ei=hTmAVMSWAYHlOOvJgKgF&usg=AFQjCNECgXXq-DVOeCPbM1zyqacv9mR2gg&bvm=bv.80642063,d.ZWU" "Mozilla/5.0 (Windows NT 5.1; rv:33.0) Gecko/20100101 Firefox/33.0"
87.160.156.24 - - [04/Dec/2014:11:42:17 +0100] "GET /css/bootstrap-responsive.min.css HTTP/1.1" 200 16520 "http://www.dialyse-falkensee.de/" "Mozilla/5.0 (Windows NT 5.1; rv:33.0) Gecko/20100101 Firefox/33.0"
87.160.156.24 - - [04/Dec/2014:11:42:17 +0100] "GET /ico/favicon.ico HTTP/1.1" 404 1256 "-" "Mozilla/5.0 (Windows NT 5.1; rv:33.0) Gecko/20100101 Firefox/33.0"
87.160.156.24 - - [04/Dec/2014:11:42:17 +0100] "GET /css/bootstrap.min.css HTTP/1.1" 200 101265 "http://www.dialyse-falkensee.de/" "Mozilla/5.0 (Windows NT 5.1; rv:33.0) Gecko/20100101 Firefox/33.0"
87.160.156.24 - - [04/Dec/2014:11:42:17 +0100] "GET /js/bootstrap.min.js HTTP/1.1" 200 25764 "http://www.dialyse-falkensee.de/" "Mozilla/5.0 (Windows NT 5.1; rv:33.0) Gecko/20100101 Firefox/33.0"
178.137.165.25 - - [04/Dec/2014:13:20:18 +0100] "GET / HTTP/1.1" 200 3274 "http://xn-----8kcnijgeam1andnpi2aq8m.xn--p1ai/" "Mozilla/4.0 (compatible; MSIE 6.0; Windows NT 5.2; Win64; x64; SV1; .NET CLR 2.0.50727)"
178.137.165.25 - - [04/Dec/2014:13:20:18 +0100] "GET / HTTP/1.1" 200 3274 "http://xn-----8kcnijgeam1andnpi2aq8m.xn--p1ai/" "Mozilla/4.0 (compatible; MSIE 6.0; Windows NT 5.2; Win64; x64; SV1; .NET CLR 2.0.50727)"
178.137.165.25 - - [04/Dec/2014:13:20:18 +0100] "GET / HTTP/1.1" 200 3274 "http://xn-----8kcnijgeam1andnpi2aq8m.xn--p1ai/" "Mozilla/4.0 (compatible; MSIE 6.0; Windows NT 5.2; Win64; x64; SV1; .NET CLR 2.0.50727)"
46.119.119.184 - - [04/Dec/2014:13:23:34 +0100] "GET / HTTP/1.1" 200 3274 "http://zena-na-chas-moscow.ru/" "Mozilla/4.0 (compatible; MSIE 6.0; Windows NT 5.1; SV1; .NET CLR 1.1.4322; XMPP Tiscali Communicator v.10.0.2; .NET CLR 2.0.50727)"
46.119.119.184 - - [04/Dec/2014:13:23:35 +0100] "GET / HTTP/1.1" 200 3274 "http://zena-na-chas-moscow.ru/" "Mozilla/4.0 (compatible; MSIE 6.0; Windows NT 5.1; SV1; .NET CLR 1.1.4322; XMPP Tiscali Communicator v.10.0.2; .NET CLR 2.0.50727)"
46.119.119.184 - - [04/Dec/2014:13:23:35 +0100] "GET / HTTP/1.1" 200 3274 "http://zena-na-chas-moscow.ru/" "Mozilla/4.0 (compatible; MSIE 6.0; Windows NT 5.1; SV1; .NET CLR 1.1.4322; XMPP Tiscali Communicator v.10.0.2; .NET CLR 2.0.50727)"
178.137.94.34 - - [04/Dec/2014:13:25:42 +0100] "GET / HTTP/1.1" 200 3274 "http://www.germes-trans.com/poleznaya-informaciya/sovremennaya-rol-logistiki-v-upravlenii-biznesom.html" "Mozilla/4.0 (compatible; MSIE 6.0; Windows NT 5.2; Win64; x64; SV1; .NET CLR 2.0.50727)"
178.137.94.34 - - [04/Dec/2014:13:25:43 +0100] "GET / HTTP/1.1" 200 3274 "http://www.germes-trans.com/poleznaya-informaciya/sovremennaya-rol-logistiki-v-upravlenii-biznesom.html" "Mozilla/4.0 (compatible; MSIE 6.0; Windows NT 5.2; Win64; x64; SV1; .NET CLR 2.0.50727)"
178.137.94.34 - - [04/Dec/2014:13:25:43 +0100] "GET / HTTP/1.1" 200 3274 "http://www.germes-trans.com/poleznaya-informaciya/sovremennaya-rol-logistiki-v-upravlenii-biznesom.html" "Mozilla/4.0 (compatible; MSIE 6.0; Windows NT 5.2; Win64; x64; SV1; .NET CLR 2.0.50727)"
78.52.100.59 - - [04/Dec/2014:16:53:17 +0100] "GET / HTTP/1.1" 200 3274 "https://www.google.de/" "Mozilla/5.0 (Linux; Android 4.4.2; tr-tr; SAMSUNG GT-I9505 Build/KOT49H) AppleWebKit/537.36 (KHTML, like Gecko) Version/1.5 Chrome/28.0.1500.94 Mobile Safari/537.36"
78.52.100.59 - - [04/Dec/2014:16:53:17 +0100] "GET /css/bootstrap-responsive.min.css HTTP/1.1" 200 16520 "http://www.dialyse-falkensee.de/" "Mozilla/5.0 (Linux; Android 4.4.2; tr-tr; SAMSUNG GT-I9505 Build/KOT49H) AppleWebKit/537.36 (KHTML, like Gecko) Version/1.5 Chrome/28.0.1500.94 Mobile Safari/537.36"
78.52.100.59 - - [04/Dec/2014:16:53:17 +0100] "GET /js/bootstrap.min.js HTTP/1.1" 200 25764 "http://www.dialyse-falkensee.de/" "Mozilla/5.0 (Linux; Android 4.4.2; tr-tr; SAMSUNG GT-I9505 Build/KOT49H) AppleWebKit/537.36 (KHTML, like Gecko) Version/1.5 Chrome/28.0.1500.94 Mobile Safari/537.36"
78.52.100.59 - - [04/Dec/2014:16:53:17 +0100] "GET /css/bootstrap.min.css HTTP/1.1" 200 101265 "http://www.dialyse-falkensee.de/" "Mozilla/5.0 (Linux; Android 4.4.2; tr-tr; SAMSUNG GT-I9505 Build/KOT49H) AppleWebKit/537.36 (KHTML, like Gecko) Version/1.5 Chrome/28.0.1500.94 Mobile Safari/537.36"
78.52.100.59 - - [04/Dec/2014:16:53:18 +0100] "GET /img/glyphicons-halflings.png HTTP/1.1" 200 12799 "http://www.dialyse-falkensee.de/" "Mozilla/5.0 (Linux; Android 4.4.2; tr-tr; SAMSUNG GT-I9505 Build/KOT49H) AppleWebKit/537.36 (KHTML, like Gecko) Version/1.5 Chrome/28.0.1500.94 Mobile Safari/537.36"
78.52.100.59 - - [04/Dec/2014:16:53:19 +0100] "GET /ico/favicon.ico HTTP/1.1" 404 1256 "-" "Mozilla/5.0 (Linux; Android 4.4.2; tr-tr; SAMSUNG GT-I9505 Build/KOT49H) AppleWebKit/537.36 (KHTML, like Gecko) Version/1.5 Chrome/28.0.1500.94 Mobile Safari/537.36"
213.144.5.151 - - [04/Dec/2014:20:08:17 +0100] "GET / HTTP/1.1" 200 3274 "-" "Mozilla/5.0 (Windows NT 6.1; WOW64) AppleWebKit/537.11 (KHTML, like Gecko) Chrome/23.0.1271.91 Safari/537.11"
213.144.5.151 - - [04/Dec/2014:20:08:17 +0100] "GET / HTTP/1.1" 200 3274 "-" "Mozilla/5.0 (Windows NT 6.1; WOW64) AppleWebKit/537.11 (KHTML, like Gecko) Chrome/23.0.1271.91 Safari/537.11"
213.144.5.151 - - [04/Dec/2014:20:08:17 +0100] "GET / HTTP/1.1" 200 3274 "-" "Mozilla/5.0 (Windows NT 6.1; WOW64) AppleWebKit/537.11 (KHTML, like Gecko) Chrome/23.0.1271.91 Safari/537.11"
213.144.5.151 - - [04/Dec/2014:20:08:17 +0100] "GET / HTTP/1.1" 200 3274 "-" "Mozilla/5.0 (Windows NT 6.1; WOW64) AppleWebKit/537.11 (KHTML, like Gecko) Chrome/23.0.1271.91 Safari/537.11"
213.144.5.151 - - [04/Dec/2014:20:08:17 +0100] "GET / HTTP/1.1" 200 3274 "-" "Mozilla/5.0 (Windows NT 6.1; WOW64) AppleWebKit/537.11 (KHTML, like Gecko) Chrome/23.0.1271.91 Safari/537.11"
213.144.5.151 - - [04/Dec/2014:20:08:17 +0100] "GET / HTTP/1.1" 200 3274 "-" "Mozilla/5.0 (Windows NT 6.1; WOW64) AppleWebKit/537.11 (KHTML, like Gecko) Chrome/23.0.1271.91 Safari/537.11"
213.144.5.151 - - [04/Dec/2014:20:08:17 +0100] "GET / HTTP/1.1" 200 3274 "-" "Mozilla/5.0 (Windows NT 6.1; WOW64) AppleWebKit/537.11 (KHTML, like Gecko) Chrome/23.0.1271.91 Safari/537.11"
213.144.5.151 - - [04/Dec/2014:20:08:17 +0100] "GET / HTTP/1.1" 200 3274 "-" "Mozilla/5.0 (Windows NT 6.1; WOW64) AppleWebKit/537.11 (KHTML, like Gecko) Chrome/23.0.1271.91 Safari/537.11"
178.137.165.25 - - [04/Dec/2014:20:25:16 +0100] "GET / HTTP/1.1" 200 3274 "http://www.video12.ru/" "Mozilla/4.0 (compatible; MSIE 6.0; Windows NT 5.1; SV1; FunWebProducts; .NET CLR 1.1.4322; PeoplePal 6.2)"
178.137.165.25 - - [04/Dec/2014:20:25:16 +0100] "GET / HTTP/1.1" 200 3274 "http://boleznikogi.com/" "Mozilla/4.0 (compatible; MSIE 6.0; Windows NT 5.1; SV1; FunWebProducts; .NET CLR 1.1.4322; PeoplePal 6.2)"
178.137.165.25 - - [04/Dec/2014:20:25:17 +0100] "GET / HTTP/1.1" 200 3274 "http://www.video12.ru/" "Mozilla/4.0 (compatible; MSIE 6.0; Windows NT 5.1; SV1; FunWebProducts; .NET CLR 1.1.4322; PeoplePal 6.2)"
178.137.165.25 - - [04/Dec/2014:20:25:17 +0100] "GET / HTTP/1.1" 200 3274 "http://boleznikogi.com/" "Mozilla/4.0 (compatible; MSIE 6.0; Windows NT 5.1; SV1; FunWebProducts; .NET CLR 1.1.4322; PeoplePal 6.2)"
178.137.165.25 - - [04/Dec/2014:20:25:17 +0100] "GET / HTTP/1.1" 200 3274 "http://www.video12.ru/" "Mozilla/4.0 (compatible; MSIE 6.0; Windows NT 5.1; SV1; FunWebProducts; .NET CLR 1.1.4322; PeoplePal 6.2)"
178.137.165.25 - - [04/Dec/2014:20:25:17 +0100] "GET / HTTP/1.1" 200 3274 "http://boleznikogi.com/" "Mozilla/4.0 (compatible; MSIE 6.0; Windows NT 5.1; SV1; FunWebProducts; .NET CLR 1.1.4322; PeoplePal 6.2)"
178.137.94.34 - - [05/Dec/2014:00:02:30 +0100] "GET / HTTP/1.1" 200 3274 "http://thewomenlife.com/" "Mozilla/4.0 (compatible; MSIE 6.0; Windows NT 5.1; SV1; .NET CLR 1.1.4322)"
178.137.94.34 - - [05/Dec/2014:00:02:33 +0100] "GET / HTTP/1.1" 200 3274 "http://thewomenlife.com/" "Mozilla/4.0 (compatible; MSIE 6.0; Windows NT 5.1; SV1; .NET CLR 1.1.4322)"
178.137.94.34 - - [05/Dec/2014:00:02:36 +0100] "GET / HTTP/1.1" 200 3274 "http://thewomenlife.com/" "Mozilla/4.0 (compatible; MSIE 6.0; Windows NT 5.1; SV1; .NET CLR 1.1.4322)"
157.55.39.79 - - [05/Dec/2014:00:14:17 +0100] "GET / HTTP/1.1" 200 3274 "-" "Mozilla/5.0 (compatible; bingbot/2.0; +http://www.bing.com/bingbot.htm)"
46.119.119.184 - - [05/Dec/2014:02:50:01 +0100] "GET / HTTP/1.1" 200 3274 "http://ucsol.ru/" "Mozilla/4.0 (compatible; MSIE 6.0; Windows NT 5.1; SV1)"
46.119.119.184 - - [05/Dec/2014:02:50:01 +0100] "GET / HTTP/1.1" 200 3274 "http://ucsol.ru/" "Mozilla/4.0 (compatible; MSIE 6.0; Windows NT 5.1; SV1)"
46.119.119.184 - - [05/Dec/2014:02:50:02 +0100] "GET / HTTP/1.1" 200 3274 "http://ucsol.ru/" "Mozilla/4.0 (compatible; MSIE 6.0; Windows NT 5.1; SV1)"
157.55.39.79 - - [05/Dec/2014:03:08:36 +0100] "GET /robots.txt HTTP/1.1" 404 1256 "-" "Mozilla/5.0 (compatible; bingbot/2.0; +http://www.bing.com/bingbot.htm)"
157.55.39.79 - - [05/Dec/2014:03:08:38 +0100] "GET / HTTP/1.1" 200 3274 "-" "Mozilla/5.0 (compatible; bingbot/2.0; +http://www.bing.com/bingbot.htm)"
77.75.73.36 - - [05/Dec/2014:05:16:23 +0100] "GET /robots.txt HTTP/1.1" 404 1256 "-" "Mozilla/5.0 (compatible; SeznamBot/3.2; +http://fulltext.sblog.cz/)"
77.75.73.36 - - [05/Dec/2014:05:16:23 +0100] "GET / HTTP/1.1" 304 - "-" "Mozilla/5.0 (compatible; SeznamBot/3.2; +http://fulltext.sblog.cz/)"
46.119.119.184 - - [05/Dec/2014:07:54:31 +0100] "GET / HTTP/1.1" 200 3274 "http://smart-halyava.com/" "Mozilla/4.0 (compatible; MSIE 6.0; Windows NT 5.0; T312461)"
46.119.119.184 - - [05/Dec/2014:07:54:32 +0100] "GET / HTTP/1.1" 200 3274 "http://smart-halyava.com/" "Mozilla/4.0 (compatible; MSIE 6.0; Windows NT 5.0; T312461)"
46.119.119.184 - - [05/Dec/2014:07:54:32 +0100] "GET / HTTP/1.1" 200 3274 "http://smart-halyava.com/" "Mozilla/4.0 (compatible; MSIE 6.0; Windows NT 5.0; T312461)"
217.95.201.190 - - [05/Dec/2014:08:35:14 +0100] "GET / HTTP/1.1" 200 3274 "http://www.google.de/url?sa=t&rct=j&q=&esrc=s&source=web&cd=1&ved=0CCMQFjAA&url=http%3A%2F%2Fwww.dialyse-falkensee.de%2F&ei=kF-BVOPAIMfjywP5uoDIDQ&usg=AFQjCNECgXXq-DVOeCPbM1zyqacv9mR2gg&bvm=bv.81177339,d.bGQ" "Mozilla/5.0 (Windows NT 6.1; WOW64; rv:32.0) Gecko/20100101 Firefox/32.0"
217.95.201.190 - - [05/Dec/2014:08:35:15 +0100] "GET /css/bootstrap-responsive.min.css HTTP/1.1" 200 16520 "http://www.dialyse-falkensee.de/" "Mozilla/5.0 (Windows NT 6.1; WOW64; rv:32.0) Gecko/20100101 Firefox/32.0"
217.95.201.190 - - [05/Dec/2014:08:35:15 +0100] "GET /ico/favicon.ico HTTP/1.1" 404 1256 "-" "Mozilla/5.0 (Windows NT 6.1; WOW64; rv:32.0) Gecko/20100101 Firefox/32.0"
217.95.201.190 - - [05/Dec/2014:08:35:15 +0100] "GET /ico/favicon.ico HTTP/1.1" 404 1256 "-" "Mozilla/5.0 (Windows NT 6.1; WOW64; rv:32.0) Gecko/20100101 Firefox/32.0"
217.95.201.190 - - [05/Dec/2014:08:35:15 +0100] "GET /css/bootstrap.min.css HTTP/1.1" 200 101265 "http://www.dialyse-falkensee.de/" "Mozilla/5.0 (Windows NT 6.1; WOW64; rv:32.0) Gecko/20100101 Firefox/32.0"
217.95.201.190 - - [05/Dec/2014:08:35:15 +0100] "GET /js/bootstrap.min.js HTTP/1.1" 200 25764 "http://www.dialyse-falkensee.de/" "Mozilla/5.0 (Windows NT 6.1; WOW64; rv:32.0) Gecko/20100101 Firefox/32.0"
217.95.201.190 - - [05/Dec/2014:08:35:40 +0100] "GET /favicon.ico HTTP/1.1" 404 1256 "-" "Mozilla/5.0 (Windows NT 6.1; WOW64; rv:32.0) Gecko/20100101 Firefox/32.0"
217.95.201.190 - - [05/Dec/2014:08:35:41 +0100] "GET /favicon.ico HTTP/1.1" 404 1256 "-" "Mozilla/5.0 (Windows NT 6.1; WOW64; rv:32.0) Gecko/20100101 Firefox/32.0"
178.137.94.34 - - [05/Dec/2014:08:55:15 +0100] "GET / HTTP/1.1" 200 3274 "http://sexvideo-chat.ru/" "Opera/8.00 (Windows NT 5.1; U; en)"
178.137.94.34 - - [05/Dec/2014:08:55:15 +0100] "GET / HTTP/1.1" 200 3274 "http://sexvideo-chat.ru/" "Opera/8.00 (Windows NT 5.1; U; en)"
178.137.94.34 - - [05/Dec/2014:08:55:17 +0100] "GET / HTTP/1.1" 200 3274 "http://sexvideo-chat.ru/" "Opera/8.00 (Windows NT 5.1; U; en)"
141.8.147.12 - - [05/Dec/2014:09:12:46 +0100] "GET /robots.txt HTTP/1.1" 404 1256 "-" "Mozilla/5.0 (compatible; YandexBot/3.0; +http://yandex.com/bots)"
91.64.81.162 - - [05/Dec/2014:09:22:57 +0100] "GET / HTTP/1.1" 200 3274 "https://www.google.de/" "Mozilla/5.0 (Windows NT 6.3; WOW64) AppleWebKit/537.36 (KHTML, like Gecko) Chrome/39.0.2171.71 Safari/537.36"
91.64.81.162 - - [05/Dec/2014:09:22:57 +0100] "GET /css/bootstrap-responsive.min.css HTTP/1.1" 200 16520 "http://www.dialyse-falkensee.de/" "Mozilla/5.0 (Windows NT 6.3; WOW64) AppleWebKit/537.36 (KHTML, like Gecko) Chrome/39.0.2171.71 Safari/537.36"
91.64.81.162 - - [05/Dec/2014:09:22:57 +0100] "GET /css/bootstrap.min.css HTTP/1.1" 200 101265 "http://www.dialyse-falkensee.de/" "Mozilla/5.0 (Windows NT 6.3; WOW64) AppleWebKit/537.36 (KHTML, like Gecko) Chrome/39.0.2171.71 Safari/537.36"
91.64.81.162 - - [05/Dec/2014:09:22:58 +0100] "GET /js/bootstrap.min.js HTTP/1.1" 200 25764 "http://www.dialyse-falkensee.de/" "Mozilla/5.0 (Windows NT 6.3; WOW64) AppleWebKit/537.36 (KHTML, like Gecko) Chrome/39.0.2171.71 Safari/537.36"
91.64.81.162 - - [05/Dec/2014:09:22:58 +0100] "GET /ico/favicon.ico HTTP/1.1" 404 1256 "-" "Mozilla/5.0 (Windows NT 6.3; WOW64) AppleWebKit/537.36 (KHTML, like Gecko) Chrome/39.0.2171.71 Safari/537.36"
91.64.81.162 - - [05/Dec/2014:09:22:58 +0100] "GET /ico/favicon.ico HTTP/1.1" 404 1256 "-" "Mozilla/5.0 (Windows NT 6.3; WOW64) AppleWebKit/537.36 (KHTML, like Gecko) Chrome/39.0.2171.71 Safari/537.36"
217.231.185.59 - - [05/Dec/2014:10:05:00 +0100] "GET / HTTP/1.1" 200 3274 "http://www.google.de/url?sa=t&rct=j&q=&esrc=s&source=web&cd=1&ved=0CCMQFjAA&url=http%3A%2F%2Fwww.dialyse-falkensee.de%2F&ei=B3WBVLGLDIfMPfn4gcgF&usg=AFQjCNECgXXq-DVOeCPbM1zyqacv9mR2gg&bvm=bv.80642063,d.ZWU" "Mozilla/5.0 (Windows NT 6.1; WOW64; rv:33.0) Gecko/20100101 Firefox/33.0"
217.231.185.59 - - [05/Dec/2014:10:05:00 +0100] "GET /css/bootstrap-responsive.min.css HTTP/1.1" 200 16520 "http://www.dialyse-falkensee.de/" "Mozilla/5.0 (Windows NT 6.1; WOW64; rv:33.0) Gecko/20100101 Firefox/33.0"
217.231.185.59 - - [05/Dec/2014:10:05:00 +0100] "GET /ico/favicon.ico HTTP/1.1" 404 1256 "-" "Mozilla/5.0 (Windows NT 6.1; WOW64; rv:33.0) Gecko/20100101 Firefox/33.0"
217.231.185.59 - - [05/Dec/2014:10:05:00 +0100] "GET /ico/favicon.ico HTTP/1.1" 404 1256 "-" "Mozilla/5.0 (Windows NT 6.1; WOW64; rv:33.0) Gecko/20100101 Firefox/33.0"
217.231.185.59 - - [05/Dec/2014:10:05:00 +0100] "GET /css/bootstrap.min.css HTTP/1.1" 200 101265 "http://www.dialyse-falkensee.de/" "Mozilla/5.0 (Windows NT 6.1; WOW64; rv:33.0) Gecko/20100101 Firefox/33.0"
217.231.185.59 - - [05/Dec/2014:10:05:00 +0100] "GET /js/bootstrap.min.js HTTP/1.1" 200 25764 "http://www.dialyse-falkensee.de/" "Mozilla/5.0 (Windows NT 6.1; WOW64; rv:33.0) Gecko/20100101 Firefox/33.0"
141.8.147.12 - - [05/Dec/2014:12:10:00 +0100] "GET / HTTP/1.1" 200 3274 "-" "Mozilla/5.0 (compatible; YandexBot/3.0; +http://yandex.com/bots)"
80.187.97.65 - - [05/Dec/2014:12:49:50 +0100] "GET / HTTP/1.1" 200 3274 "https://www.google.de/" "Mozilla/5.0 (iPad; CPU OS 7_0_4 like Mac OS X) AppleWebKit/537.51.1 (KHTML, like Gecko) Version/7.0 Mobile/11B554a Safari/9537.53"
80.187.97.65 - - [05/Dec/2014:12:49:50 +0100] "GET /css/bootstrap.min.css HTTP/1.1" 200 101265 "http://www.dialyse-falkensee.de/" "Mozilla/5.0 (iPad; CPU OS 7_0_4 like Mac OS X) AppleWebKit/537.51.1 (KHTML, like Gecko) Version/7.0 Mobile/11B554a Safari/9537.53"
80.187.97.65 - - [05/Dec/2014:12:49:50 +0100] "GET /css/bootstrap-responsive.min.css HTTP/1.1" 200 16520 "http://www.dialyse-falkensee.de/" "Mozilla/5.0 (iPad; CPU OS 7_0_4 like Mac OS X) AppleWebKit/537.51.1 (KHTML, like Gecko) Version/7.0 Mobile/11B554a Safari/9537.53"
80.187.97.65 - - [05/Dec/2014:12:49:50 +0100] "GET /js/bootstrap.min.js HTTP/1.1" 200 25764 "http://www.dialyse-falkensee.de/" "Mozilla/5.0 (iPad; CPU OS 7_0_4 like Mac OS X) AppleWebKit/537.51.1 (KHTML, like Gecko) Version/7.0 Mobile/11B554a Safari/9537.53"
178.137.94.34 - - [05/Dec/2014:13:16:56 +0100] "GET / HTTP/1.1" 200 3274 "http://www.kbaptupa.ru/" "Mozilla/4.0 (compatible; MSIE 6.0; Windows NT 5.1; SV1; .NET CLR 1.1.4322; XMPP Tiscali Communicator v.10.0.2; .NET CLR 2.0.50727)"
178.137.94.34 - - [05/Dec/2014:13:16:56 +0100] "GET / HTTP/1.1" 200 3274 "http://www.kbaptupa.ru/" "Mozilla/4.0 (compatible; MSIE 6.0; Windows NT 5.1; SV1; .NET CLR 1.1.4322; XMPP Tiscali Communicator v.10.0.2; .NET CLR 2.0.50727)"
178.137.94.34 - - [05/Dec/2014:13:16:57 +0100] "GET / HTTP/1.1" 200 3274 "http://www.kbaptupa.ru/" "Mozilla/4.0 (compatible; MSIE 6.0; Windows NT 5.1; SV1; .NET CLR 1.1.4322; XMPP Tiscali Communicator v.10.0.2; .NET CLR 2.0.50727)"
87.160.160.170 - - [05/Dec/2014:16:22:15 +0100] "GET / HTTP/1.1" 200 3274 "http://www.google.de/url?sa=t&rct=j&q=&esrc=s&source=web&cd=1&ved=0CCEQFjAA&url=http%3A%2F%2Fwww.dialyse-falkensee.de%2F&ei=bc2BVK-pB87tO87LgegL&usg=AFQjCNECgXXq-DVOeCPbM1zyqacv9mR2gg&bvm=bv.80642063,d.ZWU" "Mozilla/5.0 (X11; Ubuntu; Linux i686; rv:16.0) Gecko/20100101 Firefox/16.0"
87.160.160.170 - - [05/Dec/2014:16:22:15 +0100] "GET /css/bootstrap-responsive.min.css HTTP/1.1" 200 16520 "http://www.dialyse-falkensee.de/" "Mozilla/5.0 (X11; Ubuntu; Linux i686; rv:16.0) Gecko/20100101 Firefox/16.0"
87.160.160.170 - - [05/Dec/2014:16:22:15 +0100] "GET /js/bootstrap.min.js HTTP/1.1" 200 25764 "http://www.dialyse-falkensee.de/" "Mozilla/5.0 (X11; Ubuntu; Linux i686; rv:16.0) Gecko/20100101 Firefox/16.0"
