66.249.78.45 - - [14/Dec/2014:18:13:25 +0100] "GET / HTTP/1.1" 200 3274 "-" "Mozilla/5.0 (compatible; Googlebot/2.1; +http://www.google.com/bot.html)"
66.249.78.45 - - [14/Dec/2014:18:14:02 +0100] "GET /css/bootstrap.min.css HTTP/1.1" 200 101265 "-" "Mozilla/5.0 (compatible; Googlebot/2.1; +http://www.google.com/bot.html)"
157.55.39.79 - - [14/Dec/2014:19:25:06 +0100] "GET / HTTP/1.1" 200 3274 "-" "Mozilla/5.0 (compatible; bingbot/2.0; +http://www.bing.com/bingbot.htm)"
157.55.39.128 - - [14/Dec/2014:21:57:01 +0100] "GET /home.htm HTTP/1.1" 404 1256 "-" "Mozilla/5.0 (compatible; bingbot/2.0; +http://www.bing.com/bingbot.htm)"
157.55.39.13 - - [14/Dec/2014:22:08:50 +0100] "GET /navi.htm HTTP/1.1" 404 1256 "-" "Mozilla/5.0 (compatible; bingbot/2.0; +http://www.bing.com/bingbot.htm)"
178.137.94.34 - - [15/Dec/2014:01:29:20 +0100] "GET / HTTP/1.1" 200 3274 "http://sexvideo-chat.ru/" "Opera/9.00 (Windows NT 5.1; U; ru)"
178.137.94.34 - - [15/Dec/2014:01:29:21 +0100] "GET / HTTP/1.1" 200 3274 "http://sexvideo-chat.ru/" "Opera/9.00 (Windows NT 5.1; U; ru)"
178.137.94.34 - - [15/Dec/2014:01:29:21 +0100] "GET / HTTP/1.1" 200 3274 "http://sexvideo-chat.ru/" "Opera/9.00 (Windows NT 5.1; U; ru)"
66.249.78.45 - - [15/Dec/2014:04:41:44 +0100] "GET / HTTP/1.1" 200 3274 "-" "Mozilla/5.0 (iPhone; CPU iPhone OS 6_0 like Mac OS X) AppleWebKit/536.26 (KHTML, like Gecko) Version/6.0 Mobile/10A5376e Safari/8536.25 (compatible; Googlebot/2.1; +http://www.google.com/bot.html)"
66.249.64.82 - - [15/Dec/2014:05:45:56 +0100] "GET / HTTP/1.1" 200 3274 "-" "DoCoMo/2.0 N905i(c100;TB;W24H16) (compatible; Googlebot-Mobile/2.1; +http://www.google.com/bot.html)"
141.8.147.12 - - [15/Dec/2014:05:55:47 +0100] "GET /robots.txt HTTP/1.1" 404 1256 "-" "Mozilla/5.0 (compatible; YandexBot/3.0; +http://yandex.com/bots)"
178.137.165.25 - - [15/Dec/2014:06:50:07 +0100] "GET / HTTP/1.1" 200 3274 "http://education-cz.ru/" "Mozilla/4.0 (compatible; MSIE 6.0; Windows NT 5.0; KTXN)"
178.137.165.25 - - [15/Dec/2014:06:50:07 +0100] "GET / HTTP/1.1" 200 3274 "http://photokitchendesign.com/" "Mozilla/4.0 (compatible; MSIE 6.0; Windows NT 5.0; .NET CLR 1.0.3705; .NET CLR 1.1.4322)"
178.137.165.25 - - [15/Dec/2014:06:50:08 +0100] "GET / HTTP/1.1" 200 3274 "http://education-cz.ru/" "Mozilla/4.0 (compatible; MSIE 6.0; Windows NT 5.0; KTXN)"
178.137.165.25 - - [15/Dec/2014:06:50:08 +0100] "GET / HTTP/1.1" 200 3274 "http://photokitchendesign.com/" "Mozilla/4.0 (compatible; MSIE 6.0; Windows NT 5.0; .NET CLR 1.0.3705; .NET CLR 1.1.4322)"
178.137.165.25 - - [15/Dec/2014:06:50:08 +0100] "GET / HTTP/1.1" 200 3274 "http://education-cz.ru/" "Mozilla/4.0 (compatible; MSIE 6.0; Windows NT 5.0; KTXN)"
178.137.165.25 - - [15/Dec/2014:06:50:08 +0100] "GET / HTTP/1.1" 200 3274 "http://photokitchendesign.com/" "Mozilla/4.0 (compatible; MSIE 6.0; Windows NT 5.0; .NET CLR 1.0.3705; .NET CLR 1.1.4322)"
192.99.107.190 - - [15/Dec/2014:08:06:08 +0100] "GET /robots.txt HTTP/1.1" 404 1256 "-" "Mozilla/5.0 (compatible; meanpathbot/1.0; +http://www.meanpath.com/meanpathbot.html)"
192.99.107.190 - - [15/Dec/2014:08:06:08 +0100] "GET / HTTP/1.1" 200 3274 "-" "Mozilla/5.0 (compatible; meanpathbot/1.0; +http://www.meanpath.com/meanpathbot.html)"
217.69.133.222 - - [15/Dec/2014:08:55:16 +0100] "GET /robots.txt HTTP/1.1" 404 1256 "-" "Mozilla/5.0 (compatible; Linux x86_64; Mail.RU_Bot/2.0; +http://go.mail.ru/help/robots)"
217.69.133.221 - - [15/Dec/2014:08:55:17 +0100] "GET / HTTP/1.1" 304 - "-" "Mozilla/5.0 (compatible; Linux x86_64; Mail.RU_Bot/2.0; +http://go.mail.ru/help/robots)"
141.8.147.12 - - [15/Dec/2014:12:39:45 +0100] "GET / HTTP/1.1" 200 3274 "-" "Mozilla/5.0 (compatible; YandexBot/3.0; +http://yandex.com/bots)"
178.137.165.25 - - [15/Dec/2014:12:41:17 +0100] "GET / HTTP/1.1" 200 3274 "http://www.video12.ru/" "Mozilla/4.0 (compatible; MSIE 6.0; Windows NT 5.1; FREE; .NET CLR 1.1.4322)"
178.137.165.25 - - [15/Dec/2014:12:41:17 +0100] "GET / HTTP/1.1" 200 3274 "http://bet-prognoz.com/" "Mozilla/4.0 (compatible; MSIE 6.0; Windows NT 5.1; FREE; .NET CLR 1.1.4322)"
178.137.165.25 - - [15/Dec/2014:12:41:17 +0100] "GET / HTTP/1.1" 200 3274 "http://www.video12.ru/" "Mozilla/4.0 (compatible; MSIE 6.0; Windows NT 5.1; FREE; .NET CLR 1.1.4322)"
178.137.165.25 - - [15/Dec/2014:12:41:17 +0100] "GET / HTTP/1.1" 200 3274 "http://bet-prognoz.com/" "Mozilla/4.0 (compatible; MSIE 6.0; Windows NT 5.1; FREE; .NET CLR 1.1.4322)"
178.137.165.25 - - [15/Dec/2014:12:41:17 +0100] "GET / HTTP/1.1" 200 3274 "http://www.video12.ru/" "Mozilla/4.0 (compatible; MSIE 6.0; Windows NT 5.1; FREE; .NET CLR 1.1.4322)"
178.137.165.25 - - [15/Dec/2014:12:41:17 +0100] "GET / HTTP/1.1" 200 3274 "http://bet-prognoz.com/" "Mozilla/4.0 (compatible; MSIE 6.0; Windows NT 5.1; FREE; .NET CLR 1.1.4322)"
178.137.94.34 - - [15/Dec/2014:12:42:17 +0100] "GET / HTTP/1.1" 200 3274 "http://investsuccess.org/" "Mozilla/4.0 (compatible; MSIE 6.0; Windows NT 5.1)"
178.137.94.34 - - [15/Dec/2014:12:42:17 +0100] "GET / HTTP/1.1" 200 3274 "http://uiutdom.ru/" "Mozilla/4.0 (compatible; MSIE 6.0; Windows NT 5.1)"
178.137.94.34 - - [15/Dec/2014:12:42:17 +0100] "GET / HTTP/1.1" 200 3274 "http://retsepty.biz/" "Mozilla/4.0 (compatible; MSIE 6.0; Windows NT 5.1)"
178.137.94.34 - - [15/Dec/2014:12:42:17 +0100] "GET / HTTP/1.1" 200 3274 "http://uiutdom.ru/" "Mozilla/4.0 (compatible; MSIE 6.0; Windows NT 5.1)"
178.137.94.34 - - [15/Dec/2014:12:42:18 +0100] "GET / HTTP/1.1" 200 3274 "http://retsepty.biz/" "Mozilla/4.0 (compatible; MSIE 6.0; Windows NT 5.1)"
178.137.94.34 - - [15/Dec/2014:12:42:18 +0100] "GET / HTTP/1.1" 200 3274 "http://uiutdom.ru/" "Mozilla/4.0 (compatible; MSIE 6.0; Windows NT 5.1)"
178.137.94.34 - - [15/Dec/2014:12:42:18 +0100] "GET / HTTP/1.1" 200 3274 "http://retsepty.biz/" "Mozilla/4.0 (compatible; MSIE 6.0; Windows NT 5.1)"
178.137.94.34 - - [15/Dec/2014:12:42:18 +0100] "GET / HTTP/1.1" 200 3274 "http://investsuccess.org/" "Mozilla/4.0 (compatible; MSIE 6.0; Windows NT 5.1)"
178.137.94.34 - - [15/Dec/2014:12:42:19 +0100] "GET / HTTP/1.1" 200 3274 "http://investsuccess.org/" "Mozilla/4.0 (compatible; MSIE 6.0; Windows NT 5.1)"
82.193.99.33 - - [15/Dec/2014:13:02:48 +0100] "GET / HTTP/1.1" 200 3274 "http://7zap.com/" "Mozilla/4.0 (compatible; MSIE 6.0; Windows NT 5.1; SV1)"
82.193.99.33 - - [15/Dec/2014:13:02:49 +0100] "GET / HTTP/1.1" 200 3274 "http://7zap.com/" "Mozilla/4.0 (compatible; MSIE 6.0; Windows NT 5.1; SV1)"
82.193.99.33 - - [15/Dec/2014:13:02:49 +0100] "GET / HTTP/1.1" 200 3274 "http://7zap.com/" "Mozilla/4.0 (compatible; MSIE 6.0; Windows NT 5.1; SV1)"
109.120.157.179 - - [15/Dec/2014:14:32:00 +0100] "GET / HTTP/1.1" 200 3274 "http://www.artparquet.ru/" "Mozilla/5.0 (compatible; Add Catalog/2.1;)"
109.120.157.179 - - [15/Dec/2014:14:32:00 +0100] "GET / HTTP/1.1" 200 3274 "http://www.artparquet.ru/" "Mozilla/5.0 (compatible; Add Catalog/2.1;)"
109.120.157.179 - - [15/Dec/2014:14:32:01 +0100] "GET / HTTP/1.1" 200 3274 "http://www.artparquet.ru/" "Mozilla/5.0 (compatible; Add Catalog/2.1;)"
91.207.8.46 - - [15/Dec/2014:15:12:45 +0100] "GET / HTTP/1.1" 200 3274 "http://xlolitka.com/" "Mozilla/4.0 (compatible; MSIE 6.0; Windows NT 5.1)"
91.207.8.46 - - [15/Dec/2014:15:12:46 +0100] "GET / HTTP/1.1" 200 3274 "http://xlolitka.com/" "Mozilla/4.0 (compatible; MSIE 6.0; Windows NT 5.1)"
91.207.8.46 - - [15/Dec/2014:15:12:49 +0100] "GET / HTTP/1.1" 200 3274 "http://xlolitka.com/" "Mozilla/4.0 (compatible; MSIE 6.0; Windows NT 5.1)"
66.249.78.45 - - [15/Dec/2014:16:40:07 +0100] "GET /robots.txt HTTP/1.1" 404 1256 "-" "Mozilla/5.0 (compatible; Googlebot/2.1; +http://www.google.com/bot.html)"
66.249.78.52 - - [15/Dec/2014:16:40:07 +0100] "GET / HTTP/1.1" 200 3274 "-" "Mozilla/5.0 (compatible; Googlebot/2.1; +http://www.google.com/bot.html)"
66.249.78.59 - - [15/Dec/2014:16:46:07 +0100] "GET /css/bootstrap-responsive.min.css HTTP/1.1" 200 16520 "-" "Mozilla/5.0 (compatible; Googlebot/2.1; +http://www.google.com/bot.html)"
178.137.165.25 - - [15/Dec/2014:17:04:26 +0100] "GET / HTTP/1.1" 200 3274 "http://pornogig.com/" "Mozilla/4.0 (compatible; MSIE 6.0; Windows NT 5.1; SV1; .NET CLR 1.1.4322; XMPP Tiscali Communicator v.10.0.2; .NET CLR 2.0.50727)"
178.137.165.25 - - [15/Dec/2014:17:04:27 +0100] "GET / HTTP/1.1" 200 3274 "http://pornogig.com/" "Mozilla/4.0 (compatible; MSIE 6.0; Windows NT 5.1; SV1; .NET CLR 1.1.4322; XMPP Tiscali Communicator v.10.0.2; .NET CLR 2.0.50727)"
178.137.165.25 - - [15/Dec/2014:17:04:27 +0100] "GET / HTTP/1.1" 200 3274 "http://pornogig.com/" "Mozilla/4.0 (compatible; MSIE 6.0; Windows NT 5.1; SV1; .NET CLR 1.1.4322; XMPP Tiscali Communicator v.10.0.2; .NET CLR 2.0.50727)"
46.119.119.184 - - [15/Dec/2014:20:51:32 +0100] "GET / HTTP/1.1" 200 3274 "http://windowsmax.net/" "Mozilla/4.0 (compatible; MSIE 6.0; Windows NT 5.1; Q312461)"
46.119.119.184 - - [15/Dec/2014:20:51:34 +0100] "GET / HTTP/1.1" 200 3274 "http://windowsmax.net/" "Mozilla/4.0 (compatible; MSIE 6.0; Windows NT 5.1; Q312461)"
46.119.119.184 - - [15/Dec/2014:20:51:34 +0100] "GET / HTTP/1.1" 200 3274 "http://windowsmax.net/" "Mozilla/4.0 (compatible; MSIE 6.0; Windows NT 5.1; Q312461)"
218.30.103.135 - - [15/Dec/2014:21:12:08 +0100] "GET / HTTP/1.1" 200 3274 "-" "Sogou web spider/4.0(+http://www.sogou.com/docs/help/webmasters.htm#07)"
218.30.103.135 - - [15/Dec/2014:21:12:12 +0100] "GET /robots.txt HTTP/1.1" 404 1256 "-" "Sogou web spider/4.0(+http://www.sogou.com/docs/help/webmasters.htm#07)"
157.55.39.79 - - [15/Dec/2014:21:19:51 +0100] "GET / HTTP/1.1" 200 3274 "-" "Mozilla/5.0 (compatible; bingbot/2.0; +http://www.bing.com/bingbot.htm)"
208.115.113.83 - - [15/Dec/2014:23:20:46 +0100] "GET /robots.txt HTTP/1.1" 404 1256 "-" "Mozilla/5.0 (compatible; DotBot/1.1; http://www.opensiteexplorer.org/dotbot, help@moz.com)"
208.115.113.83 - - [15/Dec/2014:23:45:12 +0100] "GET / HTTP/1.1" 200 3274 "-" "Mozilla/5.0 (compatible; DotBot/1.1; http://www.opensiteexplorer.org/dotbot, help@moz.com)"
91.207.8.46 - - [16/Dec/2014:01:54:51 +0100] "GET / HTTP/1.1" 200 3274 "http://sexhd.tv/" "Opera/8.01 (Windows NT 5.1)"
91.207.8.46 - - [16/Dec/2014:01:54:51 +0100] "GET / HTTP/1.1" 200 3274 "http://sexhd.tv/" "Opera/8.01 (Windows NT 5.1)"
91.207.8.46 - - [16/Dec/2014:01:54:51 +0100] "GET / HTTP/1.1" 200 3274 "http://sexhd.tv/" "Opera/8.01 (Windows NT 5.1)"
192.99.107.154 - - [16/Dec/2014:02:38:56 +0100] "GET /robots.txt HTTP/1.1" 404 1256 "-" "Mozilla/5.0 (compatible; meanpathbot/1.0; +http://www.meanpath.com/meanpathbot.html)"
192.99.107.154 - - [16/Dec/2014:02:38:56 +0100] "GET / HTTP/1.1" 200 3274 "-" "Mozilla/5.0 (compatible; meanpathbot/1.0; +http://www.meanpath.com/meanpathbot.html)"
178.137.165.25 - - [16/Dec/2014:02:42:31 +0100] "GET / HTTP/1.1" 200 3274 "http://anti-radari.ru/" "Mozilla/4.0 (compatible; MSIE 6.0; Windows NT 5.1)"
178.137.165.25 - - [16/Dec/2014:02:42:31 +0100] "GET / HTTP/1.1" 200 3274 "http://anti-radari.ru/" "Mozilla/4.0 (compatible; MSIE 6.0; Windows NT 5.1)"
178.137.165.25 - - [16/Dec/2014:02:42:32 +0100] "GET / HTTP/1.1" 200 3274 "http://anti-radari.ru/" "Mozilla/4.0 (compatible; MSIE 6.0; Windows NT 5.1)"
46.119.119.184 - - [16/Dec/2014:03:38:49 +0100] "GET / HTTP/1.1" 200 3274 "http://promo-kodi.ru/" "Mozilla/4.0 (compatible; MSIE 5.5; Windows 98)"
46.119.119.184 - - [16/Dec/2014:03:38:50 +0100] "GET / HTTP/1.1" 200 3274 "http://promo-kodi.ru/" "Mozilla/4.0 (compatible; MSIE 5.5; Windows 98)"
46.119.119.184 - - [16/Dec/2014:03:38:50 +0100] "GET / HTTP/1.1" 200 3274 "http://promo-kodi.ru/" "Mozilla/4.0 (compatible; MSIE 5.5; Windows 98)"
77.75.73.11 - - [16/Dec/2014:05:12:37 +0100] "GET /robots.txt HTTP/1.1" 404 1256 "-" "Mozilla/5.0 (compatible; SeznamBot/3.2; +http://fulltext.sblog.cz/)"
77.75.73.11 - - [16/Dec/2014:05:12:38 +0100] "GET / HTTP/1.1" 304 - "-" "Mozilla/5.0 (compatible; SeznamBot/3.2; +http://fulltext.sblog.cz/)"
66.249.78.52 - - [16/Dec/2014:07:15:54 +0100] "GET /robots.txt HTTP/1.1" 404 1256 "-" "Mozilla/5.0 (compatible; Googlebot/2.1; +http://www.google.com/bot.html)"
66.249.78.59 - - [16/Dec/2014:07:15:54 +0100] "GET /ico/favicon.ico HTTP/1.1" 404 1256 "-" "Googlebot-Image/1.0"
134.249.76.28 - - [16/Dec/2014:08:24:50 +0100] "GET / HTTP/1.1" 200 3274 "http://www.tehngr.ru/" "Mozilla/4.0 (compatible; MSIE 6.0; Windows NT 5.1; en) Opera 8.00"
134.249.76.28 - - [16/Dec/2014:08:24:50 +0100] "GET / HTTP/1.1" 200 3274 "http://www.tehngr.ru/" "Mozilla/4.0 (compatible; MSIE 6.0; Windows NT 5.1; en) Opera 8.00"
134.249.76.28 - - [16/Dec/2014:08:24:51 +0100] "GET / HTTP/1.1" 200 3274 "http://www.tehngr.ru/" "Mozilla/4.0 (compatible; MSIE 6.0; Windows NT 5.1; en) Opera 8.00"
54.174.204.182 - - [16/Dec/2014:08:47:28 +0100] "GET / HTTP/1.1" 200 3274 "-" "Mozilla/5.0 (compatible& Googlebot/2.1& +http://www.google.com/bot.html)"
88.72.26.126 - - [16/Dec/2014:09:06:10 +0100] "GET / HTTP/1.1" 200 3274 "http://www.google.de/url?sa=t&rct=j&q=&esrc=s&source=web&cd=2&ved=0CCwQFjAB&url=http%3A%2F%2Fwww.dialyse-falkensee.de%2F&ei=reGPVOTbKIrkUrT1g8gK&usg=AFQjCNECgXXq-DVOeCPbM1zyqacv9mR2gg&bvm=bv.82001339,d.d24" "Mozilla/5.0 (Windows NT 6.1; WOW64; rv:34.0) Gecko/20100101 Firefox/34.0"
88.72.26.126 - - [16/Dec/2014:09:06:10 +0100] "GET /css/bootstrap-responsive.min.css HTTP/1.1" 200 16520 "http://www.dialyse-falkensee.de/" "Mozilla/5.0 (Windows NT 6.1; WOW64; rv:34.0) Gecko/20100101 Firefox/34.0"
88.72.26.126 - - [16/Dec/2014:09:06:10 +0100] "GET /js/bootstrap.min.js HTTP/1.1" 200 25764 "http://www.dialyse-falkensee.de/" "Mozilla/5.0 (Windows NT 6.1; WOW64; rv:34.0) Gecko/20100101 Firefox/34.0"
88.72.26.126 - - [16/Dec/2014:09:06:10 +0100] "GET /ico/favicon.ico HTTP/1.1" 404 1256 "-" "Mozilla/5.0 (Windows NT 6.1; WOW64; rv:34.0) Gecko/20100101 Firefox/34.0"
88.72.26.126 - - [16/Dec/2014:09:06:10 +0100] "GET /ico/favicon.ico HTTP/1.1" 404 1256 "-" "Mozilla/5.0 (Windows NT 6.1; WOW64; rv:34.0) Gecko/20100101 Firefox/34.0"
88.72.26.126 - - [16/Dec/2014:09:06:10 +0100] "GET /css/bootstrap.min.css HTTP/1.1" 200 101265 "http://www.dialyse-falkensee.de/" "Mozilla/5.0 (Windows NT 6.1; WOW64; rv:34.0) Gecko/20100101 Firefox/34.0"
120.37.209.242 - - [16/Dec/2014:11:44:35 +0100] "GET / HTTP/1.1" 200 3274 "-" "Mozilla/4.0 (compatible; MSIE 6.0; Windows NT 5.1; SV1; Mozilla/4.0 (compatible; MSIE 6.0; Windows NT 5.1; SV1) )"
195.242.218.133 - - [16/Dec/2014:15:28:26 +0100] "GET / HTTP/1.1" 200 3274 "http://amaviq.wordpress.com/" "Mozilla/5.0 (Windows NT 5.1; U; en) Opera 8.01"
195.242.218.133 - - [16/Dec/2014:15:28:27 +0100] "GET / HTTP/1.1" 200 3274 "http://amaviq.wordpress.com/" "Mozilla/5.0 (Windows NT 5.1; U; en) Opera 8.01"
195.242.218.133 - - [16/Dec/2014:15:28:28 +0100] "GET / HTTP/1.1" 200 3274 "http://amaviq.wordpress.com/" "Mozilla/5.0 (Windows NT 5.1; U; en) Opera 8.01"
54.174.240.253 - - [16/Dec/2014:16:36:17 +0100] "GET / HTTP/1.1" 200 3274 "-" "Mozilla/5.0 (compatible& Googlebot/2.1& +http://www.google.com/bot.html)"
66.249.78.52 - - [16/Dec/2014:17:01:33 +0100] "GET / HTTP/1.1" 200 3274 "-" "Mozilla/5.0 (compatible; Googlebot/2.1; +http://www.google.com/bot.html)"
66.249.78.52 - - [16/Dec/2014:17:17:17 +0100] "GET /favicon.ico HTTP/1.1" 404 1256 "-" "Googlebot-Image/1.0"
46.119.119.184 - - [16/Dec/2014:19:56:39 +0100] "GET / HTTP/1.1" 200 3274 "http://xxx-ru.com/" "Mozilla/4.0 (compatible; MSIE 5.0; Windows 3.1)"
46.119.119.184 - - [16/Dec/2014:19:56:40 +0100] "GET / HTTP/1.1" 200 3274 "http://xxx-ru.com/" "Mozilla/4.0 (compatible; MSIE 5.0; Windows 3.1)"
46.119.119.184 - - [16/Dec/2014:19:56:40 +0100] "GET / HTTP/1.1" 200 3274 "http://xxx-ru.com/" "Mozilla/4.0 (compatible; MSIE 5.0; Windows 3.1)"
178.137.94.34 - - [16/Dec/2014:20:00:06 +0100] "GET / HTTP/1.1" 200 3274 "http://fin48.ru/" "Mozilla/4.0 (compatible; MSIE 6.0; MSIE 5.5; Windows NT 4.0) Opera 7.0 [en]"
178.137.94.34 - - [16/Dec/2014:20:00:07 +0100] "GET / HTTP/1.1" 200 3274 "http://fin48.ru/" "Mozilla/4.0 (compatible; MSIE 6.0; MSIE 5.5; Windows NT 4.0) Opera 7.0 [en]"
178.137.94.34 - - [16/Dec/2014:20:00:07 +0100] "GET / HTTP/1.1" 200 3274 "http://fin48.ru/" "Mozilla/4.0 (compatible; MSIE 6.0; MSIE 5.5; Windows NT 4.0) Opera 7.0 [en]"
78.55.234.213 - - [16/Dec/2014:21:06:25 +0100] "GET / HTTP/1.1" 200 3274 "-" "Mozilla/5.0 (iPad; CPU OS 7_1_2 like Mac OS X) AppleWebKit/537.51.2 (KHTML, like Gecko) Version/7.0 Mobile/11D257 Safari/9537.53"
78.55.234.213 - - [16/Dec/2014:21:06:25 +0100] "GET /css/bootstrap-responsive.min.css HTTP/1.1" 200 16520 "http://www.dialyse-falkensee.de/" "Mozilla/5.0 (iPad; CPU OS 7_1_2 like Mac OS X) AppleWebKit/537.51.2 (KHTML, like Gecko) Version/7.0 Mobile/11D257 Safari/9537.53"
78.55.234.213 - - [16/Dec/2014:21:06:25 +0100] "GET /js/bootstrap.min.js HTTP/1.1" 200 25764 "http://www.dialyse-falkensee.de/" "Mozilla/5.0 (iPad; CPU OS 7_1_2 like Mac OS X) AppleWebKit/537.51.2 (KHTML, like Gecko) Version/7.0 Mobile/11D257 Safari/9537.53"
78.55.234.213 - - [16/Dec/2014:21:06:25 +0100] "GET /css/bootstrap.min.css HTTP/1.1" 200 101265 "http://www.dialyse-falkensee.de/" "Mozilla/5.0 (iPad; CPU OS 7_1_2 like Mac OS X) AppleWebKit/537.51.2 (KHTML, like Gecko) Version/7.0 Mobile/11D257 Safari/9537.53"
217.87.126.29 - - [16/Dec/2014:22:43:37 +0100] "GET / HTTP/1.1" 200 3274 "http://www.google.de/url?sa=t&rct=j&q=&esrc=s&source=web&cd=1&ved=0CCEQFjAA&url=http%3A%2F%2Fwww.dialyse-falkensee.de%2F&ei=UKeQVMj3OoXoUr_8gfAN&usg=AFQjCNECgXXq-DVOeCPbM1zyqacv9mR2gg&bvm=bv.81828268,bs.1,d.bGQ" "Mozilla/5.0 (Windows NT 6.1; WOW64; rv:34.0) Gecko/20100101 Firefox/34.0"
217.87.126.29 - - [16/Dec/2014:22:43:38 +0100] "GET /css/bootstrap-responsive.min.css HTTP/1.1" 200 16520 "http://www.dialyse-falkensee.de/" "Mozilla/5.0 (Windows NT 6.1; WOW64; rv:34.0) Gecko/20100101 Firefox/34.0"
217.87.126.29 - - [16/Dec/2014:22:43:38 +0100] "GET /js/bootstrap.min.js HTTP/1.1" 200 25764 "http://www.dialyse-falkensee.de/" "Mozilla/5.0 (Windows NT 6.1; WOW64; rv:34.0) Gecko/20100101 Firefox/34.0"
217.87.126.29 - - [16/Dec/2014:22:43:38 +0100] "GET /ico/favicon.ico HTTP/1.1" 404 1256 "-" "Mozilla/5.0 (Windows NT 6.1; WOW64; rv:34.0) Gecko/20100101 Firefox/34.0"
217.87.126.29 - - [16/Dec/2014:22:43:43 +0100] "GET /ico/favicon.ico HTTP/1.1" 404 1256 "-" "Mozilla/5.0 (Windows NT 6.1; WOW64; rv:34.0) Gecko/20100101 Firefox/34.0"
217.87.126.29 - - [16/Dec/2014:22:43:38 +0100] "GET /css/bootstrap.min.css HTTP/1.1" 200 101265 "http://www.dialyse-falkensee.de/" "Mozilla/5.0 (Windows NT 6.1; WOW64; rv:34.0) Gecko/20100101 Firefox/34.0"
217.87.126.29 - - [16/Dec/2014:23:08:33 +0100] "GET /favicon.ico HTTP/1.1" 404 1256 "-" "Mozilla/5.0 (Windows NT 6.1; WOW64; rv:34.0) Gecko/20100101 Firefox/34.0"
217.87.126.29 - - [16/Dec/2014:23:08:36 +0100] "GET /favicon.ico HTTP/1.1" 404 1256 "-" "Mozilla/5.0 (Windows NT 6.1; WOW64; rv:34.0) Gecko/20100101 Firefox/34.0"
157.55.39.127 - - [16/Dec/2014:23:51:40 +0100] "GET /robots.txt HTTP/1.1" 404 1256 "-" "Mozilla/5.0 (compatible; bingbot/2.0; +http://www.bing.com/bingbot.htm)"
157.55.39.128 - - [16/Dec/2014:23:51:45 +0100] "GET /home.htm HTTP/1.1" 404 1256 "-" "Mozilla/5.0 (compatible; bingbot/2.0; +http://www.bing.com/bingbot.htm)"
157.55.39.243 - - [16/Dec/2014:23:51:49 +0100] "GET /header.htm HTTP/1.1" 404 1256 "-" "Mozilla/5.0 (compatible; bingbot/2.0; +http://www.bing.com/bingbot.htm)"
46.119.119.184 - - [17/Dec/2014:00:14:05 +0100] "GET / HTTP/1.1" 200 3274 "http://zakreativ.ru/" "Opera/7.54 (Windows NT 5.1; U) [pl]"
46.119.119.184 - - [17/Dec/2014:00:14:06 +0100] "GET / HTTP/1.1" 200 3274 "http://zakreativ.ru/" "Opera/7.54 (Windows NT 5.1; U) [pl]"
46.119.119.184 - - [17/Dec/2014:00:14:06 +0100] "GET / HTTP/1.1" 200 3274 "http://zakreativ.ru/" "Opera/7.54 (Windows NT 5.1; U) [pl]"
178.137.165.25 - - [17/Dec/2014:01:53:21 +0100] "GET / HTTP/1.1" 200 3274 "http://boleznikogi.com/" "Mozilla/4.0 (compatible; MSIE 6.0; Windows ME) Opera 7.11 [en]"
178.137.165.25 - - [17/Dec/2014:01:53:21 +0100] "GET / HTTP/1.1" 200 3274 "http://agent12.ru/" "Mozilla/4.0 (compatible; MSIE 6.0; Windows ME) Opera 7.11 [en]"
178.137.165.25 - - [17/Dec/2014:01:53:21 +0100] "GET / HTTP/1.1" 200 3274 "http://boleznikogi.com/" "Mozilla/4.0 (compatible; MSIE 6.0; Windows ME) Opera 7.11 [en]"
178.137.165.25 - - [17/Dec/2014:01:53:21 +0100] "GET / HTTP/1.1" 200 3274 "http://agent12.ru/" "Mozilla/4.0 (compatible; MSIE 6.0; Windows ME) Opera 7.11 [en]"
178.137.165.25 - - [17/Dec/2014:01:53:21 +0100] "GET / HTTP/1.1" 200 3274 "http://agent12.ru/" "Mozilla/4.0 (compatible; MSIE 6.0; Windows ME) Opera 7.11 [en]"
178.137.165.25 - - [17/Dec/2014:01:53:21 +0100] "GET / HTTP/1.1" 200 3274 "http://boleznikogi.com/" "Mozilla/4.0 (compatible; MSIE 6.0; Windows ME) Opera 7.11 [en]"
178.255.215.76 - - [17/Dec/2014:02:12:31 +0100] "GET /robots.txt HTTP/1.1" 404 1256 "-" "Mozilla/5.0 (compatible; Exabot/3.0; +http://www.exabot.com/go/robot)"
178.255.215.76 - - [17/Dec/2014:02:12:32 +0100] "GET / HTTP/1.1" 304 - "-" "Mozilla/5.0 (compatible; Exabot/3.0; +http://www.exabot.com/go/robot)"
141.8.147.12 - - [17/Dec/2014:02:52:43 +0100] "GET /robots.txt HTTP/1.1" 404 1256 "-" "Mozilla/5.0 (compatible; YandexBot/3.0; +http://yandex.com/bots)"
141.8.147.12 - - [17/Dec/2014:02:52:47 +0100] "GET / HTTP/1.1" 200 3274 "-" "Mozilla/5.0 (compatible; YandexBot/3.0; +http://yandex.com/bots)"
157.55.39.243 - - [17/Dec/2014:04:30:55 +0100] "GET /index.html HTTP/1.1" 200 3274 "-" "Mozilla/5.0 (compatible; bingbot/2.0; +http://www.bing.com/bingbot.htm)"
157.55.39.243 - - [17/Dec/2014:04:31:00 +0100] "GET /robots.txt HTTP/1.1" 404 1256 "-" "Mozilla/5.0 (compatible; bingbot/2.0; +http://www.bing.com/bingbot.htm)"
157.55.39.243 - - [17/Dec/2014:04:31:00 +0100] "GET /robots.txt HTTP/1.1" 404 1256 "-" "Mozilla/5.0 (compatible; bingbot/2.0; +http://www.bing.com/bingbot.htm)"
157.55.39.243 - - [17/Dec/2014:04:31:00 +0100] "GET /robots.txt HTTP/1.1" 404 1256 "-" "Mozilla/5.0 (compatible; bingbot/2.0; +http://www.bing.com/bingbot.htm)"
157.55.39.244 - - [17/Dec/2014:04:31:05 +0100] "GET /css/bootstrap.min.css HTTP/1.1" 200 101265 "-" "Mozilla/5.0 (compatible; bingbot/2.0; +http://www.bing.com/bingbot.htm)"
157.55.39.79 - - [17/Dec/2014:04:31:09 +0100] "GET /css/bootstrap-responsive.min.css HTTP/1.1" 200 16520 "-" "Mozilla/5.0 (compatible; bingbot/2.0; +http://www.bing.com/bingbot.htm)"
178.137.94.34 - - [17/Dec/2014:04:31:34 +0100] "GET / HTTP/1.1" 200 3274 "http://statuses.su/" "Mozilla/4.0 (compatible; MSIE 6.0; Windows NT 5.1)"
178.137.94.34 - - [17/Dec/2014:04:31:34 +0100] "GET / HTTP/1.1" 200 3274 "http://conexmin.ru/" "Mozilla/4.0 (compatible; MSIE 6.0; Windows NT 5.1)"
178.137.94.34 - - [17/Dec/2014:04:31:34 +0100] "GET / HTTP/1.1" 200 3274 "http://ridder.asia/" "Mozilla/4.0 (compatible; MSIE 6.0; Windows NT 5.1)"
178.137.94.34 - - [17/Dec/2014:04:31:34 +0100] "GET / HTTP/1.1" 200 3274 "http://statuses.su/" "Mozilla/4.0 (compatible; MSIE 6.0; Windows NT 5.1)"
178.137.94.34 - - [17/Dec/2014:04:31:34 +0100] "GET / HTTP/1.1" 200 3274 "http://conexmin.ru/" "Mozilla/4.0 (compatible; MSIE 6.0; Windows NT 5.1)"
178.137.94.34 - - [17/Dec/2014:04:31:34 +0100] "GET / HTTP/1.1" 200 3274 "http://ridder.asia/" "Mozilla/4.0 (compatible; MSIE 6.0; Windows NT 5.1)"
178.137.94.34 - - [17/Dec/2014:04:31:35 +0100] "GET / HTTP/1.1" 200 3274 "http://statuses.su/" "Mozilla/4.0 (compatible; MSIE 6.0; Windows NT 5.1)"
178.137.94.34 - - [17/Dec/2014:04:31:35 +0100] "GET / HTTP/1.1" 200 3274 "http://conexmin.ru/" "Mozilla/4.0 (compatible; MSIE 6.0; Windows NT 5.1)"
178.137.94.34 - - [17/Dec/2014:04:31:35 +0100] "GET / HTTP/1.1" 200 3274 "http://ridder.asia/" "Mozilla/4.0 (compatible; MSIE 6.0; Windows NT 5.1)"
157.55.39.221 - - [17/Dec/2014:04:55:56 +0100] "GET /robots.txt HTTP/1.1" 404 1256 "-" "Mozilla/5.0 (compatible; bingbot/2.0; +http://www.bing.com/bingbot.htm)"
157.55.39.26 - - [17/Dec/2014:04:57:34 +0100] "GET /js/bootstrap.min.js HTTP/1.1" 200 25764 "-" "Mozilla/5.0 (compatible; bingbot/2.0; +http://www.bing.com/bingbot.htm)"
157.55.39.244 - - [17/Dec/2014:05:16:19 +0100] "GET /header.htm HTTP/1.1" 404 1256 "-" "Mozilla/5.0 (compatible; bingbot/2.0; +http://www.bing.com/bingbot.htm)"
157.55.39.79 - - [17/Dec/2014:05:16:24 +0100] "GET / HTTP/1.1" 200 3274 "-" "Mozilla/5.0 (compatible; bingbot/2.0; +http://www.bing.com/bingbot.htm)"
157.55.39.128 - - [17/Dec/2014:05:23:31 +0100] "GET /home.htm HTTP/1.1" 404 1256 "-" "Mozilla/5.0 (compatible; bingbot/2.0; +http://www.bing.com/bingbot.htm)"
157.55.39.26 - - [17/Dec/2014:05:23:40 +0100] "GET /dialyse.htm HTTP/1.1" 404 1256 "-" "Mozilla/5.0 (compatible; bingbot/2.0; +http://www.bing.com/bingbot.htm)"
157.55.39.221 - - [17/Dec/2014:05:42:56 +0100] "GET /js/bootstrap.min.js HTTP/1.1" 200 25764 "-" "Mozilla/5.0 (compatible; bingbot/2.0; +http://www.bing.com/bingbot.htm)"
178.137.165.25 - - [17/Dec/2014:05:57:30 +0100] "GET / HTTP/1.1" 200 3274 "http://serialsway.ucoz.ru/" "Mozilla/4.0 (compatible; MSIE 6.0; Windows NT 5.1; en) Opera 8.00"
178.137.165.25 - - [17/Dec/2014:05:57:30 +0100] "GET / HTTP/1.1" 200 3274 "http://serialsway.ucoz.ru/" "Mozilla/4.0 (compatible; MSIE 6.0; Windows NT 5.1; en) Opera 8.00"
178.137.165.25 - - [17/Dec/2014:05:57:30 +0100] "GET / HTTP/1.1" 200 3274 "http://serialsway.ucoz.ru/" "Mozilla/4.0 (compatible; MSIE 6.0; Windows NT 5.1; en) Opera 8.00"
178.0.91.39 - - [17/Dec/2014:09:28:19 +0100] "GET / HTTP/1.1" 200 3274 "https://www.google.de/" "Mozilla/5.0 (Windows NT 6.1; WOW64) AppleWebKit/537.36 (KHTML, like Gecko) Chrome/39.0.2171.95 Safari/537.36"
178.0.91.39 - - [17/Dec/2014:09:28:19 +0100] "GET /css/bootstrap-responsive.min.css HTTP/1.1" 200 16520 "http://www.dialyse-falkensee.de/" "Mozilla/5.0 (Windows NT 6.1; WOW64) AppleWebKit/537.36 (KHTML, like Gecko) Chrome/39.0.2171.95 Safari/537.36"
178.0.91.39 - - [17/Dec/2014:09:28:19 +0100] "GET /js/bootstrap.min.js HTTP/1.1" 200 25764 "http://www.dialyse-falkensee.de/" "Mozilla/5.0 (Windows NT 6.1; WOW64) AppleWebKit/537.36 (KHTML, like Gecko) Chrome/39.0.2171.95 Safari/537.36"
178.0.91.39 - - [17/Dec/2014:09:28:19 +0100] "GET /css/bootstrap.min.css HTTP/1.1" 200 101265 "http://www.dialyse-falkensee.de/" "Mozilla/5.0 (Windows NT 6.1; WOW64) AppleWebKit/537.36 (KHTML, like Gecko) Chrome/39.0.2171.95 Safari/537.36"
178.0.91.39 - - [17/Dec/2014:09:28:20 +0100] "GET /ico/favicon.ico HTTP/1.1" 404 1256 "-" "Mozilla/5.0 (Windows NT 6.1; WOW64) AppleWebKit/537.36 (KHTML, like Gecko) Chrome/39.0.2171.95 Safari/537.36"
46.119.119.184 - - [17/Dec/2014:12:54:20 +0100] "GET / HTTP/1.1" 200 3274 "http://deshevye-stoleshnicy.ru/" "Mozilla/4.0 (compatible; MSIE 6.0; Windows NT 5.1)"
178.137.94.34 - - [17/Dec/2014:12:54:20 +0100] "GET / HTTP/1.1" 200 3274 "http://retsepty.biz/" "Mozilla/4.0 (compatible; MSIE 6.0; Windows NT 5.1)"
46.119.119.184 - - [17/Dec/2014:12:54:21 +0100] "GET / HTTP/1.1" 200 3274 "http://deshevye-stoleshnicy.ru/" "Mozilla/4.0 (compatible; MSIE 6.0; Windows NT 5.1)"
178.137.94.34 - - [17/Dec/2014:12:54:21 +0100] "GET / HTTP/1.1" 200 3274 "http://retsepty.biz/" "Mozilla/4.0 (compatible; MSIE 6.0; Windows NT 5.1)"
46.119.119.184 - - [17/Dec/2014:12:54:21 +0100] "GET / HTTP/1.1" 200 3274 "http://deshevye-stoleshnicy.ru/" "Mozilla/4.0 (compatible; MSIE 6.0; Windows NT 5.1)"
178.137.94.34 - - [17/Dec/2014:12:54:21 +0100] "GET / HTTP/1.1" 200 3274 "http://retsepty.biz/" "Mozilla/4.0 (compatible; MSIE 6.0; Windows NT 5.1)"
82.193.99.33 - - [17/Dec/2014:14:01:10 +0100] "GET / HTTP/1.1" 200 3274 "http://eramebel.com/" "Mozilla/4.0 (compatible; MSIE 6.0; Windows NT 5.1; MRA 4.6 (build 01425))"
82.193.99.33 - - [17/Dec/2014:14:01:10 +0100] "GET / HTTP/1.1" 200 3274 "http://eramebel.com/" "Mozilla/4.0 (compatible; MSIE 6.0; Windows NT 5.1; MRA 4.6 (build 01425))"
82.193.99.33 - - [17/Dec/2014:14:01:11 +0100] "GET / HTTP/1.1" 200 3274 "http://eramebel.com/" "Mozilla/4.0 (compatible; MSIE 6.0; Windows NT 5.1; MRA 4.6 (build 01425))"
119.63.196.80 - - [17/Dec/2014:17:27:45 +0100] "GET / HTTP/1.1" 200 3274 "-" "Mozilla/5.0 (compatible; Baiduspider/2.0; +http://www.baidu.com/search/spider.html)"
207.46.13.86 - - [17/Dec/2014:17:58:31 +0100] "GET /robots.txt HTTP/1.1" 404 1256 "-" "Mozilla/5.0 (compatible; bingbot/2.0; +http://www.bing.com/bingbot.htm)"
207.46.13.86 - - [17/Dec/2014:17:58:36 +0100] "GET / HTTP/1.1" 200 3274 "-" "Mozilla/5.0 (compatible; bingbot/2.0; +http://www.bing.com/bingbot.htm)"
157.55.39.221 - - [17/Dec/2014:17:58:56 +0100] "GET /js/bootstrap.min.js HTTP/1.1" 200 25764 "-" "Mozilla/5.0 (compatible; bingbot/2.0; +http://www.bing.com/bingbot.htm)"
91.207.8.46 - - [17/Dec/2014:19:24:05 +0100] "GET / HTTP/1.1" 200 3274 "http://1kino.com/" "Mozilla/4.0 (compatible; MSIE 6.0; Windows NT 5.1; SV1; InfoPath.1"
91.207.8.46 - - [17/Dec/2014:19:24:05 +0100] "GET / HTTP/1.1" 200 3274 "http://1kino.com/" "Mozilla/4.0 (compatible; MSIE 6.0; Windows NT 5.1; SV1; InfoPath.1"
91.207.8.46 - - [17/Dec/2014:19:24:05 +0100] "GET / HTTP/1.1" 200 3274 "http://1kino.com/" "Mozilla/4.0 (compatible; MSIE 6.0; Windows NT 5.1; SV1; InfoPath.1"
178.137.165.25 - - [17/Dec/2014:20:07:29 +0100] "GET / HTTP/1.1" 200 3274 "http://mirtesen.net/" "Mozilla/4.0 (compatible; MSIE 6.0; Windows NT 5.0)"
46.119.119.184 - - [17/Dec/2014:20:07:29 +0100] "GET / HTTP/1.1" 200 3274 "http://www.filmsland.org/" "Mozilla/4.0 (compatible; MSIE 6.0; Windows NT 5.1; .NET CLR 1.1.4322)"
178.137.165.25 - - [17/Dec/2014:20:07:29 +0100] "GET / HTTP/1.1" 200 3274 "http://mirtesen.net/" "Mozilla/4.0 (compatible; MSIE 6.0; Windows NT 5.0)"
46.119.119.184 - - [17/Dec/2014:20:07:30 +0100] "GET / HTTP/1.1" 200 3274 "http://www.filmsland.org/" "Mozilla/4.0 (compatible; MSIE 6.0; Windows NT 5.1; .NET CLR 1.1.4322)"
178.137.165.25 - - [17/Dec/2014:20:07:30 +0100] "GET / HTTP/1.1" 200 3274 "http://mirtesen.net/" "Mozilla/4.0 (compatible; MSIE 6.0; Windows NT 5.0)"
46.119.119.184 - - [17/Dec/2014:20:07:30 +0100] "GET / HTTP/1.1" 200 3274 "http://www.filmsland.org/" "Mozilla/4.0 (compatible; MSIE 6.0; Windows NT 5.1; .NET CLR 1.1.4322)"
84.189.191.162 - - [17/Dec/2014:21:12:15 +0100] "GET / HTTP/1.1" 200 3274 "http://www.google.de/url?sa=t&rct=j&q=&esrc=s&source=web&cd=1&ved=0CCEQFjAA&url=http%3A%2F%2Fwww.dialyse-falkensee.de%2F&ei=duORVMjzAs3vOabogbgM&usg=AFQjCNECgXXq-DVOeCPbM1zyqacv9mR2gg&bvm=bv.82001339,d.ZWU" "Mozilla/5.0 (Windows NT 6.3; WOW64; rv:34.0) Gecko/20100101 Firefox/34.0"
84.189.191.162 - - [17/Dec/2014:21:12:15 +0100] "GET /css/bootstrap-responsive.min.css HTTP/1.1" 200 16520 "http://www.dialyse-falkensee.de/" "Mozilla/5.0 (Windows NT 6.3; WOW64; rv:34.0) Gecko/20100101 Firefox/34.0"
84.189.191.162 - - [17/Dec/2014:21:12:15 +0100] "GET /ico/favicon.ico HTTP/1.1" 404 1256 "-" "Mozilla/5.0 (Windows NT 6.3; WOW64; rv:34.0) Gecko/20100101 Firefox/34.0"
84.189.191.162 - - [17/Dec/2014:21:12:16 +0100] "GET /ico/favicon.ico HTTP/1.1" 404 1256 "-" "Mozilla/5.0 (Windows NT 6.3; WOW64; rv:34.0) Gecko/20100101 Firefox/34.0"
84.189.191.162 - - [17/Dec/2014:21:12:15 +0100] "GET /js/bootstrap.min.js HTTP/1.1" 200 25764 "http://www.dialyse-falkensee.de/" "Mozilla/5.0 (Windows NT 6.3; WOW64; rv:34.0) Gecko/20100101 Firefox/34.0"
84.189.191.162 - - [17/Dec/2014:21:12:15 +0100] "GET /css/bootstrap.min.css HTTP/1.1" 200 101265 "http://www.dialyse-falkensee.de/" "Mozilla/5.0 (Windows NT 6.3; WOW64; rv:34.0) Gecko/20100101 Firefox/34.0"
84.189.191.162 - - [17/Dec/2014:21:12:16 +0100] "GET /ico/favicon.ico HTTP/1.1" 404 1256 "-" "Mozilla/5.0 (Windows NT 6.3; WOW64; rv:34.0) Gecko/20100101 Firefox/34.0"
109.120.157.179 - - [18/Dec/2014:01:00:31 +0100] "GET / HTTP/1.1" 200 3274 "http://www.artparquet.ru/" "Mozilla/5.0 (compatible; Add Catalog/2.1;)"
109.120.157.179 - - [18/Dec/2014:01:00:31 +0100] "GET / HTTP/1.1" 200 3274 "http://www.artparquet.ru/" "Mozilla/5.0 (compatible; Add Catalog/2.1;)"
109.120.157.179 - - [18/Dec/2014:01:00:31 +0100] "GET / HTTP/1.1" 200 3274 "http://www.artparquet.ru/" "Mozilla/5.0 (compatible; Add Catalog/2.1;)"
207.46.13.86 - - [18/Dec/2014:01:59:26 +0100] "GET / HTTP/1.1" 200 3274 "-" "Mozilla/5.0 (compatible; bingbot/2.0; +http://www.bing.com/bingbot.htm)"
178.137.165.25 - - [18/Dec/2014:03:18:30 +0100] "GET / HTTP/1.1" 200 3274 "http://xn-----8kcnijgeam1andnpi2aq8m.xn--p1ai/" "Mozilla/4.0 (compatible; MSIE 5.0; Windows 2000) Opera 6.0 [en]"
178.137.165.25 - - [18/Dec/2014:03:18:31 +0100] "GET / HTTP/1.1" 200 3274 "http://xn-----8kcnijgeam1andnpi2aq8m.xn--p1ai/" "Mozilla/4.0 (compatible; MSIE 5.0; Windows 2000) Opera 6.0 [en]"
178.137.165.25 - - [18/Dec/2014:03:18:31 +0100] "GET / HTTP/1.1" 200 3274 "http://xn-----8kcnijgeam1andnpi2aq8m.xn--p1ai/" "Mozilla/4.0 (compatible; MSIE 5.0; Windows 2000) Opera 6.0 [en]"
46.119.119.184 - - [18/Dec/2014:03:25:29 +0100] "GET / HTTP/1.1" 200 3274 "http://promo-kodi.ru/" "Mozilla/4.0 (compatible; MSIE 5.5; Windows 95; BCD2000)"
46.119.119.184 - - [18/Dec/2014:03:25:29 +0100] "GET / HTTP/1.1" 200 3274 "http://promo-kodi.ru/" "Mozilla/4.0 (compatible; MSIE 5.5; Windows 95; BCD2000)"
46.119.119.184 - - [18/Dec/2014:03:25:32 +0100] "GET / HTTP/1.1" 200 3274 "http://promo-kodi.ru/" "Mozilla/4.0 (compatible; MSIE 5.5; Windows 95; BCD2000)"
178.137.94.34 - - [18/Dec/2014:03:51:59 +0100] "GET / HTTP/1.1" 200 3274 "http://www.narugka.ru/" "Mozilla/4.0 (compatible; MSIE 5.0; Windows 2000) Opera 6.0 [en]"
178.137.94.34 - - [18/Dec/2014:03:51:59 +0100] "GET / HTTP/1.1" 200 3274 "http://www.narugka.ru/" "Mozilla/4.0 (compatible; MSIE 5.0; Windows 2000) Opera 6.0 [en]"
178.137.94.34 - - [18/Dec/2014:03:52:00 +0100] "GET / HTTP/1.1" 200 3274 "http://www.narugka.ru/" "Mozilla/4.0 (compatible; MSIE 5.0; Windows 2000) Opera 6.0 [en]"
211.244.83.248 - - [18/Dec/2014:04:50:06 +0100] "GET /robots.txt HTTP/1.1" 404 1256 "http://search.daum.net/" "Mozilla/5.0 (compatible; MSIE or Firefox mutant; not on Windows server; + http://tab.search.daum.net/aboutWebSearch.html) Daumoa/3.0"
211.244.83.248 - - [18/Dec/2014:04:50:08 +0100] "GET / HTTP/1.1" 200 3274 "http://search.daum.net/" "Mozilla/5.0 (compatible; MSIE or Firefox mutant; not on Windows server; + http://tab.search.daum.net/aboutWebSearch.html) Daumoa/3.0"
91.207.8.46 - - [18/Dec/2014:06:01:06 +0100] "GET / HTTP/1.1" 200 3274 "http://labplus.ru/" "Mozilla/4.0 (compatible; MSIE 6.0; Windows NT 5.1; SV1; .NET CLR 1.1.4322; .NET CLR 2.0.50727)"
91.207.8.46 - - [18/Dec/2014:06:01:06 +0100] "GET / HTTP/1.1" 200 3274 "http://labplus.ru/" "Mozilla/4.0 (compatible; MSIE 6.0; Windows NT 5.1; SV1; .NET CLR 1.1.4322; .NET CLR 2.0.50727)"
91.207.8.46 - - [18/Dec/2014:06:01:06 +0100] "GET / HTTP/1.1" 200 3274 "http://labplus.ru/" "Mozilla/4.0 (compatible; MSIE 6.0; Windows NT 5.1; SV1; .NET CLR 1.1.4322; .NET CLR 2.0.50727)"
188.165.15.85 - - [18/Dec/2014:06:40:52 +0100] "GET /robots.txt HTTP/1.1" 404 1256 "-" "Mozilla/5.0 (compatible; AhrefsBot/5.0; +http://ahrefs.com/robot/)"
141.8.147.12 - - [18/Dec/2014:07:57:44 +0100] "GET /robots.txt HTTP/1.1" 404 1256 "-" "Mozilla/5.0 (compatible; YandexBot/3.0; +http://yandex.com/bots)"
134.249.82.158 - - [18/Dec/2014:08:29:46 +0100] "GET / HTTP/1.1" 200 3274 "http://www.kamchatkabear.ru/" "Mozilla/4.0 (compatible; MSIE 7.0; Windows NT 5.1; SV1; .NET CLR 2.0.50727)"
134.249.82.158 - - [18/Dec/2014:08:29:46 +0100] "GET / HTTP/1.1" 200 3274 "http://www.kamchatkabear.ru/" "Mozilla/4.0 (compatible; MSIE 7.0; Windows NT 5.1; SV1; .NET CLR 2.0.50727)"
134.249.82.158 - - [18/Dec/2014:08:29:47 +0100] "GET / HTTP/1.1" 200 3274 "http://www.kamchatkabear.ru/" "Mozilla/4.0 (compatible; MSIE 7.0; Windows NT 5.1; SV1; .NET CLR 2.0.50727)"
66.249.78.59 - - [18/Dec/2014:08:35:56 +0100] "GET /robots.txt HTTP/1.1" 404 1256 "-" "Mozilla/5.0 (compatible; Googlebot/2.1; +http://www.google.com/bot.html)"
66.249.78.52 - - [18/Dec/2014:08:35:56 +0100] "GET / HTTP/1.1" 200 3274 "-" "SAMSUNG-SGH-E250/1.0 Profile/MIDP-2.0 Configuration/CLDC-1.1 UP.Browser/6.2.3.3.c.1.101 (GUI) MMP/2.0 (compatible; Googlebot-Mobile/2.1; +http://www.google.com/bot.html)"
178.137.165.25 - - [18/Dec/2014:12:09:17 +0100] "GET / HTTP/1.1" 200 3274 "http://forum.taihouse.ru/" "Mozilla/4.0 (compatible; MSIE 5.5; Windows 98)"
178.137.165.25 - - [18/Dec/2014:12:09:17 +0100] "GET / HTTP/1.1" 200 3274 "http://golden-praga.ru/" "Mozilla/4.0 (compatible; MSIE 5.5; Windows 98)"
178.137.165.25 - - [18/Dec/2014:12:09:17 +0100] "GET / HTTP/1.1" 200 3274 "http://forum.taihouse.ru/" "Mozilla/4.0 (compatible; MSIE 5.5; Windows 98)"
178.137.165.25 - - [18/Dec/2014:12:09:17 +0100] "GET / HTTP/1.1" 200 3274 "http://golden-praga.ru/" "Mozilla/4.0 (compatible; MSIE 5.5; Windows 98)"
178.137.165.25 - - [18/Dec/2014:12:09:17 +0100] "GET / HTTP/1.1" 200 3274 "http://forum.taihouse.ru/" "Mozilla/4.0 (compatible; MSIE 5.5; Windows 98)"
178.137.165.25 - - [18/Dec/2014:12:09:17 +0100] "GET / HTTP/1.1" 200 3274 "http://golden-praga.ru/" "Mozilla/4.0 (compatible; MSIE 5.5; Windows 98)"
141.8.147.12 - - [18/Dec/2014:12:14:23 +0100] "GET / HTTP/1.1" 200 3274 "-" "Mozilla/5.0 (compatible; YandexBot/3.0; +http://yandex.com/bots)"
54.164.74.19 - - [18/Dec/2014:16:12:26 +0100] "GET / HTTP/1.1" 200 3274 "-" "Mozilla/5.0 (Windows NT 6.1; WOW64; rv:6.0a2) Gecko/20110613 Firefox/6.0a2"
81.144.138.34 - - [18/Dec/2014:19:11:43 +0100] "GET /robots.txt HTTP/1.1" 404 1256 "-" "Wotbox/2.01 (+http://www.wotbox.com/bot/)"
81.144.138.34 - - [18/Dec/2014:19:11:55 +0100] "GET / HTTP/1.1" 200 3274 "-" "Wotbox/2.01 (+http://www.wotbox.com/bot/)"
69.30.241.2 - - [18/Dec/2014:19:59:22 +0100] "GET / HTTP/1.1" 200 3274 "-" "Mozilla/5.0 (Windows NT 6.1; WOW64) AppleWebKit/537.36 (KHTML, like Gecko) Chrome/36.0.1985.143 Safari/537.36"
46.119.119.184 - - [18/Dec/2014:20:05:12 +0100] "GET / HTTP/1.1" 200 3274 "http://e-hook.ru/" "Opera/9.0 (Windows NT 5.1; U; en)"
46.119.119.184 - - [18/Dec/2014:20:05:12 +0100] "GET / HTTP/1.1" 200 3274 "http://smart-halyava.com/" "Opera/9.0 (Windows NT 5.1; U; en)"
46.119.119.184 - - [18/Dec/2014:20:05:12 +0100] "GET / HTTP/1.1" 200 3274 "http://smart-halyava.com/" "Opera/9.0 (Windows NT 5.1; U; en)"
46.119.119.184 - - [18/Dec/2014:20:05:13 +0100] "GET / HTTP/1.1" 200 3274 "http://smart-halyava.com/" "Opera/9.0 (Windows NT 5.1; U; en)"
46.119.119.184 - - [18/Dec/2014:20:05:13 +0100] "GET / HTTP/1.1" 200 3274 "http://e-hook.ru/" "Opera/9.0 (Windows NT 5.1; U; en)"
46.119.119.184 - - [18/Dec/2014:20:05:14 +0100] "GET / HTTP/1.1" 200 3274 "http://e-hook.ru/" "Opera/9.0 (Windows NT 5.1; U; en)"
178.137.94.34 - - [18/Dec/2014:20:05:48 +0100] "GET / HTTP/1.1" 200 3274 "http://ridder.asia/" "Mozilla/4.0 (compatible; MSIE 6.0; Windows NT 5.1; SV1; InfoPath.1)"
178.137.94.34 - - [18/Dec/2014:20:05:48 +0100] "GET / HTTP/1.1" 200 3274 "http://vse-v-internet.net/" "Mozilla/4.0 (compatible; MSIE 6.0; Windows NT 5.1; SV1; InfoPath.1)"
178.137.94.34 - - [18/Dec/2014:20:05:50 +0100] "GET / HTTP/1.1" 200 3274 "http://ridder.asia/" "Mozilla/4.0 (compatible; MSIE 6.0; Windows NT 5.1; SV1; InfoPath.1)"
178.137.94.34 - - [18/Dec/2014:20:05:50 +0100] "GET / HTTP/1.1" 200 3274 "http://vse-v-internet.net/" "Mozilla/4.0 (compatible; MSIE 6.0; Windows NT 5.1; SV1; InfoPath.1)"
178.137.94.34 - - [18/Dec/2014:20:05:50 +0100] "GET / HTTP/1.1" 200 3274 "http://ridder.asia/" "Mozilla/4.0 (compatible; MSIE 6.0; Windows NT 5.1; SV1; InfoPath.1)"
178.137.94.34 - - [18/Dec/2014:20:05:50 +0100] "GET / HTTP/1.1" 200 3274 "http://vse-v-internet.net/" "Mozilla/4.0 (compatible; MSIE 6.0; Windows NT 5.1; SV1; InfoPath.1)"
85.180.38.232 - - [18/Dec/2014:21:25:49 +0100] "GET / HTTP/1.1" 200 3274 "-" "Mozilla/5.0 (iPad; CPU OS 7_1_2 like Mac OS X) AppleWebKit/537.51.2 (KHTML, like Gecko) Version/7.0 Mobile/11D257 Safari/9537.53"
85.180.38.232 - - [18/Dec/2014:21:25:50 +0100] "GET /css/bootstrap-responsive.min.css HTTP/1.1" 200 16520 "http://www.dialyse-falkensee.de/" "Mozilla/5.0 (iPad; CPU OS 7_1_2 like Mac OS X) AppleWebKit/537.51.2 (KHTML, like Gecko) Version/7.0 Mobile/11D257 Safari/9537.53"
85.180.38.232 - - [18/Dec/2014:21:25:50 +0100] "GET /css/bootstrap.min.css HTTP/1.1" 200 101265 "http://www.dialyse-falkensee.de/" "Mozilla/5.0 (iPad; CPU OS 7_1_2 like Mac OS X) AppleWebKit/537.51.2 (KHTML, like Gecko) Version/7.0 Mobile/11D257 Safari/9537.53"
85.180.38.232 - - [18/Dec/2014:21:25:50 +0100] "GET /js/bootstrap.min.js HTTP/1.1" 200 25764 "http://www.dialyse-falkensee.de/" "Mozilla/5.0 (iPad; CPU OS 7_1_2 like Mac OS X) AppleWebKit/537.51.2 (KHTML, like Gecko) Version/7.0 Mobile/11D257 Safari/9537.53"
66.249.78.59 - - [18/Dec/2014:21:52:27 +0100] "GET /robots.txt HTTP/1.1" 404 1256 "-" "Mozilla/5.0 (compatible; Googlebot/2.1; +http://www.google.com/bot.html)"
66.249.78.45 - - [18/Dec/2014:21:52:27 +0100] "GET / HTTP/1.1" 200 3274 "-" "Mozilla/5.0 (iPhone; CPU iPhone OS 6_0 like Mac OS X) AppleWebKit/536.26 (KHTML, like Gecko) Version/6.0 Mobile/10A5376e Safari/8536.25 (compatible; Googlebot/2.1; +http://www.google.com/bot.html)"
178.137.165.25 - - [19/Dec/2014:01:55:53 +0100] "GET / HTTP/1.1" 200 3274 "http://megakalyan.com/" "Mozilla/4.0 (compatible; MSIE 6.0; Windows NT 5.0; .NET CLR 1.0.3705; .NET CLR 1.1.4322)"
178.137.165.25 - - [19/Dec/2014:01:55:54 +0100] "GET / HTTP/1.1" 200 3274 "http://megakalyan.com/" "Mozilla/4.0 (compatible; MSIE 6.0; Windows NT 5.0; .NET CLR 1.0.3705; .NET CLR 1.1.4322)"
178.137.165.25 - - [19/Dec/2014:01:55:54 +0100] "GET / HTTP/1.1" 200 3274 "http://megakalyan.com/" "Mozilla/4.0 (compatible; MSIE 6.0; Windows NT 5.0; .NET CLR 1.0.3705; .NET CLR 1.1.4322)"
46.119.119.184 - - [19/Dec/2014:02:02:07 +0100] "GET / HTTP/1.1" 200 3274 "http://www.intim-art.ru/" "Mozilla/4.0 (compatible; MSIE 6.0; Windows NT 5.1; SV1; YPC 3.0.2; .NET CLR 1.1.4322; yplus 4.4.02b)"
46.119.119.184 - - [19/Dec/2014:02:02:07 +0100] "GET / HTTP/1.1" 200 3274 "http://www.intim-art.ru/" "Mozilla/4.0 (compatible; MSIE 6.0; Windows NT 5.1; SV1; YPC 3.0.2; .NET CLR 1.1.4322; yplus 4.4.02b)"
46.119.119.184 - - [19/Dec/2014:02:02:07 +0100] "GET / HTTP/1.1" 200 3274 "http://www.intim-art.ru/" "Mozilla/4.0 (compatible; MSIE 6.0; Windows NT 5.1; SV1; YPC 3.0.2; .NET CLR 1.1.4322; yplus 4.4.02b)"
178.137.94.34 - - [19/Dec/2014:02:46:15 +0100] "GET / HTTP/1.1" 200 3274 "http://infoprosto.com/" "Mozilla/4.0 (compatible; MSIE 5.01; Windows 95; MSIECrawler)"
178.137.94.34 - - [19/Dec/2014:02:46:15 +0100] "GET / HTTP/1.1" 200 3274 "http://charge-up.ru/" "Mozilla/4.0 (compatible; MSIE 6.0; Windows NT 5.1; SV1; Media Center PC"
178.137.94.34 - - [19/Dec/2014:02:46:15 +0100] "GET / HTTP/1.1" 200 3274 "http://infoprosto.com/" "Mozilla/4.0 (compatible; MSIE 5.01; Windows 95; MSIECrawler)"
178.137.94.34 - - [19/Dec/2014:02:46:15 +0100] "GET / HTTP/1.1" 200 3274 "http://charge-up.ru/" "Mozilla/4.0 (compatible; MSIE 6.0; Windows NT 5.1; SV1; Media Center PC"
178.137.94.34 - - [19/Dec/2014:02:46:16 +0100] "GET / HTTP/1.1" 200 3274 "http://infoprosto.com/" "Mozilla/4.0 (compatible; MSIE 5.01; Windows 95; MSIECrawler)"
178.137.94.34 - - [19/Dec/2014:02:46:16 +0100] "GET / HTTP/1.1" 200 3274 "http://charge-up.ru/" "Mozilla/4.0 (compatible; MSIE 6.0; Windows NT 5.1; SV1; Media Center PC"
207.46.13.86 - - [19/Dec/2014:06:39:01 +0100] "GET /robots.txt HTTP/1.1" 404 1256 "-" "Mozilla/5.0 (compatible; bingbot/2.0; +http://www.bing.com/bingbot.htm)"
207.46.13.86 - - [19/Dec/2014:06:39:09 +0100] "GET / HTTP/1.1" 200 3274 "-" "Mozilla/5.0 (compatible; bingbot/2.0; +http://www.bing.com/bingbot.htm)"
66.155.8.225 - - [19/Dec/2014:08:09:35 +0100] "GET / HTTP/1.1" 200 3274 "-" "Mozilla/5.0 (X11; Linux x86_64; rv:10.0.12) Gecko/20100101 Firefox/21.0 WordPress.com mShots"
66.155.8.225 - - [19/Dec/2014:08:09:36 +0100] "GET /css/bootstrap-responsive.min.css HTTP/1.1" 200 16520 "http://www.dialyse-falkensee.de/" "Mozilla/5.0 (X11; Linux x86_64; rv:10.0.12) Gecko/20100101 Firefox/21.0 WordPress.com mShots"
66.155.8.225 - - [19/Dec/2014:08:09:35 +0100] "GET /css/bootstrap.min.css HTTP/1.1" 200 101265 "http://www.dialyse-falkensee.de/" "Mozilla/5.0 (X11; Linux x86_64; rv:10.0.12) Gecko/20100101 Firefox/21.0 WordPress.com mShots"
66.155.8.225 - - [19/Dec/2014:08:09:36 +0100] "GET /img/glyphicons-halflings.png HTTP/1.1" 200 12799 "http://www.dialyse-falkensee.de/" "Mozilla/5.0 (X11; Linux x86_64; rv:10.0.12) Gecko/20100101 Firefox/21.0 WordPress.com mShots"
66.155.8.225 - - [19/Dec/2014:08:09:36 +0100] "GET /js/bootstrap.min.js HTTP/1.1" 200 25764 "http://www.dialyse-falkensee.de/" "Mozilla/5.0 (X11; Linux x86_64; rv:10.0.12) Gecko/20100101 Firefox/21.0 WordPress.com mShots"
91.207.8.46 - - [19/Dec/2014:11:00:20 +0100] "GET / HTTP/1.1" 200 3274 "http://1kino.com/" "Mozilla/4.0 (compatible; MSIE 6.0; Windows NT 5.1; .NET CLR 1.1.4322; FDM)"
91.207.8.46 - - [19/Dec/2014:11:00:20 +0100] "GET / HTTP/1.1" 200 3274 "http://1kino.com/" "Mozilla/4.0 (compatible; MSIE 6.0; Windows NT 5.1; .NET CLR 1.1.4322; FDM)"
91.207.8.46 - - [19/Dec/2014:11:00:21 +0100] "GET / HTTP/1.1" 200 3274 "http://1kino.com/" "Mozilla/4.0 (compatible; MSIE 6.0; Windows NT 5.1; .NET CLR 1.1.4322; FDM)"
91.207.8.46 - - [19/Dec/2014:11:00:23 +0100] "GET / HTTP/1.1" 200 3274 "http://www.fortiswatches.com/" "Mozilla/4.0 (compatible; MSIE 6.0; Windows NT 5.1; .NET CLR 1.1.4322; FDM)"
91.207.8.46 - - [19/Dec/2014:11:00:26 +0100] "GET / HTTP/1.1" 200 3274 "http://www.fortiswatches.com/" "Mozilla/4.0 (compatible; MSIE 6.0; Windows NT 5.1; .NET CLR 1.1.4322; FDM)"
91.207.8.46 - - [19/Dec/2014:11:00:27 +0100] "GET / HTTP/1.1" 200 3274 "http://www.fortiswatches.com/" "Mozilla/4.0 (compatible; MSIE 6.0; Windows NT 5.1; .NET CLR 1.1.4322; FDM)"
125.96.160.132 - - [19/Dec/2014:11:08:41 +0100] "GET / HTTP/1.1" 200 3274 "-" "Mozilla/4.0 (compatible; MSIE 8.0; Windows NT 5.1; Trident/4.0)"
125.96.160.132 - - [19/Dec/2014:11:08:41 +0100] "GET /css/bootstrap-responsive.min.css HTTP/1.1" 200 16520 "http://www.dialyse-falkensee.de/" "Mozilla/4.0 (compatible; MSIE 8.0; Windows NT 5.1; Trident/4.0)"
125.96.160.132 - - [19/Dec/2014:11:08:41 +0100] "GET /js/bootstrap.min.js HTTP/1.1" 200 25764 "http://www.dialyse-falkensee.de/" "Mozilla/4.0 (compatible; MSIE 8.0; Windows NT 5.1; Trident/4.0)"
125.96.160.132 - - [19/Dec/2014:11:08:41 +0100] "GET /css/bootstrap.min.css HTTP/1.1" 200 101265 "http://www.dialyse-falkensee.de/" "Mozilla/4.0 (compatible; MSIE 8.0; Windows NT 5.1; Trident/4.0)"
125.96.160.132 - - [19/Dec/2014:11:08:43 +0100] "GET /img/glyphicons-halflings.png HTTP/1.1" 200 12799 "http://www.dialyse-falkensee.de/" "Mozilla/4.0 (compatible; MSIE 8.0; Windows NT 5.1; Trident/4.0)"
92.228.155.245 - - [19/Dec/2014:12:32:54 +0100] "GET / HTTP/1.1" 200 3274 "https://www.google.de/" "Mozilla/5.0 (Linux; Android 4.4.4; D5503 Build/14.4.A.0.157) AppleWebKit/537.36 (KHTML, like Gecko) Chrome/39.0.2171.93 Mobile Safari/537.36"
92.228.155.245 - - [19/Dec/2014:12:32:54 +0100] "GET /css/bootstrap-responsive.min.css HTTP/1.1" 200 16520 "http://www.dialyse-falkensee.de/" "Mozilla/5.0 (Linux; Android 4.4.4; D5503 Build/14.4.A.0.157) AppleWebKit/537.36 (KHTML, like Gecko) Chrome/39.0.2171.93 Mobile Safari/537.36"
92.228.155.245 - - [19/Dec/2014:12:32:54 +0100] "GET /js/bootstrap.min.js HTTP/1.1" 200 25764 "http://www.dialyse-falkensee.de/" "Mozilla/5.0 (Linux; Android 4.4.4; D5503 Build/14.4.A.0.157) AppleWebKit/537.36 (KHTML, like Gecko) Chrome/39.0.2171.93 Mobile Safari/537.36"
92.228.155.245 - - [19/Dec/2014:12:32:54 +0100] "GET /css/bootstrap.min.css HTTP/1.1" 200 101265 "http://www.dialyse-falkensee.de/" "Mozilla/5.0 (Linux; Android 4.4.4; D5503 Build/14.4.A.0.157) AppleWebKit/537.36 (KHTML, like Gecko) Chrome/39.0.2171.93 Mobile Safari/537.36"
92.228.155.245 - - [19/Dec/2014:12:32:54 +0100] "GET /img/glyphicons-halflings.png HTTP/1.1" 200 12799 "http://www.dialyse-falkensee.de/css/bootstrap.min.css" "Mozilla/5.0 (Linux; Android 4.4.4; D5503 Build/14.4.A.0.157) AppleWebKit/537.36 (KHTML, like Gecko) Chrome/39.0.2171.93 Mobile Safari/537.36"
92.228.155.245 - - [19/Dec/2014:12:32:55 +0100] "GET /ico/favicon.ico HTTP/1.1" 404 1256 "-" "Mozilla/5.0 (Linux; Android 4.4.4; D5503 Build/14.4.A.0.157) AppleWebKit/537.36 (KHTML, like Gecko) Chrome/39.0.2171.93 Mobile Safari/537.36"
82.193.99.33 - - [19/Dec/2014:12:55:59 +0100] "GET / HTTP/1.1" 200 3274 "http://blogos.kz/" "Mozilla/4.0 (compatible; MSIE 6.0; Windows NT 5.1; SV1; .NET CLR 1.1.4322)"
82.193.99.33 - - [19/Dec/2014:12:55:59 +0100] "GET / HTTP/1.1" 200 3274 "http://blogos.kz/" "Mozilla/4.0 (compatible; MSIE 6.0; Windows NT 5.1; SV1; .NET CLR 1.1.4322)"
82.193.99.33 - - [19/Dec/2014:12:56:00 +0100] "GET / HTTP/1.1" 200 3274 "http://blogos.kz/" "Mozilla/4.0 (compatible; MSIE 6.0; Windows NT 5.1; SV1; .NET CLR 1.1.4322)"
66.249.78.45 - - [19/Dec/2014:15:44:05 +0100] "GET /robots.txt HTTP/1.1" 404 1256 "-" "Mozilla/5.0 (compatible; Googlebot/2.1; +http://www.google.com/bot.html)"
66.249.78.52 - - [19/Dec/2014:15:44:05 +0100] "GET /css/bootstrap-responsive.min.css HTTP/1.1" 200 16520 "-" "Mozilla/5.0 (compatible; Googlebot/2.1; +http://www.google.com/bot.html)"
66.249.78.59 - - [19/Dec/2014:16:19:13 +0100] "GET /css/bootstrap.min.css HTTP/1.1" 200 101265 "-" "Mozilla/5.0 (compatible; Googlebot/2.1; +http://www.google.com/bot.html)"
46.119.119.184 - - [19/Dec/2014:17:06:23 +0100] "GET / HTTP/1.1" 200 3274 "http://bolshe.ru/" "Opera/9.0 (Windows NT 5.1; U; en)"
178.137.165.25 - - [19/Dec/2014:17:06:23 +0100] "GET / HTTP/1.1" 200 3274 "http://best-vps.ru/" "Mozilla/6.0 (compatible; MSIE 7.0a1; Windows NT 5.2; SV1)"
46.119.119.184 - - [19/Dec/2014:17:06:24 +0100] "GET / HTTP/1.1" 200 3274 "http://bolshe.ru/" "Opera/9.0 (Windows NT 5.1; U; en)"
178.137.165.25 - - [19/Dec/2014:17:06:24 +0100] "GET / HTTP/1.1" 200 3274 "http://best-vps.ru/" "Mozilla/6.0 (compatible; MSIE 7.0a1; Windows NT 5.2; SV1)"
178.137.165.25 - - [19/Dec/2014:17:06:24 +0100] "GET / HTTP/1.1" 200 3274 "http://best-vps.ru/" "Mozilla/6.0 (compatible; MSIE 7.0a1; Windows NT 5.2; SV1)"
46.119.119.184 - - [19/Dec/2014:17:06:24 +0100] "GET / HTTP/1.1" 200 3274 "http://bolshe.ru/" "Opera/9.0 (Windows NT 5.1; U; en)"
87.145.221.73 - - [19/Dec/2014:21:06:22 +0100] "GET / HTTP/1.1" 200 3274 "http://www.bigfinder.de/?c=ws&q=online&v=1" "Mozilla/5.0 (Windows NT 6.1; WOW64; rv:19.0) Gecko/20100101 Firefox/19.0"
