66.249.78.45 - - [01/Apr/2015:00:40:39 +0200] "GET /robots.txt HTTP/1.1" 404 1256 "-" "Mozilla/5.0 (compatible; Googlebot/2.1; +http://www.google.com/bot.html)"
66.249.78.52 - - [01/Apr/2015:00:40:40 +0200] "GET / HTTP/1.1" 200 3274 "-" "Mozilla/5.0 (iPhone; CPU iPhone OS 6_0 like Mac OS X) AppleWebKit/536.26 (KHTML, like Gecko) Version/6.0 Mobile/10A5376e Safari/8536.25 (compatible; Googlebot/2.1; +http://www.google.com/bot.html)"
134.249.53.8 - - [01/Apr/2015:04:04:36 +0200] "GET / HTTP/1.1" 200 3274 "http://droidmod.ru/" "Mozilla/4.7 (compatible; OffByOne; Windows 2000) Webster Pro V3.4"
134.249.53.8 - - [01/Apr/2015:04:04:36 +0200] "GET / HTTP/1.1" 200 3274 "http://droidmod.ru/" "Mozilla/4.7 (compatible; OffByOne; Windows 2000) Webster Pro V3.4"
134.249.53.8 - - [01/Apr/2015:04:04:37 +0200] "GET / HTTP/1.1" 200 3274 "http://droidmod.ru/" "Mozilla/4.7 (compatible; OffByOne; Windows 2000) Webster Pro V3.4"
222.239.162.7 - - [01/Apr/2015:05:52:46 +0200] "GET /robots.txt HTTP/1.1" 404 1256 "http://search.daum.net/" "Mozilla/5.0 (compatible; MSIE or Firefox mutant; not on Windows server; + http://tab.search.daum.net/aboutWebSearch.html) Daumoa/3.0"
222.239.162.7 - - [01/Apr/2015:05:52:47 +0200] "GET / HTTP/1.1" 200 3274 "http://search.daum.net/" "Mozilla/5.0 (compatible; MSIE or Firefox mutant; not on Windows server; + http://tab.search.daum.net/aboutWebSearch.html) Daumoa/3.0"
207.46.13.59 - - [01/Apr/2015:08:20:44 +0200] "GET / HTTP/1.1" 200 3274 "-" "Mozilla/5.0 (compatible; bingbot/2.0; +http://www.bing.com/bingbot.htm)"
146.0.32.165 - - [01/Apr/2015:09:08:07 +0200] "GET /robots.txt HTTP/1.1" 404 1256 "-" "Mozilla/5.0 (compatible; savetheworldheritage.org/1.0; +crawl@savetheworldheritage.org)"
146.0.32.165 - - [01/Apr/2015:09:08:07 +0200] "GET /index.html HTTP/1.1" 200 3274 "-" "Mozilla/5.0 (compatible; savetheworldheritage.org/1.0; +crawl@savetheworldheritage.org)"
78.46.36.226 - - [01/Apr/2015:14:56:49 +0200] "GET /robots.txt HTTP/1.1" 404 1256 "-" "Mozilla/5.0 (Windows; U; Windows NT 5.1; rv:1.7.3) Gecko/20041001 Firefox/0.10.1"
109.120.157.179 - - [01/Apr/2015:17:31:40 +0200] "GET / HTTP/1.1" 200 3274 "http://www.artparquet.ru/" "Mozilla/5.0 (compatible; Add Catalog/2.1;)"
109.120.157.179 - - [01/Apr/2015:17:31:41 +0200] "GET / HTTP/1.1" 200 3274 "http://www.artparquet.ru/" "Mozilla/5.0 (compatible; Add Catalog/2.1;)"
109.120.157.179 - - [01/Apr/2015:17:31:41 +0200] "GET / HTTP/1.1" 200 3274 "http://www.artparquet.ru/" "Mozilla/5.0 (compatible; Add Catalog/2.1;)"
66.249.79.107 - - [01/Apr/2015:17:48:18 +0200] "GET /robots.txt HTTP/1.1" 404 1256 "-" "Mozilla/5.0 (compatible; Googlebot/2.1; +http://www.google.com/bot.html)"
66.249.79.91 - - [01/Apr/2015:17:48:19 +0200] "GET / HTTP/1.1" 200 3274 "-" "Mozilla/5.0 (compatible; Googlebot/2.1; +http://www.google.com/bot.html)"
66.249.79.99 - - [01/Apr/2015:20:52:31 +0200] "GET / HTTP/1.1" 200 3274 "-" "Mozilla/5.0 (iPhone; CPU iPhone OS 6_0 like Mac OS X) AppleWebKit/536.26 (KHTML, like Gecko) Version/6.0 Mobile/10A5376e Safari/8536.25 (compatible; Googlebot/2.1; +http://www.google.com/bot.html)"
134.249.53.8 - - [01/Apr/2015:21:21:23 +0200] "GET / HTTP/1.1" 200 3274 "http://ccpfy.net/" "Mozilla/4.0 (compatible; MSIE 6.0; MSIE 5.5; Windows NT 4.0) Opera 7.0 [en]"
134.249.53.8 - - [01/Apr/2015:21:21:23 +0200] "GET / HTTP/1.1" 200 3274 "http://ccpfy.net/" "Mozilla/4.0 (compatible; MSIE 6.0; MSIE 5.5; Windows NT 4.0) Opera 7.0 [en]"
134.249.53.8 - - [01/Apr/2015:21:21:24 +0200] "GET / HTTP/1.1" 200 3274 "http://ccpfy.net/" "Mozilla/4.0 (compatible; MSIE 6.0; MSIE 5.5; Windows NT 4.0) Opera 7.0 [en]"
188.103.109.160 - - [01/Apr/2015:21:58:30 +0200] "GET / HTTP/1.1" 200 3274 "https://www.google.de/" "Mozilla/5.0 (iPhone; CPU iPhone OS 8_2 like Mac OS X) AppleWebKit/600.1.4 (KHTML, like Gecko) Version/8.0 Mobile/12D508 Safari/600.1.4"
188.103.109.160 - - [01/Apr/2015:21:58:30 +0200] "GET /js/bootstrap.min.js HTTP/1.1" 200 25764 "http://www.dialyse-falkensee.de/" "Mozilla/5.0 (iPhone; CPU iPhone OS 8_2 like Mac OS X) AppleWebKit/600.1.4 (KHTML, like Gecko) Version/8.0 Mobile/12D508 Safari/600.1.4"
188.103.109.160 - - [01/Apr/2015:21:58:30 +0200] "GET /css/bootstrap-responsive.min.css HTTP/1.1" 200 16520 "http://www.dialyse-falkensee.de/" "Mozilla/5.0 (iPhone; CPU iPhone OS 8_2 like Mac OS X) AppleWebKit/600.1.4 (KHTML, like Gecko) Version/8.0 Mobile/12D508 Safari/600.1.4"
188.103.109.160 - - [01/Apr/2015:21:58:30 +0200] "GET /css/bootstrap.min.css HTTP/1.1" 200 101265 "http://www.dialyse-falkensee.de/" "Mozilla/5.0 (iPhone; CPU iPhone OS 8_2 like Mac OS X) AppleWebKit/600.1.4 (KHTML, like Gecko) Version/8.0 Mobile/12D508 Safari/600.1.4"
188.103.109.160 - - [01/Apr/2015:21:58:30 +0200] "GET /img/glyphicons-halflings.png HTTP/1.1" 200 12799 "http://www.dialyse-falkensee.de/" "Mozilla/5.0 (iPhone; CPU iPhone OS 8_2 like Mac OS X) AppleWebKit/600.1.4 (KHTML, like Gecko) Version/8.0 Mobile/12D508 Safari/600.1.4"
209.15.21.139 - - [01/Apr/2015:22:02:31 +0200] "GET / HTTP/1.1" 200 3274 "-" "Mozilla/5.0 (X11; Linux x86_64; rv:10.0.12) Gecko/20100101 Firefox/21.0 WordPress.com mShots"
209.15.21.139 - - [01/Apr/2015:22:02:31 +0200] "GET /css/bootstrap-responsive.min.css HTTP/1.1" 200 16520 "http://www.dialyse-falkensee.de/" "Mozilla/5.0 (X11; Linux x86_64; rv:10.0.12) Gecko/20100101 Firefox/21.0 WordPress.com mShots"
209.15.21.139 - - [01/Apr/2015:22:02:31 +0200] "GET /css/bootstrap.min.css HTTP/1.1" 200 101265 "http://www.dialyse-falkensee.de/" "Mozilla/5.0 (X11; Linux x86_64; rv:10.0.12) Gecko/20100101 Firefox/21.0 WordPress.com mShots"
209.15.21.139 - - [01/Apr/2015:22:02:32 +0200] "GET /js/bootstrap.min.js HTTP/1.1" 200 25764 "http://www.dialyse-falkensee.de/" "Mozilla/5.0 (X11; Linux x86_64; rv:10.0.12) Gecko/20100101 Firefox/21.0 WordPress.com mShots"
209.15.21.139 - - [01/Apr/2015:22:02:32 +0200] "GET /img/glyphicons-halflings.png HTTP/1.1" 200 12799 "http://www.dialyse-falkensee.de/" "Mozilla/5.0 (X11; Linux x86_64; rv:10.0.12) Gecko/20100101 Firefox/21.0 WordPress.com mShots"
134.249.53.8 - - [01/Apr/2015:22:33:15 +0200] "GET / HTTP/1.1" 200 3274 "http://aibolita.ru/" "Mozilla/4.0 (compatible; MSIE 6.0; Windows NT 5.2; Win64; x64; SV1; .NET CLR 2.0.50727)"
134.249.53.8 - - [01/Apr/2015:22:33:15 +0200] "GET / HTTP/1.1" 200 3274 "http://aibolita.ru/" "Mozilla/4.0 (compatible; MSIE 6.0; Windows NT 5.2; Win64; x64; SV1; .NET CLR 2.0.50727)"
134.249.53.8 - - [01/Apr/2015:22:33:15 +0200] "GET / HTTP/1.1" 200 3274 "http://aibolita.ru/" "Mozilla/4.0 (compatible; MSIE 6.0; Windows NT 5.2; Win64; x64; SV1; .NET CLR 2.0.50727)"
91.207.8.46 - - [02/Apr/2015:04:28:55 +0200] "GET / HTTP/1.1" 200 3274 "http://userclick.su/" "Mozilla/4.0 (compatible; MSIE 6.0; Windows NT 5.1)"
91.207.8.46 - - [02/Apr/2015:04:28:56 +0200] "GET / HTTP/1.1" 200 3274 "http://userclick.su/" "Mozilla/4.0 (compatible; MSIE 6.0; Windows NT 5.1)"
91.207.8.46 - - [02/Apr/2015:04:28:56 +0200] "GET / HTTP/1.1" 200 3274 "http://userclick.su/" "Mozilla/4.0 (compatible; MSIE 6.0; Windows NT 5.1)"
134.249.53.8 - - [02/Apr/2015:06:05:52 +0200] "GET / HTTP/1.1" 200 3274 "http://coldfilm.ru/" "Mozilla/4.0 (compatible; MSIE 6.0; Windows XP)"
134.249.53.8 - - [02/Apr/2015:06:05:55 +0200] "GET / HTTP/1.1" 200 3274 "http://coldfilm.ru/" "Mozilla/4.0 (compatible; MSIE 6.0; Windows XP)"
134.249.53.8 - - [02/Apr/2015:06:05:55 +0200] "GET / HTTP/1.1" 200 3274 "http://coldfilm.ru/" "Mozilla/4.0 (compatible; MSIE 6.0; Windows XP)"
91.207.8.46 - - [02/Apr/2015:07:35:34 +0200] "GET / HTTP/1.1" 200 3274 "http://wallpapera.net/" "Mozilla/3.0 (x86 [en] Windows NT 5.1; Sun)"
91.207.8.46 - - [02/Apr/2015:07:35:35 +0200] "GET / HTTP/1.1" 200 3274 "http://wallpapera.net/" "Mozilla/3.0 (x86 [en] Windows NT 5.1; Sun)"
91.207.8.46 - - [02/Apr/2015:07:35:36 +0200] "GET / HTTP/1.1" 200 3274 "http://wallpapera.net/" "Mozilla/3.0 (x86 [en] Windows NT 5.1; Sun)"
93.219.220.191 - - [02/Apr/2015:08:16:50 +0200] "GET / HTTP/1.1" 200 3274 "http://www.google.de/url?sa=t&rct=j&q=&esrc=s&source=web&cd=1&ved=0CCkQFjAA&url=http%3A%2F%2Fwww.dialyse-falkensee.de%2F&ei=oN4cVbSKNZTeaqa2gcAD&usg=AFQjCNECgXXq-DVOeCPbM1zyqacv9mR2gg&sig2=8vOlBOr7eImzqMgUNo-zgg" "Mozilla/5.0 (Windows NT 6.3; WOW64; Trident/7.0; MAARJS; rv:11.0) like Gecko"
93.219.220.191 - - [02/Apr/2015:08:16:50 +0200] "GET /css/bootstrap-responsive.min.css HTTP/1.1" 200 16520 "http://www.dialyse-falkensee.de/" "Mozilla/5.0 (Windows NT 6.3; WOW64; Trident/7.0; MAARJS; rv:11.0) like Gecko"
93.219.220.191 - - [02/Apr/2015:08:16:50 +0200] "GET /js/bootstrap.min.js HTTP/1.1" 200 25764 "http://www.dialyse-falkensee.de/" "Mozilla/5.0 (Windows NT 6.3; WOW64; Trident/7.0; MAARJS; rv:11.0) like Gecko"
93.219.220.191 - - [02/Apr/2015:08:16:50 +0200] "GET /css/bootstrap.min.css HTTP/1.1" 200 101265 "http://www.dialyse-falkensee.de/" "Mozilla/5.0 (Windows NT 6.3; WOW64; Trident/7.0; MAARJS; rv:11.0) like Gecko"
93.219.220.191 - - [02/Apr/2015:08:16:51 +0200] "GET /ico/favicon.ico HTTP/1.1" 404 1256 "-" "Mozilla/5.0 (Windows NT 6.3; Win64; x64; Trident/7.0; MAARJS; rv:11.0) like Gecko"
93.219.220.191 - - [02/Apr/2015:08:16:51 +0200] "GET /favicon.ico HTTP/1.1" 404 1256 "-" "Mozilla/5.0 (Windows NT 6.3; Win64; x64; Trident/7.0; MAARJS; rv:11.0) like Gecko"
93.219.220.191 - - [02/Apr/2015:08:17:17 +0200] "GET /img/glyphicons-halflings.png HTTP/1.1" 200 12799 "http://www.dialyse-falkensee.de/" "Mozilla/5.0 (Windows NT 6.3; WOW64; Trident/7.0; MAARJS; rv:11.0) like Gecko"
93.219.220.191 - - [02/Apr/2015:08:17:17 +0200] "GET /ico/favicon.ico HTTP/1.1" 404 1256 "-" "Mozilla/5.0 (Windows NT 6.3; Win64; x64; Trident/7.0; MAARJS; rv:11.0) like Gecko"
93.219.220.191 - - [02/Apr/2015:08:17:17 +0200] "GET /favicon.ico HTTP/1.1" 404 1256 "-" "Mozilla/5.0 (Windows NT 6.3; Win64; x64; Trident/7.0; MAARJS; rv:11.0) like Gecko"
93.219.220.191 - - [02/Apr/2015:08:19:47 +0200] "GET /browserconfig.xml HTTP/1.1" 404 1256 "-" "Mozilla/5.0 (Windows NT 6.3; Win64; x64; Trident/7.0; MAARJS; rv:11.0) like Gecko"
209.190.1.131 - - [02/Apr/2015:08:29:08 +0200] "GET / HTTP/1.1" 200 3274 "-" "Mozilla/5.0 (Windows NT 6.1; Win64; x64) KomodiaBot/1.0"
66.249.79.99 - - [02/Apr/2015:10:10:32 +0200] "GET /robots.txt HTTP/1.1" 404 1256 "-" "Mozilla/5.0 (compatible; Googlebot/2.1; +http://www.google.com/bot.html)"
66.249.79.107 - - [02/Apr/2015:10:10:33 +0200] "GET / HTTP/1.1" 200 3274 "-" "Mozilla/5.0 (iPhone; CPU iPhone OS 6_0 like Mac OS X) AppleWebKit/536.26 (KHTML, like Gecko) Version/6.0 Mobile/10A5376e Safari/8536.25 (compatible; Googlebot/2.1; +http://www.google.com/bot.html)"
66.249.79.91 - - [02/Apr/2015:10:20:08 +0200] "GET /css/bootstrap.min.css HTTP/1.1" 200 101265 "-" "Mozilla/5.0 (compatible; Googlebot/2.1; +http://www.google.com/bot.html)"
66.249.79.91 - - [02/Apr/2015:10:20:09 +0200] "GET /css/bootstrap-responsive.min.css HTTP/1.1" 200 16520 "-" "Mozilla/5.0 (compatible; Googlebot/2.1; +http://www.google.com/bot.html)"
178.137.85.64 - - [02/Apr/2015:12:00:04 +0200] "GET / HTTP/1.1" 200 3274 "http://doeco.ru/" "Mozilla/4.0 (compatible; MSIE 6.0; Windows NT 5.1; SV1)"
178.137.85.64 - - [02/Apr/2015:12:00:04 +0200] "GET / HTTP/1.1" 200 3274 "http://doeco.ru/" "Mozilla/4.0 (compatible; MSIE 6.0; Windows NT 5.1; SV1)"
178.137.85.64 - - [02/Apr/2015:12:00:05 +0200] "GET / HTTP/1.1" 200 3274 "http://doeco.ru/" "Mozilla/4.0 (compatible; MSIE 6.0; Windows NT 5.1; SV1)"
162.210.196.130 - - [02/Apr/2015:12:35:07 +0200] "GET /robots.txt HTTP/1.0" 404 1256 "-" "Mozilla/5.0 (compatible; MJ12bot/v1.4.5; http://www.majestic12.co.uk/bot.php?+)"
162.210.196.130 - - [02/Apr/2015:12:35:08 +0200] "GET / HTTP/1.0" 200 3274 "-" "Mozilla/5.0 (compatible; MJ12bot/v1.4.5; http://www.majestic12.co.uk/bot.php?+)"
217.27.196.25 - - [02/Apr/2015:14:45:20 +0200] "GET / HTTP/1.1" 200 3274 "http://www.bing.com/search?q=dialyse+falkensee&src=ie9tr" "Mozilla/5.0 (compatible; MSIE 9.0; Windows NT 6.1; WOW64; Trident/5.0)"
217.27.196.25 - - [02/Apr/2015:14:45:20 +0200] "GET /css/bootstrap-responsive.min.css HTTP/1.1" 200 16520 "http://www.dialyse-falkensee.de/" "Mozilla/5.0 (compatible; MSIE 9.0; Windows NT 6.1; WOW64; Trident/5.0)"
217.27.196.25 - - [02/Apr/2015:14:45:20 +0200] "GET /css/bootstrap-responsive.min.css HTTP/1.1" 200 16520 "http://www.dialyse-falkensee.de/" "Mozilla/5.0 (compatible; MSIE 9.0; Windows NT 6.1; WOW64; Trident/5.0)"
217.27.196.25 - - [02/Apr/2015:14:45:20 +0200] "GET /css/bootstrap.min.css HTTP/1.1" 200 101265 "http://www.dialyse-falkensee.de/" "Mozilla/5.0 (compatible; MSIE 9.0; Windows NT 6.1; WOW64; Trident/5.0)"
217.27.196.25 - - [02/Apr/2015:14:45:20 +0200] "GET /js/bootstrap.min.js HTTP/1.1" 200 25764 "http://www.dialyse-falkensee.de/" "Mozilla/5.0 (compatible; MSIE 9.0; Windows NT 6.1; WOW64; Trident/5.0)"
217.27.196.25 - - [02/Apr/2015:14:45:20 +0200] "GET /img/glyphicons-halflings.png HTTP/1.1" 200 12799 "http://www.dialyse-falkensee.de/" "Mozilla/5.0 (compatible; MSIE 9.0; Windows NT 6.1; WOW64; Trident/5.0)"
217.27.196.25 - - [02/Apr/2015:14:45:20 +0200] "GET /ico/favicon.ico HTTP/1.1" 404 1256 "-" "Mozilla/5.0 (compatible; MSIE 9.0; Windows NT 6.1; WOW64; Trident/5.0)"
217.9.108.150 - - [02/Apr/2015:16:14:58 +0200] "GET / HTTP/1.1" 200 3274 "http://www.google.de/url?url=http://www.dialyse-falkensee.de/&rct=j&frm=1&q=&esrc=s&sa=U&ei=sE4dVYrpNMONsgG0mICgDQ&ved=0CBQQFjAA&usg=AFQjCNHEYKeKkCXINTONctVJVoBukPOTdQ" "Mozilla/4.0 (compatible; MSIE 8.0; Windows NT 5.1; Trident/4.0)"
217.9.108.150 - - [02/Apr/2015:16:14:58 +0200] "GET /css/bootstrap.min.css HTTP/1.1" 200 101265 "http://www.dialyse-falkensee.de/" "Mozilla/4.0 (compatible; MSIE 8.0; Windows NT 5.1; Trident/4.0)"
217.9.108.150 - - [02/Apr/2015:16:14:58 +0200] "GET /css/bootstrap-responsive.min.css HTTP/1.1" 200 16520 "http://www.dialyse-falkensee.de/" "Mozilla/4.0 (compatible; MSIE 8.0; Windows NT 5.1; Trident/4.0)"
217.9.108.150 - - [02/Apr/2015:16:14:58 +0200] "GET /css/bootstrap.min.css HTTP/1.1" 200 101265 "http://www.dialyse-falkensee.de/" "Mozilla/4.0 (compatible; MSIE 8.0; Windows NT 5.1; Trident/4.0)"
217.9.108.150 - - [02/Apr/2015:16:14:58 +0200] "GET /img/glyphicons-halflings.png HTTP/1.1" 200 12799 "http://www.dialyse-falkensee.de/" "Mozilla/4.0 (compatible; MSIE 8.0; Windows NT 5.1; Trident/4.0)"
217.9.108.150 - - [02/Apr/2015:16:14:59 +0200] "GET /js/bootstrap.min.js HTTP/1.1" 200 25764 "http://www.dialyse-falkensee.de/" "Mozilla/4.0 (compatible; MSIE 8.0; Windows NT 5.1; Trident/4.0)"
217.9.108.150 - - [02/Apr/2015:16:14:59 +0200] "GET /ico/favicon.ico HTTP/1.1" 404 1256 "-" "Mozilla/4.0 (compatible; MSIE 8.0; Windows NT 5.1; Trident/4.0)"
178.137.85.64 - - [02/Apr/2015:18:34:27 +0200] "GET / HTTP/1.1" 200 3274 "http://idkredit.com/" "Mozilla/4.0 (compatible; MSIE 5.0; Windows 95) Opera 6.01 [en]"
178.137.85.64 - - [02/Apr/2015:18:34:27 +0200] "GET / HTTP/1.1" 200 3274 "http://taihouse.ru/" "Mozilla/4.0 (compatible; MSIE 6.0; Windows NT 5.1; SV1; MRA 4.6 (build 01425); MRSPUTNIK 1, 5, 0, 19 SW)"
178.137.85.64 - - [02/Apr/2015:18:34:29 +0200] "GET / HTTP/1.1" 200 3274 "http://idkredit.com/" "Mozilla/4.0 (compatible; MSIE 5.0; Windows 95) Opera 6.01 [en]"
178.137.85.64 - - [02/Apr/2015:18:34:29 +0200] "GET / HTTP/1.1" 200 3274 "http://taihouse.ru/" "Mozilla/4.0 (compatible; MSIE 6.0; Windows NT 5.1; SV1; MRA 4.6 (build 01425); MRSPUTNIK 1, 5, 0, 19 SW)"
46.119.113.155 - - [02/Apr/2015:21:35:09 +0200] "GET / HTTP/1.1" 200 3274 "http://ublaze.ru/" "Mozilla/4.0 (compatible; MSIE 6.0; Windows NT 5.1; SV1; .NET CLR 1.0.3705; .NET CLR 1.1.4322; .NET CLR 2.0.40607)"
46.119.113.155 - - [02/Apr/2015:21:35:09 +0200] "GET / HTTP/1.1" 200 3274 "http://www.sport-komplekt.ru/" "Mozilla/4.0 (compatible; MSIE 6.0; Windows NT 5.1; SV1; .NET CLR 1.0.3705; .NET CLR 1.1.4322; .NET CLR 2.0.40607)"
46.119.113.155 - - [02/Apr/2015:21:35:09 +0200] "GET / HTTP/1.1" 200 3274 "http://ublaze.ru/" "Mozilla/4.0 (compatible; MSIE 6.0; Windows NT 5.1; SV1; .NET CLR 1.0.3705; .NET CLR 1.1.4322; .NET CLR 2.0.40607)"
46.119.113.155 - - [02/Apr/2015:21:35:09 +0200] "GET / HTTP/1.1" 200 3274 "http://www.sport-komplekt.ru/" "Mozilla/4.0 (compatible; MSIE 6.0; Windows NT 5.1; SV1; .NET CLR 1.0.3705; .NET CLR 1.1.4322; .NET CLR 2.0.40607)"
46.119.113.155 - - [02/Apr/2015:21:35:11 +0200] "GET / HTTP/1.1" 200 3274 "http://ublaze.ru/" "Mozilla/4.0 (compatible; MSIE 6.0; Windows NT 5.1; SV1; .NET CLR 1.0.3705; .NET CLR 1.1.4322; .NET CLR 2.0.40607)"
46.119.113.155 - - [02/Apr/2015:21:35:11 +0200] "GET / HTTP/1.1" 200 3274 "http://www.sport-komplekt.ru/" "Mozilla/4.0 (compatible; MSIE 6.0; Windows NT 5.1; SV1; .NET CLR 1.0.3705; .NET CLR 1.1.4322; .NET CLR 2.0.40607)"
46.119.113.155 - - [02/Apr/2015:21:35:15 +0200] "GET / HTTP/1.1" 200 3274 "http://www.izumrud-d.ru/" "Mozilla/4.0 (compatible; MSIE 6.0; Windows NT 5.2; SV1; .NET CLR 1.1.4322; .NET CLR 2.0.50727)"
46.119.113.155 - - [02/Apr/2015:21:35:19 +0200] "GET / HTTP/1.1" 200 3274 "http://www.izumrud-d.ru/" "Mozilla/4.0 (compatible; MSIE 6.0; Windows NT 5.2; SV1; .NET CLR 1.1.4322; .NET CLR 2.0.50727)"
46.119.113.155 - - [02/Apr/2015:21:35:19 +0200] "GET / HTTP/1.1" 200 3274 "http://www.izumrud-d.ru/" "Mozilla/4.0 (compatible; MSIE 6.0; Windows NT 5.2; SV1; .NET CLR 1.1.4322; .NET CLR 2.0.50727)"
46.119.113.155 - - [02/Apr/2015:21:35:49 +0200] "GET / HTTP/1.1" 200 3274 "http://sololift-grundfos.ru/" "Mozilla/4.0 (compatible; MSIE 5.0; Windows NT; DigExt)"
46.119.113.155 - - [02/Apr/2015:21:35:50 +0200] "GET / HTTP/1.1" 200 3274 "http://sololift-grundfos.ru/" "Mozilla/4.0 (compatible; MSIE 5.0; Windows NT; DigExt)"
46.119.113.155 - - [02/Apr/2015:21:35:50 +0200] "GET / HTTP/1.1" 200 3274 "http://sololift-grundfos.ru/" "Mozilla/4.0 (compatible; MSIE 5.0; Windows NT; DigExt)"
209.222.8.67 - - [03/Apr/2015:04:03:02 +0200] "GET /robots.txt HTTP/1.1" 404 1256 "-" "Mozilla/5.0 (compatible; AhrefsBot/5.0; +http://ahrefs.com/robot/)"
134.249.53.8 - - [03/Apr/2015:05:51:35 +0200] "GET / HTTP/1.1" 200 3274 "http://oknoudoma.ru/" "Mozilla/4.0 (compatible; MSIE 6.0; Windows NT 5.0; APC; .NET CLR 1.0.3705; .NET CLR 1.1.4322; .NET CLR 2.0.50215; InfoPath.1)"
134.249.53.8 - - [03/Apr/2015:05:51:35 +0200] "GET / HTTP/1.1" 200 3274 "http://oknoudoma.ru/" "Mozilla/4.0 (compatible; MSIE 6.0; Windows NT 5.0; APC; .NET CLR 1.0.3705; .NET CLR 1.1.4322; .NET CLR 2.0.50215; InfoPath.1)"
134.249.53.8 - - [03/Apr/2015:05:51:36 +0200] "GET / HTTP/1.1" 200 3274 "http://oknoudoma.ru/" "Mozilla/4.0 (compatible; MSIE 6.0; Windows NT 5.0; APC; .NET CLR 1.0.3705; .NET CLR 1.1.4322; .NET CLR 2.0.50215; InfoPath.1)"
66.249.78.59 - - [03/Apr/2015:07:42:11 +0200] "GET /robots.txt HTTP/1.1" 404 1256 "-" "Mozilla/5.0 (compatible; Googlebot/2.1; +http://www.google.com/bot.html)"
66.249.78.52 - - [03/Apr/2015:07:42:12 +0200] "GET / HTTP/1.1" 200 3274 "-" "Mozilla/5.0 (iPhone; CPU iPhone OS 6_0 like Mac OS X) AppleWebKit/536.26 (KHTML, like Gecko) Version/6.0 Mobile/10A5376e Safari/8536.25 (compatible; Googlebot/2.1; +http://www.google.com/bot.html)"
207.46.13.59 - - [03/Apr/2015:09:34:13 +0200] "GET /robots.txt HTTP/1.1" 404 1256 "-" "Mozilla/5.0 (compatible; bingbot/2.0; +http://www.bing.com/bingbot.htm)"
207.46.13.59 - - [03/Apr/2015:09:34:18 +0200] "GET / HTTP/1.1" 200 3274 "-" "msnbot-media/1.1 (+http://search.msn.com/msnbot.htm)"
207.46.13.59 - - [03/Apr/2015:10:20:05 +0200] "GET / HTTP/1.1" 200 3274 "-" "Mozilla/5.0 (compatible; bingbot/2.0; +http://www.bing.com/bingbot.htm)"
84.191.164.113 - - [03/Apr/2015:11:06:33 +0200] "GET / HTTP/1.1" 200 3274 "http://www.google.de/url?sa=t&rct=j&q=&esrc=s&source=web&cd=1&ved=0CCEQFjAA&url=http%3A%2F%2Fwww.dialyse-falkensee.de%2F&ei=0FceVajMEoOqPPvwgNAF&usg=AFQjCNECgXXq-DVOeCPbM1zyqacv9mR2gg" "Mozilla/5.0 (Windows NT 6.1; WOW64; Trident/7.0; rv:11.0) like Gecko"
84.191.164.113 - - [03/Apr/2015:11:06:33 +0200] "GET /css/bootstrap-responsive.min.css HTTP/1.1" 200 16520 "http://www.dialyse-falkensee.de/" "Mozilla/5.0 (Windows NT 6.1; WOW64; Trident/7.0; rv:11.0) like Gecko"
84.191.164.113 - - [03/Apr/2015:11:06:33 +0200] "GET /js/bootstrap.min.js HTTP/1.1" 200 25764 "http://www.dialyse-falkensee.de/" "Mozilla/5.0 (Windows NT 6.1; WOW64; Trident/7.0; rv:11.0) like Gecko"
84.191.164.113 - - [03/Apr/2015:11:06:33 +0200] "GET /css/bootstrap.min.css HTTP/1.1" 200 101265 "http://www.dialyse-falkensee.de/" "Mozilla/5.0 (Windows NT 6.1; WOW64; Trident/7.0; rv:11.0) like Gecko"
84.191.164.113 - - [03/Apr/2015:11:06:34 +0200] "GET /img/glyphicons-halflings.png HTTP/1.1" 200 12799 "http://www.dialyse-falkensee.de/" "Mozilla/5.0 (Windows NT 6.1; WOW64; Trident/7.0; rv:11.0) like Gecko"
84.191.164.113 - - [03/Apr/2015:11:06:34 +0200] "GET /ico/favicon.ico HTTP/1.1" 404 1256 "-" "Mozilla/5.0 (Windows NT 6.1; Win64; x64; Trident/7.0; rv:11.0) like Gecko"
84.191.164.113 - - [03/Apr/2015:11:06:34 +0200] "GET /favicon.ico HTTP/1.1" 404 1256 "-" "Mozilla/5.0 (Windows NT 6.1; Win64; x64; Trident/7.0; rv:11.0) like Gecko"
91.207.8.46 - - [03/Apr/2015:13:55:10 +0200] "GET / HTTP/1.1" 200 3274 "http://eramebel.com/" "Mozilla/4.7 (compatible; OffByOne; Windows 2000) Webster Pro V3.4"
91.207.8.46 - - [03/Apr/2015:13:55:10 +0200] "GET / HTTP/1.1" 200 3274 "http://eramebel.com/" "Mozilla/4.7 (compatible; OffByOne; Windows 2000) Webster Pro V3.4"
91.207.8.46 - - [03/Apr/2015:13:55:11 +0200] "GET / HTTP/1.1" 200 3274 "http://eramebel.com/" "Mozilla/4.7 (compatible; OffByOne; Windows 2000) Webster Pro V3.4"
171.116.5.155 - - [03/Apr/2015:14:11:28 +0200] "GET /iNdex.php HTTP/1.1" 404 1256 "-" "-"
77.75.77.36 - - [03/Apr/2015:16:08:21 +0200] "GET /robots.txt HTTP/1.1" 404 1256 "-" "Mozilla/5.0 (compatible; SeznamBot/3.2; +http://fulltext.sblog.cz/)"
77.75.77.36 - - [03/Apr/2015:16:08:21 +0200] "GET / HTTP/1.1" 304 - "-" "Mozilla/5.0 (compatible; SeznamBot/3.2; +http://fulltext.sblog.cz/)"
207.46.13.59 - - [03/Apr/2015:16:52:38 +0200] "GET / HTTP/1.1" 200 3274 "-" "Mozilla/5.0 (compatible; bingbot/2.0; +http://www.bing.com/bingbot.htm)"
207.46.13.59 - - [03/Apr/2015:20:36:37 +0200] "GET / HTTP/1.1" 200 3274 "-" "Mozilla/5.0 (compatible; bingbot/2.0; +http://www.bing.com/bingbot.htm)"
66.249.78.45 - - [03/Apr/2015:23:18:51 +0200] "GET /robots.txt HTTP/1.1" 404 1256 "-" "Mozilla/5.0 (compatible; Googlebot/2.1; +http://www.google.com/bot.html)"
66.249.78.59 - - [03/Apr/2015:23:18:51 +0200] "GET / HTTP/1.1" 200 3274 "-" "Mozilla/5.0 (iPhone; CPU iPhone OS 6_0 like Mac OS X) AppleWebKit/536.26 (KHTML, like Gecko) Version/6.0 Mobile/10A5376e Safari/8536.25 (compatible; Googlebot/2.1; +http://www.google.com/bot.html)"
134.249.53.8 - - [04/Apr/2015:00:30:30 +0200] "GET / HTTP/1.1" 200 3274 "http://qualified-site.com/" "Mozilla/4.0 (compatible; MSIE 5.5; Windows NT 5.0; T312461)"
134.249.53.8 - - [04/Apr/2015:00:30:30 +0200] "GET / HTTP/1.1" 200 3274 "http://qualified-site.com/" "Mozilla/4.0 (compatible; MSIE 5.5; Windows NT 5.0; T312461)"
134.249.53.8 - - [04/Apr/2015:00:30:30 +0200] "GET / HTTP/1.1" 200 3274 "http://qualified-site.com/" "Mozilla/4.0 (compatible; MSIE 5.5; Windows NT 5.0; T312461)"
134.249.53.8 - - [04/Apr/2015:00:30:33 +0200] "GET / HTTP/1.1" 200 3274 "http://2kata.ru/" "Mozilla/4.0 (compatible; MSIE 6.0; Windows NT 5.2; Win64; AMD64)"
134.249.53.8 - - [04/Apr/2015:00:30:33 +0200] "GET / HTTP/1.1" 200 3274 "http://2kata.ru/" "Mozilla/4.0 (compatible; MSIE 6.0; Windows NT 5.2; Win64; AMD64)"
134.249.53.8 - - [04/Apr/2015:00:30:33 +0200] "GET / HTTP/1.1" 200 3274 "http://2kata.ru/" "Mozilla/4.0 (compatible; MSIE 6.0; Windows NT 5.2; Win64; AMD64)"
61.144.237.37 - - [04/Apr/2015:01:13:03 +0200] "GET / HTTP/1.1" 200 3274 "-" "Mozilla/5.0 (Windows; U; Windows NT 6.1; en-us; rv:1.9.2.3) Gecko/20100401 YFF35 Firefox/3.6.3"
61.144.237.37 - - [04/Apr/2015:01:13:22 +0200] "GET /contact.htm HTTP/1.1" 404 1256 "-" "Mozilla/5.0 (Windows; U; Windows NT 6.1; en-us; rv:1.9.2.3) Gecko/20100401 YFF35 Firefox/3.6.3"
61.144.237.37 - - [04/Apr/2015:01:13:23 +0200] "GET /contact.html HTTP/1.1" 404 1256 "-" "Mozilla/5.0 (Windows; U; Windows NT 6.1; en-us; rv:1.9.2.3) Gecko/20100401 YFF35 Firefox/3.6.3"
61.144.237.37 - - [04/Apr/2015:01:13:23 +0200] "GET /contact.asp HTTP/1.1" 404 1256 "-" "Mozilla/5.0 (Windows; U; Windows NT 6.1; en-us; rv:1.9.2.3) Gecko/20100401 YFF35 Firefox/3.6.3"
61.144.237.37 - - [04/Apr/2015:01:13:23 +0200] "GET /contact.aspx HTTP/1.1" 404 1256 "-" "Mozilla/5.0 (Windows; U; Windows NT 6.1; en-us; rv:1.9.2.3) Gecko/20100401 YFF35 Firefox/3.6.3"
61.144.237.37 - - [04/Apr/2015:01:13:23 +0200] "GET /contact.php HTTP/1.1" 404 1256 "-" "Mozilla/5.0 (Windows; U; Windows NT 6.1; en-us; rv:1.9.2.3) Gecko/20100401 YFF35 Firefox/3.6.3"
61.144.237.37 - - [04/Apr/2015:01:13:23 +0200] "GET /main.htm HTTP/1.1" 404 1256 "-" "Mozilla/5.0 (Windows; U; Windows NT 6.1; en-us; rv:1.9.2.3) Gecko/20100401 YFF35 Firefox/3.6.3"
61.144.237.37 - - [04/Apr/2015:01:13:23 +0200] "GET /main.jsp HTTP/1.1" 404 1256 "-" "Mozilla/5.0 (Windows; U; Windows NT 6.1; en-us; rv:1.9.2.3) Gecko/20100401 YFF35 Firefox/3.6.3"
61.144.237.37 - - [04/Apr/2015:01:13:23 +0200] "GET /main.asp HTTP/1.1" 404 1256 "-" "Mozilla/5.0 (Windows; U; Windows NT 6.1; en-us; rv:1.9.2.3) Gecko/20100401 YFF35 Firefox/3.6.3"
61.144.237.37 - - [04/Apr/2015:01:13:23 +0200] "GET /main.html HTTP/1.1" 404 1256 "-" "Mozilla/5.0 (Windows; U; Windows NT 6.1; en-us; rv:1.9.2.3) Gecko/20100401 YFF35 Firefox/3.6.3"
61.144.237.37 - - [04/Apr/2015:01:13:23 +0200] "GET /main.aspx HTTP/1.1" 404 1256 "-" "Mozilla/5.0 (Windows; U; Windows NT 6.1; en-us; rv:1.9.2.3) Gecko/20100401 YFF35 Firefox/3.6.3"
61.144.237.37 - - [04/Apr/2015:01:13:23 +0200] "GET /main.php HTTP/1.1" 404 1256 "-" "Mozilla/5.0 (Windows; U; Windows NT 6.1; en-us; rv:1.9.2.3) Gecko/20100401 YFF35 Firefox/3.6.3"
66.249.78.59 - - [04/Apr/2015:01:28:24 +0200] "GET / HTTP/1.1" 200 3274 "-" "Mozilla/5.0 (compatible; Googlebot/2.1; +http://www.google.com/bot.html)"
66.249.78.52 - - [04/Apr/2015:04:18:03 +0200] "GET / HTTP/1.1" 200 3274 "-" "Mozilla/5.0 (compatible; Googlebot/2.1; +http://www.google.com/bot.html)"
66.249.78.52 - - [04/Apr/2015:07:00:24 +0200] "GET / HTTP/1.1" 200 3274 "-" "Mozilla/5.0 (compatible; Googlebot/2.1; +http://www.google.com/bot.html)"
134.249.53.8 - - [04/Apr/2015:07:46:41 +0200] "GET / HTTP/1.1" 200 3274 "http://krasivoe-hd.com/" "Mozilla/4.0 (compatible; MSIE 6.0; Windows NT 5.2; SV1; .NET CLR 1.1.4322; .NET CLR 2.0.50727)"
134.249.53.8 - - [04/Apr/2015:07:46:41 +0200] "GET / HTTP/1.1" 200 3274 "http://krasivoe-hd.com/" "Mozilla/4.0 (compatible; MSIE 6.0; Windows NT 5.2; SV1; .NET CLR 1.1.4322; .NET CLR 2.0.50727)"
134.249.53.8 - - [04/Apr/2015:07:46:41 +0200] "GET / HTTP/1.1" 200 3274 "http://krasivoe-hd.com/" "Mozilla/4.0 (compatible; MSIE 6.0; Windows NT 5.2; SV1; .NET CLR 1.1.4322; .NET CLR 2.0.50727)"
217.27.196.25 - - [04/Apr/2015:09:20:40 +0200] "GET / HTTP/1.1" 200 3274 "https://www.google.de/" "Mozilla/5.0 (Windows NT 5.1) AppleWebKit/537.36 (KHTML, like Gecko) Chrome/35.0.1916.114 Safari/537.36"
217.27.196.25 - - [04/Apr/2015:09:20:40 +0200] "GET /css/bootstrap-responsive.min.css HTTP/1.1" 200 16520 "http://www.dialyse-falkensee.de/" "Mozilla/5.0 (Windows NT 5.1) AppleWebKit/537.36 (KHTML, like Gecko) Chrome/35.0.1916.114 Safari/537.36"
217.27.196.25 - - [04/Apr/2015:09:20:40 +0200] "GET /js/bootstrap.min.js HTTP/1.1" 200 25764 "http://www.dialyse-falkensee.de/" "Mozilla/5.0 (Windows NT 5.1) AppleWebKit/537.36 (KHTML, like Gecko) Chrome/35.0.1916.114 Safari/537.36"
217.27.196.25 - - [04/Apr/2015:09:20:40 +0200] "GET /css/bootstrap.min.css HTTP/1.1" 200 101265 "http://www.dialyse-falkensee.de/" "Mozilla/5.0 (Windows NT 5.1) AppleWebKit/537.36 (KHTML, like Gecko) Chrome/35.0.1916.114 Safari/537.36"
217.27.196.25 - - [04/Apr/2015:09:20:40 +0200] "GET /ico/favicon.ico HTTP/1.1" 404 1256 "-" "Mozilla/5.0 (Windows NT 5.1) AppleWebKit/537.36 (KHTML, like Gecko) Chrome/35.0.1916.114 Safari/537.36"
217.27.196.25 - - [04/Apr/2015:09:37:29 +0200] "GET / HTTP/1.1" 304 - "https://www.google.de/" "Mozilla/5.0 (Windows NT 6.1; WOW64) AppleWebKit/537.36 (KHTML, like Gecko) Chrome/40.0.2214.115 Safari/537.36"
217.27.196.25 - - [04/Apr/2015:09:37:29 +0200] "GET /css/bootstrap.min.css HTTP/1.1" 304 - "http://www.dialyse-falkensee.de/" "Mozilla/5.0 (Windows NT 6.1; WOW64) AppleWebKit/537.36 (KHTML, like Gecko) Chrome/40.0.2214.115 Safari/537.36"
217.27.196.25 - - [04/Apr/2015:09:37:29 +0200] "GET /css/bootstrap-responsive.min.css HTTP/1.1" 304 - "http://www.dialyse-falkensee.de/" "Mozilla/5.0 (Windows NT 6.1; WOW64) AppleWebKit/537.36 (KHTML, like Gecko) Chrome/40.0.2214.115 Safari/537.36"
217.27.196.25 - - [04/Apr/2015:09:37:29 +0200] "GET /js/bootstrap.min.js HTTP/1.1" 304 - "http://www.dialyse-falkensee.de/" "Mozilla/5.0 (Windows NT 6.1; WOW64) AppleWebKit/537.36 (KHTML, like Gecko) Chrome/40.0.2214.115 Safari/537.36"
217.27.196.25 - - [04/Apr/2015:09:37:29 +0200] "GET /ico/favicon.ico HTTP/1.1" 404 1256 "-" "Mozilla/5.0 (Windows NT 6.1; WOW64) AppleWebKit/537.36 (KHTML, like Gecko) Chrome/40.0.2214.115 Safari/537.36"
217.27.196.25 - - [04/Apr/2015:09:37:52 +0200] "GET /ico/favicon.ico HTTP/1.1" 404 1256 "-" "Mozilla/5.0 (Windows NT 6.1; WOW64) AppleWebKit/537.36 (KHTML, like Gecko) Chrome/40.0.2214.115 Safari/537.36"
178.137.85.64 - - [04/Apr/2015:17:02:03 +0200] "GET / HTTP/1.1" 200 3274 "http://www.oknosite.ru/" "Mozilla/4.0 (compatible; MSIE 6.0; Windows NT 5.0; Avant Browser [avantbrowser.com]; Hotbar 4.4.5.0)"
178.137.85.64 - - [04/Apr/2015:17:02:03 +0200] "GET / HTTP/1.1" 200 3274 "http://www.oknosite.ru/" "Mozilla/4.0 (compatible; MSIE 6.0; Windows NT 5.0; Avant Browser [avantbrowser.com]; Hotbar 4.4.5.0)"
178.137.85.64 - - [04/Apr/2015:17:02:04 +0200] "GET / HTTP/1.1" 200 3274 "http://www.oknosite.ru/" "Mozilla/4.0 (compatible; MSIE 6.0; Windows NT 5.0; Avant Browser [avantbrowser.com]; Hotbar 4.4.5.0)"
207.46.13.59 - - [04/Apr/2015:17:22:38 +0200] "GET / HTTP/1.1" 200 3274 "-" "Mozilla/5.0 (compatible; bingbot/2.0; +http://www.bing.com/bingbot.htm)"
66.249.78.52 - - [04/Apr/2015:19:39:43 +0200] "GET /robots.txt HTTP/1.1" 404 1256 "-" "Mozilla/5.0 (compatible; Googlebot/2.1; +http://www.google.com/bot.html)"
66.249.78.52 - - [04/Apr/2015:19:39:43 +0200] "GET / HTTP/1.1" 200 3274 "-" "Mozilla/5.0 (iPhone; CPU iPhone OS 6_0 like Mac OS X) AppleWebKit/536.26 (KHTML, like Gecko) Version/6.0 Mobile/10A5376e Safari/8536.25 (compatible; Googlebot/2.1; +http://www.google.com/bot.html)"
78.46.36.226 - - [04/Apr/2015:21:36:16 +0200] "GET / HTTP/1.1" 200 3274 "-" "Mozilla/5.0 (Windows; U; Windows NT 5.1; rv:1.7.3) Gecko/20041001 Firefox/0.10.1"
178.137.85.64 - - [05/Apr/2015:00:29:58 +0200] "GET / HTTP/1.1" 200 3274 "http://lawgibb.com/" "Mozilla/4.0 (compatible; MSIE 6.0; Windows NT 5.1; SV1; .NET CLR 1.1.4322; .NET CLR 2.0.50727)"
178.137.85.64 - - [05/Apr/2015:00:29:58 +0200] "GET / HTTP/1.1" 200 3274 "http://onigama.com/" "Mozilla/4.0 (compatible; MSIE 6.0; Windows NT 5.1; .NET CLR 1.1.4322; FDM)"
178.137.85.64 - - [05/Apr/2015:00:29:58 +0200] "GET / HTTP/1.1" 200 3274 "http://lawgibb.com/" "Mozilla/4.0 (compatible; MSIE 6.0; Windows NT 5.1; SV1; .NET CLR 1.1.4322; .NET CLR 2.0.50727)"
178.137.85.64 - - [05/Apr/2015:00:29:58 +0200] "GET / HTTP/1.1" 200 3274 "http://onigama.com/" "Mozilla/4.0 (compatible; MSIE 6.0; Windows NT 5.1; .NET CLR 1.1.4322; FDM)"
178.137.85.64 - - [05/Apr/2015:00:29:59 +0200] "GET / HTTP/1.1" 200 3274 "http://lawgibb.com/" "Mozilla/4.0 (compatible; MSIE 6.0; Windows NT 5.1; SV1; .NET CLR 1.1.4322; .NET CLR 2.0.50727)"
178.137.85.64 - - [05/Apr/2015:00:29:59 +0200] "GET / HTTP/1.1" 200 3274 "http://onigama.com/" "Mozilla/4.0 (compatible; MSIE 6.0; Windows NT 5.1; .NET CLR 1.1.4322; FDM)"
64.246.161.42 - - [05/Apr/2015:04:05:00 +0200] "GET /robots.txt HTTP/1.0" 404 1256 "-" "Mozilla/5.0 (Windows; U; Windows NT 5.1; en; rv:1.9.0.13) Gecko/2009073022 Firefox/3.5.2 (.NET CLR 3.5.30729) SurveyBot/2.3 (DomainTools)"
64.246.161.42 - - [05/Apr/2015:04:05:01 +0200] "GET / HTTP/1.1" 200 3274 "http://whois.domaintools.com/dialyse-falkensee.de" "Mozilla/5.0 (Windows; U; Windows NT 5.1; en; rv:1.9.0.13) Gecko/2009073022 Firefox/3.5.2 (.NET CLR 3.5.30729) SurveyBot/2.3 (DomainTools)"
117.78.13.29 - - [05/Apr/2015:04:14:01 +0200] "GET /robots.txt HTTP/1.0" 404 1256 "-" "nutch-1.4/Nutch-1.4"
117.78.13.29 - - [05/Apr/2015:04:14:02 +0200] "GET / HTTP/1.0" 200 3274 "-" "nutch-1.4/Nutch-1.4"
46.119.113.155 - - [05/Apr/2015:04:17:11 +0200] "GET / HTTP/1.1" 200 3274 "http://fin48.ru/" "Mozilla/4.0 (compatible; MSIE 6.0; Windows NT 5.1; SV1; FunWebProducts)"
46.119.113.155 - - [05/Apr/2015:04:17:11 +0200] "GET / HTTP/1.1" 200 3274 "http://fin48.ru/" "Mozilla/4.0 (compatible; MSIE 6.0; Windows NT 5.1; SV1; FunWebProducts)"
46.119.113.155 - - [05/Apr/2015:04:17:11 +0200] "GET / HTTP/1.1" 200 3274 "http://volldex.com/" "Mozilla/4.0 (compatible; MSIE 6.0; Windows NT 5.1; SV1; FunWebProducts)"
46.119.113.155 - - [05/Apr/2015:04:17:12 +0200] "GET / HTTP/1.1" 200 3274 "http://fin48.ru/" "Mozilla/4.0 (compatible; MSIE 6.0; Windows NT 5.1; SV1; FunWebProducts)"
46.119.113.155 - - [05/Apr/2015:04:17:49 +0200] "GET / HTTP/1.1" 200 3274 "http://xoztovari.ru/" "Mozilla/4.0 (compatible; MSIE 6.0; Windows NT 5.1; SV1; .NET CLR 1.1.4322) NS8/0.9.6"
46.119.113.155 - - [05/Apr/2015:04:17:49 +0200] "GET / HTTP/1.1" 200 3274 "http://xoztovari.ru/" "Mozilla/4.0 (compatible; MSIE 6.0; Windows NT 5.1; SV1; .NET CLR 1.1.4322) NS8/0.9.6"
46.119.113.155 - - [05/Apr/2015:04:17:49 +0200] "GET / HTTP/1.1" 200 3274 "http://xoztovari.ru/" "Mozilla/4.0 (compatible; MSIE 6.0; Windows NT 5.1; SV1; .NET CLR 1.1.4322) NS8/0.9.6"
46.119.113.155 - - [05/Apr/2015:04:18:03 +0200] "GET / HTTP/1.1" 200 3274 "http://vseproaveo.ru/" "Mozilla/4.0 (compatible; MSIE 6.0; Windows NT 5.1; SV1)"
46.119.113.155 - - [05/Apr/2015:04:18:04 +0200] "GET / HTTP/1.1" 200 3274 "http://vseproaveo.ru/" "Mozilla/4.0 (compatible; MSIE 6.0; Windows NT 5.1; SV1)"
46.119.113.155 - - [05/Apr/2015:04:18:04 +0200] "GET / HTTP/1.1" 200 3274 "http://vseproaveo.ru/" "Mozilla/4.0 (compatible; MSIE 6.0; Windows NT 5.1; SV1)"
109.120.157.179 - - [05/Apr/2015:08:31:19 +0200] "GET / HTTP/1.1" 200 3274 "http://doska-vsem.ru/" "Mozilla/5.0 (compatible; Add Catalog/2.1;)"
109.120.157.179 - - [05/Apr/2015:08:31:19 +0200] "GET / HTTP/1.1" 200 3274 "http://doska-vsem.ru/" "Mozilla/5.0 (compatible; Add Catalog/2.1;)"
109.120.157.179 - - [05/Apr/2015:08:31:19 +0200] "GET / HTTP/1.1" 200 3274 "http://doska-vsem.ru/" "Mozilla/5.0 (compatible; Add Catalog/2.1;)"
134.249.53.8 - - [05/Apr/2015:09:39:37 +0200] "GET / HTTP/1.1" 200 3274 "http://cookimag.com/sitemap.html" "Mozilla/4.0 (compatible; MSIE 6.0; Windows NT 5.1; .NET CLR 1.1.4322; FDM)"
134.249.53.8 - - [05/Apr/2015:09:39:37 +0200] "GET / HTTP/1.1" 200 3274 "http://cookimag.com/sitemap.html" "Mozilla/4.0 (compatible; MSIE 6.0; Windows NT 5.1; .NET CLR 1.1.4322; FDM)"
134.249.53.8 - - [05/Apr/2015:09:39:37 +0200] "GET / HTTP/1.1" 200 3274 "http://cookimag.com/sitemap.html" "Mozilla/4.0 (compatible; MSIE 6.0; Windows NT 5.1; .NET CLR 1.1.4322; FDM)"
66.249.78.45 - - [05/Apr/2015:11:01:54 +0200] "GET /robots.txt HTTP/1.1" 404 1256 "-" "Mozilla/5.0 (compatible; Googlebot/2.1; +http://www.google.com/bot.html)"
66.249.78.59 - - [05/Apr/2015:11:01:54 +0200] "GET / HTTP/1.1" 200 3274 "-" "SAMSUNG-SGH-E250/1.0 Profile/MIDP-2.0 Configuration/CLDC-1.1 UP.Browser/6.2.3.3.c.1.101 (GUI) MMP/2.0 (compatible; Googlebot-Mobile/2.1; +http://www.google.com/bot.html)"
109.45.3.123 - - [05/Apr/2015:15:02:30 +0200] "GET / HTTP/1.1" 200 3274 "-" "Mozilla/5.0 (Android; Mobile; rv:37.0) Gecko/37.0 Firefox/37.0"
109.45.3.123 - - [05/Apr/2015:15:02:30 +0200] "GET /css/bootstrap-responsive.min.css HTTP/1.1" 200 16520 "-" "Mozilla/5.0 (Android; Mobile; rv:37.0) Gecko/37.0 Firefox/37.0"
109.45.3.123 - - [05/Apr/2015:15:02:30 +0200] "GET /js/bootstrap.min.js HTTP/1.1" 200 25764 "-" "Mozilla/5.0 (Android; Mobile; rv:37.0) Gecko/37.0 Firefox/37.0"
109.45.3.123 - - [05/Apr/2015:15:02:30 +0200] "GET /css/bootstrap.min.css HTTP/1.1" 200 101265 "http://www.dialyse-falkensee.de/" "Mozilla/5.0 (Android; Mobile; rv:37.0) Gecko/37.0 Firefox/37.0"
109.45.3.123 - - [05/Apr/2015:15:02:31 +0200] "GET /img/glyphicons-halflings.png HTTP/1.1" 200 12799 "http://www.dialyse-falkensee.de/css/bootstrap.min.css" "Mozilla/5.0 (Android; Mobile; rv:37.0) Gecko/37.0 Firefox/37.0"
109.45.3.123 - - [05/Apr/2015:15:02:31 +0200] "GET /ico/favicon.ico HTTP/1.1" 404 1256 "-" "Mozilla/5.0 (Android; Mobile; rv:37.0.1) Gecko/37.0.1 Firefox/37.0.1"
109.45.3.123 - - [05/Apr/2015:15:02:31 +0200] "GET /favicon.ico HTTP/1.1" 404 1256 "-" "Mozilla/5.0 (Android; Mobile; rv:37.0.1) Gecko/37.0.1 Firefox/37.0.1"
188.165.15.108 - - [05/Apr/2015:15:18:48 +0200] "GET /robots.txt HTTP/1.1" 404 1256 "-" "Mozilla/5.0 (compatible; AhrefsBot/5.0; +http://ahrefs.com/robot/)"
207.46.13.59 - - [05/Apr/2015:16:56:00 +0200] "GET / HTTP/1.1" 200 3274 "-" "Mozilla/5.0 (compatible; bingbot/2.0; +http://www.bing.com/bingbot.htm)"
66.249.78.52 - - [05/Apr/2015:17:49:48 +0200] "GET / HTTP/1.1" 200 3274 "-" "Mozilla/5.0 (iPhone; CPU iPhone OS 6_0 like Mac OS X) AppleWebKit/536.26 (KHTML, like Gecko) Version/6.0 Mobile/10A5376e Safari/8536.25 (compatible; Googlebot/2.1; +http://www.google.com/bot.html)"
66.249.78.45 - - [05/Apr/2015:18:01:01 +0200] "GET /css/bootstrap-responsive.min.css HTTP/1.1" 200 16520 "-" "Mozilla/5.0 (compatible; Googlebot/2.1; +http://www.google.com/bot.html)"
66.249.78.59 - - [05/Apr/2015:20:11:38 +0200] "GET /css/bootstrap.min.css HTTP/1.1" 200 101265 "-" "Mozilla/5.0 (compatible; Googlebot/2.1; +http://www.google.com/bot.html)"
84.115.216.109 - - [05/Apr/2015:22:12:57 +0200] "GET / HTTP/1.1" 200 3274 "-" "Mozilla/5.0 (iPad; CPU OS 8_2 like Mac OS X) AppleWebKit/600.1.4 (KHTML, like Gecko) Version/8.0 Mobile/12D508 Safari/600.1.4"
84.115.216.109 - - [05/Apr/2015:22:12:57 +0200] "GET /js/bootstrap.min.js HTTP/1.1" 200 25764 "http://www.dialyse-falkensee.de/" "Mozilla/5.0 (iPad; CPU OS 8_2 like Mac OS X) AppleWebKit/600.1.4 (KHTML, like Gecko) Version/8.0 Mobile/12D508 Safari/600.1.4"
84.115.216.109 - - [05/Apr/2015:22:12:57 +0200] "GET /css/bootstrap-responsive.min.css HTTP/1.1" 200 16520 "http://www.dialyse-falkensee.de/" "Mozilla/5.0 (iPad; CPU OS 8_2 like Mac OS X) AppleWebKit/600.1.4 (KHTML, like Gecko) Version/8.0 Mobile/12D508 Safari/600.1.4"
84.115.216.109 - - [05/Apr/2015:22:12:57 +0200] "GET /css/bootstrap.min.css HTTP/1.1" 200 101265 "http://www.dialyse-falkensee.de/" "Mozilla/5.0 (iPad; CPU OS 8_2 like Mac OS X) AppleWebKit/600.1.4 (KHTML, like Gecko) Version/8.0 Mobile/12D508 Safari/600.1.4"
84.115.216.109 - - [05/Apr/2015:22:12:59 +0200] "GET /img/glyphicons-halflings.png HTTP/1.1" 200 12799 "http://www.dialyse-falkensee.de/" "Mozilla/5.0 (iPad; CPU OS 8_2 like Mac OS X) AppleWebKit/600.1.4 (KHTML, like Gecko) Version/8.0 Mobile/12D508 Safari/600.1.4"
84.115.216.109 - - [05/Apr/2015:22:41:05 +0200] "GET / HTTP/1.1" 200 3274 "-" "Mozilla/5.0 (iPad; CPU OS 8_2 like Mac OS X) AppleWebKit/600.1.4 (KHTML, like Gecko) Version/8.0 Mobile/12D508 Safari/600.1.4"
84.115.216.109 - - [05/Apr/2015:22:41:05 +0200] "GET /css/bootstrap-responsive.min.css HTTP/1.1" 200 16520 "http://www.dialyse-falkensee.de/" "Mozilla/5.0 (iPad; CPU OS 8_2 like Mac OS X) AppleWebKit/600.1.4 (KHTML, like Gecko) Version/8.0 Mobile/12D508 Safari/600.1.4"
84.115.216.109 - - [05/Apr/2015:22:41:05 +0200] "GET /js/bootstrap.min.js HTTP/1.1" 200 25764 "http://www.dialyse-falkensee.de/" "Mozilla/5.0 (iPad; CPU OS 8_2 like Mac OS X) AppleWebKit/600.1.4 (KHTML, like Gecko) Version/8.0 Mobile/12D508 Safari/600.1.4"
84.115.216.109 - - [05/Apr/2015:22:41:05 +0200] "GET /css/bootstrap.min.css HTTP/1.1" 200 101265 "http://www.dialyse-falkensee.de/" "Mozilla/5.0 (iPad; CPU OS 8_2 like Mac OS X) AppleWebKit/600.1.4 (KHTML, like Gecko) Version/8.0 Mobile/12D508 Safari/600.1.4"
84.115.216.109 - - [05/Apr/2015:22:41:06 +0200] "GET /img/glyphicons-halflings.png HTTP/1.1" 200 12799 "http://www.dialyse-falkensee.de/" "Mozilla/5.0 (iPad; CPU OS 8_2 like Mac OS X) AppleWebKit/600.1.4 (KHTML, like Gecko) Version/8.0 Mobile/12D508 Safari/600.1.4"
178.137.85.64 - - [06/Apr/2015:00:13:58 +0200] "GET / HTTP/1.1" 200 3274 "http://blagodat-na-more.ru/" "Mozilla/4.0 (compatible; MSIE 6.0; Windows NT 5.1; SV1; .NET CLR 1.1.4322; .NET CLR 2.0.50727)"
178.137.85.64 - - [06/Apr/2015:00:13:59 +0200] "GET / HTTP/1.1" 200 3274 "http://blagodat-na-more.ru/" "Mozilla/4.0 (compatible; MSIE 6.0; Windows NT 5.1; SV1; .NET CLR 1.1.4322; .NET CLR 2.0.50727)"
178.137.85.64 - - [06/Apr/2015:00:13:59 +0200] "GET / HTTP/1.1" 200 3274 "http://blagodat-na-more.ru/" "Mozilla/4.0 (compatible; MSIE 6.0; Windows NT 5.1; SV1; .NET CLR 1.1.4322; .NET CLR 2.0.50727)"
198.27.80.144 - - [06/Apr/2015:02:01:51 +0200] "GET /robots.txt HTTP/1.0" 404 1256 "-" ""
198.27.80.144 - - [06/Apr/2015:02:01:51 +0200] "GET / HTTP/1.1" 206 3274 "-" "Mozilla/5.0 (X11; Linux x86_64) AppleWebKit/534.30 (KHTML, like Gecko) Ubuntu/11.04 Chromium/12.0.742.112 Chrome/12.0.742.112 Safari/534.30"
208.115.113.83 - - [06/Apr/2015:03:13:49 +0200] "GET /robots.txt HTTP/1.1" 404 1256 "-" "Mozilla/5.0 (compatible; DotBot/1.1; http://www.opensiteexplorer.org/dotbot, help@moz.com)"
193.252.118.168 - - [06/Apr/2015:03:50:10 +0200] "GET /robots.txt HTTP/1.1" 404 1256 "-" "Mozilla/5.0 (compatible; OrangeBot/2.0; support.orangebot@orange.com)"
193.252.118.168 - - [06/Apr/2015:03:50:14 +0200] "GET / HTTP/1.1" 200 3274 "-" "Mozilla/5.0 (compatible; OrangeBot/2.0; support.orangebot@orange.com)"
222.239.162.7 - - [06/Apr/2015:04:02:15 +0200] "GET /robots.txt HTTP/1.1" 404 1256 "http://search.daum.net/" "Mozilla/5.0 (compatible; MSIE or Firefox mutant; not on Windows server; + http://tab.search.daum.net/aboutWebSearch.html) Daumoa/3.0"
222.239.162.7 - - [06/Apr/2015:04:02:16 +0200] "GET / HTTP/1.1" 200 3274 "http://search.daum.net/" "Mozilla/5.0 (compatible; MSIE or Firefox mutant; not on Windows server; + http://tab.search.daum.net/aboutWebSearch.html) Daumoa/3.0"
207.46.13.59 - - [06/Apr/2015:04:09:55 +0200] "GET /robots.txt HTTP/1.1" 404 1256 "-" "Mozilla/5.0 (compatible; bingbot/2.0; +http://www.bing.com/bingbot.htm)"
207.46.13.59 - - [06/Apr/2015:04:09:58 +0200] "GET / HTTP/1.1" 200 3274 "-" "Mozilla/5.0 (compatible; bingbot/2.0; +http://www.bing.com/bingbot.htm)"
208.115.113.83 - - [06/Apr/2015:05:02:44 +0200] "GET /index.html HTTP/1.1" 200 3274 "-" "Mozilla/5.0 (compatible; DotBot/1.1; http://www.opensiteexplorer.org/dotbot, help@moz.com)"
134.249.53.8 - - [06/Apr/2015:05:35:38 +0200] "GET / HTTP/1.1" 200 3274 "http://ccpfy.net/" "Mozilla/4.0 (compatible; MSIE 6.0; Windows NT 5.1; MRA 4.6 (build 01425))"
134.249.53.8 - - [06/Apr/2015:05:35:38 +0200] "GET / HTTP/1.1" 200 3274 "http://qualified-site.com/" "Mozilla/4.0 (compatible; MSIE 6.0; Windows NT 5.1; MRA 4.6 (build 01425))"
134.249.53.8 - - [06/Apr/2015:05:35:38 +0200] "GET / HTTP/1.1" 200 3274 "http://ccpfy.net/" "Mozilla/4.0 (compatible; MSIE 6.0; Windows NT 5.1; MRA 4.6 (build 01425))"
134.249.53.8 - - [06/Apr/2015:05:35:38 +0200] "GET / HTTP/1.1" 200 3274 "http://qualified-site.com/" "Mozilla/4.0 (compatible; MSIE 6.0; Windows NT 5.1; MRA 4.6 (build 01425))"
134.249.53.8 - - [06/Apr/2015:11:35:36 +0200] "GET / HTTP/1.1" 200 3274 "http://krasivoe-hd.com/" "Mozilla/4.0 (compatible; MSIE 6.0; Windows NT 5.1; ru) Opera 8.01"
134.249.53.8 - - [06/Apr/2015:11:35:36 +0200] "GET / HTTP/1.1" 200 3274 "http://krasivoe-hd.com/" "Mozilla/4.0 (compatible; MSIE 6.0; Windows NT 5.1; ru) Opera 8.01"
134.249.53.8 - - [06/Apr/2015:11:35:37 +0200] "GET / HTTP/1.1" 200 3274 "http://krasivoe-hd.com/" "Mozilla/4.0 (compatible; MSIE 6.0; Windows NT 5.1; ru) Opera 8.01"
91.207.8.46 - - [06/Apr/2015:13:12:36 +0200] "GET / HTTP/1.1" 200 3274 "http://userclick.su/" "Mozilla/4.0 (compatible; MSIE 6.0; Windows NT 5.1; .NET CLR 1.1.4322)"
91.207.8.46 - - [06/Apr/2015:13:12:37 +0200] "GET / HTTP/1.1" 200 3274 "http://userclick.su/" "Mozilla/4.0 (compatible; MSIE 6.0; Windows NT 5.1; .NET CLR 1.1.4322)"
91.207.8.46 - - [06/Apr/2015:13:12:37 +0200] "GET / HTTP/1.1" 200 3274 "http://userclick.su/" "Mozilla/4.0 (compatible; MSIE 6.0; Windows NT 5.1; .NET CLR 1.1.4322)"
91.207.8.46 - - [06/Apr/2015:16:54:06 +0200] "GET / HTTP/1.1" 200 3274 "http://filmstrek.ru/" "Mozilla/4.0 (compatible; MSIE 6.0; Windows NT 5.2; Win64; AMD64)"
91.207.8.46 - - [06/Apr/2015:16:54:07 +0200] "GET / HTTP/1.1" 200 3274 "http://filmstrek.ru/" "Mozilla/4.0 (compatible; MSIE 6.0; Windows NT 5.2; Win64; AMD64)"
91.207.8.46 - - [06/Apr/2015:16:54:07 +0200] "GET / HTTP/1.1" 200 3274 "http://filmstrek.ru/" "Mozilla/4.0 (compatible; MSIE 6.0; Windows NT 5.2; Win64; AMD64)"
192.99.107.44 - - [06/Apr/2015:17:06:15 +0200] "GET /robots.txt HTTP/1.1" 404 1256 "-" "Mozilla/5.0 (compatible; meanpathbot/1.0; +http://www.meanpath.com/meanpathbot.html)"
192.99.107.44 - - [06/Apr/2015:17:06:15 +0200] "GET / HTTP/1.1" 200 3274 "-" "Mozilla/5.0 (compatible; meanpathbot/1.0; +http://www.meanpath.com/meanpathbot.html)"
66.249.78.45 - - [06/Apr/2015:17:14:37 +0200] "GET /robots.txt HTTP/1.1" 404 1256 "-" "Mozilla/5.0 (compatible; Googlebot/2.1; +http://www.google.com/bot.html)"
66.249.78.52 - - [06/Apr/2015:17:14:37 +0200] "GET / HTTP/1.1" 200 3274 "-" "Mozilla/5.0 (iPhone; CPU iPhone OS 6_0 like Mac OS X) AppleWebKit/536.26 (KHTML, like Gecko) Version/6.0 Mobile/10A5376e Safari/8536.25 (compatible; Googlebot/2.1; +http://www.google.com/bot.html)"
207.46.13.59 - - [06/Apr/2015:22:53:32 +0200] "GET / HTTP/1.1" 200 3274 "-" "Mozilla/5.0 (compatible; bingbot/2.0; +http://www.bing.com/bingbot.htm)"
178.137.85.64 - - [07/Apr/2015:01:03:03 +0200] "GET / HTTP/1.1" 200 3274 "http://doeco.ru/" "Mozilla/4.0 (compatible; MSIE 6.0; Windows NT 5.1; .NET CLR 1.1.4322; FDM)"
178.137.85.64 - - [07/Apr/2015:01:03:04 +0200] "GET / HTTP/1.1" 200 3274 "http://doeco.ru/" "Mozilla/4.0 (compatible; MSIE 6.0; Windows NT 5.1; .NET CLR 1.1.4322; FDM)"
178.137.85.64 - - [07/Apr/2015:01:03:05 +0200] "GET / HTTP/1.1" 200 3274 "http://doeco.ru/" "Mozilla/4.0 (compatible; MSIE 6.0; Windows NT 5.1; .NET CLR 1.1.4322; FDM)"
218.30.103.135 - - [07/Apr/2015:02:12:09 +0200] "GET / HTTP/1.1" 200 3274 "-" "Sogou web spider/4.0(+http://www.sogou.com/docs/help/webmasters.htm#07)"
218.30.103.135 - - [07/Apr/2015:02:12:16 +0200] "GET /robots.txt HTTP/1.1" 404 1256 "-" "Sogou web spider/4.0(+http://www.sogou.com/docs/help/webmasters.htm#07)"
66.249.78.52 - - [07/Apr/2015:02:31:18 +0200] "GET / HTTP/1.1" 200 3274 "-" "Mozilla/5.0 (compatible; Googlebot/2.1; +http://www.google.com/bot.html)"
66.249.78.45 - - [07/Apr/2015:04:51:12 +0200] "GET /css/bootstrap.min.css HTTP/1.1" 200 101265 "-" "Mozilla/5.0 (compatible; Googlebot/2.1; +http://www.google.com/bot.html)"
178.137.85.64 - - [07/Apr/2015:09:25:40 +0200] "GET / HTTP/1.1" 200 3274 "http://pornokajf.com/" "Mozilla/4.0 (compatible; MSIE 7.0b; Windows NT 6.0 ; .NET CLR 2.0.50215; SL Commerce Client v1.0; Tablet PC 2.0"
178.137.85.64 - - [07/Apr/2015:09:25:40 +0200] "GET / HTTP/1.1" 200 3274 "http://pornokajf.com/" "Mozilla/4.0 (compatible; MSIE 7.0b; Windows NT 6.0 ; .NET CLR 2.0.50215; SL Commerce Client v1.0; Tablet PC 2.0"
178.137.85.64 - - [07/Apr/2015:09:25:41 +0200] "GET / HTTP/1.1" 200 3274 "http://pornokajf.com/" "Mozilla/4.0 (compatible; MSIE 7.0b; Windows NT 6.0 ; .NET CLR 2.0.50215; SL Commerce Client v1.0; Tablet PC 2.0"
178.137.85.64 - - [07/Apr/2015:09:25:42 +0200] "GET / HTTP/1.1" 200 3274 "http://idkredit.com/" "Mozilla/4.0 (compatible; MSIE 6.0; Windows NT 5.2; WOW64; SV1; .NET CLR 2.0.50727)"
178.137.85.64 - - [07/Apr/2015:09:25:42 +0200] "GET / HTTP/1.1" 200 3274 "http://idkredit.com/" "Mozilla/4.0 (compatible; MSIE 6.0; Windows NT 5.2; WOW64; SV1; .NET CLR 2.0.50727)"
178.137.85.64 - - [07/Apr/2015:09:25:43 +0200] "GET / HTTP/1.1" 200 3274 "http://idkredit.com/" "Mozilla/4.0 (compatible; MSIE 6.0; Windows NT 5.2; WOW64; SV1; .NET CLR 2.0.50727)"
84.159.202.173 - - [07/Apr/2015:09:53:53 +0200] "GET / HTTP/1.1" 200 3274 "-" "Mozilla/5.0 (Macintosh; Intel Mac OS X 10_10_2) AppleWebKit/600.4.10 (KHTML, like Gecko) Version/8.0.4 Safari/600.4.10"
84.159.202.173 - - [07/Apr/2015:09:53:53 +0200] "GET /js/bootstrap.min.js HTTP/1.1" 200 25764 "http://www.dialyse-falkensee.de/" "Mozilla/5.0 (Macintosh; Intel Mac OS X 10_10_2) AppleWebKit/600.4.10 (KHTML, like Gecko) Version/8.0.4 Safari/600.4.10"
84.159.202.173 - - [07/Apr/2015:09:53:53 +0200] "GET /css/bootstrap-responsive.min.css HTTP/1.1" 200 16520 "http://www.dialyse-falkensee.de/" "Mozilla/5.0 (Macintosh; Intel Mac OS X 10_10_2) AppleWebKit/600.4.10 (KHTML, like Gecko) Version/8.0.4 Safari/600.4.10"
84.159.202.173 - - [07/Apr/2015:09:53:53 +0200] "GET /css/bootstrap.min.css HTTP/1.1" 200 101265 "http://www.dialyse-falkensee.de/" "Mozilla/5.0 (Macintosh; Intel Mac OS X 10_10_2) AppleWebKit/600.4.10 (KHTML, like Gecko) Version/8.0.4 Safari/600.4.10"
84.159.202.173 - - [07/Apr/2015:09:53:54 +0200] "GET /ico/favicon.ico HTTP/1.1" 404 1256 "http://www.dialyse-falkensee.de/" "Mozilla/5.0 (Macintosh; Intel Mac OS X 10_10_2) AppleWebKit/600.4.10 (KHTML, like Gecko) Version/8.0.4 Safari/600.4.10"
23.23.52.30 - - [07/Apr/2015:10:19:10 +0200] "HEAD / HTTP/1.1" 200 - "-" "Typhoeus - https://github.com/typhoeus/typhoeus"
207.46.13.59 - - [07/Apr/2015:11:02:42 +0200] "GET / HTTP/1.1" 200 3274 "-" "Mozilla/5.0 (compatible; bingbot/2.0; +http://www.bing.com/bingbot.htm)"
88.198.208.69 - - [07/Apr/2015:11:50:49 +0200] "GET / HTTP/1.1" 200 3274 "-" "Mozilla/5.0 (Macintosh; Intel Mac OS X 10.6; rv:22.0) Gecko/20100101 Firefox/22.0"
46.119.113.155 - - [07/Apr/2015:11:51:32 +0200] "GET / HTTP/1.1" 200 3274 "http://kinonew-online.net/" "Mozilla/4.0 (compatible; MSIE 6.0; AOL 9.0; Windows NT 5.1)"
46.119.113.155 - - [07/Apr/2015:11:51:32 +0200] "GET / HTTP/1.1" 200 3274 "http://imperiafilm.ru/" "Mozilla/4.0 (compatible; MSIE 6.0; AOL 9.0; Windows NT 5.1)"
46.119.113.155 - - [07/Apr/2015:11:51:33 +0200] "GET / HTTP/1.1" 200 3274 "http://kinonew-online.net/" "Mozilla/4.0 (compatible; MSIE 6.0; AOL 9.0; Windows NT 5.1)"
