217.92.73.171 - - [17/Apr/2015:09:18:49 +0200] "GET /css/bootstrap-responsive.min.css HTTP/1.1" 200 16520 "http://www.dialyse-falkensee.de/" "Mozilla/5.0 (compatible; MSIE 9.0; Windows NT 6.1; Trident/5.0; MALC)"
217.92.73.171 - - [17/Apr/2015:09:18:49 +0200] "GET /css/bootstrap.min.css HTTP/1.1" 200 101265 "http://www.dialyse-falkensee.de/" "Mozilla/5.0 (compatible; MSIE 9.0; Windows NT 6.1; Trident/5.0; MALC)"
217.92.73.171 - - [17/Apr/2015:09:18:50 +0200] "GET /js/bootstrap.min.js HTTP/1.1" 200 25764 "http://www.dialyse-falkensee.de/" "Mozilla/5.0 (compatible; MSIE 9.0; Windows NT 6.1; Trident/5.0; MALC)"
217.92.73.171 - - [17/Apr/2015:09:18:50 +0200] "GET /img/glyphicons-halflings.png HTTP/1.1" 200 12799 "http://www.dialyse-falkensee.de/" "Mozilla/5.0 (compatible; MSIE 9.0; Windows NT 6.1; Trident/5.0; MALC)"
217.92.73.171 - - [17/Apr/2015:09:18:51 +0200] "GET /ico/favicon.ico HTTP/1.1" 404 1256 "-" "Mozilla/5.0 (compatible; MSIE 9.0; Windows NT 6.1; Trident/5.0; MALC)"
157.55.39.46 - - [17/Apr/2015:12:03:24 +0200] "GET /robots.txt HTTP/1.1" 404 1256 "-" "Mozilla/5.0 (compatible; bingbot/2.0; +http://www.bing.com/bingbot.htm)"
157.55.39.46 - - [17/Apr/2015:12:03:27 +0200] "GET / HTTP/1.1" 200 3274 "-" "Mozilla/5.0 (compatible; bingbot/2.0; +http://www.bing.com/bingbot.htm)"
213.61.106.21 - - [17/Apr/2015:12:40:27 +0200] "GET / HTTP/1.0" 200 3274 "http://www.google.at/url?url=http://www.dialyse-falkensee.de/&rct=j&frm=1&q=&esrc=s&sa=U&ei=5eIwVY6MCMm2abH0gegL&ved=0CBMQFjAA&usg=AFQjCNG5NExb-WnmmSSR2Z-wVlBIPWjnHg" "Mozilla/4.0 (compatible; MSIE 8.0; Windows NT 6.1; Trident/4.0; GTB7.5; SLCC2; .NET CLR 2.0.50727; .NET CLR 3.5.30729; .NET CLR 3.0.30729; Media Center PC 6.0; InfoPath.2; .NET4.0C; .NET4.0E)"
213.61.106.21 - - [17/Apr/2015:12:40:27 +0200] "GET /css/bootstrap.min.css HTTP/1.0" 200 101265 "http://www.dialyse-falkensee.de/" "Mozilla/4.0 (compatible; MSIE 8.0; Windows NT 6.1; Trident/4.0; GTB7.5; SLCC2; .NET CLR 2.0.50727; .NET CLR 3.5.30729; .NET CLR 3.0.30729; Media Center PC 6.0; InfoPath.2; .NET4.0C; .NET4.0E)"
213.61.106.21 - - [17/Apr/2015:12:40:27 +0200] "GET /css/bootstrap-responsive.min.css HTTP/1.0" 200 16520 "http://www.dialyse-falkensee.de/" "Mozilla/4.0 (compatible; MSIE 8.0; Windows NT 6.1; Trident/4.0; GTB7.5; SLCC2; .NET CLR 2.0.50727; .NET CLR 3.5.30729; .NET CLR 3.0.30729; Media Center PC 6.0; InfoPath.2; .NET4.0C; .NET4.0E)"
213.61.106.21 - - [17/Apr/2015:12:40:27 +0200] "GET /img/glyphicons-halflings.png HTTP/1.0" 200 12799 "http://www.dialyse-falkensee.de/" "Mozilla/4.0 (compatible; MSIE 8.0; Windows NT 6.1; Trident/4.0; GTB7.5; SLCC2; .NET CLR 2.0.50727; .NET CLR 3.5.30729; .NET CLR 3.0.30729; Media Center PC 6.0; InfoPath.2; .NET4.0C; .NET4.0E)"
213.61.106.21 - - [17/Apr/2015:12:40:28 +0200] "GET /js/bootstrap.min.js HTTP/1.0" 200 25764 "http://www.dialyse-falkensee.de/" "Mozilla/4.0 (compatible; MSIE 8.0; Windows NT 6.1; Trident/4.0; GTB7.5; SLCC2; .NET CLR 2.0.50727; .NET CLR 3.5.30729; .NET CLR 3.0.30729; Media Center PC 6.0; InfoPath.2; .NET4.0C; .NET4.0E)"
213.61.106.21 - - [17/Apr/2015:12:40:28 +0200] "GET /ico/favicon.ico HTTP/1.0" 404 1256 "-" "Mozilla/4.0 (compatible; MSIE 8.0; Windows NT 6.1; Trident/4.0; GTB7.5; SLCC2; .NET CLR 2.0.50727; .NET CLR 3.5.30729; .NET CLR 3.0.30729; Media Center PC 6.0; InfoPath.2; .NET4.0C; .NET4.0E)"
144.76.18.125 - - [17/Apr/2015:12:43:38 +0200] "GET / HTTP/1.1" 200 3274 "-" "Mozilla/5.0 (Windows; U; Windows NT 6.0; de; rv:1.9.2.3) Gecko/20100401 Firefox/3.6.3 ( .NET CLR 3.5.30729)"
37.5.50.89 - - [17/Apr/2015:15:48:44 +0200] "GET / HTTP/1.1" 200 3274 "https://www.google.de/" "Mozilla/5.0 (Windows NT 6.1; WOW64) AppleWebKit/537.36 (KHTML, like Gecko) Chrome/41.0.2272.118 Safari/537.36"
37.5.50.89 - - [17/Apr/2015:15:48:45 +0200] "GET /css/bootstrap-responsive.min.css HTTP/1.1" 200 16520 "http://www.dialyse-falkensee.de/" "Mozilla/5.0 (Windows NT 6.1; WOW64) AppleWebKit/537.36 (KHTML, like Gecko) Chrome/41.0.2272.118 Safari/537.36"
37.5.50.89 - - [17/Apr/2015:15:48:45 +0200] "GET /js/bootstrap.min.js HTTP/1.1" 200 25764 "http://www.dialyse-falkensee.de/" "Mozilla/5.0 (Windows NT 6.1; WOW64) AppleWebKit/537.36 (KHTML, like Gecko) Chrome/41.0.2272.118 Safari/537.36"
37.5.50.89 - - [17/Apr/2015:15:48:45 +0200] "GET /css/bootstrap.min.css HTTP/1.1" 200 101265 "http://www.dialyse-falkensee.de/" "Mozilla/5.0 (Windows NT 6.1; WOW64) AppleWebKit/537.36 (KHTML, like Gecko) Chrome/41.0.2272.118 Safari/537.36"
37.5.50.89 - - [17/Apr/2015:15:48:45 +0200] "GET /ico/favicon.ico HTTP/1.1" 404 1256 "-" "Mozilla/5.0 (Windows NT 6.1; WOW64) AppleWebKit/537.36 (KHTML, like Gecko) Chrome/41.0.2272.118 Safari/537.36"
37.5.50.89 - - [17/Apr/2015:15:48:45 +0200] "GET /ico/favicon.ico HTTP/1.1" 404 1256 "-" "Mozilla/5.0 (Windows NT 6.1; WOW64) AppleWebKit/537.36 (KHTML, like Gecko) Chrome/41.0.2272.118 Safari/537.36"
66.249.78.45 - - [17/Apr/2015:15:53:46 +0200] "GET /robots.txt HTTP/1.1" 404 1256 "-" "Mozilla/5.0 (compatible; Googlebot/2.1; +http://www.google.com/bot.html)"
66.249.78.52 - - [17/Apr/2015:15:53:46 +0200] "GET / HTTP/1.1" 200 3274 "-" "Mozilla/5.0 (compatible; Googlebot/2.1; +http://www.google.com/bot.html)"
46.115.21.183 - - [17/Apr/2015:17:06:43 +0200] "GET / HTTP/1.1" 200 3274 "http://www.google.de/" "Mozilla/5.0 (Linux; Android 4.2.2; ALCATEL ONE TOUCH 7047D Build/JDQ39) AppleWebKit/537.36 (KHTML, like Gecko) Chrome/41.0.2272.96 Mobile Safari/537.36"
134.249.53.8 - - [17/Apr/2015:17:46:57 +0200] "GET / HTTP/1.1" 200 3274 "http://ozas.net/" "Mozilla/4.0 (compatible; MSIE 6.0; Windows 98; Win 9x 4.90)"
134.249.53.8 - - [17/Apr/2015:17:46:59 +0200] "GET / HTTP/1.1" 200 3274 "http://ozas.net/" "Mozilla/4.0 (compatible; MSIE 6.0; Windows 98; Win 9x 4.90)"
188.165.15.61 - - [17/Apr/2015:19:07:33 +0200] "GET /index.html HTTP/1.1" 200 3274 "-" "Mozilla/5.0 (compatible; AhrefsBot/5.0; +http://ahrefs.com/robot/)"
178.137.85.64 - - [17/Apr/2015:19:26:31 +0200] "GET / HTTP/1.1" 200 3274 "http://minecraf-portal.ru/" "Mozilla/4.0 (compatible; MSIE 6.0; America Online Browser 1.1; rev1.2; Windows NT 5.1; SV1; .NET CLR 1.1.4322)"
178.137.85.64 - - [17/Apr/2015:19:26:31 +0200] "GET / HTTP/1.1" 200 3274 "http://minecraf-portal.ru/" "Mozilla/4.0 (compatible; MSIE 6.0; America Online Browser 1.1; rev1.2; Windows NT 5.1; SV1; .NET CLR 1.1.4322)"
178.137.85.64 - - [17/Apr/2015:19:26:32 +0200] "GET / HTTP/1.1" 200 3274 "http://minecraf-portal.ru/" "Mozilla/4.0 (compatible; MSIE 6.0; America Online Browser 1.1; rev1.2; Windows NT 5.1; SV1; .NET CLR 1.1.4322)"
66.249.78.45 - - [17/Apr/2015:19:38:04 +0200] "GET / HTTP/1.1" 200 3274 "-" "Mozilla/5.0 (compatible; Googlebot/2.1; +http://www.google.com/bot.html)"
46.119.113.155 - - [17/Apr/2015:20:10:52 +0200] "GET / HTTP/1.1" 200 3274 "http://jobrate.net/" "Mozilla/4.0 (compatible- MSIE 6.0- Windows NT 5.1- SV1- .NET CLR 1.1.4322"
46.119.113.155 - - [17/Apr/2015:20:10:52 +0200] "GET / HTTP/1.1" 200 3274 "http://jobrate.net/" "Mozilla/4.0 (compatible- MSIE 6.0- Windows NT 5.1- SV1- .NET CLR 1.1.4322"
46.119.113.155 - - [17/Apr/2015:20:10:52 +0200] "GET / HTTP/1.1" 200 3274 "http://jobrate.net/" "Mozilla/4.0 (compatible- MSIE 6.0- Windows NT 5.1- SV1- .NET CLR 1.1.4322"
46.119.113.155 - - [17/Apr/2015:23:14:42 +0200] "GET / HTTP/1.1" 200 3274 "http://sololift-grundfos.ru/" "Mozilla/4.0 (compatible; MSIE 6.0; Windows NT 5.1; TheFreeDictionary.com; .NET CLR 1.1.4322; .NET CLR 1.0.3705; .NET CLR 2.0.50727)"
46.119.113.155 - - [17/Apr/2015:23:14:43 +0200] "GET / HTTP/1.1" 200 3274 "http://sololift-grundfos.ru/" "Mozilla/4.0 (compatible; MSIE 6.0; Windows NT 5.1; TheFreeDictionary.com; .NET CLR 1.1.4322; .NET CLR 1.0.3705; .NET CLR 2.0.50727)"
157.55.39.46 - - [17/Apr/2015:23:16:15 +0200] "GET / HTTP/1.1" 200 3274 "-" "Mozilla/5.0 (compatible; bingbot/2.0; +http://www.bing.com/bingbot.htm)"
66.249.64.41 - - [17/Apr/2015:23:38:30 +0200] "GET /css/bootstrap-responsive.min.css HTTP/1.1" 200 16520 "-" "Mozilla/5.0 (compatible; Googlebot/2.1; +http://www.google.com/bot.html)"
134.249.53.8 - - [18/Apr/2015:02:47:11 +0200] "GET / HTTP/1.1" 200 3274 "http://www.rospromtest.ru/" "Opera/8.01 (Windows NT 5.1)"
134.249.53.8 - - [18/Apr/2015:02:47:12 +0200] "GET / HTTP/1.1" 200 3274 "http://www.rospromtest.ru/" "Opera/8.01 (Windows NT 5.1)"
134.249.53.8 - - [18/Apr/2015:02:47:12 +0200] "GET / HTTP/1.1" 200 3274 "http://www.rospromtest.ru/" "Opera/8.01 (Windows NT 5.1)"
64.246.165.160 - - [18/Apr/2015:04:51:19 +0200] "GET /robots.txt HTTP/1.0" 404 1256 "-" "Mozilla/5.0 (Windows; U; Windows NT 5.1; en; rv:1.9.0.13) Gecko/2009073022 Firefox/3.5.2 (.NET CLR 3.5.30729) SurveyBot/2.3 (DomainTools)"
64.246.165.160 - - [18/Apr/2015:04:51:20 +0200] "GET / HTTP/1.1" 200 3274 "http://whois.domaintools.com/dialyse-falkensee.de" "Mozilla/5.0 (Windows; U; Windows NT 5.1; en; rv:1.9.0.13) Gecko/2009073022 Firefox/3.5.2 (.NET CLR 3.5.30729) SurveyBot/2.3 (DomainTools)"
178.137.85.64 - - [18/Apr/2015:05:24:45 +0200] "GET / HTTP/1.1" 200 3274 "http://www.to2ko.ru/" "Mozilla/4.0 (compatible; MSIE 6.0; Windows XP)"
178.137.85.64 - - [18/Apr/2015:05:24:45 +0200] "GET / HTTP/1.1" 200 3274 "http://www.to2ko.ru/" "Mozilla/4.0 (compatible; MSIE 6.0; Windows XP)"
178.137.85.64 - - [18/Apr/2015:05:24:45 +0200] "GET / HTTP/1.1" 200 3274 "http://www.to2ko.ru/" "Mozilla/4.0 (compatible; MSIE 6.0; Windows XP)"
217.12.202.39 - - [18/Apr/2015:06:39:18 +0200] "GET /new_magmi/web/magmi.php HTTP/1.1" 404 1256 "http://www.dialyse-falkensee.de/new_magmi/web/magmi.php" "Mozilla/4.0 (compatible; MSIE 6.0; Windows NT 5.1; SV1)"
217.12.202.39 - - [18/Apr/2015:06:39:18 +0200] "GET /magmi_new/web/magmi.php HTTP/1.1" 404 1256 "http://www.dialyse-falkensee.de/magmi_new/web/magmi.php" "Mozilla/4.0 (compatible; MSIE 6.0; Windows NT 5.1; SV1)"
217.12.202.39 - - [18/Apr/2015:06:39:18 +0200] "GET /magmi1/web/magmi.php HTTP/1.1" 404 1256 "http://www.dialyse-falkensee.de/magmi1/web/magmi.php" "Mozilla/4.0 (compatible; MSIE 6.0; Windows NT 5.1; SV1)"
217.12.202.39 - - [18/Apr/2015:06:39:18 +0200] "GET /magmi_2/web/magmi.php HTTP/1.1" 404 1256 "http://www.dialyse-falkensee.de/magmi_2/web/magmi.php" "Mozilla/4.0 (compatible; MSIE 6.0; Windows NT 5.1; SV1)"
217.12.202.39 - - [18/Apr/2015:06:39:18 +0200] "GET /magmi2/web/magmi.php HTTP/1.1" 404 1256 "http://www.dialyse-falkensee.de/magmi2/web/magmi.php" "Mozilla/4.0 (compatible; MSIE 6.0; Windows NT 5.1; SV1)"
217.12.202.39 - - [18/Apr/2015:06:39:18 +0200] "GET /magmi_nw/web/magmi.php HTTP/1.1" 404 1256 "http://www.dialyse-falkensee.de/magmi_nw/web/magmi.php" "Mozilla/4.0 (compatible; MSIE 6.0; Windows NT 5.1; SV1)"
217.12.202.39 - - [18/Apr/2015:06:39:18 +0200] "GET /magmi_1/web/magmi.php HTTP/1.1" 404 1256 "http://www.dialyse-falkensee.de/magmi_1/web/magmi.php" "Mozilla/4.0 (compatible; MSIE 6.0; Windows NT 5.1; SV1)"
66.249.78.59 - - [18/Apr/2015:10:27:12 +0200] "GET /robots.txt HTTP/1.1" 404 1256 "-" "Mozilla/5.0 (compatible; Googlebot/2.1; +http://www.google.com/bot.html)"
66.249.78.52 - - [18/Apr/2015:10:27:13 +0200] "GET / HTTP/1.1" 200 3274 "-" "Mozilla/5.0 (iPhone; CPU iPhone OS 6_0 like Mac OS X) AppleWebKit/536.26 (KHTML, like Gecko) Version/6.0 Mobile/10A5376e Safari/8536.25 (compatible; Googlebot/2.1; +http://www.google.com/bot.html)"
66.249.64.43 - - [18/Apr/2015:10:30:54 +0200] "GET /css/bootstrap.min.css HTTP/1.1" 200 101265 "-" "Mozilla/5.0 (compatible; Googlebot/2.1; +http://www.google.com/bot.html)"
66.249.78.59 - - [18/Apr/2015:10:30:55 +0200] "GET /css/bootstrap-responsive.min.css HTTP/1.1" 200 16520 "-" "Mozilla/5.0 (compatible; Googlebot/2.1; +http://www.google.com/bot.html)"
66.249.78.52 - - [18/Apr/2015:10:30:55 +0200] "GET /js/bootstrap.min.js HTTP/1.1" 200 25764 "-" "Mozilla/5.0 (compatible; Googlebot/2.1; +http://www.google.com/bot.html)"
92.200.124.176 - - [18/Apr/2015:11:05:28 +0200] "GET /index.html HTTP/1.1" 200 3274 "http://www.bing.com/search?q=dialyse+jn+falkensee&form=PRDEDE&pc=UP97&refig=597f3b59fb9148bcbcc12384c0f17275&pq=dialyse+jn+falkensee&sc=0-10&sp=-1&qs=n&sk=" "Mozilla/5.0 (Windows NT 6.1; Trident/7.0; rv:11.0) like Gecko"
92.200.124.176 - - [18/Apr/2015:11:05:28 +0200] "GET /css/bootstrap-responsive.min.css HTTP/1.1" 200 16520 "http://www.dialyse-falkensee.de/index.html" "Mozilla/5.0 (Windows NT 6.1; Trident/7.0; rv:11.0) like Gecko"
92.200.124.176 - - [18/Apr/2015:11:05:28 +0200] "GET /js/bootstrap.min.js HTTP/1.1" 200 25764 "http://www.dialyse-falkensee.de/index.html" "Mozilla/5.0 (Windows NT 6.1; Trident/7.0; rv:11.0) like Gecko"
92.200.124.176 - - [18/Apr/2015:11:05:28 +0200] "GET /css/bootstrap.min.css HTTP/1.1" 200 101265 "http://www.dialyse-falkensee.de/index.html" "Mozilla/5.0 (Windows NT 6.1; Trident/7.0; rv:11.0) like Gecko"
92.200.124.176 - - [18/Apr/2015:11:05:28 +0200] "GET /ico/favicon.ico HTTP/1.1" 404 1256 "-" "Mozilla/5.0 (Windows NT 6.1; Trident/7.0; rv:11.0) like Gecko"
92.200.124.176 - - [18/Apr/2015:11:05:28 +0200] "GET /favicon.ico HTTP/1.1" 404 1256 "-" "Mozilla/5.0 (Windows NT 6.1; Trident/7.0; rv:11.0) like Gecko"
66.249.64.39 - - [18/Apr/2015:11:38:51 +0200] "GET / HTTP/1.1" 200 3274 "-" "DoCoMo/2.0 N905i(c100;TB;W24H16) (compatible; Googlebot-Mobile/2.1; +http://www.google.com/bot.html)"
66.249.78.52 - - [18/Apr/2015:13:25:22 +0200] "GET / HTTP/1.1" 200 3274 "-" "Mozilla/5.0 (compatible; Googlebot/2.1; +http://www.google.com/bot.html)"
157.55.39.46 - - [18/Apr/2015:13:33:57 +0200] "GET / HTTP/1.1" 200 3274 "-" "Mozilla/5.0 (compatible; bingbot/2.0; +http://www.bing.com/bingbot.htm)"
77.75.79.32 - - [18/Apr/2015:16:20:50 +0200] "GET /robots.txt HTTP/1.1" 404 1256 "-" "Mozilla/5.0 (compatible; SeznamBot/3.2; +http://fulltext.sblog.cz/)"
77.75.79.32 - - [18/Apr/2015:16:20:50 +0200] "GET / HTTP/1.1" 304 - "-" "Mozilla/5.0 (compatible; SeznamBot/3.2; +http://fulltext.sblog.cz/)"
178.255.215.83 - - [18/Apr/2015:16:36:17 +0200] "GET /robots.txt HTTP/1.1" 404 1256 "-" "Mozilla/5.0 (compatible; Exabot/3.0; +http://www.exabot.com/go/robot)"
178.255.215.83 - - [18/Apr/2015:16:36:17 +0200] "GET / HTTP/1.1" 304 - "-" "Mozilla/5.0 (compatible; Exabot/3.0; +http://www.exabot.com/go/robot)"
185.53.44.29 - - [18/Apr/2015:17:25:01 +0200] "GET /robots.txt HTTP/1.1" 404 1256 "-" "Mozilla/5.0 (compatible; XoviBot/2.0; +http://www.xovibot.net/)"
66.249.78.45 - - [18/Apr/2015:19:09:01 +0200] "GET / HTTP/1.1" 200 3274 "-" "Mozilla/5.0 (compatible; Googlebot/2.1; +http://www.google.com/bot.html)"
66.249.78.52 - - [18/Apr/2015:23:43:26 +0200] "GET /robots.txt HTTP/1.1" 404 1256 "-" "Mozilla/5.0 (compatible; Googlebot/2.1; +http://www.google.com/bot.html)"
66.249.78.52 - - [18/Apr/2015:23:43:26 +0200] "GET / HTTP/1.1" 200 3274 "-" "Mozilla/5.0 (compatible; Googlebot/2.1; +http://www.google.com/bot.html)"
157.55.39.46 - - [19/Apr/2015:01:49:36 +0200] "GET / HTTP/1.1" 200 3274 "-" "Mozilla/5.0 (compatible; bingbot/2.0; +http://www.bing.com/bingbot.htm)"
134.249.53.8 - - [19/Apr/2015:03:39:17 +0200] "GET / HTTP/1.1" 200 3274 "http://krasivoe-hd.com/" "Mozilla/4.0 (compatible; MSIE 6.0; Windows NT 5.1; FREE; .NET CLR 1.1.4322)"
134.249.53.8 - - [19/Apr/2015:03:39:18 +0200] "GET / HTTP/1.1" 200 3274 "http://krasivoe-hd.com/" "Mozilla/4.0 (compatible; MSIE 6.0; Windows NT 5.1; FREE; .NET CLR 1.1.4322)"
46.119.113.155 - - [19/Apr/2015:03:49:16 +0200] "GET / HTTP/1.1" 200 3274 "http://kinonew-online.net/" "Mozilla/4.0 (compatible; MSIE 6.0; Windows 98; Win 9x 4.90)"
46.119.113.155 - - [19/Apr/2015:03:49:16 +0200] "GET / HTTP/1.1" 200 3274 "http://kinonew-online.net/" "Mozilla/4.0 (compatible; MSIE 6.0; Windows 98; Win 9x 4.90)"
46.119.113.155 - - [19/Apr/2015:03:49:17 +0200] "GET / HTTP/1.1" 200 3274 "http://kinonew-online.net/" "Mozilla/4.0 (compatible; MSIE 6.0; Windows 98; Win 9x 4.90)"
66.249.78.45 - - [19/Apr/2015:06:45:32 +0200] "GET / HTTP/1.1" 200 3274 "-" "Mozilla/5.0 (iPhone; CPU iPhone OS 6_0 like Mac OS X) AppleWebKit/536.26 (KHTML, like Gecko) Version/6.0 Mobile/10A5376e Safari/8536.25 (compatible; Googlebot/2.1; +http://www.google.com/bot.html)"
217.251.220.133 - - [19/Apr/2015:06:46:19 +0200] "GET / HTTP/1.1" 200 3274 "http://m.bigfinder.de/?c=ws&q=web&v=1" "T-Online Browser (Windows NT 6.1; de)"
207.46.13.105 - - [19/Apr/2015:13:35:24 +0200] "GET / HTTP/1.1" 200 3274 "-" "Mozilla/5.0 (compatible; bingbot/2.0; +http://www.bing.com/bingbot.htm)"
95.91.214.148 - - [19/Apr/2015:14:34:31 +0200] "GET / HTTP/1.1" 200 3274 "https://www.google.de/" "Mozilla/5.0 (Linux; Android 4.4.2; de-de; SAMSUNG GT-I9195 Build/KOT49H) AppleWebKit/537.36 (KHTML, like Gecko) Version/1.5 Chrome/28.0.1500.94 Mobile Safari/537.36"
95.91.214.148 - - [19/Apr/2015:14:34:31 +0200] "GET /css/bootstrap-responsive.min.css HTTP/1.1" 200 16520 "http://www.dialyse-falkensee.de/" "Mozilla/5.0 (Linux; Android 4.4.2; de-de; SAMSUNG GT-I9195 Build/KOT49H) AppleWebKit/537.36 (KHTML, like Gecko) Version/1.5 Chrome/28.0.1500.94 Mobile Safari/537.36"
95.91.214.148 - - [19/Apr/2015:14:34:31 +0200] "GET /js/bootstrap.min.js HTTP/1.1" 200 25764 "http://www.dialyse-falkensee.de/" "Mozilla/5.0 (Linux; Android 4.4.2; de-de; SAMSUNG GT-I9195 Build/KOT49H) AppleWebKit/537.36 (KHTML, like Gecko) Version/1.5 Chrome/28.0.1500.94 Mobile Safari/537.36"
95.91.214.148 - - [19/Apr/2015:14:34:31 +0200] "GET /css/bootstrap.min.css HTTP/1.1" 200 101265 "http://www.dialyse-falkensee.de/" "Mozilla/5.0 (Linux; Android 4.4.2; de-de; SAMSUNG GT-I9195 Build/KOT49H) AppleWebKit/537.36 (KHTML, like Gecko) Version/1.5 Chrome/28.0.1500.94 Mobile Safari/537.36"
95.91.214.148 - - [19/Apr/2015:14:34:31 +0200] "GET /img/glyphicons-halflings.png HTTP/1.1" 200 12799 "http://www.dialyse-falkensee.de/" "Mozilla/5.0 (Linux; Android 4.4.2; de-de; SAMSUNG GT-I9195 Build/KOT49H) AppleWebKit/537.36 (KHTML, like Gecko) Version/1.5 Chrome/28.0.1500.94 Mobile Safari/537.36"
95.91.214.148 - - [19/Apr/2015:14:34:40 +0200] "GET /ico/favicon.ico HTTP/1.1" 404 1256 "-" "Mozilla/5.0 (Linux; Android 4.4.2; de-de; SAMSUNG GT-I9195 Build/KOT49H) AppleWebKit/537.36 (KHTML, like Gecko) Version/1.5 Chrome/28.0.1500.94 Mobile Safari/537.36"
109.90.59.45 - - [19/Apr/2015:18:23:12 +0200] "HEAD /index.html HTTP/1.1" 200 - "-" "Xenu Link Sleuth/1.3.8"
46.119.113.155 - - [19/Apr/2015:18:23:13 +0200] "GET / HTTP/1.1" 200 3274 "http://ikidz.ru/" "Mozilla/4.76 [en] (Windows NT 5.0; U)"
46.119.113.155 - - [19/Apr/2015:18:23:13 +0200] "GET / HTTP/1.1" 200 3274 "http://ikidz.ru/" "Mozilla/4.76 [en] (Windows NT 5.0; U)"
46.119.113.155 - - [19/Apr/2015:18:23:14 +0200] "GET / HTTP/1.1" 200 3274 "http://ikidz.ru/" "Mozilla/4.76 [en] (Windows NT 5.0; U)"
134.249.53.8 - - [19/Apr/2015:18:25:10 +0200] "GET / HTTP/1.1" 200 3274 "http://www.shcheben.biz/" "Mozilla/4.0 (compatible; MSIE 5.0; Windows NT; DigExt)"
134.249.53.8 - - [19/Apr/2015:18:25:11 +0200] "GET / HTTP/1.1" 200 3274 "http://www.shcheben.biz/" "Mozilla/4.0 (compatible; MSIE 5.0; Windows NT; DigExt)"
134.249.53.8 - - [19/Apr/2015:18:25:11 +0200] "GET / HTTP/1.1" 200 3274 "http://www.shcheben.biz/" "Mozilla/4.0 (compatible; MSIE 5.0; Windows NT; DigExt)"
119.63.196.23 - - [19/Apr/2015:18:29:00 +0200] "GET / HTTP/1.1" 200 3274 "-" "Mozilla/5.0 (compatible; Baiduspider/2.0; +http://www.baidu.com/search/spider.html)"
109.90.59.45 - - [19/Apr/2015:20:12:16 +0200] "HEAD /index.html HTTP/1.1" 200 - "-" "Xenu Link Sleuth/1.3.8"
178.137.85.64 - - [19/Apr/2015:21:03:41 +0200] "GET / HTTP/1.1" 200 3274 "http://minecraf-portal.ru/" "Mozilla/4.0 (compatible; MSIE 6.0; Windows NT 5.1; SV1)"
178.137.85.64 - - [19/Apr/2015:21:03:42 +0200] "GET / HTTP/1.1" 200 3274 "http://emerald-anapa.ru/" "Mozilla/4.0 (compatible; MSIE 6.0; Update a; AOL 6.0; Windows 98)"
178.137.85.64 - - [19/Apr/2015:21:03:42 +0200] "GET / HTTP/1.1" 200 3274 "http://minecraf-portal.ru/" "Mozilla/4.0 (compatible; MSIE 6.0; Windows NT 5.1; SV1)"
178.137.85.64 - - [19/Apr/2015:21:03:42 +0200] "GET / HTTP/1.1" 200 3274 "http://emerald-anapa.ru/" "Mozilla/4.0 (compatible; MSIE 6.0; Update a; AOL 6.0; Windows 98)"
178.137.85.64 - - [19/Apr/2015:21:03:43 +0200] "GET / HTTP/1.1" 200 3274 "http://emerald-anapa.ru/" "Mozilla/4.0 (compatible; MSIE 6.0; Update a; AOL 6.0; Windows 98)"
46.105.100.183 - - [20/Apr/2015:01:10:05 +0200] "GET /robots.txt HTTP/1.0" 404 1256 "-" ""
46.105.100.183 - - [20/Apr/2015:01:10:05 +0200] "GET / HTTP/1.1" 206 3274 "-" "Mozilla/5.0 (X11; U; Linux i686; en-US; rv:1.9.2.4) Gecko/20100625 Gentoo Firefox/3.6.4"
207.46.13.105 - - [20/Apr/2015:01:50:54 +0200] "GET /robots.txt HTTP/1.1" 404 1256 "-" "Mozilla/5.0 (compatible; bingbot/2.0; +http://www.bing.com/bingbot.htm)"
207.46.13.105 - - [20/Apr/2015:01:50:57 +0200] "GET / HTTP/1.1" 200 3274 "-" "Mozilla/5.0 (compatible; bingbot/2.0; +http://www.bing.com/bingbot.htm)"
217.151.51.35 - - [20/Apr/2015:07:14:44 +0200] "GET / HTTP/1.1" 200 3274 "-" "Mozilla/5.0 (Windows NT 5.1; rv:26.0) Gecko/20100101 Firefox/26.0"
217.151.51.35 - - [20/Apr/2015:07:14:44 +0200] "GET /css/bootstrap-responsive.min.css HTTP/1.1" 200 16520 "http://www.dialyse-falkensee.de/" "Mozilla/5.0 (Windows NT 5.1; rv:26.0) Gecko/20100101 Firefox/26.0"
217.151.51.35 - - [20/Apr/2015:07:14:44 +0200] "GET /css/bootstrap.min.css HTTP/1.1" 200 101265 "http://www.dialyse-falkensee.de/" "Mozilla/5.0 (Windows NT 5.1; rv:26.0) Gecko/20100101 Firefox/26.0"
217.151.51.35 - - [20/Apr/2015:07:14:44 +0200] "GET /js/bootstrap.min.js HTTP/1.1" 200 25764 "http://www.dialyse-falkensee.de/" "Mozilla/5.0 (Windows NT 5.1; rv:26.0) Gecko/20100101 Firefox/26.0"
217.151.51.35 - - [20/Apr/2015:07:14:44 +0200] "GET /favicon.ico HTTP/1.1" 404 1256 "-" "Mozilla/5.0 (Windows NT 5.1; rv:26.0) Gecko/20100101 Firefox/26.0"
87.193.178.66 - - [20/Apr/2015:08:21:30 +0200] "GET /ico/favicon.ico HTTP/1.1" 404 1256 "http://www.dialyse-falkensee.de/" "Mozilla/5.0 (Windows NT 6.1; WOW64) AppleWebKit/537.36 (KHTML, like Gecko) Chrome/42.0.2311.90 Safari/537.36"
66.249.79.91 - - [20/Apr/2015:08:57:14 +0200] "GET /robots.txt HTTP/1.1" 404 1256 "-" "Mozilla/5.0 (compatible; Googlebot/2.1; +http://www.google.com/bot.html)"
66.249.79.99 - - [20/Apr/2015:08:57:14 +0200] "GET / HTTP/1.1" 200 3274 "-" "Mozilla/5.0 (compatible; Googlebot/2.1; +http://www.google.com/bot.html)"
176.0.73.73 - - [20/Apr/2015:10:08:08 +0200] "GET / HTTP/1.1" 304 - "http://suche.gmx.net/web?origin=tb_startpage_ff_sg&currPath=starthp&currSrc=tb_startpage_ff&q=dialysepraxis+falkensee" "Mozilla/5.0 (Windows NT 6.1; WOW64; rv:37.0) Gecko/20100101 Firefox/37.0"
176.0.73.73 - - [20/Apr/2015:10:08:09 +0200] "GET /ico/favicon.ico HTTP/1.1" 404 1256 "-" "Mozilla/5.0 (Windows NT 6.1; WOW64; rv:37.0) Gecko/20100101 Firefox/37.0"
176.0.73.73 - - [20/Apr/2015:10:08:09 +0200] "GET /ico/favicon.ico HTTP/1.1" 404 1256 "-" "Mozilla/5.0 (Windows NT 6.1; WOW64; rv:37.0) Gecko/20100101 Firefox/37.0"
134.249.53.8 - - [20/Apr/2015:10:18:12 +0200] "GET / HTTP/1.1" 200 3274 "http://777s.ru/" "Mozilla/4.0 (compatible; MSIE 6.0; Windows NT 5.1; Crazy Browser 1.0.5)"
134.249.53.8 - - [20/Apr/2015:10:18:12 +0200] "GET / HTTP/1.1" 200 3274 "http://iphone6-mobile.com/" "Mozilla/4.0 (compatible; MSIE 6.0; Windows NT) ::ELNSB50::000061100320025802a00111000000000507000900000000"
134.249.53.8 - - [20/Apr/2015:10:18:13 +0200] "GET / HTTP/1.1" 200 3274 "http://777s.ru/" "Mozilla/4.0 (compatible; MSIE 6.0; Windows NT 5.1; Crazy Browser 1.0.5)"
134.249.53.8 - - [20/Apr/2015:10:18:13 +0200] "GET / HTTP/1.1" 200 3274 "http://777s.ru/" "Mozilla/4.0 (compatible; MSIE 6.0; Windows NT 5.1; Crazy Browser 1.0.5)"
134.249.53.8 - - [20/Apr/2015:10:18:13 +0200] "GET / HTTP/1.1" 200 3274 "http://iphone6-mobile.com/" "Mozilla/4.0 (compatible; MSIE 6.0; Windows NT) ::ELNSB50::000061100320025802a00111000000000507000900000000"
134.249.53.8 - - [20/Apr/2015:10:18:14 +0200] "GET / HTTP/1.1" 200 3274 "http://iphone6-mobile.com/" "Mozilla/4.0 (compatible; MSIE 6.0; Windows NT) ::ELNSB50::000061100320025802a00111000000000507000900000000"
66.249.79.91 - - [20/Apr/2015:12:20:07 +0200] "GET / HTTP/1.1" 200 3274 "-" "Mozilla/5.0 (iPhone; CPU iPhone OS 6_0 like Mac OS X) AppleWebKit/536.26 (KHTML, like Gecko) Version/6.0 Mobile/10A5376e Safari/8536.25 (compatible; Googlebot/2.1; +http://www.google.com/bot.html)"
178.137.85.64 - - [20/Apr/2015:13:30:09 +0200] "GET / HTTP/1.1" 200 3274 "http://steamcase.ru/" "Mozilla/4.0 (compatible; MSIE 6.0; Windows 98; Win 9x 4.90; Creative)"
178.137.85.64 - - [20/Apr/2015:13:30:09 +0200] "GET / HTTP/1.1" 200 3274 "http://steamcase.ru/" "Mozilla/4.0 (compatible; MSIE 6.0; Windows 98; Win 9x 4.90; Creative)"
178.137.85.64 - - [20/Apr/2015:13:30:10 +0200] "GET / HTTP/1.1" 200 3274 "http://steamcase.ru/" "Mozilla/4.0 (compatible; MSIE 6.0; Windows 98; Win 9x 4.90; Creative)"
46.119.113.155 - - [20/Apr/2015:14:48:04 +0200] "GET / HTTP/1.1" 200 3274 "http://pv-services.ru/" "Mozilla/4.0 (compatible; MSIE 6.0; Windows NT 5.1; SV1)"
46.119.113.155 - - [20/Apr/2015:14:48:05 +0200] "GET / HTTP/1.1" 200 3274 "http://pv-services.ru/" "Mozilla/4.0 (compatible; MSIE 6.0; Windows NT 5.1; SV1)"
207.46.13.105 - - [20/Apr/2015:15:28:22 +0200] "GET / HTTP/1.1" 200 3274 "-" "Mozilla/5.0 (compatible; bingbot/2.0; +http://www.bing.com/bingbot.htm)"
66.249.79.99 - - [20/Apr/2015:15:36:53 +0200] "GET / HTTP/1.1" 200 3274 "-" "Mozilla/5.0 (compatible; Googlebot/2.1; +http://www.google.com/bot.html)"
144.76.42.76 - - [20/Apr/2015:16:17:49 +0200] "GET / HTTP/1.1" 200 3274 "-" "Mozilla/5.0 (Macintosh; Intel Mac OS X 10_8_2) AppleWebKit/537.17 (KHTML, like Gecko) Chrome/24.0.1312.52 Safari/537.17"
144.76.42.76 - - [20/Apr/2015:16:17:49 +0200] "GET / HTTP/1.1" 200 3274 "-" "Mozilla/5.0 (Macintosh; Intel Mac OS X 10_8_2) AppleWebKit/537.17 (KHTML, like Gecko) Chrome/24.0.1312.52 Safari/537.17"
144.76.42.76 - - [20/Apr/2015:16:17:53 +0200] "GET / HTTP/1.1" 200 3274 "-" "Mozilla/5.0 (Macintosh; Intel Mac OS X 10_8_2) AppleWebKit/537.17 (KHTML, like Gecko) Chrome/24.0.1312.52 Safari/537.17"
144.76.42.76 - - [20/Apr/2015:16:17:53 +0200] "GET / HTTP/1.1" 200 3274 "-" "Mozilla/5.0 (Macintosh; Intel Mac OS X 10_8_2) AppleWebKit/537.17 (KHTML, like Gecko) Chrome/24.0.1312.52 Safari/537.17"
192.99.107.196 - - [20/Apr/2015:18:10:05 +0200] "GET /robots.txt HTTP/1.1" 404 1256 "-" "Mozilla/5.0 (compatible; meanpathbot/1.0; +http://www.meanpath.com/meanpathbot.html)"
192.99.107.196 - - [20/Apr/2015:18:10:05 +0200] "GET / HTTP/1.1" 200 3274 "-" "Mozilla/5.0 (compatible; meanpathbot/1.0; +http://www.meanpath.com/meanpathbot.html)"
66.249.78.52 - - [20/Apr/2015:18:54:51 +0200] "GET /robots.txt HTTP/1.1" 404 1256 "-" "Mozilla/5.0 (compatible; Googlebot/2.1; +http://www.google.com/bot.html)"
66.249.78.52 - - [20/Apr/2015:18:54:51 +0200] "GET / HTTP/1.1" 200 3274 "-" "Mozilla/5.0 (compatible; Googlebot/2.1; +http://www.google.com/bot.html)"
82.208.160.181 - - [21/Apr/2015:01:18:44 +0200] "GET / HTTP/1.1" 200 3274 "-" "User-Agent=Mozilla/5.0 (Macintosh; U; Intel Mac OS X 10.5; en-US; rv:1.9.1.5) Gecko/20091102 Firefox/3.5.7"
82.208.160.181 - - [21/Apr/2015:01:18:44 +0200] "GET /robots.txt HTTP/1.1" 404 1256 "-" "User-Agent=Mozilla/5.0 (Macintosh; U; Intel Mac OS X 10.5; en-US; rv:1.9.1.5) Gecko/20091102 Firefox/3.5.7"
82.208.160.181 - - [21/Apr/2015:01:18:44 +0200] "GET / HTTP/1.1" 200 3274 "-" "User-Agent=Mozilla/5.0 (Macintosh; U; Intel Mac OS X 10.5; en-US; rv:1.9.1.5) Gecko/20091102 Firefox/3.5.7"
178.255.215.83 - - [21/Apr/2015:01:31:12 +0200] "GET /robots.txt HTTP/1.1" 404 1256 "-" "Mozilla/5.0 (compatible; Exabot/3.0; +http://www.exabot.com/go/robot)"
178.255.215.83 - - [21/Apr/2015:01:31:13 +0200] "GET / HTTP/1.1" 304 - "-" "Mozilla/5.0 (compatible; Exabot/3.0; +http://www.exabot.com/go/robot)"
218.30.103.135 - - [21/Apr/2015:02:11:52 +0200] "GET / HTTP/1.1" 200 3274 "-" "Sogou web spider/4.0(+http://www.sogou.com/docs/help/webmasters.htm#07)"
218.30.103.135 - - [21/Apr/2015:02:15:01 +0200] "GET /robots.txt HTTP/1.1" 404 1256 "-" "Sogou web spider/4.0(+http://www.sogou.com/docs/help/webmasters.htm#07)"
208.115.113.83 - - [21/Apr/2015:03:15:04 +0200] "GET /robots.txt HTTP/1.1" 404 1256 "-" "Mozilla/5.0 (compatible; DotBot/1.1; http://www.opensiteexplorer.org/dotbot, help@moz.com)"
66.249.64.41 - - [21/Apr/2015:03:20:35 +0200] "GET / HTTP/1.1" 200 3274 "-" "Mozilla/5.0 (iPhone; CPU iPhone OS 6_0 like Mac OS X) AppleWebKit/536.26 (KHTML, like Gecko) Version/6.0 Mobile/10A5376e Safari/8536.25 (compatible; Googlebot/2.1; +http://www.google.com/bot.html)"
207.46.13.105 - - [21/Apr/2015:03:37:50 +0200] "GET / HTTP/1.1" 200 3274 "-" "Mozilla/5.0 (compatible; bingbot/2.0; +http://www.bing.com/bingbot.htm)"
208.115.113.83 - - [21/Apr/2015:05:03:08 +0200] "GET /index.html HTTP/1.1" 200 3274 "-" "Mozilla/5.0 (compatible; DotBot/1.1; http://www.opensiteexplorer.org/dotbot, help@moz.com)"
78.52.225.247 - - [21/Apr/2015:08:32:52 +0200] "GET / HTTP/1.1" 200 3274 "https://www.google.de/" "Mozilla/5.0 (iPad; CPU OS 8_1_3 like Mac OS X) AppleWebKit/600.1.4 (KHTML, like Gecko) Version/8.0 Mobile/12B466 Safari/600.1.4"
78.52.225.247 - - [21/Apr/2015:08:32:52 +0200] "GET /css/bootstrap-responsive.min.css HTTP/1.1" 200 16520 "http://www.dialyse-falkensee.de/" "Mozilla/5.0 (iPad; CPU OS 8_1_3 like Mac OS X) AppleWebKit/600.1.4 (KHTML, like Gecko) Version/8.0 Mobile/12B466 Safari/600.1.4"
78.52.225.247 - - [21/Apr/2015:08:32:52 +0200] "GET /js/bootstrap.min.js HTTP/1.1" 200 25764 "http://www.dialyse-falkensee.de/" "Mozilla/5.0 (iPad; CPU OS 8_1_3 like Mac OS X) AppleWebKit/600.1.4 (KHTML, like Gecko) Version/8.0 Mobile/12B466 Safari/600.1.4"
78.52.225.247 - - [21/Apr/2015:08:32:52 +0200] "GET /css/bootstrap.min.css HTTP/1.1" 200 101265 "http://www.dialyse-falkensee.de/" "Mozilla/5.0 (iPad; CPU OS 8_1_3 like Mac OS X) AppleWebKit/600.1.4 (KHTML, like Gecko) Version/8.0 Mobile/12B466 Safari/600.1.4"
211.244.83.215 - - [21/Apr/2015:08:56:42 +0200] "GET /robots.txt HTTP/1.1" 404 1256 "http://search.daum.net/" "Mozilla/5.0 (compatible; MSIE or Firefox mutant; not on Windows server; + http://tab.search.daum.net/aboutWebSearch.html) Daumoa/3.0"
211.244.83.215 - - [21/Apr/2015:08:56:43 +0200] "GET / HTTP/1.1" 200 3274 "http://search.daum.net/" "Mozilla/5.0 (compatible; MSIE or Firefox mutant; not on Windows server; + http://tab.search.daum.net/aboutWebSearch.html) Daumoa/3.0"
207.46.13.105 - - [21/Apr/2015:09:28:53 +0200] "GET / HTTP/1.1" 200 3274 "-" "Mozilla/5.0 (compatible; bingbot/2.0; +http://www.bing.com/bingbot.htm)"
199.30.25.126 - - [21/Apr/2015:09:28:54 +0200] "GET /css/bootstrap-responsive.min.css HTTP/1.1" 200 16520 "http://www.dialyse-falkensee.de/" "Mozilla/5.0 (Windows NT 6.1; WOW64) AppleWebKit/534+ (KHTML, like Gecko) BingPreview/1.0b"
199.30.25.126 - - [21/Apr/2015:09:28:54 +0200] "GET /css/bootstrap.min.css HTTP/1.1" 200 101265 "http://www.dialyse-falkensee.de/" "Mozilla/5.0 (Windows NT 6.1; WOW64) AppleWebKit/534+ (KHTML, like Gecko) BingPreview/1.0b"
199.30.25.126 - - [21/Apr/2015:09:28:56 +0200] "GET /js/bootstrap.min.js HTTP/1.1" 200 25764 "http://www.dialyse-falkensee.de/" "Mozilla/5.0 (Windows NT 6.1; WOW64) AppleWebKit/534+ (KHTML, like Gecko) BingPreview/1.0b"
207.46.13.115 - - [21/Apr/2015:09:28:59 +0200] "GET /robots.txt HTTP/1.1" 404 1256 "-" "Mozilla/5.0 (compatible; bingbot/2.0; +http://www.bing.com/bingbot.htm)"
46.119.113.155 - - [21/Apr/2015:13:49:46 +0200] "GET / HTTP/1.1" 200 3274 "http://jobrate.net/" "Mozilla/4.0 (compatible; MSIE 5.5; Windows NT 5.0; .NET CLR 1.1.4322)"
46.119.113.155 - - [21/Apr/2015:13:49:47 +0200] "GET / HTTP/1.1" 200 3274 "http://jobrate.net/" "Mozilla/4.0 (compatible; MSIE 5.5; Windows NT 5.0; .NET CLR 1.1.4322)"
46.119.113.155 - - [21/Apr/2015:13:49:47 +0200] "GET / HTTP/1.1" 200 3274 "http://jobrate.net/" "Mozilla/4.0 (compatible; MSIE 5.5; Windows NT 5.0; .NET CLR 1.1.4322)"
217.69.133.247 - - [21/Apr/2015:15:26:21 +0200] "GET /robots.txt HTTP/1.0" 404 1256 "-" "Mozilla/5.0 (compatible; Linux x86_64; Mail.RU_Bot/2.0; +http://go.mail.ru/help/robots)"
217.69.133.190 - - [21/Apr/2015:15:26:22 +0200] "GET / HTTP/1.1" 200 3274 "-" "Mozilla/5.0 (compatible; Linux x86_64; Mail.RU_Bot/2.0; +http://go.mail.ru/help/robots)"
207.46.13.105 - - [21/Apr/2015:16:17:06 +0200] "GET / HTTP/1.1" 200 3274 "-" "Mozilla/5.0 (compatible; bingbot/2.0; +http://www.bing.com/bingbot.htm)"
66.249.78.45 - - [21/Apr/2015:18:33:20 +0200] "GET /robots.txt HTTP/1.1" 404 1256 "-" "Mozilla/5.0 (compatible; Googlebot/2.1; +http://www.google.com/bot.html)"
66.249.78.59 - - [21/Apr/2015:18:33:20 +0200] "GET / HTTP/1.1" 200 3274 "-" "Mozilla/5.0 (compatible; Googlebot/2.1; +http://www.google.com/bot.html)"
66.249.78.59 - - [21/Apr/2015:18:36:40 +0200] "GET /css/bootstrap-responsive.min.css HTTP/1.1" 200 16520 "-" "Mozilla/5.0 (compatible; Googlebot/2.1; +http://www.google.com/bot.html)"
66.249.64.41 - - [21/Apr/2015:18:36:41 +0200] "GET /css/bootstrap.min.css HTTP/1.1" 200 101265 "-" "Mozilla/5.0 (compatible; Googlebot/2.1; +http://www.google.com/bot.html)"
157.55.39.92 - - [21/Apr/2015:20:23:11 +0200] "GET /home.htm HTTP/1.1" 404 1256 "-" "Mozilla/5.0 (compatible; bingbot/2.0; +http://www.bing.com/bingbot.htm)"
178.137.85.64 - - [21/Apr/2015:20:27:48 +0200] "GET / HTTP/1.1" 200 3274 "http://cssrf.ru/" "Mozilla/4.0 (compatible; MSIE 5.5; Windows 95; BCD2000)"
178.137.85.64 - - [21/Apr/2015:20:27:49 +0200] "GET / HTTP/1.1" 200 3274 "http://cssrf.ru/" "Mozilla/4.0 (compatible; MSIE 5.5; Windows 95; BCD2000)"
91.65.86.197 - - [21/Apr/2015:21:13:30 +0200] "GET / HTTP/1.1" 200 3274 "http://www.google.de/url?sa=t&rct=j&q=&esrc=s&source=web&cd=2&ved=0CCoQFjAB&url=http%3A%2F%2Fwww.dialyse-falkensee.de%2F&ei=MKE2Vf3uOsLgaOKqgaAO&usg=AFQjCNECgXXq-DVOeCPbM1zyqacv9mR2gg&bvm=bv.91071109,d.d2s" "Mozilla/5.0 (Windows NT 6.3; WOW64; rv:37.0) Gecko/20100101 Firefox/37.0"
91.65.86.197 - - [21/Apr/2015:21:13:30 +0200] "GET /css/bootstrap-responsive.min.css HTTP/1.1" 200 16520 "http://www.dialyse-falkensee.de/" "Mozilla/5.0 (Windows NT 6.3; WOW64; rv:37.0) Gecko/20100101 Firefox/37.0"
91.65.86.197 - - [21/Apr/2015:21:13:30 +0200] "GET /js/bootstrap.min.js HTTP/1.1" 200 25764 "http://www.dialyse-falkensee.de/" "Mozilla/5.0 (Windows NT 6.3; WOW64; rv:37.0) Gecko/20100101 Firefox/37.0"
91.65.86.197 - - [21/Apr/2015:21:13:30 +0200] "GET /ico/favicon.ico HTTP/1.1" 404 1256 "-" "Mozilla/5.0 (Windows NT 6.3; WOW64; rv:37.0) Gecko/20100101 Firefox/37.0"
91.65.86.197 - - [21/Apr/2015:21:13:30 +0200] "GET /ico/favicon.ico HTTP/1.1" 404 1256 "-" "Mozilla/5.0 (Windows NT 6.3; WOW64; rv:37.0) Gecko/20100101 Firefox/37.0"
91.65.86.197 - - [21/Apr/2015:21:13:30 +0200] "GET /css/bootstrap.min.css HTTP/1.1" 200 101265 "http://www.dialyse-falkensee.de/" "Mozilla/5.0 (Windows NT 6.3; WOW64; rv:37.0) Gecko/20100101 Firefox/37.0"
66.249.65.159 - - [21/Apr/2015:22:40:10 +0200] "GET /robots.txt HTTP/1.1" 404 1256 "-" "Mozilla/5.0 (compatible; Googlebot/2.1; +http://www.google.com/bot.html)"
66.249.65.167 - - [21/Apr/2015:22:40:10 +0200] "GET / HTTP/1.1" 200 3274 "-" "Mozilla/5.0 (compatible; Googlebot/2.1; +http://www.google.com/bot.html)"
46.119.113.155 - - [22/Apr/2015:05:00:35 +0200] "GET / HTTP/1.1" 200 3274 "http://sfa-pump.ru/" "Mozilla/4.0 (compatible; MSIE 6.0; Windows NT 5.1; .NET CLR 1.1.4322; Alexa Toolbar; (R1 1.5))"
207.46.13.105 - - [22/Apr/2015:05:01:54 +0200] "GET / HTTP/1.1" 200 3274 "-" "Mozilla/5.0 (compatible; bingbot/2.0; +http://www.bing.com/bingbot.htm)"
178.0.223.94 - - [22/Apr/2015:05:35:00 +0200] "GET / HTTP/1.1" 200 3274 "http://www.google.de/url?sa=t&source=web&cd=11&ved=0CDYQFjAK&url=http%3A%2F%2Fwww.dialyse-falkensee.de%2F&rct=j&q=dialyse%20falkensee&ei=wxY3VazRPM3paNPugNAD&usg=AFQjCNECgXXq-DVOeCPbM1zyqacv9mR2gg" "Mozilla/5.0 (Linux; U; Android 4.0.3; de-de; HTC_Desire_C Build/IML74K) AppleWebKit/534.30 (KHTML, like Gecko) Version/4.0 Mobile Safari/534.30"
178.0.223.94 - - [22/Apr/2015:05:35:00 +0200] "GET /css/bootstrap-responsive.min.css HTTP/1.1" 200 16520 "http://www.dialyse-falkensee.de/" "Mozilla/5.0 (Linux; U; Android 4.0.3; de-de; HTC_Desire_C Build/IML74K) AppleWebKit/534.30 (KHTML, like Gecko) Version/4.0 Mobile Safari/534.30"
178.0.223.94 - - [22/Apr/2015:05:35:01 +0200] "GET /js/bootstrap.min.js HTTP/1.1" 200 25764 "http://www.dialyse-falkensee.de/" "Mozilla/5.0 (Linux; U; Android 4.0.3; de-de; HTC_Desire_C Build/IML74K) AppleWebKit/534.30 (KHTML, like Gecko) Version/4.0 Mobile Safari/534.30"
178.0.223.94 - - [22/Apr/2015:05:35:00 +0200] "GET /css/bootstrap.min.css HTTP/1.1" 200 101265 "http://www.dialyse-falkensee.de/" "Mozilla/5.0 (Linux; U; Android 4.0.3; de-de; HTC_Desire_C Build/IML74K) AppleWebKit/534.30 (KHTML, like Gecko) Version/4.0 Mobile Safari/534.30"
178.0.223.94 - - [22/Apr/2015:05:35:02 +0200] "GET /img/glyphicons-halflings.png HTTP/1.1" 200 12799 "http://www.dialyse-falkensee.de/" "Mozilla/5.0 (Linux; U; Android 4.0.3; de-de; HTC_Desire_C Build/IML74K) AppleWebKit/534.30 (KHTML, like Gecko) Version/4.0 Mobile Safari/534.30"
178.0.223.94 - - [22/Apr/2015:05:35:03 +0200] "GET /ico/favicon.ico HTTP/1.1" 404 1256 "http://www.dialyse-falkensee.de/" "Mozilla/5.0 (Linux; U; Android 4.0.3; de-de; HTC_Desire_C Build/IML74K) AppleWebKit/534.30 (KHTML, like Gecko) Version/4.0 Mobile Safari/534.30"
134.249.53.8 - - [22/Apr/2015:06:31:36 +0200] "GET / HTTP/1.1" 200 3274 "http://mini.7zap.com/" "Mozilla/4.0 (compatible; MSIE 6.0; MSIE 5.5; Windows NT 5.0) Opera 7.02 Bork-edition [en]"
134.249.53.8 - - [22/Apr/2015:06:31:36 +0200] "GET / HTTP/1.1" 200 3274 "http://mini.7zap.com/" "Mozilla/4.0 (compatible; MSIE 6.0; MSIE 5.5; Windows NT 5.0) Opera 7.02 Bork-edition [en]"
134.249.53.8 - - [22/Apr/2015:06:31:36 +0200] "GET / HTTP/1.1" 200 3274 "http://mini.7zap.com/" "Mozilla/4.0 (compatible; MSIE 6.0; MSIE 5.5; Windows NT 5.0) Opera 7.02 Bork-edition [en]"
188.165.15.94 - - [22/Apr/2015:06:47:57 +0200] "GET /robots.txt HTTP/1.1" 404 1256 "-" "Mozilla/5.0 (compatible; AhrefsBot/5.0; +http://ahrefs.com/robot/)"
94.153.66.163 - - [22/Apr/2015:07:45:51 +0200] "GET / HTTP/1.1" 200 3274 "http://atlantic-map.com/" "Mozilla/4.0 (compatible; MSIE 6.0; Windows NT 5.1; MyIE2; Deepnet Explorer)"
94.153.66.163 - - [22/Apr/2015:07:45:52 +0200] "GET / HTTP/1.1" 200 3274 "http://atlantic-map.com/" "Mozilla/4.0 (compatible; MSIE 6.0; Windows NT 5.1; MyIE2; Deepnet Explorer)"
94.153.66.163 - - [22/Apr/2015:07:45:52 +0200] "GET / HTTP/1.1" 200 3274 "http://atlantic-map.com/" "Mozilla/4.0 (compatible; MSIE 6.0; Windows NT 5.1; MyIE2; Deepnet Explorer)"
146.0.32.165 - - [22/Apr/2015:08:09:16 +0200] "GET /robots.txt HTTP/1.1" 404 1256 "-" "Mozilla/5.0 (compatible; savetheworldheritage.org/1.0; +crawl@savetheworldheritage.org)"
146.0.32.165 - - [22/Apr/2015:08:09:16 +0200] "GET / HTTP/1.1" 200 3274 "-" "Mozilla/5.0 (compatible; savetheworldheritage.org/1.0; +crawl@savetheworldheritage.org)"
199.19.249.196 - - [22/Apr/2015:08:26:43 +0200] "GET / HTTP/1.1" 200 3274 "-" "Mozilla/4.0 (compatible; MSIE 7.0; Windows NT 5.1; InfoPath.1; .NET CLR 2.0.50727; .NET CLR 1.1.4322; MS-RTC LM 8; .NET CLR 3.0.4506.2152; .NET CLR 3.5.30729)"
163.157.254.25 - - [22/Apr/2015:08:26:43 +0200] "GET / HTTP/1.1" 200 3274 "http://www.google.de/url?sa=t&rct=j&q=&esrc=s&source=web&cd=1&ved=0CCUQFjAA&url=http%3A%2F%2Fwww.dialyse-falkensee.de%2F&ei=_z43Va-VNILYar6xgNgH&usg=AFQjCNECgXXq-DVOeCPbM1zyqacv9mR2gg&bvm=bv.91071109,d.d2s" "Mozilla/5.0 (Windows NT 6.1; WOW64; rv:37.0) Gecko/20100101 Firefox/37.0"
163.157.254.25 - - [22/Apr/2015:08:26:44 +0200] "GET /ico/favicon.ico HTTP/1.1" 404 1256 "http://www.dialyse-falkensee.de/" "Mozilla/5.0 (Windows NT 6.1; WOW64; rv:37.0) Gecko/20100101 Firefox/37.0"
163.157.254.25 - - [22/Apr/2015:08:26:44 +0200] "GET /css/bootstrap-responsive.min.css HTTP/1.1" 200 16520 "http://www.dialyse-falkensee.de/" "Mozilla/5.0 (Windows NT 6.1; WOW64; rv:37.0) Gecko/20100101 Firefox/37.0"
163.157.254.25 - - [22/Apr/2015:08:26:44 +0200] "GET /ico/favicon.ico HTTP/1.1" 404 1256 "-" "Mozilla/5.0 (Windows NT 6.1; WOW64; rv:37.0) Gecko/20100101 Firefox/37.0"
163.157.254.25 - - [22/Apr/2015:08:26:44 +0200] "GET /js/bootstrap.min.js HTTP/1.1" 200 25764 "http://www.dialyse-falkensee.de/" "Mozilla/5.0 (Windows NT 6.1; WOW64; rv:37.0) Gecko/20100101 Firefox/37.0"
163.157.254.25 - - [22/Apr/2015:08:26:44 +0200] "GET /ico/favicon.ico HTTP/1.1" 404 1256 "-" "Mozilla/5.0 (Windows NT 6.1; WOW64; rv:37.0) Gecko/20100101 Firefox/37.0"
163.157.254.25 - - [22/Apr/2015:08:26:44 +0200] "GET /css/bootstrap.min.css HTTP/1.1" 200 101265 "http://www.dialyse-falkensee.de/" "Mozilla/5.0 (Windows NT 6.1; WOW64; rv:37.0) Gecko/20100101 Firefox/37.0"
163.157.254.25 - - [22/Apr/2015:08:26:46 +0200] "GET /ico/favicon.ico HTTP/1.1" 404 1256 "-" "Mozilla/5.0 (Windows NT 6.1; WOW64; rv:37.0) Gecko/20100101 Firefox/37.0"
109.90.59.45 - - [22/Apr/2015:09:24:49 +0200] "HEAD /index.html HTTP/1.1" 200 - "-" "Xenu Link Sleuth/1.3.8"
109.120.157.179 - - [22/Apr/2015:16:24:19 +0200] "GET / HTTP/1.1" 200 3274 "http://doska-vsem.ru/" "Mozilla/5.0 (compatible; Add Catalog/2.1;)"
109.120.157.179 - - [22/Apr/2015:16:24:19 +0200] "GET / HTTP/1.1" 200 3274 "http://doska-vsem.ru/" "Mozilla/5.0 (compatible; Add Catalog/2.1;)"
109.120.157.179 - - [22/Apr/2015:16:24:20 +0200] "GET / HTTP/1.1" 200 3274 "http://doska-vsem.ru/" "Mozilla/5.0 (compatible; Add Catalog/2.1;)"
212.204.54.162 - - [22/Apr/2015:16:52:49 +0200] "GET / HTTP/1.1" 200 3274 "http://www.google.de/url?sa=t&rct=j&q=&esrc=s&frm=1&source=web&cd=2&sqi=2&ved=0CCcQFjAB&url=http%3A%2F%2Fwww.dialyse-falkensee.de%2F&ei=nrU3VeKXLM3xaPXYgNAC&usg=AFQjCNECgXXq-DVOeCPbM1zyqacv9mR2gg" "Mozilla/5.0 (compatible; MSIE 10.0; Windows NT 6.1; Trident/6.0)"
212.204.54.162 - - [22/Apr/2015:16:52:52 +0200] "GET /css/bootstrap-responsive.min.css HTTP/1.1" 200 16520 "http://www.dialyse-falkensee.de/" "Mozilla/5.0 (compatible; MSIE 10.0; Windows NT 6.1; Trident/6.0)"
212.204.54.162 - - [22/Apr/2015:16:52:52 +0200] "GET /js/bootstrap.min.js HTTP/1.1" 200 25764 "http://www.dialyse-falkensee.de/" "Mozilla/5.0 (compatible; MSIE 10.0; Windows NT 6.1; Trident/6.0)"
212.204.54.162 - - [22/Apr/2015:16:52:52 +0200] "GET /css/bootstrap.min.css HTTP/1.1" 200 101265 "http://www.dialyse-falkensee.de/" "Mozilla/5.0 (compatible; MSIE 10.0; Windows NT 6.1; Trident/6.0)"
212.204.54.162 - - [22/Apr/2015:16:52:53 +0200] "GET /ico/favicon.ico HTTP/1.1" 404 1256 "-" "Mozilla/5.0 (compatible; MSIE 10.0; Windows NT 6.1; Trident/6.0)"
212.204.54.162 - - [22/Apr/2015:16:53:44 +0200] "GET /ico/favicon.ico HTTP/1.1" 404 1256 "-" "Mozilla/5.0 (compatible; MSIE 10.0; Windows NT 6.1; Trident/6.0)"
212.204.54.162 - - [22/Apr/2015:16:53:44 +0200] "GET /img/glyphicons-halflings.png HTTP/1.1" 200 12799 "http://www.dialyse-falkensee.de/" "Mozilla/5.0 (compatible; MSIE 10.0; Windows NT 6.1; Trident/6.0)"
207.46.13.105 - - [22/Apr/2015:17:18:14 +0200] "GET /robots.txt HTTP/1.1" 404 1256 "-" "Mozilla/5.0 (compatible; bingbot/2.0; +http://www.bing.com/bingbot.htm)"
207.46.13.105 - - [22/Apr/2015:17:18:18 +0200] "GET / HTTP/1.1" 200 3274 "-" "Mozilla/5.0 (compatible; bingbot/2.0; +http://www.bing.com/bingbot.htm)"
66.249.65.163 - - [22/Apr/2015:17:34:57 +0200] "GET /robots.txt HTTP/1.1" 404 1256 "-" "Mozilla/5.0 (compatible; Googlebot/2.1; +http://www.google.com/bot.html)"
66.249.65.167 - - [22/Apr/2015:17:34:58 +0200] "GET / HTTP/1.1" 200 3274 "-" "Mozilla/5.0 (compatible; Googlebot/2.1; +http://www.google.com/bot.html)"
46.119.113.155 - - [22/Apr/2015:18:22:49 +0200] "GET / HTTP/1.1" 200 3274 "http://karizha-house.ru/" "Mozilla/4.0 (compatible; MSIE 7.0; Windows NT 5.1; SV1; .NET CLR 2.0.50727)"
46.119.113.155 - - [22/Apr/2015:18:22:50 +0200] "GET / HTTP/1.1" 200 3274 "http://karizha-house.ru/" "Mozilla/4.0 (compatible; MSIE 7.0; Windows NT 5.1; SV1; .NET CLR 2.0.50727)"
46.119.113.155 - - [22/Apr/2015:18:22:50 +0200] "GET / HTTP/1.1" 200 3274 "http://karizha-house.ru/" "Mozilla/4.0 (compatible; MSIE 7.0; Windows NT 5.1; SV1; .NET CLR 2.0.50727)"
119.63.196.45 - - [22/Apr/2015:18:27:17 +0200] "GET / HTTP/1.1" 200 3274 "-" "Mozilla/5.0 (compatible; Baiduspider/2.0; +http://www.baidu.com/search/spider.html)"
134.249.53.8 - - [22/Apr/2015:21:30:53 +0200] "GET / HTTP/1.1" 200 3274 "http://bolshe.ru/" "Mozilla/4.0 (compatible; MSIE 6.0; Windows NT 5.1; SV1; YPC 3.0.2; .NET CLR 1.1.4322; yplus 4.4.02b)"
134.249.53.8 - - [22/Apr/2015:21:30:53 +0200] "GET / HTTP/1.1" 200 3274 "http://bolshe.ru/" "Mozilla/4.0 (compatible; MSIE 6.0; Windows NT 5.1; SV1; YPC 3.0.2; .NET CLR 1.1.4322; yplus 4.4.02b)"
134.249.53.8 - - [22/Apr/2015:21:30:54 +0200] "GET / HTTP/1.1" 200 3274 "http://bolshe.ru/" "Mozilla/4.0 (compatible; MSIE 6.0; Windows NT 5.1; SV1; YPC 3.0.2; .NET CLR 1.1.4322; yplus 4.4.02b)"
91.64.196.174 - - [22/Apr/2015:22:32:42 +0200] "GET / HTTP/1.1" 200 3274 "http://r.search.yahoo.com/_ylt=A7x9Uk05BThV7j4AhdgEPSM5;_ylu=X3oDMTByaDVva2FxBHNlYwNzcgRwb3MDMwRjb2xvA2lyMgR2dGlkAw--/RV=2/RE=1429763514/RO=10/RU=http%3a%2f%2fwww.dialyse-falkensee.de%2f/RK=0/RS=JAcSr3r3J6PRAURfEkwB8BMPOxk-" "Mozilla/5.0 (Linux; Android 4.1.2; GT-I8190 Build/JZO54K) AppleWebKit/537.36 (KHTML, like Gecko) Chrome/42.0.2311.108 Mobile Safari/537.36"
91.64.196.174 - - [22/Apr/2015:22:32:43 +0200] "GET /css/bootstrap-responsive.min.css HTTP/1.1" 200 16520 "http://www.dialyse-falkensee.de/" "Mozilla/5.0 (Linux; Android 4.1.2; GT-I8190 Build/JZO54K) AppleWebKit/537.36 (KHTML, like Gecko) Chrome/42.0.2311.108 Mobile Safari/537.36"
91.64.196.174 - - [22/Apr/2015:22:32:43 +0200] "GET /js/bootstrap.min.js HTTP/1.1" 200 25764 "http://www.dialyse-falkensee.de/" "Mozilla/5.0 (Linux; Android 4.1.2; GT-I8190 Build/JZO54K) AppleWebKit/537.36 (KHTML, like Gecko) Chrome/42.0.2311.108 Mobile Safari/537.36"
91.64.196.174 - - [22/Apr/2015:22:32:43 +0200] "GET /css/bootstrap.min.css HTTP/1.1" 200 101265 "http://www.dialyse-falkensee.de/" "Mozilla/5.0 (Linux; Android 4.1.2; GT-I8190 Build/JZO54K) AppleWebKit/537.36 (KHTML, like Gecko) Chrome/42.0.2311.108 Mobile Safari/537.36"
91.64.196.174 - - [22/Apr/2015:22:32:44 +0200] "GET /img/glyphicons-halflings.png HTTP/1.1" 200 12799 "http://www.dialyse-falkensee.de/css/bootstrap.min.css" "Mozilla/5.0 (Linux; Android 4.1.2; GT-I8190 Build/JZO54K) AppleWebKit/537.36 (KHTML, like Gecko) Chrome/42.0.2311.108 Mobile Safari/537.36"
91.64.196.174 - - [22/Apr/2015:22:32:44 +0200] "GET /ico/favicon.ico HTTP/1.1" 404 1256 "http://www.dialyse-falkensee.de/" "Mozilla/5.0 (Linux; Android 4.1.2; GT-I8190 Build/JZO54K) AppleWebKit/537.36 (KHTML, like Gecko) Chrome/42.0.2311.108 Mobile Safari/537.36"
66.249.65.167 - - [22/Apr/2015:23:58:12 +0200] "GET / HTTP/1.1" 200 3274 "-" "Mozilla/5.0 (iPhone; CPU iPhone OS 6_0 like Mac OS X) AppleWebKit/536.26 (KHTML, like Gecko) Version/6.0 Mobile/10A5376e Safari/8536.25 (compatible; Googlebot/2.1; +http://www.google.com/bot.html)"
72.46.135.146 - - [23/Apr/2015:01:57:05 +0200] "GET /wp-login.php HTTP/1.1" 404 1256 "-" "Mozilla/4.0 (compatible; MSIE 6.0; Windows NT 5.1)"
180.153.236.192 - - [23/Apr/2015:05:05:04 +0200] "GET / HTTP/1.1" 200 3274 "http://www.dialyse-falkensee.de/" "Mozilla/5.0 (compatible; MSIE 9.0; Windows NT 6.1; Trident/5.0); 360Spider(compatible; HaosouSpider; http://www.haosou.com/help/help_3_2.html)"
182.118.44.23 - - [23/Apr/2015:05:05:06 +0200] "GET / HTTP/1.1" 200 3274 "-" "Mozilla/4.0 (compatible; MSIE 8.0; Windows NT 6.1; Trident/4.0; SLCC2; .NET CLR 2.0.50727; .NET CLR 3.5.30729; .NET CLR 3.0.30729; Media Center PC 6.0)"
182.118.44.23 - - [23/Apr/2015:05:05:07 +0200] "GET /css/bootstrap-responsive.min.css HTTP/1.1" 200 16520 "http://www.dialyse-falkensee.de/" "Mozilla/4.0 (compatible; MSIE 8.0; Windows NT 6.1; Trident/4.0; SLCC2; .NET CLR 2.0.50727; .NET CLR 3.5.30729; .NET CLR 3.0.30729; Media Center PC 6.0)"
182.118.44.23 - - [23/Apr/2015:05:05:07 +0200] "GET /js/bootstrap.min.js HTTP/1.1" 200 25764 "http://www.dialyse-falkensee.de/" "Mozilla/4.0 (compatible; MSIE 8.0; Windows NT 6.1; Trident/4.0; SLCC2; .NET CLR 2.0.50727; .NET CLR 3.5.30729; .NET CLR 3.0.30729; Media Center PC 6.0)"
182.118.44.23 - - [23/Apr/2015:05:05:07 +0200] "GET /css/bootstrap.min.css HTTP/1.1" 200 101265 "http://www.dialyse-falkensee.de/" "Mozilla/4.0 (compatible; MSIE 8.0; Windows NT 6.1; Trident/4.0; SLCC2; .NET CLR 2.0.50727; .NET CLR 3.5.30729; .NET CLR 3.0.30729; Media Center PC 6.0)"
207.46.13.105 - - [23/Apr/2015:06:01:03 +0200] "GET / HTTP/1.1" 200 3274 "-" "Mozilla/5.0 (compatible; bingbot/2.0; +http://www.bing.com/bingbot.htm)"
178.137.85.64 - - [23/Apr/2015:06:07:53 +0200] "GET / HTTP/1.1" 200 3274 "http://www.steelmaster.lv/" "Opera/9.0 (Windows NT 5.1; U; en)"
178.137.85.64 - - [23/Apr/2015:06:07:53 +0200] "GET / HTTP/1.1" 200 3274 "http://waplocator.com/" "Mozilla/4.0 (compatible; MSIE 5.0; Windows 95) Opera 6.01 [en]"
178.137.85.64 - - [23/Apr/2015:06:07:53 +0200] "GET / HTTP/1.1" 200 3274 "http://www.steelmaster.lv/" "Opera/9.0 (Windows NT 5.1; U; en)"
178.137.85.64 - - [23/Apr/2015:06:07:54 +0200] "GET / HTTP/1.1" 200 3274 "http://www.steelmaster.lv/" "Opera/9.0 (Windows NT 5.1; U; en)"
178.137.85.64 - - [23/Apr/2015:06:07:57 +0200] "GET / HTTP/1.1" 200 3274 "http://waplocator.com/" "Mozilla/4.0 (compatible; MSIE 5.0; Windows 95) Opera 6.01 [en]"
178.137.85.64 - - [23/Apr/2015:06:07:57 +0200] "GET / HTTP/1.1" 200 3274 "http://waplocator.com/" "Mozilla/4.0 (compatible; MSIE 5.0; Windows 95) Opera 6.01 [en]"
66.249.65.167 - - [23/Apr/2015:06:51:02 +0200] "GET /robots.txt HTTP/1.1" 404 1256 "-" "Mozilla/5.0 (compatible; Googlebot/2.1; +http://www.google.com/bot.html)"
66.249.65.159 - - [23/Apr/2015:06:51:02 +0200] "GET / HTTP/1.1" 200 3274 "-" "SAMSUNG-SGH-E250/1.0 Profile/MIDP-2.0 Configuration/CLDC-1.1 UP.Browser/6.2.3.3.c.1.101 (GUI) MMP/2.0 (compatible; Googlebot-Mobile/2.1; +http://www.google.com/bot.html)"
195.242.218.133 - - [23/Apr/2015:10:29:35 +0200] "GET / HTTP/1.1" 200 3274 "http://doska-vsem.ru/" "Mozilla/4.0 (compatible; MSIE 6.0; Windows NT 5.2; SV1; .NET CLR 1.1.4322; .NET CLR 2.0.50727)"
195.242.218.133 - - [23/Apr/2015:10:29:35 +0200] "GET / HTTP/1.1" 200 3274 "http://doska-vsem.ru/" "Mozilla/4.0 (compatible; MSIE 6.0; Windows NT 5.2; SV1; .NET CLR 1.1.4322; .NET CLR 2.0.50727)"
