195.242.218.133 - - [23/Apr/2015:10:29:36 +0200] "GET / HTTP/1.1" 200 3274 "http://doska-vsem.ru/" "Mozilla/4.0 (compatible; MSIE 6.0; Windows NT 5.2; SV1; .NET CLR 1.1.4322; .NET CLR 2.0.50727)"
89.204.153.236 - - [23/Apr/2015:13:37:02 +0200] "GET / HTTP/1.1" 200 3274 "http://www.google.de/url?sa=t&rct=j&q=&esrc=s&source=web&cd=2&ved=0CCcQFjAB&url=http%3A%2F%2Fwww.dialyse-falkensee.de%2F&ei=MNk4VfzrKNarac21gJAK&usg=AFQjCNECgXXq-DVOeCPbM1zyqacv9mR2gg" "Mozilla/5.0 (Windows NT 6.1; WOW64; rv:37.0) Gecko/20100101 Firefox/37.0"
89.204.153.236 - - [23/Apr/2015:13:37:02 +0200] "GET /css/bootstrap-responsive.min.css HTTP/1.1" 200 16520 "http://www.dialyse-falkensee.de/" "Mozilla/5.0 (Windows NT 6.1; WOW64; rv:37.0) Gecko/20100101 Firefox/37.0"
89.204.153.236 - - [23/Apr/2015:13:37:02 +0200] "GET /ico/favicon.ico HTTP/1.1" 404 1256 "-" "Mozilla/5.0 (Windows NT 6.1; WOW64; rv:37.0) Gecko/20100101 Firefox/37.0"
89.204.153.236 - - [23/Apr/2015:13:37:02 +0200] "GET /ico/favicon.ico HTTP/1.1" 404 1256 "-" "Mozilla/5.0 (Windows NT 6.1; WOW64; rv:37.0) Gecko/20100101 Firefox/37.0"
89.204.153.236 - - [23/Apr/2015:13:37:02 +0200] "GET /js/bootstrap.min.js HTTP/1.1" 200 25764 "http://www.dialyse-falkensee.de/" "Mozilla/5.0 (Windows NT 6.1; WOW64; rv:37.0) Gecko/20100101 Firefox/37.0"
89.204.153.236 - - [23/Apr/2015:13:37:02 +0200] "GET /css/bootstrap.min.css HTTP/1.1" 200 101265 "http://www.dialyse-falkensee.de/" "Mozilla/5.0 (Windows NT 6.1; WOW64; rv:37.0) Gecko/20100101 Firefox/37.0"
46.119.113.155 - - [23/Apr/2015:14:55:10 +0200] "GET / HTTP/1.1" 200 3274 "http://pv-services.ru/" "Mozilla/4.76 [en] (Windows NT 5.0; U)"
46.119.113.155 - - [23/Apr/2015:14:55:10 +0200] "GET / HTTP/1.1" 200 3274 "http://pv-services.ru/" "Mozilla/4.76 [en] (Windows NT 5.0; U)"
46.119.113.155 - - [23/Apr/2015:14:55:11 +0200] "GET / HTTP/1.1" 200 3274 "http://pv-services.ru/" "Mozilla/4.76 [en] (Windows NT 5.0; U)"
134.249.53.8 - - [23/Apr/2015:15:22:20 +0200] "GET / HTTP/1.1" 200 3274 "http://iphone6-mobile.com/" "Mozilla/4.0 (compatible; MSIE 7.0b; Windows NT 6.0)"
134.249.53.8 - - [23/Apr/2015:15:22:20 +0200] "GET / HTTP/1.1" 200 3274 "http://droidmod.ru/" "Mozilla/6.0 (compatible; MSIE 7.0a1; Windows NT 5.2; SV1)"
134.249.53.8 - - [23/Apr/2015:15:22:21 +0200] "GET / HTTP/1.1" 200 3274 "http://iphone6-mobile.com/" "Mozilla/4.0 (compatible; MSIE 7.0b; Windows NT 6.0)"
134.249.53.8 - - [23/Apr/2015:15:22:21 +0200] "GET / HTTP/1.1" 200 3274 "http://droidmod.ru/" "Mozilla/6.0 (compatible; MSIE 7.0a1; Windows NT 5.2; SV1)"
134.249.53.8 - - [23/Apr/2015:15:22:21 +0200] "GET / HTTP/1.1" 200 3274 "http://iphone6-mobile.com/" "Mozilla/4.0 (compatible; MSIE 7.0b; Windows NT 6.0)"
134.249.53.8 - - [23/Apr/2015:15:22:21 +0200] "GET / HTTP/1.1" 200 3274 "http://droidmod.ru/" "Mozilla/6.0 (compatible; MSIE 7.0a1; Windows NT 5.2; SV1)"
37.5.50.89 - - [23/Apr/2015:15:38:11 +0200] "GET /ico/favicon.ico HTTP/1.1" 404 1256 "http://www.dialyse-falkensee.de/" "Mozilla/5.0 (Windows NT 6.1; WOW64) AppleWebKit/537.36 (KHTML, like Gecko) Chrome/42.0.2311.90 Safari/537.36"
37.5.50.89 - - [23/Apr/2015:15:38:11 +0200] "GET /ico/favicon.ico HTTP/1.1" 404 1256 "http://www.dialyse-falkensee.de/" "Mozilla/5.0 (Windows NT 6.1; WOW64) AppleWebKit/537.36 (KHTML, like Gecko) Chrome/42.0.2311.90 Safari/537.36"
37.5.50.89 - - [23/Apr/2015:15:38:11 +0200] "GET /ico/favicon.ico HTTP/1.1" 404 1256 "http://www.dialyse-falkensee.de/" "Mozilla/5.0 (Windows NT 6.1; WOW64) AppleWebKit/537.36 (KHTML, like Gecko) Chrome/42.0.2311.90 Safari/537.36"
157.55.39.184 - - [23/Apr/2015:18:50:50 +0200] "GET / HTTP/1.1" 200 3274 "-" "Mozilla/5.0 (compatible; bingbot/2.0; +http://www.bing.com/bingbot.htm)"
178.137.85.64 - - [23/Apr/2015:21:52:04 +0200] "GET / HTTP/1.1" 200 3274 "http://vipsiterip.com/" "Mozilla/4.0 (compatible; MSIE 6.0; Windows NT 5.0; APC; .NET CLR 1.0.3705; .NET CLR 1.1.4322; .NET CLR 2.0.50215; InfoPath.1)"
178.137.85.64 - - [23/Apr/2015:21:52:05 +0200] "GET / HTTP/1.1" 200 3274 "http://vipsiterip.com/" "Mozilla/4.0 (compatible; MSIE 6.0; Windows NT 5.0; APC; .NET CLR 1.0.3705; .NET CLR 1.1.4322; .NET CLR 2.0.50215; InfoPath.1)"
178.137.85.64 - - [23/Apr/2015:21:52:05 +0200] "GET / HTTP/1.1" 200 3274 "http://vipsiterip.com/" "Mozilla/4.0 (compatible; MSIE 6.0; Windows NT 5.0; APC; .NET CLR 1.0.3705; .NET CLR 1.1.4322; .NET CLR 2.0.50215; InfoPath.1)"
136.243.36.97 - - [24/Apr/2015:00:32:48 +0200] "GET /robots.txt HTTP/1.1" 404 1256 "-" "Mozilla/5.0 (compatible; BLEXBot/1.0; +http://webmeup-crawler.com/)"
136.243.36.97 - - [24/Apr/2015:00:32:48 +0200] "GET /index.html HTTP/1.1" 200 3274 "-" "Mozilla/5.0 (compatible; BLEXBot/1.0; +http://webmeup-crawler.com/)"
136.243.36.97 - - [24/Apr/2015:00:33:04 +0200] "GET / HTTP/1.1" 200 3274 "-" "Mozilla/5.0 (compatible; BLEXBot/1.0; +http://webmeup-crawler.com/)"
193.252.118.168 - - [24/Apr/2015:01:33:35 +0200] "GET /robots.txt HTTP/1.1" 404 1256 "-" "Mozilla/5.0 (compatible; OrangeBot/2.0; support.orangebot@orange.com)"
193.252.118.168 - - [24/Apr/2015:01:33:41 +0200] "GET / HTTP/1.1" 200 3274 "-" "Mozilla/5.0 (compatible; OrangeBot/2.0; support.orangebot@orange.com)"
157.55.39.184 - - [24/Apr/2015:04:51:08 +0200] "GET / HTTP/1.1" 200 3274 "-" "Mozilla/5.0 (compatible; bingbot/2.0; +http://www.bing.com/bingbot.htm)"
84.191.25.82 - - [24/Apr/2015:05:37:41 +0200] "GET / HTTP/1.1" 200 3274 "http://www.google.de/url?sa=t&source=web&cd=14&ved=0CGAQFjAN&url=http%3A%2F%2Fwww.dialyse-falkensee.de%2F&rct=j&q=nephrologe%20falkensee&ei=lLk5VdT2JsbLaMHLgfAF&usg=AFQjCNECgXXq-DVOeCPbM1zyqacv9mR2gg" "Mozilla/5.0 (Linux; U; Android 4.1.2; de-de; GT-I8190 Build/JZO54K) AppleWebKit/534.30 (KHTML, like Gecko) Version/4.0 Mobile Safari/534.30"
84.191.25.82 - - [24/Apr/2015:05:37:41 +0200] "GET /css/bootstrap-responsive.min.css HTTP/1.1" 200 16520 "http://www.dialyse-falkensee.de/" "Mozilla/5.0 (Linux; U; Android 4.1.2; de-de; GT-I8190 Build/JZO54K) AppleWebKit/534.30 (KHTML, like Gecko) Version/4.0 Mobile Safari/534.30"
84.191.25.82 - - [24/Apr/2015:05:37:41 +0200] "GET /css/bootstrap.min.css HTTP/1.1" 200 101265 "http://www.dialyse-falkensee.de/" "Mozilla/5.0 (Linux; U; Android 4.1.2; de-de; GT-I8190 Build/JZO54K) AppleWebKit/534.30 (KHTML, like Gecko) Version/4.0 Mobile Safari/534.30"
84.191.25.82 - - [24/Apr/2015:05:37:41 +0200] "GET /js/bootstrap.min.js HTTP/1.1" 200 25764 "http://www.dialyse-falkensee.de/" "Mozilla/5.0 (Linux; U; Android 4.1.2; de-de; GT-I8190 Build/JZO54K) AppleWebKit/534.30 (KHTML, like Gecko) Version/4.0 Mobile Safari/534.30"
84.191.25.82 - - [24/Apr/2015:05:37:42 +0200] "GET /img/glyphicons-halflings.png HTTP/1.1" 200 12799 "http://www.dialyse-falkensee.de/" "Mozilla/5.0 (Linux; U; Android 4.1.2; de-de; GT-I8190 Build/JZO54K) AppleWebKit/534.30 (KHTML, like Gecko) Version/4.0 Mobile Safari/534.30"
84.191.25.82 - - [24/Apr/2015:05:37:42 +0200] "GET /ico/favicon.ico HTTP/1.1" 404 1256 "http://www.dialyse-falkensee.de/" "Mozilla/5.0 (Linux; U; Android 4.1.2; de-de; GT-I8190 Build/JZO54K) AppleWebKit/534.30 (KHTML, like Gecko) Version/4.0 Mobile Safari/534.30"
217.12.202.39 - - [24/Apr/2015:06:12:00 +0200] "GET / HTTP/1.1" 200 3274 "http://www.dialyse-falkensee.de/" "Mozilla/4.0 (compatible; MSIE 6.0; Windows NT 5.1; SV1)"
66.249.78.52 - - [24/Apr/2015:06:51:11 +0200] "GET /robots.txt HTTP/1.1" 404 1256 "-" "Mozilla/5.0 (compatible; Googlebot/2.1; +http://www.google.com/bot.html)"
66.249.78.45 - - [24/Apr/2015:06:51:11 +0200] "GET / HTTP/1.1" 200 3274 "-" "Mozilla/5.0 (compatible; Googlebot/2.1; +http://www.google.com/bot.html)"
66.249.78.52 - - [24/Apr/2015:07:49:51 +0200] "GET / HTTP/1.1" 200 3274 "-" "Mozilla/5.0 (compatible; Googlebot/2.1; +http://www.google.com/bot.html)"
82.113.99.180 - - [24/Apr/2015:08:12:45 +0200] "GET / HTTP/1.1" 200 3274 "http://www.google.de/" "Mozilla/5.0 (Linux; U; Android 4.3; de-de; GT-I9300 Build/JSS15J) AppleWebKit/534.30 (KHTML, like Gecko) Version/4.0 Mobile Safari/534.30"
82.113.99.180 - - [24/Apr/2015:08:12:46 +0200] "GET /css/bootstrap-responsive.min.css HTTP/1.1" 200 16520 "http://www.dialyse-falkensee.de/" "Mozilla/5.0 (Linux; U; Android 4.3; de-de; GT-I9300 Build/JSS15J) AppleWebKit/534.30 (KHTML, like Gecko) Version/4.0 Mobile Safari/534.30"
82.113.99.180 - - [24/Apr/2015:08:12:45 +0200] "GET /css/bootstrap.min.css HTTP/1.1" 200 101265 "http://www.dialyse-falkensee.de/" "Mozilla/5.0 (Linux; U; Android 4.3; de-de; GT-I9300 Build/JSS15J) AppleWebKit/534.30 (KHTML, like Gecko) Version/4.0 Mobile Safari/534.30"
82.113.99.180 - - [24/Apr/2015:08:12:47 +0200] "GET /js/bootstrap.min.js HTTP/1.1" 200 25764 "http://www.dialyse-falkensee.de/" "Mozilla/5.0 (Linux; U; Android 4.3; de-de; GT-I9300 Build/JSS15J) AppleWebKit/534.30 (KHTML, like Gecko) Version/4.0 Mobile Safari/534.30"
82.113.99.180 - - [24/Apr/2015:08:12:47 +0200] "GET /img/glyphicons-halflings.png HTTP/1.1" 200 12799 "http://www.dialyse-falkensee.de/" "Mozilla/5.0 (Linux; U; Android 4.3; de-de; GT-I9300 Build/JSS15J) AppleWebKit/534.30 (KHTML, like Gecko) Version/4.0 Mobile Safari/534.30"
82.113.99.180 - - [24/Apr/2015:08:12:48 +0200] "GET /ico/favicon.ico HTTP/1.1" 404 1256 "http://www.dialyse-falkensee.de/" "Mozilla/5.0 (Linux; U; Android 4.3; de-de; GT-I9300 Build/JSS15J) AppleWebKit/534.30 (KHTML, like Gecko) Version/4.0 Mobile Safari/534.30"
157.55.39.184 - - [24/Apr/2015:09:45:04 +0200] "GET / HTTP/1.1" 200 3274 "-" "Mozilla/5.0 (compatible; bingbot/2.0; +http://www.bing.com/bingbot.htm)"
157.55.39.142 - - [24/Apr/2015:09:46:02 +0200] "GET /dialyse.htm HTTP/1.1" 404 1256 "-" "Mozilla/5.0 (compatible; bingbot/2.0; +http://www.bing.com/bingbot.htm)"
66.249.78.52 - - [24/Apr/2015:12:24:14 +0200] "GET / HTTP/1.1" 200 3274 "-" "Mozilla/5.0 (iPhone; CPU iPhone OS 6_0 like Mac OS X) AppleWebKit/536.26 (KHTML, like Gecko) Version/6.0 Mobile/10A5376e Safari/8536.25 (compatible; Googlebot/2.1; +http://www.google.com/bot.html)"
176.0.86.72 - - [24/Apr/2015:13:52:13 +0200] "GET / HTTP/1.1" 200 3274 "-" "Mozilla/5.0 (iPhone; CPU iPhone OS 8_1_2 like Mac OS X) AppleWebKit/600.1.4 (KHTML, like Gecko) Version/8.0 Mobile/12B440 Safari/600.1.4"
176.0.86.72 - - [24/Apr/2015:13:52:14 +0200] "GET /css/bootstrap-responsive.min.css HTTP/1.1" 200 16520 "http://www.dialyse-falkensee.de/" "Mozilla/5.0 (iPhone; CPU iPhone OS 8_1_2 like Mac OS X) AppleWebKit/600.1.4 (KHTML, like Gecko) Version/8.0 Mobile/12B440 Safari/600.1.4"
176.0.86.72 - - [24/Apr/2015:13:52:14 +0200] "GET /js/bootstrap.min.js HTTP/1.1" 200 25764 "http://www.dialyse-falkensee.de/" "Mozilla/5.0 (iPhone; CPU iPhone OS 8_1_2 like Mac OS X) AppleWebKit/600.1.4 (KHTML, like Gecko) Version/8.0 Mobile/12B440 Safari/600.1.4"
176.0.86.72 - - [24/Apr/2015:13:52:14 +0200] "GET /css/bootstrap.min.css HTTP/1.1" 200 101265 "http://www.dialyse-falkensee.de/" "Mozilla/5.0 (iPhone; CPU iPhone OS 8_1_2 like Mac OS X) AppleWebKit/600.1.4 (KHTML, like Gecko) Version/8.0 Mobile/12B440 Safari/600.1.4"
89.204.138.109 - - [24/Apr/2015:14:03:19 +0200] "GET / HTTP/1.1" 200 3274 "-" "Mozilla/5.0 (Linux; Android 5.0.1; SAMSUNG SM-N910F Build/LRX22C) AppleWebKit/537.36 (KHTML, like Gecko) SamsungBrowser/2.1 Chrome/34.0.1847.76 Mobile Safari/537.36"
89.204.138.109 - - [24/Apr/2015:14:03:19 +0200] "GET /css/bootstrap-responsive.min.css HTTP/1.1" 200 16520 "http://www.dialyse-falkensee.de/" "Mozilla/5.0 (Linux; Android 5.0.1; SAMSUNG SM-N910F Build/LRX22C) AppleWebKit/537.36 (KHTML, like Gecko) SamsungBrowser/2.1 Chrome/34.0.1847.76 Mobile Safari/537.36"
89.204.138.109 - - [24/Apr/2015:14:03:19 +0200] "GET /js/bootstrap.min.js HTTP/1.1" 200 25764 "http://www.dialyse-falkensee.de/" "Mozilla/5.0 (Linux; Android 5.0.1; SAMSUNG SM-N910F Build/LRX22C) AppleWebKit/537.36 (KHTML, like Gecko) SamsungBrowser/2.1 Chrome/34.0.1847.76 Mobile Safari/537.36"
89.204.138.109 - - [24/Apr/2015:14:03:19 +0200] "GET /css/bootstrap.min.css HTTP/1.1" 200 101265 "http://www.dialyse-falkensee.de/" "Mozilla/5.0 (Linux; Android 5.0.1; SAMSUNG SM-N910F Build/LRX22C) AppleWebKit/537.36 (KHTML, like Gecko) SamsungBrowser/2.1 Chrome/34.0.1847.76 Mobile Safari/537.36"
89.204.138.109 - - [24/Apr/2015:14:03:19 +0200] "GET /img/glyphicons-halflings.png HTTP/1.1" 200 12799 "http://www.dialyse-falkensee.de/" "Mozilla/5.0 (Linux; Android 5.0.1; SAMSUNG SM-N910F Build/LRX22C) AppleWebKit/537.36 (KHTML, like Gecko) SamsungBrowser/2.1 Chrome/34.0.1847.76 Mobile Safari/537.36"
89.204.138.109 - - [24/Apr/2015:14:03:20 +0200] "GET /ico/favicon.ico HTTP/1.1" 404 1256 "-" "Mozilla/5.0 (Linux; Android 5.0.1; SAMSUNG SM-N910F Build/LRX22C) AppleWebKit/537.36 (KHTML, like Gecko) SamsungBrowser/2.1 Chrome/34.0.1847.76 Mobile Safari/537.36"
148.251.78.167 - - [24/Apr/2015:14:08:29 +0200] "GET / HTTP/1.1" 200 3274 "http://www.abcd4.de/link.php" "Mozilla/5.0 (Windows NT 6.1; WOW64; Trident/7.0; rv:11.0) like Gecko"
148.251.78.167 - - [24/Apr/2015:14:08:29 +0200] "GET /css/bootstrap-responsive.min.css HTTP/1.1" 200 16520 "http://www.abcd4.de/link.php" "Mozilla/5.0 (Windows NT 6.1; WOW64; Trident/7.0; rv:11.0) like Gecko"
148.251.78.167 - - [24/Apr/2015:14:08:29 +0200] "GET /js/bootstrap.min.js HTTP/1.1" 200 25764 "http://www.abcd4.de/link.php" "Mozilla/5.0 (Windows NT 6.1; WOW64; Trident/7.0; rv:11.0) like Gecko"
148.251.78.167 - - [24/Apr/2015:14:08:29 +0200] "GET /css/bootstrap.min.css HTTP/1.1" 200 101265 "http://www.abcd4.de/link.php" "Mozilla/5.0 (Windows NT 6.1; WOW64; Trident/7.0; rv:11.0) like Gecko"
148.251.78.167 - - [24/Apr/2015:14:08:29 +0200] "GET /img/glyphicons-halflings.png HTTP/1.1" 200 12799 "http://www.abcd4.de/link.php" "Mozilla/5.0 (Windows NT 6.1; WOW64; Trident/7.0; rv:11.0) like Gecko"
87.123.99.0 - - [24/Apr/2015:14:29:02 +0200] "GET / HTTP/1.1" 200 3274 "http://www.google.de/url?sa=t&rct=j&q=klick%20dialyse%20falkensee&source=web&cd=3&ved=0CC8QFjAC&url=http%3A%2F%2Fwww.dialyse-falkensee.de%2F&ei=0DY6VdDvNc7kaP2XgeAG&usg=AFQjCNECgXXq-DVOeCPbM1zyqacv9mR2gg&bvm=bv.91427555,d.bGQ" "Mozilla/5.0 (Windows NT 6.1; WOW64) AppleWebKit/537.36 (KHTML, like Gecko) Chrome/42.0.2311.90 Safari/537.36"
87.123.99.0 - - [24/Apr/2015:14:29:02 +0200] "GET /css/bootstrap-responsive.min.css HTTP/1.1" 200 16520 "http://www.dialyse-falkensee.de/" "Mozilla/5.0 (Windows NT 6.1; WOW64) AppleWebKit/537.36 (KHTML, like Gecko) Chrome/42.0.2311.90 Safari/537.36"
87.123.99.0 - - [24/Apr/2015:14:29:02 +0200] "GET /js/bootstrap.min.js HTTP/1.1" 200 25764 "http://www.dialyse-falkensee.de/" "Mozilla/5.0 (Windows NT 6.1; WOW64) AppleWebKit/537.36 (KHTML, like Gecko) Chrome/42.0.2311.90 Safari/537.36"
87.123.99.0 - - [24/Apr/2015:14:29:02 +0200] "GET /css/bootstrap.min.css HTTP/1.1" 200 101265 "http://www.dialyse-falkensee.de/" "Mozilla/5.0 (Windows NT 6.1; WOW64) AppleWebKit/537.36 (KHTML, like Gecko) Chrome/42.0.2311.90 Safari/537.36"
87.123.99.0 - - [24/Apr/2015:14:29:02 +0200] "GET /ico/favicon.ico HTTP/1.1" 404 1256 "http://www.dialyse-falkensee.de/" "Mozilla/5.0 (Windows NT 6.1; WOW64) AppleWebKit/537.36 (KHTML, like Gecko) Chrome/42.0.2311.90 Safari/537.36"
87.123.99.0 - - [24/Apr/2015:14:29:27 +0200] "GET / HTTP/1.1" 304 - "-" "Mozilla/5.0 (Windows NT 6.1; WOW64) AppleWebKit/537.36 (KHTML, like Gecko) Chrome/42.0.2311.90 Safari/537.36"
46.119.113.155 - - [24/Apr/2015:15:26:30 +0200] "GET / HTTP/1.1" 200 3274 "http://urth.ru/" "Mozilla/1.22 (compatible; MSIE 2.0d; Windows NT)"
46.119.113.155 - - [24/Apr/2015:15:26:31 +0200] "GET / HTTP/1.1" 200 3274 "http://urth.ru/" "Mozilla/1.22 (compatible; MSIE 2.0d; Windows NT)"
46.119.113.155 - - [24/Apr/2015:15:26:31 +0200] "GET / HTTP/1.1" 200 3274 "http://urth.ru/" "Mozilla/1.22 (compatible; MSIE 2.0d; Windows NT)"
157.55.39.184 - - [24/Apr/2015:17:19:04 +0200] "GET / HTTP/1.1" 200 3274 "-" "Mozilla/5.0 (compatible; bingbot/2.0; +http://www.bing.com/bingbot.htm)"
217.12.202.39 - - [24/Apr/2015:21:52:58 +0200] "GET /wp-login.php HTTP/1.1" 404 1256 "http://www.dialyse-falkensee.de/wp-login.php" "Mozilla/4.0 (compatible; MSIE 6.0; Windows NT 5.1; SV1)"
188.120.249.52 - - [24/Apr/2015:22:32:02 +0200] "GET / HTTP/1.1" 200 3274 "http://blogs.forum69.info/?go_away=127261" "Mozilla/5.0 (Windows NT 6.1; WOW64) AppleWebKit/537.36 (KHTML, like Gecko) Chrome/37.0.2062.120 Safari/537.36"
188.120.249.52 - - [24/Apr/2015:22:32:02 +0200] "GET /css/bootstrap-responsive.min.css HTTP/1.1" 200 16520 "http://blogs.forum69.info/?go_away=127261" "Mozilla/5.0 (Windows NT 6.1; WOW64) AppleWebKit/537.36 (KHTML, like Gecko) Chrome/37.0.2062.120 Safari/537.36"
188.120.249.52 - - [24/Apr/2015:22:32:02 +0200] "GET /css/bootstrap.min.css HTTP/1.1" 200 101265 "http://blogs.forum69.info/?go_away=127261" "Mozilla/5.0 (Windows NT 6.1; WOW64) AppleWebKit/537.36 (KHTML, like Gecko) Chrome/37.0.2062.120 Safari/537.36"
188.120.249.52 - - [24/Apr/2015:22:32:03 +0200] "GET /js/bootstrap.min.js HTTP/1.1" 200 25764 "http://blogs.forum69.info/?go_away=127261" "Mozilla/5.0 (Windows NT 6.1; WOW64) AppleWebKit/537.36 (KHTML, like Gecko) Chrome/37.0.2062.120 Safari/537.36"
94.153.66.163 - - [25/Apr/2015:02:38:22 +0200] "GET / HTTP/1.1" 200 3274 "http://wallpapera.net/" "Mozilla/5.0 (Windows NT 5.1; U; en) Opera 8.00"
94.153.66.163 - - [25/Apr/2015:02:38:23 +0200] "GET / HTTP/1.1" 200 3274 "http://wallpapera.net/" "Mozilla/5.0 (Windows NT 5.1; U; en) Opera 8.00"
94.153.66.163 - - [25/Apr/2015:02:38:23 +0200] "GET / HTTP/1.1" 200 3274 "http://wallpapera.net/" "Mozilla/5.0 (Windows NT 5.1; U; en) Opera 8.00"
208.115.113.83 - - [25/Apr/2015:03:10:49 +0200] "GET /robots.txt HTTP/1.1" 404 1256 "-" "Mozilla/5.0 (compatible; DotBot/1.1; http://www.opensiteexplorer.org/dotbot, help@moz.com)"
178.137.85.64 - - [25/Apr/2015:03:48:05 +0200] "GET / HTTP/1.1" 200 3274 "http://lawgibb.com/" "Mozilla/4.0 (compatible; MSIE 6.0; Windows NT 5.2; Win64; AMD64)"
178.137.85.64 - - [25/Apr/2015:03:48:06 +0200] "GET / HTTP/1.1" 200 3274 "http://lawgibb.com/" "Mozilla/4.0 (compatible; MSIE 6.0; Windows NT 5.2; Win64; AMD64)"
178.137.85.64 - - [25/Apr/2015:03:48:06 +0200] "GET / HTTP/1.1" 200 3274 "http://lawgibb.com/" "Mozilla/4.0 (compatible; MSIE 6.0; Windows NT 5.2; Win64; AMD64)"
208.115.113.83 - - [25/Apr/2015:04:26:06 +0200] "GET / HTTP/1.1" 200 3274 "-" "Mozilla/5.0 (compatible; DotBot/1.1; http://www.opensiteexplorer.org/dotbot, help@moz.com)"
66.249.78.59 - - [25/Apr/2015:04:42:44 +0200] "GET /robots.txt HTTP/1.1" 404 1256 "-" "Mozilla/5.0 (compatible; Googlebot/2.1; +http://www.google.com/bot.html)"
66.249.78.52 - - [25/Apr/2015:04:42:45 +0200] "GET / HTTP/1.1" 200 3274 "-" "Mozilla/5.0 (iPhone; CPU iPhone OS 6_0 like Mac OS X) AppleWebKit/536.26 (KHTML, like Gecko) Version/6.0 Mobile/10A5376e Safari/8536.25 (compatible; Googlebot/2.1; +http://www.google.com/bot.html)"
66.249.78.45 - - [25/Apr/2015:04:50:53 +0200] "GET /css/bootstrap-responsive.min.css HTTP/1.1" 200 16520 "-" "Mozilla/5.0 (compatible; Googlebot/2.1; +http://www.google.com/bot.html)"
66.249.78.59 - - [25/Apr/2015:04:50:54 +0200] "GET /css/bootstrap.min.css HTTP/1.1" 200 101265 "-" "Mozilla/5.0 (compatible; Googlebot/2.1; +http://www.google.com/bot.html)"
87.145.209.146 - - [25/Apr/2015:05:04:11 +0200] "GET / HTTP/1.1" 200 3274 "http://m.bigfinder.de/?c=ws&q=web&v=1" "T-Online Browser (Windows NT 6.1; de)"
157.55.39.185 - - [25/Apr/2015:05:22:56 +0200] "GET /robots.txt HTTP/1.1" 404 1256 "-" "Mozilla/5.0 (compatible; bingbot/2.0; +http://www.bing.com/bingbot.htm)"
157.55.39.184 - - [25/Apr/2015:05:23:02 +0200] "GET / HTTP/1.1" 200 3274 "-" "Mozilla/5.0 (compatible; bingbot/2.0; +http://www.bing.com/bingbot.htm)"
52.28.68.99 - - [25/Apr/2015:05:48:39 +0200] "GET / HTTP/1.0" 200 3274 "-" "BlackCatB/Nutch-1.10-SNAPSHOT"
46.119.113.155 - - [25/Apr/2015:06:21:15 +0200] "GET / HTTP/1.1" 200 3274 "http://xoztovari.ru/" "Mozilla/4.0 (compatible- MSIE 6.0- Windows NT 5.1- SV1- .NET CLR 1.1.4322"
46.119.113.155 - - [25/Apr/2015:06:21:15 +0200] "GET / HTTP/1.1" 200 3274 "http://xoztovari.ru/" "Mozilla/4.0 (compatible- MSIE 6.0- Windows NT 5.1- SV1- .NET CLR 1.1.4322"
46.119.113.155 - - [25/Apr/2015:06:21:15 +0200] "GET / HTTP/1.1" 200 3274 "http://xoztovari.ru/" "Mozilla/4.0 (compatible- MSIE 6.0- Windows NT 5.1- SV1- .NET CLR 1.1.4322"
95.211.81.86 - - [25/Apr/2015:06:59:27 +0200] "GET / HTTP/1.1" 200 3274 "-" "Mozilla/5.0 (compatible; LinkpadBot/1.06; +http://www.linkpad.ru)"
95.211.81.86 - - [25/Apr/2015:06:59:29 +0200] "GET / HTTP/1.1" 200 3274 "-" "Mozilla/5.0 (compatible; LinkpadBot/1.06; +http://www.linkpad.ru)"
176.0.19.208 - - [25/Apr/2015:10:13:30 +0200] "GET /js/bootstrap.min.js HTTP/1.1" 200 25764 "http://www.dialyse-falkensee.de/" "Mozilla/5.0 (iPhone; CPU iPhone OS 8_1_2 like Mac OS X) AppleWebKit/600.1.4 (KHTML, like Gecko) Version/8.0 Mobile/12B440 Safari/600.1.4"
176.0.19.208 - - [25/Apr/2015:10:13:30 +0200] "GET /css/bootstrap-responsive.min.css HTTP/1.1" 200 16520 "http://www.dialyse-falkensee.de/" "Mozilla/5.0 (iPhone; CPU iPhone OS 8_1_2 like Mac OS X) AppleWebKit/600.1.4 (KHTML, like Gecko) Version/8.0 Mobile/12B440 Safari/600.1.4"
176.0.19.208 - - [25/Apr/2015:10:13:30 +0200] "GET /css/bootstrap.min.css HTTP/1.1" 200 101265 "http://www.dialyse-falkensee.de/" "Mozilla/5.0 (iPhone; CPU iPhone OS 8_1_2 like Mac OS X) AppleWebKit/600.1.4 (KHTML, like Gecko) Version/8.0 Mobile/12B440 Safari/600.1.4"
176.0.19.208 - - [25/Apr/2015:10:13:31 +0200] "GET /img/glyphicons-halflings.png HTTP/1.1" 200 12799 "http://www.dialyse-falkensee.de/" "Mozilla/5.0 (iPhone; CPU iPhone OS 8_1_2 like Mac OS X) AppleWebKit/600.1.4 (KHTML, like Gecko) Version/8.0 Mobile/12B440 Safari/600.1.4"
83.221.231.67 - - [25/Apr/2015:10:32:25 +0200] "GET / HTTP/1.1" 200 3274 "https://www.google.de/" "Mozilla/5.0 (iPhone; CPU iPhone OS 8_3 like Mac OS X) AppleWebKit/600.1.4 (KHTML, like Gecko) Version/8.0 Mobile/12F70 Safari/600.1.4"
83.221.231.67 - - [25/Apr/2015:10:32:25 +0200] "GET /js/bootstrap.min.js HTTP/1.1" 200 25764 "http://www.dialyse-falkensee.de/" "Mozilla/5.0 (iPhone; CPU iPhone OS 8_3 like Mac OS X) AppleWebKit/600.1.4 (KHTML, like Gecko) Version/8.0 Mobile/12F70 Safari/600.1.4"
83.221.231.67 - - [25/Apr/2015:10:32:25 +0200] "GET /css/bootstrap-responsive.min.css HTTP/1.1" 200 16520 "http://www.dialyse-falkensee.de/" "Mozilla/5.0 (iPhone; CPU iPhone OS 8_3 like Mac OS X) AppleWebKit/600.1.4 (KHTML, like Gecko) Version/8.0 Mobile/12F70 Safari/600.1.4"
83.221.231.67 - - [25/Apr/2015:10:32:25 +0200] "GET /css/bootstrap.min.css HTTP/1.1" 200 101265 "http://www.dialyse-falkensee.de/" "Mozilla/5.0 (iPhone; CPU iPhone OS 8_3 like Mac OS X) AppleWebKit/600.1.4 (KHTML, like Gecko) Version/8.0 Mobile/12F70 Safari/600.1.4"
83.221.231.67 - - [25/Apr/2015:10:32:25 +0200] "GET /img/glyphicons-halflings.png HTTP/1.1" 200 12799 "http://www.dialyse-falkensee.de/" "Mozilla/5.0 (iPhone; CPU iPhone OS 8_3 like Mac OS X) AppleWebKit/600.1.4 (KHTML, like Gecko) Version/8.0 Mobile/12F70 Safari/600.1.4"
178.255.215.83 - - [25/Apr/2015:11:39:28 +0200] "GET /robots.txt HTTP/1.1" 404 1256 "-" "Mozilla/5.0 (compatible; Exabot/3.0; +http://www.exabot.com/go/robot)"
178.255.215.83 - - [25/Apr/2015:11:39:28 +0200] "GET / HTTP/1.1" 304 - "-" "Mozilla/5.0 (compatible; Exabot/3.0; +http://www.exabot.com/go/robot)"
87.187.28.249 - - [25/Apr/2015:17:08:22 +0200] "GET / HTTP/1.1" 200 3274 "http://www.blnp.de/index.php?id=51" "Mozilla/5.0 (Windows NT 6.1; Trident/7.0; rv:11.0) like Gecko"
87.187.28.249 - - [25/Apr/2015:17:08:22 +0200] "GET /css/bootstrap-responsive.min.css HTTP/1.1" 200 16520 "http://www.dialyse-falkensee.de/" "Mozilla/5.0 (Windows NT 6.1; Trident/7.0; rv:11.0) like Gecko"
87.187.28.249 - - [25/Apr/2015:17:08:22 +0200] "GET /js/bootstrap.min.js HTTP/1.1" 200 25764 "http://www.dialyse-falkensee.de/" "Mozilla/5.0 (Windows NT 6.1; Trident/7.0; rv:11.0) like Gecko"
87.187.28.249 - - [25/Apr/2015:17:08:22 +0200] "GET /css/bootstrap.min.css HTTP/1.1" 200 101265 "http://www.dialyse-falkensee.de/" "Mozilla/5.0 (Windows NT 6.1; Trident/7.0; rv:11.0) like Gecko"
87.187.28.249 - - [25/Apr/2015:17:08:24 +0200] "GET /ico/favicon.ico HTTP/1.1" 404 1256 "-" "Mozilla/5.0 (Windows NT 6.1; Trident/7.0; rv:11.0) like Gecko"
87.187.28.249 - - [25/Apr/2015:17:08:24 +0200] "GET /img/glyphicons-halflings.png HTTP/1.1" 200 12799 "http://www.dialyse-falkensee.de/" "Mozilla/5.0 (Windows NT 6.1; Trident/7.0; rv:11.0) like Gecko"
87.187.28.249 - - [25/Apr/2015:17:08:24 +0200] "GET /favicon.ico HTTP/1.1" 404 1256 "-" "Mozilla/5.0 (Windows NT 6.1; Trident/7.0; rv:11.0) like Gecko"
87.187.28.249 - - [25/Apr/2015:17:10:52 +0200] "GET /ico/favicon.ico HTTP/1.1" 404 1256 "-" "Mozilla/5.0 (Windows NT 6.1; Trident/7.0; rv:11.0) like Gecko"
87.187.28.249 - - [25/Apr/2015:17:10:52 +0200] "GET /favicon.ico HTTP/1.1" 404 1256 "-" "Mozilla/5.0 (Windows NT 6.1; Trident/7.0; rv:11.0) like Gecko"
157.55.39.185 - - [25/Apr/2015:17:23:51 +0200] "GET / HTTP/1.1" 200 3274 "-" "Mozilla/5.0 (compatible; bingbot/2.0; +http://www.bing.com/bingbot.htm)"
119.63.196.52 - - [25/Apr/2015:18:28:44 +0200] "GET / HTTP/1.1" 200 3274 "-" "Mozilla/5.0 (compatible; Baiduspider/2.0; +http://www.baidu.com/search/spider.html)"
144.76.18.125 - - [25/Apr/2015:19:08:14 +0200] "GET / HTTP/1.1" 200 3274 "-" "Mozilla/5.0 (Windows; U; Windows NT 6.0; de; rv:1.9.2.3) Gecko/20100401 Firefox/3.6.3 ( .NET CLR 3.5.30729)"
217.12.202.39 - - [25/Apr/2015:21:32:37 +0200] "GET /wordpress/wp-login.php HTTP/1.1" 404 1256 "http://www.dialyse-falkensee.de/wordpress/wp-login.php" "Mozilla/4.0 (compatible; MSIE 6.0; Windows NT 5.1; SV1)"
134.249.53.8 - - [26/Apr/2015:00:17:22 +0200] "GET / HTTP/1.1" 200 3274 "http://solnplast.ru/" "Mozilla/4.0 (compatible; MSIE 6.0; Windows NT 5.2; SV1; .NET CLR 1.1.4322; .NET CLR 2.0.50727)"
134.249.53.8 - - [26/Apr/2015:00:17:22 +0200] "GET / HTTP/1.1" 200 3274 "http://solnplast.ru/" "Mozilla/4.0 (compatible; MSIE 6.0; Windows NT 5.2; SV1; .NET CLR 1.1.4322; .NET CLR 2.0.50727)"
134.249.53.8 - - [26/Apr/2015:00:17:22 +0200] "GET / HTTP/1.1" 200 3274 "http://solnplast.ru/" "Mozilla/4.0 (compatible; MSIE 6.0; Windows NT 5.2; SV1; .NET CLR 1.1.4322; .NET CLR 2.0.50727)"
157.55.39.89 - - [26/Apr/2015:08:49:46 +0200] "GET / HTTP/1.1" 200 3274 "-" "Mozilla/5.0 (compatible; bingbot/2.0; +http://www.bing.com/bingbot.htm)"
87.145.209.146 - - [26/Apr/2015:10:23:22 +0200] "GET / HTTP/1.1" 200 3274 "http://www.bigfinder.de/?c=ws&q=online&v=1" "T-Online Browser"
66.249.69.3 - - [26/Apr/2015:12:15:05 +0200] "GET /robots.txt HTTP/1.1" 404 1256 "-" "Mozilla/5.0 (compatible; Googlebot/2.1; +http://www.google.com/bot.html)"
66.249.69.11 - - [26/Apr/2015:12:15:06 +0200] "GET / HTTP/1.1" 200 3274 "-" "Mozilla/5.0 (iPhone; CPU iPhone OS 6_0 like Mac OS X) AppleWebKit/536.26 (KHTML, like Gecko) Version/6.0 Mobile/10A5376e Safari/8536.25 (compatible; Googlebot/2.1; +http://www.google.com/bot.html)"
178.137.85.64 - - [26/Apr/2015:13:52:27 +0200] "GET / HTTP/1.1" 200 3274 "http://emerald-anapa.ru/" "Mozilla/4.0 (compatible; MSIE 5.5; Windows NT 5.0; .NET CLR 1.1.4322)"
178.137.85.64 - - [26/Apr/2015:13:52:27 +0200] "GET / HTTP/1.1" 200 3274 "http://waplocator.com/" "Mozilla/4.0 (compatible; MSIE 6.0; Windows NT 5.1; .NET CLR 1.0.3705)"
178.137.85.64 - - [26/Apr/2015:13:52:28 +0200] "GET / HTTP/1.1" 200 3274 "http://waplocator.com/" "Mozilla/4.0 (compatible; MSIE 6.0; Windows NT 5.1; .NET CLR 1.0.3705)"
178.137.85.64 - - [26/Apr/2015:13:52:28 +0200] "GET / HTTP/1.1" 200 3274 "http://waplocator.com/" "Mozilla/4.0 (compatible; MSIE 6.0; Windows NT 5.1; .NET CLR 1.0.3705)"
178.137.85.64 - - [26/Apr/2015:13:52:31 +0200] "GET / HTTP/1.1" 200 3274 "http://emerald-anapa.ru/" "Mozilla/4.0 (compatible; MSIE 5.5; Windows NT 5.0; .NET CLR 1.1.4322)"
178.137.85.64 - - [26/Apr/2015:13:52:31 +0200] "GET / HTTP/1.1" 200 3274 "http://emerald-anapa.ru/" "Mozilla/4.0 (compatible; MSIE 5.5; Windows NT 5.0; .NET CLR 1.1.4322)"
66.249.69.123 - - [26/Apr/2015:15:25:46 +0200] "GET / HTTP/1.1" 200 3274 "-" "Mozilla/5.0 (compatible; Googlebot/2.1; +http://www.google.com/bot.html)"
134.249.53.8 - - [26/Apr/2015:17:40:01 +0200] "GET / HTTP/1.1" 200 3274 "http://www.email-germes-trans-images.info/" "Mozilla/6.0 (compatible; MSIE 7.0a1; Windows NT 5.2; SV1)"
134.249.53.8 - - [26/Apr/2015:17:40:01 +0200] "GET / HTTP/1.1" 200 3274 "http://red-chair.net/" "Mozilla/4.0 (compatible; MSIE 6.0; Windows NT 5.1; SV1; InfoPath.1"
134.249.53.8 - - [26/Apr/2015:17:40:01 +0200] "GET / HTTP/1.1" 200 3274 "http://www.email-germes-trans-images.info/" "Mozilla/6.0 (compatible; MSIE 7.0a1; Windows NT 5.2; SV1)"
134.249.53.8 - - [26/Apr/2015:17:40:01 +0200] "GET / HTTP/1.1" 200 3274 "http://red-chair.net/" "Mozilla/4.0 (compatible; MSIE 6.0; Windows NT 5.1; SV1; InfoPath.1"
134.249.53.8 - - [26/Apr/2015:17:40:01 +0200] "GET / HTTP/1.1" 200 3274 "http://red-chair.net/" "Mozilla/4.0 (compatible; MSIE 6.0; Windows NT 5.1; SV1; InfoPath.1"
217.12.202.39 - - [26/Apr/2015:19:02:17 +0200] "GET /wp/wp-login.php HTTP/1.1" 404 1256 "http://www.dialyse-falkensee.de/wp/wp-login.php" "Mozilla/4.0 (compatible; MSIE 6.0; Windows NT 5.1; SV1)"
157.55.39.107 - - [26/Apr/2015:20:16:43 +0200] "GET / HTTP/1.1" 200 3274 "-" "Mozilla/5.0 (compatible; bingbot/2.0; +http://www.bing.com/bingbot.htm)"
134.249.53.8 - - [26/Apr/2015:22:29:01 +0200] "GET / HTTP/1.1" 200 3274 "http://ooo-olni.ru/" "Mozilla/3.0 (compatible; WebCapture 2.0; Auto; Windows)"
134.249.53.8 - - [26/Apr/2015:22:29:01 +0200] "GET / HTTP/1.1" 200 3274 "http://ooo-olni.ru/" "Mozilla/3.0 (compatible; WebCapture 2.0; Auto; Windows)"
134.249.53.8 - - [26/Apr/2015:22:29:01 +0200] "GET / HTTP/1.1" 200 3274 "http://ooo-olni.ru/" "Mozilla/3.0 (compatible; WebCapture 2.0; Auto; Windows)"
46.119.113.155 - - [26/Apr/2015:23:25:33 +0200] "GET / HTTP/1.1" 200 3274 "http://ikidz.ru/" "Mozilla/4.0 (compatible; MSIE 6.0; Windows NT 5.0; .NET CLR 1.0.3705; .NET CLR 1.1.4322)"
46.119.113.155 - - [26/Apr/2015:23:25:33 +0200] "GET / HTTP/1.1" 200 3274 "http://ikidz.ru/" "Mozilla/4.0 (compatible; MSIE 6.0; Windows NT 5.0; .NET CLR 1.0.3705; .NET CLR 1.1.4322)"
46.119.113.155 - - [26/Apr/2015:23:25:34 +0200] "GET / HTTP/1.1" 200 3274 "http://ikidz.ru/" "Mozilla/4.0 (compatible; MSIE 6.0; Windows NT 5.0; .NET CLR 1.0.3705; .NET CLR 1.1.4322)"
66.249.78.52 - - [27/Apr/2015:02:24:06 +0200] "GET /robots.txt HTTP/1.1" 404 1256 "-" "Mozilla/5.0 (compatible; Googlebot/2.1; +http://www.google.com/bot.html)"
66.249.64.43 - - [27/Apr/2015:02:24:06 +0200] "GET / HTTP/1.1" 200 3274 "-" "DoCoMo/2.0 N905i(c100;TB;W24H16) (compatible; Googlebot-Mobile/2.1; +http://www.google.com/bot.html)"
66.249.78.45 - - [27/Apr/2015:03:16:12 +0200] "GET / HTTP/1.1" 200 3274 "-" "Mozilla/5.0 (iPhone; CPU iPhone OS 6_0 like Mac OS X) AppleWebKit/536.26 (KHTML, like Gecko) Version/6.0 Mobile/10A5376e Safari/8536.25 (compatible; Googlebot/2.1; +http://www.google.com/bot.html)"
46.119.113.155 - - [27/Apr/2015:04:34:24 +0200] "GET / HTTP/1.1" 200 3274 "http://ublaze.ru/" "Mozilla/4.0 (compatible; MSIE 6.0; Windows NT 5.1; SV1)"
46.119.113.155 - - [27/Apr/2015:04:34:25 +0200] "GET / HTTP/1.1" 200 3274 "http://ublaze.ru/" "Mozilla/4.0 (compatible; MSIE 6.0; Windows NT 5.1; SV1)"
211.244.83.248 - - [27/Apr/2015:04:47:02 +0200] "GET /robots.txt HTTP/1.1" 404 1256 "http://search.daum.net/" "Mozilla/5.0 (compatible; MSIE or Firefox mutant; not on Windows server; + http://tab.search.daum.net/aboutWebSearch.html) Daumoa/3.0"
211.244.83.248 - - [27/Apr/2015:04:47:03 +0200] "GET / HTTP/1.1" 200 3274 "http://search.daum.net/" "Mozilla/5.0 (compatible; MSIE or Firefox mutant; not on Windows server; + http://tab.search.daum.net/aboutWebSearch.html) Daumoa/3.0"
192.99.107.18 - - [27/Apr/2015:05:54:15 +0200] "GET /robots.txt HTTP/1.1" 404 1256 "-" "Mozilla/5.0 (compatible; meanpathbot/1.0; +http://www.meanpath.com/meanpathbot.html)"
192.99.107.18 - - [27/Apr/2015:05:54:15 +0200] "GET / HTTP/1.1" 200 3274 "-" "Mozilla/5.0 (compatible; meanpathbot/1.0; +http://www.meanpath.com/meanpathbot.html)"
162.243.110.52 - - [27/Apr/2015:07:21:12 +0200] "GET /robots.txt HTTP/1.1" 404 1256 "-" "Mozilla/5.0 (compatible; spbot/4.4.2; +http://OpenLinkProfiler.org/bot )"
162.243.110.52 - - [27/Apr/2015:07:21:17 +0200] "GET / HTTP/1.1" 200 3274 "-" "Mozilla/5.0 (compatible; spbot/4.4.2; +http://OpenLinkProfiler.org/bot )"
157.55.39.107 - - [27/Apr/2015:07:57:42 +0200] "GET / HTTP/1.1" 200 3274 "-" "Mozilla/5.0 (compatible; bingbot/2.0; +http://www.bing.com/bingbot.htm)"
217.12.202.39 - - [27/Apr/2015:09:31:00 +0200] "GET /shop/index.php/admin HTTP/1.1" 404 1256 "http://www.dialyse-falkensee.de/shop/index.php/admin" "Mozilla/4.0 (compatible; MSIE 6.0; Windows NT 5.1; SV1)"
217.12.202.39 - - [27/Apr/2015:09:31:00 +0200] "GET /store/index.php/admin HTTP/1.1" 404 1256 "http://www.dialyse-falkensee.de/store/index.php/admin" "Mozilla/4.0 (compatible; MSIE 6.0; Windows NT 5.1; SV1)"
87.234.21.90 - - [27/Apr/2015:10:03:18 +0200] "GET / HTTP/1.1" 200 3274 "http://www.google.de/url?sa=t&rct=j&q=&esrc=s&frm=1&source=web&cd=2&sqi=2&ved=0CCkQFjAB&url=http%3A%2F%2Fwww.dialyse-falkensee.de%2F&ei=z-w9Ve-YLMLlUovNgcgL&usg=AFQjCNECgXXq-DVOeCPbM1zyqacv9mR2gg&bvm=bv.91665533,d.bGg" "Mozilla/5.0 (compatible; MSIE 9.0; Windows NT 6.1; WOW64; Trident/5.0)"
87.234.21.90 - - [27/Apr/2015:10:03:18 +0200] "GET /css/bootstrap.min.css HTTP/1.1" 200 101265 "http://www.dialyse-falkensee.de/" "Mozilla/5.0 (compatible; MSIE 9.0; Windows NT 6.1; WOW64; Trident/5.0)"
87.234.21.90 - - [27/Apr/2015:10:03:18 +0200] "GET /css/bootstrap-responsive.min.css HTTP/1.1" 200 16520 "http://www.dialyse-falkensee.de/" "Mozilla/5.0 (compatible; MSIE 9.0; Windows NT 6.1; WOW64; Trident/5.0)"
87.234.21.90 - - [27/Apr/2015:10:03:18 +0200] "GET /js/bootstrap.min.js HTTP/1.1" 200 25764 "http://www.dialyse-falkensee.de/" "Mozilla/5.0 (compatible; MSIE 9.0; Windows NT 6.1; WOW64; Trident/5.0)"
87.234.21.90 - - [27/Apr/2015:10:03:18 +0200] "GET /img/glyphicons-halflings.png HTTP/1.1" 200 12799 "http://www.dialyse-falkensee.de/" "Mozilla/5.0 (compatible; MSIE 9.0; Windows NT 6.1; WOW64; Trident/5.0)"
93.219.203.1 - - [27/Apr/2015:11:21:51 +0200] "GET / HTTP/1.1" 200 3274 "http://www.google.de/url?sa=t&rct=j&q=&esrc=s&source=web&cd=2&sqi=2&ved=0CCkQFjAB&url=http%3A%2F%2Fwww.dialyse-falkensee.de%2F&ei=NP89VezpJsK6ygOlh4EY&usg=AFQjCNECgXXq-DVOeCPbM1zyqacv9mR2gg&bvm=bv.91665533,d.bGQ" "Mozilla/5.0 (Windows NT 5.1; rv:37.0) Gecko/20100101 Firefox/37.0"
93.219.203.1 - - [27/Apr/2015:11:21:51 +0200] "GET /css/bootstrap-responsive.min.css HTTP/1.1" 200 16520 "http://www.dialyse-falkensee.de/" "Mozilla/5.0 (Windows NT 5.1; rv:37.0) Gecko/20100101 Firefox/37.0"
93.219.203.1 - - [27/Apr/2015:11:21:51 +0200] "GET /css/bootstrap.min.css HTTP/1.1" 200 101265 "http://www.dialyse-falkensee.de/" "Mozilla/5.0 (Windows NT 5.1; rv:37.0) Gecko/20100101 Firefox/37.0"
93.219.203.1 - - [27/Apr/2015:11:21:51 +0200] "GET /js/bootstrap.min.js HTTP/1.1" 200 25764 "http://www.dialyse-falkensee.de/" "Mozilla/5.0 (Windows NT 5.1; rv:37.0) Gecko/20100101 Firefox/37.0"
93.219.203.1 - - [27/Apr/2015:11:21:52 +0200] "GET /ico/favicon.ico HTTP/1.1" 404 1256 "-" "Mozilla/5.0 (Windows NT 5.1; rv:37.0) Gecko/20100101 Firefox/37.0"
93.219.203.1 - - [27/Apr/2015:11:22:11 +0200] "GET /favicon.ico HTTP/1.1" 404 1256 "-" "Mozilla/5.0 (Windows NT 5.1; rv:37.0) Gecko/20100101 Firefox/37.0"
93.219.203.1 - - [27/Apr/2015:11:22:11 +0200] "GET /favicon.ico HTTP/1.1" 404 1256 "-" "Mozilla/5.0 (Windows NT 5.1; rv:37.0) Gecko/20100101 Firefox/37.0"
93.219.203.1 - - [27/Apr/2015:11:36:09 +0200] "GET /ico/favicon.ico HTTP/1.1" 404 1256 "-" "Mozilla/5.0 (Windows NT 5.1; rv:37.0) Gecko/20100101 Firefox/37.0"
46.229.170.197 - - [27/Apr/2015:14:04:29 +0200] "GET / HTTP/1.1" 200 3274 "-" "Mozilla/5.0 (Windows NT 6.1; WOW64; rv:2.0b6pre) Gecko/20100903 Firefox/4.0b6pre"
157.55.39.107 - - [27/Apr/2015:15:23:03 +0200] "GET /robots.txt HTTP/1.1" 404 1256 "-" "Mozilla/5.0 (compatible; bingbot/2.0; +http://www.bing.com/bingbot.htm)"
46.119.113.155 - - [27/Apr/2015:15:23:47 +0200] "GET / HTTP/1.1" 200 3274 "http://stroyka-house.ru/" "Mozilla/2.0 (compatible; MSIE 3.02; Windows CE; 240x320)"
157.55.39.107 - - [27/Apr/2015:15:24:46 +0200] "GET / HTTP/1.1" 200 3274 "-" "Mozilla/5.0 (compatible; bingbot/2.0; +http://www.bing.com/bingbot.htm)"
87.123.80.22 - - [27/Apr/2015:15:50:23 +0200] "GET / HTTP/1.1" 200 3274 "http://www.google.de/url?sa=t&rct=j&q=&esrc=s&source=web&cd=2&ved=0CC0QFjAB&url=http%3A%2F%2Fwww.dialyse-falkensee.de%2F&ei=LD4-VdqaAZDSaMX9gZAP&usg=AFQjCNECgXXq-DVOeCPbM1zyqacv9mR2gg&bvm=bv.91665533,d.d2s" "Mozilla/5.0 (Windows NT 6.1; WOW64; rv:37.0) Gecko/20100101 Firefox/37.0"
87.123.80.22 - - [27/Apr/2015:15:50:23 +0200] "GET /js/bootstrap.min.js HTTP/1.1" 200 25764 "http://www.dialyse-falkensee.de/" "Mozilla/5.0 (Windows NT 6.1; WOW64; rv:37.0) Gecko/20100101 Firefox/37.0"
87.123.80.22 - - [27/Apr/2015:15:50:23 +0200] "GET /css/bootstrap-responsive.min.css HTTP/1.1" 200 16520 "http://www.dialyse-falkensee.de/" "Mozilla/5.0 (Windows NT 6.1; WOW64; rv:37.0) Gecko/20100101 Firefox/37.0"
87.123.80.22 - - [27/Apr/2015:15:50:23 +0200] "GET /ico/favicon.ico HTTP/1.1" 404 1256 "-" "Mozilla/5.0 (Windows NT 6.1; WOW64; rv:37.0) Gecko/20100101 Firefox/37.0"
87.123.80.22 - - [27/Apr/2015:15:50:23 +0200] "GET /ico/favicon.ico HTTP/1.1" 404 1256 "-" "Mozilla/5.0 (Windows NT 6.1; WOW64; rv:37.0) Gecko/20100101 Firefox/37.0"
87.123.80.22 - - [27/Apr/2015:15:50:23 +0200] "GET /css/bootstrap.min.css HTTP/1.1" 200 101265 "http://www.dialyse-falkensee.de/" "Mozilla/5.0 (Windows NT 6.1; WOW64; rv:37.0) Gecko/20100101 Firefox/37.0"
84.190.174.186 - - [27/Apr/2015:16:26:13 +0200] "GET / HTTP/1.1" 200 3274 "http://search.tb.ask.com/search/GGmain.jhtml?searchfor=Dialyse+Falkensee&tpr=hpsb&p2=%5EBDG%5Exdm184%5ES12242%5Ede&n=781AEC8B&st=hp&ptb=B9CCC094-8930-4B27-9CD6-3AFF924D3E56&qs=&si=pconverter&ts=1430144658720" "Mozilla/5.0 (compatible; MSIE 9.0; Windows NT 6.1; WOW64; Trident/7.0)"
84.190.174.186 - - [27/Apr/2015:16:26:13 +0200] "GET /css/bootstrap-responsive.min.css HTTP/1.1" 200 16520 "http://www.dialyse-falkensee.de/" "Mozilla/5.0 (Windows NT 6.1; WOW64; Trident/7.0; rv:11.0) like Gecko"
84.190.174.186 - - [27/Apr/2015:16:26:13 +0200] "GET /js/bootstrap.min.js HTTP/1.1" 200 25764 "http://www.dialyse-falkensee.de/" "Mozilla/5.0 (Windows NT 6.1; WOW64; Trident/7.0; rv:11.0) like Gecko"
84.190.174.186 - - [27/Apr/2015:16:26:13 +0200] "GET /css/bootstrap.min.css HTTP/1.1" 200 101265 "http://www.dialyse-falkensee.de/" "Mozilla/5.0 (Windows NT 6.1; WOW64; Trident/7.0; rv:11.0) like Gecko"
84.190.174.186 - - [27/Apr/2015:16:26:13 +0200] "GET /ico/favicon.ico HTTP/1.1" 404 1256 "-" "Mozilla/5.0 (Windows NT 6.1; WOW64; Trident/7.0; rv:11.0) like Gecko"
84.190.174.186 - - [27/Apr/2015:16:26:13 +0200] "GET /favicon.ico HTTP/1.1" 404 1256 "-" "Mozilla/5.0 (Windows NT 6.1; WOW64; Trident/7.0; rv:11.0) like Gecko"
66.249.78.45 - - [27/Apr/2015:16:43:19 +0200] "GET /robots.txt HTTP/1.1" 404 1256 "-" "Mozilla/5.0 (compatible; Googlebot/2.1; +http://www.google.com/bot.html)"
66.249.78.52 - - [27/Apr/2015:16:43:19 +0200] "GET / HTTP/1.1" 200 3274 "-" "Mozilla/5.0 (iPhone; CPU iPhone OS 6_0 like Mac OS X) AppleWebKit/536.26 (KHTML, like Gecko) Version/6.0 Mobile/10A5376e Safari/8536.25 (compatible; Googlebot/2.1; +http://www.google.com/bot.html)"
217.12.202.39 - - [27/Apr/2015:19:53:45 +0200] "GET /shell/log.php HTTP/1.1" 404 1256 "http://www.dialyse-falkensee.de/shell/log.php" "Mozilla/4.0 (compatible; MSIE 6.0; Windows NT 5.1; SV1)"
178.2.76.148 - - [27/Apr/2015:19:55:13 +0200] "GET / HTTP/1.1" 200 3274 "http://www.blnp.de/index.php?id=51" "Mozilla/5.0 (Windows NT 6.1; WOW64) AppleWebKit/537.36 (KHTML, like Gecko) Chrome/42.0.2311.90 Safari/537.36"
178.2.76.148 - - [27/Apr/2015:19:55:13 +0200] "GET /css/bootstrap-responsive.min.css HTTP/1.1" 200 16520 "http://www.dialyse-falkensee.de/" "Mozilla/5.0 (Windows NT 6.1; WOW64) AppleWebKit/537.36 (KHTML, like Gecko) Chrome/42.0.2311.90 Safari/537.36"
178.2.76.148 - - [27/Apr/2015:19:55:13 +0200] "GET /js/bootstrap.min.js HTTP/1.1" 200 25764 "http://www.dialyse-falkensee.de/" "Mozilla/5.0 (Windows NT 6.1; WOW64) AppleWebKit/537.36 (KHTML, like Gecko) Chrome/42.0.2311.90 Safari/537.36"
178.2.76.148 - - [27/Apr/2015:19:55:13 +0200] "GET /css/bootstrap.min.css HTTP/1.1" 200 101265 "http://www.dialyse-falkensee.de/" "Mozilla/5.0 (Windows NT 6.1; WOW64) AppleWebKit/537.36 (KHTML, like Gecko) Chrome/42.0.2311.90 Safari/537.36"
178.2.76.148 - - [27/Apr/2015:19:55:13 +0200] "GET /ico/favicon.ico HTTP/1.1" 404 1256 "http://www.dialyse-falkensee.de/" "Mozilla/5.0 (Windows NT 6.1; WOW64) AppleWebKit/537.36 (KHTML, like Gecko) Chrome/42.0.2311.90 Safari/537.36"
66.249.78.59 - - [27/Apr/2015:22:01:40 +0200] "GET /robots.txt HTTP/1.1" 404 1256 "-" "Mozilla/5.0 (compatible; Googlebot/2.1; +http://www.google.com/bot.html)"
66.249.78.59 - - [27/Apr/2015:22:01:40 +0200] "GET /favicon.ico HTTP/1.1" 404 1256 "-" "Googlebot-Image/1.0"
218.30.103.135 - - [28/Apr/2015:02:12:01 +0200] "GET / HTTP/1.1" 200 3274 "-" "Sogou web spider/4.0(+http://www.sogou.com/docs/help/webmasters.htm#07)"
218.30.103.135 - - [28/Apr/2015:02:13:05 +0200] "GET /robots.txt HTTP/1.1" 404 1256 "-" "Sogou web spider/4.0(+http://www.sogou.com/docs/help/webmasters.htm#07)"
66.249.78.59 - - [28/Apr/2015:02:42:08 +0200] "GET /ico/favicon.ico HTTP/1.1" 404 1256 "-" "Googlebot-Image/1.0"
157.55.39.107 - - [28/Apr/2015:03:21:18 +0200] "GET / HTTP/1.1" 200 3274 "-" "Mozilla/5.0 (compatible; bingbot/2.0; +http://www.bing.com/bingbot.htm)"
178.137.85.64 - - [28/Apr/2015:03:22:22 +0200] "GET / HTTP/1.1" 200 3274 "http://www.new-square.su/" "Opera/8.00 (Windows NT 5.1; U; en)"
46.119.113.155 - - [28/Apr/2015:05:39:08 +0200] "GET / HTTP/1.1" 200 3274 "http://fixprice.xoztovari.ru/" "Mozilla/4.0 (compatible; MSIE 6.0; Windows NT 5.1; Crazy Browser 1.0.5)"
46.119.113.155 - - [28/Apr/2015:05:39:09 +0200] "GET / HTTP/1.1" 200 3274 "http://fixprice.xoztovari.ru/" "Mozilla/4.0 (compatible; MSIE 6.0; Windows NT 5.1; Crazy Browser 1.0.5)"
46.119.113.155 - - [28/Apr/2015:05:39:09 +0200] "GET / HTTP/1.1" 200 3274 "http://fixprice.xoztovari.ru/" "Mozilla/4.0 (compatible; MSIE 6.0; Windows NT 5.1; Crazy Browser 1.0.5)"
178.137.85.64 - - [28/Apr/2015:09:40:26 +0200] "GET / HTTP/1.1" 200 3274 "http://114ie.net/" "Mozilla/4.0 (compatible; MSIE 6.0; Windows NT 5.0; KTXN)"
178.137.85.64 - - [28/Apr/2015:09:40:26 +0200] "GET / HTTP/1.1" 200 3274 "http://114ie.net/" "Mozilla/4.0 (compatible; MSIE 6.0; Windows NT 5.0; KTXN)"
178.137.85.64 - - [28/Apr/2015:09:40:27 +0200] "GET / HTTP/1.1" 200 3274 "http://114ie.net/" "Mozilla/4.0 (compatible; MSIE 6.0; Windows NT 5.0; KTXN)"
217.12.202.39 - - [28/Apr/2015:13:37:59 +0200] "GET /blog/wp-login.php HTTP/1.1" 404 1256 "http://www.dialyse-falkensee.de/blog/wp-login.php" "Mozilla/4.0 (compatible; MSIE 6.0; Windows NT 5.1; SV1)"
54.191.244.235 - - [28/Apr/2015:14:30:28 +0200] "GET / HTTP/1.1" 200 3274 "-" "Mozilla/4.0 (compatible; MSIE 6.0; Windows NT 5.1; SV1; .NET CLR 2.0.50727; MAXTHON 2.0); Connect Us: webauth@cmcm.com"
157.55.39.107 - - [28/Apr/2015:15:00:49 +0200] "GET / HTTP/1.1" 200 3274 "-" "Mozilla/5.0 (compatible; bingbot/2.0; +http://www.bing.com/bingbot.htm)"
66.249.78.52 - - [28/Apr/2015:22:34:31 +0200] "GET /robots.txt HTTP/1.1" 404 1256 "-" "Mozilla/5.0 (compatible; Googlebot/2.1; +http://www.google.com/bot.html)"
66.249.78.45 - - [28/Apr/2015:22:34:31 +0200] "GET / HTTP/1.1" 200 3274 "-" "Mozilla/5.0 (iPhone; CPU iPhone OS 6_0 like Mac OS X) AppleWebKit/536.26 (KHTML, like Gecko) Version/6.0 Mobile/10A5376e Safari/8536.25 (compatible; Googlebot/2.1; +http://www.google.com/bot.html)"
66.249.69.123 - - [28/Apr/2015:23:35:36 +0200] "GET /css/bootstrap-responsive.min.css HTTP/1.1" 200 16520 "-" "Mozilla/5.0 (compatible; Googlebot/2.1; +http://www.google.com/bot.html)"
66.249.78.45 - - [28/Apr/2015:23:35:46 +0200] "GET /css/bootstrap.min.css HTTP/1.1" 200 101265 "-" "Mozilla/5.0 (compatible; Googlebot/2.1; +http://www.google.com/bot.html)"
74.52.245.146 - - [28/Apr/2015:23:43:23 +0200] "GET / HTTP/1.0" 200 3274 "-" "Mozilla/5.0 (X11; U; Linux i686; en-US; rv:1.7.5) Gecko/20041107 Firefox/1.0"
178.137.19.143 - - [29/Apr/2015:00:41:51 +0200] "GET / HTTP/1.1" 200 3274 "http://megamix-media.com/" "Mozilla/4.0 (compatible; MSIE 6.0; Windows NT 5.1; SV1)"
178.137.19.143 - - [29/Apr/2015:00:41:51 +0200] "GET / HTTP/1.1" 200 3274 "http://megamix-media.com/" "Mozilla/4.0 (compatible; MSIE 6.0; Windows NT 5.1; SV1)"
178.137.19.143 - - [29/Apr/2015:00:41:52 +0200] "GET / HTTP/1.1" 200 3274 "http://megamix-media.com/" "Mozilla/4.0 (compatible; MSIE 6.0; Windows NT 5.1; SV1)"
157.55.39.107 - - [29/Apr/2015:03:17:18 +0200] "GET / HTTP/1.1" 200 3274 "-" "Mozilla/5.0 (compatible; bingbot/2.0; +http://www.bing.com/bingbot.htm)"
94.153.66.163 - - [29/Apr/2015:05:39:34 +0200] "GET / HTTP/1.1" 200 3274 "http://kazrent.com/" "Mozilla/6.0 (compatible; MSIE 7.0a1; Windows NT 5.2; SV1)"
94.153.66.163 - - [29/Apr/2015:05:39:35 +0200] "GET / HTTP/1.1" 200 3274 "http://kazrent.com/" "Mozilla/6.0 (compatible; MSIE 7.0a1; Windows NT 5.2; SV1)"
94.153.66.163 - - [29/Apr/2015:05:39:35 +0200] "GET / HTTP/1.1" 200 3274 "http://kazrent.com/" "Mozilla/6.0 (compatible; MSIE 7.0a1; Windows NT 5.2; SV1)"
66.249.93.229 - - [29/Apr/2015:06:09:11 +0200] "GET / HTTP/1.1" 200 3274 "https://www.google.de/" "Mozilla/5.0 (Linux; Android 4.4.4; Nexus 5 Build/KTU84P) AppleWebKit/537.36 (KHTML, like Gecko) Chrome/42.0.2311.109 Mobile Safari/537.36"
66.249.93.232 - - [29/Apr/2015:06:09:11 +0200] "GET /css/bootstrap-responsive.min.css HTTP/1.1" 200 16520 "http://www.dialyse-falkensee.de/" "Mozilla/5.0 (Linux; Android 4.4.4; Nexus 5 Build/KTU84P) AppleWebKit/537.36 (KHTML, like Gecko) Chrome/42.0.2311.109 Mobile Safari/537.36"
66.249.93.232 - - [29/Apr/2015:06:09:11 +0200] "GET /css/bootstrap.min.css HTTP/1.1" 200 101265 "http://www.dialyse-falkensee.de/" "Mozilla/5.0 (Linux; Android 4.4.4; Nexus 5 Build/KTU84P) AppleWebKit/537.36 (KHTML, like Gecko) Chrome/42.0.2311.109 Mobile Safari/537.36"
66.249.93.232 - - [29/Apr/2015:06:09:11 +0200] "GET /js/bootstrap.min.js HTTP/1.1" 200 25764 "http://www.dialyse-falkensee.de/" "Mozilla/5.0 (Linux; Android 4.4.4; Nexus 5 Build/KTU84P) AppleWebKit/537.36 (KHTML, like Gecko) Chrome/42.0.2311.109 Mobile Safari/537.36"
66.249.93.229 - - [29/Apr/2015:06:09:21 +0200] "GET /img/glyphicons-halflings.png HTTP/1.1" 200 12799 "http://www.dialyse-falkensee.de/css/bootstrap.min.css" "Mozilla/5.0 (Linux; Android 4.4.4; Nexus 5 Build/KTU84P) AppleWebKit/537.36 (KHTML, like Gecko) Chrome/42.0.2311.109 Mobile Safari/537.36"
66.249.93.235 - - [29/Apr/2015:06:09:23 +0200] "GET /ico/favicon.ico HTTP/1.1" 404 1256 "http://www.dialyse-falkensee.de/" "Mozilla/5.0 (Linux; Android 4.4.4; Nexus 5 Build/KTU84P) AppleWebKit/537.36 (KHTML, like Gecko) Chrome/42.0.2311.109 Mobile Safari/537.36"
62.220.2.102 - - [29/Apr/2015:08:12:15 +0200] "GET / HTTP/1.1" 200 3274 "http://www.google.de/url?sa=t&rct=j&q=&esrc=s&frm=1&source=web&cd=3&ved=0CC8QFjAC&url=http%3A%2F%2Fwww.dialyse-falkensee.de%2F&ei=U3RAVeKaM4vcaPDkgagD&usg=AFQjCNECgXXq-DVOeCPbM1zyqacv9mR2gg&bvm=bv.91665533,d.bGQ" "Mozilla/5.0 (compatible; MSIE 10.0; Windows NT 6.1; WOW64; Trident/6.0)"
62.220.2.102 - - [29/Apr/2015:08:12:15 +0200] "GET /css/bootstrap-responsive.min.css HTTP/1.1" 200 16520 "http://www.dialyse-falkensee.de/" "Mozilla/5.0 (compatible; MSIE 10.0; Windows NT 6.1; WOW64; Trident/6.0)"
62.220.2.102 - - [29/Apr/2015:08:12:15 +0200] "GET /js/bootstrap.min.js HTTP/1.1" 200 25764 "http://www.dialyse-falkensee.de/" "Mozilla/5.0 (compatible; MSIE 10.0; Windows NT 6.1; WOW64; Trident/6.0)"
62.220.2.102 - - [29/Apr/2015:08:12:15 +0200] "GET /css/bootstrap.min.css HTTP/1.1" 200 101265 "http://www.dialyse-falkensee.de/" "Mozilla/5.0 (compatible; MSIE 10.0; Windows NT 6.1; WOW64; Trident/6.0)"
217.27.196.25 - - [29/Apr/2015:08:24:05 +0200] "GET / HTTP/1.1" 200 3274 "http://www.google.de/url?sa=t&rct=j&q=&esrc=s&frm=1&source=web&cd=2&ved=0CCcQFjAB&url=http%3A%2F%2Fwww.dialyse-falkensee.de%2F&ei=43hAVeDWGpHyat7MgegI&usg=AFQjCNECgXXq-DVOeCPbM1zyqacv9mR2gg&bvm=bv.91665533,d.ZWU" "Mozilla/5.0 (compatible; MSIE 9.0; Windows NT 6.1; WOW64; Trident/5.0)"
217.27.196.25 - - [29/Apr/2015:08:24:05 +0200] "GET /css/bootstrap-responsive.min.css HTTP/1.1" 200 16520 "http://www.dialyse-falkensee.de/" "Mozilla/5.0 (compatible; MSIE 9.0; Windows NT 6.1; WOW64; Trident/5.0)"
217.27.196.25 - - [29/Apr/2015:08:24:05 +0200] "GET /css/bootstrap.min.css HTTP/1.1" 200 101265 "http://www.dialyse-falkensee.de/" "Mozilla/5.0 (compatible; MSIE 9.0; Windows NT 6.1; WOW64; Trident/5.0)"
217.27.196.25 - - [29/Apr/2015:08:24:05 +0200] "GET /js/bootstrap.min.js HTTP/1.1" 200 25764 "http://www.dialyse-falkensee.de/" "Mozilla/5.0 (compatible; MSIE 9.0; Windows NT 6.1; WOW64; Trident/5.0)"
217.27.196.25 - - [29/Apr/2015:08:24:05 +0200] "GET /img/glyphicons-halflings.png HTTP/1.1" 200 12799 "http://www.dialyse-falkensee.de/" "Mozilla/5.0 (compatible; MSIE 9.0; Windows NT 6.1; WOW64; Trident/5.0)"
217.27.196.25 - - [29/Apr/2015:08:24:05 +0200] "GET /ico/favicon.ico HTTP/1.1" 404 1256 "-" "Mozilla/5.0 (compatible; MSIE 9.0; Windows NT 6.1; WOW64; Trident/5.0)"
217.110.197.82 - - [29/Apr/2015:10:40:33 +0200] "GET / HTTP/1.1" 200 3274 "https://www.google.de/" "Mozilla/5.0 (Windows NT 5.1) AppleWebKit/537.36 (KHTML, like Gecko) Chrome/42.0.2311.90 Safari/537.36"
217.110.197.82 - - [29/Apr/2015:10:40:33 +0200] "GET /js/bootstrap.min.js HTTP/1.1" 200 25764 "http://www.dialyse-falkensee.de/" "Mozilla/5.0 (Windows NT 5.1) AppleWebKit/537.36 (KHTML, like Gecko) Chrome/42.0.2311.90 Safari/537.36"
217.110.197.82 - - [29/Apr/2015:10:40:33 +0200] "GET /css/bootstrap-responsive.min.css HTTP/1.1" 200 16520 "http://www.dialyse-falkensee.de/" "Mozilla/5.0 (Windows NT 5.1) AppleWebKit/537.36 (KHTML, like Gecko) Chrome/42.0.2311.90 Safari/537.36"
217.110.197.82 - - [29/Apr/2015:10:40:33 +0200] "GET /css/bootstrap.min.css HTTP/1.1" 200 101265 "http://www.dialyse-falkensee.de/" "Mozilla/5.0 (Windows NT 5.1) AppleWebKit/537.36 (KHTML, like Gecko) Chrome/42.0.2311.90 Safari/537.36"
