66.249.81.91 - - [21/Jun/2013:23:23:54 +0200] "GET /scripte/basics.js HTTP/1.1" 200 1078 "http://www.dialyse-in-salzwedel.de/seiten/dialyse.htm" "Mozilla/5.0 (X11; Linux x86_64) AppleWebKit/537.4 (KHTML, like Gecko; Google Web Preview) Chrome/22.0.1229 Safari/537.4"
66.249.81.91 - - [21/Jun/2013:23:23:54 +0200] "GET /css/style.css HTTP/1.1" 200 3212 "http://www.dialyse-in-salzwedel.de/seiten/dialyse.htm" "Mozilla/5.0 (X11; Linux x86_64) AppleWebKit/537.4 (KHTML, like Gecko; Google Web Preview) Chrome/22.0.1229 Safari/537.4"
66.249.81.91 - - [21/Jun/2013:23:23:54 +0200] "GET /img/men01.gif HTTP/1.1" 200 702 "http://www.dialyse-in-salzwedel.de/seiten/dialyse.htm" "Mozilla/5.0 (X11; Linux x86_64) AppleWebKit/537.4 (KHTML, like Gecko; Google Web Preview) Chrome/22.0.1229 Safari/537.4"
66.249.81.91 - - [21/Jun/2013:23:23:54 +0200] "GET /img/meno03.gif HTTP/1.1" 200 931 "http://www.dialyse-in-salzwedel.de/seiten/dialyse.htm" "Mozilla/5.0 (X11; Linux x86_64) AppleWebKit/537.4 (KHTML, like Gecko; Google Web Preview) Chrome/22.0.1229 Safari/537.4"
66.249.81.91 - - [21/Jun/2013:23:23:54 +0200] "GET /img/men09.gif HTTP/1.1" 200 1200 "http://www.dialyse-in-salzwedel.de/seiten/dialyse.htm" "Mozilla/5.0 (X11; Linux x86_64) AppleWebKit/537.4 (KHTML, like Gecko; Google Web Preview) Chrome/22.0.1229 Safari/537.4"
66.249.81.91 - - [21/Jun/2013:23:23:54 +0200] "GET /img/lay02.gif HTTP/1.1" 200 153 "http://www.dialyse-in-salzwedel.de/seiten/dialyse.htm" "Mozilla/5.0 (X11; Linux x86_64) AppleWebKit/537.4 (KHTML, like Gecko; Google Web Preview) Chrome/22.0.1229 Safari/537.4"
66.249.81.91 - - [21/Jun/2013:23:23:54 +0200] "GET /img/lay03.gif HTTP/1.1" 200 253 "http://www.dialyse-in-salzwedel.de/seiten/dialyse.htm" "Mozilla/5.0 (X11; Linux x86_64) AppleWebKit/537.4 (KHTML, like Gecko; Google Web Preview) Chrome/22.0.1229 Safari/537.4"
66.249.81.91 - - [21/Jun/2013:23:23:54 +0200] "GET /img/men08.gif HTTP/1.1" 200 1069 "http://www.dialyse-in-salzwedel.de/seiten/dialyse.htm" "Mozilla/5.0 (X11; Linux x86_64) AppleWebKit/537.4 (KHTML, like Gecko; Google Web Preview) Chrome/22.0.1229 Safari/537.4"
66.249.81.91 - - [21/Jun/2013:23:23:54 +0200] "GET /img/dialyse.jpg HTTP/1.1" 200 21241 "http://www.dialyse-in-salzwedel.de/seiten/dialyse.htm" "Mozilla/5.0 (X11; Linux x86_64) AppleWebKit/537.4 (KHTML, like Gecko; Google Web Preview) Chrome/22.0.1229 Safari/537.4"
66.249.81.91 - - [21/Jun/2013:23:23:54 +0200] "GET /img/men07.gif HTTP/1.1" 200 893 "http://www.dialyse-in-salzwedel.de/seiten/dialyse.htm" "Mozilla/5.0 (X11; Linux x86_64) AppleWebKit/537.4 (KHTML, like Gecko; Google Web Preview) Chrome/22.0.1229 Safari/537.4"
66.249.81.91 - - [21/Jun/2013:23:23:54 +0200] "GET /img/lay01.gif HTTP/1.1" 200 149 "http://www.dialyse-in-salzwedel.de/seiten/dialyse.htm" "Mozilla/5.0 (X11; Linux x86_64) AppleWebKit/537.4 (KHTML, like Gecko; Google Web Preview) Chrome/22.0.1229 Safari/537.4"
66.249.81.91 - - [21/Jun/2013:23:23:54 +0200] "GET /img/men04.gif HTTP/1.1" 200 1234 "http://www.dialyse-in-salzwedel.de/seiten/dialyse.htm" "Mozilla/5.0 (X11; Linux x86_64) AppleWebKit/537.4 (KHTML, like Gecko; Google Web Preview) Chrome/22.0.1229 Safari/537.4"
66.249.81.91 - - [21/Jun/2013:23:23:54 +0200] "GET /img/men06.gif HTTP/1.1" 200 904 "http://www.dialyse-in-salzwedel.de/seiten/dialyse.htm" "Mozilla/5.0 (X11; Linux x86_64) AppleWebKit/537.4 (KHTML, like Gecko; Google Web Preview) Chrome/22.0.1229 Safari/537.4"
66.249.81.91 - - [21/Jun/2013:23:23:54 +0200] "GET /img/lay04.gif HTTP/1.1" 200 272 "http://www.dialyse-in-salzwedel.de/seiten/dialyse.htm" "Mozilla/5.0 (X11; Linux x86_64) AppleWebKit/537.4 (KHTML, like Gecko; Google Web Preview) Chrome/22.0.1229 Safari/537.4"
66.249.81.91 - - [21/Jun/2013:23:23:54 +0200] "GET /img/1px.gif HTTP/1.1" 200 43 "http://www.dialyse-in-salzwedel.de/seiten/dialyse.htm" "Mozilla/5.0 (X11; Linux x86_64) AppleWebKit/537.4 (KHTML, like Gecko; Google Web Preview) Chrome/22.0.1229 Safari/537.4"
66.249.81.91 - - [21/Jun/2013:23:23:54 +0200] "GET /img/men03.gif HTTP/1.1" 200 999 "http://www.dialyse-in-salzwedel.de/seiten/dialyse.htm" "Mozilla/5.0 (X11; Linux x86_64) AppleWebKit/537.4 (KHTML, like Gecko; Google Web Preview) Chrome/22.0.1229 Safari/537.4"
66.249.81.91 - - [21/Jun/2013:23:23:54 +0200] "GET /img/bg01.gif HTTP/1.1" 200 70 "http://www.dialyse-in-salzwedel.de/seiten/dialyse.htm" "Mozilla/5.0 (X11; Linux x86_64) AppleWebKit/537.4 (KHTML, like Gecko; Google Web Preview) Chrome/22.0.1229 Safari/537.4"
66.249.81.91 - - [21/Jun/2013:23:23:54 +0200] "GET /img/head.gif HTTP/1.1" 200 4213 "http://www.dialyse-in-salzwedel.de/seiten/dialyse.htm" "Mozilla/5.0 (X11; Linux x86_64) AppleWebKit/537.4 (KHTML, like Gecko; Google Web Preview) Chrome/22.0.1229 Safari/537.4"
66.249.81.91 - - [21/Jun/2013:23:23:54 +0200] "GET /img/men02.gif HTTP/1.1" 200 758 "http://www.dialyse-in-salzwedel.de/seiten/dialyse.htm" "Mozilla/5.0 (X11; Linux x86_64) AppleWebKit/537.4 (KHTML, like Gecko; Google Web Preview) Chrome/22.0.1229 Safari/537.4"
66.249.81.91 - - [21/Jun/2013:23:23:54 +0200] "GET /img/bg02.gif HTTP/1.1" 200 67 "http://www.dialyse-in-salzwedel.de/seiten/dialyse.htm" "Mozilla/5.0 (X11; Linux x86_64) AppleWebKit/537.4 (KHTML, like Gecko; Google Web Preview) Chrome/22.0.1229 Safari/537.4"
66.249.81.91 - - [21/Jun/2013:23:23:54 +0200] "GET /img/bg04.gif HTTP/1.1" 200 92 "http://www.dialyse-in-salzwedel.de/seiten/dialyse.htm" "Mozilla/5.0 (X11; Linux x86_64) AppleWebKit/537.4 (KHTML, like Gecko; Google Web Preview) Chrome/22.0.1229 Safari/537.4"
66.249.81.91 - - [21/Jun/2013:23:23:54 +0200] "GET /img/bg03.gif HTTP/1.1" 200 84 "http://www.dialyse-in-salzwedel.de/seiten/dialyse.htm" "Mozilla/5.0 (X11; Linux x86_64) AppleWebKit/537.4 (KHTML, like Gecko; Google Web Preview) Chrome/22.0.1229 Safari/537.4"
141.8.147.12 - - [21/Jun/2013:23:37:12 +0200] "GET /robots.txt HTTP/1.1" 404 1256 "-" "Mozilla/5.0 (compatible; YandexBot/3.0; +http://yandex.com/bots)"
141.8.147.12 - - [21/Jun/2013:23:37:15 +0200] "GET /img/men02.gif HTTP/1.1" 304 - "-" "Mozilla/5.0 (compatible; YandexImages/3.0; +http://yandex.com/bots)"
141.8.147.12 - - [21/Jun/2013:23:39:33 +0200] "GET /img/men06.gif HTTP/1.1" 304 - "-" "Mozilla/5.0 (compatible; YandexImages/3.0; +http://yandex.com/bots)"
141.8.147.12 - - [21/Jun/2013:23:40:40 +0200] "GET /img/men04.gif HTTP/1.1" 304 - "-" "Mozilla/5.0 (compatible; YandexImages/3.0; +http://yandex.com/bots)"
141.8.147.12 - - [21/Jun/2013:23:40:56 +0200] "GET /img/men01.gif HTTP/1.1" 304 - "-" "Mozilla/5.0 (compatible; YandexImages/3.0; +http://yandex.com/bots)"
141.8.147.12 - - [22/Jun/2013:00:01:46 +0200] "GET /img/lay03.gif HTTP/1.1" 304 - "-" "Mozilla/5.0 (compatible; YandexImages/3.0; +http://yandex.com/bots)"
141.8.147.12 - - [22/Jun/2013:00:10:01 +0200] "GET /img/meno06.gif HTTP/1.1" 304 - "-" "Mozilla/5.0 (compatible; YandexImages/3.0; +http://yandex.com/bots)"
46.4.53.21 - - [22/Jun/2013:00:11:52 +0200] "GET /robots.txt HTTP/1.1" 404 1256 "-" "Mozilla/5.0 (compatible; SearchmetricsBot; http://www.searchmetrics.com/en/searchmetrics-bot/)"
46.4.53.21 - - [22/Jun/2013:00:11:52 +0200] "GET / HTTP/1.1" 200 2301 "-" "Mozilla/5.0 (compatible; SearchmetricsBot; http://www.searchmetrics.com/en/searchmetrics-bot/)"
46.4.53.21 - - [22/Jun/2013:00:11:52 +0200] "GET /../scripte/basics.js HTTP/1.1" 400 1200 "-" "Mozilla/5.0 (compatible; SearchmetricsBot; http://www.searchmetrics.com/en/searchmetrics-bot/)"
141.8.147.12 - - [22/Jun/2013:00:13:59 +0200] "GET /img/men07.gif HTTP/1.1" 304 - "-" "Mozilla/5.0 (compatible; YandexImages/3.0; +http://yandex.com/bots)"
130.83.167.153 - - [22/Jun/2013:00:22:08 +0200] "GET /seiten/impressum.htm HTTP/1.1" 200 6907 "-" "findlinks/2.6 (+http://wortschatz.uni-leipzig.de/findlinks/)"
141.8.147.12 - - [22/Jun/2013:00:25:54 +0200] "GET /img/men03.gif HTTP/1.1" 304 - "-" "Mozilla/5.0 (compatible; YandexImages/3.0; +http://yandex.com/bots)"
141.8.147.12 - - [22/Jun/2013:00:33:07 +0200] "GET /img/lay04.gif HTTP/1.1" 304 - "-" "Mozilla/5.0 (compatible; YandexImages/3.0; +http://yandex.com/bots)"
141.8.147.12 - - [22/Jun/2013:00:43:03 +0200] "GET /img/men05.gif HTTP/1.1" 304 - "-" "Mozilla/5.0 (compatible; YandexImages/3.0; +http://yandex.com/bots)"
130.83.167.153 - - [22/Jun/2013:01:17:58 +0200] "GET /seiten/praxis.htm HTTP/1.1" 200 5018 "-" "findlinks/2.6 (+http://wortschatz.uni-leipzig.de/findlinks/)"
141.8.147.12 - - [22/Jun/2013:01:20:56 +0200] "GET /img/1px.gif HTTP/1.1" 304 - "-" "Mozilla/5.0 (compatible; YandexImages/3.0; +http://yandex.com/bots)"
141.8.147.12 - - [22/Jun/2013:01:21:32 +0200] "GET /img/head.gif HTTP/1.1" 304 - "-" "Mozilla/5.0 (compatible; YandexImages/3.0; +http://yandex.com/bots)"
141.8.147.12 - - [22/Jun/2013:01:38:12 +0200] "GET /img/lay02.gif HTTP/1.1" 304 - "-" "Mozilla/5.0 (compatible; YandexImages/3.0; +http://yandex.com/bots)"
141.8.147.12 - - [22/Jun/2013:02:05:17 +0200] "GET /img/praxis.jpg HTTP/1.1" 304 - "-" "Mozilla/5.0 (compatible; YandexImages/3.0; +http://yandex.com/bots)"
141.8.147.12 - - [22/Jun/2013:02:10:24 +0200] "GET /img/dialyse.jpg HTTP/1.1" 304 - "-" "Mozilla/5.0 (compatible; YandexImages/3.0; +http://yandex.com/bots)"
141.8.147.12 - - [22/Jun/2013:02:17:28 +0200] "GET /img/start.jpg HTTP/1.1" 304 - "-" "Mozilla/5.0 (compatible; YandexImages/3.0; +http://yandex.com/bots)"
141.8.147.12 - - [22/Jun/2013:02:19:35 +0200] "GET /img/leist.jpg HTTP/1.1" 304 - "-" "Mozilla/5.0 (compatible; YandexImages/3.0; +http://yandex.com/bots)"
141.8.147.12 - - [22/Jun/2013:02:38:02 +0200] "GET /img/men09.gif HTTP/1.1" 304 - "-" "Mozilla/5.0 (compatible; YandexImages/3.0; +http://yandex.com/bots)"
141.8.147.12 - - [22/Jun/2013:02:44:39 +0200] "GET /img/lay01.gif HTTP/1.1" 304 - "-" "Mozilla/5.0 (compatible; YandexImages/3.0; +http://yandex.com/bots)"
130.83.167.153 - - [22/Jun/2013:04:02:08 +0200] "GET /seiten/dialyse.htm HTTP/1.1" 200 4906 "-" "findlinks/2.6 (+http://wortschatz.uni-leipzig.de/findlinks/)"
66.249.75.109 - - [22/Jun/2013:05:42:44 +0200] "GET /seiten/links.htm HTTP/1.1" 304 - "-" "DoCoMo/2.0 N905i(c100;TB;W24H16) (compatible; Googlebot-Mobile/2.1; +http://www.google.com/bot.html)"
123.125.71.24 - - [22/Jun/2013:06:41:17 +0200] "GET / HTTP/1.1" 200 2301 "-" "Mozilla/5.0 (compatible; Baiduspider/2.0; +http://www.baidu.com/search/spider.html)"
220.181.108.122 - - [22/Jun/2013:06:41:55 +0200] "GET / HTTP/1.1" 200 2301 "-" "Mozilla/5.0 (compatible; Baiduspider/2.0; +http://www.baidu.com/search/spider.html)"
123.125.71.28 - - [22/Jun/2013:07:41:38 +0200] "GET / HTTP/1.1" 200 2301 "-" "Mozilla/5.0 (compatible; Baiduspider/2.0; +http://www.baidu.com/search/spider.html)"
220.181.108.100 - - [22/Jun/2013:07:42:27 +0200] "GET / HTTP/1.1" 200 2301 "-" "Mozilla/5.0 (compatible; Baiduspider/2.0; +http://www.baidu.com/search/spider.html)"
66.249.78.91 - - [22/Jun/2013:08:32:28 +0200] "GET /robots.txt HTTP/1.1" 404 1256 "-" "Mozilla/5.0 (compatible; Googlebot/2.1; +http://www.google.com/bot.html)"
66.249.78.91 - - [22/Jun/2013:08:32:29 +0200] "GET / HTTP/1.1" 200 2301 "-" "Mozilla/5.0 (iPhone; U; CPU iPhone OS 4_1 like Mac OS X; en-us) AppleWebKit/532.9 (KHTML, like Gecko) Version/4.0.5 Mobile/8B117 Safari/6531.22.7 (compatible; Googlebot-Mobile/2.1; +http://www.google.com/bot.html)"
123.125.71.32 - - [22/Jun/2013:08:42:50 +0200] "GET / HTTP/1.1" 200 2301 "-" "Mozilla/5.0 (compatible; Baiduspider/2.0; +http://www.baidu.com/search/spider.html)"
220.181.108.88 - - [22/Jun/2013:08:43:39 +0200] "GET / HTTP/1.1" 200 2301 "-" "Mozilla/5.0 (compatible; Baiduspider/2.0; +http://www.baidu.com/search/spider.html)"
66.249.78.91 - - [22/Jun/2013:08:48:58 +0200] "GET /seiten/leistungen.htm HTTP/1.1" 304 - "-" "Mozilla/5.0 (iPhone; U; CPU iPhone OS 4_1 like Mac OS X; en-us) AppleWebKit/532.9 (KHTML, like Gecko) Version/4.0.5 Mobile/8B117 Safari/6531.22.7 (compatible; Googlebot-Mobile/2.1; +http://www.google.com/bot.html)"
82.193.120.55 - - [22/Jun/2013:11:20:06 +0200] "GET /seiten/links.htm HTTP/1.0" 200 5092 "http://www.dialyse-in-salzwedel.de/seiten/links.htm" "Mozilla/5.0 (Windows NT 6.1) AppleWebKit/535.19 (KHTML, like Gecko) Chrome/18.0.1025.1634 Safari/535.19 YE"
66.249.78.91 - - [22/Jun/2013:12:01:12 +0200] "GET / HTTP/1.1" 200 2301 "-" "Mozilla/5.0 (compatible; Googlebot/2.1; +http://www.google.com/bot.html)"
66.249.78.91 - - [22/Jun/2013:12:02:17 +0200] "GET /css/style.css HTTP/1.1" 200 3212 "-" "Mozilla/5.0 (compatible; Googlebot/2.1; +http://www.google.com/bot.html)"
141.8.147.12 - - [22/Jun/2013:12:51:27 +0200] "GET /robots.txt HTTP/1.1" 404 1256 "-" "Mozilla/5.0 (compatible; YandexBot/3.0; +http://yandex.com/bots)"
141.8.147.12 - - [22/Jun/2013:12:51:34 +0200] "GET /img/men08.gif HTTP/1.1" 304 - "-" "Mozilla/5.0 (compatible; YandexImages/3.0; +http://yandex.com/bots)"
94.142.128.140 - - [22/Jun/2013:12:59:04 +0200] "GET /seiten/links.htm HTTP/1.0" 200 5092 "http://www.dialyse-in-salzwedel.de/seiten/links.htm" "Opera/9.80 (Windows NT 6.1; WOW64; MRA 6.0 (build 6001)) Presto/2.12.388 Version/12.11"
66.249.78.91 - - [22/Jun/2013:13:06:12 +0200] "GET /seiten/start.htm HTTP/1.1" 304 - "-" "Mozilla/5.0 (compatible; Googlebot/2.1; +http://www.google.com/bot.html)"
69.64.51.97 - - [22/Jun/2013:13:42:16 +0200] "GET /seiten/news.php HTTP/1.1" 200 4865 "-" "Mozilla/4.0 (compatible; MSIE 6.0; Windows 98; Win 9x4.90)"
141.8.147.12 - - [22/Jun/2013:14:15:15 +0200] "GET /img/meno02.gif HTTP/1.1" 200 1200 "-" "Mozilla/5.0 (compatible; YandexImages/3.0; +http://yandex.com/bots)"
141.8.147.12 - - [22/Jun/2013:15:09:49 +0200] "GET /img/meno03.gif HTTP/1.1" 200 931 "-" "Mozilla/5.0 (compatible; YandexImages/3.0; +http://yandex.com/bots)"
66.249.78.91 - - [22/Jun/2013:15:34:22 +0200] "GET /seiten/start.htm HTTP/1.1" 200 4313 "-" "Mozilla/5.0 (compatible; Googlebot/2.1; +http://www.google.com/bot.html)"
141.8.147.12 - - [22/Jun/2013:17:57:58 +0200] "GET /img/meno07.gif HTTP/1.1" 304 - "-" "Mozilla/5.0 (compatible; YandexImages/3.0; +http://yandex.com/bots)"
141.8.147.12 - - [22/Jun/2013:18:09:23 +0200] "GET /img/meno04.gif HTTP/1.1" 304 - "-" "Mozilla/5.0 (compatible; YandexImages/3.0; +http://yandex.com/bots)"
66.249.78.91 - - [22/Jun/2013:19:45:42 +0200] "GET /seiten/praxis.htm HTTP/1.1" 304 - "-" "Mozilla/5.0 (iPhone; U; CPU iPhone OS 4_1 like Mac OS X; en-us) AppleWebKit/532.9 (KHTML, like Gecko) Version/4.0.5 Mobile/8B117 Safari/6531.22.7 (compatible; Googlebot-Mobile/2.1; +http://www.google.com/bot.html)"
157.55.33.146 - - [22/Jun/2013:19:54:32 +0200] "GET /robots.txt HTTP/1.1" 404 1256 "-" "Mozilla/5.0 (compatible; bingbot/2.0; +http://www.bing.com/bingbot.htm)"
157.55.33.146 - - [22/Jun/2013:19:55:11 +0200] "GET / HTTP/1.1" 200 2301 "-" "Mozilla/5.0 (compatible; bingbot/2.0; +http://www.bing.com/bingbot.htm)"
91.224.226.196 - - [22/Jun/2013:21:18:44 +0200] "GET /scripte/basics.js HTTP/1.1" 304 - "-" "Mozilla/4.0 (compatible;)"
123.125.71.58 - - [22/Jun/2013:21:41:56 +0200] "GET / HTTP/1.1" 200 2301 "-" "Mozilla/5.0 (compatible; Baiduspider/2.0; +http://www.baidu.com/search/spider.html)"
220.181.108.122 - - [22/Jun/2013:21:42:45 +0200] "GET / HTTP/1.1" 200 2301 "-" "Mozilla/5.0 (compatible; Baiduspider/2.0; +http://www.baidu.com/search/spider.html)"
66.249.78.91 - - [22/Jun/2013:23:40:21 +0200] "GET /robots.txt HTTP/1.1" 404 1256 "-" "Mozilla/5.0 (compatible; Googlebot/2.1; +http://www.google.com/bot.html)"
66.249.78.91 - - [22/Jun/2013:23:40:21 +0200] "GET /seiten/start.htm HTTP/1.1" 304 - "-" "SAMSUNG-SGH-E250/1.0 Profile/MIDP-2.0 Configuration/CLDC-1.1 UP.Browser/6.2.3.3.c.1.101 (GUI) MMP/2.0 (compatible; Googlebot-Mobile/2.1; +http://www.google.com/bot.html)"
130.83.167.153 - - [23/Jun/2013:01:58:31 +0200] "GET /seiten/kontakt.htm HTTP/1.1" 200 5472 "-" "findlinks/2.6 (+http://wortschatz.uni-leipzig.de/findlinks/)"
131.253.38.100 - - [23/Jun/2013:03:15:39 +0200] "GET /robots.txt HTTP/1.1" 404 1256 "-" "msnbot-media/1.1 (+http://search.msn.com/msnbot.htm)"
131.253.38.100 - - [23/Jun/2013:03:15:39 +0200] "GET /img/sites.jpg HTTP/1.1" 200 12916 "-" "msnbot-media/1.1 (+http://search.msn.com/msnbot.htm)"
91.207.6.41 - - [23/Jun/2013:03:52:53 +0200] "GET /seiten/links.htm+%28%27forums%27%29 HTTP/1.0" 404 1256 "http://www.dialyse-in-salzwedel.de/seiten/links.htm+%28%27forums%27%29" "Mozilla/5.0 (Windows NT 6.2; WOW64) AppleWebKit/537.11 (KHTML, like Gecko) Chrome/23.0.1271.64 Safari/537.11"
91.207.6.41 - - [23/Jun/2013:03:52:54 +0200] "GET / HTTP/1.0" 200 2301 "http://www.dialyse-in-salzwedel.de/" "Mozilla/5.0 (Windows NT 6.2; WOW64) AppleWebKit/537.11 (KHTML, like Gecko) Chrome/23.0.1271.64 Safari/537.11"
65.55.24.236 - - [23/Jun/2013:04:31:44 +0200] "GET /robots.txt HTTP/1.1" 404 1256 "-" "Mozilla/5.0 (compatible; bingbot/2.0; +http://www.bing.com/bingbot.htm)"
65.55.24.236 - - [23/Jun/2013:04:32:52 +0200] "GET /seiten/kontakt.htm HTTP/1.1" 200 5472 "-" "Mozilla/5.0 (compatible; bingbot/2.0; +http://www.bing.com/bingbot.htm)"
130.83.167.153 - - [23/Jun/2013:04:33:55 +0200] "GET /seiten/impressum.htm HTTP/1.1" 200 6907 "-" "findlinks/2.6 (+http://wortschatz.uni-leipzig.de/findlinks/)"
123.125.71.41 - - [23/Jun/2013:07:43:07 +0200] "GET / HTTP/1.1" 200 2301 "-" "Mozilla/5.0 (compatible; Baiduspider/2.0; +http://www.baidu.com/search/spider.html)"
220.181.108.112 - - [23/Jun/2013:07:43:58 +0200] "GET / HTTP/1.1" 200 2301 "-" "Mozilla/5.0 (compatible; Baiduspider/2.0; +http://www.baidu.com/search/spider.html)"
208.115.113.82 - - [23/Jun/2013:07:50:46 +0200] "GET /robots.txt HTTP/1.1" 404 1256 "-" "Mozilla/5.0 (compatible; Ezooms/1.0; ezooms.bot@gmail.com)"
66.249.78.91 - - [23/Jun/2013:08:08:10 +0200] "GET /robots.txt HTTP/1.1" 404 1256 "-" "Mozilla/5.0 (compatible; Googlebot/2.1; +http://www.google.com/bot.html)"
66.249.78.91 - - [23/Jun/2013:08:08:10 +0200] "GET /seiten/start.htm HTTP/1.1" 304 - "-" "Mozilla/5.0 (iPhone; U; CPU iPhone OS 4_1 like Mac OS X; en-us) AppleWebKit/532.9 (KHTML, like Gecko) Version/4.0.5 Mobile/8B117 Safari/6531.22.7 (compatible; Googlebot-Mobile/2.1; +http://www.google.com/bot.html)"
178.255.215.73 - - [23/Jun/2013:08:56:24 +0200] "GET /robots.txt HTTP/1.1" 404 1256 "-" "Mozilla/5.0 (compatible; Exabot/3.0; +http://www.exabot.com/go/robot)"
178.255.215.73 - - [23/Jun/2013:08:56:24 +0200] "GET / HTTP/1.1" 304 - "-" "Mozilla/5.0 (compatible; Exabot/3.0; +http://www.exabot.com/go/robot)"
141.8.147.12 - - [23/Jun/2013:09:20:06 +0200] "GET /robots.txt HTTP/1.1" 404 1256 "-" "Mozilla/5.0 (compatible; YandexBot/3.0; +http://yandex.com/bots)"
141.8.147.12 - - [23/Jun/2013:09:20:08 +0200] "GET /img/men06.gif HTTP/1.1" 304 - "-" "Mozilla/5.0 (compatible; YandexImages/3.0; +http://yandex.com/bots)"
208.115.113.82 - - [23/Jun/2013:09:44:58 +0200] "GET /seiten/kontakt.htm HTTP/1.1" 200 5472 "-" "Mozilla/5.0 (compatible; Ezooms/1.0; ezooms.bot@gmail.com)"
81.144.138.34 - - [23/Jun/2013:10:07:26 +0200] "GET /robots.txt HTTP/1.1" 404 1256 "-" "Wotbox/2.01 (+http://www.wotbox.com/bot/)"
81.144.138.34 - - [23/Jun/2013:10:07:39 +0200] "GET / HTTP/1.1" 200 2301 "-" "Wotbox/2.01 (+http://www.wotbox.com/bot/)"
81.144.138.34 - - [23/Jun/2013:10:07:48 +0200] "GET /seiten/start.htm HTTP/1.1" 200 4313 "-" "Wotbox/2.01 (+http://www.wotbox.com/bot/)"
81.144.138.34 - - [23/Jun/2013:10:07:56 +0200] "GET /seiten/praxis.htm HTTP/1.1" 200 5018 "-" "Wotbox/2.01 (+http://www.wotbox.com/bot/)"
81.144.138.34 - - [23/Jun/2013:10:08:05 +0200] "GET /seiten/leistungen.htm HTTP/1.1" 200 5060 "-" "Wotbox/2.01 (+http://www.wotbox.com/bot/)"
81.144.138.34 - - [23/Jun/2013:10:08:10 +0200] "GET /seiten/dialyse.htm HTTP/1.1" 200 4906 "-" "Wotbox/2.01 (+http://www.wotbox.com/bot/)"
81.144.138.34 - - [23/Jun/2013:10:08:22 +0200] "GET /seiten/news.php HTTP/1.1" 200 4865 "-" "Wotbox/2.01 (+http://www.wotbox.com/bot/)"
81.144.138.34 - - [23/Jun/2013:10:08:30 +0200] "GET /seiten/links.htm HTTP/1.1" 200 5092 "-" "Wotbox/2.01 (+http://www.wotbox.com/bot/)"
81.144.138.34 - - [23/Jun/2013:10:08:41 +0200] "GET /seiten/kontakt.htm HTTP/1.1" 200 5472 "-" "Wotbox/2.01 (+http://www.wotbox.com/bot/)"
81.144.138.34 - - [23/Jun/2013:10:08:54 +0200] "GET /seiten/impressum.htm HTTP/1.1" 200 6907 "-" "Wotbox/2.01 (+http://www.wotbox.com/bot/)"
81.144.138.34 - - [23/Jun/2013:10:09:06 +0200] "GET /seiten/kont_form.php HTTP/1.1" 200 6397 "-" "Wotbox/2.01 (+http://www.wotbox.com/bot/)"
81.144.138.34 - - [23/Jun/2013:10:09:16 +0200] "GET /seiten/function.include HTTP/1.1" 404 1256 "-" "Wotbox/2.01 (+http://www.wotbox.com/bot/)"
65.55.213.57 - - [23/Jun/2013:10:14:23 +0200] "GET /seiten/kontakt.htm HTTP/1.1" 200 5472 "-" "Mozilla/4.0 (compatible; MSIE 7.0; Windows NT 5.2; SLCC1; .NET CLR 1.1.4325; .NET CLR 2.0.50727; .NET CLR 3.0.30729)"
65.55.213.57 - - [23/Jun/2013:10:14:24 +0200] "GET /scripte/basics.js HTTP/1.1" 200 1078 "http://www.dialyse-in-salzwedel.de/seiten/kontakt.htm" "Mozilla/4.0 (compatible; MSIE 7.0; Windows NT 5.2; SLCC1; .NET CLR 1.1.4325; .NET CLR 2.0.50727; .NET CLR 3.0.30729)"
65.55.213.57 - - [23/Jun/2013:10:14:25 +0200] "GET /css/style.css HTTP/1.1" 200 3212 "http://www.dialyse-in-salzwedel.de/seiten/kontakt.htm" "Mozilla/4.0 (compatible; MSIE 7.0; Windows NT 5.2; SLCC1; .NET CLR 1.1.4325; .NET CLR 2.0.50727; .NET CLR 3.0.30729)"
141.8.147.12 - - [23/Jun/2013:10:22:01 +0200] "GET /img/men07.gif HTTP/1.1" 304 - "-" "Mozilla/5.0 (compatible; YandexImages/3.0; +http://yandex.com/bots)"
141.8.147.12 - - [23/Jun/2013:10:28:48 +0200] "GET /img/men05.gif HTTP/1.1" 304 - "-" "Mozilla/5.0 (compatible; YandexImages/3.0; +http://yandex.com/bots)"
141.8.147.12 - - [23/Jun/2013:11:22:05 +0200] "GET /img/1px.gif HTTP/1.1" 304 - "-" "Mozilla/5.0 (compatible; YandexImages/3.0; +http://yandex.com/bots)"
141.8.147.12 - - [23/Jun/2013:11:43:51 +0200] "GET /img/men02.gif HTTP/1.1" 304 - "-" "Mozilla/5.0 (compatible; YandexImages/3.0; +http://yandex.com/bots)"
66.249.78.91 - - [23/Jun/2013:12:08:28 +0200] "GET /seiten/links.htm HTTP/1.1" 304 - "-" "Mozilla/5.0 (iPhone; U; CPU iPhone OS 4_1 like Mac OS X; en-us) AppleWebKit/532.9 (KHTML, like Gecko) Version/4.0.5 Mobile/8B117 Safari/6531.22.7 (compatible; Googlebot-Mobile/2.1; +http://www.google.com/bot.html)"
141.8.147.12 - - [23/Jun/2013:12:12:44 +0200] "GET /img/lay01.gif HTTP/1.1" 304 - "-" "Mozilla/5.0 (compatible; YandexImages/3.0; +http://yandex.com/bots)"
178.5.72.139 - - [23/Jun/2013:14:00:44 +0200] "GET / HTTP/1.1" 200 2301 "http://www.google.de/url?sa=t&rct=j&q=&esrc=s&source=web&cd=1&ved=0CDAQFjAA&url=http%3A%2F%2Fwww.dialyse-in-salzwedel.de%2F&ei=_OLGUZXUOo3Lsgb7xIHwDA&usg=AFQjCNHBZzdzRK6NkOJc_vuRxJ6F08FD_w&bvm=bv.48293060,d.Yms" "Mozilla/5.0 (Windows NT 6.1; WOW64; rv:21.0) Gecko/20100101 Firefox/21.0"
178.5.72.139 - - [23/Jun/2013:14:00:44 +0200] "GET /scripte/basics.js HTTP/1.1" 200 1078 "http://www.dialyse-in-salzwedel.de/" "Mozilla/5.0 (Windows NT 6.1; WOW64; rv:21.0) Gecko/20100101 Firefox/21.0"
178.5.72.139 - - [23/Jun/2013:14:00:44 +0200] "GET /css/style.css HTTP/1.1" 200 3212 "http://www.dialyse-in-salzwedel.de/" "Mozilla/5.0 (Windows NT 6.1; WOW64; rv:21.0) Gecko/20100101 Firefox/21.0"
178.5.72.139 - - [23/Jun/2013:14:00:45 +0200] "GET /favicon.ico HTTP/1.1" 404 1256 "-" "Mozilla/5.0 (Windows NT 6.1; WOW64; rv:21.0) Gecko/20100101 Firefox/21.0"
178.5.72.139 - - [23/Jun/2013:14:00:45 +0200] "GET /seiten/start.htm HTTP/1.1" 200 4313 "http://www.dialyse-in-salzwedel.de/" "Mozilla/5.0 (Windows NT 6.1; WOW64; rv:21.0) Gecko/20100101 Firefox/21.0"
178.5.72.139 - - [23/Jun/2013:14:00:45 +0200] "GET /favicon.ico HTTP/1.1" 404 1256 "-" "Mozilla/5.0 (Windows NT 6.1; WOW64; rv:21.0) Gecko/20100101 Firefox/21.0"
178.5.72.139 - - [23/Jun/2013:14:00:45 +0200] "GET /img/men01.gif HTTP/1.1" 200 702 "http://www.dialyse-in-salzwedel.de/seiten/start.htm" "Mozilla/5.0 (Windows NT 6.1; WOW64; rv:21.0) Gecko/20100101 Firefox/21.0"
178.5.72.139 - - [23/Jun/2013:14:00:45 +0200] "GET /img/head.gif HTTP/1.1" 200 4213 "http://www.dialyse-in-salzwedel.de/seiten/start.htm" "Mozilla/5.0 (Windows NT 6.1; WOW64; rv:21.0) Gecko/20100101 Firefox/21.0"
178.5.72.139 - - [23/Jun/2013:14:00:45 +0200] "GET /img/men03.gif HTTP/1.1" 200 999 "http://www.dialyse-in-salzwedel.de/seiten/start.htm" "Mozilla/5.0 (Windows NT 6.1; WOW64; rv:21.0) Gecko/20100101 Firefox/21.0"
178.5.72.139 - - [23/Jun/2013:14:00:45 +0200] "GET /img/men04.gif HTTP/1.1" 200 1234 "http://www.dialyse-in-salzwedel.de/seiten/start.htm" "Mozilla/5.0 (Windows NT 6.1; WOW64; rv:21.0) Gecko/20100101 Firefox/21.0"
178.5.72.139 - - [23/Jun/2013:14:00:45 +0200] "GET /img/men05.gif HTTP/1.1" 200 1042 "http://www.dialyse-in-salzwedel.de/seiten/start.htm" "Mozilla/5.0 (Windows NT 6.1; WOW64; rv:21.0) Gecko/20100101 Firefox/21.0"
178.5.72.139 - - [23/Jun/2013:14:00:45 +0200] "GET /img/men06.gif HTTP/1.1" 200 904 "http://www.dialyse-in-salzwedel.de/seiten/start.htm" "Mozilla/5.0 (Windows NT 6.1; WOW64; rv:21.0) Gecko/20100101 Firefox/21.0"
178.5.72.139 - - [23/Jun/2013:14:00:45 +0200] "GET /img/men07.gif HTTP/1.1" 200 893 "http://www.dialyse-in-salzwedel.de/seiten/start.htm" "Mozilla/5.0 (Windows NT 6.1; WOW64; rv:21.0) Gecko/20100101 Firefox/21.0"
178.5.72.139 - - [23/Jun/2013:14:00:45 +0200] "GET /img/men08.gif HTTP/1.1" 200 1069 "http://www.dialyse-in-salzwedel.de/seiten/start.htm" "Mozilla/5.0 (Windows NT 6.1; WOW64; rv:21.0) Gecko/20100101 Firefox/21.0"
178.5.72.139 - - [23/Jun/2013:14:00:45 +0200] "GET /img/men09.gif HTTP/1.1" 200 1200 "http://www.dialyse-in-salzwedel.de/seiten/start.htm" "Mozilla/5.0 (Windows NT 6.1; WOW64; rv:21.0) Gecko/20100101 Firefox/21.0"
178.5.72.139 - - [23/Jun/2013:14:00:45 +0200] "GET /img/men02.gif HTTP/1.1" 200 758 "http://www.dialyse-in-salzwedel.de/seiten/start.htm" "Mozilla/5.0 (Windows NT 6.1; WOW64; rv:21.0) Gecko/20100101 Firefox/21.0"
178.5.72.139 - - [23/Jun/2013:14:00:45 +0200] "GET /img/lay01.gif HTTP/1.1" 200 149 "http://www.dialyse-in-salzwedel.de/seiten/start.htm" "Mozilla/5.0 (Windows NT 6.1; WOW64; rv:21.0) Gecko/20100101 Firefox/21.0"
178.5.72.139 - - [23/Jun/2013:14:00:45 +0200] "GET /img/lay02.gif HTTP/1.1" 200 153 "http://www.dialyse-in-salzwedel.de/seiten/start.htm" "Mozilla/5.0 (Windows NT 6.1; WOW64; rv:21.0) Gecko/20100101 Firefox/21.0"
178.5.72.139 - - [23/Jun/2013:14:00:45 +0200] "GET /img/start.jpg HTTP/1.1" 200 18933 "http://www.dialyse-in-salzwedel.de/seiten/start.htm" "Mozilla/5.0 (Windows NT 6.1; WOW64; rv:21.0) Gecko/20100101 Firefox/21.0"
178.5.72.139 - - [23/Jun/2013:14:00:45 +0200] "GET /img/lay03.gif HTTP/1.1" 200 253 "http://www.dialyse-in-salzwedel.de/seiten/start.htm" "Mozilla/5.0 (Windows NT 6.1; WOW64; rv:21.0) Gecko/20100101 Firefox/21.0"
178.5.72.139 - - [23/Jun/2013:14:00:45 +0200] "GET /img/lay04.gif HTTP/1.1" 200 272 "http://www.dialyse-in-salzwedel.de/seiten/start.htm" "Mozilla/5.0 (Windows NT 6.1; WOW64; rv:21.0) Gecko/20100101 Firefox/21.0"
178.5.72.139 - - [23/Jun/2013:14:00:45 +0200] "GET /img/1px.gif HTTP/1.1" 200 43 "http://www.dialyse-in-salzwedel.de/seiten/start.htm" "Mozilla/5.0 (Windows NT 6.1; WOW64; rv:21.0) Gecko/20100101 Firefox/21.0"
178.5.72.139 - - [23/Jun/2013:14:00:45 +0200] "GET /img/bg02.gif HTTP/1.1" 200 67 "http://www.dialyse-in-salzwedel.de/seiten/start.htm" "Mozilla/5.0 (Windows NT 6.1; WOW64; rv:21.0) Gecko/20100101 Firefox/21.0"
178.5.72.139 - - [23/Jun/2013:14:00:45 +0200] "GET /img/bg01.gif HTTP/1.1" 200 70 "http://www.dialyse-in-salzwedel.de/seiten/start.htm" "Mozilla/5.0 (Windows NT 6.1; WOW64; rv:21.0) Gecko/20100101 Firefox/21.0"
178.5.72.139 - - [23/Jun/2013:14:00:45 +0200] "GET /img/bg03.gif HTTP/1.1" 200 84 "http://www.dialyse-in-salzwedel.de/seiten/start.htm" "Mozilla/5.0 (Windows NT 6.1; WOW64; rv:21.0) Gecko/20100101 Firefox/21.0"
178.5.72.139 - - [23/Jun/2013:14:00:45 +0200] "GET /img/bg04.gif HTTP/1.1" 200 92 "http://www.dialyse-in-salzwedel.de/seiten/start.htm" "Mozilla/5.0 (Windows NT 6.1; WOW64; rv:21.0) Gecko/20100101 Firefox/21.0"
178.5.72.139 - - [23/Jun/2013:14:00:47 +0200] "GET /img/meno02.gif HTTP/1.1" 200 1200 "http://www.dialyse-in-salzwedel.de/seiten/start.htm" "Mozilla/5.0 (Windows NT 6.1; WOW64; rv:21.0) Gecko/20100101 Firefox/21.0"
178.5.72.139 - - [23/Jun/2013:14:00:48 +0200] "GET /img/meno03.gif HTTP/1.1" 200 931 "http://www.dialyse-in-salzwedel.de/seiten/start.htm" "Mozilla/5.0 (Windows NT 6.1; WOW64; rv:21.0) Gecko/20100101 Firefox/21.0"
178.5.72.139 - - [23/Jun/2013:14:00:48 +0200] "GET /seiten/dialyse.htm HTTP/1.1" 200 4906 "http://www.dialyse-in-salzwedel.de/seiten/start.htm" "Mozilla/5.0 (Windows NT 6.1; WOW64; rv:21.0) Gecko/20100101 Firefox/21.0"
178.5.72.139 - - [23/Jun/2013:14:00:48 +0200] "GET /img/dialyse.jpg HTTP/1.1" 200 21241 "http://www.dialyse-in-salzwedel.de/seiten/dialyse.htm" "Mozilla/5.0 (Windows NT 6.1; WOW64; rv:21.0) Gecko/20100101 Firefox/21.0"
178.5.72.139 - - [23/Jun/2013:14:00:49 +0200] "GET /img/meno04.gif HTTP/1.1" 200 727 "http://www.dialyse-in-salzwedel.de/seiten/dialyse.htm" "Mozilla/5.0 (Windows NT 6.1; WOW64; rv:21.0) Gecko/20100101 Firefox/21.0"
178.5.72.139 - - [23/Jun/2013:14:00:50 +0200] "GET /seiten/news.php HTTP/1.1" 200 4865 "http://www.dialyse-in-salzwedel.de/seiten/dialyse.htm" "Mozilla/5.0 (Windows NT 6.1; WOW64; rv:21.0) Gecko/20100101 Firefox/21.0"
178.5.72.139 - - [23/Jun/2013:14:00:52 +0200] "GET /img/meno05.gif HTTP/1.1" 200 788 "http://www.dialyse-in-salzwedel.de/seiten/news.php" "Mozilla/5.0 (Windows NT 6.1; WOW64; rv:21.0) Gecko/20100101 Firefox/21.0"
178.5.72.139 - - [23/Jun/2013:14:00:53 +0200] "GET /seiten/links.htm HTTP/1.1" 200 5092 "http://www.dialyse-in-salzwedel.de/seiten/news.php" "Mozilla/5.0 (Windows NT 6.1; WOW64; rv:21.0) Gecko/20100101 Firefox/21.0"
178.5.72.139 - - [23/Jun/2013:14:00:53 +0200] "GET /img/sites.jpg HTTP/1.1" 200 12916 "http://www.dialyse-in-salzwedel.de/seiten/links.htm" "Mozilla/5.0 (Windows NT 6.1; WOW64; rv:21.0) Gecko/20100101 Firefox/21.0"
178.5.72.139 - - [23/Jun/2013:14:00:57 +0200] "GET /img/meno06.gif HTTP/1.1" 200 1054 "http://www.dialyse-in-salzwedel.de/seiten/links.htm" "Mozilla/5.0 (Windows NT 6.1; WOW64; rv:21.0) Gecko/20100101 Firefox/21.0"
178.5.72.139 - - [23/Jun/2013:14:00:58 +0200] "GET /seiten/kontakt.htm HTTP/1.1" 200 5472 "http://www.dialyse-in-salzwedel.de/seiten/links.htm" "Mozilla/5.0 (Windows NT 6.1; WOW64; rv:21.0) Gecko/20100101 Firefox/21.0"
178.5.72.139 - - [23/Jun/2013:14:01:17 +0200] "GET /img/meno01.gif HTTP/1.1" 200 938 "http://www.dialyse-in-salzwedel.de/seiten/kontakt.htm" "Mozilla/5.0 (Windows NT 6.1; WOW64; rv:21.0) Gecko/20100101 Firefox/21.0"
178.5.72.139 - - [23/Jun/2013:14:01:18 +0200] "GET /seiten/praxis.htm HTTP/1.1" 200 5018 "http://www.dialyse-in-salzwedel.de/seiten/kontakt.htm" "Mozilla/5.0 (Windows NT 6.1; WOW64; rv:21.0) Gecko/20100101 Firefox/21.0"
178.5.72.139 - - [23/Jun/2013:14:01:18 +0200] "GET /img/praxis.jpg HTTP/1.1" 200 13082 "http://www.dialyse-in-salzwedel.de/seiten/praxis.htm" "Mozilla/5.0 (Windows NT 6.1; WOW64; rv:21.0) Gecko/20100101 Firefox/21.0"
178.5.72.139 - - [23/Jun/2013:14:01:18 +0200] "GET /img/meno02.gif HTTP/1.1" 200 1200 "http://www.dialyse-in-salzwedel.de/seiten/praxis.htm" "Mozilla/5.0 (Windows NT 6.1; WOW64; rv:21.0) Gecko/20100101 Firefox/21.0"
178.5.72.139 - - [23/Jun/2013:14:01:19 +0200] "GET /seiten/leistungen.htm HTTP/1.1" 200 5060 "http://www.dialyse-in-salzwedel.de/seiten/praxis.htm" "Mozilla/5.0 (Windows NT 6.1; WOW64; rv:21.0) Gecko/20100101 Firefox/21.0"
178.5.72.139 - - [23/Jun/2013:14:01:19 +0200] "GET /img/leist.jpg HTTP/1.1" 200 18843 "http://www.dialyse-in-salzwedel.de/seiten/leistungen.htm" "Mozilla/5.0 (Windows NT 6.1; WOW64; rv:21.0) Gecko/20100101 Firefox/21.0"
141.8.147.12 - - [23/Jun/2013:16:02:10 +0200] "GET /img/men08.gif HTTP/1.1" 304 - "-" "Mozilla/5.0 (compatible; YandexImages/3.0; +http://yandex.com/bots)"
139.18.2.209 - - [23/Jun/2013:18:01:56 +0200] "GET /robots.txt HTTP/1.1" 404 1256 "-" "findlinks/2.6 (+http://wortschatz.uni-leipzig.de/findlinks/)"
81.209.177.202 - - [23/Jun/2013:19:53:24 +0200] "GET /robots.txt HTTP/1.1" 404 1256 "-" "netEstate NE Crawler (+http://www.website-datenbank.de/)"
81.209.177.202 - - [23/Jun/2013:19:53:27 +0200] "GET / HTTP/1.1" 200 2301 "-" "netEstate NE Crawler (+http://www.website-datenbank.de/)"
66.249.78.91 - - [23/Jun/2013:20:15:42 +0200] "GET /robots.txt HTTP/1.1" 404 1256 "-" "Mozilla/5.0 (compatible; Googlebot/2.1; +http://www.google.com/bot.html)"
66.249.78.91 - - [23/Jun/2013:20:15:43 +0200] "GET / HTTP/1.1" 200 2301 "-" "Mozilla/5.0 (iPhone; U; CPU iPhone OS 4_1 like Mac OS X; en-us) AppleWebKit/532.9 (KHTML, like Gecko) Version/4.0.5 Mobile/8B117 Safari/6531.22.7 (compatible; Googlebot-Mobile/2.1; +http://www.google.com/bot.html)"
66.249.78.91 - - [23/Jun/2013:21:46:27 +0200] "GET / HTTP/1.1" 200 2301 "-" "SAMSUNG-SGH-E250/1.0 Profile/MIDP-2.0 Configuration/CLDC-1.1 UP.Browser/6.2.3.3.c.1.101 (GUI) MMP/2.0 (compatible; Googlebot-Mobile/2.1; +http://www.google.com/bot.html)"
91.224.226.196 - - [23/Jun/2013:22:26:45 +0200] "GET /img/meno01.gif HTTP/1.1" 304 - "-" "Mozilla/4.0 (compatible;)"
91.224.226.196 - - [23/Jun/2013:22:30:12 +0200] "GET /img/men01.gif HTTP/1.1" 304 - "-" "Mozilla/4.0 (compatible;)"
66.249.78.91 - - [23/Jun/2013:23:44:33 +0200] "GET /seiten/impressum.htm HTTP/1.1" 304 - "-" "Mozilla/5.0 (iPhone; U; CPU iPhone OS 4_1 like Mac OS X; en-us) AppleWebKit/532.9 (KHTML, like Gecko) Version/4.0.5 Mobile/8B117 Safari/6531.22.7 (compatible; Googlebot-Mobile/2.1; +http://www.google.com/bot.html)"
130.83.167.153 - - [24/Jun/2013:01:20:38 +0200] "GET /seiten/praxis.htm HTTP/1.1" 200 5018 "-" "findlinks/2.6 (+http://wortschatz.uni-leipzig.de/findlinks/)"
141.8.147.12 - - [24/Jun/2013:01:49:25 +0200] "GET /robots.txt HTTP/1.1" 404 1256 "-" "Mozilla/5.0 (compatible; YandexBot/3.0; +http://yandex.com/bots)"
141.8.147.12 - - [24/Jun/2013:01:49:27 +0200] "GET /img/meno04.gif HTTP/1.1" 304 - "-" "Mozilla/5.0 (compatible; YandexImages/3.0; +http://yandex.com/bots)"
130.83.167.153 - - [24/Jun/2013:01:55:48 +0200] "GET /seiten/start.htm HTTP/1.1" 200 4313 "-" "findlinks/2.6 (+http://wortschatz.uni-leipzig.de/findlinks/)"
5.199.136.130 - - [24/Jun/2013:02:36:47 +0200] "GET /robots.txt HTTP/1.1" 404 1256 "-" "Mozilla/5.0 (compatible; Spiderlytics/1.0; +spider@spiderlytics.com)"
5.199.136.130 - - [24/Jun/2013:02:36:47 +0200] "GET / HTTP/1.1" 200 2301 "-" "Mozilla/5.0 (compatible; Spiderlytics/1.0; +spider@spiderlytics.com)"
141.8.147.12 - - [24/Jun/2013:04:03:30 +0200] "GET /img/meno07.gif HTTP/1.1" 304 - "-" "Mozilla/5.0 (compatible; YandexImages/3.0; +http://yandex.com/bots)"
91.224.226.196 - - [24/Jun/2013:05:29:41 +0200] "GET /css/style.css HTTP/1.1" 304 - "-" "Mozilla/4.0 (compatible;)"
123.125.71.57 - - [24/Jun/2013:05:40:38 +0200] "GET / HTTP/1.1" 200 2301 "-" "Mozilla/5.0 (compatible; Baiduspider/2.0; +http://www.baidu.com/search/spider.html)"
220.181.108.84 - - [24/Jun/2013:05:41:24 +0200] "GET / HTTP/1.1" 200 2301 "-" "Mozilla/5.0 (compatible; Baiduspider/2.0; +http://www.baidu.com/search/spider.html)"
66.249.78.91 - - [24/Jun/2013:07:24:26 +0200] "GET /robots.txt HTTP/1.1" 404 1256 "-" "Mozilla/5.0 (compatible; Googlebot/2.1; +http://www.google.com/bot.html)"
66.249.78.91 - - [24/Jun/2013:07:24:26 +0200] "GET /seiten/kont_form.php HTTP/1.1" 200 6397 "-" "Mozilla/5.0 (iPhone; U; CPU iPhone OS 4_1 like Mac OS X; en-us) AppleWebKit/532.9 (KHTML, like Gecko) Version/4.0.5 Mobile/8B117 Safari/6531.22.7 (compatible; Googlebot-Mobile/2.1; +http://www.google.com/bot.html)"
27.153.187.102 - - [24/Jun/2013:08:31:04 +0200] "GET /seiten/links.htm HTTP/1.0" 200 5092 "http://www.dialyse-in-salzwedel.de/seiten/links.htm" "Mozilla/5.0 (Windows NT 6.1; rv:10.0) Gecko/20100101 Firefox/10.0"
130.83.167.153 - - [24/Jun/2013:08:53:00 +0200] "GET /seiten/leistungen.htm HTTP/1.1" 200 5060 "-" "findlinks/2.6 (+http://wortschatz.uni-leipzig.de/findlinks/)"
66.249.72.109 - - [24/Jun/2013:09:02:12 +0200] "GET /seiten/dialyse.htm HTTP/1.1" 304 - "-" "DoCoMo/2.0 N905i(c100;TB;W24H16) (compatible; Googlebot-Mobile/2.1; +http://www.google.com/bot.html)"
212.185.39.114 - - [24/Jun/2013:09:07:48 +0200] "GET / HTTP/1.1" 200 2301 "http://www.google.de/url?sa=t&rct=j&q=dialyse%20salzwedel&source=web&cd=1&sqi=2&ved=0CC4QFjAA&url=http%3A%2F%2Fwww.dialyse-in-salzwedel.de%2F&ei=y-_HUZGLF8nbtAa0_ICoAw&usg=AFQjCNHBZzdzRK6NkOJc_vuRxJ6F08FD_w&bvm=bv.48293060,d.Yms" "Mozilla/5.0 (compatible; MSIE 10.0; Windows NT 6.1; WOW64; Trident/6.0)"
212.185.39.114 - - [24/Jun/2013:09:07:48 +0200] "GET /scripte/basics.js HTTP/1.1" 200 1078 "http://www.dialyse-in-salzwedel.de/" "Mozilla/5.0 (compatible; MSIE 10.0; Windows NT 6.1; WOW64; Trident/6.0)"
212.185.39.114 - - [24/Jun/2013:09:07:48 +0200] "GET /css/style.css HTTP/1.1" 200 3212 "http://www.dialyse-in-salzwedel.de/" "Mozilla/5.0 (compatible; MSIE 10.0; Windows NT 6.1; WOW64; Trident/6.0)"
212.185.39.114 - - [24/Jun/2013:09:07:48 +0200] "GET /img/bg1.gif HTTP/1.1" 404 1256 "http://www.dialyse-in-salzwedel.de/" "Mozilla/5.0 (compatible; MSIE 10.0; Windows NT 6.1; WOW64; Trident/6.0)"
212.185.39.114 - - [24/Jun/2013:09:07:48 +0200] "GET /seiten/start.htm HTTP/1.1" 200 4313 "http://www.dialyse-in-salzwedel.de/" "Mozilla/5.0 (compatible; MSIE 10.0; Windows NT 6.1; WOW64; Trident/6.0)"
212.185.39.114 - - [24/Jun/2013:09:07:48 +0200] "GET /img/head.gif HTTP/1.1" 200 4213 "http://www.dialyse-in-salzwedel.de/seiten/start.htm" "Mozilla/5.0 (compatible; MSIE 10.0; Windows NT 6.1; WOW64; Trident/6.0)"
212.185.39.114 - - [24/Jun/2013:09:07:48 +0200] "GET /img/men01.gif HTTP/1.1" 200 702 "http://www.dialyse-in-salzwedel.de/seiten/start.htm" "Mozilla/5.0 (compatible; MSIE 10.0; Windows NT 6.1; WOW64; Trident/6.0)"
212.185.39.114 - - [24/Jun/2013:09:07:48 +0200] "GET /img/men03.gif HTTP/1.1" 200 999 "http://www.dialyse-in-salzwedel.de/seiten/start.htm" "Mozilla/5.0 (compatible; MSIE 10.0; Windows NT 6.1; WOW64; Trident/6.0)"
212.185.39.114 - - [24/Jun/2013:09:07:49 +0200] "GET /img/start.jpg HTTP/1.1" 200 18933 "http://www.dialyse-in-salzwedel.de/seiten/start.htm" "Mozilla/5.0 (compatible; MSIE 10.0; Windows NT 6.1; WOW64; Trident/6.0)"
212.185.39.114 - - [24/Jun/2013:09:07:49 +0200] "GET /img/men07.gif HTTP/1.1" 200 893 "http://www.dialyse-in-salzwedel.de/seiten/start.htm" "Mozilla/5.0 (compatible; MSIE 10.0; Windows NT 6.1; WOW64; Trident/6.0)"
212.185.39.114 - - [24/Jun/2013:09:07:49 +0200] "GET /img/men02.gif HTTP/1.1" 200 758 "http://www.dialyse-in-salzwedel.de/seiten/start.htm" "Mozilla/5.0 (compatible; MSIE 10.0; Windows NT 6.1; WOW64; Trident/6.0)"
212.185.39.114 - - [24/Jun/2013:09:07:49 +0200] "GET /img/lay01.gif HTTP/1.1" 200 149 "http://www.dialyse-in-salzwedel.de/seiten/start.htm" "Mozilla/5.0 (compatible; MSIE 10.0; Windows NT 6.1; WOW64; Trident/6.0)"
212.185.39.114 - - [24/Jun/2013:09:07:49 +0200] "GET /img/lay02.gif HTTP/1.1" 200 153 "http://www.dialyse-in-salzwedel.de/seiten/start.htm" "Mozilla/5.0 (compatible; MSIE 10.0; Windows NT 6.1; WOW64; Trident/6.0)"
212.185.39.114 - - [24/Jun/2013:09:07:49 +0200] "GET /img/men08.gif HTTP/1.1" 200 1069 "http://www.dialyse-in-salzwedel.de/seiten/start.htm" "Mozilla/5.0 (compatible; MSIE 10.0; Windows NT 6.1; WOW64; Trident/6.0)"
212.185.39.114 - - [24/Jun/2013:09:07:49 +0200] "GET /img/men05.gif HTTP/1.1" 200 1042 "http://www.dialyse-in-salzwedel.de/seiten/start.htm" "Mozilla/5.0 (compatible; MSIE 10.0; Windows NT 6.1; WOW64; Trident/6.0)"
212.185.39.114 - - [24/Jun/2013:09:07:49 +0200] "GET /img/men04.gif HTTP/1.1" 200 1234 "http://www.dialyse-in-salzwedel.de/seiten/start.htm" "Mozilla/5.0 (compatible; MSIE 10.0; Windows NT 6.1; WOW64; Trident/6.0)"
212.185.39.114 - - [24/Jun/2013:09:07:49 +0200] "GET /img/lay03.gif HTTP/1.1" 200 253 "http://www.dialyse-in-salzwedel.de/seiten/start.htm" "Mozilla/5.0 (compatible; MSIE 10.0; Windows NT 6.1; WOW64; Trident/6.0)"
212.185.39.114 - - [24/Jun/2013:09:07:49 +0200] "GET /img/1px.gif HTTP/1.1" 200 43 "http://www.dialyse-in-salzwedel.de/seiten/start.htm" "Mozilla/5.0 (compatible; MSIE 10.0; Windows NT 6.1; WOW64; Trident/6.0)"
212.185.39.114 - - [24/Jun/2013:09:07:49 +0200] "GET /img/lay04.gif HTTP/1.1" 200 272 "http://www.dialyse-in-salzwedel.de/seiten/start.htm" "Mozilla/5.0 (compatible; MSIE 10.0; Windows NT 6.1; WOW64; Trident/6.0)"
212.185.39.114 - - [24/Jun/2013:09:07:49 +0200] "GET /img/bg01.gif HTTP/1.1" 200 70 "http://www.dialyse-in-salzwedel.de/seiten/start.htm" "Mozilla/5.0 (compatible; MSIE 10.0; Windows NT 6.1; WOW64; Trident/6.0)"
212.185.39.114 - - [24/Jun/2013:09:07:49 +0200] "GET /img/bg03.gif HTTP/1.1" 200 84 "http://www.dialyse-in-salzwedel.de/seiten/start.htm" "Mozilla/5.0 (compatible; MSIE 10.0; Windows NT 6.1; WOW64; Trident/6.0)"
212.185.39.114 - - [24/Jun/2013:09:07:49 +0200] "GET /img/bg02.gif HTTP/1.1" 200 67 "http://www.dialyse-in-salzwedel.de/seiten/start.htm" "Mozilla/5.0 (compatible; MSIE 10.0; Windows NT 6.1; WOW64; Trident/6.0)"
212.185.39.114 - - [24/Jun/2013:09:07:49 +0200] "GET /img/bg04.gif HTTP/1.1" 200 92 "http://www.dialyse-in-salzwedel.de/seiten/start.htm" "Mozilla/5.0 (compatible; MSIE 10.0; Windows NT 6.1; WOW64; Trident/6.0)"
212.185.39.114 - - [24/Jun/2013:09:07:49 +0200] "GET /img/men06.gif HTTP/1.1" 200 904 "http://www.dialyse-in-salzwedel.de/seiten/start.htm" "Mozilla/5.0 (compatible; MSIE 10.0; Windows NT 6.1; WOW64; Trident/6.0)"
212.185.39.114 - - [24/Jun/2013:09:07:50 +0200] "GET /img/men09.gif HTTP/1.1" 200 1200 "http://www.dialyse-in-salzwedel.de/seiten/start.htm" "Mozilla/5.0 (compatible; MSIE 10.0; Windows NT 6.1; WOW64; Trident/6.0)"
212.185.39.114 - - [24/Jun/2013:09:07:50 +0200] "GET /favicon.ico HTTP/1.1" 404 1256 "-" "Mozilla/5.0 (compatible; MSIE 10.0; Windows NT 6.1; Win64; x64; Trident/6.0)"
212.185.39.114 - - [24/Jun/2013:09:07:51 +0200] "GET /img/meno06.gif HTTP/1.1" 200 1054 "http://www.dialyse-in-salzwedel.de/seiten/start.htm" "Mozilla/5.0 (compatible; MSIE 10.0; Windows NT 6.1; WOW64; Trident/6.0)"
212.185.39.114 - - [24/Jun/2013:09:07:52 +0200] "GET /seiten/kontakt.htm HTTP/1.1" 200 5472 "http://www.dialyse-in-salzwedel.de/seiten/start.htm" "Mozilla/5.0 (compatible; MSIE 10.0; Windows NT 6.1; WOW64; Trident/6.0)"
212.185.39.114 - - [24/Jun/2013:09:07:52 +0200] "GET /favicon.ico HTTP/1.1" 404 1256 "-" "Mozilla/5.0 (compatible; MSIE 10.0; Windows NT 6.1; Win64; x64; Trident/6.0)"
176.57.141.254 - - [24/Jun/2013:09:50:30 +0200] "GET /seiten/impressum.htm HTTP/1.1" 200 6907 "-" "Mozilla/5.0 (X11; Linux i686; rv:6.0) Gecko/20100101 Firefox/6.0"
176.57.141.254 - - [24/Jun/2013:09:50:30 +0200] "GET /seiten/kontakt.htm HTTP/1.1" 200 5472 "-" "Mozilla/5.0 (X11; Linux i686; rv:6.0) Gecko/20100101 Firefox/6.0"
46.105.114.127 - - [24/Jun/2013:09:50:31 +0200] "GET /seiten/praxis.htm HTTP/1.1" 200 5018 "-" "Mozilla/5.0 (X11; Linux i686; rv:6.0) Gecko/20100101 Firefox/6.0"
89.204.139.101 - - [24/Jun/2013:10:52:31 +0200] "GET /img/dialyse.jpg HTTP/1.1" 200 21241 "http://www.google.com/search?q=Dialyse&client=ms-android-sonyericsson&hl=de&gl=de&source=android-launcher-widget&source=lnms&tbm=isch&sa=X&ei=-wfIUdCICsLL4ATNs4HgDg&ved=0CAcQ_AUoAQ&biw=360&bih=615" "Mozilla/5.0 (Linux; U; Android 2.3.7; de-de; SonyEricssonLT22i Build/6.0.B.1.564) AppleWebKit/533.1 (KHTML, like Gecko) Version/4.0 Mobile Safari/533.1"
137.175.1.250 - - [24/Jun/2013:11:18:22 +0200] "GET /seiten/links.htm HTTP/1.0" 200 5092 "http://www.dialyse-in-salzwedel.de/seiten/links.htm" "Mozilla/5.0 (Windows NT 5.1; rv:8.0) Gecko/20100101 Firefox/8.0"
141.8.147.12 - - [24/Jun/2013:11:19:23 +0200] "GET /img/1px.gif HTTP/1.1" 304 - "-" "Mozilla/5.0 (compatible; YandexImages/3.0; +http://yandex.com/bots)"
141.8.147.12 - - [24/Jun/2013:11:28:12 +0200] "GET /img/men07.gif HTTP/1.1" 304 - "-" "Mozilla/5.0 (compatible; YandexImages/3.0; +http://yandex.com/bots)"
141.8.147.12 - - [24/Jun/2013:11:41:51 +0200] "GET /img/lay01.gif HTTP/1.1" 304 - "-" "Mozilla/5.0 (compatible; YandexImages/3.0; +http://yandex.com/bots)"
5.199.136.130 - - [24/Jun/2013:11:55:53 +0200] "GET /seiten/start.htm HTTP/1.1" 200 4313 "-" "Mozilla/5.0 (compatible; Spiderlytics/1.0; +spider@spiderlytics.com)"
88.198.40.163 - - [24/Jun/2013:12:20:55 +0200] "GET /robots.txt HTTP/1.1" 404 1256 "-" "Mozilla/5.0 (compatible; SISTRIX Crawler; http://crawler.sistrix.net/)"
88.198.40.163 - - [24/Jun/2013:12:20:55 +0200] "GET / HTTP/1.1" 206 2301 "-" "Mozilla/5.0 (compatible; SISTRIX Crawler; http://crawler.sistrix.net/)"
141.8.147.12 - - [24/Jun/2013:12:57:43 +0200] "GET /img/men02.gif HTTP/1.1" 304 - "-" "Mozilla/5.0 (compatible; YandexImages/3.0; +http://yandex.com/bots)"
141.8.147.12 - - [24/Jun/2013:12:58:53 +0200] "GET /img/men06.gif HTTP/1.1" 304 - "-" "Mozilla/5.0 (compatible; YandexImages/3.0; +http://yandex.com/bots)"
84.38.65.176 - - [24/Jun/2013:13:02:17 +0200] "GET / HTTP/1.0" 200 2301 "http://www.backlink-webkatalog.de/" "Mozilla/5.0 (Windows; U; Windows NT 5.1; de; rv:1.9.0.12) Gecko/2009070611 Firefox/3.0.12 GTB7.1 (.NET CLR 3.5.30729)"
141.8.147.12 - - [24/Jun/2013:13:30:12 +0200] "GET /img/men05.gif HTTP/1.1" 304 - "-" "Mozilla/5.0 (compatible; YandexImages/3.0; +http://yandex.com/bots)"
130.83.167.153 - - [24/Jun/2013:14:09:00 +0200] "GET /seiten/dialyse.htm HTTP/1.1" 200 4906 "-" "findlinks/2.6 (+http://wortschatz.uni-leipzig.de/findlinks/)"
130.83.167.153 - - [24/Jun/2013:14:46:01 +0200] "GET /seiten/kont_form.php HTTP/1.1" 200 6397 "-" "findlinks/2.6 (+http://wortschatz.uni-leipzig.de/findlinks/)"
212.185.39.114 - - [24/Jun/2013:15:43:20 +0200] "GET / HTTP/1.1" 304 - "http://www.google.de/url?sa=t&rct=j&q=dialyse%20salzwedel&source=web&cd=1&sqi=2&ved=0CC4QFjAA&url=http%3A%2F%2Fwww.dialyse-in-salzwedel.de%2F&ei=fkzIUdnwJoaptAacn4HoBw&usg=AFQjCNHBZzdzRK6NkOJc_vuRxJ6F08FD_w&bvm=bv.48293060,d.Yms" "Mozilla/5.0 (compatible; MSIE 10.0; Windows NT 6.1; WOW64; Trident/6.0)"
212.185.39.114 - - [24/Jun/2013:15:43:20 +0200] "GET /img/bg1.gif HTTP/1.1" 404 1256 "http://www.dialyse-in-salzwedel.de/" "Mozilla/5.0 (compatible; MSIE 10.0; Windows NT 6.1; WOW64; Trident/6.0)"
212.185.39.114 - - [24/Jun/2013:15:43:20 +0200] "GET /scripte/basics.js HTTP/1.1" 304 - "http://www.dialyse-in-salzwedel.de/" "Mozilla/5.0 (compatible; MSIE 10.0; Windows NT 6.1; WOW64; Trident/6.0)"
212.185.39.114 - - [24/Jun/2013:15:43:20 +0200] "GET /css/style.css HTTP/1.1" 304 - "http://www.dialyse-in-salzwedel.de/" "Mozilla/5.0 (compatible; MSIE 10.0; Windows NT 6.1; WOW64; Trident/6.0)"
212.185.39.114 - - [24/Jun/2013:15:43:20 +0200] "GET /seiten/start.htm HTTP/1.1" 304 - "http://www.dialyse-in-salzwedel.de/" "Mozilla/5.0 (compatible; MSIE 10.0; Windows NT 6.1; WOW64; Trident/6.0)"
212.185.39.114 - - [24/Jun/2013:15:43:20 +0200] "GET /img/head.gif HTTP/1.1" 304 - "http://www.dialyse-in-salzwedel.de/seiten/start.htm" "Mozilla/5.0 (compatible; MSIE 10.0; Windows NT 6.1; WOW64; Trident/6.0)"
212.185.39.114 - - [24/Jun/2013:15:43:20 +0200] "GET /img/men01.gif HTTP/1.1" 304 - "http://www.dialyse-in-salzwedel.de/seiten/start.htm" "Mozilla/5.0 (compatible; MSIE 10.0; Windows NT 6.1; WOW64; Trident/6.0)"
212.185.39.114 - - [24/Jun/2013:15:43:20 +0200] "GET /img/men03.gif HTTP/1.1" 304 - "http://www.dialyse-in-salzwedel.de/seiten/start.htm" "Mozilla/5.0 (compatible; MSIE 10.0; Windows NT 6.1; WOW64; Trident/6.0)"
212.185.39.114 - - [24/Jun/2013:15:43:20 +0200] "GET /img/men04.gif HTTP/1.1" 304 - "http://www.dialyse-in-salzwedel.de/seiten/start.htm" "Mozilla/5.0 (compatible; MSIE 10.0; Windows NT 6.1; WOW64; Trident/6.0)"
212.185.39.114 - - [24/Jun/2013:15:43:20 +0200] "GET /img/men05.gif HTTP/1.1" 304 - "http://www.dialyse-in-salzwedel.de/seiten/start.htm" "Mozilla/5.0 (compatible; MSIE 10.0; Windows NT 6.1; WOW64; Trident/6.0)"
212.185.39.114 - - [24/Jun/2013:15:43:20 +0200] "GET /img/men06.gif HTTP/1.1" 304 - "http://www.dialyse-in-salzwedel.de/seiten/start.htm" "Mozilla/5.0 (compatible; MSIE 10.0; Windows NT 6.1; WOW64; Trident/6.0)"
212.185.39.114 - - [24/Jun/2013:15:43:20 +0200] "GET /img/men09.gif HTTP/1.1" 200 1200 "http://www.dialyse-in-salzwedel.de/seiten/start.htm" "Mozilla/5.0 (compatible; MSIE 10.0; Windows NT 6.1; WOW64; Trident/6.0)"
212.185.39.114 - - [24/Jun/2013:15:43:20 +0200] "GET /img/men07.gif HTTP/1.1" 304 - "http://www.dialyse-in-salzwedel.de/seiten/start.htm" "Mozilla/5.0 (compatible; MSIE 10.0; Windows NT 6.1; WOW64; Trident/6.0)"
212.185.39.114 - - [24/Jun/2013:15:43:20 +0200] "GET /img/men02.gif HTTP/1.1" 304 - "http://www.dialyse-in-salzwedel.de/seiten/start.htm" "Mozilla/5.0 (compatible; MSIE 10.0; Windows NT 6.1; WOW64; Trident/6.0)"
212.185.39.114 - - [24/Jun/2013:15:43:20 +0200] "GET /img/lay02.gif HTTP/1.1" 304 - "http://www.dialyse-in-salzwedel.de/seiten/start.htm" "Mozilla/5.0 (compatible; MSIE 10.0; Windows NT 6.1; WOW64; Trident/6.0)"
212.185.39.114 - - [24/Jun/2013:15:43:20 +0200] "GET /img/1px.gif HTTP/1.1" 304 - "http://www.dialyse-in-salzwedel.de/seiten/start.htm" "Mozilla/5.0 (compatible; MSIE 10.0; Windows NT 6.1; WOW64; Trident/6.0)"
212.185.39.114 - - [24/Jun/2013:15:43:20 +0200] "GET /img/lay03.gif HTTP/1.1" 304 - "http://www.dialyse-in-salzwedel.de/seiten/start.htm" "Mozilla/5.0 (compatible; MSIE 10.0; Windows NT 6.1; WOW64; Trident/6.0)"
212.185.39.114 - - [24/Jun/2013:15:43:20 +0200] "GET /img/start.jpg HTTP/1.1" 304 - "http://www.dialyse-in-salzwedel.de/seiten/start.htm" "Mozilla/5.0 (compatible; MSIE 10.0; Windows NT 6.1; WOW64; Trident/6.0)"
212.185.39.114 - - [24/Jun/2013:15:43:20 +0200] "GET /img/lay04.gif HTTP/1.1" 304 - "http://www.dialyse-in-salzwedel.de/seiten/start.htm" "Mozilla/5.0 (compatible; MSIE 10.0; Windows NT 6.1; WOW64; Trident/6.0)"
212.185.39.114 - - [24/Jun/2013:15:43:20 +0200] "GET /img/bg02.gif HTTP/1.1" 304 - "http://www.dialyse-in-salzwedel.de/seiten/start.htm" "Mozilla/5.0 (compatible; MSIE 10.0; Windows NT 6.1; WOW64; Trident/6.0)"
212.185.39.114 - - [24/Jun/2013:15:43:20 +0200] "GET /img/bg01.gif HTTP/1.1" 304 - "http://www.dialyse-in-salzwedel.de/seiten/start.htm" "Mozilla/5.0 (compatible; MSIE 10.0; Windows NT 6.1; WOW64; Trident/6.0)"
212.185.39.114 - - [24/Jun/2013:15:43:20 +0200] "GET /img/bg03.gif HTTP/1.1" 304 - "http://www.dialyse-in-salzwedel.de/seiten/start.htm" "Mozilla/5.0 (compatible; MSIE 10.0; Windows NT 6.1; WOW64; Trident/6.0)"
