50.31.96.16 - - [26/Aug/2013:05:55:46 +0200] "GET /css/style.css HTTP/1.1" 200 3212 "http://www.dialyse-in-salzwedel.de/seiten/start.htm" "Mozilla/5.0 (X11; U; Linux x86_64; en-US) AppleWebKit/534.3 (KHTML, like Gecko) Qt/4.7.4 Safari/534.3"
50.31.96.16 - - [26/Aug/2013:05:55:46 +0200] "GET /img/men01.gif HTTP/1.1" 200 702 "http://www.dialyse-in-salzwedel.de/seiten/start.htm" "Mozilla/5.0 (X11; U; Linux x86_64; en-US) AppleWebKit/534.3 (KHTML, like Gecko) Qt/4.7.4 Safari/534.3"
50.31.96.16 - - [26/Aug/2013:05:55:46 +0200] "GET /img/head.gif HTTP/1.1" 200 4213 "http://www.dialyse-in-salzwedel.de/seiten/start.htm" "Mozilla/5.0 (X11; U; Linux x86_64; en-US) AppleWebKit/534.3 (KHTML, like Gecko) Qt/4.7.4 Safari/534.3"
50.31.96.16 - - [26/Aug/2013:05:55:46 +0200] "GET /img/men04.gif HTTP/1.1" 200 1234 "http://www.dialyse-in-salzwedel.de/seiten/start.htm" "Mozilla/5.0 (X11; U; Linux x86_64; en-US) AppleWebKit/534.3 (KHTML, like Gecko) Qt/4.7.4 Safari/534.3"
50.31.96.16 - - [26/Aug/2013:05:55:46 +0200] "GET /img/men06.gif HTTP/1.1" 200 904 "http://www.dialyse-in-salzwedel.de/seiten/start.htm" "Mozilla/5.0 (X11; U; Linux x86_64; en-US) AppleWebKit/534.3 (KHTML, like Gecko) Qt/4.7.4 Safari/534.3"
50.31.96.16 - - [26/Aug/2013:05:55:46 +0200] "GET /img/men08.gif HTTP/1.1" 200 1069 "http://www.dialyse-in-salzwedel.de/seiten/start.htm" "Mozilla/5.0 (X11; U; Linux x86_64; en-US) AppleWebKit/534.3 (KHTML, like Gecko) Qt/4.7.4 Safari/534.3"
50.31.96.16 - - [26/Aug/2013:05:55:46 +0200] "GET /img/men07.gif HTTP/1.1" 200 893 "http://www.dialyse-in-salzwedel.de/seiten/start.htm" "Mozilla/5.0 (X11; U; Linux x86_64; en-US) AppleWebKit/534.3 (KHTML, like Gecko) Qt/4.7.4 Safari/534.3"
50.31.96.16 - - [26/Aug/2013:05:55:46 +0200] "GET /img/men09.gif HTTP/1.1" 200 1200 "http://www.dialyse-in-salzwedel.de/seiten/start.htm" "Mozilla/5.0 (X11; U; Linux x86_64; en-US) AppleWebKit/534.3 (KHTML, like Gecko) Qt/4.7.4 Safari/534.3"
50.31.96.16 - - [26/Aug/2013:05:55:46 +0200] "GET /img/men02.gif HTTP/1.1" 200 758 "http://www.dialyse-in-salzwedel.de/seiten/start.htm" "Mozilla/5.0 (X11; U; Linux x86_64; en-US) AppleWebKit/534.3 (KHTML, like Gecko) Qt/4.7.4 Safari/534.3"
50.31.96.16 - - [26/Aug/2013:05:55:46 +0200] "GET /img/lay01.gif HTTP/1.1" 200 149 "http://www.dialyse-in-salzwedel.de/seiten/start.htm" "Mozilla/5.0 (X11; U; Linux x86_64; en-US) AppleWebKit/534.3 (KHTML, like Gecko) Qt/4.7.4 Safari/534.3"
50.31.96.16 - - [26/Aug/2013:05:55:46 +0200] "GET /img/lay03.gif HTTP/1.1" 200 253 "http://www.dialyse-in-salzwedel.de/seiten/start.htm" "Mozilla/5.0 (X11; U; Linux x86_64; en-US) AppleWebKit/534.3 (KHTML, like Gecko) Qt/4.7.4 Safari/534.3"
50.31.96.16 - - [26/Aug/2013:05:55:46 +0200] "GET /img/start.jpg HTTP/1.1" 200 18933 "http://www.dialyse-in-salzwedel.de/seiten/start.htm" "Mozilla/5.0 (X11; U; Linux x86_64; en-US) AppleWebKit/534.3 (KHTML, like Gecko) Qt/4.7.4 Safari/534.3"
50.31.96.16 - - [26/Aug/2013:05:55:46 +0200] "GET /img/lay02.gif HTTP/1.1" 200 153 "http://www.dialyse-in-salzwedel.de/seiten/start.htm" "Mozilla/5.0 (X11; U; Linux x86_64; en-US) AppleWebKit/534.3 (KHTML, like Gecko) Qt/4.7.4 Safari/534.3"
50.31.96.16 - - [26/Aug/2013:05:55:46 +0200] "GET /img/1px.gif HTTP/1.1" 200 43 "http://www.dialyse-in-salzwedel.de/seiten/start.htm" "Mozilla/5.0 (X11; U; Linux x86_64; en-US) AppleWebKit/534.3 (KHTML, like Gecko) Qt/4.7.4 Safari/534.3"
50.31.96.16 - - [26/Aug/2013:05:55:46 +0200] "GET /img/lay04.gif HTTP/1.1" 200 272 "http://www.dialyse-in-salzwedel.de/seiten/start.htm" "Mozilla/5.0 (X11; U; Linux x86_64; en-US) AppleWebKit/534.3 (KHTML, like Gecko) Qt/4.7.4 Safari/534.3"
50.31.96.16 - - [26/Aug/2013:05:55:46 +0200] "GET /img/bg02.gif HTTP/1.1" 200 67 "http://www.dialyse-in-salzwedel.de/seiten/start.htm" "Mozilla/5.0 (X11; U; Linux x86_64; en-US) AppleWebKit/534.3 (KHTML, like Gecko) Qt/4.7.4 Safari/534.3"
50.31.96.16 - - [26/Aug/2013:05:55:46 +0200] "GET /img/bg03.gif HTTP/1.1" 200 84 "http://www.dialyse-in-salzwedel.de/seiten/start.htm" "Mozilla/5.0 (X11; U; Linux x86_64; en-US) AppleWebKit/534.3 (KHTML, like Gecko) Qt/4.7.4 Safari/534.3"
50.31.96.16 - - [26/Aug/2013:05:55:46 +0200] "GET /img/bg01.gif HTTP/1.1" 200 70 "http://www.dialyse-in-salzwedel.de/seiten/start.htm" "Mozilla/5.0 (X11; U; Linux x86_64; en-US) AppleWebKit/534.3 (KHTML, like Gecko) Qt/4.7.4 Safari/534.3"
50.31.96.16 - - [26/Aug/2013:05:55:46 +0200] "GET /img/bg04.gif HTTP/1.1" 200 92 "http://www.dialyse-in-salzwedel.de/seiten/start.htm" "Mozilla/5.0 (X11; U; Linux x86_64; en-US) AppleWebKit/534.3 (KHTML, like Gecko) Qt/4.7.4 Safari/534.3"
66.249.78.91 - - [26/Aug/2013:06:21:25 +0200] "GET /robots.txt HTTP/1.1" 404 1256 "-" "Mozilla/5.0 (compatible; Googlebot/2.1; +http://www.google.com/bot.html)"
66.249.78.91 - - [26/Aug/2013:06:21:26 +0200] "GET /favicon.ico HTTP/1.1" 404 1256 "-" "Googlebot-Image/1.0"
157.55.36.35 - - [26/Aug/2013:06:53:11 +0200] "GET /robots.txt HTTP/1.1" 404 1256 "-" "Mozilla/5.0 (compatible; bingbot/2.0; +http://www.bing.com/bingbot.htm)"
157.55.36.35 - - [26/Aug/2013:06:53:41 +0200] "GET /css/style.css HTTP/1.1" 200 3212 "-" "Mozilla/5.0 (compatible; bingbot/2.0; +http://www.bing.com/bingbot.htm)"
157.55.36.35 - - [26/Aug/2013:06:53:42 +0200] "GET /scripte/basics.js HTTP/1.1" 200 1078 "-" "Mozilla/5.0 (compatible; bingbot/2.0; +http://www.bing.com/bingbot.htm)"
175.44.30.74 - - [26/Aug/2013:07:57:49 +0200] "GET /seiten/links.htm HTTP/1.0" 200 5092 "http://www.dialyse-in-salzwedel.de/seiten/links.htm" "Opera/9.80 (Windows NT 6.1; WOW64; MRA 8.0 (build 5784)) Presto/2.12.388 Version/12.10"
208.115.113.92 - - [26/Aug/2013:09:49:48 +0200] "GET /robots.txt HTTP/1.1" 404 1256 "-" "Mozilla/5.0 (compatible; Ezooms/1.0; ezooms.bot@gmail.com)"
157.56.93.52 - - [26/Aug/2013:10:31:52 +0200] "GET /robots.txt HTTP/1.1" 404 1256 "-" "Mozilla/5.0 (compatible; bingbot/2.0; +http://www.bing.com/bingbot.htm)"
157.56.93.52 - - [26/Aug/2013:10:32:24 +0200] "GET / HTTP/1.1" 200 2301 "-" "Mozilla/5.0 (compatible; bingbot/2.0; +http://www.bing.com/bingbot.htm)"
208.115.113.92 - - [26/Aug/2013:11:35:59 +0200] "GET /seiten/news.php HTTP/1.1" 200 4865 "-" "Mozilla/5.0 (compatible; Ezooms/1.0; ezooms.bot@gmail.com)"
66.249.75.109 - - [26/Aug/2013:11:54:19 +0200] "GET /robots.txt HTTP/1.1" 404 1256 "-" "Mozilla/5.0 (compatible; Googlebot/2.1; +http://www.google.com/bot.html)"
66.249.78.91 - - [26/Aug/2013:11:54:19 +0200] "GET /seiten/start.htm HTTP/1.1" 304 - "-" "Mozilla/5.0 (compatible; Googlebot/2.1; +http://www.google.com/bot.html)"
141.8.147.12 - - [26/Aug/2013:12:10:10 +0200] "GET /robots.txt HTTP/1.1" 404 1256 "-" "Mozilla/5.0 (compatible; YandexBot/3.0; +http://yandex.com/bots)"
157.56.93.52 - - [26/Aug/2013:12:37:19 +0200] "GET /robots.txt HTTP/1.1" 404 1256 "-" "Mozilla/5.0 (compatible; bingbot/2.0; +http://www.bing.com/bingbot.htm)"
123.125.71.50 - - [26/Aug/2013:12:45:10 +0200] "GET / HTTP/1.1" 200 2301 "-" "Mozilla/5.0 (compatible; Baiduspider/2.0; +http://www.baidu.com/search/spider.html)"
220.181.108.118 - - [26/Aug/2013:12:45:35 +0200] "GET / HTTP/1.1" 200 2301 "-" "Mozilla/5.0 (compatible; Baiduspider/2.0; +http://www.baidu.com/search/spider.html)"
66.249.78.91 - - [26/Aug/2013:13:01:06 +0200] "GET /seiten/start.htm HTTP/1.1" 304 - "-" "Mozilla/5.0 (iPhone; U; CPU iPhone OS 4_1 like Mac OS X; en-us) AppleWebKit/532.9 (KHTML, like Gecko) Version/4.0.5 Mobile/8B117 Safari/6531.22.7 (compatible; Googlebot-Mobile/2.1; +http://www.google.com/bot.html)"
157.56.93.52 - - [26/Aug/2013:13:07:37 +0200] "GET /seiten/dialyse.htm HTTP/1.1" 200 4906 "-" "Mozilla/5.0 (compatible; bingbot/2.0; +http://www.bing.com/bingbot.htm)"
94.16.0.19 - - [26/Aug/2013:13:21:15 +0200] "GET / HTTP/1.1" 200 2301 "http://www.google.de/url?sa=t&rct=j&q=&esrc=s&frm=1&source=web&cd=1&ved=0CDIQFjAA&url=http%3A%2F%2Fwww.dialyse-in-salzwedel.de%2F&ei=uzkbUrrjD8TW4ATUjoCIDA&usg=AFQjCNHBZzdzRK6NkOJc_vuRxJ6F08FD_w&bvm=bv.51156542,d.bGE" "Mozilla/4.0 (compatible; MSIE 8.0; Windows NT 5.1; Trident/4.0; GTB7.5; .NET CLR 1.1.4322; .NET CLR 2.0.50727; .NET CLR 3.0.4506.2152; .NET CLR 3.5.30729)"
94.16.0.19 - - [26/Aug/2013:13:21:15 +0200] "GET /scripte/basics.js HTTP/1.1" 200 1078 "http://www.dialyse-in-salzwedel.de/" "Mozilla/4.0 (compatible; MSIE 8.0; Windows NT 5.1; Trident/4.0; GTB7.5; .NET CLR 1.1.4322; .NET CLR 2.0.50727; .NET CLR 3.0.4506.2152; .NET CLR 3.5.30729)"
94.16.0.19 - - [26/Aug/2013:13:21:15 +0200] "GET /css/style.css HTTP/1.1" 200 3212 "http://www.dialyse-in-salzwedel.de/" "Mozilla/4.0 (compatible; MSIE 8.0; Windows NT 5.1; Trident/4.0; GTB7.5; .NET CLR 1.1.4322; .NET CLR 2.0.50727; .NET CLR 3.0.4506.2152; .NET CLR 3.5.30729)"
94.16.0.19 - - [26/Aug/2013:13:21:15 +0200] "GET /seiten/start.htm HTTP/1.1" 200 4313 "-" "Mozilla/4.0 (compatible; MSIE 8.0; Windows NT 5.1; Trident/4.0; GTB7.5; .NET CLR 1.1.4322; .NET CLR 2.0.50727; .NET CLR 3.0.4506.2152; .NET CLR 3.5.30729)"
94.16.0.19 - - [26/Aug/2013:13:21:15 +0200] "GET /img/head.gif HTTP/1.1" 200 4213 "http://www.dialyse-in-salzwedel.de/seiten/start.htm" "Mozilla/4.0 (compatible; MSIE 8.0; Windows NT 5.1; Trident/4.0; GTB7.5; .NET CLR 1.1.4322; .NET CLR 2.0.50727; .NET CLR 3.0.4506.2152; .NET CLR 3.5.30729)"
94.16.0.19 - - [26/Aug/2013:13:21:15 +0200] "GET /img/men01.gif HTTP/1.1" 200 702 "http://www.dialyse-in-salzwedel.de/seiten/start.htm" "Mozilla/4.0 (compatible; MSIE 8.0; Windows NT 5.1; Trident/4.0; GTB7.5; .NET CLR 1.1.4322; .NET CLR 2.0.50727; .NET CLR 3.0.4506.2152; .NET CLR 3.5.30729)"
94.16.0.19 - - [26/Aug/2013:13:21:15 +0200] "GET /img/men03.gif HTTP/1.1" 200 999 "http://www.dialyse-in-salzwedel.de/seiten/start.htm" "Mozilla/4.0 (compatible; MSIE 8.0; Windows NT 5.1; Trident/4.0; GTB7.5; .NET CLR 1.1.4322; .NET CLR 2.0.50727; .NET CLR 3.0.4506.2152; .NET CLR 3.5.30729)"
94.16.0.19 - - [26/Aug/2013:13:21:15 +0200] "GET /img/men04.gif HTTP/1.1" 200 1234 "http://www.dialyse-in-salzwedel.de/seiten/start.htm" "Mozilla/4.0 (compatible; MSIE 8.0; Windows NT 5.1; Trident/4.0; GTB7.5; .NET CLR 1.1.4322; .NET CLR 2.0.50727; .NET CLR 3.0.4506.2152; .NET CLR 3.5.30729)"
94.16.0.19 - - [26/Aug/2013:13:21:15 +0200] "GET /img/men05.gif HTTP/1.1" 200 1042 "http://www.dialyse-in-salzwedel.de/seiten/start.htm" "Mozilla/4.0 (compatible; MSIE 8.0; Windows NT 5.1; Trident/4.0; GTB7.5; .NET CLR 1.1.4322; .NET CLR 2.0.50727; .NET CLR 3.0.4506.2152; .NET CLR 3.5.30729)"
94.16.0.19 - - [26/Aug/2013:13:21:15 +0200] "GET /img/men07.gif HTTP/1.1" 200 893 "http://www.dialyse-in-salzwedel.de/seiten/start.htm" "Mozilla/4.0 (compatible; MSIE 8.0; Windows NT 5.1; Trident/4.0; GTB7.5; .NET CLR 1.1.4322; .NET CLR 2.0.50727; .NET CLR 3.0.4506.2152; .NET CLR 3.5.30729)"
94.16.0.19 - - [26/Aug/2013:13:21:15 +0200] "GET /img/men08.gif HTTP/1.1" 200 1069 "http://www.dialyse-in-salzwedel.de/seiten/start.htm" "Mozilla/4.0 (compatible; MSIE 8.0; Windows NT 5.1; Trident/4.0; GTB7.5; .NET CLR 1.1.4322; .NET CLR 2.0.50727; .NET CLR 3.0.4506.2152; .NET CLR 3.5.30729)"
94.16.0.19 - - [26/Aug/2013:13:21:15 +0200] "GET /img/men06.gif HTTP/1.1" 200 904 "http://www.dialyse-in-salzwedel.de/seiten/start.htm" "Mozilla/4.0 (compatible; MSIE 8.0; Windows NT 5.1; Trident/4.0; GTB7.5; .NET CLR 1.1.4322; .NET CLR 2.0.50727; .NET CLR 3.0.4506.2152; .NET CLR 3.5.30729)"
94.16.0.19 - - [26/Aug/2013:13:21:15 +0200] "GET /img/men09.gif HTTP/1.1" 200 1200 "http://www.dialyse-in-salzwedel.de/seiten/start.htm" "Mozilla/4.0 (compatible; MSIE 8.0; Windows NT 5.1; Trident/4.0; GTB7.5; .NET CLR 1.1.4322; .NET CLR 2.0.50727; .NET CLR 3.0.4506.2152; .NET CLR 3.5.30729)"
94.16.0.19 - - [26/Aug/2013:13:21:15 +0200] "GET /img/men02.gif HTTP/1.1" 200 758 "http://www.dialyse-in-salzwedel.de/seiten/start.htm" "Mozilla/4.0 (compatible; MSIE 8.0; Windows NT 5.1; Trident/4.0; GTB7.5; .NET CLR 1.1.4322; .NET CLR 2.0.50727; .NET CLR 3.0.4506.2152; .NET CLR 3.5.30729)"
94.16.0.19 - - [26/Aug/2013:13:21:15 +0200] "GET /img/lay01.gif HTTP/1.1" 200 149 "http://www.dialyse-in-salzwedel.de/seiten/start.htm" "Mozilla/4.0 (compatible; MSIE 8.0; Windows NT 5.1; Trident/4.0; GTB7.5; .NET CLR 1.1.4322; .NET CLR 2.0.50727; .NET CLR 3.0.4506.2152; .NET CLR 3.5.30729)"
94.16.0.19 - - [26/Aug/2013:13:21:15 +0200] "GET /img/lay02.gif HTTP/1.1" 200 153 "http://www.dialyse-in-salzwedel.de/seiten/start.htm" "Mozilla/4.0 (compatible; MSIE 8.0; Windows NT 5.1; Trident/4.0; GTB7.5; .NET CLR 1.1.4322; .NET CLR 2.0.50727; .NET CLR 3.0.4506.2152; .NET CLR 3.5.30729)"
94.16.0.19 - - [26/Aug/2013:13:21:15 +0200] "GET /img/start.jpg HTTP/1.1" 200 18933 "http://www.dialyse-in-salzwedel.de/seiten/start.htm" "Mozilla/4.0 (compatible; MSIE 8.0; Windows NT 5.1; Trident/4.0; GTB7.5; .NET CLR 1.1.4322; .NET CLR 2.0.50727; .NET CLR 3.0.4506.2152; .NET CLR 3.5.30729)"
94.16.0.19 - - [26/Aug/2013:13:21:15 +0200] "GET /img/lay03.gif HTTP/1.1" 200 253 "http://www.dialyse-in-salzwedel.de/seiten/start.htm" "Mozilla/4.0 (compatible; MSIE 8.0; Windows NT 5.1; Trident/4.0; GTB7.5; .NET CLR 1.1.4322; .NET CLR 2.0.50727; .NET CLR 3.0.4506.2152; .NET CLR 3.5.30729)"
94.16.0.19 - - [26/Aug/2013:13:21:15 +0200] "GET /img/1px.gif HTTP/1.1" 200 43 "http://www.dialyse-in-salzwedel.de/seiten/start.htm" "Mozilla/4.0 (compatible; MSIE 8.0; Windows NT 5.1; Trident/4.0; GTB7.5; .NET CLR 1.1.4322; .NET CLR 2.0.50727; .NET CLR 3.0.4506.2152; .NET CLR 3.5.30729)"
94.16.0.19 - - [26/Aug/2013:13:21:15 +0200] "GET /img/lay04.gif HTTP/1.1" 200 272 "http://www.dialyse-in-salzwedel.de/seiten/start.htm" "Mozilla/4.0 (compatible; MSIE 8.0; Windows NT 5.1; Trident/4.0; GTB7.5; .NET CLR 1.1.4322; .NET CLR 2.0.50727; .NET CLR 3.0.4506.2152; .NET CLR 3.5.30729)"
94.16.0.19 - - [26/Aug/2013:13:21:15 +0200] "GET /img/bg02.gif HTTP/1.1" 200 67 "http://www.dialyse-in-salzwedel.de/seiten/start.htm" "Mozilla/4.0 (compatible; MSIE 8.0; Windows NT 5.1; Trident/4.0; GTB7.5; .NET CLR 1.1.4322; .NET CLR 2.0.50727; .NET CLR 3.0.4506.2152; .NET CLR 3.5.30729)"
94.16.0.19 - - [26/Aug/2013:13:21:15 +0200] "GET /img/bg01.gif HTTP/1.1" 200 70 "http://www.dialyse-in-salzwedel.de/seiten/start.htm" "Mozilla/4.0 (compatible; MSIE 8.0; Windows NT 5.1; Trident/4.0; GTB7.5; .NET CLR 1.1.4322; .NET CLR 2.0.50727; .NET CLR 3.0.4506.2152; .NET CLR 3.5.30729)"
94.16.0.19 - - [26/Aug/2013:13:21:15 +0200] "GET /img/bg03.gif HTTP/1.1" 200 84 "http://www.dialyse-in-salzwedel.de/seiten/start.htm" "Mozilla/4.0 (compatible; MSIE 8.0; Windows NT 5.1; Trident/4.0; GTB7.5; .NET CLR 1.1.4322; .NET CLR 2.0.50727; .NET CLR 3.0.4506.2152; .NET CLR 3.5.30729)"
94.16.0.19 - - [26/Aug/2013:13:21:15 +0200] "GET /img/bg04.gif HTTP/1.1" 200 92 "http://www.dialyse-in-salzwedel.de/seiten/start.htm" "Mozilla/4.0 (compatible; MSIE 8.0; Windows NT 5.1; Trident/4.0; GTB7.5; .NET CLR 1.1.4322; .NET CLR 2.0.50727; .NET CLR 3.0.4506.2152; .NET CLR 3.5.30729)"
94.16.0.19 - - [26/Aug/2013:13:21:15 +0200] "GET /favicon.ico HTTP/1.1" 404 1256 "-" "Mozilla/4.0 (compatible; MSIE 8.0; Windows NT 5.1; Trident/4.0; GTB7.5; .NET CLR 1.1.4322; .NET CLR 2.0.50727; .NET CLR 3.0.4506.2152; .NET CLR 3.5.30729)"
94.16.0.19 - - [26/Aug/2013:13:21:18 +0200] "GET /img/meno02.gif HTTP/1.1" 200 1200 "http://www.dialyse-in-salzwedel.de/seiten/start.htm" "Mozilla/4.0 (compatible; MSIE 8.0; Windows NT 5.1; Trident/4.0; GTB7.5; .NET CLR 1.1.4322; .NET CLR 2.0.50727; .NET CLR 3.0.4506.2152; .NET CLR 3.5.30729)"
94.16.0.19 - - [26/Aug/2013:13:21:18 +0200] "GET /img/meno01.gif HTTP/1.1" 200 938 "http://www.dialyse-in-salzwedel.de/seiten/start.htm" "Mozilla/4.0 (compatible; MSIE 8.0; Windows NT 5.1; Trident/4.0; GTB7.5; .NET CLR 1.1.4322; .NET CLR 2.0.50727; .NET CLR 3.0.4506.2152; .NET CLR 3.5.30729)"
94.16.0.19 - - [26/Aug/2013:13:21:20 +0200] "GET /img/meno01.gif HTTP/1.1" 304 - "http://www.dialyse-in-salzwedel.de/seiten/start.htm" "Mozilla/4.0 (compatible; MSIE 8.0; Windows NT 5.1; Trident/4.0; GTB7.5; .NET CLR 1.1.4322; .NET CLR 2.0.50727; .NET CLR 3.0.4506.2152; .NET CLR 3.5.30729)"
94.16.0.19 - - [26/Aug/2013:13:21:21 +0200] "GET /seiten/praxis.htm HTTP/1.1" 200 5018 "http://www.dialyse-in-salzwedel.de/seiten/start.htm" "Mozilla/4.0 (compatible; MSIE 8.0; Windows NT 5.1; Trident/4.0; GTB7.5; .NET CLR 1.1.4322; .NET CLR 2.0.50727; .NET CLR 3.0.4506.2152; .NET CLR 3.5.30729)"
94.16.0.19 - - [26/Aug/2013:13:21:21 +0200] "GET /img/praxis.jpg HTTP/1.1" 200 13082 "http://www.dialyse-in-salzwedel.de/seiten/praxis.htm" "Mozilla/4.0 (compatible; MSIE 8.0; Windows NT 5.1; Trident/4.0; GTB7.5; .NET CLR 1.1.4322; .NET CLR 2.0.50727; .NET CLR 3.0.4506.2152; .NET CLR 3.5.30729)"
94.16.0.19 - - [26/Aug/2013:13:21:21 +0200] "GET /favicon.ico HTTP/1.1" 404 1256 "-" "Mozilla/4.0 (compatible; MSIE 8.0; Windows NT 5.1; Trident/4.0; GTB7.5; .NET CLR 1.1.4322; .NET CLR 2.0.50727; .NET CLR 3.0.4506.2152; .NET CLR 3.5.30729)"
94.16.0.19 - - [26/Aug/2013:13:21:27 +0200] "GET /img/meno03.gif HTTP/1.1" 200 931 "http://www.dialyse-in-salzwedel.de/seiten/praxis.htm" "Mozilla/4.0 (compatible; MSIE 8.0; Windows NT 5.1; Trident/4.0; GTB7.5; .NET CLR 1.1.4322; .NET CLR 2.0.50727; .NET CLR 3.0.4506.2152; .NET CLR 3.5.30729)"
94.16.0.19 - - [26/Aug/2013:13:21:28 +0200] "GET /img/meno04.gif HTTP/1.1" 200 727 "http://www.dialyse-in-salzwedel.de/seiten/praxis.htm" "Mozilla/4.0 (compatible; MSIE 8.0; Windows NT 5.1; Trident/4.0; GTB7.5; .NET CLR 1.1.4322; .NET CLR 2.0.50727; .NET CLR 3.0.4506.2152; .NET CLR 3.5.30729)"
94.16.0.19 - - [26/Aug/2013:13:21:28 +0200] "GET /img/meno05.gif HTTP/1.1" 200 788 "http://www.dialyse-in-salzwedel.de/seiten/praxis.htm" "Mozilla/4.0 (compatible; MSIE 8.0; Windows NT 5.1; Trident/4.0; GTB7.5; .NET CLR 1.1.4322; .NET CLR 2.0.50727; .NET CLR 3.0.4506.2152; .NET CLR 3.5.30729)"
94.16.0.19 - - [26/Aug/2013:13:21:28 +0200] "GET /img/meno06.gif HTTP/1.1" 200 1054 "http://www.dialyse-in-salzwedel.de/seiten/praxis.htm" "Mozilla/4.0 (compatible; MSIE 8.0; Windows NT 5.1; Trident/4.0; GTB7.5; .NET CLR 1.1.4322; .NET CLR 2.0.50727; .NET CLR 3.0.4506.2152; .NET CLR 3.5.30729)"
94.16.0.19 - - [26/Aug/2013:13:21:28 +0200] "GET /img/meno07.gif HTTP/1.1" 200 1052 "http://www.dialyse-in-salzwedel.de/seiten/praxis.htm" "Mozilla/4.0 (compatible; MSIE 8.0; Windows NT 5.1; Trident/4.0; GTB7.5; .NET CLR 1.1.4322; .NET CLR 2.0.50727; .NET CLR 3.0.4506.2152; .NET CLR 3.5.30729)"
94.16.0.19 - - [26/Aug/2013:13:21:29 +0200] "GET /seiten/kontakt.htm HTTP/1.1" 200 5472 "http://www.dialyse-in-salzwedel.de/seiten/praxis.htm" "Mozilla/4.0 (compatible; MSIE 8.0; Windows NT 5.1; Trident/4.0; GTB7.5; .NET CLR 1.1.4322; .NET CLR 2.0.50727; .NET CLR 3.0.4506.2152; .NET CLR 3.5.30729)"
5.255.253.79 - - [26/Aug/2013:13:33:27 +0200] "GET /robots.txt HTTP/1.1" 404 1256 "-" "Mozilla/5.0 (compatible; YandexImages/3.0; +http://yandex.com/bots)"
123.125.71.35 - - [26/Aug/2013:13:43:54 +0200] "GET / HTTP/1.1" 200 2301 "-" "Mozilla/5.0 (compatible; Baiduspider/2.0; +http://www.baidu.com/search/spider.html)"
220.181.108.81 - - [26/Aug/2013:13:45:22 +0200] "GET / HTTP/1.1" 200 2301 "-" "Mozilla/5.0 (compatible; Baiduspider/2.0; +http://www.baidu.com/search/spider.html)"
157.55.35.48 - - [26/Aug/2013:14:09:34 +0200] "GET /robots.txt HTTP/1.1" 404 1256 "-" "Mozilla/5.0 (compatible; bingbot/2.0; +http://www.bing.com/bingbot.htm)"
157.55.35.48 - - [26/Aug/2013:14:10:01 +0200] "GET /scripte/basics.js HTTP/1.1" 200 1078 "-" "Mozilla/5.0 (compatible; bingbot/2.0; +http://www.bing.com/bingbot.htm)"
157.55.35.48 - - [26/Aug/2013:14:10:01 +0200] "GET /css/style.css HTTP/1.1" 200 3212 "-" "Mozilla/5.0 (compatible; bingbot/2.0; +http://www.bing.com/bingbot.htm)"
5.255.253.79 - - [26/Aug/2013:14:43:00 +0200] "GET /img/meno05.gif HTTP/1.1" 304 - "-" "Mozilla/5.0 (compatible; YandexImages/3.0; +http://yandex.com/bots)"
141.8.147.12 - - [26/Aug/2013:15:53:31 +0200] "GET /seiten/dialyse.htm HTTP/1.1" 200 4906 "-" "Mozilla/5.0 (compatible; YandexBot/3.0; +http://yandex.com/bots)"
5.255.253.79 - - [26/Aug/2013:16:06:34 +0200] "GET /img/lay03.gif HTTP/1.1" 304 - "-" "Mozilla/5.0 (compatible; YandexImages/3.0; +http://yandex.com/bots)"
66.249.78.91 - - [26/Aug/2013:16:16:24 +0200] "GET /seiten/praxis.htm HTTP/1.1" 304 - "-" "Mozilla/5.0 (iPhone; U; CPU iPhone OS 4_1 like Mac OS X; en-us) AppleWebKit/532.9 (KHTML, like Gecko) Version/4.0.5 Mobile/8B117 Safari/6531.22.7 (compatible; Googlebot-Mobile/2.1; +http://www.google.com/bot.html)"
5.255.253.79 - - [26/Aug/2013:17:33:25 +0200] "GET /img/lay04.gif HTTP/1.1" 304 - "-" "Mozilla/5.0 (compatible; YandexImages/3.0; +http://yandex.com/bots)"
5.255.253.79 - - [26/Aug/2013:18:16:50 +0200] "GET /img/head.gif HTTP/1.1" 304 - "-" "Mozilla/5.0 (compatible; YandexImages/3.0; +http://yandex.com/bots)"
66.249.78.91 - - [26/Aug/2013:19:26:02 +0200] "GET / HTTP/1.1" 200 2301 "-" "Mozilla/5.0 (compatible; Googlebot/2.1; +http://www.google.com/bot.html)"
66.249.78.91 - - [26/Aug/2013:19:36:12 +0200] "GET /css/style.css HTTP/1.1" 200 3212 "-" "Mozilla/5.0 (compatible; Googlebot/2.1; +http://www.google.com/bot.html)"
66.249.78.91 - - [26/Aug/2013:19:36:13 +0200] "GET /seiten/start.htm HTTP/1.1" 200 4313 "-" "Mozilla/5.0 (compatible; Googlebot/2.1; +http://www.google.com/bot.html)"
5.255.253.79 - - [26/Aug/2013:20:09:29 +0200] "GET /img/lay04.gif HTTP/1.1" 304 - "-" "Mozilla/5.0 (compatible; YandexImages/3.0; +http://yandex.com/bots)"
5.255.253.79 - - [26/Aug/2013:20:50:04 +0200] "GET /img/leist.jpg HTTP/1.1" 304 - "-" "Mozilla/5.0 (compatible; YandexImages/3.0; +http://yandex.com/bots)"
141.8.147.12 - - [26/Aug/2013:21:12:21 +0200] "GET /seiten/news.php HTTP/1.1" 200 4865 "-" "Mozilla/5.0 (compatible; YandexBot/3.0; +http://yandex.com/bots)"
5.255.253.79 - - [26/Aug/2013:21:41:53 +0200] "GET /img/meno05.gif HTTP/1.1" 304 - "-" "Mozilla/5.0 (compatible; YandexImages/3.0; +http://yandex.com/bots)"
193.46.76.13 - - [26/Aug/2013:21:53:41 +0200] "GET / HTTP/1.0" 200 2301 "http://www.google.de/url?sa=t&rct=j&q=&esrc=s&frm=1&source=web&cd=1&ved=0CDAQFjAA&url=http%3A%2F%2Fwww.dialyse-in-salzwedel.de%2F&ei=x7EbUrbpMcSU0QXj4YG4Aw&usg=AFQjCNHBZzdzRK6NkOJc_vuRxJ6F08FD_w&bvm=bv.51156542,d.d2k" "Mozilla/4.0 (compatible; MSIE 7.0; Windows NT 5.1; Trident/4.0; .NET CLR 1.1.4322; .NET CLR 2.0.50727; .NET CLR 3.0.4506.2152; .NET CLR 3.5.30729; InfoPath.1; MS-RTC LM 8)"
193.46.76.13 - - [26/Aug/2013:21:53:42 +0200] "GET /scripte/basics.js HTTP/1.0" 200 1078 "http://www.dialyse-in-salzwedel.de/" "Mozilla/4.0 (compatible; MSIE 7.0; Windows NT 5.1; Trident/4.0; .NET CLR 1.1.4322; .NET CLR 2.0.50727; .NET CLR 3.0.4506.2152; .NET CLR 3.5.30729; InfoPath.1; MS-RTC LM 8)"
193.46.76.13 - - [26/Aug/2013:21:53:42 +0200] "GET /css/style.css HTTP/1.0" 200 3212 "http://www.dialyse-in-salzwedel.de/" "Mozilla/4.0 (compatible; MSIE 7.0; Windows NT 5.1; Trident/4.0; .NET CLR 1.1.4322; .NET CLR 2.0.50727; .NET CLR 3.0.4506.2152; .NET CLR 3.5.30729; InfoPath.1; MS-RTC LM 8)"
193.46.76.13 - - [26/Aug/2013:21:53:42 +0200] "GET /seiten/start.htm HTTP/1.0" 200 4313 "-" "Mozilla/4.0 (compatible; MSIE 7.0; Windows NT 5.1; Trident/4.0; .NET CLR 1.1.4322; .NET CLR 2.0.50727; .NET CLR 3.0.4506.2152; .NET CLR 3.5.30729; InfoPath.1; MS-RTC LM 8)"
193.46.76.13 - - [26/Aug/2013:21:53:42 +0200] "GET /img/head.gif HTTP/1.0" 200 4213 "http://www.dialyse-in-salzwedel.de/seiten/start.htm" "Mozilla/4.0 (compatible; MSIE 7.0; Windows NT 5.1; Trident/4.0; .NET CLR 1.1.4322; .NET CLR 2.0.50727; .NET CLR 3.0.4506.2152; .NET CLR 3.5.30729; InfoPath.1; MS-RTC LM 8)"
193.46.76.13 - - [26/Aug/2013:21:53:42 +0200] "GET /img/men07.gif HTTP/1.0" 200 893 "http://www.dialyse-in-salzwedel.de/seiten/start.htm" "Mozilla/4.0 (compatible; MSIE 7.0; Windows NT 5.1; Trident/4.0; .NET CLR 1.1.4322; .NET CLR 2.0.50727; .NET CLR 3.0.4506.2152; .NET CLR 3.5.30729; InfoPath.1; MS-RTC LM 8)"
193.46.76.13 - - [26/Aug/2013:21:53:42 +0200] "GET /img/bg03.gif HTTP/1.0" 200 84 "http://www.dialyse-in-salzwedel.de/seiten/start.htm" "Mozilla/4.0 (compatible; MSIE 7.0; Windows NT 5.1; Trident/4.0; .NET CLR 1.1.4322; .NET CLR 2.0.50727; .NET CLR 3.0.4506.2152; .NET CLR 3.5.30729; InfoPath.1; MS-RTC LM 8)"
193.46.76.13 - - [26/Aug/2013:21:53:42 +0200] "GET /img/men03.gif HTTP/1.0" 200 999 "http://www.dialyse-in-salzwedel.de/seiten/start.htm" "Mozilla/4.0 (compatible; MSIE 7.0; Windows NT 5.1; Trident/4.0; .NET CLR 1.1.4322; .NET CLR 2.0.50727; .NET CLR 3.0.4506.2152; .NET CLR 3.5.30729; InfoPath.1; MS-RTC LM 8)"
193.46.76.13 - - [26/Aug/2013:21:53:42 +0200] "GET /img/men05.gif HTTP/1.0" 200 1042 "http://www.dialyse-in-salzwedel.de/seiten/start.htm" "Mozilla/4.0 (compatible; MSIE 7.0; Windows NT 5.1; Trident/4.0; .NET CLR 1.1.4322; .NET CLR 2.0.50727; .NET CLR 3.0.4506.2152; .NET CLR 3.5.30729; InfoPath.1; MS-RTC LM 8)"
193.46.76.13 - - [26/Aug/2013:21:53:42 +0200] "GET /img/men02.gif HTTP/1.0" 200 758 "http://www.dialyse-in-salzwedel.de/seiten/start.htm" "Mozilla/4.0 (compatible; MSIE 7.0; Windows NT 5.1; Trident/4.0; .NET CLR 1.1.4322; .NET CLR 2.0.50727; .NET CLR 3.0.4506.2152; .NET CLR 3.5.30729; InfoPath.1; MS-RTC LM 8)"
193.46.76.13 - - [26/Aug/2013:21:53:42 +0200] "GET /img/men06.gif HTTP/1.0" 200 904 "http://www.dialyse-in-salzwedel.de/seiten/start.htm" "Mozilla/4.0 (compatible; MSIE 7.0; Windows NT 5.1; Trident/4.0; .NET CLR 1.1.4322; .NET CLR 2.0.50727; .NET CLR 3.0.4506.2152; .NET CLR 3.5.30729; InfoPath.1; MS-RTC LM 8)"
193.46.76.13 - - [26/Aug/2013:21:53:42 +0200] "GET /img/men08.gif HTTP/1.0" 200 1069 "http://www.dialyse-in-salzwedel.de/seiten/start.htm" "Mozilla/4.0 (compatible; MSIE 7.0; Windows NT 5.1; Trident/4.0; .NET CLR 1.1.4322; .NET CLR 2.0.50727; .NET CLR 3.0.4506.2152; .NET CLR 3.5.30729; InfoPath.1; MS-RTC LM 8)"
193.46.76.13 - - [26/Aug/2013:21:53:42 +0200] "GET /img/lay02.gif HTTP/1.0" 200 153 "http://www.dialyse-in-salzwedel.de/seiten/start.htm" "Mozilla/4.0 (compatible; MSIE 7.0; Windows NT 5.1; Trident/4.0; .NET CLR 1.1.4322; .NET CLR 2.0.50727; .NET CLR 3.0.4506.2152; .NET CLR 3.5.30729; InfoPath.1; MS-RTC LM 8)"
193.46.76.13 - - [26/Aug/2013:21:53:42 +0200] "GET /img/start.jpg HTTP/1.0" 200 18933 "http://www.dialyse-in-salzwedel.de/seiten/start.htm" "Mozilla/4.0 (compatible; MSIE 7.0; Windows NT 5.1; Trident/4.0; .NET CLR 1.1.4322; .NET CLR 2.0.50727; .NET CLR 3.0.4506.2152; .NET CLR 3.5.30729; InfoPath.1; MS-RTC LM 8)"
193.46.76.13 - - [26/Aug/2013:21:53:42 +0200] "GET /img/bg02.gif HTTP/1.0" 200 67 "http://www.dialyse-in-salzwedel.de/seiten/start.htm" "Mozilla/4.0 (compatible; MSIE 7.0; Windows NT 5.1; Trident/4.0; .NET CLR 1.1.4322; .NET CLR 2.0.50727; .NET CLR 3.0.4506.2152; .NET CLR 3.5.30729; InfoPath.1; MS-RTC LM 8)"
193.46.76.13 - - [26/Aug/2013:21:53:42 +0200] "GET /img/men04.gif HTTP/1.0" 200 1234 "http://www.dialyse-in-salzwedel.de/seiten/start.htm" "Mozilla/4.0 (compatible; MSIE 7.0; Windows NT 5.1; Trident/4.0; .NET CLR 1.1.4322; .NET CLR 2.0.50727; .NET CLR 3.0.4506.2152; .NET CLR 3.5.30729; InfoPath.1; MS-RTC LM 8)"
193.46.76.13 - - [26/Aug/2013:21:53:42 +0200] "GET /img/lay01.gif HTTP/1.0" 200 149 "http://www.dialyse-in-salzwedel.de/seiten/start.htm" "Mozilla/4.0 (compatible; MSIE 7.0; Windows NT 5.1; Trident/4.0; .NET CLR 1.1.4322; .NET CLR 2.0.50727; .NET CLR 3.0.4506.2152; .NET CLR 3.5.30729; InfoPath.1; MS-RTC LM 8)"
193.46.76.13 - - [26/Aug/2013:21:53:43 +0200] "GET /img/lay03.gif HTTP/1.0" 200 253 "http://www.dialyse-in-salzwedel.de/seiten/start.htm" "Mozilla/4.0 (compatible; MSIE 7.0; Windows NT 5.1; Trident/4.0; .NET CLR 1.1.4322; .NET CLR 2.0.50727; .NET CLR 3.0.4506.2152; .NET CLR 3.5.30729; InfoPath.1; MS-RTC LM 8)"
193.46.76.13 - - [26/Aug/2013:21:53:43 +0200] "GET /img/1px.gif HTTP/1.0" 200 43 "http://www.dialyse-in-salzwedel.de/seiten/start.htm" "Mozilla/4.0 (compatible; MSIE 7.0; Windows NT 5.1; Trident/4.0; .NET CLR 1.1.4322; .NET CLR 2.0.50727; .NET CLR 3.0.4506.2152; .NET CLR 3.5.30729; InfoPath.1; MS-RTC LM 8)"
193.46.76.13 - - [26/Aug/2013:21:53:43 +0200] "GET /img/bg01.gif HTTP/1.0" 200 70 "http://www.dialyse-in-salzwedel.de/seiten/start.htm" "Mozilla/4.0 (compatible; MSIE 7.0; Windows NT 5.1; Trident/4.0; .NET CLR 1.1.4322; .NET CLR 2.0.50727; .NET CLR 3.0.4506.2152; .NET CLR 3.5.30729; InfoPath.1; MS-RTC LM 8)"
193.46.76.13 - - [26/Aug/2013:21:53:43 +0200] "GET /img/men01.gif HTTP/1.0" 200 702 "http://www.dialyse-in-salzwedel.de/seiten/start.htm" "Mozilla/4.0 (compatible; MSIE 7.0; Windows NT 5.1; Trident/4.0; .NET CLR 1.1.4322; .NET CLR 2.0.50727; .NET CLR 3.0.4506.2152; .NET CLR 3.5.30729; InfoPath.1; MS-RTC LM 8)"
193.46.76.13 - - [26/Aug/2013:21:53:43 +0200] "GET /img/men09.gif HTTP/1.0" 200 1200 "http://www.dialyse-in-salzwedel.de/seiten/start.htm" "Mozilla/4.0 (compatible; MSIE 7.0; Windows NT 5.1; Trident/4.0; .NET CLR 1.1.4322; .NET CLR 2.0.50727; .NET CLR 3.0.4506.2152; .NET CLR 3.5.30729; InfoPath.1; MS-RTC LM 8)"
193.46.76.13 - - [26/Aug/2013:21:53:43 +0200] "GET /img/lay04.gif HTTP/1.0" 200 272 "http://www.dialyse-in-salzwedel.de/seiten/start.htm" "Mozilla/4.0 (compatible; MSIE 7.0; Windows NT 5.1; Trident/4.0; .NET CLR 1.1.4322; .NET CLR 2.0.50727; .NET CLR 3.0.4506.2152; .NET CLR 3.5.30729; InfoPath.1; MS-RTC LM 8)"
193.46.76.13 - - [26/Aug/2013:21:53:43 +0200] "GET /img/bg04.gif HTTP/1.0" 200 92 "http://www.dialyse-in-salzwedel.de/seiten/start.htm" "Mozilla/4.0 (compatible; MSIE 7.0; Windows NT 5.1; Trident/4.0; .NET CLR 1.1.4322; .NET CLR 2.0.50727; .NET CLR 3.0.4506.2152; .NET CLR 3.5.30729; InfoPath.1; MS-RTC LM 8)"
193.46.76.13 - - [26/Aug/2013:21:53:43 +0200] "GET /favicon.ico HTTP/1.0" 404 1256 "-" "Mozilla/4.0 (compatible; MSIE 8.0; Windows NT 5.1; Trident/4.0; .NET CLR 1.1.4322; .NET CLR 2.0.50727; .NET CLR 3.0.4506.2152; .NET CLR 3.5.30729; InfoPath.1; MS-RTC LM 8)"
193.46.76.13 - - [26/Aug/2013:21:53:52 +0200] "GET /img/meno01.gif HTTP/1.0" 200 938 "http://www.dialyse-in-salzwedel.de/seiten/start.htm" "Mozilla/4.0 (compatible; MSIE 7.0; Windows NT 5.1; Trident/4.0; .NET CLR 1.1.4322; .NET CLR 2.0.50727; .NET CLR 3.0.4506.2152; .NET CLR 3.5.30729; InfoPath.1; MS-RTC LM 8)"
193.46.76.13 - - [26/Aug/2013:21:53:53 +0200] "GET /seiten/praxis.htm HTTP/1.0" 200 5018 "http://www.dialyse-in-salzwedel.de/seiten/start.htm" "Mozilla/4.0 (compatible; MSIE 7.0; Windows NT 5.1; Trident/4.0; .NET CLR 1.1.4322; .NET CLR 2.0.50727; .NET CLR 3.0.4506.2152; .NET CLR 3.5.30729; InfoPath.1; MS-RTC LM 8)"
193.46.76.13 - - [26/Aug/2013:21:53:53 +0200] "GET /img/praxis.jpg HTTP/1.0" 200 13082 "http://www.dialyse-in-salzwedel.de/seiten/praxis.htm" "Mozilla/4.0 (compatible; MSIE 7.0; Windows NT 5.1; Trident/4.0; .NET CLR 1.1.4322; .NET CLR 2.0.50727; .NET CLR 3.0.4506.2152; .NET CLR 3.5.30729; InfoPath.1; MS-RTC LM 8)"
193.46.76.13 - - [26/Aug/2013:21:54:16 +0200] "GET /img/meno02.gif HTTP/1.0" 200 1200 "http://www.dialyse-in-salzwedel.de/seiten/praxis.htm" "Mozilla/4.0 (compatible; MSIE 7.0; Windows NT 5.1; Trident/4.0; .NET CLR 1.1.4322; .NET CLR 2.0.50727; .NET CLR 3.0.4506.2152; .NET CLR 3.5.30729; InfoPath.1; MS-RTC LM 8)"
193.46.76.13 - - [26/Aug/2013:21:54:18 +0200] "GET /img/meno03.gif HTTP/1.0" 200 931 "http://www.dialyse-in-salzwedel.de/seiten/praxis.htm" "Mozilla/4.0 (compatible; MSIE 7.0; Windows NT 5.1; Trident/4.0; .NET CLR 1.1.4322; .NET CLR 2.0.50727; .NET CLR 3.0.4506.2152; .NET CLR 3.5.30729; InfoPath.1; MS-RTC LM 8)"
193.46.76.13 - - [26/Aug/2013:21:54:20 +0200] "GET /img/meno04.gif HTTP/1.0" 200 727 "http://www.dialyse-in-salzwedel.de/seiten/praxis.htm" "Mozilla/4.0 (compatible; MSIE 7.0; Windows NT 5.1; Trident/4.0; .NET CLR 1.1.4322; .NET CLR 2.0.50727; .NET CLR 3.0.4506.2152; .NET CLR 3.5.30729; InfoPath.1; MS-RTC LM 8)"
193.46.76.13 - - [26/Aug/2013:21:54:21 +0200] "GET /img/meno05.gif HTTP/1.0" 200 788 "http://www.dialyse-in-salzwedel.de/seiten/praxis.htm" "Mozilla/4.0 (compatible; MSIE 7.0; Windows NT 5.1; Trident/4.0; .NET CLR 1.1.4322; .NET CLR 2.0.50727; .NET CLR 3.0.4506.2152; .NET CLR 3.5.30729; InfoPath.1; MS-RTC LM 8)"
193.46.76.13 - - [26/Aug/2013:21:54:21 +0200] "GET /img/meno06.gif HTTP/1.0" 200 1054 "http://www.dialyse-in-salzwedel.de/seiten/praxis.htm" "Mozilla/4.0 (compatible; MSIE 7.0; Windows NT 5.1; Trident/4.0; .NET CLR 1.1.4322; .NET CLR 2.0.50727; .NET CLR 3.0.4506.2152; .NET CLR 3.5.30729; InfoPath.1; MS-RTC LM 8)"
193.46.76.13 - - [26/Aug/2013:21:54:22 +0200] "GET /seiten/kontakt.htm HTTP/1.0" 200 5472 "http://www.dialyse-in-salzwedel.de/seiten/praxis.htm" "Mozilla/4.0 (compatible; MSIE 7.0; Windows NT 5.1; Trident/4.0; .NET CLR 1.1.4322; .NET CLR 2.0.50727; .NET CLR 3.0.4506.2152; .NET CLR 3.5.30729; InfoPath.1; MS-RTC LM 8)"
5.255.253.79 - - [26/Aug/2013:22:40:54 +0200] "GET /img/head.gif HTTP/1.1" 304 - "-" "Mozilla/5.0 (compatible; YandexImages/3.0; +http://yandex.com/bots)"
157.55.35.112 - - [26/Aug/2013:22:44:06 +0200] "GET /robots.txt HTTP/1.1" 404 1256 "-" "Mozilla/5.0 (compatible; bingbot/2.0; +http://www.bing.com/bingbot.htm)"
123.125.71.53 - - [26/Aug/2013:22:46:27 +0200] "GET / HTTP/1.1" 200 2301 "-" "Mozilla/5.0 (compatible; Baiduspider/2.0; +http://www.baidu.com/search/spider.html)"
220.181.108.106 - - [26/Aug/2013:22:47:22 +0200] "GET / HTTP/1.1" 200 2301 "-" "Mozilla/5.0 (compatible; Baiduspider/2.0; +http://www.baidu.com/search/spider.html)"
157.55.35.112 - - [26/Aug/2013:22:47:25 +0200] "GET / HTTP/1.1" 200 2301 "-" "Mozilla/5.0 (compatible; bingbot/2.0; +http://www.bing.com/bingbot.htm)"
85.114.142.245 - - [26/Aug/2013:23:15:24 +0200] "GET /seiten/start.htm HTTP/1.1" 200 4313 "-" "findlinks/2.6 (+http://wortschatz.uni-leipzig.de/findlinks/)"
5.255.253.79 - - [27/Aug/2013:00:03:21 +0200] "GET /img/praxis.jpg HTTP/1.1" 304 - "-" "Mozilla/5.0 (compatible; YandexImages/3.0; +http://yandex.com/bots)"
66.249.78.91 - - [27/Aug/2013:00:34:23 +0200] "GET /robots.txt HTTP/1.1" 404 1256 "-" "Mozilla/5.0 (compatible; Googlebot/2.1; +http://www.google.com/bot.html)"
66.249.78.91 - - [27/Aug/2013:00:34:23 +0200] "GET / HTTP/1.1" 200 2301 "-" "Mozilla/5.0 (iPhone; U; CPU iPhone OS 4_1 like Mac OS X; en-us) AppleWebKit/532.9 (KHTML, like Gecko) Version/4.0.5 Mobile/8B117 Safari/6531.22.7 (compatible; Googlebot-Mobile/2.1; +http://www.google.com/bot.html)"
123.125.71.47 - - [27/Aug/2013:00:43:25 +0200] "GET / HTTP/1.1" 200 2301 "-" "Mozilla/5.0 (compatible; Baiduspider/2.0; +http://www.baidu.com/search/spider.html)"
220.181.108.111 - - [27/Aug/2013:00:44:33 +0200] "GET / HTTP/1.1" 200 2301 "-" "Mozilla/5.0 (compatible; Baiduspider/2.0; +http://www.baidu.com/search/spider.html)"
5.255.253.79 - - [27/Aug/2013:01:33:43 +0200] "GET /img/lay03.gif HTTP/1.1" 304 - "-" "Mozilla/5.0 (compatible; YandexImages/3.0; +http://yandex.com/bots)"
66.249.78.91 - - [27/Aug/2013:01:51:03 +0200] "GET /seiten/kontakt.htm HTTP/1.1" 304 - "-" "Mozilla/5.0 (iPhone; U; CPU iPhone OS 4_1 like Mac OS X; en-us) AppleWebKit/532.9 (KHTML, like Gecko) Version/4.0.5 Mobile/8B117 Safari/6531.22.7 (compatible; Googlebot-Mobile/2.1; +http://www.google.com/bot.html)"
65.55.215.64 - - [27/Aug/2013:02:10:13 +0200] "GET /robots.txt HTTP/1.1" 404 1256 "-" "msnbot-media/1.1 (+http://search.msn.com/msnbot.htm)"
65.55.215.64 - - [27/Aug/2013:02:10:14 +0200] "GET /img/meno01.gif HTTP/1.1" 200 938 "-" "msnbot-media/1.1 (+http://search.msn.com/msnbot.htm)"
157.55.32.186 - - [27/Aug/2013:02:25:11 +0200] "GET /robots.txt HTTP/1.1" 404 1256 "-" "Mozilla/5.0 (compatible; bingbot/2.0; +http://www.bing.com/bingbot.htm)"
157.55.32.186 - - [27/Aug/2013:02:25:47 +0200] "GET /seiten/kontakt.htm HTTP/1.1" 200 5472 "-" "Mozilla/5.0 (compatible; bingbot/2.0; +http://www.bing.com/bingbot.htm)"
157.56.93.38 - - [27/Aug/2013:02:26:45 +0200] "GET /img/bg01.gif HTTP/1.1" 200 70 "-" "Mozilla/5.0 (compatible; bingbot/2.0; +http://www.bing.com/bingbot.htm)"
157.56.93.38 - - [27/Aug/2013:02:26:46 +0200] "GET /img/men04.gif HTTP/1.1" 200 1234 "-" "Mozilla/5.0 (compatible; bingbot/2.0; +http://www.bing.com/bingbot.htm)"
157.56.93.38 - - [27/Aug/2013:02:26:47 +0200] "GET /img/men02.gif HTTP/1.1" 200 758 "-" "Mozilla/5.0 (compatible; bingbot/2.0; +http://www.bing.com/bingbot.htm)"
157.56.93.38 - - [27/Aug/2013:02:26:48 +0200] "GET /img/lay01.gif HTTP/1.1" 200 149 "-" "Mozilla/5.0 (compatible; bingbot/2.0; +http://www.bing.com/bingbot.htm)"
157.55.32.114 - - [27/Aug/2013:02:27:25 +0200] "GET /css/style.css HTTP/1.1" 200 3212 "-" "Mozilla/5.0 (compatible; bingbot/2.0; +http://www.bing.com/bingbot.htm)"
157.55.32.114 - - [27/Aug/2013:02:27:26 +0200] "GET /img/bg02.gif HTTP/1.1" 200 67 "-" "Mozilla/5.0 (compatible; bingbot/2.0; +http://www.bing.com/bingbot.htm)"
157.55.32.114 - - [27/Aug/2013:02:27:27 +0200] "GET /img/men01.gif HTTP/1.1" 200 702 "-" "Mozilla/5.0 (compatible; bingbot/2.0; +http://www.bing.com/bingbot.htm)"
157.55.32.114 - - [27/Aug/2013:02:27:28 +0200] "GET /img/bg04.gif HTTP/1.1" 200 92 "-" "Mozilla/5.0 (compatible; bingbot/2.0; +http://www.bing.com/bingbot.htm)"
157.55.32.114 - - [27/Aug/2013:02:27:29 +0200] "GET /img/men07.gif HTTP/1.1" 200 893 "-" "Mozilla/5.0 (compatible; bingbot/2.0; +http://www.bing.com/bingbot.htm)"
157.55.32.114 - - [27/Aug/2013:02:27:30 +0200] "GET /img/lay02.gif HTTP/1.1" 200 153 "-" "Mozilla/5.0 (compatible; bingbot/2.0; +http://www.bing.com/bingbot.htm)"
157.55.32.114 - - [27/Aug/2013:02:27:31 +0200] "GET /img/lay04.gif HTTP/1.1" 200 272 "-" "Mozilla/5.0 (compatible; bingbot/2.0; +http://www.bing.com/bingbot.htm)"
157.55.32.186 - - [27/Aug/2013:02:27:45 +0200] "GET /img/bg03.gif HTTP/1.1" 200 84 "-" "Mozilla/5.0 (compatible; bingbot/2.0; +http://www.bing.com/bingbot.htm)"
157.55.32.186 - - [27/Aug/2013:02:27:46 +0200] "GET /img/lay03.gif HTTP/1.1" 200 253 "-" "Mozilla/5.0 (compatible; bingbot/2.0; +http://www.bing.com/bingbot.htm)"
157.55.32.186 - - [27/Aug/2013:02:27:47 +0200] "GET /img/men06.gif HTTP/1.1" 200 904 "-" "Mozilla/5.0 (compatible; bingbot/2.0; +http://www.bing.com/bingbot.htm)"
5.255.253.79 - - [27/Aug/2013:02:41:51 +0200] "GET /img/dialyse.jpg HTTP/1.1" 304 - "-" "Mozilla/5.0 (compatible; YandexImages/3.0; +http://yandex.com/bots)"
199.30.25.110 - - [27/Aug/2013:03:27:18 +0200] "GET /img/men03.gif HTTP/1.1" 200 999 "http://www.dialyse-in-salzwedel.de/seiten/kontakt.htm" "Mozilla/5.0 (Windows NT 6.1; WOW64) AppleWebKit/534+ (KHTML, like Gecko) BingPreview/1.0b"
199.30.25.110 - - [27/Aug/2013:03:27:18 +0200] "GET /img/men05.gif HTTP/1.1" 200 1042 "http://www.dialyse-in-salzwedel.de/seiten/kontakt.htm" "Mozilla/5.0 (Windows NT 6.1; WOW64) AppleWebKit/534+ (KHTML, like Gecko) BingPreview/1.0b"
199.30.25.110 - - [27/Aug/2013:03:27:18 +0200] "GET /img/head.gif HTTP/1.1" 200 4213 "http://www.dialyse-in-salzwedel.de/seiten/kontakt.htm" "Mozilla/5.0 (Windows NT 6.1; WOW64) AppleWebKit/534+ (KHTML, like Gecko) BingPreview/1.0b"
199.30.25.110 - - [27/Aug/2013:03:27:18 +0200] "GET /img/men09.gif HTTP/1.1" 200 1200 "http://www.dialyse-in-salzwedel.de/seiten/kontakt.htm" "Mozilla/5.0 (Windows NT 6.1; WOW64) AppleWebKit/534+ (KHTML, like Gecko) BingPreview/1.0b"
5.255.253.79 - - [27/Aug/2013:05:08:19 +0200] "GET /img/head.gif HTTP/1.1" 304 - "-" "Mozilla/5.0 (compatible; YandexImages/3.0; +http://yandex.com/bots)"
141.8.147.12 - - [27/Aug/2013:05:34:38 +0200] "GET /robots.txt HTTP/1.1" 404 1256 "-" "Mozilla/5.0 (compatible; YandexBot/3.0; +http://yandex.com/bots)"
5.255.253.79 - - [27/Aug/2013:06:03:46 +0200] "GET /img/meno05.gif HTTP/1.1" 304 - "-" "Mozilla/5.0 (compatible; YandexImages/3.0; +http://yandex.com/bots)"
91.224.226.196 - - [27/Aug/2013:06:40:49 +0200] "GET /img/men01.gif HTTP/1.1" 304 - "-" "Mozilla/4.0 (compatible;)"
5.255.253.79 - - [27/Aug/2013:07:10:11 +0200] "GET /img/dialyse.jpg HTTP/1.1" 304 - "-" "Mozilla/5.0 (compatible; YandexImages/3.0; +http://yandex.com/bots)"
5.255.253.79 - - [27/Aug/2013:07:43:23 +0200] "GET /img/lay03.gif HTTP/1.1" 304 - "-" "Mozilla/5.0 (compatible; YandexImages/3.0; +http://yandex.com/bots)"
5.255.253.79 - - [27/Aug/2013:08:49:47 +0200] "GET /img/praxis.jpg HTTP/1.1" 304 - "-" "Mozilla/5.0 (compatible; YandexImages/3.0; +http://yandex.com/bots)"
157.56.93.51 - - [27/Aug/2013:09:18:18 +0200] "GET /robots.txt HTTP/1.1" 404 1256 "-" "Mozilla/5.0 (compatible; bingbot/2.0; +http://www.bing.com/bingbot.htm)"
157.56.93.51 - - [27/Aug/2013:09:18:51 +0200] "GET / HTTP/1.1" 200 2301 "-" "Mozilla/5.0 (compatible; bingbot/2.0; +http://www.bing.com/bingbot.htm)"
5.255.253.79 - - [27/Aug/2013:09:22:59 +0200] "GET /img/leist.jpg HTTP/1.1" 304 - "-" "Mozilla/5.0 (compatible; YandexImages/3.0; +http://yandex.com/bots)"
123.125.71.20 - - [27/Aug/2013:09:43:53 +0200] "GET / HTTP/1.1" 200 2301 "-" "Mozilla/5.0 (compatible; Baiduspider/2.0; +http://www.baidu.com/search/spider.html)"
220.181.108.117 - - [27/Aug/2013:09:44:20 +0200] "GET / HTTP/1.1" 200 2301 "-" "Mozilla/5.0 (compatible; Baiduspider/2.0; +http://www.baidu.com/search/spider.html)"
5.255.253.79 - - [27/Aug/2013:09:56:11 +0200] "GET /img/lay04.gif HTTP/1.1" 304 - "-" "Mozilla/5.0 (compatible; YandexImages/3.0; +http://yandex.com/bots)"
85.114.142.245 - - [27/Aug/2013:10:31:04 +0200] "GET /seiten/kontakt.htm HTTP/1.1" 200 5472 "-" "findlinks/2.6 (+http://wortschatz.uni-leipzig.de/findlinks/)"
91.224.226.196 - - [27/Aug/2013:10:54:37 +0200] "GET /img/meno01.gif HTTP/1.1" 304 - "-" "Mozilla/4.0 (compatible;)"
85.114.142.245 - - [27/Aug/2013:10:55:18 +0200] "GET / HTTP/1.1" 200 2301 "-" "findlinks/2.6 (+http://wortschatz.uni-leipzig.de/findlinks/)"
141.8.147.12 - - [27/Aug/2013:11:26:14 +0200] "GET / HTTP/1.1" 200 2301 "-" "Mozilla/5.0 (compatible; YandexBot/3.0; +http://yandex.com/bots)"
5.255.253.79 - - [27/Aug/2013:11:59:21 +0200] "GET /img/meno05.gif HTTP/1.1" 304 - "-" "Mozilla/5.0 (compatible; YandexImages/3.0; +http://yandex.com/bots)"
193.175.73.206 - - [27/Aug/2013:13:04:06 +0200] "GET / HTTP/1.1" 200 2301 "http://www.google.de/search?q=busse+dialysepraxis+salzwedel" "Mozilla/4.0 (compatible; MSIE 7.0; Windows NT 5.1; .NET CLR 2.0.50727; .NET CLR 3.0.4506.2152; .NET CLR 3.5.30729; InfoPath.1)"
193.175.73.206 - - [27/Aug/2013:13:04:06 +0200] "GET /scripte/basics.js HTTP/1.1" 200 1078 "http://www.dialyse-in-salzwedel.de/" "Mozilla/4.0 (compatible; MSIE 7.0; Windows NT 5.1; .NET CLR 2.0.50727; .NET CLR 3.0.4506.2152; .NET CLR 3.5.30729; InfoPath.1)"
193.175.73.206 - - [27/Aug/2013:13:04:06 +0200] "GET /css/style.css HTTP/1.1" 200 3212 "http://www.dialyse-in-salzwedel.de/" "Mozilla/4.0 (compatible; MSIE 7.0; Windows NT 5.1; .NET CLR 2.0.50727; .NET CLR 3.0.4506.2152; .NET CLR 3.5.30729; InfoPath.1)"
193.175.73.206 - - [27/Aug/2013:13:04:06 +0200] "GET /seiten/start.htm HTTP/1.1" 200 4313 "-" "Mozilla/4.0 (compatible; MSIE 7.0; Windows NT 5.1; .NET CLR 2.0.50727; .NET CLR 3.0.4506.2152; .NET CLR 3.5.30729; InfoPath.1)"
193.175.73.206 - - [27/Aug/2013:13:04:06 +0200] "GET /img/head.gif HTTP/1.1" 200 4213 "http://www.dialyse-in-salzwedel.de/seiten/start.htm" "Mozilla/4.0 (compatible; MSIE 7.0; Windows NT 5.1; .NET CLR 2.0.50727; .NET CLR 3.0.4506.2152; .NET CLR 3.5.30729; InfoPath.1)"
193.175.73.206 - - [27/Aug/2013:13:04:07 +0200] "GET /img/men01.gif HTTP/1.1" 200 702 "http://www.dialyse-in-salzwedel.de/seiten/start.htm" "Mozilla/4.0 (compatible; MSIE 7.0; Windows NT 5.1; .NET CLR 2.0.50727; .NET CLR 3.0.4506.2152; .NET CLR 3.5.30729; InfoPath.1)"
193.175.73.206 - - [27/Aug/2013:13:04:07 +0200] "GET /img/men03.gif HTTP/1.1" 200 999 "http://www.dialyse-in-salzwedel.de/seiten/start.htm" "Mozilla/4.0 (compatible; MSIE 7.0; Windows NT 5.1; .NET CLR 2.0.50727; .NET CLR 3.0.4506.2152; .NET CLR 3.5.30729; InfoPath.1)"
193.175.73.206 - - [27/Aug/2013:13:04:07 +0200] "GET /img/men04.gif HTTP/1.1" 200 1234 "http://www.dialyse-in-salzwedel.de/seiten/start.htm" "Mozilla/4.0 (compatible; MSIE 7.0; Windows NT 5.1; .NET CLR 2.0.50727; .NET CLR 3.0.4506.2152; .NET CLR 3.5.30729; InfoPath.1)"
193.175.73.206 - - [27/Aug/2013:13:04:07 +0200] "GET /img/men05.gif HTTP/1.1" 200 1042 "http://www.dialyse-in-salzwedel.de/seiten/start.htm" "Mozilla/4.0 (compatible; MSIE 7.0; Windows NT 5.1; .NET CLR 2.0.50727; .NET CLR 3.0.4506.2152; .NET CLR 3.5.30729; InfoPath.1)"
193.175.73.206 - - [27/Aug/2013:13:04:07 +0200] "GET /img/men06.gif HTTP/1.1" 200 904 "http://www.dialyse-in-salzwedel.de/seiten/start.htm" "Mozilla/4.0 (compatible; MSIE 7.0; Windows NT 5.1; .NET CLR 2.0.50727; .NET CLR 3.0.4506.2152; .NET CLR 3.5.30729; InfoPath.1)"
193.175.73.206 - - [27/Aug/2013:13:04:07 +0200] "GET /img/men07.gif HTTP/1.1" 200 893 "http://www.dialyse-in-salzwedel.de/seiten/start.htm" "Mozilla/4.0 (compatible; MSIE 7.0; Windows NT 5.1; .NET CLR 2.0.50727; .NET CLR 3.0.4506.2152; .NET CLR 3.5.30729; InfoPath.1)"
193.175.73.206 - - [27/Aug/2013:13:04:07 +0200] "GET /img/men08.gif HTTP/1.1" 200 1069 "http://www.dialyse-in-salzwedel.de/seiten/start.htm" "Mozilla/4.0 (compatible; MSIE 7.0; Windows NT 5.1; .NET CLR 2.0.50727; .NET CLR 3.0.4506.2152; .NET CLR 3.5.30729; InfoPath.1)"
193.175.73.206 - - [27/Aug/2013:13:04:07 +0200] "GET /img/men09.gif HTTP/1.1" 200 1200 "http://www.dialyse-in-salzwedel.de/seiten/start.htm" "Mozilla/4.0 (compatible; MSIE 7.0; Windows NT 5.1; .NET CLR 2.0.50727; .NET CLR 3.0.4506.2152; .NET CLR 3.5.30729; InfoPath.1)"
193.175.73.206 - - [27/Aug/2013:13:04:07 +0200] "GET /img/men02.gif HTTP/1.1" 200 758 "http://www.dialyse-in-salzwedel.de/seiten/start.htm" "Mozilla/4.0 (compatible; MSIE 7.0; Windows NT 5.1; .NET CLR 2.0.50727; .NET CLR 3.0.4506.2152; .NET CLR 3.5.30729; InfoPath.1)"
193.175.73.206 - - [27/Aug/2013:13:04:07 +0200] "GET /img/lay01.gif HTTP/1.1" 200 149 "http://www.dialyse-in-salzwedel.de/seiten/start.htm" "Mozilla/4.0 (compatible; MSIE 7.0; Windows NT 5.1; .NET CLR 2.0.50727; .NET CLR 3.0.4506.2152; .NET CLR 3.5.30729; InfoPath.1)"
193.175.73.206 - - [27/Aug/2013:13:04:07 +0200] "GET /img/lay02.gif HTTP/1.1" 200 153 "http://www.dialyse-in-salzwedel.de/seiten/start.htm" "Mozilla/4.0 (compatible; MSIE 7.0; Windows NT 5.1; .NET CLR 2.0.50727; .NET CLR 3.0.4506.2152; .NET CLR 3.5.30729; InfoPath.1)"
193.175.73.206 - - [27/Aug/2013:13:04:07 +0200] "GET /img/start.jpg HTTP/1.1" 200 18933 "http://www.dialyse-in-salzwedel.de/seiten/start.htm" "Mozilla/4.0 (compatible; MSIE 7.0; Windows NT 5.1; .NET CLR 2.0.50727; .NET CLR 3.0.4506.2152; .NET CLR 3.5.30729; InfoPath.1)"
193.175.73.206 - - [27/Aug/2013:13:04:07 +0200] "GET /img/lay03.gif HTTP/1.1" 200 253 "http://www.dialyse-in-salzwedel.de/seiten/start.htm" "Mozilla/4.0 (compatible; MSIE 7.0; Windows NT 5.1; .NET CLR 2.0.50727; .NET CLR 3.0.4506.2152; .NET CLR 3.5.30729; InfoPath.1)"
193.175.73.206 - - [27/Aug/2013:13:04:07 +0200] "GET /img/1px.gif HTTP/1.1" 200 43 "http://www.dialyse-in-salzwedel.de/seiten/start.htm" "Mozilla/4.0 (compatible; MSIE 7.0; Windows NT 5.1; .NET CLR 2.0.50727; .NET CLR 3.0.4506.2152; .NET CLR 3.5.30729; InfoPath.1)"
193.175.73.206 - - [27/Aug/2013:13:04:07 +0200] "GET /img/lay04.gif HTTP/1.1" 200 272 "http://www.dialyse-in-salzwedel.de/seiten/start.htm" "Mozilla/4.0 (compatible; MSIE 7.0; Windows NT 5.1; .NET CLR 2.0.50727; .NET CLR 3.0.4506.2152; .NET CLR 3.5.30729; InfoPath.1)"
193.175.73.206 - - [27/Aug/2013:13:04:07 +0200] "GET /img/bg02.gif HTTP/1.1" 200 67 "http://www.dialyse-in-salzwedel.de/seiten/start.htm" "Mozilla/4.0 (compatible; MSIE 7.0; Windows NT 5.1; .NET CLR 2.0.50727; .NET CLR 3.0.4506.2152; .NET CLR 3.5.30729; InfoPath.1)"
193.175.73.206 - - [27/Aug/2013:13:04:07 +0200] "GET /img/bg01.gif HTTP/1.1" 200 70 "http://www.dialyse-in-salzwedel.de/seiten/start.htm" "Mozilla/4.0 (compatible; MSIE 7.0; Windows NT 5.1; .NET CLR 2.0.50727; .NET CLR 3.0.4506.2152; .NET CLR 3.5.30729; InfoPath.1)"
193.175.73.206 - - [27/Aug/2013:13:04:07 +0200] "GET /img/bg03.gif HTTP/1.1" 200 84 "http://www.dialyse-in-salzwedel.de/seiten/start.htm" "Mozilla/4.0 (compatible; MSIE 7.0; Windows NT 5.1; .NET CLR 2.0.50727; .NET CLR 3.0.4506.2152; .NET CLR 3.5.30729; InfoPath.1)"
193.175.73.206 - - [27/Aug/2013:13:04:07 +0200] "GET /img/bg04.gif HTTP/1.1" 200 92 "http://www.dialyse-in-salzwedel.de/seiten/start.htm" "Mozilla/4.0 (compatible; MSIE 7.0; Windows NT 5.1; .NET CLR 2.0.50727; .NET CLR 3.0.4506.2152; .NET CLR 3.5.30729; InfoPath.1)"
193.175.73.206 - - [27/Aug/2013:13:04:07 +0200] "GET /favicon.ico HTTP/1.1" 404 1256 "-" "Mozilla/4.0 (compatible; MSIE 7.0; Windows NT 5.1; .NET CLR 2.0.50727; .NET CLR 3.0.4506.2152; .NET CLR 3.5.30729; InfoPath.1)"
193.175.73.206 - - [27/Aug/2013:13:04:09 +0200] "GET /img/meno06.gif HTTP/1.1" 200 1054 "http://www.dialyse-in-salzwedel.de/seiten/start.htm" "Mozilla/4.0 (compatible; MSIE 7.0; Windows NT 5.1; .NET CLR 2.0.50727; .NET CLR 3.0.4506.2152; .NET CLR 3.5.30729; InfoPath.1)"
193.175.73.206 - - [27/Aug/2013:13:04:12 +0200] "GET /seiten/kontakt.htm HTTP/1.1" 200 5472 "http://www.dialyse-in-salzwedel.de/seiten/start.htm" "Mozilla/4.0 (compatible; MSIE 7.0; Windows NT 5.1; .NET CLR 2.0.50727; .NET CLR 3.0.4506.2152; .NET CLR 3.5.30729; InfoPath.1)"
193.175.73.206 - - [27/Aug/2013:13:04:15 +0200] "GET /img/meno01.gif HTTP/1.1" 200 938 "http://www.dialyse-in-salzwedel.de/seiten/kontakt.htm" "Mozilla/4.0 (compatible; MSIE 7.0; Windows NT 5.1; .NET CLR 2.0.50727; .NET CLR 3.0.4506.2152; .NET CLR 3.5.30729; InfoPath.1)"
66.249.78.91 - - [27/Aug/2013:13:09:46 +0200] "GET /robots.txt HTTP/1.1" 404 1256 "-" "Mozilla/5.0 (compatible; Googlebot/2.1; +http://www.google.com/bot.html)"
66.249.78.91 - - [27/Aug/2013:13:09:46 +0200] "GET /seiten/links.htm HTTP/1.1" 304 - "-" "Mozilla/5.0 (iPhone; U; CPU iPhone OS 4_1 like Mac OS X; en-us) AppleWebKit/532.9 (KHTML, like Gecko) Version/4.0.5 Mobile/8B117 Safari/6531.22.7 (compatible; Googlebot-Mobile/2.1; +http://www.google.com/bot.html)"
91.224.226.196 - - [27/Aug/2013:13:13:36 +0200] "GET /css/style.css HTTP/1.1" 304 - "-" "Mozilla/4.0 (compatible;)"
41.143.227.115 - - [27/Aug/2013:14:10:08 +0200] "GET /img/dialyse.jpg HTTP/1.1" 200 21241 "http://search.yahoo.com/search?ei=utf-8&fr=ytff1-yff16&p=dialyse&type=" "Mozilla/5.0 (Windows NT 6.0; rv:23.0) Gecko/20100101 Firefox/23.0"
5.255.253.79 - - [27/Aug/2013:14:14:43 +0200] "GET /robots.txt HTTP/1.1" 404 1256 "-" "Mozilla/5.0 (compatible; YandexImages/3.0; +http://yandex.com/bots)"
5.255.253.79 - - [27/Aug/2013:15:13:35 +0200] "GET /img/dialyse.jpg HTTP/1.1" 304 - "-" "Mozilla/5.0 (compatible; YandexImages/3.0; +http://yandex.com/bots)"
