141.8.147.12 - - [02/May/2014:02:58:19 +0200] "GET /robots.txt HTTP/1.1" 404 1256 "-" "Mozilla/5.0 (compatible; YandexBot/3.0; +http://yandex.com/bots)"
141.8.147.12 - - [02/May/2014:02:58:21 +0200] "GET / HTTP/1.1" 200 569 "-" "Mozilla/5.0 (compatible; YandexBot/3.0; +http://yandex.com/bots)"
141.8.147.12 - - [02/May/2014:12:06:44 +0200] "GET / HTTP/1.1" 200 569 "-" "Mozilla/5.0 (compatible; YandexBot/3.0; +http://yandex.com/bots)"
107.170.56.160 - - [02/May/2014:18:28:24 +0200] "GET /robots.txt HTTP/1.1" 404 1256 "-" "Mozilla/5.0 (compatible; spbot/4.1.0; +http://OpenLinkProfiler.org/bot )"
107.170.56.160 - - [02/May/2014:18:28:28 +0200] "GET / HTTP/1.1" 200 569 "-" "Mozilla/5.0 (compatible; spbot/4.1.0; +http://OpenLinkProfiler.org/bot )"
162.210.196.130 - - [03/May/2014:00:08:28 +0200] "GET /robots.txt HTTP/1.0" 404 1256 "-" "Mozilla/5.0 (compatible; MJ12bot/v1.4.5; http://www.majestic12.co.uk/bot.php?+)"
162.210.196.130 - - [03/May/2014:00:08:29 +0200] "GET / HTTP/1.0" 200 569 "-" "Mozilla/5.0 (compatible; MJ12bot/v1.4.5; http://www.majestic12.co.uk/bot.php?+)"
141.8.147.12 - - [03/May/2014:05:10:52 +0200] "GET /robots.txt HTTP/1.1" 404 1256 "-" "Mozilla/5.0 (compatible; YandexBot/3.0; +http://yandex.com/bots)"
141.8.147.12 - - [03/May/2014:05:10:54 +0200] "GET / HTTP/1.1" 200 569 "-" "Mozilla/5.0 (compatible; YandexBot/3.0; +http://yandex.com/bots)"
141.8.147.12 - - [03/May/2014:14:24:48 +0200] "GET / HTTP/1.1" 200 569 "-" "Mozilla/5.0 (compatible; YandexBot/3.0; +http://yandex.com/bots)"
141.8.147.12 - - [04/May/2014:00:55:32 +0200] "GET /robots.txt HTTP/1.1" 404 1256 "-" "Mozilla/5.0 (compatible; YandexBot/3.0; +http://yandex.com/bots)"
141.8.147.12 - - [04/May/2014:00:55:34 +0200] "GET / HTTP/1.1" 200 569 "-" "Mozilla/5.0 (compatible; YandexBot/3.0; +http://yandex.com/bots)"
141.8.147.12 - - [04/May/2014:23:01:29 +0200] "GET /robots.txt HTTP/1.1" 404 1256 "-" "Mozilla/5.0 (compatible; YandexBot/3.0; +http://yandex.com/bots)"
141.8.147.12 - - [04/May/2014:23:01:31 +0200] "GET / HTTP/1.1" 200 569 "-" "Mozilla/5.0 (compatible; YandexBot/3.0; +http://yandex.com/bots)"
101.226.168.250 - - [05/May/2014:06:50:52 +0200] "GET /robots.txt HTTP/1.0" 404 1256 "http://www.die-fabians.de/robots.txt" "Mozilla/5.0 (Windows NT 6.1) AppleWebKit/537.1 (KHTML, like Gecko) Chrome/21.0.1180.89 Safari/537.1; 360Spider"
141.8.147.12 - - [05/May/2014:22:36:50 +0200] "GET /robots.txt HTTP/1.1" 404 1256 "-" "Mozilla/5.0 (compatible; YandexBot/3.0; +http://yandex.com/bots)"
141.8.147.12 - - [05/May/2014:22:36:52 +0200] "GET / HTTP/1.1" 200 569 "-" "Mozilla/5.0 (compatible; YandexBot/3.0; +http://yandex.com/bots)"
208.115.113.84 - - [06/May/2014:00:39:41 +0200] "GET /robots.txt HTTP/1.1" 404 1256 "-" "Mozilla/5.0 (compatible; DotBot/1.1; http://www.opensiteexplorer.org/dotbot, help@moz.com)"
193.252.149.15 - - [06/May/2014:01:04:21 +0200] "GET /robots.txt HTTP/1.1" 404 1256 "-" "Mozilla/5.0 (Windows NT 5.1; U; Win64; fr; rv:1.8.1) VoilaBot BETA 1.2 (support.voilabot@orange-ftgroup.com)"
193.252.149.15 - - [06/May/2014:01:04:39 +0200] "GET / HTTP/1.1" 200 569 "-" "Mozilla/5.0 (Windows NT 5.1; U; Win64; fr; rv:1.8.1) VoilaBot BETA 1.2 (support.voilabot@orange-ftgroup.com)"
208.115.113.84 - - [06/May/2014:02:04:03 +0200] "GET / HTTP/1.1" 200 569 "-" "Mozilla/5.0 (compatible; DotBot/1.1; http://www.opensiteexplorer.org/dotbot, help@moz.com)"
141.8.147.12 - - [06/May/2014:11:39:26 +0200] "GET /robots.txt HTTP/1.1" 404 1256 "-" "Mozilla/5.0 (compatible; YandexBot/3.0; +http://yandex.com/bots)"
141.8.147.12 - - [06/May/2014:11:39:29 +0200] "GET / HTTP/1.1" 200 569 "-" "Mozilla/5.0 (compatible; YandexBot/3.0; +http://yandex.com/bots)"
66.249.74.95 - - [06/May/2014:21:27:56 +0200] "GET /robots.txt HTTP/1.1" 404 1256 "-" "Mozilla/5.0 (compatible; Googlebot/2.1; +http://www.google.com/bot.html)"
66.249.79.12 - - [06/May/2014:21:27:56 +0200] "GET / HTTP/1.1" 200 569 "-" "Mozilla/5.0 (compatible; Googlebot/2.1; +http://www.google.com/bot.html)"
141.8.147.12 - - [07/May/2014:04:52:18 +0200] "GET /robots.txt HTTP/1.1" 404 1256 "-" "Mozilla/5.0 (compatible; YandexBot/3.0; +http://yandex.com/bots)"
141.8.147.12 - - [07/May/2014:04:52:20 +0200] "GET / HTTP/1.1" 200 569 "-" "Mozilla/5.0 (compatible; YandexBot/3.0; +http://yandex.com/bots)"
141.8.147.12 - - [07/May/2014:21:43:37 +0200] "GET /robots.txt HTTP/1.1" 404 1256 "-" "Mozilla/5.0 (compatible; YandexBot/3.0; +http://yandex.com/bots)"
141.8.147.12 - - [07/May/2014:21:43:39 +0200] "GET / HTTP/1.1" 200 569 "-" "Mozilla/5.0 (compatible; YandexBot/3.0; +http://yandex.com/bots)"
199.58.86.206 - - [08/May/2014:05:34:34 +0200] "GET /robots.txt HTTP/1.0" 404 1256 "-" "Mozilla/5.0 (compatible; MJ12bot/v1.4.5; http://www.majestic12.co.uk/bot.php?+)"
199.58.86.206 - - [08/May/2014:05:34:36 +0200] "GET / HTTP/1.0" 200 569 "-" "Mozilla/5.0 (compatible; MJ12bot/v1.4.5; http://www.majestic12.co.uk/bot.php?+)"
141.8.147.12 - - [08/May/2014:13:44:41 +0200] "GET /robots.txt HTTP/1.1" 404 1256 "-" "Mozilla/5.0 (compatible; YandexBot/3.0; +http://yandex.com/bots)"
141.8.147.12 - - [08/May/2014:13:44:43 +0200] "GET / HTTP/1.1" 200 569 "-" "Mozilla/5.0 (compatible; YandexBot/3.0; +http://yandex.com/bots)"
87.157.122.95 - - [08/May/2014:22:15:19 +0200] "GET / HTTP/1.1" 200 569 "http://www.bigfinder.de/?c=ws&q=online&v=1" "Mozilla/5.0 (Windows; U; Windows NT 5.1; de; rv:1.9.0.12) Gecko/2009070611 Firefox/3.0.12 GTB7.1 (.NET CLR 3.5.30729)"
141.8.147.12 - - [09/May/2014:08:24:46 +0200] "GET /robots.txt HTTP/1.1" 404 1256 "-" "Mozilla/5.0 (compatible; YandexBot/3.0; +http://yandex.com/bots)"
141.8.147.12 - - [09/May/2014:08:24:48 +0200] "GET / HTTP/1.1" 200 569 "-" "Mozilla/5.0 (compatible; YandexBot/3.0; +http://yandex.com/bots)"
141.8.147.12 - - [09/May/2014:15:57:18 +0200] "GET / HTTP/1.1" 200 569 "-" "Mozilla/5.0 (compatible; YandexBot/3.0; +http://yandex.com/bots)"
141.8.147.12 - - [10/May/2014:03:47:14 +0200] "GET /robots.txt HTTP/1.1" 404 1256 "-" "Mozilla/5.0 (compatible; YandexBot/3.0; +http://yandex.com/bots)"
141.8.147.12 - - [10/May/2014:03:47:17 +0200] "GET / HTTP/1.1" 200 569 "-" "Mozilla/5.0 (compatible; YandexBot/3.0; +http://yandex.com/bots)"
54.76.1.206 - - [10/May/2014:05:37:28 +0200] "HEAD / HTTP/1.1" 200 - "-" "-"
54.76.1.206 - - [10/May/2014:05:37:33 +0200] "GET / HTTP/1.1" 200 569 "-" "-"
54.76.6.241 - - [10/May/2014:08:06:01 +0200] "HEAD / HTTP/1.1" 200 - "-" "-"
54.76.6.241 - - [10/May/2014:08:06:03 +0200] "GET / HTTP/1.1" 200 569 "-" "-"
54.72.195.220 - - [10/May/2014:10:20:02 +0200] "HEAD / HTTP/1.1" 200 - "-" "-"
54.72.187.230 - - [10/May/2014:10:20:03 +0200] "HEAD / HTTP/1.1" 200 - "-" "-"
54.72.195.220 - - [10/May/2014:10:20:04 +0200] "GET / HTTP/1.1" 200 569 "-" "-"
54.72.187.230 - - [10/May/2014:10:20:07 +0200] "GET / HTTP/1.1" 200 569 "-" "-"
141.8.147.12 - - [10/May/2014:15:07:26 +0200] "GET / HTTP/1.1" 200 569 "-" "Mozilla/5.0 (compatible; YandexBot/3.0; +http://yandex.com/bots)"
141.8.147.12 - - [11/May/2014:00:34:40 +0200] "GET /robots.txt HTTP/1.1" 404 1256 "-" "Mozilla/5.0 (compatible; YandexBot/3.0; +http://yandex.com/bots)"
141.8.147.12 - - [11/May/2014:00:34:43 +0200] "GET / HTTP/1.1" 200 569 "-" "Mozilla/5.0 (compatible; YandexBot/3.0; +http://yandex.com/bots)"
141.8.147.12 - - [11/May/2014:06:43:54 +0200] "GET / HTTP/1.1" 200 569 "-" "Mozilla/5.0 (compatible; YandexBot/3.0; +http://yandex.com/bots)"
162.210.196.100 - - [11/May/2014:15:56:14 +0200] "GET /robots.txt HTTP/1.0" 404 1256 "-" "Mozilla/5.0 (compatible; MJ12bot/v1.4.5; http://www.majestic12.co.uk/bot.php?+)"
162.210.196.100 - - [11/May/2014:15:56:17 +0200] "GET / HTTP/1.0" 200 569 "-" "Mozilla/5.0 (compatible; MJ12bot/v1.4.5; http://www.majestic12.co.uk/bot.php?+)"
141.8.147.12 - - [11/May/2014:16:43:41 +0200] "GET /robots.txt HTTP/1.1" 404 1256 "-" "Mozilla/5.0 (compatible; YandexBot/3.0; +http://yandex.com/bots)"
141.8.147.12 - - [11/May/2014:16:43:43 +0200] "GET / HTTP/1.1" 200 569 "-" "Mozilla/5.0 (compatible; YandexBot/3.0; +http://yandex.com/bots)"
182.118.22.228 - - [12/May/2014:01:15:49 +0200] "GET /robots.txt HTTP/1.1" 404 1256 "http://www.die-fabians.de/robots.txt" "Mozilla/5.0 (compatible; MSIE 9.0; Windows NT 6.1; Trident/5.0); 360Spider"
141.8.147.12 - - [12/May/2014:10:59:49 +0200] "GET /robots.txt HTTP/1.1" 404 1256 "-" "Mozilla/5.0 (compatible; YandexBot/3.0; +http://yandex.com/bots)"
141.8.147.12 - - [12/May/2014:10:59:51 +0200] "GET / HTTP/1.1" 200 569 "-" "Mozilla/5.0 (compatible; YandexBot/3.0; +http://yandex.com/bots)"
216.145.5.42 - - [12/May/2014:19:04:18 +0200] "GET /robots.txt HTTP/1.0" 404 1256 "-" "Mozilla/5.0 (Windows; U; Windows NT 5.1; en; rv:1.9.0.13) Gecko/2009073022 Firefox/3.5.2 (.NET CLR 3.5.30729) SurveyBot/2.3 (DomainTools)"
216.145.5.42 - - [12/May/2014:19:04:19 +0200] "GET / HTTP/1.1" 200 569 "http://whois.domaintools.com/die-fabians.de" "Mozilla/5.0 (Windows; U; Windows NT 5.1; en; rv:1.9.0.13) Gecko/2009073022 Firefox/3.5.2 (.NET CLR 3.5.30729) SurveyBot/2.3 (DomainTools)"
141.8.147.12 - - [13/May/2014:00:34:14 +0200] "GET /robots.txt HTTP/1.1" 404 1256 "-" "Mozilla/5.0 (compatible; YandexBot/3.0; +http://yandex.com/bots)"
141.8.147.12 - - [13/May/2014:00:34:16 +0200] "GET / HTTP/1.1" 200 569 "-" "Mozilla/5.0 (compatible; YandexBot/3.0; +http://yandex.com/bots)"
66.249.78.208 - - [13/May/2014:04:42:58 +0200] "GET /robots.txt HTTP/1.1" 404 1256 "-" "Mozilla/5.0 (compatible; Googlebot/2.1; +http://www.google.com/bot.html)"
66.249.78.208 - - [13/May/2014:04:42:58 +0200] "GET / HTTP/1.1" 200 569 "-" "Mozilla/5.0 (iPhone; CPU iPhone OS 6_0 like Mac OS X) AppleWebKit/536.26 (KHTML, like Gecko) Version/6.0 Mobile/10A5376e Safari/8536.25 (compatible; Googlebot/2.1; +http://www.google.com/bot.html)"
141.8.147.12 - - [13/May/2014:07:00:54 +0200] "GET / HTTP/1.1" 200 569 "-" "Mozilla/5.0 (compatible; YandexBot/3.0; +http://yandex.com/bots)"
141.8.147.12 - - [14/May/2014:01:04:12 +0200] "GET /robots.txt HTTP/1.1" 404 1256 "-" "Mozilla/5.0 (compatible; YandexBot/3.0; +http://yandex.com/bots)"
141.8.147.12 - - [14/May/2014:01:04:14 +0200] "GET / HTTP/1.1" 200 569 "-" "Mozilla/5.0 (compatible; YandexBot/3.0; +http://yandex.com/bots)"
141.8.147.12 - - [14/May/2014:12:55:59 +0200] "GET / HTTP/1.1" 200 569 "-" "Mozilla/5.0 (compatible; YandexBot/3.0; +http://yandex.com/bots)"
141.8.147.12 - - [15/May/2014:00:07:09 +0200] "GET /robots.txt HTTP/1.1" 404 1256 "-" "Mozilla/5.0 (compatible; YandexBot/3.0; +http://yandex.com/bots)"
141.8.147.12 - - [15/May/2014:00:07:11 +0200] "GET / HTTP/1.1" 200 569 "-" "Mozilla/5.0 (compatible; YandexBot/3.0; +http://yandex.com/bots)"
141.8.147.12 - - [15/May/2014:06:49:42 +0200] "GET / HTTP/1.1" 200 569 "-" "Mozilla/5.0 (compatible; YandexBot/3.0; +http://yandex.com/bots)"
88.198.1.77 - - [15/May/2014:08:31:15 +0200] "GET /robots.txt HTTP/1.1" 404 1256 "http://www.sitedomain.de/" "Sitedomain-Bot(Sitedomain-Bot 1.0, http://www.sitedomain.de/sitedomain-bot/)"
141.8.147.12 - - [15/May/2014:13:29:34 +0200] "GET /robots.txt HTTP/1.1" 404 1256 "-" "Mozilla/5.0 (compatible; YandexBot/3.0; +http://yandex.com/bots)"
141.8.147.12 - - [15/May/2014:13:29:36 +0200] "GET / HTTP/1.1" 200 569 "-" "Mozilla/5.0 (compatible; YandexBot/3.0; +http://yandex.com/bots)"
141.8.147.12 - - [16/May/2014:04:53:54 +0200] "GET /robots.txt HTTP/1.1" 404 1256 "-" "Mozilla/5.0 (compatible; YandexBot/3.0; +http://yandex.com/bots)"
141.8.147.12 - - [16/May/2014:04:53:57 +0200] "GET / HTTP/1.1" 200 569 "-" "Mozilla/5.0 (compatible; YandexBot/3.0; +http://yandex.com/bots)"
141.8.147.12 - - [16/May/2014:11:25:22 +0200] "GET / HTTP/1.1" 200 569 "-" "Mozilla/5.0 (compatible; YandexBot/3.0; +http://yandex.com/bots)"
79.202.0.219 - - [16/May/2014:23:51:16 +0200] "GET / HTTP/1.1" 200 569 "http://forum.familie-greve.de/search.php" "Mozilla/5.0 (Linux; U; Android 4.1.1; en-gb; SurfTab Build/JRO03) AppleWebKit/534.30 (KHTML, like Gecko) Version/4.0 Safari/534.30"
79.202.0.219 - - [16/May/2014:23:51:16 +0200] "GET /picture/img001.png HTTP/1.1" 200 643437 "http://www.die-fabians.de/" "Mozilla/5.0 (Linux; U; Android 4.1.1; en-gb; SurfTab Build/JRO03) AppleWebKit/534.30 (KHTML, like Gecko) Version/4.0 Safari/534.30"
79.202.0.219 - - [16/May/2014:23:51:19 +0200] "GET /favicon.ico HTTP/1.1" 404 1256 "http://www.die-fabians.de/" "Mozilla/5.0 (Linux; U; Android 4.1.1; en-gb; SurfTab Build/JRO03) AppleWebKit/534.30 (KHTML, like Gecko) Version/4.0 Safari/534.30"
162.210.196.130 - - [18/May/2014:00:05:08 +0200] "GET /robots.txt HTTP/1.0" 404 1256 "-" "Mozilla/5.0 (compatible; MJ12bot/v1.4.5; http://www.majestic12.co.uk/bot.php?+)"
162.210.196.130 - - [18/May/2014:00:05:10 +0200] "GET / HTTP/1.0" 200 569 "-" "Mozilla/5.0 (compatible; MJ12bot/v1.4.5; http://www.majestic12.co.uk/bot.php?+)"
144.76.42.76 - - [18/May/2014:00:05:12 +0200] "GET / HTTP/1.1" 200 569 "-" "Mozilla/5.0 (Macintosh; Intel Mac OS X 10_8_2) AppleWebKit/537.17 (KHTML, like Gecko) Chrome/24.0.1312.52 Safari/537.17"
144.76.42.76 - - [18/May/2014:00:05:13 +0200] "GET / HTTP/1.1" 200 569 "-" "Mozilla/5.0 (Macintosh; Intel Mac OS X 10_8_2) AppleWebKit/537.17 (KHTML, like Gecko) Chrome/24.0.1312.52 Safari/537.17"
84.150.200.86 - - [19/May/2014:17:44:13 +0200] "GET / HTTP/1.1" 200 569 "http://www.bigfinder.de/?c=ws&q=online&v=1" "Mozilla/5.0 (Windows NT 6.1; WOW64; rv:19.0) Gecko/20100101 Firefox/19.0"
101.226.168.248 - - [20/May/2014:04:59:22 +0200] "GET /robots.txt HTTP/1.1" 404 1256 "http://www.die-fabians.de/robots.txt" "Mozilla/5.0 (Windows NT 6.1) AppleWebKit/537.1 (KHTML, like Gecko) Chrome/21.0.1180.89 Safari/537.1; 360Spider"
62.212.73.211 - - [20/May/2014:10:03:15 +0200] "GET /robots.txt HTTP/1.0" 404 1256 "-" "Mozilla/5.0 (compatible; MJ12bot/v1.4.5; http://www.majestic12.co.uk/bot.php?+)"
62.212.73.211 - - [20/May/2014:10:03:16 +0200] "GET / HTTP/1.0" 200 569 "-" "Mozilla/5.0 (compatible; MJ12bot/v1.4.5; http://www.majestic12.co.uk/bot.php?+)"
217.80.147.187 - - [20/May/2014:12:08:18 +0200] "GET / HTTP/1.1" 200 569 "http://navigationshilfe.t-online.de/dtag/dns/results?mode=search_top&q=fabians.de&var=1&x=0&y=0" "Mozilla/5.0 (Windows NT 6.1; WOW64; Trident/7.0; rv:11.0) like Gecko"
217.80.147.187 - - [20/May/2014:12:08:19 +0200] "GET /picture/img001.png HTTP/1.1" 200 643437 "http://www.die-fabians.de/" "Mozilla/5.0 (Windows NT 6.1; WOW64; Trident/7.0; rv:11.0) like Gecko"
217.80.147.187 - - [20/May/2014:12:08:19 +0200] "GET /favicon.ico HTTP/1.1" 404 1256 "-" "Mozilla/5.0 (Windows NT 6.1; Win64; x64; Trident/7.0; rv:11.0) like Gecko"
66.249.78.208 - - [20/May/2014:14:06:39 +0200] "GET /robots.txt HTTP/1.1" 404 1256 "-" "Mozilla/5.0 (compatible; Googlebot/2.1; +http://www.google.com/bot.html)"
66.249.78.208 - - [20/May/2014:14:06:39 +0200] "GET / HTTP/1.1" 200 569 "-" "Mozilla/5.0 (compatible; Googlebot/2.1; +http://www.google.com/bot.html)"
182.64.16.197 - - [20/May/2014:14:26:50 +0200] "GET / HTTP/1.1" 200 569 "-" "-"
141.8.147.12 - - [20/May/2014:15:22:39 +0200] "GET /robots.txt HTTP/1.1" 404 1256 "-" "Mozilla/5.0 (compatible; YandexBot/3.0; +http://yandex.com/bots)"
141.8.147.12 - - [20/May/2014:15:22:41 +0200] "GET / HTTP/1.1" 200 569 "-" "Mozilla/5.0 (compatible; YandexBot/3.0; +http://yandex.com/bots)"
54.76.55.248 - - [20/May/2014:19:42:07 +0200] "HEAD / HTTP/1.1" 200 - "-" "-"
54.76.55.248 - - [20/May/2014:19:42:36 +0200] "GET / HTTP/1.1" 200 569 "-" "-"
182.118.21.202 - - [21/May/2014:01:09:42 +0200] "GET /robots.txt HTTP/1.1" 404 1256 "http://www.die-fabians.de/robots.txt" "Mozilla/5.0 (compatible; MSIE 9.0; Windows NT 6.1; Trident/5.0); 360Spider"
182.118.20.213 - - [21/May/2014:03:06:39 +0200] "GET /robots.txt HTTP/1.1" 404 1256 "http://www.die-fabians.de/robots.txt" "Mozilla/5.0 (compatible; MSIE 9.0; Windows NT 6.1; Trident/5.0); 360Spider"
208.115.113.84 - - [21/May/2014:04:34:23 +0200] "GET /robots.txt HTTP/1.1" 404 1256 "-" "Mozilla/5.0 (compatible; DotBot/1.1; http://www.opensiteexplorer.org/dotbot, help@moz.com)"
208.115.113.84 - - [21/May/2014:05:49:41 +0200] "GET / HTTP/1.1" 200 569 "-" "Mozilla/5.0 (compatible; DotBot/1.1; http://www.opensiteexplorer.org/dotbot, help@moz.com)"
141.8.147.12 - - [22/May/2014:04:18:50 +0200] "GET /robots.txt HTTP/1.1" 404 1256 "-" "Mozilla/5.0 (compatible; YandexBot/3.0; +http://yandex.com/bots)"
141.8.147.12 - - [22/May/2014:04:18:52 +0200] "GET / HTTP/1.1" 200 569 "-" "Mozilla/5.0 (compatible; YandexBot/3.0; +http://yandex.com/bots)"
141.8.147.12 - - [22/May/2014:11:18:32 +0200] "GET / HTTP/1.1" 200 569 "-" "Mozilla/5.0 (compatible; YandexBot/3.0; +http://yandex.com/bots)"
141.8.147.12 - - [22/May/2014:22:38:28 +0200] "GET /robots.txt HTTP/1.1" 404 1256 "-" "Mozilla/5.0 (compatible; YandexBot/3.0; +http://yandex.com/bots)"
141.8.147.12 - - [22/May/2014:22:38:30 +0200] "GET / HTTP/1.1" 200 569 "-" "Mozilla/5.0 (compatible; YandexBot/3.0; +http://yandex.com/bots)"
162.243.251.166 - - [23/May/2014:02:33:31 +0200] "GET /robots.txt HTTP/1.1" 404 1256 "-" "Mozilla/5.0 (compatible; spbot/4.1.0; +http://OpenLinkProfiler.org/bot )"
162.243.251.166 - - [23/May/2014:02:33:36 +0200] "GET / HTTP/1.1" 200 569 "-" "Mozilla/5.0 (compatible; spbot/4.1.0; +http://OpenLinkProfiler.org/bot )"
141.8.147.12 - - [23/May/2014:13:51:34 +0200] "GET /robots.txt HTTP/1.1" 404 1256 "-" "Mozilla/5.0 (compatible; YandexBot/3.0; +http://yandex.com/bots)"
141.8.147.12 - - [23/May/2014:13:51:36 +0200] "GET / HTTP/1.1" 200 569 "-" "Mozilla/5.0 (compatible; YandexBot/3.0; +http://yandex.com/bots)"
141.8.147.12 - - [23/May/2014:23:22:01 +0200] "GET / HTTP/1.1" 200 569 "-" "Mozilla/5.0 (compatible; YandexBot/3.0; +http://yandex.com/bots)"
141.8.147.12 - - [24/May/2014:07:19:28 +0200] "GET /robots.txt HTTP/1.1" 404 1256 "-" "Mozilla/5.0 (compatible; YandexBot/3.0; +http://yandex.com/bots)"
141.8.147.12 - - [24/May/2014:07:19:31 +0200] "GET / HTTP/1.1" 200 569 "-" "Mozilla/5.0 (compatible; YandexBot/3.0; +http://yandex.com/bots)"
141.8.147.12 - - [24/May/2014:14:09:16 +0200] "GET / HTTP/1.1" 200 569 "-" "Mozilla/5.0 (compatible; YandexBot/3.0; +http://yandex.com/bots)"
64.246.178.34 - - [24/May/2014:18:30:02 +0200] "GET /robots.txt HTTP/1.0" 404 1256 "-" "Mozilla/5.0 (Windows; U; Windows NT 5.1; en; rv:1.9.0.13) Gecko/2009073022 Firefox/3.5.2 (.NET CLR 3.5.30729) SurveyBot/2.3 (DomainTools)"
64.246.178.34 - - [24/May/2014:18:30:02 +0200] "GET / HTTP/1.1" 200 569 "http://whois.domaintools.com/die-fabians.de" "Mozilla/5.0 (Windows; U; Windows NT 5.1; en; rv:1.9.0.13) Gecko/2009073022 Firefox/3.5.2 (.NET CLR 3.5.30729) SurveyBot/2.3 (DomainTools)"
141.8.147.12 - - [25/May/2014:00:32:22 +0200] "GET /robots.txt HTTP/1.1" 404 1256 "-" "Mozilla/5.0 (compatible; YandexBot/3.0; +http://yandex.com/bots)"
141.8.147.12 - - [25/May/2014:00:32:24 +0200] "GET / HTTP/1.1" 200 569 "-" "Mozilla/5.0 (compatible; YandexBot/3.0; +http://yandex.com/bots)"
141.8.147.12 - - [25/May/2014:09:01:49 +0200] "GET / HTTP/1.1" 200 569 "-" "Mozilla/5.0 (compatible; YandexBot/3.0; +http://yandex.com/bots)"
79.202.68.98 - - [25/May/2014:15:20:18 +0200] "GET / HTTP/1.1" 200 569 "http://www.bigfinder.de/?c=ws&q=online&v=1" "Mozilla/5.0 (Windows NT 6.1; WOW64; rv:19.0) Gecko/20100101 Firefox/19.0"
141.8.147.12 - - [25/May/2014:16:52:15 +0200] "GET /robots.txt HTTP/1.1" 404 1256 "-" "Mozilla/5.0 (compatible; YandexBot/3.0; +http://yandex.com/bots)"
141.8.147.12 - - [25/May/2014:16:52:17 +0200] "GET / HTTP/1.1" 200 569 "-" "Mozilla/5.0 (compatible; YandexBot/3.0; +http://yandex.com/bots)"
84.38.65.176 - - [26/May/2014:12:39:39 +0200] "GET / HTTP/1.1" 200 569 "http://www.sumaja.de/" "Mozilla/4.0 (compatible; MSIE 8.0; Windows NT 6.1; Trident/4.0; SLCC2; .NET CLR 2.0.50727; .NET CLR 3.5.30729; .NET CLR 3.0.30729; Media Center PC 6.0)"
85.25.202.18 - - [26/May/2014:12:39:39 +0200] "GET / HTTP/1.0" 200 569 "-" "-"
85.25.202.18 - - [26/May/2014:12:39:39 +0200] "GET / HTTP/1.0" 200 569 "-" "-"
141.8.147.12 - - [26/May/2014:19:42:17 +0200] "GET /robots.txt HTTP/1.1" 404 1256 "-" "Mozilla/5.0 (compatible; YandexBot/3.0; +http://yandex.com/bots)"
141.8.147.12 - - [26/May/2014:19:42:19 +0200] "GET / HTTP/1.1" 200 569 "-" "Mozilla/5.0 (compatible; YandexBot/3.0; +http://yandex.com/bots)"
141.8.147.12 - - [27/May/2014:11:46:19 +0200] "GET /robots.txt HTTP/1.1" 404 1256 "-" "Mozilla/5.0 (compatible; YandexBot/3.0; +http://yandex.com/bots)"
141.8.147.12 - - [27/May/2014:11:46:21 +0200] "GET / HTTP/1.1" 200 569 "-" "Mozilla/5.0 (compatible; YandexBot/3.0; +http://yandex.com/bots)"
108.59.8.70 - - [27/May/2014:15:06:18 +0200] "GET /robots.txt HTTP/1.0" 404 1256 "-" "Mozilla/5.0 (compatible; MJ12bot/v1.4.5; http://www.majestic12.co.uk/bot.php?+)"
108.59.8.70 - - [27/May/2014:15:06:20 +0200] "GET / HTTP/1.0" 200 569 "-" "Mozilla/5.0 (compatible; MJ12bot/v1.4.5; http://www.majestic12.co.uk/bot.php?+)"
141.8.147.12 - - [27/May/2014:20:39:15 +0200] "GET / HTTP/1.1" 200 569 "-" "Mozilla/5.0 (compatible; YandexBot/3.0; +http://yandex.com/bots)"
101.226.168.254 - - [28/May/2014:10:32:35 +0200] "GET /robots.txt HTTP/1.1" 404 1256 "http://www.die-fabians.de/robots.txt" "Mozilla/5.0 (Windows NT 6.1) AppleWebKit/537.1 (KHTML, like Gecko) Chrome/21.0.1180.89 Safari/537.1; 360Spider"
182.118.25.230 - - [29/May/2014:17:12:04 +0200] "GET /robots.txt HTTP/1.1" 404 1256 "http://www.die-fabians.de/robots.txt" "Mozilla/5.0 (compatible; MSIE 9.0; Windows NT 6.1; Trident/5.0); 360Spider"
66.249.67.33 - - [30/May/2014:05:37:50 +0200] "GET /robots.txt HTTP/1.1" 404 1256 "-" "Mozilla/5.0 (compatible; Googlebot/2.1; +http://www.google.com/bot.html)"
66.249.67.46 - - [30/May/2014:05:37:50 +0200] "GET / HTTP/1.1" 200 569 "-" "Mozilla/5.0 (iPhone; CPU iPhone OS 6_0 like Mac OS X) AppleWebKit/536.26 (KHTML, like Gecko) Version/6.0 Mobile/10A5376e Safari/8536.25 (compatible; Googlebot/2.1; +http://www.google.com/bot.html)"
176.9.50.42 - - [31/May/2014:08:34:49 +0200] "GET / HTTP/1.1" 200 569 "-" "Mozilla/4.0 (compatible; MSIE 6.0; Windows 98; Win 9x4.90)"