37.134.169.246 - - [01/Jan/2020:05:26:43 +0100] "GET / HTTP/1.1" 200 569 "-" "Java/1.6.0_04"
37.134.169.246 - - [01/Jan/2020:05:26:44 +0100] "GET /picture/img001.png HTTP/1.1" 200 643437 "-" "Java/1.6.0_04"
54.36.148.238 - - [01/Jan/2020:06:36:21 +0100] "GET /robots.txt HTTP/1.1" 404 1256 "-" "Mozilla/5.0 (compatible; AhrefsBot/6.1; +http://ahrefs.com/robot/)"
151.80.39.227 - - [01/Jan/2020:06:36:25 +0100] "GET / HTTP/1.1" 200 569 "-" "Mozilla/5.0 (compatible; AhrefsBot/6.1; +http://ahrefs.com/robot/)"
95.216.96.254 - - [01/Jan/2020:08:14:54 +0100] "GET /robots.txt HTTP/1.1" 404 1256 "-" "Mozilla/5.0 (compatible; SEOkicks; +https://www.seokicks.de/robot.html)"
95.216.96.254 - - [01/Jan/2020:08:14:56 +0100] "GET / HTTP/1.1" 200 569 "-" "Mozilla/5.0 (compatible; SEOkicks; +https://www.seokicks.de/robot.html)"
46.105.99.163 - - [01/Jan/2020:10:12:58 +0100] "GET /wp-login.php HTTP/1.1" 404 1256 "-" "Mozilla/5.0 (Windows NT 10.0; WOW64) AppleWebKit/537.36 (KHTML, like Gecko) Chrome/46.0.2490.80 Safari/537.36"
46.105.99.163 - - [01/Jan/2020:10:13:09 +0100] "GET /robots.txt HTTP/1.1" 404 1256 "-" "Mozilla/5.0 (Windows NT 10.0; WOW64) AppleWebKit/537.36 (KHTML, like Gecko) Chrome/46.0.2490.80 Safari/537.36"
95.216.96.244 - - [01/Jan/2020:18:17:33 +0100] "GET /robots.txt HTTP/1.1" 404 1256 "-" "Mozilla/5.0 (compatible; SEOkicks; +https://www.seokicks.de/robot.html)"
95.216.96.244 - - [01/Jan/2020:18:17:34 +0100] "GET / HTTP/1.1" 200 569 "-" "Mozilla/5.0 (compatible; SEOkicks; +https://www.seokicks.de/robot.html)"
178.128.236.202 - - [01/Jan/2020:18:58:18 +0100] "GET /wp-login.php HTTP/1.1" 404 1256 "-" "Mozilla/5.0 (X11; Ubuntu; Linux x86_64; rv:62.0) Gecko/20100101 Firefox/62.0"
95.216.96.245 - - [02/Jan/2020:00:14:21 +0100] "GET /robots.txt HTTP/1.1" 404 1256 "-" "Mozilla/5.0 (compatible; SEOkicks; +https://www.seokicks.de/robot.html)"
95.216.96.245 - - [02/Jan/2020:00:14:22 +0100] "GET / HTTP/1.1" 200 569 "-" "Mozilla/5.0 (compatible; SEOkicks; +https://www.seokicks.de/robot.html)"
95.216.96.244 - - [02/Jan/2020:12:25:04 +0100] "GET /robots.txt HTTP/1.1" 404 1256 "-" "Mozilla/5.0 (compatible; SEOkicks; +https://www.seokicks.de/robot.html)"
95.216.96.244 - - [02/Jan/2020:12:25:07 +0100] "GET / HTTP/1.1" 200 569 "-" "Mozilla/5.0 (compatible; SEOkicks; +https://www.seokicks.de/robot.html)"
66.249.64.45 - - [02/Jan/2020:14:51:47 +0100] "GET /robots.txt HTTP/1.1" 404 1256 "-" "Mozilla/5.0 (compatible; Googlebot/2.1; +http://www.google.com/bot.html)"
66.249.64.47 - - [02/Jan/2020:14:51:55 +0100] "GET / HTTP/1.1" 200 569 "-" "Mozilla/5.0 (Linux; Android 6.0.1; Nexus 5X Build/MMB29P) AppleWebKit/537.36 (KHTML, like Gecko) Chrome/41.0.2272.96 Mobile Safari/537.36 (compatible; Googlebot/2.1; +http://www.google.com/bot.html)"
66.249.64.45 - - [02/Jan/2020:23:18:41 +0100] "GET / HTTP/1.1" 200 569 "-" "Mozilla/5.0 (Linux; Android 6.0.1; Nexus 5X Build/MMB29P) AppleWebKit/537.36 (KHTML, like Gecko) Chrome/41.0.2272.96 Mobile Safari/537.36 (compatible; Googlebot/2.1; +http://www.google.com/bot.html)"
95.216.96.254 - - [03/Jan/2020:01:05:01 +0100] "GET /robots.txt HTTP/1.1" 404 1256 "-" "Mozilla/5.0 (compatible; SEOkicks; +https://www.seokicks.de/robot.html)"
95.216.96.254 - - [03/Jan/2020:01:05:04 +0100] "GET / HTTP/1.1" 200 569 "-" "Mozilla/5.0 (compatible; SEOkicks; +https://www.seokicks.de/robot.html)"
42.236.10.81 - - [03/Jan/2020:05:18:16 +0100] "GET / HTTP/1.1" 200 569 "http://www.die-fabians.de/" "Mozilla/5.0 (Windows NT 6.1; WOW64) AppleWebKit/537.36 (KHTML, like Gecko) Chrome/50.0.2661.102 Safari/537.36; 360Spider"
5.196.87.134 - - [03/Jan/2020:08:09:04 +0100] "GET / HTTP/1.1" 200 569 "-" "Mozilla/5.0 (compatible; AhrefsBot/6.1; +http://ahrefs.com/robot/)"
45.143.223.46 - - [03/Jan/2020:08:59:33 +0100] "GET / HTTP/1.1" 200 569 "-" "Java/1.6.0_04"
45.143.223.46 - - [03/Jan/2020:08:59:33 +0100] "GET /picture/img001.png HTTP/1.1" 200 643437 "-" "Java/1.6.0_04"
95.216.96.244 - - [03/Jan/2020:10:56:57 +0100] "GET /robots.txt HTTP/1.1" 404 1256 "-" "Mozilla/5.0 (compatible; SEOkicks; +https://www.seokicks.de/robot.html)"
95.216.96.244 - - [03/Jan/2020:10:56:59 +0100] "GET / HTTP/1.1" 200 569 "-" "Mozilla/5.0 (compatible; SEOkicks; +https://www.seokicks.de/robot.html)"
17.58.97.43 - - [03/Jan/2020:15:05:01 +0100] "GET /robots.txt HTTP/1.1" 404 1256 "-" "Mozilla/5.0 (Macintosh; Intel Mac OS X 10_10_1) AppleWebKit/600.2.5 (KHTML, like Gecko) Version/8.0.2 Safari/600.2.5 (Applebot/0.1; +http://www.apple.com/go/applebot)"
17.58.96.45 - - [03/Jan/2020:15:05:02 +0100] "GET / HTTP/1.1" 200 569 "-" "Mozilla/5.0 (Macintosh; Intel Mac OS X 10_10_1) AppleWebKit/600.2.5 (KHTML, like Gecko) Version/8.0.2 Safari/600.2.5 (Applebot/0.1; +http://www.apple.com/go/applebot)"
66.249.64.49 - - [03/Jan/2020:15:12:09 +0100] "GET /robots.txt HTTP/1.1" 404 1256 "-" "Mozilla/5.0 (compatible; Googlebot/2.1; +http://www.google.com/bot.html)"
66.249.64.45 - - [03/Jan/2020:15:12:10 +0100] "GET / HTTP/1.1" 200 569 "-" "Mozilla/5.0 (Linux; Android 6.0.1; Nexus 5X Build/MMB29P) AppleWebKit/537.36 (KHTML, like Gecko) Chrome/41.0.2272.96 Mobile Safari/537.36 (compatible; Googlebot/2.1; +http://www.google.com/bot.html)"
95.216.96.245 - - [03/Jan/2020:17:23:36 +0100] "GET /robots.txt HTTP/1.1" 404 1256 "-" "Mozilla/5.0 (compatible; SEOkicks; +https://www.seokicks.de/robot.html)"
95.216.96.245 - - [03/Jan/2020:17:23:38 +0100] "GET / HTTP/1.1" 200 569 "-" "Mozilla/5.0 (compatible; SEOkicks; +https://www.seokicks.de/robot.html)"
54.36.149.107 - - [03/Jan/2020:18:21:17 +0100] "GET /robots.txt HTTP/1.1" 404 1256 "-" "Mozilla/5.0 (compatible; AhrefsBot/6.1; +http://ahrefs.com/robot/)"
207.46.13.236 - - [03/Jan/2020:21:12:54 +0100] "GET /robots.txt HTTP/1.1" 404 1256 "-" "Mozilla/5.0 (compatible; bingbot/2.0; +http://www.bing.com/bingbot.htm)"
207.46.13.101 - - [03/Jan/2020:21:13:01 +0100] "GET / HTTP/1.1" 304 - "-" "Mozilla/5.0 (compatible; bingbot/2.0; +http://www.bing.com/bingbot.htm)"
95.216.96.254 - - [04/Jan/2020:02:39:27 +0100] "GET /robots.txt HTTP/1.1" 404 1256 "-" "Mozilla/5.0 (compatible; SEOkicks; +https://www.seokicks.de/robot.html)"
95.216.96.254 - - [04/Jan/2020:02:39:28 +0100] "GET / HTTP/1.1" 200 569 "-" "Mozilla/5.0 (compatible; SEOkicks; +https://www.seokicks.de/robot.html)"
95.216.96.243 - - [04/Jan/2020:14:41:36 +0100] "GET /robots.txt HTTP/1.1" 404 1256 "-" "Mozilla/5.0 (compatible; SEOkicks; +https://www.seokicks.de/robot.html)"
95.216.96.243 - - [04/Jan/2020:14:41:37 +0100] "GET / HTTP/1.1" 200 569 "-" "Mozilla/5.0 (compatible; SEOkicks; +https://www.seokicks.de/robot.html)"
95.216.96.245 - - [05/Jan/2020:01:23:32 +0100] "GET /robots.txt HTTP/1.1" 404 1256 "-" "Mozilla/5.0 (compatible; SEOkicks; +https://www.seokicks.de/robot.html)"
95.216.96.245 - - [05/Jan/2020:01:23:33 +0100] "GET / HTTP/1.1" 200 569 "-" "Mozilla/5.0 (compatible; SEOkicks; +https://www.seokicks.de/robot.html)"
66.249.64.47 - - [05/Jan/2020:07:28:23 +0100] "GET /robots.txt HTTP/1.1" 404 1256 "-" "Mozilla/5.0 (compatible; Googlebot/2.1; +http://www.google.com/bot.html)"
66.249.64.45 - - [05/Jan/2020:07:28:23 +0100] "GET / HTTP/1.1" 200 569 "-" "Mozilla/5.0 (Linux; Android 6.0.1; Nexus 5X Build/MMB29P) AppleWebKit/537.36 (KHTML, like Gecko) Chrome/41.0.2272.96 Mobile Safari/537.36 (compatible; Googlebot/2.1; +http://www.google.com/bot.html)"
95.216.96.245 - - [05/Jan/2020:10:32:15 +0100] "GET /robots.txt HTTP/1.1" 404 1256 "-" "Mozilla/5.0 (compatible; SEOkicks; +https://www.seokicks.de/robot.html)"
95.216.96.245 - - [05/Jan/2020:10:32:17 +0100] "GET / HTTP/1.1" 200 569 "-" "Mozilla/5.0 (compatible; SEOkicks; +https://www.seokicks.de/robot.html)"
54.36.148.223 - - [05/Jan/2020:12:17:53 +0100] "GET /robots.txt HTTP/1.1" 404 1256 "-" "Mozilla/5.0 (compatible; AhrefsBot/6.1; +http://ahrefs.com/robot/)"
151.80.39.65 - - [05/Jan/2020:12:17:58 +0100] "GET / HTTP/1.1" 200 569 "-" "Mozilla/5.0 (compatible; AhrefsBot/6.1; +http://ahrefs.com/robot/)"
67.217.106.251 - - [05/Jan/2020:14:50:43 +0100] "GET / HTTP/1.1" 200 569 "-" "Mozilla/5.0 (Windows; U; Windows NT 5.1; en-US; rv:1.9.2.13) Gecko/20101203 Firefox/3.6.13 GTB7.1 (.NET CLR 3.5.30729)"
95.216.96.254 - - [05/Jan/2020:19:22:16 +0100] "GET /robots.txt HTTP/1.1" 404 1256 "-" "Mozilla/5.0 (compatible; SEOkicks; +https://www.seokicks.de/robot.html)"
95.216.96.254 - - [05/Jan/2020:19:22:18 +0100] "GET / HTTP/1.1" 200 569 "-" "Mozilla/5.0 (compatible; SEOkicks; +https://www.seokicks.de/robot.html)"
66.249.64.49 - - [06/Jan/2020:04:55:52 +0100] "GET /robots.txt HTTP/1.1" 404 1256 "-" "Mozilla/5.0 (compatible; Googlebot/2.1; +http://www.google.com/bot.html)"
66.249.64.45 - - [06/Jan/2020:04:55:52 +0100] "GET / HTTP/1.1" 200 569 "-" "Mozilla/5.0 (Linux; Android 6.0.1; Nexus 5X Build/MMB29P) AppleWebKit/537.36 (KHTML, like Gecko) Chrome/41.0.2272.96 Mobile Safari/537.36 (compatible; Googlebot/2.1; +http://www.google.com/bot.html)"
144.76.29.148 - - [06/Jan/2020:07:19:39 +0100] "GET /robots.txt HTTP/1.1" 404 1256 "-" "Mozilla/5.0 (compatible; MJ12bot/v1.4.8; http://mj12bot.com/)"
144.76.29.148 - - [06/Jan/2020:07:19:40 +0100] "GET / HTTP/1.1" 200 569 "-" "Mozilla/5.0 (compatible; MJ12bot/v1.4.8; http://mj12bot.com/)"
95.216.96.244 - - [06/Jan/2020:07:40:10 +0100] "GET /robots.txt HTTP/1.1" 404 1256 "-" "Mozilla/5.0 (compatible; SEOkicks; +https://www.seokicks.de/robot.html)"
95.216.96.244 - - [06/Jan/2020:07:40:12 +0100] "GET / HTTP/1.1" 200 569 "-" "Mozilla/5.0 (compatible; SEOkicks; +https://www.seokicks.de/robot.html)"
77.236.223.93 - - [06/Jan/2020:10:41:22 +0100] "GET / HTTP/1.1" 200 569 "-" "Mozilla/4.0 (compatible; MSIE 6.0; Windows NT 5.1)"
95.216.96.245 - - [06/Jan/2020:17:36:37 +0100] "GET /robots.txt HTTP/1.1" 404 1256 "-" "Mozilla/5.0 (compatible; SEOkicks; +https://www.seokicks.de/robot.html)"
95.216.96.245 - - [06/Jan/2020:17:36:39 +0100] "GET / HTTP/1.1" 200 569 "-" "Mozilla/5.0 (compatible; SEOkicks; +https://www.seokicks.de/robot.html)"
54.36.148.30 - - [06/Jan/2020:19:49:24 +0100] "GET /robots.txt HTTP/1.1" 404 1256 "-" "Mozilla/5.0 (compatible; AhrefsBot/6.1; +http://ahrefs.com/robot/)"
63.246.143.146 - - [07/Jan/2020:01:50:00 +0100] "GET / HTTP/1.1" 200 569 "-" "Screaming Frog SEO Spider/10.4"
95.216.96.242 - - [07/Jan/2020:03:47:03 +0100] "GET /robots.txt HTTP/1.1" 404 1256 "-" "Mozilla/5.0 (compatible; SEOkicks; +https://www.seokicks.de/robot.html)"
95.216.96.242 - - [07/Jan/2020:03:47:05 +0100] "GET / HTTP/1.1" 200 569 "-" "Mozilla/5.0 (compatible; SEOkicks; +https://www.seokicks.de/robot.html)"
151.80.39.208 - - [07/Jan/2020:14:37:10 +0100] "GET / HTTP/1.1" 200 569 "-" "Mozilla/5.0 (compatible; AhrefsBot/6.1; +http://ahrefs.com/robot/)"
95.216.96.245 - - [07/Jan/2020:14:58:16 +0100] "GET /robots.txt HTTP/1.1" 404 1256 "-" "Mozilla/5.0 (compatible; SEOkicks; +https://www.seokicks.de/robot.html)"
95.216.96.245 - - [07/Jan/2020:14:58:17 +0100] "GET / HTTP/1.1" 200 569 "-" "Mozilla/5.0 (compatible; SEOkicks; +https://www.seokicks.de/robot.html)"
66.249.66.89 - - [07/Jan/2020:19:18:06 +0100] "GET /robots.txt HTTP/1.1" 404 1256 "-" "Mozilla/5.0 (compatible; Googlebot/2.1; +http://www.google.com/bot.html)"
66.249.66.91 - - [07/Jan/2020:19:18:06 +0100] "GET / HTTP/1.1" 200 569 "-" "Mozilla/5.0 (Linux; Android 6.0.1; Nexus 5X Build/MMB29P) AppleWebKit/537.36 (KHTML, like Gecko) Chrome/41.0.2272.96 Mobile Safari/537.36 (compatible; Googlebot/2.1; +http://www.google.com/bot.html)"
89.38.19.140 - - [07/Jan/2020:22:55:33 +0100] "GET / HTTP/1.1" 200 569 "-" "Java/1.8.0_221"
89.38.19.140 - - [07/Jan/2020:22:55:34 +0100] "GET /picture/img001.png HTTP/1.1" 200 643437 "-" "Java/1.8.0_221"
95.216.96.243 - - [08/Jan/2020:02:26:50 +0100] "GET /robots.txt HTTP/1.1" 404 1256 "-" "Mozilla/5.0 (compatible; SEOkicks; +https://www.seokicks.de/robot.html)"
95.216.96.243 - - [08/Jan/2020:02:26:51 +0100] "GET / HTTP/1.1" 200 569 "-" "Mozilla/5.0 (compatible; SEOkicks; +https://www.seokicks.de/robot.html)"
207.154.206.75 - - [08/Jan/2020:04:38:52 +0100] "GET //vendor/phpunit/phpunit/phpunit.xsd HTTP/1.1" 404 1256 "-" "Mozilla/5.0 (X11; Linux x86_64; rv:52.0) Gecko/20100101 Firefox/52.0"
46.229.168.153 - - [08/Jan/2020:07:10:26 +0100] "GET /robots.txt HTTP/1.1" 404 1256 "-" "Mozilla/5.0 (compatible; SemrushBot/6~bl; +http://www.semrush.com/bot.html)"
46.229.168.141 - - [08/Jan/2020:07:10:26 +0100] "GET / HTTP/1.1" 200 569 "-" "Mozilla/5.0 (compatible; SemrushBot/6~bl; +http://www.semrush.com/bot.html)"
46.229.168.154 - - [08/Jan/2020:07:10:28 +0100] "GET /sitemap.xml HTTP/1.1" 404 1256 "-" "Mozilla/5.0 (compatible; SemrushBot/6~bl; +http://www.semrush.com/bot.html)"
207.154.206.75 - - [08/Jan/2020:09:57:46 +0100] "GET / HTTP/1.1" 200 569 "-" "python-requests/2.22.0"
95.216.96.254 - - [08/Jan/2020:10:34:32 +0100] "GET /robots.txt HTTP/1.1" 404 1256 "-" "Mozilla/5.0 (compatible; SEOkicks; +https://www.seokicks.de/robot.html)"
95.216.96.254 - - [08/Jan/2020:10:34:33 +0100] "GET / HTTP/1.1" 200 569 "-" "Mozilla/5.0 (compatible; SEOkicks; +https://www.seokicks.de/robot.html)"
95.216.149.140 - - [08/Jan/2020:13:05:52 +0100] "GET / HTTP/1.1" 200 569 "-" "Mozilla/5.0 (Macintosh; Intel Mac OS X 10_9_2)"
144.76.60.98 - - [08/Jan/2020:17:57:23 +0100] "GET / HTTP/1.1" 200 569 "-" "Mozilla/5.0 (compatible; MegaIndex.ru/2.0; +http://megaindex.com/crawler)"
95.216.96.244 - - [08/Jan/2020:20:10:16 +0100] "GET /robots.txt HTTP/1.1" 404 1256 "-" "Mozilla/5.0 (compatible; SEOkicks; +https://www.seokicks.de/robot.html)"
95.216.96.244 - - [08/Jan/2020:20:10:18 +0100] "GET / HTTP/1.1" 200 569 "-" "Mozilla/5.0 (compatible; SEOkicks; +https://www.seokicks.de/robot.html)"
77.88.9.139 - - [09/Jan/2020:00:54:00 +0100] "GET /robots.txt HTTP/1.1" 404 1256 "-" "Mozilla/5.0 (compatible; YandexBot/3.0; +http://yandex.com/bots)"
77.88.9.139 - - [09/Jan/2020:00:54:04 +0100] "GET / HTTP/1.1" 200 569 "-" "Mozilla/5.0 (compatible; YandexBot/3.0; +http://yandex.com/bots)"
95.216.96.254 - - [09/Jan/2020:03:49:13 +0100] "GET /robots.txt HTTP/1.1" 404 1256 "-" "Mozilla/5.0 (compatible; SEOkicks; +https://www.seokicks.de/robot.html)"
95.216.96.254 - - [09/Jan/2020:03:49:14 +0100] "GET / HTTP/1.1" 200 569 "-" "Mozilla/5.0 (compatible; SEOkicks; +https://www.seokicks.de/robot.html)"
42.236.10.76 - - [09/Jan/2020:13:50:26 +0100] "GET / HTTP/1.1" 200 569 "http://www.die-fabians.de/" "Mozilla/5.0 (Windows NT 6.1; WOW64) AppleWebKit/537.36 (KHTML, like Gecko) Chrome/50.0.2661.102 Safari/537.36; 360Spider"
95.216.96.242 - - [09/Jan/2020:17:50:35 +0100] "GET /robots.txt HTTP/1.1" 404 1256 "-" "Mozilla/5.0 (compatible; SEOkicks; +https://www.seokicks.de/robot.html)"
95.216.96.242 - - [09/Jan/2020:17:50:36 +0100] "GET / HTTP/1.1" 200 569 "-" "Mozilla/5.0 (compatible; SEOkicks; +https://www.seokicks.de/robot.html)"
54.36.149.41 - - [09/Jan/2020:23:40:44 +0100] "GET /robots.txt HTTP/1.1" 404 1256 "-" "Mozilla/5.0 (compatible; AhrefsBot/6.1; +http://ahrefs.com/robot/)"
151.80.39.75 - - [09/Jan/2020:23:40:45 +0100] "GET / HTTP/1.1" 200 569 "-" "Mozilla/5.0 (compatible; AhrefsBot/6.1; +http://ahrefs.com/robot/)"
151.80.39.225 - - [10/Jan/2020:01:21:24 +0100] "GET / HTTP/1.1" 200 569 "-" "Mozilla/5.0 (compatible; AhrefsBot/6.1; +http://ahrefs.com/robot/)"
95.216.96.244 - - [10/Jan/2020:03:04:11 +0100] "GET /robots.txt HTTP/1.1" 404 1256 "-" "Mozilla/5.0 (compatible; SEOkicks; +https://www.seokicks.de/robot.html)"
95.216.96.244 - - [10/Jan/2020:03:04:13 +0100] "GET / HTTP/1.1" 200 569 "-" "Mozilla/5.0 (compatible; SEOkicks; +https://www.seokicks.de/robot.html)"
63.246.143.146 - - [10/Jan/2020:05:53:08 +0100] "GET / HTTP/1.1" 200 569 "-" "Screaming Frog SEO Spider/10.4"
95.216.96.242 - - [10/Jan/2020:13:22:38 +0100] "GET /robots.txt HTTP/1.1" 404 1256 "-" "Mozilla/5.0 (compatible; SEOkicks; +https://www.seokicks.de/robot.html)"
95.216.96.242 - - [10/Jan/2020:13:22:40 +0100] "GET / HTTP/1.1" 200 569 "-" "Mozilla/5.0 (compatible; SEOkicks; +https://www.seokicks.de/robot.html)"
206.189.156.160 - - [10/Jan/2020:15:02:14 +0100] "GET /CHANGELOG.txt HTTP/1.1" 404 1256 "-" "GuzzleHttp/6.3.3 curl/7.29.0 PHP/5.6.40"
206.189.156.160 - - [10/Jan/2020:15:02:15 +0100] "GET /core/CHANGELOG.txt HTTP/1.1" 404 1256 "-" "GuzzleHttp/6.3.3 curl/7.29.0 PHP/5.6.40"
206.189.156.160 - - [10/Jan/2020:15:02:16 +0100] "GET /license.txt HTTP/1.1" 404 1256 "-" "GuzzleHttp/6.3.3 curl/7.29.0 PHP/5.6.40"
206.189.156.160 - - [10/Jan/2020:15:02:18 +0100] "GET / HTTP/1.1" 200 569 "-" "GuzzleHttp/6.3.3 curl/7.29.0 PHP/5.6.40"
206.189.156.160 - - [10/Jan/2020:15:02:18 +0100] "GET /README.txt HTTP/1.1" 404 1256 "-" "GuzzleHttp/6.3.3 curl/7.29.0 PHP/5.6.40"
206.189.156.160 - - [10/Jan/2020:15:02:19 +0100] "GET /media/system/js/core.js HTTP/1.1" 404 1256 "-" "GuzzleHttp/6.3.3 curl/7.29.0 PHP/5.6.40"
206.189.156.160 - - [10/Jan/2020:15:02:20 +0100] "GET / HTTP/1.1" 200 569 "-" "GuzzleHttp/6.3.3 curl/7.29.0 PHP/5.6.40"
206.189.156.160 - - [10/Jan/2020:15:02:21 +0100] "GET / HTTP/1.1" 200 569 "-" "GuzzleHttp/6.3.3 curl/7.29.0 PHP/5.6.40"
206.189.156.160 - - [10/Jan/2020:15:02:21 +0100] "GET / HTTP/1.1" 200 569 "-" "GuzzleHttp/6.3.3 curl/7.29.0 PHP/5.6.40"
206.189.156.160 - - [10/Jan/2020:15:02:22 +0100] "GET / HTTP/1.1" 200 569 "-" "GuzzleHttp/6.3.3 curl/7.29.0 PHP/5.6.40"
95.216.96.254 - - [10/Jan/2020:22:16:40 +0100] "GET /robots.txt HTTP/1.1" 404 1256 "-" "Mozilla/5.0 (compatible; SEOkicks; +https://www.seokicks.de/robot.html)"
95.216.96.254 - - [10/Jan/2020:22:16:41 +0100] "GET / HTTP/1.1" 200 569 "-" "Mozilla/5.0 (compatible; SEOkicks; +https://www.seokicks.de/robot.html)"
95.216.96.243 - - [11/Jan/2020:09:40:35 +0100] "GET /robots.txt HTTP/1.1" 404 1256 "-" "Mozilla/5.0 (compatible; SEOkicks; +https://www.seokicks.de/robot.html)"
95.216.96.243 - - [11/Jan/2020:09:40:36 +0100] "GET / HTTP/1.1" 200 569 "-" "Mozilla/5.0 (compatible; SEOkicks; +https://www.seokicks.de/robot.html)"
66.249.66.89 - - [11/Jan/2020:10:46:59 +0100] "GET /robots.txt HTTP/1.1" 404 1256 "-" "Mozilla/5.0 (compatible; Googlebot/2.1; +http://www.google.com/bot.html)"
66.249.66.90 - - [11/Jan/2020:10:47:00 +0100] "GET / HTTP/1.1" 200 569 "-" "Mozilla/5.0 (Linux; Android 6.0.1; Nexus 5X Build/MMB29P) AppleWebKit/537.36 (KHTML, like Gecko) Chrome/41.0.2272.96 Mobile Safari/537.36 (compatible; Googlebot/2.1; +http://www.google.com/bot.html)"
42.236.54.62 - - [11/Jan/2020:11:49:32 +0100] "GET / HTTP/1.1" 200 569 "http://www.die-fabians.de/" "Mozilla/5.0 (Windows NT 6.1; WOW64) AppleWebKit/537.36 (KHTML, like Gecko) Chrome/50.0.2661.102 Safari/537.36; 360Spider"
83.134.80.72 - - [11/Jan/2020:14:10:02 +0100] "GET / HTTP/1.1" 200 569 "-" "Java/1.8.0_111"
83.134.80.72 - - [11/Jan/2020:14:10:02 +0100] "GET /picture/img001.png HTTP/1.1" 200 643437 "-" "Java/1.8.0_111"
54.36.149.88 - - [11/Jan/2020:14:19:37 +0100] "GET /robots.txt HTTP/1.1" 404 1256 "-" "Mozilla/5.0 (compatible; AhrefsBot/6.1; +http://ahrefs.com/robot/)"
95.216.96.243 - - [11/Jan/2020:19:46:29 +0100] "GET /robots.txt HTTP/1.1" 404 1256 "-" "Mozilla/5.0 (compatible; SEOkicks; +https://www.seokicks.de/robot.html)"
95.216.96.243 - - [11/Jan/2020:19:46:31 +0100] "GET / HTTP/1.1" 200 569 "-" "Mozilla/5.0 (compatible; SEOkicks; +https://www.seokicks.de/robot.html)"
151.80.39.75 - - [12/Jan/2020:03:46:35 +0100] "GET / HTTP/1.1" 200 569 "-" "Mozilla/5.0 (compatible; AhrefsBot/6.1; +http://ahrefs.com/robot/)"
95.216.96.242 - - [12/Jan/2020:05:27:34 +0100] "GET /robots.txt HTTP/1.1" 404 1256 "-" "Mozilla/5.0 (compatible; SEOkicks; +https://www.seokicks.de/robot.html)"
95.216.96.242 - - [12/Jan/2020:05:27:36 +0100] "GET / HTTP/1.1" 200 569 "-" "Mozilla/5.0 (compatible; SEOkicks; +https://www.seokicks.de/robot.html)"
95.216.96.245 - - [12/Jan/2020:15:49:30 +0100] "GET /robots.txt HTTP/1.1" 404 1256 "-" "Mozilla/5.0 (compatible; SEOkicks; +https://www.seokicks.de/robot.html)"
95.216.96.245 - - [12/Jan/2020:15:49:31 +0100] "GET / HTTP/1.1" 200 569 "-" "Mozilla/5.0 (compatible; SEOkicks; +https://www.seokicks.de/robot.html)"
17.58.97.43 - - [13/Jan/2020:02:46:35 +0100] "GET /robots.txt HTTP/1.1" 404 1256 "-" "Mozilla/5.0 (Macintosh; Intel Mac OS X 10_10_1) AppleWebKit/600.2.5 (KHTML, like Gecko) Version/8.0.2 Safari/600.2.5 (Applebot/0.1; +http://www.apple.com/go/applebot)"
17.58.96.45 - - [13/Jan/2020:02:46:35 +0100] "GET / HTTP/1.1" 200 569 "-" "Mozilla/5.0 (Macintosh; Intel Mac OS X 10_10_1) AppleWebKit/600.2.5 (KHTML, like Gecko) Version/8.0.2 Safari/600.2.5 (Applebot/0.1; +http://www.apple.com/go/applebot)"
95.216.96.242 - - [13/Jan/2020:02:47:13 +0100] "GET /robots.txt HTTP/1.1" 404 1256 "-" "Mozilla/5.0 (compatible; SEOkicks; +https://www.seokicks.de/robot.html)"
95.216.96.242 - - [13/Jan/2020:02:47:16 +0100] "GET / HTTP/1.1" 200 569 "-" "Mozilla/5.0 (compatible; SEOkicks; +https://www.seokicks.de/robot.html)"
95.216.96.245 - - [13/Jan/2020:12:53:43 +0100] "GET /robots.txt HTTP/1.1" 404 1256 "-" "Mozilla/5.0 (compatible; SEOkicks; +https://www.seokicks.de/robot.html)"
95.216.96.245 - - [13/Jan/2020:12:53:44 +0100] "GET / HTTP/1.1" 200 569 "-" "Mozilla/5.0 (compatible; SEOkicks; +https://www.seokicks.de/robot.html)"
95.216.96.254 - - [13/Jan/2020:19:20:47 +0100] "GET /robots.txt HTTP/1.1" 404 1256 "-" "Mozilla/5.0 (compatible; SEOkicks; +https://www.seokicks.de/robot.html)"
95.216.96.254 - - [13/Jan/2020:19:20:48 +0100] "GET / HTTP/1.1" 200 569 "-" "Mozilla/5.0 (compatible; SEOkicks; +https://www.seokicks.de/robot.html)"
95.216.96.254 - - [14/Jan/2020:03:53:27 +0100] "GET /robots.txt HTTP/1.1" 404 1256 "-" "Mozilla/5.0 (compatible; SEOkicks; +https://www.seokicks.de/robot.html)"
95.216.96.254 - - [14/Jan/2020:03:53:28 +0100] "GET / HTTP/1.1" 200 569 "-" "Mozilla/5.0 (compatible; SEOkicks; +https://www.seokicks.de/robot.html)"
54.36.148.60 - - [14/Jan/2020:05:38:27 +0100] "GET /robots.txt HTTP/1.1" 404 1256 "-" "Mozilla/5.0 (compatible; AhrefsBot/6.1; +http://ahrefs.com/robot/)"
151.80.39.75 - - [14/Jan/2020:05:38:28 +0100] "GET / HTTP/1.1" 200 569 "-" "Mozilla/5.0 (compatible; AhrefsBot/6.1; +http://ahrefs.com/robot/)"
66.249.66.91 - - [14/Jan/2020:07:11:44 +0100] "GET /robots.txt HTTP/1.1" 404 1256 "-" "Mozilla/5.0 (compatible; Googlebot/2.1; +http://www.google.com/bot.html)"
66.249.66.90 - - [14/Jan/2020:07:11:44 +0100] "GET / HTTP/1.1" 200 569 "-" "Mozilla/5.0 (Linux; Android 6.0.1; Nexus 5X Build/MMB29P) AppleWebKit/537.36 (KHTML, like Gecko) Chrome/41.0.2272.96 Mobile Safari/537.36 (compatible; Googlebot/2.1; +http://www.google.com/bot.html)"
95.216.96.244 - - [14/Jan/2020:16:19:44 +0100] "GET /robots.txt HTTP/1.1" 404 1256 "-" "Mozilla/5.0 (compatible; SEOkicks; +https://www.seokicks.de/robot.html)"
95.216.96.244 - - [14/Jan/2020:16:19:46 +0100] "GET / HTTP/1.1" 200 569 "-" "Mozilla/5.0 (compatible; SEOkicks; +https://www.seokicks.de/robot.html)"
54.36.148.234 - - [14/Jan/2020:18:29:32 +0100] "GET /robots.txt HTTP/1.1" 404 1256 "-" "Mozilla/5.0 (compatible; AhrefsBot/6.1; +http://ahrefs.com/robot/)"
54.36.148.76 - - [14/Jan/2020:18:29:32 +0100] "GET / HTTP/1.1" 200 569 "-" "Mozilla/5.0 (compatible; AhrefsBot/6.1; +http://ahrefs.com/robot/)"
66.249.66.90 - - [15/Jan/2020:00:12:00 +0100] "GET /robots.txt HTTP/1.1" 404 1256 "-" "Mozilla/5.0 (compatible; Googlebot/2.1; +http://www.google.com/bot.html)"
66.249.66.90 - - [15/Jan/2020:00:12:00 +0100] "GET / HTTP/1.1" 200 569 "-" "Mozilla/5.0 (Linux; Android 6.0.1; Nexus 5X Build/MMB29P) AppleWebKit/537.36 (KHTML, like Gecko) Chrome/41.0.2272.96 Mobile Safari/537.36 (compatible; Googlebot/2.1; +http://www.google.com/bot.html)"
95.216.96.242 - - [15/Jan/2020:02:07:27 +0100] "GET /robots.txt HTTP/1.1" 404 1256 "-" "Mozilla/5.0 (compatible; SEOkicks; +https://www.seokicks.de/robot.html)"
95.216.96.242 - - [15/Jan/2020:02:07:29 +0100] "GET / HTTP/1.1" 200 569 "-" "Mozilla/5.0 (compatible; SEOkicks; +https://www.seokicks.de/robot.html)"
185.234.218.177 - - [15/Jan/2020:03:36:55 +0100] "GET / HTTP/1.1" 200 569 "-" "Java/1.4.1_04"
185.234.218.177 - - [15/Jan/2020:03:36:55 +0100] "GET /picture/img001.png HTTP/1.1" 200 643437 "-" "Java/1.4.1_04"
95.216.96.244 - - [15/Jan/2020:08:37:40 +0100] "GET /robots.txt HTTP/1.1" 404 1256 "-" "Mozilla/5.0 (compatible; SEOkicks; +https://www.seokicks.de/robot.html)"
95.216.96.244 - - [15/Jan/2020:08:37:41 +0100] "GET / HTTP/1.1" 200 569 "-" "Mozilla/5.0 (compatible; SEOkicks; +https://www.seokicks.de/robot.html)"
54.36.149.3 - - [15/Jan/2020:10:12:22 +0100] "GET / HTTP/1.1" 200 569 "-" "Mozilla/5.0 (compatible; AhrefsBot/6.1; +http://ahrefs.com/robot/)"
185.234.218.177 - - [15/Jan/2020:16:12:19 +0100] "GET / HTTP/1.1" 200 569 "-" "Java/1.4.1_04"
185.234.218.177 - - [15/Jan/2020:16:12:19 +0100] "GET /picture/img001.png HTTP/1.1" 200 643437 "-" "Java/1.4.1_04"
95.216.96.244 - - [15/Jan/2020:18:24:35 +0100] "GET /robots.txt HTTP/1.1" 404 1256 "-" "Mozilla/5.0 (compatible; SEOkicks; +https://www.seokicks.de/robot.html)"
95.216.96.244 - - [15/Jan/2020:18:24:36 +0100] "GET / HTTP/1.1" 200 569 "-" "Mozilla/5.0 (compatible; SEOkicks; +https://www.seokicks.de/robot.html)"
80.82.70.206 - - [16/Jan/2020:06:04:40 +0100] "GET / HTTP/1.1" 200 569 "-" "Mozilla/5.0 (compatible; MSIE 9.0; Windows NT 6.1; Trident/5.0)"
80.82.70.206 - - [16/Jan/2020:06:04:40 +0100] "GET /wp-login.php HTTP/1.1" 404 1256 "-" "Mozilla/5.0 (compatible; MSIE 9.0; Windows NT 6.1; Trident/5.0)"
80.82.70.206 - - [16/Jan/2020:06:04:40 +0100] "GET /blog/wp-login.php HTTP/1.1" 404 1256 "-" "Mozilla/5.0 (compatible; MSIE 9.0; Windows NT 6.1; Trident/5.0)"
80.82.70.206 - - [16/Jan/2020:06:04:40 +0100] "GET /blogs/wp-login.php HTTP/1.1" 404 1256 "-" "Mozilla/5.0 (compatible; MSIE 9.0; Windows NT 6.1; Trident/5.0)"
80.82.70.206 - - [16/Jan/2020:06:04:40 +0100] "GET /home/wp-login.php HTTP/1.1" 404 1256 "-" "Mozilla/5.0 (compatible; MSIE 9.0; Windows NT 6.1; Trident/5.0)"
80.82.70.206 - - [16/Jan/2020:06:04:40 +0100] "GET /wordpress/wp-login.php HTTP/1.1" 404 1256 "-" "Mozilla/5.0 (compatible; MSIE 9.0; Windows NT 6.1; Trident/5.0)"
80.82.70.206 - - [16/Jan/2020:06:04:40 +0100] "GET /press/wp-login.php HTTP/1.1" 404 1256 "-" "Mozilla/5.0 (compatible; MSIE 9.0; Windows NT 6.1; Trident/5.0)"
80.82.70.206 - - [16/Jan/2020:06:04:40 +0100] "GET /wp/wp-login.php HTTP/1.1" 404 1256 "-" "Mozilla/5.0 (compatible; MSIE 9.0; Windows NT 6.1; Trident/5.0)"
80.82.70.206 - - [16/Jan/2020:06:04:41 +0100] "GET /wpmu/wp-login.php HTTP/1.1" 404 1256 "-" "Mozilla/5.0 (compatible; MSIE 9.0; Windows NT 6.1; Trident/5.0)"
80.82.70.206 - - [16/Jan/2020:06:04:41 +0100] "GET /web/wp-login.php HTTP/1.1" 404 1256 "-" "Mozilla/5.0 (compatible; MSIE 9.0; Windows NT 6.1; Trident/5.0)"
80.82.70.206 - - [16/Jan/2020:06:04:41 +0100] "GET /new/wp-login.php HTTP/1.1" 404 1256 "-" "Mozilla/5.0 (compatible; MSIE 9.0; Windows NT 6.1; Trident/5.0)"
80.82.70.206 - - [16/Jan/2020:06:04:41 +0100] "GET /news/wp-login.php HTTP/1.1" 404 1256 "-" "Mozilla/5.0 (compatible; MSIE 9.0; Windows NT 6.1; Trident/5.0)"
80.82.70.206 - - [16/Jan/2020:06:04:41 +0100] "GET /site/wp-login.php HTTP/1.1" 404 1256 "-" "Mozilla/5.0 (compatible; MSIE 9.0; Windows NT 6.1; Trident/5.0)"
80.82.70.206 - - [16/Jan/2020:06:04:41 +0100] "GET /sites/wp-login.php HTTP/1.1" 404 1256 "-" "Mozilla/5.0 (compatible; MSIE 9.0; Windows NT 6.1; Trident/5.0)"
80.82.70.206 - - [16/Jan/2020:06:04:41 +0100] "GET /sitio/wp-login.php HTTP/1.1" 404 1256 "-" "Mozilla/5.0 (compatible; MSIE 9.0; Windows NT 6.1; Trident/5.0)"
80.82.70.206 - - [16/Jan/2020:06:04:41 +0100] "GET /en/wp-login.php HTTP/1.1" 404 1256 "-" "Mozilla/5.0 (compatible; MSIE 9.0; Windows NT 6.1; Trident/5.0)"
80.82.70.206 - - [16/Jan/2020:06:04:41 +0100] "GET /old/wp-login.php HTTP/1.1" 404 1256 "-" "Mozilla/5.0 (compatible; MSIE 9.0; Windows NT 6.1; Trident/5.0)"
80.82.70.206 - - [16/Jan/2020:06:04:41 +0100] "GET /info/wp-login.php HTTP/1.1" 404 1256 "-" "Mozilla/5.0 (compatible; MSIE 9.0; Windows NT 6.1; Trident/5.0)"
80.82.70.206 - - [16/Jan/2020:06:04:41 +0100] "GET /demo/wp-login.php HTTP/1.1" 404 1256 "-" "Mozilla/5.0 (compatible; MSIE 9.0; Windows NT 6.1; Trident/5.0)"
80.82.70.206 - - [16/Jan/2020:06:04:41 +0100] "GET /portal/wp-login.php HTTP/1.1" 404 1256 "-" "Mozilla/5.0 (compatible; MSIE 9.0; Windows NT 6.1; Trident/5.0)"
80.82.70.206 - - [16/Jan/2020:06:04:41 +0100] "GET /english/wp-login.php HTTP/1.1" 404 1256 "-" "Mozilla/5.0 (compatible; MSIE 9.0; Windows NT 6.1; Trident/5.0)"
95.216.96.243 - - [16/Jan/2020:07:30:29 +0100] "GET /robots.txt HTTP/1.1" 404 1256 "-" "Mozilla/5.0 (compatible; SEOkicks; +https://www.seokicks.de/robot.html)"
95.216.96.243 - - [16/Jan/2020:07:30:30 +0100] "GET / HTTP/1.1" 200 569 "-" "Mozilla/5.0 (compatible; SEOkicks; +https://www.seokicks.de/robot.html)"
151.80.39.225 - - [16/Jan/2020:08:00:48 +0100] "GET / HTTP/1.1" 200 569 "-" "Mozilla/5.0 (compatible; AhrefsBot/6.1; +http://ahrefs.com/robot/)"
42.236.10.72 - - [16/Jan/2020:15:54:27 +0100] "GET / HTTP/1.1" 200 569 "http://www.die-fabians.de/" "Mozilla/5.0 (Windows NT 6.1; WOW64) AppleWebKit/537.36 (KHTML, like Gecko) Chrome/50.0.2661.102 Safari/537.36; 360Spider"
95.216.96.245 - - [16/Jan/2020:16:41:23 +0100] "GET /robots.txt HTTP/1.1" 404 1256 "-" "Mozilla/5.0 (compatible; SEOkicks; +https://www.seokicks.de/robot.html)"
95.216.96.245 - - [16/Jan/2020:16:41:24 +0100] "GET / HTTP/1.1" 200 569 "-" "Mozilla/5.0 (compatible; SEOkicks; +https://www.seokicks.de/robot.html)"
78.96.115.79 - - [16/Jan/2020:16:45:18 +0100] "GET / HTTP/1.1" 200 569 "-" "-"
78.96.115.79 - - [16/Jan/2020:16:45:18 +0100] "GET / HTTP/1.1" 200 569 "-" "Mozilla/4.0 (compatible; MSIE 6.0; Windows NT 5.2; .NET CLR 1.0.3705;)"
54.36.149.86 - - [16/Jan/2020:22:15:41 +0100] "GET /robots.txt HTTP/1.1" 404 1256 "-" "Mozilla/5.0 (compatible; AhrefsBot/6.1; +http://ahrefs.com/robot/)"
95.216.96.245 - - [17/Jan/2020:03:58:43 +0100] "GET /robots.txt HTTP/1.1" 404 1256 "-" "Mozilla/5.0 (compatible; SEOkicks; +https://www.seokicks.de/robot.html)"
95.216.96.245 - - [17/Jan/2020:03:58:46 +0100] "GET / HTTP/1.1" 200 569 "-" "Mozilla/5.0 (compatible; SEOkicks; +https://www.seokicks.de/robot.html)"
64.246.165.170 - - [17/Jan/2020:07:07:16 +0100] "GET /robots.txt HTTP/1.0" 404 1256 "-" "Mozilla/5.0 (Macintosh; Intel Mac OS X 10.10; rv:59.0) Gecko/20100101 Firefox/59.0"
64.246.165.170 - - [17/Jan/2020:07:07:16 +0100] "GET / HTTP/1.1" 200 569 "-" "Mozilla/5.0 (Macintosh; Intel Mac OS X 10.10; rv:59.0) Gecko/20100101 Firefox/59.0"
86.91.99.135 - - [17/Jan/2020:12:39:37 +0100] "GET / HTTP/1.1" 200 569 "-" "Java/1.6.0_04"
86.91.99.135 - - [17/Jan/2020:12:39:37 +0100] "GET /picture/img001.png HTTP/1.1" 200 643437 "-" "Java/1.6.0_04"
95.216.96.244 - - [17/Jan/2020:14:35:06 +0100] "GET /robots.txt HTTP/1.1" 404 1256 "-" "Mozilla/5.0 (compatible; SEOkicks; +https://www.seokicks.de/robot.html)"
95.216.96.244 - - [17/Jan/2020:14:35:07 +0100] "GET / HTTP/1.1" 200 569 "-" "Mozilla/5.0 (compatible; SEOkicks; +https://www.seokicks.de/robot.html)"
95.216.96.245 - - [18/Jan/2020:01:23:40 +0100] "GET /robots.txt HTTP/1.1" 404 1256 "-" "Mozilla/5.0 (compatible; SEOkicks; +https://www.seokicks.de/robot.html)"
95.216.96.245 - - [18/Jan/2020:01:23:42 +0100] "GET / HTTP/1.1" 200 569 "-" "Mozilla/5.0 (compatible; SEOkicks; +https://www.seokicks.de/robot.html)"
54.36.148.197 - - [18/Jan/2020:10:25:24 +0100] "GET /robots.txt HTTP/1.1" 404 1256 "-" "Mozilla/5.0 (compatible; AhrefsBot/6.1; +http://ahrefs.com/robot/)"
151.80.39.225 - - [18/Jan/2020:10:25:25 +0100] "GET / HTTP/1.1" 200 569 "-" "Mozilla/5.0 (compatible; AhrefsBot/6.1; +http://ahrefs.com/robot/)"
95.216.96.254 - - [18/Jan/2020:11:08:52 +0100] "GET /robots.txt HTTP/1.1" 404 1256 "-" "Mozilla/5.0 (compatible; SEOkicks; +https://www.seokicks.de/robot.html)"
95.216.96.254 - - [18/Jan/2020:11:08:54 +0100] "GET / HTTP/1.1" 200 569 "-" "Mozilla/5.0 (compatible; SEOkicks; +https://www.seokicks.de/robot.html)"
42.236.10.82 - - [18/Jan/2020:11:58:53 +0100] "GET / HTTP/1.1" 200 569 "http://www.die-fabians.de/" "Mozilla/5.0 (Windows NT 6.1; WOW64) AppleWebKit/537.36 (KHTML, like Gecko) Chrome/50.0.2661.102 Safari/537.36; 360Spider"
151.55.6.198 - - [18/Jan/2020:19:16:13 +0100] "GET / HTTP/1.1" 200 569 "-" "Mozilla/5.0 (X11; Linux x86_64) AppleWebKit/537.36 (KHTML, like Gecko) HeadlessChrome/77.0.3827.0 Safari/537.36"
151.55.6.198 - - [18/Jan/2020:19:16:13 +0100] "GET /picture/img001.png HTTP/1.1" 200 643437 "http://www.die-fabians.de/" "Mozilla/5.0 (X11; Linux x86_64) AppleWebKit/537.36 (KHTML, like Gecko) HeadlessChrome/77.0.3827.0 Safari/537.36"
95.216.96.243 - - [19/Jan/2020:01:09:30 +0100] "GET /robots.txt HTTP/1.1" 404 1256 "-" "Mozilla/5.0 (compatible; SEOkicks; +https://www.seokicks.de/robot.html)"
95.216.96.243 - - [19/Jan/2020:01:09:31 +0100] "GET / HTTP/1.1" 200 569 "-" "Mozilla/5.0 (compatible; SEOkicks; +https://www.seokicks.de/robot.html)"
66.249.64.45 - - [20/Jan/2020:12:16:13 +0100] "GET /robots.txt HTTP/1.1" 404 1256 "-" "Mozilla/5.0 (compatible; Googlebot/2.1; +http://www.google.com/bot.html)"
66.249.64.45 - - [20/Jan/2020:12:16:13 +0100] "GET / HTTP/1.1" 200 569 "-" "Mozilla/5.0 (Linux; Android 6.0.1; Nexus 5X Build/MMB29P) AppleWebKit/537.36 (KHTML, like Gecko) Chrome/41.0.2272.96 Mobile Safari/537.36 (compatible; Googlebot/2.1; +http://www.google.com/bot.html)"
151.80.39.225 - - [20/Jan/2020:15:02:11 +0100] "GET / HTTP/1.1" 200 569 "-" "Mozilla/5.0 (compatible; AhrefsBot/6.1; +http://ahrefs.com/robot/)"
54.36.149.99 - - [20/Jan/2020:16:52:34 +0100] "GET /robots.txt HTTP/1.1" 404 1256 "-" "Mozilla/5.0 (compatible; AhrefsBot/6.1; +http://ahrefs.com/robot/)"
54.36.150.131 - - [20/Jan/2020:16:52:34 +0100] "GET / HTTP/1.1" 200 569 "-" "Mozilla/5.0 (compatible; AhrefsBot/6.1; +http://ahrefs.com/robot/)"
95.216.96.242 - - [20/Jan/2020:20:56:34 +0100] "GET /robots.txt HTTP/1.1" 404 1256 "-" "Mozilla/5.0 (compatible; SEOkicks; +https://www.seokicks.de/robot.html)"
95.216.96.242 - - [20/Jan/2020:20:56:35 +0100] "GET / HTTP/1.1" 200 569 "-" "Mozilla/5.0 (compatible; SEOkicks; +https://www.seokicks.de/robot.html)"
66.249.73.4 - - [20/Jan/2020:22:48:41 +0100] "GET / HTTP/1.1" 200 569 "-" "Mozilla/5.0 (Linux; Android 6.0.1; Nexus 5X Build/MMB29P) AppleWebKit/537.36 (KHTML, like Gecko) Chrome/41.0.2272.96 Mobile Safari/537.36 (compatible; Googlebot/2.1; +http://www.google.com/bot.html)"
86.91.99.135 - - [21/Jan/2020:09:26:43 +0100] "GET / HTTP/1.1" 200 569 "-" "Java/1.8.0_241"
86.91.99.135 - - [21/Jan/2020:09:26:43 +0100] "GET /picture/img001.png HTTP/1.1" 200 643437 "-" "Java/1.8.0_241"
180.163.220.124 - - [21/Jan/2020:13:49:59 +0100] "GET / HTTP/1.1" 200 569 "http://www.die-fabians.de/" "Mozilla/5.0 (Windows NT 6.1; WOW64) AppleWebKit/537.36 (KHTML, like Gecko) Chrome/50.2.2661.102 Safari/537.36; 360Spider"
54.36.149.31 - - [21/Jan/2020:21:35:08 +0100] "GET /robots.txt HTTP/1.1" 404 1256 "-" "Mozilla/5.0 (compatible; AhrefsBot/6.1; +http://ahrefs.com/robot/)"
109.102.111.19 - - [22/Jan/2020:10:50:39 +0100] "GET / HTTP/1.1" 200 569 "-" "Java/1.8.0_201"
109.102.111.19 - - [22/Jan/2020:10:50:39 +0100] "GET /picture/img001.png HTTP/1.1" 200 643437 "-" "Java/1.8.0_201"
86.91.99.135 - - [22/Jan/2020:15:27:14 +0100] "GET / HTTP/1.1" 200 569 "-" "Java/1.8.0_241"
86.91.99.135 - - [22/Jan/2020:15:27:14 +0100] "GET /picture/img001.png HTTP/1.1" 200 643437 "-" "Java/1.8.0_241"
54.36.149.45 - - [22/Jan/2020:16:25:45 +0100] "GET /robots.txt HTTP/1.1" 404 1256 "-" "Mozilla/5.0 (compatible; AhrefsBot/6.1; +http://ahrefs.com/robot/)"
95.216.96.243 - - [22/Jan/2020:18:48:40 +0100] "GET /robots.txt HTTP/1.1" 404 1256 "-" "Mozilla/5.0 (compatible; SEOkicks; +https://www.seokicks.de/robot.html)"
95.216.96.243 - - [22/Jan/2020:18:48:41 +0100] "GET / HTTP/1.1" 200 569 "-" "Mozilla/5.0 (compatible; SEOkicks; +https://www.seokicks.de/robot.html)"
85.144.141.67 - - [23/Jan/2020:09:42:44 +0100] "GET / HTTP/1.1" 200 569 "-" "Java/1.8.0_231"
85.144.141.67 - - [23/Jan/2020:09:42:44 +0100] "GET /picture/img001.png HTTP/1.1" 200 643437 "-" "Java/1.8.0_231"
180.163.220.62 - - [23/Jan/2020:12:51:14 +0100] "GET / HTTP/1.1" 200 569 "http://www.die-fabians.de/" "Mozilla/5.0 (Windows NT 6.1; WOW64) AppleWebKit/537.36 (KHTML, like Gecko) Chrome/50.2.2661.102 Safari/537.36; 360Spider"
151.80.39.75 - - [23/Jan/2020:13:11:32 +0100] "GET / HTTP/1.1" 200 569 "-" "Mozilla/5.0 (compatible; AhrefsBot/6.1; +http://ahrefs.com/robot/)"
95.216.96.243 - - [24/Jan/2020:04:11:52 +0100] "GET /robots.txt HTTP/1.1" 404 1256 "-" "Mozilla/5.0 (compatible; SEOkicks; +https://www.seokicks.de/robot.html)"
95.216.96.243 - - [24/Jan/2020:04:11:53 +0100] "GET / HTTP/1.1" 200 569 "-" "Mozilla/5.0 (compatible; SEOkicks; +https://www.seokicks.de/robot.html)"
157.55.39.28 - - [24/Jan/2020:05:29:05 +0100] "GET /robots.txt HTTP/1.1" 404 1256 "-" "Mozilla/5.0 (compatible; bingbot/2.0; +http://www.bing.com/bingbot.htm)"
207.46.13.11 - - [24/Jan/2020:05:29:10 +0100] "GET / HTTP/1.1" 304 - "-" "Mozilla/5.0 (compatible; bingbot/2.0; +http://www.bing.com/bingbot.htm)"
66.249.64.45 - - [24/Jan/2020:19:14:32 +0100] "GET /robots.txt HTTP/1.1" 404 1256 "-" "Mozilla/5.0 (compatible; Googlebot/2.1; +http://www.google.com/bot.html)"
66.249.64.45 - - [24/Jan/2020:19:14:32 +0100] "GET / HTTP/1.1" 200 569 "-" "Mozilla/5.0 (Linux; Android 6.0.1; Nexus 5X Build/MMB29P) AppleWebKit/537.36 (KHTML, like Gecko) Chrome/41.0.2272.96 Mobile Safari/537.36 (compatible; Googlebot/2.1; +http://www.google.com/bot.html)"
95.216.96.170 - - [25/Jan/2020:02:50:08 +0100] "GET /robots.txt HTTP/1.1" 404 1256 "-" "Mozilla/5.0 (compatible; SEOkicks; +https://www.seokicks.de/robot.html)"
95.216.96.170 - - [25/Jan/2020:02:50:09 +0100] "GET / HTTP/1.1" 200 569 "-" "Mozilla/5.0 (compatible; SEOkicks; +https://www.seokicks.de/robot.html)"
66.249.64.47 - - [25/Jan/2020:05:45:40 +0100] "GET / HTTP/1.1" 200 569 "-" "Mozilla/5.0 (Linux; Android 6.0.1; Nexus 5X Build/MMB29P) AppleWebKit/537.36 (KHTML, like Gecko) Chrome/41.0.2272.96 Mobile Safari/537.36 (compatible; Googlebot/2.1; +http://www.google.com/bot.html)"
42.236.99.44 - - [25/Jan/2020:11:50:40 +0100] "GET / HTTP/1.1" 200 569 "http://www.die-fabians.de/" "Mozilla/5.0 (Windows NT 6.1; WOW64) AppleWebKit/537.36 (KHTML, like Gecko) Chrome/50.0.2661.102 Safari/537.36; 360Spider"
66.249.64.45 - - [25/Jan/2020:16:23:49 +0100] "GET /robots.txt HTTP/1.1" 404 1256 "-" "Mozilla/5.0 (compatible; Googlebot/2.1; +http://www.google.com/bot.html)"
66.249.64.49 - - [25/Jan/2020:16:23:49 +0100] "GET / HTTP/1.1" 200 569 "-" "Mozilla/5.0 (Linux; Android 6.0.1; Nexus 5X Build/MMB29P) AppleWebKit/537.36 (KHTML, like Gecko) Chrome/41.0.2272.96 Mobile Safari/537.36 (compatible; Googlebot/2.1; +http://www.google.com/bot.html)"
77.165.180.98 - - [25/Jan/2020:19:43:09 +0100] "GET / HTTP/1.1" 200 569 "-" "Java/1.6.0_04"
77.165.180.98 - - [25/Jan/2020:19:43:09 +0100] "GET /picture/img001.png HTTP/1.1" 200 643437 "-" "Java/1.6.0_04"
17.58.97.43 - - [25/Jan/2020:20:25:16 +0100] "GET /robots.txt HTTP/1.1" 404 1256 "-" "Mozilla/5.0 (Macintosh; Intel Mac OS X 10_10_1) AppleWebKit/600.2.5 (KHTML, like Gecko) Version/8.0.2 Safari/600.2.5 (Applebot/0.1; +http://www.apple.com/go/applebot)"
17.58.96.45 - - [25/Jan/2020:20:25:16 +0100] "GET / HTTP/1.1" 200 569 "-" "Mozilla/5.0 (Macintosh; Intel Mac OS X 10_10_1) AppleWebKit/600.2.5 (KHTML, like Gecko) Version/8.0.2 Safari/600.2.5 (Applebot/0.1; +http://www.apple.com/go/applebot)"
54.36.148.70 - - [26/Jan/2020:04:51:56 +0100] "GET /robots.txt HTTP/1.1" 404 1256 "-" "Mozilla/5.0 (compatible; AhrefsBot/6.1; +http://ahrefs.com/robot/)"
151.80.39.75 - - [26/Jan/2020:04:52:16 +0100] "GET / HTTP/1.1" 200 569 "-" "Mozilla/5.0 (compatible; AhrefsBot/6.1; +http://ahrefs.com/robot/)"
54.36.149.53 - - [26/Jan/2020:09:33:56 +0100] "GET /robots.txt HTTP/1.1" 404 1256 "-" "Mozilla/5.0 (compatible; AhrefsBot/6.1; +http://ahrefs.com/robot/)"
54.36.150.6 - - [26/Jan/2020:09:33:57 +0100] "GET / HTTP/1.1" 200 569 "-" "Mozilla/5.0 (compatible; AhrefsBot/6.1; +http://ahrefs.com/robot/)"
167.114.157.79 - - [26/Jan/2020:13:38:10 +0100] "GET / HTTP/1.1" 200 569 "-" "Mozilla/5.0 (compatible; Dataprovider.com)"
167.114.157.79 - - [26/Jan/2020:13:38:12 +0100] "GET /robots.txt HTTP/1.1" 404 1256 "-" "Mozilla/5.0 (compatible; Dataprovider.com)"
167.114.157.79 - - [26/Jan/2020:13:38:12 +0100] "GET /sitemap.xml HTTP/1.1" 404 1256 "-" "Mozilla/5.0 (compatible; Dataprovider.com)"
167.114.157.79 - - [26/Jan/2020:13:38:12 +0100] "GET / HTTP/1.1" 200 569 "-" "Mozilla/5.0 (compatible; Dataprovider.com)"
167.114.157.79 - - [26/Jan/2020:13:38:13 +0100] "GET /ads.txt HTTP/1.1" 404 1256 "-" "Mozilla/5.0 (compatible; Dataprovider.com)"
167.114.157.79 - - [26/Jan/2020:13:38:14 +0100] "GET / HTTP/1.1" 200 569 "-" "Mozilla/5.0 (Linux; Android 5.1.1; SM-G925F Build/LMY47X) AppleWebKit/537.36 (KHTML, like Gecko) Chrome/45.0.2454.94 Mobile Safari/537.36"
51.77.129.167 - - [26/Jan/2020:13:39:44 +0100] "GET / HTTP/1.1" 200 569 "-" "Mozilla/5.0 (compatible; Dataprovider.com)"
51.77.129.167 - - [26/Jan/2020:13:39:44 +0100] "GET /picture/img001.png HTTP/1.1" 200 643437 "http://www.die-fabians.de/" "Mozilla/5.0 (compatible; Dataprovider.com)"
216.244.66.237 - - [26/Jan/2020:14:02:44 +0100] "GET /robots.txt HTTP/1.1" 404 1256 "-" "Mozilla/5.0 (compatible; DotBot/1.1; http://www.opensiteexplorer.org/dotbot, help@moz.com)"
216.244.66.237 - - [26/Jan/2020:14:05:18 +0100] "GET / HTTP/1.1" 200 569 "-" "Mozilla/5.0 (compatible; DotBot/1.1; http://www.opensiteexplorer.org/dotbot, help@moz.com)"
95.216.96.170 - - [27/Jan/2020:01:11:52 +0100] "GET /robots.txt HTTP/1.1" 404 1256 "-" "Mozilla/5.0 (compatible; SEOkicks; +https://www.seokicks.de/robot.html)"
95.216.96.170 - - [27/Jan/2020:01:11:54 +0100] "GET / HTTP/1.1" 200 569 "-" "Mozilla/5.0 (compatible; SEOkicks; +https://www.seokicks.de/robot.html)"
141.8.189.150 - - [27/Jan/2020:02:10:04 +0100] "GET /robots.txt HTTP/1.1" 404 1256 "-" "Mozilla/5.0 (compatible; YandexBot/3.0; +http://yandex.com/bots)"
141.8.189.150 - - [27/Jan/2020:02:10:07 +0100] "GET / HTTP/1.1" 200 569 "-" "Mozilla/5.0 (compatible; YandexBot/3.0; +http://yandex.com/bots)"
66.249.64.49 - - [28/Jan/2020:05:30:55 +0100] "GET /robots.txt HTTP/1.1" 404 1256 "-" "Mozilla/5.0 (compatible; Googlebot/2.1; +http://www.google.com/bot.html)"
66.249.64.49 - - [28/Jan/2020:05:30:55 +0100] "GET / HTTP/1.1" 200 569 "-" "Mozilla/5.0 (Linux; Android 6.0.1; Nexus 5X Build/MMB29P) AppleWebKit/537.36 (KHTML, like Gecko) Chrome/41.0.2272.96 Mobile Safari/537.36 (compatible; Googlebot/2.1; +http://www.google.com/bot.html)"
42.236.99.130 - - [28/Jan/2020:10:52:09 +0100] "GET / HTTP/1.1" 200 569 "http://www.die-fabians.de/" "Mozilla/5.0 (Windows NT 6.1; WOW64) AppleWebKit/537.36 (KHTML, like Gecko) Chrome/50.0.2661.102 Safari/537.36; 360Spider"
42.236.10.70 - - [28/Jan/2020:10:52:26 +0100] "GET / HTTP/1.1" 200 569 "http://www.die-fabians.de/" "Mozilla/5.0 (Windows NT 6.1; WOW64) AppleWebKit/537.36 (KHTML, like Gecko) Chrome/50.0.2661.102 Safari/537.36; 360Spider"
42.236.10.72 - - [28/Jan/2020:10:58:06 +0100] "GET / HTTP/1.1" 200 569 "http://www.die-fabians.de/" "Mozilla/5.0 (Windows NT 6.1; WOW64) AppleWebKit/537.36 (KHTML, like Gecko) Chrome/50.0.2661.102 Safari/537.36; 360Spider"
66.249.64.49 - - [28/Jan/2020:16:59:09 +0100] "GET / HTTP/1.1" 200 569 "-" "Mozilla/5.0 (Linux; Android 6.0.1; Nexus 5X Build/MMB29P) AppleWebKit/537.36 (KHTML, like Gecko) Chrome/41.0.2272.96 Mobile Safari/537.36 (compatible; Googlebot/2.1; +http://www.google.com/bot.html)"
54.36.149.25 - - [29/Jan/2020:15:44:12 +0100] "GET /robots.txt HTTP/1.1" 404 1256 "-" "Mozilla/5.0 (compatible; AhrefsBot/6.1; +http://ahrefs.com/robot/)"
151.80.39.75 - - [29/Jan/2020:15:44:33 +0100] "GET / HTTP/1.1" 200 569 "-" "Mozilla/5.0 (compatible; AhrefsBot/6.1; +http://ahrefs.com/robot/)"
42.236.10.74 - - [30/Jan/2020:10:51:44 +0100] "GET / HTTP/1.1" 200 569 "http://www.die-fabians.de/" "Mozilla/5.0 (Windows NT 6.1; WOW64) AppleWebKit/537.36 (KHTML, like Gecko) Chrome/50.0.2661.102 Safari/537.36; 360Spider"
42.236.10.77 - - [30/Jan/2020:10:52:07 +0100] "GET / HTTP/1.1" 200 569 "http://www.die-fabians.de/" "Mozilla/5.0 (Windows NT 6.1; WOW64) AppleWebKit/537.36 (KHTML, like Gecko) Chrome/50.0.2661.102 Safari/537.36; 360Spider"
42.236.10.82 - - [30/Jan/2020:10:55:39 +0100] "GET / HTTP/1.1" 200 569 "http://www.die-fabians.de/" "Mozilla/5.0 (Windows NT 6.1; WOW64) AppleWebKit/537.36 (KHTML, like Gecko) Chrome/50.0.2661.102 Safari/537.36; 360Spider"
95.216.96.243 - - [31/Jan/2020:08:43:34 +0100] "GET /robots.txt HTTP/1.1" 404 1256 "-" "Mozilla/5.0 (compatible; SEOkicks; +https://www.seokicks.de/robot.html)"
95.216.96.243 - - [31/Jan/2020:08:43:35 +0100] "GET / HTTP/1.1" 200 569 "-" "Mozilla/5.0 (compatible; SEOkicks; +https://www.seokicks.de/robot.html)"
54.36.148.51 - - [31/Jan/2020:15:38:02 +0100] "GET /robots.txt HTTP/1.1" 404 1256 "-" "Mozilla/5.0 (compatible; AhrefsBot/6.1; +http://ahrefs.com/robot/)"