173.199.119.131 - - [01/May/2013:05:45:55 +0200] "GET /frameset/right.htm HTTP/1.1" 200 244 "-" "Mozilla/5.0 (compatible; AhrefsBot/4.0; +http://ahrefs.com/robot/)"
66.249.78.212 - - [01/May/2013:07:07:02 +0200] "GET /robots.txt HTTP/1.1" 404 1256 "-" "Mozilla/5.0 (compatible; Googlebot/2.1; +http://www.google.com/bot.html)"
66.249.78.212 - - [01/May/2013:07:07:02 +0200] "GET / HTTP/1.1" 200 876 "-" "Mozilla/5.0 (iPhone; U; CPU iPhone OS 4_1 like Mac OS X; en-us) AppleWebKit/532.9 (KHTML, like Gecko) Version/4.0.5 Mobile/8B117 Safari/6531.22.7 (compatible; Googlebot-Mobile/2.1; +http://www.google.com/bot.html)"
173.199.119.131 - - [01/May/2013:07:13:08 +0200] "GET /frameset/bottom.htm HTTP/1.1" 200 244 "-" "Mozilla/5.0 (compatible; AhrefsBot/4.0; +http://ahrefs.com/robot/)"
204.12.228.34 - - [01/May/2013:10:21:27 +0200] "GET /robots.txt HTTP/1.0" 404 1256 "-" "Mozilla/5.0 (compatible; MJ12bot/v1.4.3; http://www.majestic12.co.uk/bot.php?+)"
204.12.228.34 - - [01/May/2013:10:21:29 +0200] "GET / HTTP/1.0" 200 876 "-" "Mozilla/5.0 (compatible; MJ12bot/v1.4.3; http://www.majestic12.co.uk/bot.php?+)"
173.199.119.131 - - [01/May/2013:14:37:10 +0200] "GET /frameset/left.htm HTTP/1.1" 200 244 "-" "Mozilla/5.0 (compatible; AhrefsBot/4.0; +http://ahrefs.com/robot/)"
66.249.78.212 - - [01/May/2013:16:59:28 +0200] "GET /robots.txt HTTP/1.1" 404 1256 "-" "Mozilla/5.0 (compatible; Googlebot/2.1; +http://www.google.com/bot.html)"
66.249.75.77 - - [01/May/2013:16:59:28 +0200] "GET / HTTP/1.1" 200 876 "-" "DoCoMo/2.0 N905i(c100;TB;W24H16) (compatible; Googlebot-Mobile/2.1; +http://www.google.com/bot.html)"
5.9.112.67 - - [01/May/2013:21:28:54 +0200] "GET /robots.txt HTTP/1.1" 404 1256 "-" "Mozilla/5.0 (compatible; SISTRIX Crawler; http://crawler.sistrix.net/)"
5.9.112.67 - - [01/May/2013:21:28:54 +0200] "GET / HTTP/1.1" 200 876 "-" "Mozilla/5.0 (compatible; SISTRIX Crawler; http://crawler.sistrix.net/)"
157.55.33.44 - - [02/May/2013:00:59:57 +0200] "GET /robots.txt HTTP/1.1" 404 1256 "-" "Mozilla/5.0 (compatible; bingbot/2.0; +http://www.bing.com/bingbot.htm)"
157.55.33.44 - - [02/May/2013:01:01:15 +0200] "GET / HTTP/1.1" 200 876 "-" "Mozilla/5.0 (compatible; bingbot/2.0; +http://www.bing.com/bingbot.htm)"
157.55.34.180 - - [02/May/2013:01:01:45 +0200] "GET /neue_seite_1.htm HTTP/1.1" 200 405 "-" "Mozilla/5.0 (compatible; bingbot/2.0; +http://www.bing.com/bingbot.htm)"
157.55.34.180 - - [02/May/2013:04:23:21 +0200] "GET /robots.txt HTTP/1.1" 404 1256 "-" "Mozilla/5.0 (compatible; bingbot/2.0; +http://www.bing.com/bingbot.htm)"
157.55.34.180 - - [02/May/2013:04:26:04 +0200] "GET /neue_seite_1.htm HTTP/1.1" 200 405 "-" "Mozilla/5.0 (compatible; bingbot/2.0; +http://www.bing.com/bingbot.htm)"
69.58.178.59 - - [02/May/2013:11:34:30 +0200] "GET /robots.txt HTTP/1.1" 404 1256 "-" "Mozilla/5.0 (X11; Ubuntu; Linux i686; rv:14.0; ips-agent) Gecko/20100101 Firefox/14.0.1"
69.58.178.59 - - [02/May/2013:11:34:31 +0200] "GET / HTTP/1.1" 200 876 "-" "Mozilla/5.0 (X11; Ubuntu; Linux i686; rv:14.0; ips-agent) Gecko/20100101 Firefox/14.0.1"
69.58.178.59 - - [02/May/2013:11:34:32 +0200] "GET / HTTP/1.1" 200 876 "-" "BlackBerry9000/4.6.0.167 Profile/MIDP-2.0 Configuration/CLDC-1.1 VendorID/102 ips-agent"
69.58.178.59 - - [02/May/2013:11:34:33 +0200] "GET /frameset/left.htm HTTP/1.1" 200 244 "-" "Mozilla/5.0 (X11; Ubuntu; Linux i686; rv:14.0; ips-agent) Gecko/20100101 Firefox/14.0.1"
69.58.178.59 - - [02/May/2013:11:34:34 +0200] "GET /frameset/top.htm HTTP/1.1" 200 244 "-" "Mozilla/5.0 (X11; Ubuntu; Linux i686; rv:14.0; ips-agent) Gecko/20100101 Firefox/14.0.1"
69.58.178.59 - - [02/May/2013:11:34:36 +0200] "GET /neue_seite_1.htm HTTP/1.1" 200 405 "-" "Mozilla/5.0 (X11; Ubuntu; Linux i686; rv:14.0; ips-agent) Gecko/20100101 Firefox/14.0.1"
69.58.178.59 - - [02/May/2013:11:34:37 +0200] "GET /frameset/bottom.htm HTTP/1.1" 200 244 "-" "Mozilla/5.0 (X11; Ubuntu; Linux i686; rv:14.0; ips-agent) Gecko/20100101 Firefox/14.0.1"
69.58.178.59 - - [02/May/2013:11:34:38 +0200] "GET /frameset/right.htm HTTP/1.1" 200 244 "-" "Mozilla/5.0 (X11; Ubuntu; Linux i686; rv:14.0; ips-agent) Gecko/20100101 Firefox/14.0.1"
141.8.147.12 - - [02/May/2013:11:43:39 +0200] "GET /robots.txt HTTP/1.1" 404 1256 "-" "Mozilla/5.0 (compatible; YandexBot/3.0; +http://yandex.com/bots)"
141.8.147.12 - - [02/May/2013:13:01:51 +0200] "GET / HTTP/1.1" 200 876 "-" "Mozilla/5.0 (compatible; YandexBot/3.0; +http://yandex.com/bots)"
141.8.147.12 - - [02/May/2013:13:02:02 +0200] "GET /frameset/bottom.htm HTTP/1.1" 200 244 "-" "Mozilla/5.0 (compatible; YandexBot/3.0; +http://yandex.com/bots)"
141.8.147.12 - - [02/May/2013:13:02:04 +0200] "GET /frameset/left.htm HTTP/1.1" 200 244 "-" "Mozilla/5.0 (compatible; YandexBot/3.0; +http://yandex.com/bots)"
141.8.147.12 - - [02/May/2013:13:02:06 +0200] "GET /frameset/right.htm HTTP/1.1" 200 244 "-" "Mozilla/5.0 (compatible; YandexBot/3.0; +http://yandex.com/bots)"
141.8.147.12 - - [02/May/2013:13:02:08 +0200] "GET /neue_seite_1.htm HTTP/1.1" 200 405 "-" "Mozilla/5.0 (compatible; YandexBot/3.0; +http://yandex.com/bots)"
141.8.147.12 - - [02/May/2013:13:02:10 +0200] "GET /frameset/top.htm HTTP/1.1" 200 244 "-" "Mozilla/5.0 (compatible; YandexBot/3.0; +http://yandex.com/bots)"
173.199.115.51 - - [02/May/2013:15:26:52 +0200] "GET /robots.txt HTTP/1.1" 404 1256 "-" "Mozilla/5.0 (compatible; AhrefsBot/4.0; +http://ahrefs.com/robot/)"
66.249.75.77 - - [03/May/2013:01:50:19 +0200] "GET /robots.txt HTTP/1.1" 404 1256 "-" "Mozilla/5.0 (compatible; Googlebot/2.1; +http://www.google.com/bot.html)"
66.249.78.212 - - [03/May/2013:01:50:19 +0200] "GET / HTTP/1.1" 200 876 "-" "Mozilla/5.0 (compatible; Googlebot/2.1; +http://www.google.com/bot.html)"
66.249.78.212 - - [03/May/2013:02:19:22 +0200] "GET /neue_seite_1.htm HTTP/1.1" 200 405 "-" "Mozilla/5.0 (compatible; Googlebot/2.1; +http://www.google.com/bot.html)"
66.249.78.212 - - [03/May/2013:02:49:28 +0200] "GET /frameset/top.htm HTTP/1.1" 200 244 "-" "Mozilla/5.0 (compatible; Googlebot/2.1; +http://www.google.com/bot.html)"
66.249.75.77 - - [03/May/2013:03:18:51 +0200] "GET /frameset/left.htm HTTP/1.1" 200 244 "-" "Mozilla/5.0 (compatible; Googlebot/2.1; +http://www.google.com/bot.html)"
66.249.78.212 - - [03/May/2013:03:49:43 +0200] "GET /frameset/right.htm HTTP/1.1" 200 244 "-" "Mozilla/5.0 (compatible; Googlebot/2.1; +http://www.google.com/bot.html)"
66.249.78.212 - - [03/May/2013:04:18:38 +0200] "GET /frameset/bottom.htm HTTP/1.1" 200 244 "-" "Mozilla/5.0 (compatible; Googlebot/2.1; +http://www.google.com/bot.html)"
66.249.75.77 - - [03/May/2013:06:26:36 +0200] "GET / HTTP/1.1" 200 876 "-" "Mozilla/5.0 (iPhone; U; CPU iPhone OS 4_1 like Mac OS X; en-us) AppleWebKit/532.9 (KHTML, like Gecko) Version/4.0.5 Mobile/8B117 Safari/6531.22.7 (compatible; Googlebot-Mobile/2.1; +http://www.google.com/bot.html)"
206.183.1.74 - - [03/May/2013:18:54:21 +0200] "GET /robots.txt HTTP/1.1" 404 1256 "-" "Mozilla/4.0 (compatible; http://search.thunderstone.com/texis/websearch/about.html)"
206.183.1.74 - - [03/May/2013:18:54:21 +0200] "GET / HTTP/1.1" 200 876 "-" "Mozilla/4.0 (compatible; http://search.thunderstone.com/texis/websearch/about.html)"
206.183.1.74 - - [03/May/2013:18:54:21 +0200] "GET /frameset/left.htm HTTP/1.1" 200 244 "-" "Mozilla/4.0 (compatible; http://search.thunderstone.com/texis/websearch/about.html)"
206.183.1.74 - - [03/May/2013:18:54:21 +0200] "GET /frameset/top.htm HTTP/1.1" 200 244 "-" "Mozilla/4.0 (compatible; http://search.thunderstone.com/texis/websearch/about.html)"
206.183.1.74 - - [03/May/2013:18:54:21 +0200] "GET /neue_seite_1.htm HTTP/1.1" 200 405 "-" "Mozilla/4.0 (compatible; http://search.thunderstone.com/texis/websearch/about.html)"
206.183.1.74 - - [03/May/2013:18:54:21 +0200] "GET /frameset/bottom.htm HTTP/1.1" 200 244 "-" "Mozilla/4.0 (compatible; http://search.thunderstone.com/texis/websearch/about.html)"
206.183.1.74 - - [03/May/2013:18:54:21 +0200] "GET /frameset/right.htm HTTP/1.1" 200 244 "-" "Mozilla/4.0 (compatible; http://search.thunderstone.com/texis/websearch/about.html)"
173.199.114.219 - - [04/May/2013:06:15:34 +0200] "GET /frameset/top.htm HTTP/1.1" 200 244 "-" "Mozilla/5.0 (compatible; AhrefsBot/4.0; +http://ahrefs.com/robot/)"
66.249.78.212 - - [05/May/2013:03:57:49 +0200] "GET /robots.txt HTTP/1.1" 404 1256 "-" "Mozilla/5.0 (compatible; Googlebot/2.1; +http://www.google.com/bot.html)"
66.249.78.212 - - [05/May/2013:03:57:49 +0200] "GET / HTTP/1.1" 200 876 "-" "Mozilla/5.0 (iPhone; U; CPU iPhone OS 4_1 like Mac OS X; en-us) AppleWebKit/532.9 (KHTML, like Gecko) Version/4.0.5 Mobile/8B117 Safari/6531.22.7 (compatible; Googlebot-Mobile/2.1; +http://www.google.com/bot.html)"
157.56.93.93 - - [05/May/2013:08:15:30 +0200] "GET /robots.txt HTTP/1.1" 404 1256 "-" "Mozilla/5.0 (compatible; bingbot/2.0; +http://www.bing.com/bingbot.htm)"
157.56.93.93 - - [05/May/2013:08:17:16 +0200] "GET /frameset/left.htm HTTP/1.1" 200 244 "-" "Mozilla/5.0 (compatible; bingbot/2.0; +http://www.bing.com/bingbot.htm)"
157.55.33.79 - - [05/May/2013:09:20:45 +0200] "GET /robots.txt HTTP/1.1" 404 1256 "-" "Mozilla/5.0 (compatible; bingbot/2.0; +http://www.bing.com/bingbot.htm)"
157.55.33.79 - - [05/May/2013:09:22:50 +0200] "GET /frameset/bottom.htm HTTP/1.1" 200 244 "-" "Mozilla/5.0 (compatible; bingbot/2.0; +http://www.bing.com/bingbot.htm)"
157.55.32.111 - - [06/May/2013:06:16:28 +0200] "GET /robots.txt HTTP/1.1" 404 1256 "-" "Mozilla/5.0 (compatible; bingbot/2.0; +http://www.bing.com/bingbot.htm)"
157.55.32.111 - - [06/May/2013:06:18:24 +0200] "GET /frameset/top.htm HTTP/1.1" 304 - "-" "Mozilla/5.0 (compatible; bingbot/2.0; +http://www.bing.com/bingbot.htm)"
157.55.34.180 - - [06/May/2013:17:28:06 +0200] "GET /robots.txt HTTP/1.1" 404 1256 "-" "Mozilla/5.0 (compatible; bingbot/2.0; +http://www.bing.com/bingbot.htm)"
157.55.34.180 - - [06/May/2013:17:30:23 +0200] "GET /neue_seite_1.htm HTTP/1.1" 200 405 "-" "Mozilla/5.0 (compatible; bingbot/2.0; +http://www.bing.com/bingbot.htm)"
157.55.33.44 - - [06/May/2013:17:30:53 +0200] "GET / HTTP/1.1" 200 876 "-" "Mozilla/5.0 (compatible; bingbot/2.0; +http://www.bing.com/bingbot.htm)"
66.249.78.212 - - [07/May/2013:02:52:20 +0200] "GET /robots.txt HTTP/1.1" 404 1256 "-" "Mozilla/5.0 (compatible; Googlebot/2.1; +http://www.google.com/bot.html)"
66.249.78.212 - - [07/May/2013:02:52:20 +0200] "GET / HTTP/1.1" 200 876 "-" "Mozilla/5.0 (iPhone; U; CPU iPhone OS 4_1 like Mac OS X; en-us) AppleWebKit/532.9 (KHTML, like Gecko) Version/4.0.5 Mobile/8B117 Safari/6531.22.7 (compatible; Googlebot-Mobile/2.1; +http://www.google.com/bot.html)"
66.249.78.212 - - [07/May/2013:10:52:58 +0200] "GET /robots.txt HTTP/1.1" 404 1256 "-" "Mozilla/5.0 (compatible; Googlebot/2.1; +http://www.google.com/bot.html)"
66.249.76.77 - - [07/May/2013:10:52:59 +0200] "GET / HTTP/1.1" 200 876 "-" "Mozilla/5.0 (compatible; Googlebot/2.1; +http://www.google.com/bot.html)"
5.9.127.154 - - [08/May/2013:10:33:04 +0200] "GET /robots.txt HTTP/1.1" 404 1256 "-" "Mozilla/5.0 (compatible; SISTRIX Crawler; http://crawler.sistrix.net/)"
5.9.127.154 - - [08/May/2013:10:33:04 +0200] "GET / HTTP/1.1" 206 876 "-" "Mozilla/5.0 (compatible; SISTRIX Crawler; http://crawler.sistrix.net/)"
69.30.238.26 - - [08/May/2013:11:04:02 +0200] "GET /robots.txt HTTP/1.0" 404 1256 "-" "Mozilla/5.0 (compatible; MJ12bot/v1.4.3; http://www.majestic12.co.uk/bot.php?+)"
69.30.238.26 - - [08/May/2013:11:04:03 +0200] "GET / HTTP/1.0" 200 876 "-" "Mozilla/5.0 (compatible; MJ12bot/v1.4.3; http://www.majestic12.co.uk/bot.php?+)"
107.21.165.162 - - [08/May/2013:22:21:03 +0200] "GET / HTTP/1.0" 200 876 "-" "Mozilla/5.0 (compatible; NetcraftSurveyAgent/1.0; +info@netcraft.com)"
107.21.165.162 - - [08/May/2013:22:21:17 +0200] "GET /frameset/left.htm HTTP/1.0" 200 244 "-" "Mozilla/5.0 (compatible; NetcraftSurveyAgent/1.0; +info@netcraft.com)"
107.21.165.162 - - [08/May/2013:22:21:31 +0200] "GET /frameset/top.htm HTTP/1.0" 200 244 "-" "Mozilla/5.0 (compatible; NetcraftSurveyAgent/1.0; +info@netcraft.com)"
107.21.165.162 - - [08/May/2013:22:21:51 +0200] "GET /neue_seite_1.htm HTTP/1.0" 200 405 "-" "Mozilla/5.0 (compatible; NetcraftSurveyAgent/1.0; +info@netcraft.com)"
107.21.165.162 - - [08/May/2013:22:22:07 +0200] "GET /frameset/bottom.htm HTTP/1.0" 200 244 "-" "Mozilla/5.0 (compatible; NetcraftSurveyAgent/1.0; +info@netcraft.com)"
107.21.165.162 - - [08/May/2013:22:22:24 +0200] "GET /frameset/right.htm HTTP/1.0" 200 244 "-" "Mozilla/5.0 (compatible; NetcraftSurveyAgent/1.0; +info@netcraft.com)"
91.121.201.26 - - [08/May/2013:23:47:16 +0200] "GET / HTTP/1.1" 200 876 "-" "Mozilla/5.0 (compatible; Googlebot/2.1; +http://www.google.com/bot.html)"
66.249.78.212 - - [09/May/2013:04:31:22 +0200] "GET /robots.txt HTTP/1.1" 404 1256 "-" "Mozilla/5.0 (compatible; Googlebot/2.1; +http://www.google.com/bot.html)"
66.249.78.212 - - [09/May/2013:04:31:22 +0200] "GET / HTTP/1.1" 200 876 "-" "Mozilla/5.0 (iPhone; U; CPU iPhone OS 4_1 like Mac OS X; en-us) AppleWebKit/532.9 (KHTML, like Gecko) Version/4.0.5 Mobile/8B117 Safari/6531.22.7 (compatible; Googlebot-Mobile/2.1; +http://www.google.com/bot.html)"
173.199.119.155 - - [09/May/2013:08:59:25 +0200] "GET / HTTP/1.1" 200 876 "-" "Mozilla/5.0 (compatible; AhrefsBot/4.0; +http://ahrefs.com/robot/)"
173.199.115.51 - - [09/May/2013:16:45:03 +0200] "GET /robots.txt HTTP/1.1" 404 1256 "-" "Mozilla/5.0 (compatible; AhrefsBot/4.0; +http://ahrefs.com/robot/)"
109.72.82.50 - - [10/May/2013:05:48:35 +0200] "GET / HTTP/1.1" 200 876 "-" "Mozilla/5.0 (Macintosh; U; Intel Mac OS X 10_7_8 en-us) Version/4.0"
64.246.187.42 - - [10/May/2013:18:29:17 +0200] "GET /robots.txt HTTP/1.0" 404 1256 "-" "Mozilla/5.0 (Windows; U; Windows NT 5.1; en; rv:1.9.0.13) Gecko/2009073022 Firefox/3.5.2 (.NET CLR 3.5.30729) SurveyBot/2.3 (DomainTools)"
64.246.187.42 - - [10/May/2013:18:29:17 +0200] "GET / HTTP/1.1" 200 876 "http://whois.domaintools.com/die-sehnsucht.com" "Mozilla/5.0 (Windows; U; Windows NT 5.1; en; rv:1.9.0.13) Gecko/2009073022 Firefox/3.5.2 (.NET CLR 3.5.30729) SurveyBot/2.3 (DomainTools)"
66.249.78.212 - - [11/May/2013:05:59:08 +0200] "GET /robots.txt HTTP/1.1" 404 1256 "-" "Mozilla/5.0 (compatible; Googlebot/2.1; +http://www.google.com/bot.html)"
66.249.78.212 - - [11/May/2013:05:59:08 +0200] "GET / HTTP/1.1" 200 876 "-" "Mozilla/5.0 (iPhone; U; CPU iPhone OS 4_1 like Mac OS X; en-us) AppleWebKit/532.9 (KHTML, like Gecko) Version/4.0.5 Mobile/8B117 Safari/6531.22.7 (compatible; Googlebot-Mobile/2.1; +http://www.google.com/bot.html)"
65.55.24.216 - - [11/May/2013:11:12:14 +0200] "GET /robots.txt HTTP/1.1" 404 1256 "-" "Mozilla/5.0 (compatible; bingbot/2.0; +http://www.bing.com/bingbot.htm)"
157.55.34.180 - - [11/May/2013:11:13:57 +0200] "GET /neue_seite_1.htm HTTP/1.1" 200 405 "-" "Mozilla/5.0 (compatible; bingbot/2.0; +http://www.bing.com/bingbot.htm)"
65.55.24.216 - - [11/May/2013:11:14:01 +0200] "GET / HTTP/1.1" 200 876 "-" "Mozilla/5.0 (compatible; bingbot/2.0; +http://www.bing.com/bingbot.htm)"
8.35.201.149 - - [11/May/2013:20:31:32 +0200] "HEAD / HTTP/1.1" 200 - "-" "AppEngine-Google; (+http://code.google.com/appengine; appid: s~researchlab-dd-2)"
173.199.120.75 - - [11/May/2013:23:29:49 +0200] "GET /frameset/left.htm HTTP/1.1" 200 244 "-" "Mozilla/5.0 (compatible; AhrefsBot/4.0; +http://ahrefs.com/robot/)"
173.199.120.75 - - [12/May/2013:03:38:31 +0200] "GET /frameset/bottom.htm HTTP/1.1" 200 244 "-" "Mozilla/5.0 (compatible; AhrefsBot/4.0; +http://ahrefs.com/robot/)"
66.249.78.212 - - [12/May/2013:06:34:35 +0200] "GET /robots.txt HTTP/1.1" 404 1256 "-" "Mozilla/5.0 (compatible; Googlebot/2.1; +http://www.google.com/bot.html)"
66.249.75.77 - - [12/May/2013:06:34:35 +0200] "GET / HTTP/1.1" 200 876 "-" "DoCoMo/2.0 N905i(c100;TB;W24H16) (compatible; Googlebot-Mobile/2.1; +http://www.google.com/bot.html)"
188.165.230.147 - - [12/May/2013:13:31:37 +0200] "GET /robots.txt HTTP/1.1" 404 1256 "http://www.finddotcom.com/" "Mozilla/4.0 (compatible; MSIE 7.0; Windows NT 5.1; Mozilla/4.0 (compatible; MSIE 6.0; Windows NT 5.1; SV1) ; .NET CLR 2.0.50727; .NET CLR 3.0.4506.2152; .NET CLR 3.5.30729)"
188.165.230.147 - - [12/May/2013:13:31:37 +0200] "GET / HTTP/1.1" 200 876 "http://www.finddotcom.com/" "Mozilla/4.0 (compatible; MSIE 7.0; Windows NT 5.1; Mozilla/4.0 (compatible; MSIE 6.0; Windows NT 5.1; SV1) ; .NET CLR 2.0.50727; .NET CLR 3.0.4506.2152; .NET CLR 3.5.30729)"
141.8.147.12 - - [12/May/2013:18:42:39 +0200] "GET /robots.txt HTTP/1.1" 404 1256 "-" "Mozilla/5.0 (compatible; YandexBot/3.0; +http://yandex.com/bots)"
141.8.147.12 - - [12/May/2013:18:42:42 +0200] "GET /images/sehnsucht%20start-mit%20schrift.gif HTTP/1.1" 304 - "-" "Mozilla/5.0 (compatible; YandexImages/3.0; +http://yandex.com/bots)"
66.249.78.212 - - [13/May/2013:02:43:37 +0200] "GET /robots.txt HTTP/1.1" 404 1256 "-" "Mozilla/5.0 (compatible; Googlebot/2.1; +http://www.google.com/bot.html)"
66.249.78.212 - - [13/May/2013:02:43:37 +0200] "GET / HTTP/1.1" 200 876 "-" "Mozilla/5.0 (iPhone; U; CPU iPhone OS 4_1 like Mac OS X; en-us) AppleWebKit/532.9 (KHTML, like Gecko) Version/4.0.5 Mobile/8B117 Safari/6531.22.7 (compatible; Googlebot-Mobile/2.1; +http://www.google.com/bot.html)"
8.35.201.198 - - [13/May/2013:20:47:01 +0200] "HEAD / HTTP/1.1" 200 - "-" "AppEngine-Google; (+http://code.google.com/appengine; appid: s~rgcwbz2l7g9ij5sm)"
8.35.200.65 - - [14/May/2013:11:31:47 +0200] "HEAD / HTTP/1.1" 200 - "-" "AppEngine-Google; (+http://code.google.com/appengine; appid: s~im0d5e6ctaaoe24t)"
157.55.33.20 - - [14/May/2013:18:15:10 +0200] "GET /robots.txt HTTP/1.1" 404 1256 "-" "Mozilla/5.0 (compatible; bingbot/2.0; +http://www.bing.com/bingbot.htm)"
157.55.33.20 - - [14/May/2013:18:31:55 +0200] "GET /frameset/bottom.htm HTTP/1.1" 304 - "-" "Mozilla/5.0 (compatible; bingbot/2.0; +http://www.bing.com/bingbot.htm)"
66.249.78.212 - - [15/May/2013:01:12:03 +0200] "GET /robots.txt HTTP/1.1" 404 1256 "-" "Mozilla/5.0 (compatible; Googlebot/2.1; +http://www.google.com/bot.html)"
66.249.78.212 - - [15/May/2013:01:12:03 +0200] "GET / HTTP/1.1" 200 876 "-" "Mozilla/5.0 (iPhone; U; CPU iPhone OS 4_1 like Mac OS X; en-us) AppleWebKit/532.9 (KHTML, like Gecko) Version/4.0.5 Mobile/8B117 Safari/6531.22.7 (compatible; Googlebot-Mobile/2.1; +http://www.google.com/bot.html)"
38.100.21.65 - - [15/May/2013:08:42:38 +0200] "GET / HTTP/1.1" 200 876 "-" "Mozilla/4.0 (compatible; MSIE 7.0; Windows NT 5.2)"
38.100.21.65 - - [15/May/2013:08:42:38 +0200] "GET /frameset/bottom.htm HTTP/1.1" 200 244 "-" "Mozilla/4.0 (compatible; MSIE 7.0; Windows NT 5.2)"
38.100.21.65 - - [15/May/2013:08:42:38 +0200] "GET /neue_seite_1.htm HTTP/1.1" 200 405 "-" "Mozilla/4.0 (compatible; MSIE 7.0; Windows NT 5.2)"
38.100.21.65 - - [15/May/2013:08:42:39 +0200] "GET /frameset/left.htm HTTP/1.1" 200 244 "-" "Mozilla/4.0 (compatible; MSIE 7.0; Windows NT 5.2)"
38.100.21.65 - - [15/May/2013:08:42:39 +0200] "GET /frameset/top.htm HTTP/1.1" 200 244 "-" "Mozilla/4.0 (compatible; MSIE 7.0; Windows NT 5.2)"
38.100.21.65 - - [15/May/2013:08:42:39 +0200] "GET /frameset/right.htm HTTP/1.1" 200 244 "-" "Mozilla/4.0 (compatible; MSIE 7.0; Windows NT 5.2)"
8.35.201.135 - - [15/May/2013:10:31:04 +0200] "HEAD / HTTP/1.1" 200 - "-" "AppEngine-Google; (+http://code.google.com/appengine; appid: s~j2ddcso9yht6rbjv)"
88.198.40.163 - - [15/May/2013:10:58:34 +0200] "GET /robots.txt HTTP/1.1" 404 1256 "-" "Mozilla/5.0 (compatible; SISTRIX Crawler; http://crawler.sistrix.net/)"
88.198.40.163 - - [15/May/2013:10:58:34 +0200] "GET / HTTP/1.1" 206 876 "-" "Mozilla/5.0 (compatible; SISTRIX Crawler; http://crawler.sistrix.net/)"
69.197.128.114 - - [15/May/2013:11:34:52 +0200] "GET /robots.txt HTTP/1.0" 404 1256 "-" "Mozilla/5.0 (compatible; MJ12bot/v1.4.3; http://www.majestic12.co.uk/bot.php?+)"
69.197.128.114 - - [15/May/2013:11:34:53 +0200] "GET / HTTP/1.0" 200 876 "-" "Mozilla/5.0 (compatible; MJ12bot/v1.4.3; http://www.majestic12.co.uk/bot.php?+)"
66.249.78.212 - - [15/May/2013:14:19:44 +0200] "GET /robots.txt HTTP/1.1" 404 1256 "-" "Mozilla/5.0 (compatible; Googlebot/2.1; +http://www.google.com/bot.html)"
66.249.78.212 - - [15/May/2013:14:19:44 +0200] "GET /frameset/bottom.htm HTTP/1.1" 200 244 "-" "Mozilla/5.0 (iPhone; U; CPU iPhone OS 4_1 like Mac OS X; en-us) AppleWebKit/532.9 (KHTML, like Gecko) Version/4.0.5 Mobile/8B117 Safari/6531.22.7 (compatible; Googlebot-Mobile/2.1; +http://www.google.com/bot.html)"
173.199.120.59 - - [15/May/2013:17:10:11 +0200] "GET /frameset/top.htm HTTP/1.1" 200 244 "-" "Mozilla/5.0 (compatible; AhrefsBot/4.0; +http://ahrefs.com/robot/)"
37.59.16.73 - - [15/May/2013:17:37:31 +0200] "GET / HTTP/1.1" 200 876 "-" "Mozilla/5.0 (X11; Linux i686; rv:6.0) Gecko/20100101 Firefox/6.0"
141.8.147.12 - - [15/May/2013:18:19:34 +0200] "GET /robots.txt HTTP/1.1" 404 1256 "-" "Mozilla/5.0 (compatible; YandexBot/3.0; +http://yandex.com/bots)"
173.199.120.59 - - [15/May/2013:20:22:23 +0200] "GET /frameset/bottom.htm HTTP/1.1" 200 244 "-" "Mozilla/5.0 (compatible; AhrefsBot/4.0; +http://ahrefs.com/robot/)"
141.8.147.12 - - [15/May/2013:23:55:36 +0200] "GET / HTTP/1.1" 200 876 "-" "Mozilla/5.0 (compatible; YandexBot/3.0; +http://yandex.com/bots)"
141.8.147.12 - - [15/May/2013:23:56:06 +0200] "GET /frameset/left.htm HTTP/1.1" 200 244 "-" "Mozilla/5.0 (compatible; YandexBot/3.0; +http://yandex.com/bots)"
141.8.147.12 - - [15/May/2013:23:56:08 +0200] "GET /frameset/right.htm HTTP/1.1" 200 244 "-" "Mozilla/5.0 (compatible; YandexBot/3.0; +http://yandex.com/bots)"
141.8.147.12 - - [15/May/2013:23:56:11 +0200] "GET /neue_seite_1.htm HTTP/1.1" 200 405 "-" "Mozilla/5.0 (compatible; YandexBot/3.0; +http://yandex.com/bots)"
141.8.147.12 - - [15/May/2013:23:56:13 +0200] "GET /frameset/top.htm HTTP/1.1" 200 244 "-" "Mozilla/5.0 (compatible; YandexBot/3.0; +http://yandex.com/bots)"
141.8.147.12 - - [15/May/2013:23:56:15 +0200] "GET /frameset/bottom.htm HTTP/1.1" 200 244 "-" "Mozilla/5.0 (compatible; YandexBot/3.0; +http://yandex.com/bots)"
173.199.120.59 - - [16/May/2013:06:26:37 +0200] "GET /frameset/left.htm HTTP/1.1" 200 244 "-" "Mozilla/5.0 (compatible; AhrefsBot/4.0; +http://ahrefs.com/robot/)"
157.56.92.161 - - [16/May/2013:09:33:21 +0200] "GET /robots.txt HTTP/1.1" 404 1256 "-" "Mozilla/5.0 (compatible; bingbot/2.0; +http://www.bing.com/bingbot.htm)"
157.56.92.161 - - [16/May/2013:09:35:11 +0200] "GET /frameset/bottom.htm HTTP/1.1" 200 244 "-" "Mozilla/5.0 (compatible; bingbot/2.0; +http://www.bing.com/bingbot.htm)"
157.56.93.93 - - [16/May/2013:09:35:13 +0200] "GET /frameset/left.htm HTTP/1.1" 200 244 "-" "Mozilla/5.0 (compatible; bingbot/2.0; +http://www.bing.com/bingbot.htm)"
173.199.115.51 - - [16/May/2013:17:07:58 +0200] "GET /robots.txt HTTP/1.1" 404 1256 "-" "Mozilla/5.0 (compatible; AhrefsBot/4.0; +http://ahrefs.com/robot/)"
157.55.34.180 - - [16/May/2013:20:40:24 +0200] "GET /robots.txt HTTP/1.1" 404 1256 "-" "Mozilla/5.0 (compatible; bingbot/2.0; +http://www.bing.com/bingbot.htm)"
157.55.34.180 - - [16/May/2013:20:42:19 +0200] "GET /neue_seite_1.htm HTTP/1.1" 200 405 "-" "Mozilla/5.0 (compatible; bingbot/2.0; +http://www.bing.com/bingbot.htm)"
157.56.92.148 - - [16/May/2013:21:33:50 +0200] "GET / HTTP/1.1" 200 876 "-" "Mozilla/5.0 (compatible; bingbot/2.0; +http://www.bing.com/bingbot.htm)"
157.55.34.180 - - [16/May/2013:21:35:49 +0200] "GET /neue_seite_1.htm HTTP/1.1" 200 405 "-" "Mozilla/5.0 (compatible; bingbot/2.0; +http://www.bing.com/bingbot.htm)"
157.56.93.93 - - [16/May/2013:21:36:19 +0200] "GET /frameset/left.htm HTTP/1.1" 200 244 "-" "Mozilla/5.0 (compatible; bingbot/2.0; +http://www.bing.com/bingbot.htm)"
157.55.35.114 - - [16/May/2013:21:36:21 +0200] "GET /frameset/right.htm HTTP/1.1" 200 244 "-" "Mozilla/5.0 (compatible; bingbot/2.0; +http://www.bing.com/bingbot.htm)"
157.56.92.161 - - [16/May/2013:22:35:09 +0200] "GET /robots.txt HTTP/1.1" 404 1256 "-" "Mozilla/5.0 (compatible; bingbot/2.0; +http://www.bing.com/bingbot.htm)"
208.115.111.73 - - [16/May/2013:22:57:39 +0200] "GET /robots.txt HTTP/1.1" 404 1256 "-" "Mozilla/5.0 (compatible; Ezooms/1.0; ezooms.bot@gmail.com)"
208.115.111.73 - - [16/May/2013:23:42:53 +0200] "GET / HTTP/1.1" 200 876 "-" "Mozilla/5.0 (compatible; Ezooms/1.0; ezooms.bot@gmail.com)"
66.249.78.212 - - [17/May/2013:01:03:46 +0200] "GET /robots.txt HTTP/1.1" 404 1256 "-" "Mozilla/5.0 (compatible; Googlebot/2.1; +http://www.google.com/bot.html)"
66.249.75.77 - - [17/May/2013:01:03:46 +0200] "GET / HTTP/1.1" 200 876 "-" "Mozilla/5.0 (iPhone; U; CPU iPhone OS 4_1 like Mac OS X; en-us) AppleWebKit/532.9 (KHTML, like Gecko) Version/4.0.5 Mobile/8B117 Safari/6531.22.7 (compatible; Googlebot-Mobile/2.1; +http://www.google.com/bot.html)"
157.56.93.93 - - [17/May/2013:21:52:07 +0200] "GET /robots.txt HTTP/1.1" 404 1256 "-" "Mozilla/5.0 (compatible; bingbot/2.0; +http://www.bing.com/bingbot.htm)"
157.56.93.93 - - [17/May/2013:21:53:33 +0200] "GET /frameset/left.htm HTTP/1.1" 200 244 "-" "Mozilla/5.0 (compatible; bingbot/2.0; +http://www.bing.com/bingbot.htm)"
141.8.147.12 - - [17/May/2013:22:19:03 +0200] "GET /robots.txt HTTP/1.1" 404 1256 "-" "Mozilla/5.0 (compatible; YandexBot/3.0; +http://yandex.com/bots)"
141.8.147.12 - - [17/May/2013:22:57:18 +0200] "GET / HTTP/1.1" 200 876 "-" "Mozilla/5.0 (compatible; YandexBot/3.0; +http://yandex.com/bots)"
141.8.147.12 - - [17/May/2013:22:57:33 +0200] "GET /frameset/top.htm HTTP/1.1" 200 244 "-" "Mozilla/5.0 (compatible; YandexBot/3.0; +http://yandex.com/bots)"
141.8.147.12 - - [17/May/2013:22:57:35 +0200] "GET /frameset/bottom.htm HTTP/1.1" 200 244 "-" "Mozilla/5.0 (compatible; YandexBot/3.0; +http://yandex.com/bots)"
141.8.147.12 - - [17/May/2013:22:57:38 +0200] "GET /frameset/right.htm HTTP/1.1" 200 244 "-" "Mozilla/5.0 (compatible; YandexBot/3.0; +http://yandex.com/bots)"
141.8.147.12 - - [17/May/2013:22:57:40 +0200] "GET /neue_seite_1.htm HTTP/1.1" 200 405 "-" "Mozilla/5.0 (compatible; YandexBot/3.0; +http://yandex.com/bots)"
141.8.147.12 - - [17/May/2013:22:57:42 +0200] "GET /frameset/left.htm HTTP/1.1" 200 244 "-" "Mozilla/5.0 (compatible; YandexBot/3.0; +http://yandex.com/bots)"
5.135.125.180 - - [18/May/2013:03:07:47 +0200] "GET / HTTP/1.1" 200 876 "-" "Mozilla/5.0 (Macintosh; Intel Mac OS X 10.6; rv:9.0a2) Gecko/20111101 Firefox/9.0a2"
173.199.120.107 - - [18/May/2013:17:43:36 +0200] "GET /frameset/top.htm HTTP/1.1" 200 244 "-" "Mozilla/5.0 (compatible; AhrefsBot/4.0; +http://ahrefs.com/robot/)"
173.199.120.107 - - [18/May/2013:20:10:47 +0200] "GET /neue_seite_1.htm HTTP/1.1" 200 405 "-" "Mozilla/5.0 (compatible; AhrefsBot/4.0; +http://ahrefs.com/robot/)"
101.226.166.227 - - [18/May/2013:23:35:41 +0200] "GET / HTTP/1.1" 200 876 "http://www.die-sehnsucht.com/" "Mozilla/4.0 (compatible; MSIE 8.0; Windows NT 6.1; Trident/4.0; SLCC2; .NET CLR 2.0.50727; .NET CLR 3.5.30729; .NET CLR 3.0.30729; Media Center PC 6.0; MDDR; .NET4.0C; .NET4.0E; .NET CLR 1.1.4322; Tablet PC 2.0); 360Spider"
101.226.166.228 - - [18/May/2013:23:35:41 +0200] "GET /robots.txt HTTP/1.1" 404 1256 "http://www.die-sehnsucht.com/robots.txt" "Mozilla/4.0 (compatible; MSIE 8.0; Windows NT 6.1; Trident/4.0; SLCC2; .NET CLR 2.0.50727; .NET CLR 3.5.30729; .NET CLR 3.0.30729; Media Center PC 6.0; MDDR; .NET4.0C; .NET4.0E; .NET CLR 1.1.4322; Tablet PC 2.0); 360Spider"
182.118.44.223 - - [18/May/2013:23:35:43 +0200] "GET / HTTP/1.1" 200 876 "-" "Mozilla/5.0 (Windows NT 6.1) AppleWebKit/535.19 (KHTML, like Gecko) Chrome/18.0.1025.168 Safari/535.19"
182.118.44.223 - - [18/May/2013:23:35:44 +0200] "GET /frameset/left.htm HTTP/1.1" 200 244 "http://www.die-sehnsucht.com/" "Mozilla/5.0 (Windows NT 6.1) AppleWebKit/535.19 (KHTML, like Gecko) Chrome/18.0.1025.168 Safari/535.19"
182.118.44.223 - - [18/May/2013:23:35:44 +0200] "GET /frameset/top.htm HTTP/1.1" 200 244 "http://www.die-sehnsucht.com/" "Mozilla/5.0 (Windows NT 6.1) AppleWebKit/535.19 (KHTML, like Gecko) Chrome/18.0.1025.168 Safari/535.19"
182.118.44.223 - - [18/May/2013:23:35:44 +0200] "GET /neue_seite_1.htm HTTP/1.1" 200 405 "http://www.die-sehnsucht.com/" "Mozilla/5.0 (Windows NT 6.1) AppleWebKit/535.19 (KHTML, like Gecko) Chrome/18.0.1025.168 Safari/535.19"
182.118.44.223 - - [18/May/2013:23:35:44 +0200] "GET /frameset/bottom.htm HTTP/1.1" 200 244 "http://www.die-sehnsucht.com/" "Mozilla/5.0 (Windows NT 6.1) AppleWebKit/535.19 (KHTML, like Gecko) Chrome/18.0.1025.168 Safari/535.19"
182.118.44.223 - - [18/May/2013:23:35:44 +0200] "GET /frameset/right.htm HTTP/1.1" 200 244 "http://www.die-sehnsucht.com/" "Mozilla/5.0 (Windows NT 6.1) AppleWebKit/535.19 (KHTML, like Gecko) Chrome/18.0.1025.168 Safari/535.19"
66.249.78.212 - - [19/May/2013:00:30:20 +0200] "GET /robots.txt HTTP/1.1" 404 1256 "-" "Mozilla/5.0 (compatible; Googlebot/2.1; +http://www.google.com/bot.html)"
66.249.78.212 - - [19/May/2013:00:30:20 +0200] "GET / HTTP/1.1" 200 876 "-" "Mozilla/5.0 (iPhone; U; CPU iPhone OS 4_1 like Mac OS X; en-us) AppleWebKit/532.9 (KHTML, like Gecko) Version/4.0.5 Mobile/8B117 Safari/6531.22.7 (compatible; Googlebot-Mobile/2.1; +http://www.google.com/bot.html)"
66.249.78.212 - - [19/May/2013:00:44:28 +0200] "GET / HTTP/1.1" 200 876 "-" "Mozilla/5.0 (compatible; Googlebot/2.1; +http://www.google.com/bot.html)"
157.55.34.180 - - [19/May/2013:00:45:09 +0200] "GET /robots.txt HTTP/1.1" 404 1256 "-" "Mozilla/5.0 (compatible; bingbot/2.0; +http://www.bing.com/bingbot.htm)"
157.55.34.180 - - [19/May/2013:00:46:57 +0200] "GET /neue_seite_1.htm HTTP/1.1" 200 405 "-" "Mozilla/5.0 (compatible; bingbot/2.0; +http://www.bing.com/bingbot.htm)"
141.8.147.12 - - [19/May/2013:03:47:25 +0200] "GET /robots.txt HTTP/1.1" 404 1256 "-" "Mozilla/5.0 (compatible; YandexBot/3.0; +http://yandex.com/bots)"
141.8.147.12 - - [19/May/2013:09:22:53 +0200] "GET / HTTP/1.1" 200 876 "-" "Mozilla/5.0 (compatible; YandexBot/3.0; +http://yandex.com/bots)"
141.8.147.12 - - [19/May/2013:09:24:02 +0200] "GET /neue_seite_1.htm HTTP/1.1" 200 405 "-" "Mozilla/5.0 (compatible; YandexBot/3.0; +http://yandex.com/bots)"
141.8.147.12 - - [19/May/2013:09:24:04 +0200] "GET /frameset/bottom.htm HTTP/1.1" 200 244 "-" "Mozilla/5.0 (compatible; YandexBot/3.0; +http://yandex.com/bots)"
141.8.147.12 - - [19/May/2013:09:24:06 +0200] "GET /frameset/left.htm HTTP/1.1" 200 244 "-" "Mozilla/5.0 (compatible; YandexBot/3.0; +http://yandex.com/bots)"
141.8.147.12 - - [19/May/2013:09:24:08 +0200] "GET /frameset/top.htm HTTP/1.1" 200 244 "-" "Mozilla/5.0 (compatible; YandexBot/3.0; +http://yandex.com/bots)"
141.8.147.12 - - [19/May/2013:09:24:10 +0200] "GET /frameset/right.htm HTTP/1.1" 200 244 "-" "Mozilla/5.0 (compatible; YandexBot/3.0; +http://yandex.com/bots)"
173.199.120.107 - - [19/May/2013:12:16:11 +0200] "GET /frameset/right.htm HTTP/1.1" 200 244 "-" "Mozilla/5.0 (compatible; AhrefsBot/4.0; +http://ahrefs.com/robot/)"
173.199.120.107 - - [19/May/2013:13:17:48 +0200] "GET /frameset/left.htm HTTP/1.1" 200 244 "-" "Mozilla/5.0 (compatible; AhrefsBot/4.0; +http://ahrefs.com/robot/)"
23.22.87.166 - - [19/May/2013:17:34:05 +0200] "GET /? HTTP/1.1" 200 876 "-" "Mozilla/5.0 (Macintosh; Intel Mac OS X 10_6_8) AppleWebKit/534.30 (KHTML, like Gecko) Chrome/12.0.742.112 Safari/534.30"
208.77.221.210 - - [19/May/2013:18:24:40 +0200] "GET / HTTP/1.0" 200 876 "-" "CatchBot/2.0; +http://www.catchbot.com"
208.77.221.210 - - [19/May/2013:18:24:40 +0200] "GET /frameset/left.htm HTTP/1.0" 200 244 "-" "CatchBot/2.0; +http://www.catchbot.com"
208.77.221.210 - - [19/May/2013:18:24:41 +0200] "GET /frameset/top.htm HTTP/1.0" 200 244 "-" "CatchBot/2.0; +http://www.catchbot.com"
67.202.32.86 - - [19/May/2013:22:08:17 +0200] "GET / HTTP/1.1" 200 876 "-" "Mozilla/5.0 (X11; Linux x86_64) AppleWebKit/534.34 (KHTML, like Gecko) Qt/4.8.2"
67.202.32.86 - - [19/May/2013:22:08:17 +0200] "GET /frameset/left.htm HTTP/1.1" 200 244 "http://www.die-sehnsucht.com/" "Mozilla/5.0 (X11; Linux x86_64) AppleWebKit/534.34 (KHTML, like Gecko) Qt/4.8.2"
67.202.32.86 - - [19/May/2013:22:08:17 +0200] "GET /neue_seite_1.htm HTTP/1.1" 200 405 "http://www.die-sehnsucht.com/" "Mozilla/5.0 (X11; Linux x86_64) AppleWebKit/534.34 (KHTML, like Gecko) Qt/4.8.2"
67.202.32.86 - - [19/May/2013:22:08:17 +0200] "GET /frameset/top.htm HTTP/1.1" 200 244 "http://www.die-sehnsucht.com/" "Mozilla/5.0 (X11; Linux x86_64) AppleWebKit/534.34 (KHTML, like Gecko) Qt/4.8.2"
67.202.32.86 - - [19/May/2013:22:08:17 +0200] "GET /frameset/bottom.htm HTTP/1.1" 200 244 "http://www.die-sehnsucht.com/" "Mozilla/5.0 (X11; Linux x86_64) AppleWebKit/534.34 (KHTML, like Gecko) Qt/4.8.2"
67.202.32.86 - - [19/May/2013:22:08:17 +0200] "GET /frameset/right.htm HTTP/1.1" 200 244 "http://www.die-sehnsucht.com/" "Mozilla/5.0 (X11; Linux x86_64) AppleWebKit/534.34 (KHTML, like Gecko) Qt/4.8.2"
67.202.32.86 - - [19/May/2013:22:08:18 +0200] "GET /frameset/right.htm HTTP/1.1" 200 244 "-" "Mozilla/5.0 (X11; Linux x86_64) AppleWebKit/534.34 (KHTML, like Gecko) Qt/4.8.2"
67.202.32.86 - - [19/May/2013:22:08:18 +0200] "GET /frameset/bottom.htm HTTP/1.1" 200 244 "-" "Mozilla/5.0 (X11; Linux x86_64) AppleWebKit/534.34 (KHTML, like Gecko) Qt/4.8.2"
67.202.32.86 - - [19/May/2013:22:08:18 +0200] "GET /frameset/left.htm HTTP/1.1" 200 244 "-" "Mozilla/5.0 (X11; Linux x86_64) AppleWebKit/534.34 (KHTML, like Gecko) Qt/4.8.2"
67.202.32.86 - - [19/May/2013:22:08:18 +0200] "GET /frameset/top.htm HTTP/1.1" 200 244 "-" "Mozilla/5.0 (X11; Linux x86_64) AppleWebKit/534.34 (KHTML, like Gecko) Qt/4.8.2"
67.202.32.86 - - [19/May/2013:22:08:18 +0200] "GET /neue_seite_1.htm HTTP/1.1" 200 405 "-" "Mozilla/5.0 (X11; Linux x86_64) AppleWebKit/534.34 (KHTML, like Gecko) Qt/4.8.2"
173.199.120.107 - - [19/May/2013:22:55:10 +0200] "GET / HTTP/1.1" 200 876 "-" "Mozilla/5.0 (compatible; AhrefsBot/4.0; +http://ahrefs.com/robot/)"
50.31.96.16 - - [19/May/2013:23:45:14 +0200] "GET / HTTP/1.1" 200 876 "-" "Mozilla/5.0 (X11; U; Linux x86_64; en-US) AppleWebKit/534.3 (KHTML, like Gecko) Qt/4.7.4 Safari/534.3"
50.31.96.16 - - [19/May/2013:23:45:15 +0200] "GET /frameset/left.htm HTTP/1.1" 200 244 "http://www.die-sehnsucht.com/" "Mozilla/5.0 (X11; U; Linux x86_64; en-US) AppleWebKit/534.3 (KHTML, like Gecko) Qt/4.7.4 Safari/534.3"
50.31.96.16 - - [19/May/2013:23:45:15 +0200] "GET /neue_seite_1.htm HTTP/1.1" 200 405 "http://www.die-sehnsucht.com/" "Mozilla/5.0 (X11; U; Linux x86_64; en-US) AppleWebKit/534.3 (KHTML, like Gecko) Qt/4.7.4 Safari/534.3"
50.31.96.16 - - [19/May/2013:23:45:15 +0200] "GET /frameset/bottom.htm HTTP/1.1" 200 244 "http://www.die-sehnsucht.com/" "Mozilla/5.0 (X11; U; Linux x86_64; en-US) AppleWebKit/534.3 (KHTML, like Gecko) Qt/4.7.4 Safari/534.3"
50.31.96.16 - - [19/May/2013:23:45:15 +0200] "GET /frameset/top.htm HTTP/1.1" 200 244 "http://www.die-sehnsucht.com/" "Mozilla/5.0 (X11; U; Linux x86_64; en-US) AppleWebKit/534.3 (KHTML, like Gecko) Qt/4.7.4 Safari/534.3"
50.31.96.16 - - [19/May/2013:23:45:15 +0200] "GET /frameset/right.htm HTTP/1.1" 200 244 "http://www.die-sehnsucht.com/" "Mozilla/5.0 (X11; U; Linux x86_64; en-US) AppleWebKit/534.3 (KHTML, like Gecko) Qt/4.7.4 Safari/534.3"
50.31.96.16 - - [19/May/2013:23:45:15 +0200] "GET /images/sehnsucht%20start-mit%20schrift.gif HTTP/1.1" 200 167462 "http://www.die-sehnsucht.com/neue_seite_1.htm" "Mozilla/5.0 (X11; U; Linux x86_64; en-US) AppleWebKit/534.3 (KHTML, like Gecko) Qt/4.7.4 Safari/534.3"
157.55.34.180 - - [20/May/2013:16:07:46 +0200] "GET /robots.txt HTTP/1.1" 404 1256 "-" "Mozilla/5.0 (compatible; bingbot/2.0; +http://www.bing.com/bingbot.htm)"
157.55.34.180 - - [20/May/2013:16:09:55 +0200] "GET /neue_seite_1.htm HTTP/1.1" 200 405 "-" "Mozilla/5.0 (compatible; bingbot/2.0; +http://www.bing.com/bingbot.htm)"
157.55.33.77 - - [20/May/2013:16:49:27 +0200] "GET / HTTP/1.1" 200 876 "-" "Mozilla/5.0 (compatible; bingbot/2.0; +http://www.bing.com/bingbot.htm)"
141.8.147.12 - - [20/May/2013:19:40:53 +0200] "GET /robots.txt HTTP/1.1" 404 1256 "-" "Mozilla/5.0 (compatible; YandexBot/3.0; +http://yandex.com/bots)"
141.8.147.12 - - [20/May/2013:22:03:03 +0200] "GET / HTTP/1.1" 200 876 "-" "Mozilla/5.0 (compatible; YandexBot/3.0; +http://yandex.com/bots)"
141.8.147.12 - - [20/May/2013:22:03:39 +0200] "GET /frameset/left.htm HTTP/1.1" 200 244 "-" "Mozilla/5.0 (compatible; YandexBot/3.0; +http://yandex.com/bots)"
141.8.147.12 - - [20/May/2013:22:03:41 +0200] "GET /frameset/right.htm HTTP/1.1" 200 244 "-" "Mozilla/5.0 (compatible; YandexBot/3.0; +http://yandex.com/bots)"
141.8.147.12 - - [20/May/2013:22:03:43 +0200] "GET /frameset/bottom.htm HTTP/1.1" 200 244 "-" "Mozilla/5.0 (compatible; YandexBot/3.0; +http://yandex.com/bots)"
141.8.147.12 - - [20/May/2013:22:03:45 +0200] "GET /neue_seite_1.htm HTTP/1.1" 200 405 "-" "Mozilla/5.0 (compatible; YandexBot/3.0; +http://yandex.com/bots)"
141.8.147.12 - - [20/May/2013:22:03:47 +0200] "GET /frameset/top.htm HTTP/1.1" 200 244 "-" "Mozilla/5.0 (compatible; YandexBot/3.0; +http://yandex.com/bots)"
66.249.78.212 - - [21/May/2013:03:56:05 +0200] "GET /robots.txt HTTP/1.1" 404 1256 "-" "Mozilla/5.0 (compatible; Googlebot/2.1; +http://www.google.com/bot.html)"
66.249.78.212 - - [21/May/2013:03:56:05 +0200] "GET / HTTP/1.1" 200 876 "-" "Mozilla/5.0 (iPhone; U; CPU iPhone OS 4_1 like Mac OS X; en-us) AppleWebKit/532.9 (KHTML, like Gecko) Version/4.0.5 Mobile/8B117 Safari/6531.22.7 (compatible; Googlebot-Mobile/2.1; +http://www.google.com/bot.html)"
182.118.25.225 - - [22/May/2013:00:45:39 +0200] "GET / HTTP/1.1" 200 876 "http://www.die-sehnsucht.com/" "Mozilla/5.0 (Windows; U; Windows NT 5.1; zh-CN; rv:1.8.0.11) Firefox/1.5.0.11; 360Spider"
182.118.44.140 - - [22/May/2013:00:45:41 +0200] "GET / HTTP/1.1" 200 876 "-" "Mozilla/5.0 (Windows NT 6.1) AppleWebKit/535.19 (KHTML, like Gecko) Chrome/18.0.1025.168 Safari/535.19"
182.118.44.140 - - [22/May/2013:00:45:41 +0200] "GET /frameset/left.htm HTTP/1.1" 200 244 "http://www.die-sehnsucht.com/" "Mozilla/5.0 (Windows NT 6.1) AppleWebKit/535.19 (KHTML, like Gecko) Chrome/18.0.1025.168 Safari/535.19"
182.118.44.140 - - [22/May/2013:00:45:41 +0200] "GET /frameset/top.htm HTTP/1.1" 200 244 "http://www.die-sehnsucht.com/" "Mozilla/5.0 (Windows NT 6.1) AppleWebKit/535.19 (KHTML, like Gecko) Chrome/18.0.1025.168 Safari/535.19"
182.118.44.140 - - [22/May/2013:00:45:41 +0200] "GET /neue_seite_1.htm HTTP/1.1" 200 405 "http://www.die-sehnsucht.com/" "Mozilla/5.0 (Windows NT 6.1) AppleWebKit/535.19 (KHTML, like Gecko) Chrome/18.0.1025.168 Safari/535.19"
182.118.44.140 - - [22/May/2013:00:45:41 +0200] "GET /frameset/bottom.htm HTTP/1.1" 200 244 "http://www.die-sehnsucht.com/" "Mozilla/5.0 (Windows NT 6.1) AppleWebKit/535.19 (KHTML, like Gecko) Chrome/18.0.1025.168 Safari/535.19"
182.118.44.140 - - [22/May/2013:00:45:41 +0200] "GET /frameset/right.htm HTTP/1.1" 200 244 "http://www.die-sehnsucht.com/" "Mozilla/5.0 (Windows NT 6.1) AppleWebKit/535.19 (KHTML, like Gecko) Chrome/18.0.1025.168 Safari/535.19"
5.9.27.74 - - [22/May/2013:10:14:52 +0200] "GET /robots.txt HTTP/1.1" 404 1256 "-" "Mozilla/5.0 (compatible; SISTRIX Crawler; http://crawler.sistrix.net/)"
5.9.27.74 - - [22/May/2013:10:14:52 +0200] "GET / HTTP/1.1" 206 876 "-" "Mozilla/5.0 (compatible; SISTRIX Crawler; http://crawler.sistrix.net/)"
178.24.57.138 - - [22/May/2013:12:08:07 +0200] "GET /robots.txt HTTP/1.0" 404 1256 "-" "Mozilla/5.0 (compatible; MJ12bot/v1.4.3; http://www.majestic12.co.uk/bot.php?+)"
178.24.57.138 - - [22/May/2013:12:08:14 +0200] "GET / HTTP/1.0" 200 876 "-" "Mozilla/5.0 (compatible; MJ12bot/v1.4.3; http://www.majestic12.co.uk/bot.php?+)"
64.246.161.42 - - [22/May/2013:17:14:34 +0200] "GET /robots.txt HTTP/1.0" 404 1256 "-" "Mozilla/5.0 (Windows; U; Windows NT 5.1; en; rv:1.9.0.13) Gecko/2009073022 Firefox/3.5.2 (.NET CLR 3.5.30729) SurveyBot/2.3 (DomainTools)"
64.246.161.42 - - [22/May/2013:17:14:35 +0200] "GET / HTTP/1.1" 200 876 "http://whois.domaintools.com/die-sehnsucht.com" "Mozilla/5.0 (Windows; U; Windows NT 5.1; en; rv:1.9.0.13) Gecko/2009073022 Firefox/3.5.2 (.NET CLR 3.5.30729) SurveyBot/2.3 (DomainTools)"
93.132.39.162 - - [22/May/2013:19:21:50 +0200] "GET / HTTP/1.1" 200 876 "http://www.satclub-thueringen.de/wbb2/memberslist.php?letter=&order=DESC&sortby=userposts&page=21" "Mozilla/5.0 (Windows NT 6.1; WOW64; rv:20.0) Gecko/20100101 Firefox/20.0"
93.132.39.162 - - [22/May/2013:19:21:50 +0200] "GET /frameset/left.htm HTTP/1.1" 200 244 "http://www.die-sehnsucht.com/" "Mozilla/5.0 (Windows NT 6.1; WOW64; rv:20.0) Gecko/20100101 Firefox/20.0"
93.132.39.162 - - [22/May/2013:19:21:50 +0200] "GET /frameset/top.htm HTTP/1.1" 200 244 "http://www.die-sehnsucht.com/" "Mozilla/5.0 (Windows NT 6.1; WOW64; rv:20.0) Gecko/20100101 Firefox/20.0"
93.132.39.162 - - [22/May/2013:19:21:50 +0200] "GET /neue_seite_1.htm HTTP/1.1" 200 405 "http://www.die-sehnsucht.com/" "Mozilla/5.0 (Windows NT 6.1; WOW64; rv:20.0) Gecko/20100101 Firefox/20.0"
93.132.39.162 - - [22/May/2013:19:21:50 +0200] "GET /frameset/bottom.htm HTTP/1.1" 200 244 "http://www.die-sehnsucht.com/" "Mozilla/5.0 (Windows NT 6.1; WOW64; rv:20.0) Gecko/20100101 Firefox/20.0"
93.132.39.162 - - [22/May/2013:19:21:50 +0200] "GET /frameset/right.htm HTTP/1.1" 200 244 "http://www.die-sehnsucht.com/" "Mozilla/5.0 (Windows NT 6.1; WOW64; rv:20.0) Gecko/20100101 Firefox/20.0"
93.132.39.162 - - [22/May/2013:19:21:50 +0200] "GET /images/sehnsucht%20start-mit%20schrift.gif HTTP/1.1" 200 167462 "http://www.die-sehnsucht.com/neue_seite_1.htm" "Mozilla/5.0 (Windows NT 6.1; WOW64; rv:20.0) Gecko/20100101 Firefox/20.0"
93.132.39.162 - - [22/May/2013:19:21:51 +0200] "GET /favicon.ico HTTP/1.1" 404 1256 "-" "Mozilla/5.0 (Windows NT 6.1; WOW64; rv:20.0) Gecko/20100101 Firefox/20.0"
173.199.120.35 - - [22/May/2013:22:12:09 +0200] "GET / HTTP/1.1" 200 876 "-" "Mozilla/5.0 (compatible; AhrefsBot/4.0; +http://ahrefs.com/robot/)"
85.25.134.59 - - [22/May/2013:23:31:28 +0200] "GET /robots.txt HTTP/1.1" 404 1256 "http://netcomber.com" "NCBot (http://netcomber.com : tool for finding true domain owners) Queries/complaints: bot@netcomber.com"
85.25.134.59 - - [22/May/2013:23:31:29 +0200] "GET / HTTP/1.1" 200 876 "http://netcomber.com" "NCBot (http://netcomber.com : tool for finding true domain owners) Queries/complaints: bot@netcomber.com"
66.249.78.212 - - [23/May/2013:04:42:07 +0200] "GET /robots.txt HTTP/1.1" 404 1256 "-" "Mozilla/5.0 (compatible; Googlebot/2.1; +http://www.google.com/bot.html)"
66.249.78.212 - - [23/May/2013:04:42:08 +0200] "GET / HTTP/1.1" 200 876 "-" "Mozilla/5.0 (iPhone; U; CPU iPhone OS 4_1 like Mac OS X; en-us) AppleWebKit/532.9 (KHTML, like Gecko) Version/4.0.5 Mobile/8B117 Safari/6531.22.7 (compatible; Googlebot-Mobile/2.1; +http://www.google.com/bot.html)"
66.249.76.77 - - [23/May/2013:06:16:21 +0200] "GET / HTTP/1.1" 200 876 "-" "DoCoMo/2.0 N905i(c100;TB;W24H16) (compatible; Googlebot-Mobile/2.1; +http://www.google.com/bot.html)"
173.199.120.35 - - [23/May/2013:11:24:07 +0200] "GET /frameset/right.htm HTTP/1.1" 200 244 "-" "Mozilla/5.0 (compatible; AhrefsBot/4.0; +http://ahrefs.com/robot/)"
173.199.120.35 - - [23/May/2013:14:42:50 +0200] "GET /neue_seite_1.htm HTTP/1.1" 200 405 "-" "Mozilla/5.0 (compatible; AhrefsBot/4.0; +http://ahrefs.com/robot/)"
141.8.147.12 - - [23/May/2013:22:25:20 +0200] "GET /robots.txt HTTP/1.1" 404 1256 "-" "Mozilla/5.0 (compatible; YandexBot/3.0; +http://yandex.com/bots)"
157.55.33.77 - - [24/May/2013:00:12:55 +0200] "GET /robots.txt HTTP/1.1" 404 1256 "-" "Mozilla/5.0 (compatible; bingbot/2.0; +http://www.bing.com/bingbot.htm)"
157.55.33.77 - - [24/May/2013:00:14:55 +0200] "GET /neue_seite_1.htm HTTP/1.1" 200 405 "-" "Mozilla/5.0 (compatible; bingbot/2.0; +http://www.bing.com/bingbot.htm)"
157.55.33.77 - - [24/May/2013:00:14:55 +0200] "GET / HTTP/1.1" 200 876 "-" "Mozilla/5.0 (compatible; bingbot/2.0; +http://www.bing.com/bingbot.htm)"
66.249.78.212 - - [24/May/2013:03:46:42 +0200] "GET /robots.txt HTTP/1.1" 404 1256 "-" "Mozilla/5.0 (compatible; Googlebot/2.1; +http://www.google.com/bot.html)"
66.249.75.77 - - [24/May/2013:03:46:43 +0200] "GET / HTTP/1.1" 200 876 "-" "Mozilla/5.0 (iPhone; U; CPU iPhone OS 4_1 like Mac OS X; en-us) AppleWebKit/532.9 (KHTML, like Gecko) Version/4.0.5 Mobile/8B117 Safari/6531.22.7 (compatible; Googlebot-Mobile/2.1; +http://www.google.com/bot.html)"
141.8.147.12 - - [24/May/2013:06:27:51 +0200] "GET / HTTP/1.1" 200 876 "-" "Mozilla/5.0 (compatible; YandexBot/3.0; +http://yandex.com/bots)"
141.8.147.12 - - [24/May/2013:06:33:38 +0200] "GET /frameset/right.htm HTTP/1.1" 200 244 "-" "Mozilla/5.0 (compatible; YandexBot/3.0; +http://yandex.com/bots)"
141.8.147.12 - - [24/May/2013:06:34:08 +0200] "GET /frameset/top.htm HTTP/1.1" 200 244 "-" "Mozilla/5.0 (compatible; YandexBot/3.0; +http://yandex.com/bots)"
141.8.147.12 - - [24/May/2013:06:34:28 +0200] "GET /frameset/bottom.htm HTTP/1.1" 200 244 "-" "Mozilla/5.0 (compatible; YandexBot/3.0; +http://yandex.com/bots)"
141.8.147.12 - - [24/May/2013:06:34:31 +0200] "GET /frameset/left.htm HTTP/1.1" 200 244 "-" "Mozilla/5.0 (compatible; YandexBot/3.0; +http://yandex.com/bots)"
141.8.147.12 - - [24/May/2013:06:34:34 +0200] "GET /neue_seite_1.htm HTTP/1.1" 200 405 "-" "Mozilla/5.0 (compatible; YandexBot/3.0; +http://yandex.com/bots)"
173.199.120.35 - - [24/May/2013:06:39:20 +0200] "GET /frameset/left.htm HTTP/1.1" 200 244 "-" "Mozilla/5.0 (compatible; AhrefsBot/4.0; +http://ahrefs.com/robot/)"
173.199.115.51 - - [24/May/2013:10:28:15 +0200] "GET /robots.txt HTTP/1.1" 404 1256 "-" "Mozilla/5.0 (compatible; AhrefsBot/4.0; +http://ahrefs.com/robot/)"
182.118.25.244 - - [24/May/2013:17:12:08 +0200] "GET / HTTP/1.1" 200 876 "http://www.die-sehnsucht.com/" "Mozilla/5.0 (Windows; U; Windows NT 5.1; zh-CN; rv:1.8.0.11) Firefox/1.5.0.11; 360Spider"
182.118.44.81 - - [24/May/2013:17:12:14 +0200] "GET / HTTP/1.1" 200 876 "-" "Mozilla/4.0 (compatible; MSIE 8.0; Windows NT 5.1; Trident/4.0)"
182.118.44.81 - - [24/May/2013:17:12:18 +0200] "GET /frameset/left.htm HTTP/1.1" 200 244 "http://www.die-sehnsucht.com/" "Mozilla/4.0 (compatible; MSIE 8.0; Windows NT 5.1; Trident/4.0)"
182.118.44.81 - - [24/May/2013:17:12:18 +0200] "GET /frameset/top.htm HTTP/1.1" 200 244 "http://www.die-sehnsucht.com/" "Mozilla/4.0 (compatible; MSIE 8.0; Windows NT 5.1; Trident/4.0)"
182.118.44.81 - - [24/May/2013:17:12:18 +0200] "GET /neue_seite_1.htm HTTP/1.1" 200 405 "http://www.die-sehnsucht.com/" "Mozilla/4.0 (compatible; MSIE 8.0; Windows NT 5.1; Trident/4.0)"
182.118.44.81 - - [24/May/2013:17:12:18 +0200] "GET /frameset/bottom.htm HTTP/1.1" 200 244 "http://www.die-sehnsucht.com/" "Mozilla/4.0 (compatible; MSIE 8.0; Windows NT 5.1; Trident/4.0)"
182.118.44.81 - - [24/May/2013:17:12:18 +0200] "GET /frameset/right.htm HTTP/1.1" 200 244 "http://www.die-sehnsucht.com/" "Mozilla/4.0 (compatible; MSIE 8.0; Windows NT 5.1; Trident/4.0)"
66.249.78.212 - - [25/May/2013:03:55:08 +0200] "GET /robots.txt HTTP/1.1" 404 1256 "-" "Mozilla/5.0 (compatible; Googlebot/2.1; +http://www.google.com/bot.html)"
66.249.78.212 - - [25/May/2013:03:55:08 +0200] "GET / HTTP/1.1" 200 876 "-" "Mozilla/5.0 (iPhone; U; CPU iPhone OS 4_1 like Mac OS X; en-us) AppleWebKit/532.9 (KHTML, like Gecko) Version/4.0.5 Mobile/8B117 Safari/6531.22.7 (compatible; Googlebot-Mobile/2.1; +http://www.google.com/bot.html)"
54.226.48.147 - - [25/May/2013:06:41:32 +0200] "HEAD /wp-login.php HTTP/1.1" 404 - "-" "Googlebot/2.1 (+http://www.googlebot.com/bot.html)"
182.118.22.210 - - [25/May/2013:11:59:10 +0200] "GET /robots.txt HTTP/1.1" 404 1256 "http://www.die-sehnsucht.com/robots.txt" "Mozilla/5.0 (Windows; U; Windows NT 5.1; zh-CN; rv:1.8.0.11) Firefox/1.5.0.11; 360Spider"
66.249.78.212 - - [25/May/2013:13:36:41 +0200] "GET /robots.txt HTTP/1.1" 404 1256 "-" "Mozilla/5.0 (compatible; Googlebot/2.1; +http://www.google.com/bot.html)"
66.249.78.212 - - [25/May/2013:13:36:41 +0200] "GET /frameset/top.htm HTTP/1.1" 200 244 "-" "Mozilla/5.0 (compatible; Googlebot/2.1; +http://www.google.com/bot.html)"
173.199.119.35 - - [26/May/2013:06:54:58 +0200] "GET /frameset/bottom.htm HTTP/1.1" 200 244 "-" "Mozilla/5.0 (compatible; AhrefsBot/4.0; +http://ahrefs.com/robot/)"
173.199.119.35 - - [26/May/2013:13:47:43 +0200] "GET / HTTP/1.1" 200 876 "-" "Mozilla/5.0 (compatible; AhrefsBot/4.0; +http://ahrefs.com/robot/)"
173.199.119.35 - - [27/May/2013:03:21:15 +0200] "GET /frameset/left.htm HTTP/1.1" 200 244 "-" "Mozilla/5.0 (compatible; AhrefsBot/4.0; +http://ahrefs.com/robot/)"
66.249.78.212 - - [27/May/2013:04:15:27 +0200] "GET /robots.txt HTTP/1.1" 404 1256 "-" "Mozilla/5.0 (compatible; Googlebot/2.1; +http://www.google.com/bot.html)"
66.249.78.212 - - [27/May/2013:04:15:27 +0200] "GET / HTTP/1.1" 200 876 "-" "Mozilla/5.0 (iPhone; U; CPU iPhone OS 4_1 like Mac OS X; en-us) AppleWebKit/532.9 (KHTML, like Gecko) Version/4.0.5 Mobile/8B117 Safari/6531.22.7 (compatible; Googlebot-Mobile/2.1; +http://www.google.com/bot.html)"
173.199.119.35 - - [27/May/2013:08:18:35 +0200] "GET /frameset/right.htm HTTP/1.1" 200 244 "-" "Mozilla/5.0 (compatible; AhrefsBot/4.0; +http://ahrefs.com/robot/)"
157.56.93.204 - - [27/May/2013:20:35:58 +0200] "GET /robots.txt HTTP/1.1" 404 1256 "-" "Mozilla/5.0 (compatible; bingbot/2.0; +http://www.bing.com/bingbot.htm)"
157.56.93.204 - - [27/May/2013:20:36:29 +0200] "GET /frameset/bottom.htm HTTP/1.1" 200 244 "-" "Mozilla/5.0 (compatible; bingbot/2.0; +http://www.bing.com/bingbot.htm)"
157.56.93.93 - - [27/May/2013:20:36:31 +0200] "GET /frameset/left.htm HTTP/1.1" 200 244 "-" "Mozilla/5.0 (compatible; bingbot/2.0; +http://www.bing.com/bingbot.htm)"
157.56.93.93 - - [27/May/2013:21:14:01 +0200] "GET /frameset/left.htm HTTP/1.1" 200 244 "-" "Mozilla/5.0 (compatible; bingbot/2.0; +http://www.bing.com/bingbot.htm)"
157.56.93.204 - - [27/May/2013:21:14:03 +0200] "GET /frameset/bottom.htm HTTP/1.1" 200 244 "-" "Mozilla/5.0 (compatible; bingbot/2.0; +http://www.bing.com/bingbot.htm)"
182.118.20.207 - - [27/May/2013:21:19:55 +0200] "GET / HTTP/1.1" 200 876 "http://www.die-sehnsucht.com/" "Mozilla/5.0 (Windows; U; Windows NT 5.1; zh-CN; rv:1.8.0.11) Firefox/1.5.0.11; 360Spider"
