88.217.117.18 - - [27/Mar/2013:00:10:36 +0100] "GET /img/lay05.gif HTTP/1.1" 200 331 "http://www.dr-heidi-fleischer.de/impressum.php" "Mozilla/5.0 (Windows NT 6.2; WOW64; rv:19.0) Gecko/20100101 Firefox/19.0"
88.217.117.18 - - [27/Mar/2013:00:10:36 +0100] "GET /img/left_bg2.gif HTTP/1.1" 200 176 "http://www.dr-heidi-fleischer.de/impressum.php" "Mozilla/5.0 (Windows NT 6.2; WOW64; rv:19.0) Gecko/20100101 Firefox/19.0"
88.217.117.18 - - [27/Mar/2013:00:10:36 +0100] "GET /img/hg_zahn2.gif HTTP/1.1" 200 20816 "http://www.dr-heidi-fleischer.de/impressum.php" "Mozilla/5.0 (Windows NT 6.2; WOW64; rv:19.0) Gecko/20100101 Firefox/19.0"
88.217.117.18 - - [27/Mar/2013:00:10:36 +0100] "GET /img/right_bg.gif HTTP/1.1" 200 76 "http://www.dr-heidi-fleischer.de/impressum.php" "Mozilla/5.0 (Windows NT 6.2; WOW64; rv:19.0) Gecko/20100101 Firefox/19.0"
88.217.117.18 - - [27/Mar/2013:00:10:36 +0100] "GET /img/left_bg.gif HTTP/1.1" 200 98 "http://www.dr-heidi-fleischer.de/impressum.php" "Mozilla/5.0 (Windows NT 6.2; WOW64; rv:19.0) Gecko/20100101 Firefox/19.0"
88.217.117.18 - - [27/Mar/2013:00:10:36 +0100] "GET /img/lay10.gif HTTP/1.1" 200 252 "http://www.dr-heidi-fleischer.de/impressum.php" "Mozilla/5.0 (Windows NT 6.2; WOW64; rv:19.0) Gecko/20100101 Firefox/19.0"
88.217.117.18 - - [27/Mar/2013:00:10:36 +0100] "GET /img/bottom_bg.gif HTTP/1.1" 200 79 "http://www.dr-heidi-fleischer.de/impressum.php" "Mozilla/5.0 (Windows NT 6.2; WOW64; rv:19.0) Gecko/20100101 Firefox/19.0"
88.217.117.18 - - [27/Mar/2013:00:10:36 +0100] "GET /img/header_neu.gif HTTP/1.1" 200 32567 "http://www.dr-heidi-fleischer.de/css/fl_style.css" "Mozilla/5.0 (Windows NT 6.2; WOW64; rv:19.0) Gecko/20100101 Firefox/19.0"
88.217.117.18 - - [27/Mar/2013:00:10:48 +0100] "GET / HTTP/1.1" 200 9626 "-" "Mozilla/5.0 (Windows NT 6.2; WOW64; rv:19.0) Gecko/20100101 Firefox/19.0"
88.217.117.18 - - [27/Mar/2013:00:10:48 +0100] "GET /img/zert_1.jpg HTTP/1.1" 200 6013 "http://www.dr-heidi-fleischer.de/" "Mozilla/5.0 (Windows NT 6.2; WOW64; rv:19.0) Gecko/20100101 Firefox/19.0"
88.217.117.18 - - [27/Mar/2013:00:10:48 +0100] "GET /img/right_bg.jpg HTTP/1.1" 404 1256 "http://www.dr-heidi-fleischer.de/" "Mozilla/5.0 (Windows NT 6.2; WOW64; rv:19.0) Gecko/20100101 Firefox/19.0"
88.217.117.18 - - [27/Mar/2013:00:10:48 +0100] "GET /img/dr_fleischer_ani.gif HTTP/1.1" 200 854042 "http://www.dr-heidi-fleischer.de/" "Mozilla/5.0 (Windows NT 6.2; WOW64; rv:19.0) Gecko/20100101 Firefox/19.0"
88.217.117.18 - - [27/Mar/2013:00:11:51 +0100] "GET /praxis.php HTTP/1.1" 200 7017 "http://www.dr-heidi-fleischer.de/" "Mozilla/5.0 (Windows NT 6.2; WOW64; rv:19.0) Gecko/20100101 Firefox/19.0"
88.217.117.18 - - [27/Mar/2013:00:11:51 +0100] "GET /img/praxis_1.jpg HTTP/1.1" 200 39868 "http://www.dr-heidi-fleischer.de/praxis.php" "Mozilla/5.0 (Windows NT 6.2; WOW64; rv:19.0) Gecko/20100101 Firefox/19.0"
88.217.117.18 - - [27/Mar/2013:00:11:51 +0100] "GET /img/praxis_2.jpg HTTP/1.1" 200 30574 "http://www.dr-heidi-fleischer.de/praxis.php" "Mozilla/5.0 (Windows NT 6.2; WOW64; rv:19.0) Gecko/20100101 Firefox/19.0"
88.217.117.18 - - [27/Mar/2013:00:11:51 +0100] "GET /img/right_bg.jpg HTTP/1.1" 404 1256 "http://www.dr-heidi-fleischer.de/praxis.php" "Mozilla/5.0 (Windows NT 6.2; WOW64; rv:19.0) Gecko/20100101 Firefox/19.0"
88.217.117.18 - - [27/Mar/2013:00:11:51 +0100] "GET /img/praxis_3.jpg HTTP/1.1" 200 36951 "http://www.dr-heidi-fleischer.de/praxis.php" "Mozilla/5.0 (Windows NT 6.2; WOW64; rv:19.0) Gecko/20100101 Firefox/19.0"
88.217.117.18 - - [27/Mar/2013:00:12:04 +0100] "GET /leistungen.php HTTP/1.1" 200 8056 "http://www.dr-heidi-fleischer.de/praxis.php" "Mozilla/5.0 (Windows NT 6.2; WOW64; rv:19.0) Gecko/20100101 Firefox/19.0"
88.217.117.18 - - [27/Mar/2013:00:12:05 +0100] "GET /img/leistungen_1.jpg HTTP/1.1" 200 15190 "http://www.dr-heidi-fleischer.de/leistungen.php" "Mozilla/5.0 (Windows NT 6.2; WOW64; rv:19.0) Gecko/20100101 Firefox/19.0"
88.217.117.18 - - [27/Mar/2013:00:12:05 +0100] "GET /img/leistungen_2.jpg HTTP/1.1" 200 13824 "http://www.dr-heidi-fleischer.de/leistungen.php" "Mozilla/5.0 (Windows NT 6.2; WOW64; rv:19.0) Gecko/20100101 Firefox/19.0"
150.70.172.106 - - [27/Mar/2013:00:12:20 +0100] "GET /img/favicon.ico HTTP/1.0" 200 5430 "-" "Mozilla/4.0 (compatible; MSIE 6.0; Windows NT 5.1)"
150.70.172.106 - - [27/Mar/2013:00:12:21 +0100] "GET /scripte/all_scripts.js HTTP/1.0" 200 249 "-" "Mozilla/4.0 (compatible; MSIE 6.0; Windows NT 5.1)"
150.70.172.125 - - [27/Mar/2013:00:12:41 +0100] "GET /impressum.php HTTP/1.0" 200 8293 "-" "Mozilla/4.0 (compatible; MSIE 6.0; Windows NT 5.1)"
88.217.117.18 - - [27/Mar/2013:00:12:59 +0100] "GET /spez_leistungen.php HTTP/1.1" 200 7752 "http://www.dr-heidi-fleischer.de/leistungen.php" "Mozilla/5.0 (Windows NT 6.2; WOW64; rv:19.0) Gecko/20100101 Firefox/19.0"
88.217.117.18 - - [27/Mar/2013:00:13:00 +0100] "GET /img/spez_leistungen_1.jpg HTTP/1.1" 200 18858 "http://www.dr-heidi-fleischer.de/spez_leistungen.php" "Mozilla/5.0 (Windows NT 6.2; WOW64; rv:19.0) Gecko/20100101 Firefox/19.0"
150.70.172.201 - - [27/Mar/2013:00:16:25 +0100] "GET / HTTP/1.0" 200 9626 "-" "Mozilla/4.0 (compatible; MSIE 6.0; Windows NT 5.1)"
37.140.141.34 - - [27/Mar/2013:05:01:28 +0100] "GET /robots.txt HTTP/1.1" 200 218 "-" "Mozilla/5.0 (compatible; YandexImages/3.0; +http://yandex.com/bots)"
199.30.16.20 - - [27/Mar/2013:11:11:30 +0100] "GET /robots.txt HTTP/1.1" 200 218 "-" "msnbot-media/1.1 (+http://search.msn.com/msnbot.htm)"
199.30.16.20 - - [27/Mar/2013:11:11:31 +0100] "GET /img/zert_1.jpg HTTP/1.1" 200 6013 "-" "msnbot-media/1.1 (+http://search.msn.com/msnbot.htm)"
66.249.76.176 - - [27/Mar/2013:14:56:34 +0100] "GET /anfahrt.php HTTP/1.1" 200 8074 "-" "SAMSUNG-SGH-E250/1.0 Profile/MIDP-2.0 Configuration/CLDC-1.1 UP.Browser/6.2.3.3.c.1.101 (GUI) MMP/2.0 (compatible; Googlebot-Mobile/2.1; +http://www.google.com/bot.html)"
141.8.147.12 - - [27/Mar/2013:16:14:52 +0100] "GET /robots.txt HTTP/1.1" 200 218 "-" "Mozilla/5.0 (compatible; YandexBot/3.0; +http://yandex.com/bots)"
141.8.147.12 - - [27/Mar/2013:16:15:23 +0100] "GET /robots.txt HTTP/1.1" 200 218 "-" "Mozilla/5.0 (compatible; YandexBot/3.0; +http://yandex.com/bots)"
141.8.147.12 - - [27/Mar/2013:16:15:24 +0100] "GET / HTTP/1.1" 200 9626 "-" "Mozilla/5.0 (compatible; YandexBot/3.0; +http://yandex.com/bots)"
141.8.147.12 - - [27/Mar/2013:16:15:25 +0100] "GET / HTTP/1.1" 200 9626 "-" "Mozilla/5.0 (compatible; YandexBot/3.0; MirrorDetector; +http://yandex.com/bots)"
141.8.147.12 - - [27/Mar/2013:16:15:26 +0100] "GET / HTTP/1.1" 200 9626 "-" "Mozilla/5.0 (compatible; YandexBot/3.0; MirrorDetector; +http://yandex.com/bots)"
141.8.147.12 - - [27/Mar/2013:16:15:28 +0100] "GET / HTTP/1.1" 200 9626 "-" "Mozilla/5.0 (compatible; YandexBot/3.0; MirrorDetector; +http://yandex.com/bots)"
141.8.147.12 - - [27/Mar/2013:16:15:31 +0100] "GET / HTTP/1.1" 200 9626 "-" "Mozilla/5.0 (compatible; YandexBot/3.0; MirrorDetector; +http://yandex.com/bots)"
182.118.20.232 - - [27/Mar/2013:18:29:24 +0100] "GET / HTTP/1.1" 200 9626 "http://www.dr-heidi-fleischer.de/" "Mozilla/5.0 (Windows; U; Windows NT 5.1; zh-CN; rv:1.8.0.11) Firefox/1.5.0.11; 360Spider"
157.56.229.190 - - [27/Mar/2013:19:23:20 +0100] "GET /robots.txt HTTP/1.1" 200 218 "-" "Mozilla/5.0 (compatible; bingbot/2.0; +http://www.bing.com/bingbot.htm)"
157.56.229.190 - - [27/Mar/2013:19:25:58 +0100] "GET / HTTP/1.1" 200 9626 "-" "Mozilla/5.0 (compatible; bingbot/2.0; +http://www.bing.com/bingbot.htm)"
65.55.215.105 - - [27/Mar/2013:21:35:24 +0100] "GET /robots.txt HTTP/1.1" 200 218 "-" "msnbot-media/1.1 (+http://search.msn.com/msnbot.htm)"
65.55.215.105 - - [27/Mar/2013:21:35:25 +0100] "GET /img/praxis_2.jpg HTTP/1.1" 200 30574 "-" "msnbot-media/1.1 (+http://search.msn.com/msnbot.htm)"
66.249.76.176 - - [27/Mar/2013:22:51:51 +0100] "GET /robots.txt HTTP/1.1" 200 218 "-" "Mozilla/5.0 (compatible; Googlebot/2.1; +http://www.google.com/bot.html)"
66.249.76.176 - - [27/Mar/2013:22:51:51 +0100] "GET /impressum.php HTTP/1.1" 200 8293 "-" "Mozilla/5.0 (iPhone; U; CPU iPhone OS 4_1 like Mac OS X; en-us) AppleWebKit/532.9 (KHTML, like Gecko) Version/4.0.5 Mobile/8B117 Safari/6531.22.7 (compatible; Googlebot-Mobile/2.1; +http://www.google.com/bot.html)"
199.30.20.15 - - [28/Mar/2013:01:22:57 +0100] "GET /robots.txt HTTP/1.1" 200 218 "-" "msnbot-media/1.1 (+http://search.msn.com/msnbot.htm)"
199.30.20.15 - - [28/Mar/2013:01:22:57 +0100] "GET /img/zert_1.jpg HTTP/1.1" 200 6013 "-" "msnbot-media/1.1 (+http://search.msn.com/msnbot.htm)"
208.115.111.66 - - [28/Mar/2013:01:29:16 +0100] "GET /robots.txt HTTP/1.1" 200 218 "-" "Mozilla/5.0 (compatible; Ezooms/1.0; ezooms.bot@gmail.com)"
65.55.215.108 - - [28/Mar/2013:02:16:36 +0100] "GET /robots.txt HTTP/1.1" 200 218 "-" "msnbot-media/1.1 (+http://search.msn.com/msnbot.htm)"
65.55.215.108 - - [28/Mar/2013:02:16:37 +0100] "GET /img/spez_leistungen_2.jpg HTTP/1.1" 200 13667 "-" "msnbot-media/1.1 (+http://search.msn.com/msnbot.htm)"
208.115.113.83 - - [28/Mar/2013:03:25:18 +0100] "GET /robots.txt HTTP/1.1" 200 218 "-" "Mozilla/5.0 (compatible; Ezooms/1.0; ezooms.bot@gmail.com)"
208.115.111.66 - - [28/Mar/2013:03:25:32 +0100] "GET /praxis.php HTTP/1.1" 200 7017 "-" "Mozilla/5.0 (compatible; Ezooms/1.0; ezooms.bot@gmail.com)"
66.249.76.176 - - [28/Mar/2013:04:11:09 +0100] "GET / HTTP/1.1" 200 9626 "-" "Mozilla/5.0 (compatible; Googlebot/2.1; +http://www.google.com/bot.html)"
208.115.113.83 - - [28/Mar/2013:05:37:51 +0100] "GET /kont.php HTTP/1.1" 200 8494 "-" "Mozilla/5.0 (compatible; Ezooms/1.0; ezooms.bot@gmail.com)"
173.199.120.35 - - [28/Mar/2013:08:45:11 +0100] "GET /leistungen.php HTTP/1.1" 200 8056 "-" "Mozilla/5.0 (compatible; AhrefsBot/4.0; +http://ahrefs.com/robot/)"
173.199.120.35 - - [28/Mar/2013:09:49:43 +0100] "GET /index.php HTTP/1.1" 200 9626 "-" "Mozilla/5.0 (compatible; AhrefsBot/4.0; +http://ahrefs.com/robot/)"
188.105.224.16 - - [28/Mar/2013:11:06:28 +0100] "GET /impressum.php HTTP/1.1" 200 8293 "http://www.google.de/search?hl=de&site=&source=hp&ei=nhRUUfPkLYLKswa53YDQBQ&q=zahnarzt+juvenellstra%C3%9Fe&oq=zahnarzt+juvenellstra%C3%9Fe&gs_l=mobile-gws-hp.12...2676.15477.0.16648.26.22.0.4.4.0.211.2292.12j8j1.21.0...0.0...1c.1.7.mobile-gws-hp.BskeSRUw0Wg&rlz=1Y1XIUG_deDE521DE521" "Mozilla/5.0 (Linux; U; Android 4.1.2; de-de; GT-I9300 Build/JZO54K) AppleWebKit/534.30 (KHTML, like Gecko) Version/4.0 Mobile Safari/534.30"
188.105.224.16 - - [28/Mar/2013:11:06:28 +0100] "GET /css/fl_style.css HTTP/1.1" 200 10194 "http://www.dr-heidi-fleischer.de/impressum.php" "Mozilla/5.0 (Linux; U; Android 4.1.2; de-de; GT-I9300 Build/JZO54K) AppleWebKit/534.30 (KHTML, like Gecko) Version/4.0 Mobile Safari/534.30"
188.105.224.16 - - [28/Mar/2013:11:06:28 +0100] "GET /scripte/all_scripts.js HTTP/1.1" 200 249 "http://www.dr-heidi-fleischer.de/impressum.php" "Mozilla/5.0 (Linux; U; Android 4.1.2; de-de; GT-I9300 Build/JZO54K) AppleWebKit/534.30 (KHTML, like Gecko) Version/4.0 Mobile Safari/534.30"
188.105.224.16 - - [28/Mar/2013:11:06:28 +0100] "GET /img/hg_body.jpg HTTP/1.1" 200 2615 "http://www.dr-heidi-fleischer.de/impressum.php" "Mozilla/5.0 (Linux; U; Android 4.1.2; de-de; GT-I9300 Build/JZO54K) AppleWebKit/534.30 (KHTML, like Gecko) Version/4.0 Mobile Safari/534.30"
188.105.224.16 - - [28/Mar/2013:11:06:28 +0100] "GET /img/lay01.gif HTTP/1.1" 200 273 "http://www.dr-heidi-fleischer.de/impressum.php" "Mozilla/5.0 (Linux; U; Android 4.1.2; de-de; GT-I9300 Build/JZO54K) AppleWebKit/534.30 (KHTML, like Gecko) Version/4.0 Mobile Safari/534.30"
188.105.224.16 - - [28/Mar/2013:11:06:28 +0100] "GET /img/lay03.gif HTTP/1.1" 200 1060 "http://www.dr-heidi-fleischer.de/impressum.php" "Mozilla/5.0 (Linux; U; Android 4.1.2; de-de; GT-I9300 Build/JZO54K) AppleWebKit/534.30 (KHTML, like Gecko) Version/4.0 Mobile Safari/534.30"
188.105.224.16 - - [28/Mar/2013:11:06:28 +0100] "GET /img/lay02.gif HTTP/1.1" 200 68 "http://www.dr-heidi-fleischer.de/impressum.php" "Mozilla/5.0 (Linux; U; Android 4.1.2; de-de; GT-I9300 Build/JZO54K) AppleWebKit/534.30 (KHTML, like Gecko) Version/4.0 Mobile Safari/534.30"
188.105.224.16 - - [28/Mar/2013:11:06:28 +0100] "GET /img/f_1-p.gif HTTP/1.1" 200 43 "http://www.dr-heidi-fleischer.de/impressum.php" "Mozilla/5.0 (Linux; U; Android 4.1.2; de-de; GT-I9300 Build/JZO54K) AppleWebKit/534.30 (KHTML, like Gecko) Version/4.0 Mobile Safari/534.30"
188.105.224.16 - - [28/Mar/2013:11:06:28 +0100] "GET /img/lay04.gif HTTP/1.1" 200 68 "http://www.dr-heidi-fleischer.de/impressum.php" "Mozilla/5.0 (Linux; U; Android 4.1.2; de-de; GT-I9300 Build/JZO54K) AppleWebKit/534.30 (KHTML, like Gecko) Version/4.0 Mobile Safari/534.30"
188.105.224.16 - - [28/Mar/2013:11:06:28 +0100] "GET /img/tel_footer.gif HTTP/1.1" 200 1051 "http://www.dr-heidi-fleischer.de/impressum.php" "Mozilla/5.0 (Linux; U; Android 4.1.2; de-de; GT-I9300 Build/JZO54K) AppleWebKit/534.30 (KHTML, like Gecko) Version/4.0 Mobile Safari/534.30"
188.105.224.16 - - [28/Mar/2013:11:06:28 +0100] "GET /img/lay05.gif HTTP/1.1" 200 331 "http://www.dr-heidi-fleischer.de/impressum.php" "Mozilla/5.0 (Linux; U; Android 4.1.2; de-de; GT-I9300 Build/JZO54K) AppleWebKit/534.30 (KHTML, like Gecko) Version/4.0 Mobile Safari/534.30"
188.105.224.16 - - [28/Mar/2013:11:06:28 +0100] "GET /img/lay06neu.gif HTTP/1.1" 200 583 "http://www.dr-heidi-fleischer.de/impressum.php" "Mozilla/5.0 (Linux; U; Android 4.1.2; de-de; GT-I9300 Build/JZO54K) AppleWebKit/534.30 (KHTML, like Gecko) Version/4.0 Mobile Safari/534.30"
188.105.224.16 - - [28/Mar/2013:11:06:28 +0100] "GET /img/left_bg2.gif HTTP/1.1" 200 176 "http://www.dr-heidi-fleischer.de/impressum.php" "Mozilla/5.0 (Linux; U; Android 4.1.2; de-de; GT-I9300 Build/JZO54K) AppleWebKit/534.30 (KHTML, like Gecko) Version/4.0 Mobile Safari/534.30"
188.105.224.16 - - [28/Mar/2013:11:06:28 +0100] "GET /img/lay07.gif HTTP/1.1" 200 453 "http://www.dr-heidi-fleischer.de/impressum.php" "Mozilla/5.0 (Linux; U; Android 4.1.2; de-de; GT-I9300 Build/JZO54K) AppleWebKit/534.30 (KHTML, like Gecko) Version/4.0 Mobile Safari/534.30"
188.105.224.16 - - [28/Mar/2013:11:06:28 +0100] "GET /img/lay09.gif HTTP/1.1" 200 135 "http://www.dr-heidi-fleischer.de/impressum.php" "Mozilla/5.0 (Linux; U; Android 4.1.2; de-de; GT-I9300 Build/JZO54K) AppleWebKit/534.30 (KHTML, like Gecko) Version/4.0 Mobile Safari/534.30"
188.105.224.16 - - [28/Mar/2013:11:06:28 +0100] "GET /img/lay10.gif HTTP/1.1" 200 252 "http://www.dr-heidi-fleischer.de/impressum.php" "Mozilla/5.0 (Linux; U; Android 4.1.2; de-de; GT-I9300 Build/JZO54K) AppleWebKit/534.30 (KHTML, like Gecko) Version/4.0 Mobile Safari/534.30"
188.105.224.16 - - [28/Mar/2013:11:06:29 +0100] "GET /img/bottom_bg.gif HTTP/1.1" 200 79 "http://www.dr-heidi-fleischer.de/impressum.php" "Mozilla/5.0 (Linux; U; Android 4.1.2; de-de; GT-I9300 Build/JZO54K) AppleWebKit/534.30 (KHTML, like Gecko) Version/4.0 Mobile Safari/534.30"
188.105.224.16 - - [28/Mar/2013:11:06:29 +0100] "GET /img/lay13.gif HTTP/1.1" 200 181 "http://www.dr-heidi-fleischer.de/impressum.php" "Mozilla/5.0 (Linux; U; Android 4.1.2; de-de; GT-I9300 Build/JZO54K) AppleWebKit/534.30 (KHTML, like Gecko) Version/4.0 Mobile Safari/534.30"
188.105.224.16 - - [28/Mar/2013:11:06:29 +0100] "GET /img/lay14.gif HTTP/1.1" 200 104 "http://www.dr-heidi-fleischer.de/impressum.php" "Mozilla/5.0 (Linux; U; Android 4.1.2; de-de; GT-I9300 Build/JZO54K) AppleWebKit/534.30 (KHTML, like Gecko) Version/4.0 Mobile Safari/534.30"
188.105.224.16 - - [28/Mar/2013:11:06:28 +0100] "GET /img/header_neu.gif HTTP/1.1" 200 32567 "http://www.dr-heidi-fleischer.de/impressum.php" "Mozilla/5.0 (Linux; U; Android 4.1.2; de-de; GT-I9300 Build/JZO54K) AppleWebKit/534.30 (KHTML, like Gecko) Version/4.0 Mobile Safari/534.30"
188.105.224.16 - - [28/Mar/2013:11:06:29 +0100] "GET /img/zert_1gross.jpg HTTP/1.1" 200 22004 "http://www.dr-heidi-fleischer.de/impressum.php" "Mozilla/5.0 (Linux; U; Android 4.1.2; de-de; GT-I9300 Build/JZO54K) AppleWebKit/534.30 (KHTML, like Gecko) Version/4.0 Mobile Safari/534.30"
188.105.224.16 - - [28/Mar/2013:11:06:29 +0100] "GET /img/hg_zahn2.gif HTTP/1.1" 200 20816 "http://www.dr-heidi-fleischer.de/impressum.php" "Mozilla/5.0 (Linux; U; Android 4.1.2; de-de; GT-I9300 Build/JZO54K) AppleWebKit/534.30 (KHTML, like Gecko) Version/4.0 Mobile Safari/534.30"
188.105.224.16 - - [28/Mar/2013:11:06:30 +0100] "GET /img/spez_leistungen_2.jpg HTTP/1.1" 200 13667 "http://www.dr-heidi-fleischer.de/impressum.php" "Mozilla/5.0 (Linux; U; Android 4.1.2; de-de; GT-I9300 Build/JZO54K) AppleWebKit/534.30 (KHTML, like Gecko) Version/4.0 Mobile Safari/534.30"
188.105.224.16 - - [28/Mar/2013:11:06:30 +0100] "GET /img/roll_trans.gif HTTP/1.1" 200 609 "http://www.dr-heidi-fleischer.de/impressum.php" "Mozilla/5.0 (Linux; U; Android 4.1.2; de-de; GT-I9300 Build/JZO54K) AppleWebKit/534.30 (KHTML, like Gecko) Version/4.0 Mobile Safari/534.30"
188.105.224.16 - - [28/Mar/2013:11:06:31 +0100] "GET /img/roll_trans2.gif HTTP/1.1" 200 609 "http://www.dr-heidi-fleischer.de/impressum.php" "Mozilla/5.0 (Linux; U; Android 4.1.2; de-de; GT-I9300 Build/JZO54K) AppleWebKit/534.30 (KHTML, like Gecko) Version/4.0 Mobile Safari/534.30"
188.105.224.16 - - [28/Mar/2013:11:06:31 +0100] "GET /img/right_bg.gif HTTP/1.1" 200 76 "http://www.dr-heidi-fleischer.de/impressum.php" "Mozilla/5.0 (Linux; U; Android 4.1.2; de-de; GT-I9300 Build/JZO54K) AppleWebKit/534.30 (KHTML, like Gecko) Version/4.0 Mobile Safari/534.30"
188.105.224.16 - - [28/Mar/2013:11:06:31 +0100] "GET /img/lay16.gif HTTP/1.1" 200 309 "http://www.dr-heidi-fleischer.de/impressum.php" "Mozilla/5.0 (Linux; U; Android 4.1.2; de-de; GT-I9300 Build/JZO54K) AppleWebKit/534.30 (KHTML, like Gecko) Version/4.0 Mobile Safari/534.30"
188.105.224.16 - - [28/Mar/2013:11:06:31 +0100] "GET /img/left_bg.gif HTTP/1.1" 200 98 "http://www.dr-heidi-fleischer.de/impressum.php" "Mozilla/5.0 (Linux; U; Android 4.1.2; de-de; GT-I9300 Build/JZO54K) AppleWebKit/534.30 (KHTML, like Gecko) Version/4.0 Mobile Safari/534.30"
188.105.224.16 - - [28/Mar/2013:11:06:32 +0100] "GET /img/lay08.gif HTTP/1.1" 200 534 "http://www.dr-heidi-fleischer.de/impressum.php" "Mozilla/5.0 (Linux; U; Android 4.1.2; de-de; GT-I9300 Build/JZO54K) AppleWebKit/534.30 (KHTML, like Gecko) Version/4.0 Mobile Safari/534.30"
188.105.224.16 - - [28/Mar/2013:11:06:32 +0100] "GET /img/animated_favicon1.gif HTTP/1.1" 200 1808 "http://www.dr-heidi-fleischer.de/impressum.php" "Mozilla/5.0 (Linux; U; Android 4.1.2; de-de; GT-I9300 Build/JZO54K) AppleWebKit/534.30 (KHTML, like Gecko) Version/4.0 Mobile Safari/534.30"
188.105.224.16 - - [28/Mar/2013:11:22:56 +0100] "GET /impressum.php HTTP/1.1" 200 8293 "-" "Mozilla/5.0 (Linux; U; Android 4.1.2; de-de; GT-I9300 Build/JZO54K) AppleWebKit/534.30 (KHTML, like Gecko) Version/4.0 Mobile Safari/534.30"
173.199.120.35 - - [28/Mar/2013:11:47:16 +0100] "GET /anfahrt.php HTTP/1.1" 200 8074 "-" "Mozilla/5.0 (compatible; AhrefsBot/4.0; +http://ahrefs.com/robot/)"
173.199.120.35 - - [28/Mar/2013:13:13:33 +0100] "GET /impressum.php HTTP/1.1" 200 8293 "-" "Mozilla/5.0 (compatible; AhrefsBot/4.0; +http://ahrefs.com/robot/)"
84.86.138.251 - - [28/Mar/2013:14:04:41 +0100] "GET / HTTP/1.1" 200 9626 "-" "Java/1.7.0_17"
84.86.138.251 - - [28/Mar/2013:14:04:41 +0100] "GET /anfahrt.php HTTP/1.1" 200 8074 "-" "Java/1.7.0_17"
84.86.138.251 - - [28/Mar/2013:14:04:41 +0100] "GET /datenschutz.php HTTP/1.1" 404 1256 "-" "Java/1.7.0_17"
84.86.138.251 - - [28/Mar/2013:14:04:42 +0100] "GET /impressum.php HTTP/1.1" 200 8293 "-" "Java/1.7.0_17"
84.86.138.251 - - [28/Mar/2013:14:04:42 +0100] "GET /index.php HTTP/1.1" 200 9626 "-" "Java/1.7.0_17"
84.86.138.251 - - [28/Mar/2013:14:04:42 +0100] "GET /kont.php HTTP/1.1" 200 8494 "-" "Java/1.7.0_17"
84.86.138.251 - - [28/Mar/2013:14:04:42 +0100] "GET /leistungen.php HTTP/1.1" 200 8056 "-" "Java/1.7.0_17"
84.86.138.251 - - [28/Mar/2013:14:04:43 +0100] "GET /praxis.php HTTP/1.1" 200 7017 "-" "Java/1.7.0_17"
84.86.138.251 - - [28/Mar/2013:14:04:43 +0100] "GET /spez_leistungen.php HTTP/1.1" 200 7752 "-" "Java/1.7.0_17"
84.86.138.251 - - [28/Mar/2013:14:04:43 +0100] "GET /scripte/all_scripts.js HTTP/1.1" 200 249 "-" "Java/1.7.0_17"
88.64.225.248 - - [28/Mar/2013:14:34:42 +0100] "GET / HTTP/1.1" 200 9626 "http://www.google.de/url?sa=t&rct=j&q=dr.fleischer&source=web&cd=5&sqi=2&ved=0CEQQFjAE&url=http%3A%2F%2Fwww.dr-heidi-fleischer.de%2F&ei=xUZUUarYBIeF4gSO_YD4Cg&usg=AFQjCNFtUEW4ruGRBkbh9xWO3kO7xPGlWQ&bvm=bv.44342787,d.Yms" "Mozilla/4.0 (compatible; MSIE 8.0; Windows NT 5.1; Trident/4.0; Mozilla/4.0 (compatible; MSIE 6.0; Windows NT 5.1; SV1) ; .NET CLR 1.1.4322; OfficeLiveConnector.1.3; OfficeLivePatch.0.0)"
88.64.225.248 - - [28/Mar/2013:14:34:42 +0100] "GET /css/fl_style.css HTTP/1.1" 304 - "http://www.dr-heidi-fleischer.de/" "Mozilla/4.0 (compatible; MSIE 8.0; Windows NT 5.1; Trident/4.0; Mozilla/4.0 (compatible; MSIE 6.0; Windows NT 5.1; SV1) ; .NET CLR 1.1.4322; OfficeLiveConnector.1.3; OfficeLivePatch.0.0)"
88.64.225.248 - - [28/Mar/2013:14:34:42 +0100] "GET /scripte/all_scripts.js HTTP/1.1" 304 - "http://www.dr-heidi-fleischer.de/" "Mozilla/4.0 (compatible; MSIE 8.0; Windows NT 5.1; Trident/4.0; Mozilla/4.0 (compatible; MSIE 6.0; Windows NT 5.1; SV1) ; .NET CLR 1.1.4322; OfficeLiveConnector.1.3; OfficeLivePatch.0.0)"
88.64.225.248 - - [28/Mar/2013:14:34:42 +0100] "GET /img/lay01.gif HTTP/1.1" 304 - "http://www.dr-heidi-fleischer.de/" "Mozilla/4.0 (compatible; MSIE 8.0; Windows NT 5.1; Trident/4.0; Mozilla/4.0 (compatible; MSIE 6.0; Windows NT 5.1; SV1) ; .NET CLR 1.1.4322; OfficeLiveConnector.1.3; OfficeLivePatch.0.0)"
88.64.225.248 - - [28/Mar/2013:14:34:42 +0100] "GET /img/hg_body.jpg HTTP/1.1" 304 - "http://www.dr-heidi-fleischer.de/" "Mozilla/4.0 (compatible; MSIE 8.0; Windows NT 5.1; Trident/4.0; Mozilla/4.0 (compatible; MSIE 6.0; Windows NT 5.1; SV1) ; .NET CLR 1.1.4322; OfficeLiveConnector.1.3; OfficeLivePatch.0.0)"
88.64.225.248 - - [28/Mar/2013:14:34:42 +0100] "GET /img/f_1-p.gif HTTP/1.1" 304 - "http://www.dr-heidi-fleischer.de/" "Mozilla/4.0 (compatible; MSIE 8.0; Windows NT 5.1; Trident/4.0; Mozilla/4.0 (compatible; MSIE 6.0; Windows NT 5.1; SV1) ; .NET CLR 1.1.4322; OfficeLiveConnector.1.3; OfficeLivePatch.0.0)"
88.64.225.248 - - [28/Mar/2013:14:34:42 +0100] "GET /img/tel_footer.gif HTTP/1.1" 304 - "http://www.dr-heidi-fleischer.de/" "Mozilla/4.0 (compatible; MSIE 8.0; Windows NT 5.1; Trident/4.0; Mozilla/4.0 (compatible; MSIE 6.0; Windows NT 5.1; SV1) ; .NET CLR 1.1.4322; OfficeLiveConnector.1.3; OfficeLivePatch.0.0)"
88.64.225.248 - - [28/Mar/2013:14:34:42 +0100] "GET /img/lay02.gif HTTP/1.1" 304 - "http://www.dr-heidi-fleischer.de/" "Mozilla/4.0 (compatible; MSIE 8.0; Windows NT 5.1; Trident/4.0; Mozilla/4.0 (compatible; MSIE 6.0; Windows NT 5.1; SV1) ; .NET CLR 1.1.4322; OfficeLiveConnector.1.3; OfficeLivePatch.0.0)"
88.64.225.248 - - [28/Mar/2013:14:34:42 +0100] "GET /img/lay03.gif HTTP/1.1" 304 - "http://www.dr-heidi-fleischer.de/" "Mozilla/4.0 (compatible; MSIE 8.0; Windows NT 5.1; Trident/4.0; Mozilla/4.0 (compatible; MSIE 6.0; Windows NT 5.1; SV1) ; .NET CLR 1.1.4322; OfficeLiveConnector.1.3; OfficeLivePatch.0.0)"
88.64.225.248 - - [28/Mar/2013:14:34:42 +0100] "GET /img/lay06neu.gif HTTP/1.1" 304 - "http://www.dr-heidi-fleischer.de/" "Mozilla/4.0 (compatible; MSIE 8.0; Windows NT 5.1; Trident/4.0; Mozilla/4.0 (compatible; MSIE 6.0; Windows NT 5.1; SV1) ; .NET CLR 1.1.4322; OfficeLiveConnector.1.3; OfficeLivePatch.0.0)"
88.64.225.248 - - [28/Mar/2013:14:34:43 +0100] "GET /img/lay04.gif HTTP/1.1" 304 - "http://www.dr-heidi-fleischer.de/" "Mozilla/4.0 (compatible; MSIE 8.0; Windows NT 5.1; Trident/4.0; Mozilla/4.0 (compatible; MSIE 6.0; Windows NT 5.1; SV1) ; .NET CLR 1.1.4322; OfficeLiveConnector.1.3; OfficeLivePatch.0.0)"
88.64.225.248 - - [28/Mar/2013:14:34:43 +0100] "GET /img/lay07.gif HTTP/1.1" 304 - "http://www.dr-heidi-fleischer.de/" "Mozilla/4.0 (compatible; MSIE 8.0; Windows NT 5.1; Trident/4.0; Mozilla/4.0 (compatible; MSIE 6.0; Windows NT 5.1; SV1) ; .NET CLR 1.1.4322; OfficeLiveConnector.1.3; OfficeLivePatch.0.0)"
88.64.225.248 - - [28/Mar/2013:14:34:43 +0100] "GET /img/dr_fleischer_ani.gif HTTP/1.1" 304 - "http://www.dr-heidi-fleischer.de/" "Mozilla/4.0 (compatible; MSIE 8.0; Windows NT 5.1; Trident/4.0; Mozilla/4.0 (compatible; MSIE 6.0; Windows NT 5.1; SV1) ; .NET CLR 1.1.4322; OfficeLiveConnector.1.3; OfficeLivePatch.0.0)"
88.64.225.248 - - [28/Mar/2013:14:34:43 +0100] "GET /img/lay05.gif HTTP/1.1" 304 - "http://www.dr-heidi-fleischer.de/" "Mozilla/4.0 (compatible; MSIE 8.0; Windows NT 5.1; Trident/4.0; Mozilla/4.0 (compatible; MSIE 6.0; Windows NT 5.1; SV1) ; .NET CLR 1.1.4322; OfficeLiveConnector.1.3; OfficeLivePatch.0.0)"
88.64.225.248 - - [28/Mar/2013:14:34:43 +0100] "GET /img/left_bg2.gif HTTP/1.1" 304 - "http://www.dr-heidi-fleischer.de/" "Mozilla/4.0 (compatible; MSIE 8.0; Windows NT 5.1; Trident/4.0; Mozilla/4.0 (compatible; MSIE 6.0; Windows NT 5.1; SV1) ; .NET CLR 1.1.4322; OfficeLiveConnector.1.3; OfficeLivePatch.0.0)"
88.64.225.248 - - [28/Mar/2013:14:34:43 +0100] "GET /img/zert_1.jpg HTTP/1.1" 304 - "http://www.dr-heidi-fleischer.de/" "Mozilla/4.0 (compatible; MSIE 8.0; Windows NT 5.1; Trident/4.0; Mozilla/4.0 (compatible; MSIE 6.0; Windows NT 5.1; SV1) ; .NET CLR 1.1.4322; OfficeLiveConnector.1.3; OfficeLivePatch.0.0)"
88.64.225.248 - - [28/Mar/2013:14:34:43 +0100] "GET /img/roll_trans.gif HTTP/1.1" 304 - "http://www.dr-heidi-fleischer.de/" "Mozilla/4.0 (compatible; MSIE 8.0; Windows NT 5.1; Trident/4.0; Mozilla/4.0 (compatible; MSIE 6.0; Windows NT 5.1; SV1) ; .NET CLR 1.1.4322; OfficeLiveConnector.1.3; OfficeLivePatch.0.0)"
88.64.225.248 - - [28/Mar/2013:14:34:43 +0100] "GET /img/hg_zahn2.gif HTTP/1.1" 304 - "http://www.dr-heidi-fleischer.de/" "Mozilla/4.0 (compatible; MSIE 8.0; Windows NT 5.1; Trident/4.0; Mozilla/4.0 (compatible; MSIE 6.0; Windows NT 5.1; SV1) ; .NET CLR 1.1.4322; OfficeLiveConnector.1.3; OfficeLivePatch.0.0)"
88.64.225.248 - - [28/Mar/2013:14:34:43 +0100] "GET /img/roll_trans2.gif HTTP/1.1" 304 - "http://www.dr-heidi-fleischer.de/" "Mozilla/4.0 (compatible; MSIE 8.0; Windows NT 5.1; Trident/4.0; Mozilla/4.0 (compatible; MSIE 6.0; Windows NT 5.1; SV1) ; .NET CLR 1.1.4322; OfficeLiveConnector.1.3; OfficeLivePatch.0.0)"
88.64.225.248 - - [28/Mar/2013:14:34:43 +0100] "GET /img/lay16.gif HTTP/1.1" 304 - "http://www.dr-heidi-fleischer.de/" "Mozilla/4.0 (compatible; MSIE 8.0; Windows NT 5.1; Trident/4.0; Mozilla/4.0 (compatible; MSIE 6.0; Windows NT 5.1; SV1) ; .NET CLR 1.1.4322; OfficeLiveConnector.1.3; OfficeLivePatch.0.0)"
88.64.225.248 - - [28/Mar/2013:14:34:43 +0100] "GET /img/lay08.gif HTTP/1.1" 304 - "http://www.dr-heidi-fleischer.de/" "Mozilla/4.0 (compatible; MSIE 8.0; Windows NT 5.1; Trident/4.0; Mozilla/4.0 (compatible; MSIE 6.0; Windows NT 5.1; SV1) ; .NET CLR 1.1.4322; OfficeLiveConnector.1.3; OfficeLivePatch.0.0)"
88.64.225.248 - - [28/Mar/2013:14:34:43 +0100] "GET /img/right_bg.jpg HTTP/1.1" 404 1256 "http://www.dr-heidi-fleischer.de/" "Mozilla/4.0 (compatible; MSIE 8.0; Windows NT 5.1; Trident/4.0; Mozilla/4.0 (compatible; MSIE 6.0; Windows NT 5.1; SV1) ; .NET CLR 1.1.4322; OfficeLiveConnector.1.3; OfficeLivePatch.0.0)"
88.64.225.248 - - [28/Mar/2013:14:34:43 +0100] "GET /img/left_bg.gif HTTP/1.1" 304 - "http://www.dr-heidi-fleischer.de/" "Mozilla/4.0 (compatible; MSIE 8.0; Windows NT 5.1; Trident/4.0; Mozilla/4.0 (compatible; MSIE 6.0; Windows NT 5.1; SV1) ; .NET CLR 1.1.4322; OfficeLiveConnector.1.3; OfficeLivePatch.0.0)"
88.64.225.248 - - [28/Mar/2013:14:34:43 +0100] "GET /img/right_bg.gif HTTP/1.1" 304 - "http://www.dr-heidi-fleischer.de/" "Mozilla/4.0 (compatible; MSIE 8.0; Windows NT 5.1; Trident/4.0; Mozilla/4.0 (compatible; MSIE 6.0; Windows NT 5.1; SV1) ; .NET CLR 1.1.4322; OfficeLiveConnector.1.3; OfficeLivePatch.0.0)"
88.64.225.248 - - [28/Mar/2013:14:34:43 +0100] "GET /img/lay09.gif HTTP/1.1" 304 - "http://www.dr-heidi-fleischer.de/" "Mozilla/4.0 (compatible; MSIE 8.0; Windows NT 5.1; Trident/4.0; Mozilla/4.0 (compatible; MSIE 6.0; Windows NT 5.1; SV1) ; .NET CLR 1.1.4322; OfficeLiveConnector.1.3; OfficeLivePatch.0.0)"
88.64.225.248 - - [28/Mar/2013:14:34:43 +0100] "GET /img/lay13.gif HTTP/1.1" 304 - "http://www.dr-heidi-fleischer.de/" "Mozilla/4.0 (compatible; MSIE 8.0; Windows NT 5.1; Trident/4.0; Mozilla/4.0 (compatible; MSIE 6.0; Windows NT 5.1; SV1) ; .NET CLR 1.1.4322; OfficeLiveConnector.1.3; OfficeLivePatch.0.0)"
88.64.225.248 - - [28/Mar/2013:14:34:43 +0100] "GET /img/lay14.gif HTTP/1.1" 304 - "http://www.dr-heidi-fleischer.de/" "Mozilla/4.0 (compatible; MSIE 8.0; Windows NT 5.1; Trident/4.0; Mozilla/4.0 (compatible; MSIE 6.0; Windows NT 5.1; SV1) ; .NET CLR 1.1.4322; OfficeLiveConnector.1.3; OfficeLivePatch.0.0)"
88.64.225.248 - - [28/Mar/2013:14:34:43 +0100] "GET /img/zert_1gross.jpg HTTP/1.1" 304 - "http://www.dr-heidi-fleischer.de/" "Mozilla/4.0 (compatible; MSIE 8.0; Windows NT 5.1; Trident/4.0; Mozilla/4.0 (compatible; MSIE 6.0; Windows NT 5.1; SV1) ; .NET CLR 1.1.4322; OfficeLiveConnector.1.3; OfficeLivePatch.0.0)"
88.64.225.248 - - [28/Mar/2013:14:34:44 +0100] "GET /img/lay10.gif HTTP/1.1" 304 - "http://www.dr-heidi-fleischer.de/" "Mozilla/4.0 (compatible; MSIE 8.0; Windows NT 5.1; Trident/4.0; Mozilla/4.0 (compatible; MSIE 6.0; Windows NT 5.1; SV1) ; .NET CLR 1.1.4322; OfficeLiveConnector.1.3; OfficeLivePatch.0.0)"
88.64.225.248 - - [28/Mar/2013:14:34:44 +0100] "GET /img/bottom_bg.gif HTTP/1.1" 304 - "http://www.dr-heidi-fleischer.de/" "Mozilla/4.0 (compatible; MSIE 8.0; Windows NT 5.1; Trident/4.0; Mozilla/4.0 (compatible; MSIE 6.0; Windows NT 5.1; SV1) ; .NET CLR 1.1.4322; OfficeLiveConnector.1.3; OfficeLivePatch.0.0)"
88.64.225.248 - - [28/Mar/2013:14:34:44 +0100] "GET /img/header_neu.gif HTTP/1.1" 304 - "http://www.dr-heidi-fleischer.de/" "Mozilla/4.0 (compatible; MSIE 8.0; Windows NT 5.1; Trident/4.0; Mozilla/4.0 (compatible; MSIE 6.0; Windows NT 5.1; SV1) ; .NET CLR 1.1.4322; OfficeLiveConnector.1.3; OfficeLivePatch.0.0)"
141.8.147.12 - - [28/Mar/2013:15:35:15 +0100] "GET /robots.txt HTTP/1.1" 200 218 "-" "Mozilla/5.0 (compatible; YandexBot/3.0; +http://yandex.com/bots)"
66.249.76.176 - - [28/Mar/2013:16:18:53 +0100] "GET / HTTP/1.1" 200 9626 "-" "Mozilla/5.0 (iPhone; U; CPU iPhone OS 4_1 like Mac OS X; en-us) AppleWebKit/532.9 (KHTML, like Gecko) Version/4.0.5 Mobile/8B117 Safari/6531.22.7 (compatible; Googlebot-Mobile/2.1; +http://www.google.com/bot.html)"
66.249.76.176 - - [28/Mar/2013:16:25:39 +0100] "GET /css/fl_style.css HTTP/1.1" 200 10194 "-" "Mozilla/5.0 (compatible; Googlebot/2.1; +http://www.google.com/bot.html)"
5.9.31.15 - - [28/Mar/2013:16:45:53 +0100] "GET /robots.txt HTTP/1.1" 200 218 "-" "Mozilla/5.0 (compatible; Infohelfer/1.3.3; +http://www.infohelfer.de/crawler.php)"
5.9.31.15 - - [28/Mar/2013:16:45:53 +0100] "GET / HTTP/1.1" 200 9626 "-" "Mozilla/5.0 (compatible; Infohelfer/1.3.3; +http://www.infohelfer.de/crawler.php)"
5.9.88.119 - - [28/Mar/2013:16:48:17 +0100] "GET /index.php HTTP/1.1" 200 9626 "-" "Mozilla/5.0 (compatible; Infohelfer/1.3.3; +http://www.infohelfer.de/crawler.php)"
5.9.86.85 - - [28/Mar/2013:16:49:19 +0100] "GET /praxis.php HTTP/1.1" 200 7017 "-" "Mozilla/5.0 (compatible; Infohelfer/1.3.3; +http://www.infohelfer.de/crawler.php)"
5.9.56.116 - - [28/Mar/2013:16:50:22 +0100] "GET /leistungen.php HTTP/1.1" 200 8056 "-" "Mozilla/5.0 (compatible; Infohelfer/1.3.3; +http://www.infohelfer.de/crawler.php)"
5.9.86.112 - - [28/Mar/2013:16:51:24 +0100] "GET /spez_leistungen.php HTTP/1.1" 200 7752 "-" "Mozilla/5.0 (compatible; Infohelfer/1.3.3; +http://www.infohelfer.de/crawler.php)"
5.9.88.119 - - [28/Mar/2013:16:52:26 +0100] "GET /impressum.php HTTP/1.1" 200 8293 "-" "Mozilla/5.0 (compatible; Infohelfer/1.3.3; +http://www.infohelfer.de/crawler.php)"
5.9.56.116 - - [28/Mar/2013:16:53:31 +0100] "GET /kont.php HTTP/1.1" 200 8494 "-" "Mozilla/5.0 (compatible; Infohelfer/1.3.3; +http://www.infohelfer.de/crawler.php)"
5.9.86.85 - - [28/Mar/2013:16:54:31 +0100] "GET /anfahrt.php HTTP/1.1" 200 8074 "-" "Mozilla/5.0 (compatible; Infohelfer/1.3.3; +http://www.infohelfer.de/crawler.php)"
173.199.120.35 - - [28/Mar/2013:20:02:02 +0100] "GET /praxis.php HTTP/1.1" 200 7017 "-" "Mozilla/5.0 (compatible; AhrefsBot/4.0; +http://ahrefs.com/robot/)"
141.8.147.12 - - [28/Mar/2013:20:52:43 +0100] "GET / HTTP/1.1" 200 9626 "-" "Mozilla/5.0 (compatible; YandexBot/3.0; +http://yandex.com/bots)"
65.55.215.80 - - [28/Mar/2013:22:45:45 +0100] "GET /robots.txt HTTP/1.1" 200 218 "-" "msnbot-media/1.1 (+http://search.msn.com/msnbot.htm)"
65.55.215.80 - - [28/Mar/2013:22:45:45 +0100] "GET /img/leistungen_1.jpg HTTP/1.1" 200 15190 "-" "msnbot-media/1.1 (+http://search.msn.com/msnbot.htm)"
66.249.76.176 - - [28/Mar/2013:23:05:29 +0100] "GET /robots.txt HTTP/1.1" 200 218 "-" "Mozilla/5.0 (compatible; Googlebot/2.1; +http://www.google.com/bot.html)"
66.249.76.176 - - [28/Mar/2013:23:05:29 +0100] "GET /spez_leistungen.php HTTP/1.1" 200 7752 "-" "Mozilla/5.0 (iPhone; U; CPU iPhone OS 4_1 like Mac OS X; en-us) AppleWebKit/532.9 (KHTML, like Gecko) Version/4.0.5 Mobile/8B117 Safari/6531.22.7 (compatible; Googlebot-Mobile/2.1; +http://www.google.com/bot.html)"
141.8.147.12 - - [29/Mar/2013:01:36:53 +0100] "GET /anfahrt.php HTTP/1.1" 200 8074 "-" "Mozilla/5.0 (compatible; YandexBot/3.0; +http://yandex.com/bots)"
5.9.127.154 - - [29/Mar/2013:01:55:52 +0100] "GET /robots.txt HTTP/1.1" 200 218 "-" "Mozilla/5.0 (compatible; SISTRIX Crawler; http://crawler.sistrix.net/)"
5.9.127.154 - - [29/Mar/2013:01:55:52 +0100] "GET / HTTP/1.1" 200 9626 "-" "Mozilla/5.0 (compatible; SISTRIX Crawler; http://crawler.sistrix.net/)"
5.9.127.154 - - [29/Mar/2013:01:55:52 +0100] "GET /kont.php HTTP/1.1" 200 8494 "-" "Mozilla/5.0 (compatible; SISTRIX Crawler; http://crawler.sistrix.net/)"
5.9.127.154 - - [29/Mar/2013:01:55:52 +0100] "GET /leistungen.php HTTP/1.1" 200 8056 "-" "Mozilla/5.0 (compatible; SISTRIX Crawler; http://crawler.sistrix.net/)"
5.9.127.154 - - [29/Mar/2013:01:55:53 +0100] "GET /impressum.php HTTP/1.1" 200 8293 "-" "Mozilla/5.0 (compatible; SISTRIX Crawler; http://crawler.sistrix.net/)"
5.9.127.154 - - [29/Mar/2013:01:55:53 +0100] "GET /index.php HTTP/1.1" 200 9626 "-" "Mozilla/5.0 (compatible; SISTRIX Crawler; http://crawler.sistrix.net/)"
5.9.127.154 - - [29/Mar/2013:01:55:53 +0100] "GET /anfahrt.php HTTP/1.1" 200 8074 "-" "Mozilla/5.0 (compatible; SISTRIX Crawler; http://crawler.sistrix.net/)"
5.9.127.154 - - [29/Mar/2013:01:55:53 +0100] "GET /praxis.php HTTP/1.1" 200 7017 "-" "Mozilla/5.0 (compatible; SISTRIX Crawler; http://crawler.sistrix.net/)"
5.9.127.154 - - [29/Mar/2013:01:55:53 +0100] "GET /datenschutz.php HTTP/1.1" 404 1256 "-" "Mozilla/5.0 (compatible; SISTRIX Crawler; http://crawler.sistrix.net/)"
5.9.127.154 - - [29/Mar/2013:01:55:53 +0100] "GET /spez_leistungen.php HTTP/1.1" 200 7752 "-" "Mozilla/5.0 (compatible; SISTRIX Crawler; http://crawler.sistrix.net/)"
131.253.24.5 - - [29/Mar/2013:02:26:32 +0100] "GET /robots.txt HTTP/1.1" 200 218 "-" "msnbot-media/1.1 (+http://search.msn.com/msnbot.htm)"
131.253.24.5 - - [29/Mar/2013:02:26:32 +0100] "GET /img/praxis_3.jpg HTTP/1.1" 200 36951 "-" "msnbot-media/1.1 (+http://search.msn.com/msnbot.htm)"
208.115.111.72 - - [29/Mar/2013:06:07:03 +0100] "GET /robots.txt HTTP/1.1" 200 218 "-" "Mozilla/5.0 (compatible; Ezooms/1.0; ezooms.bot@gmail.com)"
157.56.229.190 - - [29/Mar/2013:06:44:31 +0100] "GET /robots.txt HTTP/1.1" 200 218 "-" "Mozilla/5.0 (compatible; bingbot/2.0; +http://www.bing.com/bingbot.htm)"
157.56.229.190 - - [29/Mar/2013:06:47:18 +0100] "GET / HTTP/1.1" 200 9626 "-" "Mozilla/5.0 (compatible; bingbot/2.0; +http://www.bing.com/bingbot.htm)"
141.8.147.12 - - [29/Mar/2013:07:47:11 +0100] "GET /robots.txt HTTP/1.1" 200 218 "-" "Mozilla/5.0 (compatible; YandexBot/3.0; +http://yandex.com/bots)"
141.8.147.12 - - [29/Mar/2013:07:47:11 +0100] "GET /robots.txt HTTP/1.1" 200 218 "-" "Mozilla/5.0 (compatible; YandexBot/3.0; +http://yandex.com/bots)"
141.8.147.12 - - [29/Mar/2013:07:47:13 +0100] "GET / HTTP/1.1" 200 9626 "-" "Mozilla/5.0 (compatible; YandexBot/3.0; MirrorDetector; +http://yandex.com/bots)"
141.8.147.12 - - [29/Mar/2013:07:47:13 +0100] "GET / HTTP/1.1" 200 9626 "-" "Mozilla/5.0 (compatible; YandexBot/3.0; MirrorDetector; +http://yandex.com/bots)"
141.8.147.12 - - [29/Mar/2013:07:47:17 +0100] "GET / HTTP/1.1" 200 9626 "-" "Mozilla/5.0 (compatible; YandexBot/3.0; MirrorDetector; +http://yandex.com/bots)"
141.8.147.12 - - [29/Mar/2013:07:47:17 +0100] "GET / HTTP/1.1" 200 9626 "-" "Mozilla/5.0 (compatible; YandexBot/3.0; MirrorDetector; +http://yandex.com/bots)"
208.115.111.72 - - [29/Mar/2013:08:07:56 +0100] "GET /spez_leistungen.php HTTP/1.1" 200 7752 "-" "Mozilla/5.0 (compatible; Ezooms/1.0; ezooms.bot@gmail.com)"
199.30.20.63 - - [29/Mar/2013:10:03:56 +0100] "GET /robots.txt HTTP/1.1" 200 218 "-" "msnbot-media/1.1 (+http://search.msn.com/msnbot.htm)"
199.30.20.63 - - [29/Mar/2013:10:03:56 +0100] "GET /img/leistungen_1.jpg HTTP/1.1" 200 15190 "-" "msnbot-media/1.1 (+http://search.msn.com/msnbot.htm)"
94.23.220.161 - - [29/Mar/2013:10:15:49 +0100] "GET /kont.php HTTP/1.1" 200 8494 "-" "Mozilla/5.0 (X11; Linux i686; rv:6.0) Gecko/20100101 Firefox/6.0"
94.23.220.161 - - [29/Mar/2013:10:15:51 +0100] "GET / HTTP/1.1" 200 9626 "-" "Mozilla/5.0 (X11; Linux i686; rv:6.0) Gecko/20100101 Firefox/6.0"
94.23.220.161 - - [29/Mar/2013:10:15:53 +0100] "GET /impressum.php HTTP/1.1" 200 8293 "-" "Mozilla/5.0 (X11; Linux i686; rv:6.0) Gecko/20100101 Firefox/6.0"
65.55.215.100 - - [29/Mar/2013:10:56:04 +0100] "GET /robots.txt HTTP/1.1" 200 218 "-" "msnbot-media/1.1 (+http://search.msn.com/msnbot.htm)"
65.55.215.100 - - [29/Mar/2013:10:56:04 +0100] "GET /img/leistungen_2.jpg HTTP/1.1" 200 13824 "-" "msnbot-media/1.1 (+http://search.msn.com/msnbot.htm)"
66.249.76.176 - - [29/Mar/2013:13:30:46 +0100] "GET /kont.php HTTP/1.1" 200 8494 "-" "Mozilla/5.0 (iPhone; U; CPU iPhone OS 4_1 like Mac OS X; en-us) AppleWebKit/532.9 (KHTML, like Gecko) Version/4.0.5 Mobile/8B117 Safari/6531.22.7 (compatible; Googlebot-Mobile/2.1; +http://www.google.com/bot.html)"
81.209.177.168 - - [29/Mar/2013:21:03:06 +0100] "GET /robots.txt HTTP/1.1" 200 218 "-" "iBusiness Shopcrawler"
81.209.177.168 - - [29/Mar/2013:21:03:06 +0100] "GET / HTTP/1.1" 200 9626 "-" "iBusiness Shopcrawler"
81.209.177.168 - - [29/Mar/2013:21:03:06 +0100] "GET /anfahrt.php HTTP/1.1" 200 8074 "-" "iBusiness Shopcrawler"
81.209.177.168 - - [29/Mar/2013:21:03:06 +0100] "GET /impressum.php HTTP/1.1" 200 8293 "-" "iBusiness Shopcrawler"
81.209.177.168 - - [29/Mar/2013:21:03:07 +0100] "GET /index.php HTTP/1.1" 200 9626 "-" "iBusiness Shopcrawler"
81.209.177.168 - - [29/Mar/2013:21:03:07 +0100] "GET /kont.php HTTP/1.1" 200 8494 "-" "iBusiness Shopcrawler"
157.55.33.248 - - [30/Mar/2013:01:35:47 +0100] "GET /robots.txt HTTP/1.1" 200 218 "-" "Mozilla/5.0 (compatible; bingbot/2.0; +http://www.bing.com/bingbot.htm)"
157.55.33.248 - - [30/Mar/2013:01:38:05 +0100] "GET /impressum.php HTTP/1.1" 200 8293 "-" "Mozilla/5.0 (compatible; bingbot/2.0; +http://www.bing.com/bingbot.htm)"
157.55.33.248 - - [30/Mar/2013:01:38:15 +0100] "GET /css/fl_style.css HTTP/1.1" 200 10194 "-" "Mozilla/5.0 (compatible; bingbot/2.0; +http://www.bing.com/bingbot.htm)"
64.246.165.190 - - [30/Mar/2013:02:01:23 +0100] "GET /robots.txt HTTP/1.0" 200 218 "-" "Mozilla/5.0 (Windows; U; Windows NT 5.1; en; rv:1.9.0.13) Gecko/2009073022 Firefox/3.5.2 (.NET CLR 3.5.30729) SurveyBot/2.3 (DomainTools)"
64.246.165.190 - - [30/Mar/2013:02:01:23 +0100] "GET / HTTP/1.1" 200 9626 "http://whois.domaintools.com/zahnmedizin-im-alter.de" "Mozilla/5.0 (Windows; U; Windows NT 5.1; en; rv:1.9.0.13) Gecko/2009073022 Firefox/3.5.2 (.NET CLR 3.5.30729) SurveyBot/2.3 (DomainTools)"
208.115.111.72 - - [30/Mar/2013:02:04:38 +0100] "GET /robots.txt HTTP/1.1" 200 218 "-" "Mozilla/5.0 (compatible; Ezooms/1.0; ezooms.bot@gmail.com)"
66.249.75.176 - - [30/Mar/2013:02:44:17 +0100] "GET /robots.txt HTTP/1.1" 200 218 "-" "Mozilla/5.0 (compatible; Googlebot/2.1; +http://www.google.com/bot.html)"
66.249.75.176 - - [30/Mar/2013:02:44:18 +0100] "GET /css/fl_style.css HTTP/1.1" 200 10194 "-" "Mozilla/5.0 (compatible; Googlebot/2.1; +http://www.google.com/bot.html)"
213.93.41.131 - - [30/Mar/2013:03:37:28 +0100] "GET / HTTP/1.1" 200 9626 "-" "Java/1.6.0_30"
213.93.41.131 - - [30/Mar/2013:03:37:28 +0100] "GET /anfahrt.php HTTP/1.1" 200 8074 "-" "Java/1.6.0_30"
213.93.41.131 - - [30/Mar/2013:03:37:29 +0100] "GET /datenschutz.php HTTP/1.1" 404 1256 "-" "Java/1.6.0_30"
213.93.41.131 - - [30/Mar/2013:03:37:29 +0100] "GET /impressum.php HTTP/1.1" 200 8293 "-" "Java/1.6.0_30"
213.93.41.131 - - [30/Mar/2013:03:37:30 +0100] "GET /index.php HTTP/1.1" 200 9626 "-" "Java/1.6.0_30"
213.93.41.131 - - [30/Mar/2013:03:37:30 +0100] "GET /kont.php HTTP/1.1" 200 8494 "-" "Java/1.6.0_30"
213.93.41.131 - - [30/Mar/2013:03:37:31 +0100] "GET /leistungen.php HTTP/1.1" 200 8056 "-" "Java/1.6.0_30"
213.93.41.131 - - [30/Mar/2013:03:37:31 +0100] "GET /praxis.php HTTP/1.1" 200 7017 "-" "Java/1.6.0_30"
213.93.41.131 - - [30/Mar/2013:03:37:32 +0100] "GET /spez_leistungen.php HTTP/1.1" 200 7752 "-" "Java/1.6.0_30"
213.93.41.131 - - [30/Mar/2013:03:37:32 +0100] "GET /scripte/all_scripts.js HTTP/1.1" 200 249 "-" "Java/1.6.0_30"
208.115.111.72 - - [30/Mar/2013:03:57:18 +0100] "GET /anfahrt.php HTTP/1.1" 200 8074 "-" "Mozilla/5.0 (compatible; Ezooms/1.0; ezooms.bot@gmail.com)"
157.56.229.190 - - [30/Mar/2013:06:52:43 +0100] "GET /robots.txt HTTP/1.1" 200 218 "-" "Mozilla/5.0 (compatible; bingbot/2.0; +http://www.bing.com/bingbot.htm)"
157.56.229.190 - - [30/Mar/2013:06:54:34 +0100] "GET / HTTP/1.1" 200 9626 "-" "Mozilla/5.0 (compatible; bingbot/2.0; +http://www.bing.com/bingbot.htm)"
83.143.143.9 - - [30/Mar/2013:07:32:50 +0100] "GET / HTTP/1.1" 200 9626 "-" "Mozilla/5.0 (Windows NT 6.1; WOW64; rv:7.0.1) Gecko/20100101 Firefox/7.0.1"
182.118.25.234 - - [30/Mar/2013:08:09:14 +0100] "GET / HTTP/1.1" 200 9626 "http://www.dr-heidi-fleischer.de/" "Mozilla/5.0 (Windows; U; Windows NT 5.1; zh-CN; rv:1.8.0.11) Firefox/1.5.0.11; 360Spider"
66.249.75.222 - - [30/Mar/2013:09:40:37 +0100] "GET /robots.txt HTTP/1.1" 200 218 "-" "Mozilla/5.0 (compatible; Googlebot/2.1; +http://www.google.com/bot.html)"
66.249.75.222 - - [30/Mar/2013:09:40:37 +0100] "GET / HTTP/1.1" 200 9626 "-" "SAMSUNG-SGH-E250/1.0 Profile/MIDP-2.0 Configuration/CLDC-1.1 UP.Browser/6.2.3.3.c.1.101 (GUI) MMP/2.0 (compatible; Googlebot-Mobile/2.1; +http://www.google.com/bot.html)"
5.9.73.202 - - [30/Mar/2013:10:21:21 +0100] "GET /robots.txt HTTP/1.1" 200 218 "-" "Mozilla/5.0 (compatible; Infohelfer/1.3.3; +http://www.infohelfer.de/crawler.php)"
5.9.73.202 - - [30/Mar/2013:10:21:21 +0100] "GET / HTTP/1.1" 200 9626 "-" "Mozilla/5.0 (compatible; Infohelfer/1.3.3; +http://www.infohelfer.de/crawler.php)"
66.249.75.176 - - [30/Mar/2013:12:42:36 +0100] "GET /praxis.php HTTP/1.1" 200 7017 "-" "Mozilla/5.0 (compatible; Googlebot/2.1; +http://www.google.com/bot.html)"
199.30.20.43 - - [30/Mar/2013:12:50:19 +0100] "GET /robots.txt HTTP/1.1" 200 218 "-" "msnbot-media/1.1 (+http://search.msn.com/msnbot.htm)"
199.30.20.43 - - [30/Mar/2013:12:50:20 +0100] "GET /img/praxis_1.jpg HTTP/1.1" 200 39868 "-" "msnbot-media/1.1 (+http://search.msn.com/msnbot.htm)"
66.249.76.176 - - [30/Mar/2013:15:18:50 +0100] "GET /robots.txt HTTP/1.1" 200 218 "-" "Mozilla/5.0 (compatible; Googlebot/2.1; +http://www.google.com/bot.html)"
66.249.76.176 - - [30/Mar/2013:15:18:50 +0100] "GET / HTTP/1.1" 200 9626 "-" "Mozilla/5.0 (iPhone; U; CPU iPhone OS 4_1 like Mac OS X; en-us) AppleWebKit/532.9 (KHTML, like Gecko) Version/4.0.5 Mobile/8B117 Safari/6531.22.7 (compatible; Googlebot-Mobile/2.1; +http://www.google.com/bot.html)"
157.56.229.190 - - [30/Mar/2013:16:01:29 +0100] "GET /robots.txt HTTP/1.1" 200 218 "-" "Mozilla/5.0 (compatible; bingbot/2.0; +http://www.bing.com/bingbot.htm)"
157.56.229.190 - - [30/Mar/2013:16:03:11 +0100] "GET / HTTP/1.1" 200 9626 "-" "Mozilla/5.0 (compatible; bingbot/2.0; +http://www.bing.com/bingbot.htm)"
141.8.147.12 - - [30/Mar/2013:19:14:44 +0100] "GET /robots.txt HTTP/1.1" 200 218 "-" "Mozilla/5.0 (compatible; YandexBot/3.0; +http://yandex.com/bots)"
66.249.76.176 - - [30/Mar/2013:19:27:46 +0100] "GET /leistungen.php HTTP/1.1" 200 8056 "-" "Mozilla/5.0 (iPhone; U; CPU iPhone OS 4_1 like Mac OS X; en-us) AppleWebKit/532.9 (KHTML, like Gecko) Version/4.0.5 Mobile/8B117 Safari/6531.22.7 (compatible; Googlebot-Mobile/2.1; +http://www.google.com/bot.html)"
141.8.147.12 - - [30/Mar/2013:20:15:21 +0100] "GET / HTTP/1.1" 200 9626 "-" "Mozilla/5.0 (compatible; YandexBot/3.0; +http://yandex.com/bots)"
66.249.76.176 - - [30/Mar/2013:21:19:35 +0100] "GET / HTTP/1.1" 200 9626 "-" "Mozilla/5.0 (compatible; Googlebot/2.1; +http://www.google.com/bot.html)"
66.249.76.176 - - [30/Mar/2013:21:31:31 +0100] "GET /css/fl_style.css HTTP/1.1" 200 10194 "-" "Mozilla/5.0 (compatible; Googlebot/2.1; +http://www.google.com/bot.html)"
199.30.16.11 - - [30/Mar/2013:21:39:05 +0100] "GET /robots.txt HTTP/1.1" 200 218 "-" "msnbot-media/1.1 (+http://search.msn.com/msnbot.htm)"
199.30.16.11 - - [30/Mar/2013:21:39:05 +0100] "GET /img/lay08.gif HTTP/1.1" 200 534 "-" "msnbot-media/1.1 (+http://search.msn.com/msnbot.htm)"
208.115.111.72 - - [30/Mar/2013:22:00:35 +0100] "GET /robots.txt HTTP/1.1" 200 218 "-" "Mozilla/5.0 (compatible; Ezooms/1.0; ezooms.bot@gmail.com)"
157.56.229.190 - - [30/Mar/2013:22:09:02 +0100] "GET /robots.txt HTTP/1.1" 200 218 "-" "Mozilla/5.0 (compatible; bingbot/2.0; +http://www.bing.com/bingbot.htm)"
157.56.229.190 - - [30/Mar/2013:22:10:47 +0100] "GET / HTTP/1.1" 200 9626 "-" "Mozilla/5.0 (compatible; bingbot/2.0; +http://www.bing.com/bingbot.htm)"
64.125.222.16 - - [30/Mar/2013:23:29:02 +0100] "GET /robots.txt HTTP/1.1" 200 218 "-" "Mozilla/5.0 (compatible; 008/0.83; http://www.80legs.com/webcrawler.html;) Gecko/2008032620"
188.43.3.140 - - [30/Mar/2013:23:29:49 +0100] "GET / HTTP/1.1" 200 9626 "-" "Mozilla/5.0 (compatible; 008/0.85; http://www.80legs.com/webcrawler.html) Gecko/2008032620"
188.43.3.140 - - [30/Mar/2013:23:29:50 +0100] "GET / HTTP/1.1" 200 9626 "-" "Mozilla/5.0 (compatible; 008/0.85; http://www.80legs.com/webcrawler.html) Gecko/2008032620"
188.43.3.140 - - [30/Mar/2013:23:29:51 +0100] "GET / HTTP/1.1" 200 9626 "-" "Mozilla/5.0 (compatible; 008/0.85; http://www.80legs.com/webcrawler.html) Gecko/2008032620"
188.43.3.140 - - [30/Mar/2013:23:29:58 +0100] "GET / HTTP/1.1" 200 9626 "-" "Mozilla/5.0 (compatible; 008/0.85; http://www.80legs.com/webcrawler.html) Gecko/2008032620"
188.43.3.140 - - [30/Mar/2013:23:29:59 +0100] "GET / HTTP/1.1" 200 9626 "-" "Mozilla/5.0 (compatible; 008/0.85; http://www.80legs.com/webcrawler.html) Gecko/2008032620"
188.43.3.140 - - [30/Mar/2013:23:30:00 +0100] "GET / HTTP/1.1" 200 9626 "-" "Mozilla/5.0 (compatible; 008/0.85; http://www.80legs.com/webcrawler.html) Gecko/2008032620"
41.254.1.167 - - [30/Mar/2013:23:30:10 +0100] "GET / HTTP/1.1" 200 9626 "-" "Mozilla/5.0 (compatible; 008/0.85; http://www.80legs.com/webcrawler.html) Gecko/2008032620"
41.254.1.167 - - [30/Mar/2013:23:31:23 +0100] "GET / HTTP/1.1" 200 9626 "-" "Mozilla/5.0 (compatible; 008/0.85; http://www.80legs.com/webcrawler.html) Gecko/2008032620"
41.254.1.167 - - [30/Mar/2013:23:31:32 +0100] "GET / HTTP/1.1" 200 9626 "-" "Mozilla/5.0 (compatible; 008/0.85; http://www.80legs.com/webcrawler.html) Gecko/2008032620"
31.13.144.22 - - [30/Mar/2013:23:31:34 +0100] "GET / HTTP/1.1" 200 9626 "-" "Mozilla/5.0 (compatible; 008/0.85; http://www.80legs.com/webcrawler.html) Gecko/2008032620"
31.13.144.22 - - [30/Mar/2013:23:31:38 +0100] "GET / HTTP/1.1" 200 9626 "-" "Mozilla/5.0 (compatible; 008/0.85; http://www.80legs.com/webcrawler.html) Gecko/2008032620"
31.13.144.22 - - [30/Mar/2013:23:31:40 +0100] "GET / HTTP/1.1" 200 9626 "-" "Mozilla/5.0 (compatible; 008/0.85; http://www.80legs.com/webcrawler.html) Gecko/2008032620"
208.115.111.72 - - [30/Mar/2013:23:54:54 +0100] "GET /kont.php HTTP/1.1" 200 8494 "-" "Mozilla/5.0 (compatible; Ezooms/1.0; ezooms.bot@gmail.com)"
66.249.76.176 - - [31/Mar/2013:01:24:31 +0100] "GET /impressum.php HTTP/1.1" 200 8293 "-" "Mozilla/5.0 (compatible; Googlebot/2.1; +http://www.google.com/bot.html)"
64.125.222.16 - - [31/Mar/2013:03:55:31 +0200] "GET /robots.txt HTTP/1.1" 200 218 "-" "Mozilla/5.0 (compatible; 008/0.83; http://www.80legs.com/webcrawler.html;) Gecko/2008032620"
65.55.215.37 - - [31/Mar/2013:04:10:20 +0200] "GET /robots.txt HTTP/1.1" 200 218 "-" "msnbot-media/1.1 (+http://search.msn.com/msnbot.htm)"
65.55.215.37 - - [31/Mar/2013:04:10:20 +0200] "GET /img/lay09.gif HTTP/1.1" 200 135 "-" "msnbot-media/1.1 (+http://search.msn.com/msnbot.htm)"
157.55.35.46 - - [31/Mar/2013:04:11:01 +0200] "GET /robots.txt HTTP/1.1" 200 218 "-" "Mozilla/5.0 (compatible; bingbot/2.0; +http://www.bing.com/bingbot.htm)"
157.55.35.46 - - [31/Mar/2013:04:12:50 +0200] "GET /kont.php HTTP/1.1" 200 8494 "-" "Mozilla/5.0 (compatible; bingbot/2.0; +http://www.bing.com/bingbot.htm)"
188.134.43.24 - - [31/Mar/2013:04:19:32 +0200] "GET /robots.txt HTTP/1.1" 200 218 "-" "Mozilla/5.0 (compatible; 008/0.83; http://www.80legs.com/webcrawler.html;) Gecko/2008032620"
188.134.43.24 - - [31/Mar/2013:04:19:32 +0200] "GET /datenschutz.php HTTP/1.1" 404 1256 "-" "Mozilla/5.0 (compatible; 008/0.85; http://www.80legs.com/webcrawler.html) Gecko/2008032620"
194.165.0.6 - - [31/Mar/2013:04:33:58 +0200] "GET /index.php HTTP/1.1" 200 9626 "-" "Mozilla/5.0 (compatible; 008/0.85; http://www.80legs.com/webcrawler.html) Gecko/2008032620"
176.111.36.14 - - [31/Mar/2013:04:35:24 +0200] "GET /spez_leistungen.php HTTP/1.1" 200 7752 "-" "Mozilla/5.0 (compatible; 008/0.85; http://www.80legs.com/webcrawler.html) Gecko/2008032620"
176.111.36.14 - - [31/Mar/2013:04:51:39 +0200] "GET /index.php HTTP/1.1" 200 9626 "-" "Mozilla/5.0 (compatible; 008/0.85; http://www.80legs.com/webcrawler.html) Gecko/2008032620"
