146.60.51.87 - - [09/Dec/2013:20:32:39 +0100] "GET /img/roll_trans.gif HTTP/1.1" 200 609 "http://www.dr-heidi-fleischer.de/" "Mozilla/5.0 (compatible; MSIE 10.0; Windows NT 6.2; Win64; x64; Trident/6.0; MALNJS)"
146.60.51.87 - - [09/Dec/2013:20:32:39 +0100] "GET /img/roll_trans2.gif HTTP/1.1" 200 609 "http://www.dr-heidi-fleischer.de/" "Mozilla/5.0 (compatible; MSIE 10.0; Windows NT 6.2; Win64; x64; Trident/6.0; MALNJS)"
146.60.51.87 - - [09/Dec/2013:20:32:39 +0100] "GET /img/lay16.gif HTTP/1.1" 200 309 "http://www.dr-heidi-fleischer.de/" "Mozilla/5.0 (compatible; MSIE 10.0; Windows NT 6.2; Win64; x64; Trident/6.0; MALNJS)"
146.60.51.87 - - [09/Dec/2013:20:32:39 +0100] "GET /img/lay08.gif HTTP/1.1" 200 534 "http://www.dr-heidi-fleischer.de/" "Mozilla/5.0 (compatible; MSIE 10.0; Windows NT 6.2; Win64; x64; Trident/6.0; MALNJS)"
146.60.51.87 - - [09/Dec/2013:20:32:39 +0100] "GET /img/lay09.gif HTTP/1.1" 200 135 "http://www.dr-heidi-fleischer.de/" "Mozilla/5.0 (compatible; MSIE 10.0; Windows NT 6.2; Win64; x64; Trident/6.0; MALNJS)"
146.60.51.87 - - [09/Dec/2013:20:32:39 +0100] "GET /img/lay13.gif HTTP/1.1" 200 181 "http://www.dr-heidi-fleischer.de/" "Mozilla/5.0 (compatible; MSIE 10.0; Windows NT 6.2; Win64; x64; Trident/6.0; MALNJS)"
146.60.51.87 - - [09/Dec/2013:20:32:39 +0100] "GET /img/lay14.gif HTTP/1.1" 200 104 "http://www.dr-heidi-fleischer.de/" "Mozilla/5.0 (compatible; MSIE 10.0; Windows NT 6.2; Win64; x64; Trident/6.0; MALNJS)"
146.60.51.87 - - [09/Dec/2013:20:32:39 +0100] "GET /img/zert_1gross.jpg HTTP/1.1" 200 22004 "http://www.dr-heidi-fleischer.de/" "Mozilla/5.0 (compatible; MSIE 10.0; Windows NT 6.2; Win64; x64; Trident/6.0; MALNJS)"
146.60.51.87 - - [09/Dec/2013:20:32:39 +0100] "GET /img/f_1-p.gif HTTP/1.1" 200 43 "http://www.dr-heidi-fleischer.de/" "Mozilla/5.0 (compatible; MSIE 10.0; Windows NT 6.2; Win64; x64; Trident/6.0; MALNJS)"
146.60.51.87 - - [09/Dec/2013:20:32:39 +0100] "GET /img/hg_body.jpg HTTP/1.1" 200 2615 "http://www.dr-heidi-fleischer.de/" "Mozilla/5.0 (compatible; MSIE 10.0; Windows NT 6.2; Win64; x64; Trident/6.0; MALNJS)"
146.60.51.87 - - [09/Dec/2013:20:32:39 +0100] "GET /img/bottom_bg.gif HTTP/1.1" 200 79 "http://www.dr-heidi-fleischer.de/" "Mozilla/5.0 (compatible; MSIE 10.0; Windows NT 6.2; Win64; x64; Trident/6.0; MALNJS)"
146.60.51.87 - - [09/Dec/2013:20:32:39 +0100] "GET /img/lay10.gif HTTP/1.1" 200 252 "http://www.dr-heidi-fleischer.de/" "Mozilla/5.0 (compatible; MSIE 10.0; Windows NT 6.2; Win64; x64; Trident/6.0; MALNJS)"
146.60.51.87 - - [09/Dec/2013:20:32:39 +0100] "GET /img/right_bg.gif HTTP/1.1" 200 76 "http://www.dr-heidi-fleischer.de/" "Mozilla/5.0 (compatible; MSIE 10.0; Windows NT 6.2; Win64; x64; Trident/6.0; MALNJS)"
146.60.51.87 - - [09/Dec/2013:20:32:39 +0100] "GET /img/right_bg.jpg HTTP/1.1" 404 1256 "http://www.dr-heidi-fleischer.de/" "Mozilla/5.0 (compatible; MSIE 10.0; Windows NT 6.2; Win64; x64; Trident/6.0; MALNJS)"
146.60.51.87 - - [09/Dec/2013:20:32:39 +0100] "GET /img/left_bg.gif HTTP/1.1" 200 98 "http://www.dr-heidi-fleischer.de/" "Mozilla/5.0 (compatible; MSIE 10.0; Windows NT 6.2; Win64; x64; Trident/6.0; MALNJS)"
146.60.51.87 - - [09/Dec/2013:20:32:39 +0100] "GET /img/header_neu.gif HTTP/1.1" 200 32567 "http://www.dr-heidi-fleischer.de/" "Mozilla/5.0 (compatible; MSIE 10.0; Windows NT 6.2; Win64; x64; Trident/6.0; MALNJS)"
146.60.51.87 - - [09/Dec/2013:20:32:39 +0100] "GET /img/hg_zahn2.gif HTTP/1.1" 200 20816 "http://www.dr-heidi-fleischer.de/" "Mozilla/5.0 (compatible; MSIE 10.0; Windows NT 6.2; Win64; x64; Trident/6.0; MALNJS)"
146.60.51.87 - - [09/Dec/2013:20:32:39 +0100] "GET /img/left_bg2.gif HTTP/1.1" 200 176 "http://www.dr-heidi-fleischer.de/" "Mozilla/5.0 (compatible; MSIE 10.0; Windows NT 6.2; Win64; x64; Trident/6.0; MALNJS)"
146.60.51.87 - - [09/Dec/2013:20:32:39 +0100] "GET /img/lay05.gif HTTP/1.1" 200 331 "http://www.dr-heidi-fleischer.de/" "Mozilla/5.0 (compatible; MSIE 10.0; Windows NT 6.2; Win64; x64; Trident/6.0; MALNJS)"
146.60.51.87 - - [09/Dec/2013:20:32:39 +0100] "GET /img/lay03.gif HTTP/1.1" 200 1060 "http://www.dr-heidi-fleischer.de/" "Mozilla/5.0 (compatible; MSIE 10.0; Windows NT 6.2; Win64; x64; Trident/6.0; MALNJS)"
146.60.51.87 - - [09/Dec/2013:20:32:39 +0100] "GET /img/lay04.gif HTTP/1.1" 200 68 "http://www.dr-heidi-fleischer.de/" "Mozilla/5.0 (compatible; MSIE 10.0; Windows NT 6.2; Win64; x64; Trident/6.0; MALNJS)"
146.60.51.87 - - [09/Dec/2013:20:32:39 +0100] "GET /img/lay02.gif HTTP/1.1" 200 68 "http://www.dr-heidi-fleischer.de/" "Mozilla/5.0 (compatible; MSIE 10.0; Windows NT 6.2; Win64; x64; Trident/6.0; MALNJS)"
146.60.51.87 - - [09/Dec/2013:20:32:39 +0100] "GET /img/dr_fleischer_ani.gif HTTP/1.1" 200 854042 "http://www.dr-heidi-fleischer.de/" "Mozilla/5.0 (compatible; MSIE 10.0; Windows NT 6.2; Win64; x64; Trident/6.0; MALNJS)"
146.60.51.87 - - [09/Dec/2013:20:32:47 +0100] "GET /img/favicon.ico HTTP/1.1" 200 5430 "-" "Mozilla/5.0 (compatible; MSIE 10.0; Windows NT 6.2; Win64; x64; Trident/6.0; MALNJS)"
146.60.51.87 - - [09/Dec/2013:20:40:31 +0100] "GET /img/right_bg.jpg HTTP/1.1" 404 1256 "http://www.dr-heidi-fleischer.de/" "Mozilla/5.0 (compatible; MSIE 10.0; Windows NT 6.2; Win64; x64; Trident/6.0; MALNJS)"
64.246.165.190 - - [09/Dec/2013:21:13:38 +0100] "GET /robots.txt HTTP/1.0" 200 218 "-" "Mozilla/5.0 (Windows; U; Windows NT 5.1; en; rv:1.9.0.13) Gecko/2009073022 Firefox/3.5.2 (.NET CLR 3.5.30729) SurveyBot/2.3 (DomainTools)"
64.246.165.190 - - [09/Dec/2013:21:13:39 +0100] "GET / HTTP/1.1" 200 9626 "http://whois.domaintools.com/zahnmedizin-im-alter.de" "Mozilla/5.0 (Windows; U; Windows NT 5.1; en; rv:1.9.0.13) Gecko/2009073022 Firefox/3.5.2 (.NET CLR 3.5.30729) SurveyBot/2.3 (DomainTools)"
66.249.66.176 - - [09/Dec/2013:22:24:33 +0100] "GET /robots.txt HTTP/1.1" 200 218 "-" "Mozilla/5.0 (compatible; Googlebot/2.1; +http://www.google.com/bot.html)"
66.249.66.176 - - [09/Dec/2013:22:24:33 +0100] "GET /leistungen.php HTTP/1.1" 200 8056 "-" "DoCoMo/2.0 N905i(c100;TB;W24H16) (compatible; Googlebot-Mobile/2.1; +http://www.google.com/bot.html)"
208.115.113.83 - - [09/Dec/2013:23:22:55 +0100] "GET /robots.txt HTTP/1.1" 200 218 "-" "Mozilla/5.0 (compatible; Ezooms/1.0; help@moz.com)"
66.249.76.142 - - [10/Dec/2013:01:03:16 +0100] "GET /robots.txt HTTP/1.1" 200 218 "-" "Mozilla/5.0 (compatible; Googlebot/2.1; +http://www.google.com/bot.html)"
66.249.76.142 - - [10/Dec/2013:01:03:16 +0100] "GET /praxis.php HTTP/1.1" 200 7017 "-" "Mozilla/5.0 (compatible; Googlebot/2.1; +http://www.google.com/bot.html)"
5.10.83.33 - - [10/Dec/2013:01:09:55 +0100] "GET /praxis.php HTTP/1.1" 200 7017 "-" "Mozilla/5.0 (compatible; AhrefsBot/5.0; +http://ahrefs.com/robot/)"
208.115.113.83 - - [10/Dec/2013:01:16:58 +0100] "GET /spez_leistungen.php HTTP/1.1" 200 7752 "-" "Mozilla/5.0 (compatible; Ezooms/1.0; help@moz.com)"
66.249.76.142 - - [10/Dec/2013:01:18:31 +0100] "GET /css/fl_style.css HTTP/1.1" 200 10194 "-" "Mozilla/5.0 (compatible; Googlebot/2.1; +http://www.google.com/bot.html)"
66.249.76.142 - - [10/Dec/2013:01:33:10 +0100] "GET / HTTP/1.1" 200 9626 "-" "Mozilla/5.0 (iPhone; CPU iPhone OS 6_0 like Mac OS X) AppleWebKit/536.26 (KHTML, like Gecko) Version/6.0 Mobile/10A5376e Safari/8536.25 (compatible; Googlebot-Mobile/2.1; +http://www.google.com/bot.html)"
184.73.253.242 - - [10/Dec/2013:02:35:07 +0100] "GET / HTTP/1.1" 200 9626 "-" "Java/1.7.0_25"
184.73.253.242 - - [10/Dec/2013:02:35:08 +0100] "GET /anfahrt.php HTTP/1.1" 200 8074 "-" "Java/1.7.0_25"
184.73.253.242 - - [10/Dec/2013:02:35:08 +0100] "GET /datenschutz.php HTTP/1.1" 404 1256 "-" "Java/1.7.0_25"
184.73.253.242 - - [10/Dec/2013:02:35:08 +0100] "GET /impressum.php HTTP/1.1" 200 8293 "-" "Java/1.7.0_25"
184.73.253.242 - - [10/Dec/2013:02:35:09 +0100] "GET /index.php HTTP/1.1" 200 9626 "-" "Java/1.7.0_25"
184.73.253.242 - - [10/Dec/2013:02:35:09 +0100] "GET /kont.php HTTP/1.1" 200 8494 "-" "Java/1.7.0_25"
184.73.253.242 - - [10/Dec/2013:02:35:09 +0100] "GET /leistungen.php HTTP/1.1" 200 8056 "-" "Java/1.7.0_25"
184.73.253.242 - - [10/Dec/2013:02:35:10 +0100] "GET /praxis.php HTTP/1.1" 200 7017 "-" "Java/1.7.0_25"
184.73.253.242 - - [10/Dec/2013:02:35:10 +0100] "GET /spez_leistungen.php HTTP/1.1" 200 7752 "-" "Java/1.7.0_25"
184.73.253.242 - - [10/Dec/2013:02:35:10 +0100] "GET /scripte/all_scripts.js HTTP/1.1" 200 249 "-" "Java/1.7.0_25"
66.249.76.142 - - [10/Dec/2013:03:16:59 +0100] "GET /anfahrt.php HTTP/1.1" 200 8074 "-" "Mozilla/5.0 (iPhone; CPU iPhone OS 6_0 like Mac OS X) AppleWebKit/536.26 (KHTML, like Gecko) Version/6.0 Mobile/10A5376e Safari/8536.25 (compatible; Googlebot-Mobile/2.1; +http://www.google.com/bot.html)"
208.115.111.72 - - [10/Dec/2013:10:19:51 +0100] "GET /robots.txt HTTP/1.1" 200 218 "-" "Mozilla/5.0 (compatible; Ezooms/1.0; help@moz.com)"
66.249.76.142 - - [10/Dec/2013:10:49:08 +0100] "GET /robots.txt HTTP/1.1" 200 218 "-" "Mozilla/5.0 (compatible; Googlebot/2.1; +http://www.google.com/bot.html)"
66.249.76.142 - - [10/Dec/2013:10:49:08 +0100] "GET /praxis.php HTTP/1.1" 200 7017 "-" "DoCoMo/2.0 N905i(c100;TB;W24H16) (compatible; Googlebot-Mobile/2.1; +http://www.google.com/bot.html)"
208.115.111.72 - - [10/Dec/2013:12:08:13 +0100] "GET /kont.php HTTP/1.1" 200 8494 "-" "Mozilla/5.0 (compatible; Ezooms/1.0; help@moz.com)"
5.10.83.93 - - [10/Dec/2013:14:18:03 +0100] "GET /impressum.php HTTP/1.1" 200 8293 "-" "Mozilla/5.0 (compatible; AhrefsBot/5.0; +http://ahrefs.com/robot/)"
88.64.250.203 - - [10/Dec/2013:14:35:19 +0100] "GET /impressum.php HTTP/1.1" 200 8293 "https://www.google.de/" "Mozilla/5.0 (iPad; CPU OS 7_0_3 like Mac OS X) AppleWebKit/537.51.1 (KHTML, like Gecko) Version/7.0 Mobile/11B511 Safari/9537.53"
88.64.250.203 - - [10/Dec/2013:14:35:20 +0100] "GET /css/fl_style.css HTTP/1.1" 200 10194 "http://www.dr-heidi-fleischer.de/impressum.php" "Mozilla/5.0 (iPad; CPU OS 7_0_3 like Mac OS X) AppleWebKit/537.51.1 (KHTML, like Gecko) Version/7.0 Mobile/11B511 Safari/9537.53"
88.64.250.203 - - [10/Dec/2013:14:35:20 +0100] "GET /scripte/all_scripts.js HTTP/1.1" 200 249 "http://www.dr-heidi-fleischer.de/impressum.php" "Mozilla/5.0 (iPad; CPU OS 7_0_3 like Mac OS X) AppleWebKit/537.51.1 (KHTML, like Gecko) Version/7.0 Mobile/11B511 Safari/9537.53"
88.64.250.203 - - [10/Dec/2013:14:35:20 +0100] "GET /img/lay01.gif HTTP/1.1" 200 273 "http://www.dr-heidi-fleischer.de/impressum.php" "Mozilla/5.0 (iPad; CPU OS 7_0_3 like Mac OS X) AppleWebKit/537.51.1 (KHTML, like Gecko) Version/7.0 Mobile/11B511 Safari/9537.53"
88.64.250.203 - - [10/Dec/2013:14:35:20 +0100] "GET /img/lay08.gif HTTP/1.1" 200 534 "http://www.dr-heidi-fleischer.de/impressum.php" "Mozilla/5.0 (iPad; CPU OS 7_0_3 like Mac OS X) AppleWebKit/537.51.1 (KHTML, like Gecko) Version/7.0 Mobile/11B511 Safari/9537.53"
88.64.250.203 - - [10/Dec/2013:14:35:20 +0100] "GET /img/hg_body.jpg HTTP/1.1" 200 2615 "http://www.dr-heidi-fleischer.de/impressum.php" "Mozilla/5.0 (iPad; CPU OS 7_0_3 like Mac OS X) AppleWebKit/537.51.1 (KHTML, like Gecko) Version/7.0 Mobile/11B511 Safari/9537.53"
88.64.250.203 - - [10/Dec/2013:14:35:20 +0100] "GET /img/lay02.gif HTTP/1.1" 200 68 "http://www.dr-heidi-fleischer.de/impressum.php" "Mozilla/5.0 (iPad; CPU OS 7_0_3 like Mac OS X) AppleWebKit/537.51.1 (KHTML, like Gecko) Version/7.0 Mobile/11B511 Safari/9537.53"
88.64.250.203 - - [10/Dec/2013:14:35:20 +0100] "GET /img/lay06neu.gif HTTP/1.1" 200 583 "http://www.dr-heidi-fleischer.de/impressum.php" "Mozilla/5.0 (iPad; CPU OS 7_0_3 like Mac OS X) AppleWebKit/537.51.1 (KHTML, like Gecko) Version/7.0 Mobile/11B511 Safari/9537.53"
88.64.250.203 - - [10/Dec/2013:14:35:20 +0100] "GET /img/lay07.gif HTTP/1.1" 200 453 "http://www.dr-heidi-fleischer.de/impressum.php" "Mozilla/5.0 (iPad; CPU OS 7_0_3 like Mac OS X) AppleWebKit/537.51.1 (KHTML, like Gecko) Version/7.0 Mobile/11B511 Safari/9537.53"
88.64.250.203 - - [10/Dec/2013:14:35:20 +0100] "GET /img/tel_footer.gif HTTP/1.1" 200 1051 "http://www.dr-heidi-fleischer.de/impressum.php" "Mozilla/5.0 (iPad; CPU OS 7_0_3 like Mac OS X) AppleWebKit/537.51.1 (KHTML, like Gecko) Version/7.0 Mobile/11B511 Safari/9537.53"
88.64.250.203 - - [10/Dec/2013:14:35:20 +0100] "GET /img/f_1-p.gif HTTP/1.1" 200 43 "http://www.dr-heidi-fleischer.de/impressum.php" "Mozilla/5.0 (iPad; CPU OS 7_0_3 like Mac OS X) AppleWebKit/537.51.1 (KHTML, like Gecko) Version/7.0 Mobile/11B511 Safari/9537.53"
88.64.250.203 - - [10/Dec/2013:14:35:20 +0100] "GET /img/header_neu.gif HTTP/1.1" 200 32567 "http://www.dr-heidi-fleischer.de/impressum.php" "Mozilla/5.0 (iPad; CPU OS 7_0_3 like Mac OS X) AppleWebKit/537.51.1 (KHTML, like Gecko) Version/7.0 Mobile/11B511 Safari/9537.53"
88.64.250.203 - - [10/Dec/2013:14:35:20 +0100] "GET /img/left_bg2.gif HTTP/1.1" 200 176 "http://www.dr-heidi-fleischer.de/impressum.php" "Mozilla/5.0 (iPad; CPU OS 7_0_3 like Mac OS X) AppleWebKit/537.51.1 (KHTML, like Gecko) Version/7.0 Mobile/11B511 Safari/9537.53"
88.64.250.203 - - [10/Dec/2013:14:35:20 +0100] "GET /img/hg_zahn2.gif HTTP/1.1" 200 20816 "http://www.dr-heidi-fleischer.de/impressum.php" "Mozilla/5.0 (iPad; CPU OS 7_0_3 like Mac OS X) AppleWebKit/537.51.1 (KHTML, like Gecko) Version/7.0 Mobile/11B511 Safari/9537.53"
88.64.250.203 - - [10/Dec/2013:14:35:20 +0100] "GET /img/right_bg.gif HTTP/1.1" 200 76 "http://www.dr-heidi-fleischer.de/impressum.php" "Mozilla/5.0 (iPad; CPU OS 7_0_3 like Mac OS X) AppleWebKit/537.51.1 (KHTML, like Gecko) Version/7.0 Mobile/11B511 Safari/9537.53"
88.64.250.203 - - [10/Dec/2013:14:35:20 +0100] "GET /img/roll_trans2.gif HTTP/1.1" 200 609 "http://www.dr-heidi-fleischer.de/impressum.php" "Mozilla/5.0 (iPad; CPU OS 7_0_3 like Mac OS X) AppleWebKit/537.51.1 (KHTML, like Gecko) Version/7.0 Mobile/11B511 Safari/9537.53"
88.64.250.203 - - [10/Dec/2013:14:35:20 +0100] "GET /img/lay16.gif HTTP/1.1" 200 309 "http://www.dr-heidi-fleischer.de/impressum.php" "Mozilla/5.0 (iPad; CPU OS 7_0_3 like Mac OS X) AppleWebKit/537.51.1 (KHTML, like Gecko) Version/7.0 Mobile/11B511 Safari/9537.53"
88.64.250.203 - - [10/Dec/2013:14:35:20 +0100] "GET /img/roll_trans.gif HTTP/1.1" 200 609 "http://www.dr-heidi-fleischer.de/impressum.php" "Mozilla/5.0 (iPad; CPU OS 7_0_3 like Mac OS X) AppleWebKit/537.51.1 (KHTML, like Gecko) Version/7.0 Mobile/11B511 Safari/9537.53"
88.64.250.203 - - [10/Dec/2013:14:35:20 +0100] "GET /img/spez_leistungen_2.jpg HTTP/1.1" 200 13667 "http://www.dr-heidi-fleischer.de/impressum.php" "Mozilla/5.0 (iPad; CPU OS 7_0_3 like Mac OS X) AppleWebKit/537.51.1 (KHTML, like Gecko) Version/7.0 Mobile/11B511 Safari/9537.53"
88.64.250.203 - - [10/Dec/2013:14:35:20 +0100] "GET /img/lay14.gif HTTP/1.1" 200 104 "http://www.dr-heidi-fleischer.de/impressum.php" "Mozilla/5.0 (iPad; CPU OS 7_0_3 like Mac OS X) AppleWebKit/537.51.1 (KHTML, like Gecko) Version/7.0 Mobile/11B511 Safari/9537.53"
88.64.250.203 - - [10/Dec/2013:14:35:20 +0100] "GET /img/lay13.gif HTTP/1.1" 200 181 "http://www.dr-heidi-fleischer.de/impressum.php" "Mozilla/5.0 (iPad; CPU OS 7_0_3 like Mac OS X) AppleWebKit/537.51.1 (KHTML, like Gecko) Version/7.0 Mobile/11B511 Safari/9537.53"
88.64.250.203 - - [10/Dec/2013:14:35:20 +0100] "GET /img/zert_1gross.jpg HTTP/1.1" 200 22004 "http://www.dr-heidi-fleischer.de/impressum.php" "Mozilla/5.0 (iPad; CPU OS 7_0_3 like Mac OS X) AppleWebKit/537.51.1 (KHTML, like Gecko) Version/7.0 Mobile/11B511 Safari/9537.53"
88.64.250.203 - - [10/Dec/2013:14:35:20 +0100] "GET /img/lay05.gif HTTP/1.1" 200 331 "http://www.dr-heidi-fleischer.de/impressum.php" "Mozilla/5.0 (iPad; CPU OS 7_0_3 like Mac OS X) AppleWebKit/537.51.1 (KHTML, like Gecko) Version/7.0 Mobile/11B511 Safari/9537.53"
88.64.250.203 - - [10/Dec/2013:14:35:20 +0100] "GET /img/lay04.gif HTTP/1.1" 200 68 "http://www.dr-heidi-fleischer.de/impressum.php" "Mozilla/5.0 (iPad; CPU OS 7_0_3 like Mac OS X) AppleWebKit/537.51.1 (KHTML, like Gecko) Version/7.0 Mobile/11B511 Safari/9537.53"
88.64.250.203 - - [10/Dec/2013:14:35:20 +0100] "GET /img/left_bg.gif HTTP/1.1" 200 98 "http://www.dr-heidi-fleischer.de/impressum.php" "Mozilla/5.0 (iPad; CPU OS 7_0_3 like Mac OS X) AppleWebKit/537.51.1 (KHTML, like Gecko) Version/7.0 Mobile/11B511 Safari/9537.53"
88.64.250.203 - - [10/Dec/2013:14:35:20 +0100] "GET /img/lay09.gif HTTP/1.1" 200 135 "http://www.dr-heidi-fleischer.de/impressum.php" "Mozilla/5.0 (iPad; CPU OS 7_0_3 like Mac OS X) AppleWebKit/537.51.1 (KHTML, like Gecko) Version/7.0 Mobile/11B511 Safari/9537.53"
88.64.250.203 - - [10/Dec/2013:14:35:20 +0100] "GET /img/lay03.gif HTTP/1.1" 200 1060 "http://www.dr-heidi-fleischer.de/impressum.php" "Mozilla/5.0 (iPad; CPU OS 7_0_3 like Mac OS X) AppleWebKit/537.51.1 (KHTML, like Gecko) Version/7.0 Mobile/11B511 Safari/9537.53"
88.64.250.203 - - [10/Dec/2013:14:35:20 +0100] "GET /img/lay10.gif HTTP/1.1" 200 252 "http://www.dr-heidi-fleischer.de/impressum.php" "Mozilla/5.0 (iPad; CPU OS 7_0_3 like Mac OS X) AppleWebKit/537.51.1 (KHTML, like Gecko) Version/7.0 Mobile/11B511 Safari/9537.53"
88.64.250.203 - - [10/Dec/2013:14:35:20 +0100] "GET /img/bottom_bg.gif HTTP/1.1" 200 79 "http://www.dr-heidi-fleischer.de/impressum.php" "Mozilla/5.0 (iPad; CPU OS 7_0_3 like Mac OS X) AppleWebKit/537.51.1 (KHTML, like Gecko) Version/7.0 Mobile/11B511 Safari/9537.53"
66.249.76.142 - - [10/Dec/2013:15:42:15 +0100] "GET /kont.php HTTP/1.1" 200 8494 "-" "Mozilla/5.0 (iPhone; CPU iPhone OS 6_0 like Mac OS X) AppleWebKit/536.26 (KHTML, like Gecko) Version/6.0 Mobile/10A5376e Safari/8536.25 (compatible; Googlebot-Mobile/2.1; +http://www.google.com/bot.html)"
5.10.83.82 - - [10/Dec/2013:19:27:12 +0100] "GET /leistungen.php HTTP/1.1" 200 8056 "-" "Mozilla/5.0 (compatible; AhrefsBot/5.0; +http://ahrefs.com/robot/)"
54.196.103.112 - - [10/Dec/2013:19:31:43 +0100] "GET / HTTP/1.0" 200 9626 "-" "Mozilla/5.0 (compatible; NetcraftSurveyAgent/1.0; +info@netcraft.com)"
54.205.217.245 - - [11/Dec/2013:00:17:27 +0100] "GET / HTTP/1.0" 200 9626 "-" "Mozilla/5.0 (compatible; NetcraftSurveyAgent/1.0; +info@netcraft.com)"
208.115.111.66 - - [11/Dec/2013:01:14:03 +0100] "GET /robots.txt HTTP/1.1" 200 218 "-" "Mozilla/5.0 (compatible; Ezooms/1.0; help@moz.com)"
66.249.76.142 - - [11/Dec/2013:01:40:29 +0100] "GET / HTTP/1.1" 200 9626 "-" "Mozilla/5.0 (iPhone; CPU iPhone OS 6_0 like Mac OS X) AppleWebKit/536.26 (KHTML, like Gecko) Version/6.0 Mobile/10A5376e Safari/8536.25 (compatible; Googlebot-Mobile/2.1; +http://www.google.com/bot.html)"
141.8.147.12 - - [11/Dec/2013:01:58:22 +0100] "GET /robots.txt HTTP/1.1" 200 218 "-" "Mozilla/5.0 (compatible; YandexBot/3.0; +http://yandex.com/bots)"
5.10.83.3 - - [11/Dec/2013:02:36:36 +0100] "GET /anfahrt.php HTTP/1.1" 200 8074 "-" "Mozilla/5.0 (compatible; AhrefsBot/5.0; +http://ahrefs.com/robot/)"
66.249.76.142 - - [11/Dec/2013:03:09:00 +0100] "GET /leistungen.php HTTP/1.1" 200 8056 "-" "Mozilla/5.0 (iPhone; CPU iPhone OS 6_0 like Mac OS X) AppleWebKit/536.26 (KHTML, like Gecko) Version/6.0 Mobile/10A5376e Safari/8536.25 (compatible; Googlebot-Mobile/2.1; +http://www.google.com/bot.html)"
208.115.111.66 - - [11/Dec/2013:03:15:56 +0100] "GET /index.php HTTP/1.1" 200 9626 "-" "Mozilla/5.0 (compatible; Ezooms/1.0; help@moz.com)"
157.55.33.254 - - [11/Dec/2013:03:34:53 +0100] "GET /robots.txt HTTP/1.1" 200 218 "-" "Mozilla/5.0 (compatible; bingbot/2.0; +http://www.bing.com/bingbot.htm)"
157.55.33.254 - - [11/Dec/2013:03:35:24 +0100] "GET /anfahrt.php HTTP/1.1" 200 8074 "-" "Mozilla/5.0 (compatible; bingbot/2.0; +http://www.bing.com/bingbot.htm)"
208.115.113.88 - - [11/Dec/2013:04:08:11 +0100] "GET /robots.txt HTTP/1.1" 200 218 "-" "Mozilla/5.0 (compatible; Ezooms/1.0; help@moz.com)"
66.249.76.142 - - [11/Dec/2013:05:12:03 +0100] "GET /spez_leistungen.php HTTP/1.1" 200 7752 "-" "SAMSUNG-SGH-E250/1.0 Profile/MIDP-2.0 Configuration/CLDC-1.1 UP.Browser/6.2.3.3.c.1.101 (GUI) MMP/2.0 (compatible; Googlebot-Mobile/2.1; +http://www.google.com/bot.html)"
141.8.147.12 - - [11/Dec/2013:05:26:52 +0100] "GET /robots.txt HTTP/1.1" 200 218 "-" "Mozilla/5.0 (compatible; YandexBot/3.0; +http://yandex.com/bots)"
141.8.147.12 - - [11/Dec/2013:05:26:54 +0100] "GET / HTTP/1.1" 200 9626 "-" "Mozilla/5.0 (compatible; YandexBot/3.0; +http://yandex.com/bots)"
141.8.147.12 - - [11/Dec/2013:05:26:55 +0100] "GET / HTTP/1.1" 200 9626 "-" "Mozilla/5.0 (compatible; YandexBot/3.0; +http://yandex.com/bots)"
141.8.147.12 - - [11/Dec/2013:05:26:58 +0100] "GET / HTTP/1.1" 200 9626 "-" "Mozilla/5.0 (compatible; YandexBot/3.0; +http://yandex.com/bots)"
141.8.147.12 - - [11/Dec/2013:05:27:00 +0100] "GET / HTTP/1.1" 200 9626 "-" "Mozilla/5.0 (compatible; YandexBot/3.0; +http://yandex.com/bots)"
208.115.113.88 - - [11/Dec/2013:06:02:10 +0100] "GET /impressum.php HTTP/1.1" 200 8293 "-" "Mozilla/5.0 (compatible; Ezooms/1.0; help@moz.com)"
162.210.196.130 - - [11/Dec/2013:06:35:35 +0100] "GET /robots.txt HTTP/1.0" 200 218 "-" "Mozilla/5.0 (compatible; MJ12bot/v1.4.4; http://www.majestic12.co.uk/bot.php?+)"
162.210.196.130 - - [11/Dec/2013:06:35:36 +0100] "GET / HTTP/1.0" 200 9626 "-" "Mozilla/5.0 (compatible; MJ12bot/v1.4.4; http://www.majestic12.co.uk/bot.php?+)"
5.10.83.93 - - [11/Dec/2013:06:36:48 +0100] "GET /kont.php HTTP/1.1" 200 8494 "-" "Mozilla/5.0 (compatible; AhrefsBot/5.0; +http://ahrefs.com/robot/)"
66.249.76.142 - - [11/Dec/2013:06:40:49 +0100] "GET / HTTP/1.1" 200 9626 "-" "Mozilla/5.0 (compatible; Googlebot/2.1; +http://www.google.com/bot.html)"
192.109.50.229 - - [11/Dec/2013:09:04:19 +0100] "GET / HTTP/1.1" 200 9626 "-" "Mozilla/5.0 (Windows NT 5.1; rv:10.0.7) Gecko/20100101 Firefox/10.0.7"
192.109.50.229 - - [11/Dec/2013:09:04:19 +0100] "GET /scripte/all_scripts.js HTTP/1.1" 200 249 "http://www.dr-heidi-fleischer.de/" "Mozilla/5.0 (Windows NT 5.1; rv:10.0.7) Gecko/20100101 Firefox/10.0.7"
192.109.50.229 - - [11/Dec/2013:09:04:19 +0100] "GET /css/fl_style.css HTTP/1.1" 200 10194 "http://www.dr-heidi-fleischer.de/" "Mozilla/5.0 (Windows NT 5.1; rv:10.0.7) Gecko/20100101 Firefox/10.0.7"
192.109.50.233 - - [11/Dec/2013:09:04:20 +0100] "GET /css/fl_style.css HTTP/1.1" 200 10194 "http://www.dr-heidi-fleischer.de/" "Mozilla/5.0 (Windows NT 5.1; rv:10.0.7) Gecko/20100101 Firefox/10.0.7"
192.109.50.229 - - [11/Dec/2013:09:04:20 +0100] "GET /img/lay01.gif HTTP/1.1" 200 273 "http://www.dr-heidi-fleischer.de/" "Mozilla/5.0 (Windows NT 5.1; rv:10.0.7) Gecko/20100101 Firefox/10.0.7"
192.109.50.237 - - [11/Dec/2013:09:04:20 +0100] "GET /scripte/all_scripts.js HTTP/1.1" 200 249 "http://www.dr-heidi-fleischer.de/" "Mozilla/5.0 (Windows NT 5.1; rv:10.0.7) Gecko/20100101 Firefox/10.0.7"
192.109.50.237 - - [11/Dec/2013:09:04:20 +0100] "GET /img/f_1-p.gif HTTP/1.1" 200 43 "http://www.dr-heidi-fleischer.de/" "Mozilla/5.0 (Windows NT 5.1; rv:10.0.7) Gecko/20100101 Firefox/10.0.7"
192.109.50.229 - - [11/Dec/2013:09:04:20 +0100] "GET /img/lay07.gif HTTP/1.1" 200 453 "http://www.dr-heidi-fleischer.de/" "Mozilla/5.0 (Windows NT 5.1; rv:10.0.7) Gecko/20100101 Firefox/10.0.7"
192.109.50.228 - - [11/Dec/2013:09:04:20 +0100] "GET /img/lay06neu.gif HTTP/1.1" 200 583 "http://www.dr-heidi-fleischer.de/" "Mozilla/5.0 (Windows NT 5.1; rv:10.0.7) Gecko/20100101 Firefox/10.0.7"
192.109.50.233 - - [11/Dec/2013:09:04:20 +0100] "GET /img/tel_footer.gif HTTP/1.1" 200 1051 "http://www.dr-heidi-fleischer.de/" "Mozilla/5.0 (Windows NT 5.1; rv:10.0.7) Gecko/20100101 Firefox/10.0.7"
192.109.50.233 - - [11/Dec/2013:09:04:20 +0100] "GET /img/roll_trans2.gif HTTP/1.1" 200 609 "http://www.dr-heidi-fleischer.de/" "Mozilla/5.0 (Windows NT 5.1; rv:10.0.7) Gecko/20100101 Firefox/10.0.7"
192.109.50.229 - - [11/Dec/2013:09:04:20 +0100] "GET /img/lay08.gif HTTP/1.1" 200 534 "http://www.dr-heidi-fleischer.de/" "Mozilla/5.0 (Windows NT 5.1; rv:10.0.7) Gecko/20100101 Firefox/10.0.7"
192.109.50.228 - - [11/Dec/2013:09:04:20 +0100] "GET /img/lay16.gif HTTP/1.1" 200 309 "http://www.dr-heidi-fleischer.de/" "Mozilla/5.0 (Windows NT 5.1; rv:10.0.7) Gecko/20100101 Firefox/10.0.7"
192.109.50.228 - - [11/Dec/2013:09:04:20 +0100] "GET /img/zert_1.jpg HTTP/1.1" 200 6013 "http://www.dr-heidi-fleischer.de/" "Mozilla/5.0 (Windows NT 5.1; rv:10.0.7) Gecko/20100101 Firefox/10.0.7"
192.109.50.228 - - [11/Dec/2013:09:04:20 +0100] "GET /img/lay13.gif HTTP/1.1" 200 181 "http://www.dr-heidi-fleischer.de/" "Mozilla/5.0 (Windows NT 5.1; rv:10.0.7) Gecko/20100101 Firefox/10.0.7"
192.109.50.233 - - [11/Dec/2013:09:04:20 +0100] "GET /img/animated_favicon1.gif HTTP/1.1" 200 1808 "-" "Mozilla/5.0 (Windows NT 5.1; rv:10.0.7) Gecko/20100101 Firefox/10.0.7"
192.109.50.229 - - [11/Dec/2013:09:04:20 +0100] "GET /img/zert_1gross.jpg HTTP/1.1" 200 22004 "http://www.dr-heidi-fleischer.de/" "Mozilla/5.0 (Windows NT 5.1; rv:10.0.7) Gecko/20100101 Firefox/10.0.7"
192.109.50.237 - - [11/Dec/2013:09:04:20 +0100] "GET /img/roll_trans.gif HTTP/1.1" 200 609 "http://www.dr-heidi-fleischer.de/" "Mozilla/5.0 (Windows NT 5.1; rv:10.0.7) Gecko/20100101 Firefox/10.0.7"
192.109.50.233 - - [11/Dec/2013:09:04:20 +0100] "GET /img/lay09.gif HTTP/1.1" 200 135 "http://www.dr-heidi-fleischer.de/" "Mozilla/5.0 (Windows NT 5.1; rv:10.0.7) Gecko/20100101 Firefox/10.0.7"
192.109.50.234 - - [11/Dec/2013:09:04:20 +0100] "GET /img/dr_fleischer_ani.gif HTTP/1.1" 200 854042 "http://www.dr-heidi-fleischer.de/" "Mozilla/5.0 (Windows NT 5.1; rv:10.0.7) Gecko/20100101 Firefox/10.0.7"
192.109.50.228 - - [11/Dec/2013:09:04:20 +0100] "GET /img/hg_body.jpg HTTP/1.1" 200 2615 "http://www.dr-heidi-fleischer.de/css/fl_style.css" "Mozilla/5.0 (Windows NT 5.1; rv:10.0.7) Gecko/20100101 Firefox/10.0.7"
192.109.50.238 - - [11/Dec/2013:09:04:20 +0100] "GET /img/lay14.gif HTTP/1.1" 200 104 "http://www.dr-heidi-fleischer.de/" "Mozilla/5.0 (Windows NT 5.1; rv:10.0.7) Gecko/20100101 Firefox/10.0.7"
192.109.50.232 - - [11/Dec/2013:09:04:20 +0100] "GET /img/favicon.ico HTTP/1.1" 200 5430 "-" "Mozilla/5.0 (Windows NT 5.1; rv:10.0.7) Gecko/20100101 Firefox/10.0.7"
192.109.50.232 - - [11/Dec/2013:09:04:20 +0100] "GET /img/lay02.gif HTTP/1.1" 200 68 "http://www.dr-heidi-fleischer.de/" "Mozilla/5.0 (Windows NT 5.1; rv:10.0.7) Gecko/20100101 Firefox/10.0.7"
192.109.50.231 - - [11/Dec/2013:09:04:21 +0100] "GET /img/lay03.gif HTTP/1.1" 200 1060 "http://www.dr-heidi-fleischer.de/" "Mozilla/5.0 (Windows NT 5.1; rv:10.0.7) Gecko/20100101 Firefox/10.0.7"
192.109.50.231 - - [11/Dec/2013:09:04:21 +0100] "GET /img/lay04.gif HTTP/1.1" 200 68 "http://www.dr-heidi-fleischer.de/" "Mozilla/5.0 (Windows NT 5.1; rv:10.0.7) Gecko/20100101 Firefox/10.0.7"
192.109.50.233 - - [11/Dec/2013:09:04:21 +0100] "GET /img/lay05.gif HTTP/1.1" 200 331 "http://www.dr-heidi-fleischer.de/" "Mozilla/5.0 (Windows NT 5.1; rv:10.0.7) Gecko/20100101 Firefox/10.0.7"
192.109.50.238 - - [11/Dec/2013:09:04:21 +0100] "GET /img/left_bg2.gif HTTP/1.1" 200 176 "http://www.dr-heidi-fleischer.de/" "Mozilla/5.0 (Windows NT 5.1; rv:10.0.7) Gecko/20100101 Firefox/10.0.7"
192.109.50.234 - - [11/Dec/2013:09:04:21 +0100] "GET /img/lay10.gif HTTP/1.1" 200 252 "http://www.dr-heidi-fleischer.de/" "Mozilla/5.0 (Windows NT 5.1; rv:10.0.7) Gecko/20100101 Firefox/10.0.7"
192.109.50.234 - - [11/Dec/2013:09:04:21 +0100] "GET /img/bottom_bg.gif HTTP/1.1" 200 79 "http://www.dr-heidi-fleischer.de/" "Mozilla/5.0 (Windows NT 5.1; rv:10.0.7) Gecko/20100101 Firefox/10.0.7"
192.109.50.231 - - [11/Dec/2013:09:04:21 +0100] "GET /img/right_bg.jpg HTTP/1.1" 404 1256 "http://www.dr-heidi-fleischer.de/" "Mozilla/5.0 (Windows NT 5.1; rv:10.0.7) Gecko/20100101 Firefox/10.0.7"
192.109.50.232 - - [11/Dec/2013:09:04:21 +0100] "GET /img/hg_zahn2.gif HTTP/1.1" 200 20816 "http://www.dr-heidi-fleischer.de/" "Mozilla/5.0 (Windows NT 5.1; rv:10.0.7) Gecko/20100101 Firefox/10.0.7"
192.109.50.228 - - [11/Dec/2013:09:04:21 +0100] "GET /img/header_neu.gif HTTP/1.1" 200 32567 "http://www.dr-heidi-fleischer.de/css/fl_style.css" "Mozilla/5.0 (Windows NT 5.1; rv:10.0.7) Gecko/20100101 Firefox/10.0.7"
192.109.50.230 - - [11/Dec/2013:09:04:21 +0100] "GET /img/right_bg.gif HTTP/1.1" 200 76 "http://www.dr-heidi-fleischer.de/" "Mozilla/5.0 (Windows NT 5.1; rv:10.0.7) Gecko/20100101 Firefox/10.0.7"
192.109.50.233 - - [11/Dec/2013:09:04:21 +0100] "GET /img/left_bg.gif HTTP/1.1" 200 98 "http://www.dr-heidi-fleischer.de/" "Mozilla/5.0 (Windows NT 5.1; rv:10.0.7) Gecko/20100101 Firefox/10.0.7"
192.109.50.228 - - [11/Dec/2013:09:04:49 +0100] "GET /praxis.php HTTP/1.1" 200 7017 "http://www.dr-heidi-fleischer.de/" "Mozilla/5.0 (Windows NT 5.1; rv:10.0.7) Gecko/20100101 Firefox/10.0.7"
192.109.50.228 - - [11/Dec/2013:09:04:49 +0100] "GET /css/fl_style.css HTTP/1.1" 200 10194 "http://www.dr-heidi-fleischer.de/praxis.php" "Mozilla/5.0 (Windows NT 5.1; rv:10.0.7) Gecko/20100101 Firefox/10.0.7"
192.109.50.228 - - [11/Dec/2013:09:04:49 +0100] "GET /scripte/all_scripts.js HTTP/1.1" 200 249 "http://www.dr-heidi-fleischer.de/praxis.php" "Mozilla/5.0 (Windows NT 5.1; rv:10.0.7) Gecko/20100101 Firefox/10.0.7"
192.109.50.232 - - [11/Dec/2013:09:04:50 +0100] "GET /img/praxis_1.jpg HTTP/1.1" 200 39868 "http://www.dr-heidi-fleischer.de/praxis.php" "Mozilla/5.0 (Windows NT 5.1; rv:10.0.7) Gecko/20100101 Firefox/10.0.7"
192.109.50.228 - - [11/Dec/2013:09:04:50 +0100] "GET /img/praxis_3.jpg HTTP/1.1" 200 36951 "http://www.dr-heidi-fleischer.de/praxis.php" "Mozilla/5.0 (Windows NT 5.1; rv:10.0.7) Gecko/20100101 Firefox/10.0.7"
192.109.50.227 - - [11/Dec/2013:09:04:50 +0100] "GET /img/praxis_2.jpg HTTP/1.1" 200 30574 "http://www.dr-heidi-fleischer.de/praxis.php" "Mozilla/5.0 (Windows NT 5.1; rv:10.0.7) Gecko/20100101 Firefox/10.0.7"
192.109.50.232 - - [11/Dec/2013:09:04:50 +0100] "GET /img/right_bg.jpg HTTP/1.1" 404 1256 "http://www.dr-heidi-fleischer.de/praxis.php" "Mozilla/5.0 (Windows NT 5.1; rv:10.0.7) Gecko/20100101 Firefox/10.0.7"
192.109.50.227 - - [11/Dec/2013:09:05:00 +0100] "GET /leistungen.php HTTP/1.1" 200 8056 "http://www.dr-heidi-fleischer.de/praxis.php" "Mozilla/5.0 (Windows NT 5.1; rv:10.0.7) Gecko/20100101 Firefox/10.0.7"
192.109.50.227 - - [11/Dec/2013:09:05:00 +0100] "GET /scripte/all_scripts.js HTTP/1.1" 200 249 "http://www.dr-heidi-fleischer.de/leistungen.php" "Mozilla/5.0 (Windows NT 5.1; rv:10.0.7) Gecko/20100101 Firefox/10.0.7"
192.109.50.227 - - [11/Dec/2013:09:05:00 +0100] "GET /css/fl_style.css HTTP/1.1" 200 10194 "http://www.dr-heidi-fleischer.de/leistungen.php" "Mozilla/5.0 (Windows NT 5.1; rv:10.0.7) Gecko/20100101 Firefox/10.0.7"
192.109.50.231 - - [11/Dec/2013:09:05:00 +0100] "GET /img/leistungen_2.jpg HTTP/1.1" 200 13824 "http://www.dr-heidi-fleischer.de/leistungen.php" "Mozilla/5.0 (Windows NT 5.1; rv:10.0.7) Gecko/20100101 Firefox/10.0.7"
192.109.50.233 - - [11/Dec/2013:09:05:00 +0100] "GET /img/leistungen_1.jpg HTTP/1.1" 200 15190 "http://www.dr-heidi-fleischer.de/leistungen.php" "Mozilla/5.0 (Windows NT 5.1; rv:10.0.7) Gecko/20100101 Firefox/10.0.7"
192.109.50.235 - - [11/Dec/2013:09:05:19 +0100] "GET /spez_leistungen.php HTTP/1.1" 200 7752 "http://www.dr-heidi-fleischer.de/leistungen.php" "Mozilla/5.0 (Windows NT 5.1; rv:10.0.7) Gecko/20100101 Firefox/10.0.7"
192.109.50.235 - - [11/Dec/2013:09:05:19 +0100] "GET /css/fl_style.css HTTP/1.1" 200 10194 "http://www.dr-heidi-fleischer.de/spez_leistungen.php" "Mozilla/5.0 (Windows NT 5.1; rv:10.0.7) Gecko/20100101 Firefox/10.0.7"
192.109.50.235 - - [11/Dec/2013:09:05:19 +0100] "GET /scripte/all_scripts.js HTTP/1.1" 200 249 "http://www.dr-heidi-fleischer.de/spez_leistungen.php" "Mozilla/5.0 (Windows NT 5.1; rv:10.0.7) Gecko/20100101 Firefox/10.0.7"
192.109.50.227 - - [11/Dec/2013:09:05:19 +0100] "GET /img/spez_leistungen_2.jpg HTTP/1.1" 200 13667 "http://www.dr-heidi-fleischer.de/spez_leistungen.php" "Mozilla/5.0 (Windows NT 5.1; rv:10.0.7) Gecko/20100101 Firefox/10.0.7"
192.109.50.232 - - [11/Dec/2013:09:05:19 +0100] "GET /img/spez_leistungen_1.jpg HTTP/1.1" 200 18858 "http://www.dr-heidi-fleischer.de/spez_leistungen.php" "Mozilla/5.0 (Windows NT 5.1; rv:10.0.7) Gecko/20100101 Firefox/10.0.7"
192.109.50.228 - - [11/Dec/2013:09:05:30 +0100] "GET /index.php HTTP/1.1" 200 9626 "http://www.dr-heidi-fleischer.de/spez_leistungen.php" "Mozilla/5.0 (Windows NT 5.1; rv:10.0.7) Gecko/20100101 Firefox/10.0.7"
192.109.50.234 - - [11/Dec/2013:09:05:30 +0100] "GET /img/right_bg.jpg HTTP/1.1" 404 1256 "http://www.dr-heidi-fleischer.de/index.php" "Mozilla/5.0 (Windows NT 5.1; rv:10.0.7) Gecko/20100101 Firefox/10.0.7"
192.109.50.228 - - [11/Dec/2013:09:05:45 +0100] "GET /index.php HTTP/1.1" 200 9626 "-" "Mozilla/4.0 (compatible;)"
192.109.50.235 - - [11/Dec/2013:09:05:45 +0100] "GET /img/right_bg.jpg HTTP/1.1" 404 1256 "http://www.dr-heidi-fleischer.de/index.php" "Mozilla/5.0 (Windows NT 5.1; rv:10.0.7) Gecko/20100101 Firefox/10.0.7"
192.109.50.232 - - [11/Dec/2013:09:05:58 +0100] "GET /favicon.ico HTTP/1.1" 404 1256 "-" "Mozilla/5.0 (Windows NT 5.1; rv:10.0.7) Gecko/20100101 Firefox/10.0.7"
192.109.50.232 - - [11/Dec/2013:09:06:01 +0100] "GET /img/right_bg.jpg HTTP/1.1" 404 1256 "http://www.dr-heidi-fleischer.de/" "Mozilla/5.0 (Windows NT 5.1; rv:10.0.7) Gecko/20100101 Firefox/10.0.7"
5.10.83.93 - - [11/Dec/2013:11:13:43 +0100] "GET /index.php HTTP/1.1" 200 9626 "-" "Mozilla/5.0 (compatible; AhrefsBot/5.0; +http://ahrefs.com/robot/)"
208.115.113.83 - - [11/Dec/2013:11:17:51 +0100] "GET /robots.txt HTTP/1.1" 200 218 "-" "Mozilla/5.0 (compatible; Ezooms/1.0; help@moz.com)"
117.78.13.17 - - [11/Dec/2013:13:00:30 +0100] "GET /robots.txt HTTP/1.0" 200 218 "-" "nutch-1.4/Nutch-1.4"
117.78.13.17 - - [11/Dec/2013:13:00:35 +0100] "GET / HTTP/1.0" 200 9626 "-" "nutch-1.4/Nutch-1.4"
66.249.76.182 - - [11/Dec/2013:13:07:26 +0100] "GET /robots.txt HTTP/1.1" 200 218 "-" "Mozilla/5.0 (compatible; Googlebot/2.1; +http://www.google.com/bot.html)"
66.249.76.182 - - [11/Dec/2013:13:07:26 +0100] "GET / HTTP/1.1" 200 9626 "-" "Mozilla/5.0 (compatible; Googlebot/2.1; +http://www.google.com/bot.html)"
208.115.113.83 - - [11/Dec/2013:13:14:46 +0100] "GET /anfahrt.php HTTP/1.1" 200 8074 "-" "Mozilla/5.0 (compatible; Ezooms/1.0; help@moz.com)"
66.249.76.182 - - [11/Dec/2013:13:14:50 +0100] "GET /css/fl_style.css HTTP/1.1" 200 10194 "-" "Mozilla/5.0 (compatible; Googlebot/2.1; +http://www.google.com/bot.html)"
157.56.229.184 - - [11/Dec/2013:13:21:20 +0100] "GET /robots.txt HTTP/1.1" 200 218 "-" "Mozilla/5.0 (compatible; bingbot/2.0; +http://www.bing.com/bingbot.htm)"
157.56.229.184 - - [11/Dec/2013:13:25:22 +0100] "GET /praxis.php HTTP/1.1" 200 7017 "-" "Mozilla/5.0 (compatible; bingbot/2.0; +http://www.bing.com/bingbot.htm)"
66.249.76.142 - - [11/Dec/2013:13:43:25 +0100] "GET /robots.txt HTTP/1.1" 200 218 "-" "Mozilla/5.0 (compatible; Googlebot/2.1; +http://www.google.com/bot.html)"
66.249.76.142 - - [11/Dec/2013:13:43:25 +0100] "GET /impressum.php HTTP/1.1" 200 8293 "-" "Mozilla/5.0 (iPhone; CPU iPhone OS 6_0 like Mac OS X) AppleWebKit/536.26 (KHTML, like Gecko) Version/6.0 Mobile/10A5376e Safari/8536.25 (compatible; Googlebot-Mobile/2.1; +http://www.google.com/bot.html)"
66.249.78.38 - - [11/Dec/2013:14:53:33 +0100] "GET /robots.txt HTTP/1.1" 200 218 "-" "Mozilla/5.0 (compatible; Googlebot/2.1; +http://www.google.com/bot.html)"
66.249.78.38 - - [11/Dec/2013:14:53:33 +0100] "GET / HTTP/1.1" 200 9626 "-" "Mozilla/5.0 (compatible; Googlebot/2.1; +http://www.google.com/bot.html)"
66.249.78.38 - - [11/Dec/2013:14:54:47 +0100] "GET /css/fl_style.css HTTP/1.1" 200 10194 "-" "Mozilla/5.0 (compatible; Googlebot/2.1; +http://www.google.com/bot.html)"
157.55.32.166 - - [11/Dec/2013:19:12:42 +0100] "GET /robots.txt HTTP/1.1" 200 218 "-" "Mozilla/5.0 (compatible; bingbot/2.0; +http://www.bing.com/bingbot.htm)"
184.73.253.242 - - [11/Dec/2013:19:28:49 +0100] "GET / HTTP/1.1" 200 9626 "-" "Java/1.7.0_25"
184.73.253.242 - - [11/Dec/2013:19:28:50 +0100] "GET /anfahrt.php HTTP/1.1" 200 8074 "-" "Java/1.7.0_25"
184.73.253.242 - - [11/Dec/2013:19:28:50 +0100] "GET /datenschutz.php HTTP/1.1" 404 1256 "-" "Java/1.7.0_25"
184.73.253.242 - - [11/Dec/2013:19:28:50 +0100] "GET /impressum.php HTTP/1.1" 200 8293 "-" "Java/1.7.0_25"
184.73.253.242 - - [11/Dec/2013:19:28:51 +0100] "GET /index.php HTTP/1.1" 200 9626 "-" "Java/1.7.0_25"
184.73.253.242 - - [11/Dec/2013:19:28:51 +0100] "GET /kont.php HTTP/1.1" 200 8494 "-" "Java/1.7.0_25"
184.73.253.242 - - [11/Dec/2013:19:28:51 +0100] "GET /leistungen.php HTTP/1.1" 200 8056 "-" "Java/1.7.0_25"
184.73.253.242 - - [11/Dec/2013:19:28:51 +0100] "GET /praxis.php HTTP/1.1" 200 7017 "-" "Java/1.7.0_25"
184.73.253.242 - - [11/Dec/2013:19:28:52 +0100] "GET /spez_leistungen.php HTTP/1.1" 200 7752 "-" "Java/1.7.0_25"
184.73.253.242 - - [11/Dec/2013:19:28:52 +0100] "GET /scripte/all_scripts.js HTTP/1.1" 200 249 "-" "Java/1.7.0_25"
157.55.32.166 - - [11/Dec/2013:20:10:08 +0100] "GET /spez_leistungen.php HTTP/1.1" 200 7752 "-" "Mozilla/5.0 (compatible; bingbot/2.0; +http://www.bing.com/bingbot.htm)"
157.55.35.97 - - [11/Dec/2013:22:00:56 +0100] "GET /robots.txt HTTP/1.1" 200 218 "-" "Mozilla/5.0 (compatible; bingbot/2.0; +http://www.bing.com/bingbot.htm)"
157.55.35.97 - - [11/Dec/2013:22:06:29 +0100] "GET / HTTP/1.1" 200 9626 "-" "Mozilla/5.0 (compatible; bingbot/2.0; +http://www.bing.com/bingbot.htm)"
192.109.50.228 - - [11/Dec/2013:23:29:47 +0100] "GET /index.php HTTP/1.1" 200 9626 "-" "Mozilla/4.0 (compatible;)"
192.109.50.228 - - [11/Dec/2013:23:29:47 +0100] "GET /css/fl_style.css HTTP/1.1" 200 10194 "http://www.dr-heidi-fleischer.de/index.php" "Mozilla/4.0 (compatible;)"
65.55.24.221 - - [12/Dec/2013:00:02:59 +0100] "GET /robots.txt HTTP/1.1" 200 218 "-" "Mozilla/5.0 (compatible; bingbot/2.0; +http://www.bing.com/bingbot.htm)"
157.55.33.251 - - [12/Dec/2013:00:11:50 +0100] "GET /kont.php HTTP/1.1" 200 8494 "-" "Mozilla/5.0 (compatible; bingbot/2.0; +http://www.bing.com/bingbot.htm)"
157.55.33.178 - - [12/Dec/2013:00:19:07 +0100] "GET /index.php HTTP/1.1" 200 9626 "-" "Mozilla/5.0 (compatible; bingbot/2.0; +http://www.bing.com/bingbot.htm)"
157.55.33.178 - - [12/Dec/2013:00:19:08 +0100] "GET / HTTP/1.1" 200 9626 "-" "Mozilla/5.0 (compatible; bingbot/2.0; +http://www.bing.com/bingbot.htm)"
157.55.33.178 - - [12/Dec/2013:00:19:08 +0100] "GET /praxis.php HTTP/1.1" 200 7017 "-" "Mozilla/5.0 (compatible; bingbot/2.0; +http://www.bing.com/bingbot.htm)"
65.55.24.221 - - [12/Dec/2013:00:28:20 +0100] "GET /impressum.php HTTP/1.1" 200 8293 "-" "Mozilla/5.0 (compatible; bingbot/2.0; +http://www.bing.com/bingbot.htm)"
5.10.83.91 - - [12/Dec/2013:01:31:12 +0100] "GET /impressum.php HTTP/1.1" 200 8293 "-" "Mozilla/5.0 (compatible; AhrefsBot/5.0; +http://ahrefs.com/robot/)"
66.249.78.38 - - [12/Dec/2013:02:08:12 +0100] "GET / HTTP/1.1" 200 9626 "-" "Mozilla/5.0 (iPhone; CPU iPhone OS 6_0 like Mac OS X) AppleWebKit/536.26 (KHTML, like Gecko) Version/6.0 Mobile/10A5376e Safari/8536.25 (compatible; Googlebot-Mobile/2.1; +http://www.google.com/bot.html)"
66.249.78.38 - - [12/Dec/2013:05:30:59 +0100] "GET /spez_leistungen.php HTTP/1.1" 200 7752 "-" "Mozilla/5.0 (iPhone; CPU iPhone OS 6_0 like Mac OS X) AppleWebKit/536.26 (KHTML, like Gecko) Version/6.0 Mobile/10A5376e Safari/8536.25 (compatible; Googlebot-Mobile/2.1; +http://www.google.com/bot.html)"
66.249.78.231 - - [12/Dec/2013:08:50:20 +0100] "GET /robots.txt HTTP/1.1" 200 218 "-" "Mozilla/5.0 (compatible; Googlebot/2.1; +http://www.google.com/bot.html)"
66.249.78.231 - - [12/Dec/2013:08:50:20 +0100] "GET / HTTP/1.1" 200 9626 "-" "SAMSUNG-SGH-E250/1.0 Profile/MIDP-2.0 Configuration/CLDC-1.1 UP.Browser/6.2.3.3.c.1.101 (GUI) MMP/2.0 (compatible; Googlebot-Mobile/2.1; +http://www.google.com/bot.html)"
208.115.111.66 - - [12/Dec/2013:09:14:27 +0100] "GET /robots.txt HTTP/1.1" 200 218 "-" "Mozilla/5.0 (compatible; Ezooms/1.0; help@moz.com)"
5.10.83.66 - - [12/Dec/2013:09:35:00 +0100] "GET /praxis.php HTTP/1.1" 200 7017 "-" "Mozilla/5.0 (compatible; AhrefsBot/5.0; +http://ahrefs.com/robot/)"
208.115.111.66 - - [12/Dec/2013:09:36:36 +0100] "GET / HTTP/1.1" 200 9626 "-" "Mozilla/5.0 (compatible; Ezooms/1.0; help@moz.com)"
66.249.78.231 - - [12/Dec/2013:11:11:17 +0100] "GET / HTTP/1.1" 200 9626 "-" "SAMSUNG-SGH-E250/1.0 Profile/MIDP-2.0 Configuration/CLDC-1.1 UP.Browser/6.2.3.3.c.1.101 (GUI) MMP/2.0 (compatible; Googlebot-Mobile/2.1; +http://www.google.com/bot.html)"
217.151.159.250 - - [12/Dec/2013:11:39:50 +0100] "GET / HTTP/1.0" 200 9626 "http://www.google.de/url?sa=t&rct=j&q=&esrc=s&source=web&cd=8&ved=0CHAQFjAH&url=http%3A%2F%2Fwww.dr-heidi-fleischer.de%2F&ei=wZGpUoKsCdL5yAOdg4GYCQ&usg=AFQjCNFtUEW4ruGRBkbh9xWO3kO7xPGlWQ&bvm=bv.57967247,d.bGQ" "Mozilla/5.0 (Windows NT 5.2; rv:23.0) Gecko/20100101 Firefox/23.0"
217.151.159.250 - - [12/Dec/2013:11:39:53 +0100] "GET /css/fl_style.css HTTP/1.0" 200 10194 "http://www.dr-heidi-fleischer.de/" "Mozilla/5.0 (Windows NT 5.2; rv:23.0) Gecko/20100101 Firefox/23.0"
217.151.159.250 - - [12/Dec/2013:11:39:53 +0100] "GET /scripte/all_scripts.js HTTP/1.0" 200 249 "http://www.dr-heidi-fleischer.de/" "Mozilla/5.0 (Windows NT 5.2; rv:23.0) Gecko/20100101 Firefox/23.0"
217.151.159.250 - - [12/Dec/2013:11:39:53 +0100] "GET /img/lay01.gif HTTP/1.0" 200 273 "http://www.dr-heidi-fleischer.de/" "Mozilla/5.0 (Windows NT 5.2; rv:23.0) Gecko/20100101 Firefox/23.0"
217.151.159.250 - - [12/Dec/2013:11:39:53 +0100] "GET /img/tel_footer.gif HTTP/1.0" 200 1051 "http://www.dr-heidi-fleischer.de/" "Mozilla/5.0 (Windows NT 5.2; rv:23.0) Gecko/20100101 Firefox/23.0"
217.151.159.250 - - [12/Dec/2013:11:39:53 +0100] "GET /img/lay06neu.gif HTTP/1.0" 200 583 "http://www.dr-heidi-fleischer.de/" "Mozilla/5.0 (Windows NT 5.2; rv:23.0) Gecko/20100101 Firefox/23.0"
217.151.159.250 - - [12/Dec/2013:11:39:53 +0100] "GET /img/f_1-p.gif HTTP/1.0" 200 43 "http://www.dr-heidi-fleischer.de/" "Mozilla/5.0 (Windows NT 5.2; rv:23.0) Gecko/20100101 Firefox/23.0"
217.151.159.250 - - [12/Dec/2013:11:39:53 +0100] "GET /img/lay07.gif HTTP/1.0" 200 453 "http://www.dr-heidi-fleischer.de/" "Mozilla/5.0 (Windows NT 5.2; rv:23.0) Gecko/20100101 Firefox/23.0"
217.151.159.250 - - [12/Dec/2013:11:39:53 +0100] "GET /img/zert_1.jpg HTTP/1.0" 200 6013 "http://www.dr-heidi-fleischer.de/" "Mozilla/5.0 (Windows NT 5.2; rv:23.0) Gecko/20100101 Firefox/23.0"
217.151.159.250 - - [12/Dec/2013:11:39:53 +0100] "GET /img/roll_trans.gif HTTP/1.0" 200 609 "http://www.dr-heidi-fleischer.de/" "Mozilla/5.0 (Windows NT 5.2; rv:23.0) Gecko/20100101 Firefox/23.0"
217.151.159.250 - - [12/Dec/2013:11:39:53 +0100] "GET /img/lay16.gif HTTP/1.0" 200 309 "http://www.dr-heidi-fleischer.de/" "Mozilla/5.0 (Windows NT 5.2; rv:23.0) Gecko/20100101 Firefox/23.0"
217.151.159.250 - - [12/Dec/2013:11:39:53 +0100] "GET /img/roll_trans2.gif HTTP/1.0" 200 609 "http://www.dr-heidi-fleischer.de/" "Mozilla/5.0 (Windows NT 5.2; rv:23.0) Gecko/20100101 Firefox/23.0"
217.151.159.250 - - [12/Dec/2013:11:39:53 +0100] "GET /img/lay08.gif HTTP/1.0" 200 534 "http://www.dr-heidi-fleischer.de/" "Mozilla/5.0 (Windows NT 5.2; rv:23.0) Gecko/20100101 Firefox/23.0"
217.151.159.250 - - [12/Dec/2013:11:39:53 +0100] "GET /img/lay09.gif HTTP/1.0" 200 135 "http://www.dr-heidi-fleischer.de/" "Mozilla/5.0 (Windows NT 5.2; rv:23.0) Gecko/20100101 Firefox/23.0"
217.151.159.250 - - [12/Dec/2013:11:39:54 +0100] "GET /img/lay13.gif HTTP/1.0" 200 181 "http://www.dr-heidi-fleischer.de/" "Mozilla/5.0 (Windows NT 5.2; rv:23.0) Gecko/20100101 Firefox/23.0"
217.151.159.250 - - [12/Dec/2013:11:39:54 +0100] "GET /img/lay14.gif HTTP/1.0" 200 104 "http://www.dr-heidi-fleischer.de/" "Mozilla/5.0 (Windows NT 5.2; rv:23.0) Gecko/20100101 Firefox/23.0"
217.151.159.250 - - [12/Dec/2013:11:39:54 +0100] "GET /img/hg_body.jpg HTTP/1.0" 200 2615 "http://www.dr-heidi-fleischer.de/css/fl_style.css" "Mozilla/5.0 (Windows NT 5.2; rv:23.0) Gecko/20100101 Firefox/23.0"
217.151.159.250 - - [12/Dec/2013:11:39:54 +0100] "GET /img/lay02.gif HTTP/1.0" 200 68 "http://www.dr-heidi-fleischer.de/" "Mozilla/5.0 (Windows NT 5.2; rv:23.0) Gecko/20100101 Firefox/23.0"
217.151.159.250 - - [12/Dec/2013:11:39:54 +0100] "GET /img/zert_1gross.jpg HTTP/1.0" 200 22004 "http://www.dr-heidi-fleischer.de/" "Mozilla/5.0 (Windows NT 5.2; rv:23.0) Gecko/20100101 Firefox/23.0"
217.151.159.250 - - [12/Dec/2013:11:39:54 +0100] "GET /img/lay03.gif HTTP/1.0" 200 1060 "http://www.dr-heidi-fleischer.de/" "Mozilla/5.0 (Windows NT 5.2; rv:23.0) Gecko/20100101 Firefox/23.0"
217.151.159.250 - - [12/Dec/2013:11:39:54 +0100] "GET /img/lay04.gif HTTP/1.0" 200 68 "http://www.dr-heidi-fleischer.de/" "Mozilla/5.0 (Windows NT 5.2; rv:23.0) Gecko/20100101 Firefox/23.0"
217.151.159.250 - - [12/Dec/2013:11:39:53 +0100] "GET /img/dr_fleischer_ani.gif HTTP/1.0" 200 854042 "http://www.dr-heidi-fleischer.de/" "Mozilla/5.0 (Windows NT 5.2; rv:23.0) Gecko/20100101 Firefox/23.0"
217.151.159.250 - - [12/Dec/2013:11:39:54 +0100] "GET /img/lay05.gif HTTP/1.0" 200 331 "http://www.dr-heidi-fleischer.de/" "Mozilla/5.0 (Windows NT 5.2; rv:23.0) Gecko/20100101 Firefox/23.0"
217.151.159.250 - - [12/Dec/2013:11:39:54 +0100] "GET /img/left_bg2.gif HTTP/1.0" 200 176 "http://www.dr-heidi-fleischer.de/" "Mozilla/5.0 (Windows NT 5.2; rv:23.0) Gecko/20100101 Firefox/23.0"
217.151.159.250 - - [12/Dec/2013:11:39:54 +0100] "GET /img/right_bg.jpg HTTP/1.0" 404 1256 "http://www.dr-heidi-fleischer.de/" "Mozilla/5.0 (Windows NT 5.2; rv:23.0) Gecko/20100101 Firefox/23.0"
217.151.159.250 - - [12/Dec/2013:11:39:54 +0100] "GET /img/header_neu.gif HTTP/1.0" 200 32567 "http://www.dr-heidi-fleischer.de/css/fl_style.css" "Mozilla/5.0 (Windows NT 5.2; rv:23.0) Gecko/20100101 Firefox/23.0"
217.151.159.250 - - [12/Dec/2013:11:39:54 +0100] "GET /img/left_bg.gif HTTP/1.0" 200 98 "http://www.dr-heidi-fleischer.de/" "Mozilla/5.0 (Windows NT 5.2; rv:23.0) Gecko/20100101 Firefox/23.0"
217.151.159.250 - - [12/Dec/2013:11:39:54 +0100] "GET /img/right_bg.gif HTTP/1.0" 200 76 "http://www.dr-heidi-fleischer.de/" "Mozilla/5.0 (Windows NT 5.2; rv:23.0) Gecko/20100101 Firefox/23.0"
217.151.159.250 - - [12/Dec/2013:11:39:54 +0100] "GET /img/hg_zahn2.gif HTTP/1.0" 200 20816 "http://www.dr-heidi-fleischer.de/" "Mozilla/5.0 (Windows NT 5.2; rv:23.0) Gecko/20100101 Firefox/23.0"
217.151.159.250 - - [12/Dec/2013:11:39:54 +0100] "GET /img/lay10.gif HTTP/1.0" 200 252 "http://www.dr-heidi-fleischer.de/" "Mozilla/5.0 (Windows NT 5.2; rv:23.0) Gecko/20100101 Firefox/23.0"
217.151.159.250 - - [12/Dec/2013:11:39:54 +0100] "GET /img/bottom_bg.gif HTTP/1.0" 200 79 "http://www.dr-heidi-fleischer.de/" "Mozilla/5.0 (Windows NT 5.2; rv:23.0) Gecko/20100101 Firefox/23.0"
217.151.159.250 - - [12/Dec/2013:11:39:54 +0100] "GET /img/animated_favicon1.gif HTTP/1.0" 200 1808 "-" "Mozilla/5.0 (Windows NT 5.2; rv:23.0) Gecko/20100101 Firefox/23.0"
217.151.159.250 - - [12/Dec/2013:11:40:02 +0100] "GET /impressum.php HTTP/1.0" 200 8293 "http://www.dr-heidi-fleischer.de/" "Mozilla/5.0 (Windows NT 5.2; rv:23.0) Gecko/20100101 Firefox/23.0"
217.151.159.250 - - [12/Dec/2013:11:40:02 +0100] "GET /img/spez_leistungen_2.jpg HTTP/1.0" 200 13667 "http://www.dr-heidi-fleischer.de/impressum.php" "Mozilla/5.0 (Windows NT 5.2; rv:23.0) Gecko/20100101 Firefox/23.0"
217.151.159.250 - - [12/Dec/2013:11:40:09 +0100] "GET /img/favicon.ico HTTP/1.0" 200 5430 "-" "Mozilla/5.0 (Windows NT 5.2; rv:23.0) Gecko/20100101 Firefox/23.0"
217.151.159.250 - - [12/Dec/2013:11:40:09 +0100] "GET /favicon.ico HTTP/1.0" 404 1256 "-" "Mozilla/5.0 (Windows NT 5.2; rv:23.0) Gecko/20100101 Firefox/23.0"
217.151.159.250 - - [12/Dec/2013:11:40:12 +0100] "GET /leistungen.php HTTP/1.0" 200 8056 "http://www.dr-heidi-fleischer.de/" "Mozilla/5.0 (Windows NT 5.2; rv:23.0) Gecko/20100101 Firefox/23.0"
217.151.159.250 - - [12/Dec/2013:11:40:12 +0100] "GET /img/leistungen_2.jpg HTTP/1.0" 200 13824 "http://www.dr-heidi-fleischer.de/leistungen.php" "Mozilla/5.0 (Windows NT 5.2; rv:23.0) Gecko/20100101 Firefox/23.0"
217.151.159.250 - - [12/Dec/2013:11:40:12 +0100] "GET /img/leistungen_1.jpg HTTP/1.0" 200 15190 "http://www.dr-heidi-fleischer.de/leistungen.php" "Mozilla/5.0 (Windows NT 5.2; rv:23.0) Gecko/20100101 Firefox/23.0"
217.151.159.250 - - [12/Dec/2013:11:40:21 +0100] "GET /spez_leistungen.php HTTP/1.0" 200 7752 "http://www.dr-heidi-fleischer.de/leistungen.php" "Mozilla/5.0 (Windows NT 5.2; rv:23.0) Gecko/20100101 Firefox/23.0"
217.151.159.250 - - [12/Dec/2013:11:40:21 +0100] "GET /img/spez_leistungen_1.jpg HTTP/1.0" 200 18858 "http://www.dr-heidi-fleischer.de/spez_leistungen.php" "Mozilla/5.0 (Windows NT 5.2; rv:23.0) Gecko/20100101 Firefox/23.0"
217.151.159.250 - - [12/Dec/2013:11:40:28 +0100] "GET /impressum.php HTTP/1.0" 200 8293 "http://www.dr-heidi-fleischer.de/spez_leistungen.php" "Mozilla/5.0 (Windows NT 5.2; rv:23.0) Gecko/20100101 Firefox/23.0"
217.151.159.250 - - [12/Dec/2013:11:41:58 +0100] "GET /img/right_bg.jpg HTTP/1.0" 404 1256 "http://www.dr-heidi-fleischer.de/" "Mozilla/5.0 (Windows NT 5.2; rv:23.0) Gecko/20100101 Firefox/23.0"
108.59.8.70 - - [12/Dec/2013:12:36:43 +0100] "GET /robots.txt HTTP/1.0" 200 218 "-" "Mozilla/5.0 (compatible; MJ12bot/v1.4.4; http://www.majestic12.co.uk/bot.php?+)"
108.59.8.70 - - [12/Dec/2013:12:36:44 +0100] "GET /anfahrt.php HTTP/1.0" 200 8074 "-" "Mozilla/5.0 (compatible; MJ12bot/v1.4.4; http://www.majestic12.co.uk/bot.php?+)"
108.59.8.70 - - [12/Dec/2013:12:36:46 +0100] "GET /impressum.php HTTP/1.0" 200 8293 "-" "Mozilla/5.0 (compatible; MJ12bot/v1.4.4; http://www.majestic12.co.uk/bot.php?+)"
108.59.8.70 - - [12/Dec/2013:12:36:47 +0100] "GET /index.php HTTP/1.0" 200 9626 "-" "Mozilla/5.0 (compatible; MJ12bot/v1.4.4; http://www.majestic12.co.uk/bot.php?+)"
108.59.8.70 - - [12/Dec/2013:12:36:49 +0100] "GET /kont.php HTTP/1.0" 200 8494 "-" "Mozilla/5.0 (compatible; MJ12bot/v1.4.4; http://www.majestic12.co.uk/bot.php?+)"
66.249.78.38 - - [12/Dec/2013:15:16:40 +0100] "GET /robots.txt HTTP/1.1" 200 218 "-" "Mozilla/5.0 (compatible; Googlebot/2.1; +http://www.google.com/bot.html)"
66.249.78.38 - - [12/Dec/2013:15:16:40 +0100] "GET /anfahrt.php HTTP/1.1" 200 8074 "-" "Mozilla/5.0 (iPhone; CPU iPhone OS 6_0 like Mac OS X) AppleWebKit/536.26 (KHTML, like Gecko) Version/6.0 Mobile/10A5376e Safari/8536.25 (compatible; Googlebot-Mobile/2.1; +http://www.google.com/bot.html)"
