212.184.142.120 - - [06/Jun/2013:10:48:50 +0200] "GET /favicon.ico HTTP/1.1" 404 1256 "-" "Mozilla/5.0 (compatible; MSIE 10.0; Windows NT 6.1; Trident/6.0)"
173.199.119.43 - - [06/Jun/2013:11:25:48 +0200] "GET /seiten/ausbildung.htm HTTP/1.1" 200 2131 "-" "Mozilla/5.0 (compatible; AhrefsBot/4.0; +http://ahrefs.com/robot/)"
157.56.93.74 - - [06/Jun/2013:12:12:05 +0200] "GET /robots.txt HTTP/1.1" 404 1256 "-" "Mozilla/5.0 (compatible; bingbot/2.0; +http://www.bing.com/bingbot.htm)"
157.56.93.74 - - [06/Jun/2013:12:13:04 +0200] "GET /seiten/impressum.htm HTTP/1.1" 200 4734 "-" "Mozilla/5.0 (compatible; bingbot/2.0; +http://www.bing.com/bingbot.htm)"
66.249.78.202 - - [06/Jun/2013:13:21:03 +0200] "GET /robots.txt HTTP/1.1" 404 1256 "-" "Mozilla/5.0 (compatible; Googlebot/2.1; +http://www.google.com/bot.html)"
66.249.78.202 - - [06/Jun/2013:13:21:03 +0200] "GET /seiten/referenzen_maler.htm HTTP/1.1" 200 51839 "-" "SAMSUNG-SGH-E250/1.0 Profile/MIDP-2.0 Configuration/CLDC-1.1 UP.Browser/6.2.3.3.c.1.101 (GUI) MMP/2.0 (compatible; Googlebot-Mobile/2.1; +http://www.google.com/bot.html)"
157.55.32.153 - - [06/Jun/2013:13:58:15 +0200] "GET /robots.txt HTTP/1.1" 404 1256 "-" "Mozilla/5.0 (compatible; bingbot/2.0; +http://www.bing.com/bingbot.htm)"
157.55.32.153 - - [06/Jun/2013:13:58:46 +0200] "GET /seiten/ausbildung.htm HTTP/1.1" 304 - "-" "Mozilla/5.0 (compatible; bingbot/2.0; +http://www.bing.com/bingbot.htm)"
208.115.111.72 - - [06/Jun/2013:14:56:52 +0200] "GET /robots.txt HTTP/1.1" 404 1256 "-" "Mozilla/5.0 (compatible; Ezooms/1.0; ezooms.bot@gmail.com)"
157.55.32.153 - - [06/Jun/2013:14:59:39 +0200] "GET /robots.txt HTTP/1.1" 404 1256 "-" "Mozilla/5.0 (compatible; bingbot/2.0; +http://www.bing.com/bingbot.htm)"
157.55.32.153 - - [06/Jun/2013:15:02:01 +0200] "GET /seiten/ausbildung.htm HTTP/1.1" 304 - "-" "Mozilla/5.0 (compatible; bingbot/2.0; +http://www.bing.com/bingbot.htm)"
173.199.119.43 - - [06/Jun/2013:15:03:08 +0200] "GET /seiten/ausbildung2.htm HTTP/1.1" 200 4821 "-" "Mozilla/5.0 (compatible; AhrefsBot/4.0; +http://ahrefs.com/robot/)"
66.249.78.202 - - [06/Jun/2013:15:22:43 +0200] "GET / HTTP/1.1" 200 1775 "-" "Mozilla/5.0 (iPhone; U; CPU iPhone OS 4_1 like Mac OS X; en-us) AppleWebKit/532.9 (KHTML, like Gecko) Version/4.0.5 Mobile/8B117 Safari/6531.22.7 (compatible; Googlebot-Mobile/2.1; +http://www.google.com/bot.html)"
5.10.183.226 - - [06/Jun/2013:15:43:55 +0200] "GET /seiten/start.htm HTTP/1.1" 200 9376 "http://www.google.de/url?sa=t&rct=j&q=frb-fassaden%20renovierungs%20gmbh%20berlin&source=web&cd=1&ved=0CDwQFjAA&url=http%3A%2F%2Fwww.frb-berlin.de%2Fseiten%2Fstart.htm&ei=6pGwUeblNMjaOpOzgMgM&usg=AFQjCNFKdDpMIqQe8bjzwFYMy-X1RU9gig" "Mozilla/5.0 (compatible; MSIE 9.0; Windows NT 6.1; WOW64; Trident/5.0)"
5.10.183.226 - - [06/Jun/2013:15:43:55 +0200] "GET /css/style.css HTTP/1.1" 200 8567 "http://www.frb-berlin.de/seiten/start.htm" "Mozilla/5.0 (compatible; MSIE 9.0; Windows NT 6.1; WOW64; Trident/5.0)"
5.10.183.226 - - [06/Jun/2013:15:43:55 +0200] "GET /css/style.css HTTP/1.1" 200 8567 "http://www.frb-berlin.de/seiten/start.htm" "Mozilla/5.0 (compatible; MSIE 9.0; Windows NT 6.1; WOW64; Trident/5.0)"
5.10.183.226 - - [06/Jun/2013:15:43:55 +0200] "GET /img/head.jpg HTTP/1.1" 200 5932 "http://www.frb-berlin.de/seiten/start.htm" "Mozilla/5.0 (compatible; MSIE 9.0; Windows NT 6.1; WOW64; Trident/5.0)"
5.10.183.226 - - [06/Jun/2013:15:43:55 +0200] "GET /img/over_logo.jpg HTTP/1.1" 200 5315 "http://www.frb-berlin.de/seiten/start.htm" "Mozilla/5.0 (compatible; MSIE 9.0; Windows NT 6.1; WOW64; Trident/5.0)"
5.10.183.226 - - [06/Jun/2013:15:43:55 +0200] "GET /img/1px.gif HTTP/1.1" 200 43 "http://www.frb-berlin.de/seiten/start.htm" "Mozilla/5.0 (compatible; MSIE 9.0; Windows NT 6.1; WOW64; Trident/5.0)"
5.10.183.226 - - [06/Jun/2013:15:43:55 +0200] "GET /scripte/menu_elemente.js HTTP/1.1" 200 18006 "http://www.frb-berlin.de/seiten/start.htm" "Mozilla/5.0 (compatible; MSIE 9.0; Windows NT 6.1; WOW64; Trident/5.0)"
5.10.183.226 - - [06/Jun/2013:15:43:55 +0200] "GET /scripte/menu_start.js HTTP/1.1" 200 31217 "http://www.frb-berlin.de/seiten/start.htm" "Mozilla/5.0 (compatible; MSIE 9.0; Windows NT 6.1; WOW64; Trident/5.0)"
5.10.183.226 - - [06/Jun/2013:15:43:55 +0200] "GET /img/lay03.jpg HTTP/1.1" 200 15205 "http://www.frb-berlin.de/seiten/start.htm" "Mozilla/5.0 (compatible; MSIE 9.0; Windows NT 6.1; WOW64; Trident/5.0)"
5.10.183.226 - - [06/Jun/2013:15:43:55 +0200] "GET /seiten/main.htm HTTP/1.1" 200 2319 "http://www.frb-berlin.de/seiten/start.htm" "Mozilla/5.0 (compatible; MSIE 9.0; Windows NT 6.1; WOW64; Trident/5.0)"
5.10.183.226 - - [06/Jun/2013:15:43:55 +0200] "GET /img/lay12.jpg HTTP/1.1" 200 394 "http://www.frb-berlin.de/seiten/start.htm" "Mozilla/5.0 (compatible; MSIE 9.0; Windows NT 6.1; WOW64; Trident/5.0)"
5.10.183.226 - - [06/Jun/2013:15:43:55 +0200] "GET /img/lay08.jpg HTTP/1.1" 200 10212 "http://www.frb-berlin.de/seiten/start.htm" "Mozilla/5.0 (compatible; MSIE 9.0; Windows NT 6.1; WOW64; Trident/5.0)"
5.10.183.226 - - [06/Jun/2013:15:43:55 +0200] "GET /img/lay10.jpg HTTP/1.1" 200 12856 "http://www.frb-berlin.de/seiten/start.htm" "Mozilla/5.0 (compatible; MSIE 9.0; Windows NT 6.1; WOW64; Trident/5.0)"
5.10.183.226 - - [06/Jun/2013:15:43:55 +0200] "GET /img/lay13.jpg HTTP/1.1" 200 428 "http://www.frb-berlin.de/seiten/start.htm" "Mozilla/5.0 (compatible; MSIE 9.0; Windows NT 6.1; WOW64; Trident/5.0)"
5.10.183.226 - - [06/Jun/2013:15:43:55 +0200] "GET /img/bg_links.jpg HTTP/1.1" 200 8379 "http://www.frb-berlin.de/seiten/start.htm" "Mozilla/5.0 (compatible; MSIE 9.0; Windows NT 6.1; WOW64; Trident/5.0)"
5.10.183.226 - - [06/Jun/2013:15:43:55 +0200] "GET /img/bogen_o1.jpg HTTP/1.1" 200 8356 "http://www.frb-berlin.de/seiten/start.htm" "Mozilla/5.0 (compatible; MSIE 9.0; Windows NT 6.1; WOW64; Trident/5.0)"
5.10.183.226 - - [06/Jun/2013:15:43:55 +0200] "GET /img/farben.jpg HTTP/1.1" 200 14519 "http://www.frb-berlin.de/seiten/main.htm" "Mozilla/5.0 (compatible; MSIE 9.0; Windows NT 6.1; WOW64; Trident/5.0)"
5.10.183.226 - - [06/Jun/2013:15:43:55 +0200] "GET /img/bg_rechts.jpg HTTP/1.1" 200 346 "http://www.frb-berlin.de/seiten/start.htm" "Mozilla/5.0 (compatible; MSIE 9.0; Windows NT 6.1; WOW64; Trident/5.0)"
5.10.183.226 - - [06/Jun/2013:15:43:55 +0200] "GET /img/lay11.jpg HTTP/1.1" 200 12218 "http://www.frb-berlin.de/seiten/start.htm" "Mozilla/5.0 (compatible; MSIE 9.0; Windows NT 6.1; WOW64; Trident/5.0)"
5.10.183.226 - - [06/Jun/2013:15:43:58 +0200] "GET /img/lay07.jpg HTTP/1.1" 200 9742 "http://www.frb-berlin.de/seiten/start.htm" "Mozilla/5.0 (compatible; MSIE 9.0; Windows NT 6.1; WOW64; Trident/5.0)"
5.10.183.226 - - [06/Jun/2013:15:43:58 +0200] "GET /img/lay01.jpg HTTP/1.1" 200 9336 "http://www.frb-berlin.de/seiten/start.htm" "Mozilla/5.0 (compatible; MSIE 9.0; Windows NT 6.1; WOW64; Trident/5.0)"
5.10.183.226 - - [06/Jun/2013:15:43:58 +0200] "GET /img/lay06.jpg HTTP/1.1" 200 11774 "http://www.frb-berlin.de/seiten/start.htm" "Mozilla/5.0 (compatible; MSIE 9.0; Windows NT 6.1; WOW64; Trident/5.0)"
5.10.183.226 - - [06/Jun/2013:15:43:58 +0200] "GET /img/lay04.jpg HTTP/1.1" 200 6356 "http://www.frb-berlin.de/seiten/start.htm" "Mozilla/5.0 (compatible; MSIE 9.0; Windows NT 6.1; WOW64; Trident/5.0)"
5.10.183.226 - - [06/Jun/2013:15:43:58 +0200] "GET /img/lay05.jpg HTTP/1.1" 200 10183 "http://www.frb-berlin.de/seiten/start.htm" "Mozilla/5.0 (compatible; MSIE 9.0; Windows NT 6.1; WOW64; Trident/5.0)"
5.10.183.226 - - [06/Jun/2013:15:43:58 +0200] "GET /favicon.ico HTTP/1.1" 404 1256 "-" "Mozilla/5.0 (compatible; MSIE 9.0; Windows NT 6.1; WOW64; Trident/5.0)"
5.10.183.226 - - [06/Jun/2013:15:43:58 +0200] "GET /img/favorit_a.gif HTTP/1.1" 200 175 "http://www.frb-berlin.de/seiten/start.htm" "Mozilla/5.0 (compatible; MSIE 9.0; Windows NT 6.1; WOW64; Trident/5.0)"
66.249.78.202 - - [06/Jun/2013:16:27:12 +0200] "GET /seiten/kontakt.php HTTP/1.1" 200 6708 "-" "Mozilla/5.0 (compatible; Googlebot/2.1; +http://www.google.com/bot.html)"
208.115.111.72 - - [06/Jun/2013:16:42:32 +0200] "GET /seiten/ueber_uns.htm HTTP/1.1" 200 2081 "-" "Mozilla/5.0 (compatible; Ezooms/1.0; ezooms.bot@gmail.com)"
208.115.113.88 - - [06/Jun/2013:20:59:27 +0200] "GET /robots.txt HTTP/1.1" 404 1256 "-" "Mozilla/5.0 (compatible; Ezooms/1.0; ezooms.bot@gmail.com)"
85.214.21.33 - - [06/Jun/2013:21:09:10 +0200] "GET / HTTP/1.0" 200 1775 "-" "-"
199.30.20.57 - - [06/Jun/2013:21:23:10 +0200] "GET /robots.txt HTTP/1.1" 404 1256 "-" "msnbot-media/1.1 (+http://search.msn.com/msnbot.htm)"
199.30.20.57 - - [06/Jun/2013:21:23:10 +0200] "GET /img/lay07.jpg HTTP/1.1" 200 9742 "-" "msnbot-media/1.1 (+http://search.msn.com/msnbot.htm)"
208.115.113.88 - - [06/Jun/2013:22:52:15 +0200] "GET /seiten/referenzen_waerme.htm HTTP/1.1" 200 35661 "-" "Mozilla/5.0 (compatible; Ezooms/1.0; ezooms.bot@gmail.com)"
66.249.75.165 - - [06/Jun/2013:22:59:17 +0200] "GET / HTTP/1.1" 200 1775 "-" "SAMSUNG-SGH-E250/1.0 Profile/MIDP-2.0 Configuration/CLDC-1.1 UP.Browser/6.2.3.3.c.1.101 (GUI) MMP/2.0 (compatible; Googlebot-Mobile/2.1; +http://www.google.com/bot.html)"
66.249.78.202 - - [06/Jun/2013:22:59:57 +0200] "GET / HTTP/1.1" 200 1775 "-" "Mozilla/5.0 (iPhone; U; CPU iPhone OS 4_1 like Mac OS X; en-us) AppleWebKit/532.9 (KHTML, like Gecko) Version/4.0.5 Mobile/8B117 Safari/6531.22.7 (compatible; Googlebot-Mobile/2.1; +http://www.google.com/bot.html)"
85.13.131.53 - - [07/Jun/2013:00:40:27 +0200] "GET / HTTP/1.0" 200 1775 "-" "-"
85.13.131.53 - - [07/Jun/2013:00:40:27 +0200] "GET / HTTP/1.0" 200 1775 "-" "-"
5.9.7.208 - - [07/Jun/2013:00:56:21 +0200] "GET /robots.txt HTTP/1.0" 404 1256 "-" "Mozilla/5.0 (compatible; MJ12bot/v1.4.3; http://www.majestic12.co.uk/bot.php?+)"
5.9.7.208 - - [07/Jun/2013:00:56:25 +0200] "GET / HTTP/1.0" 200 1775 "-" "Mozilla/5.0 (compatible; MJ12bot/v1.4.3; http://www.majestic12.co.uk/bot.php?+)"
66.249.78.202 - - [07/Jun/2013:01:21:26 +0200] "GET /robots.txt HTTP/1.1" 404 1256 "-" "Mozilla/5.0 (compatible; Googlebot/2.1; +http://www.google.com/bot.html)"
66.249.75.165 - - [07/Jun/2013:01:21:27 +0200] "GET / HTTP/1.1" 200 1775 "-" "DoCoMo/2.0 N905i(c100;TB;W24H16) (compatible; Googlebot-Mobile/2.1; +http://www.google.com/bot.html)"
141.8.147.12 - - [07/Jun/2013:02:14:27 +0200] "GET /robots.txt HTTP/1.1" 404 1256 "-" "Mozilla/5.0 (compatible; YandexBot/3.0; +http://yandex.com/bots)"
66.249.78.202 - - [07/Jun/2013:04:47:16 +0200] "GET /seiten/impressum.htm HTTP/1.1" 304 - "-" "Mozilla/5.0 (iPhone; U; CPU iPhone OS 4_1 like Mac OS X; en-us) AppleWebKit/532.9 (KHTML, like Gecko) Version/4.0.5 Mobile/8B117 Safari/6531.22.7 (compatible; Googlebot-Mobile/2.1; +http://www.google.com/bot.html)"
93.228.73.89 - - [07/Jun/2013:04:56:55 +0200] "GET / HTTP/1.1" 200 1775 "-" "Mozilla/5.0 Gecko/2009042316 Firefox/2.0.0.x"
93.228.73.89 - - [07/Jun/2013:04:57:00 +0200] "GET /seiten/start.htm HTTP/1.1" 200 9376 "-" "Mozilla/4.0 (compatible; MSIE 8.0; Windows NT 6.0; .NET CLR 1.1.4322; .NET CLR 2.0.50110; InfoPath.1)"
93.228.73.89 - - [07/Jun/2013:04:57:00 +0200] "GET /seiten/main.htm HTTP/1.1" 200 2319 "-" "Mozilla/4.0 (compatible; MSIE 7.0; Windows NT 6.0; WOW64; SLCC1; .NET CLR 2.0.50727)"
93.228.73.89 - - [07/Jun/2013:04:57:05 +0200] "GET /seiten/impressum.htm HTTP/1.1" 200 4734 "-" "Mozilla/4.0 (compatible; MSIE 8.0; Windows NT 6.0; .NET CLR 1.1.4322; .NET CLR 1.0.3705; .NET CLR 2.0.50727; .NET CLR 3.0.04506.30; .NET CLR 3.0.04506.648; .NET CLR 3.5.21022)"
66.249.78.202 - - [07/Jun/2013:05:09:43 +0200] "GET / HTTP/1.1" 200 1775 "-" "Mozilla/5.0 (compatible; Googlebot/2.1; +http://www.google.com/bot.html)"
65.55.215.98 - - [07/Jun/2013:05:40:56 +0200] "GET /robots.txt HTTP/1.1" 404 1256 "-" "msnbot-media/1.1 (+http://search.msn.com/msnbot.htm)"
65.55.215.98 - - [07/Jun/2013:05:40:57 +0200] "GET /img/lay08.jpg HTTP/1.1" 200 10212 "-" "msnbot-media/1.1 (+http://search.msn.com/msnbot.htm)"
185.5.137.148 - - [07/Jun/2013:06:33:56 +0200] "GET / HTTP/1.0" 200 1775 "http://www.frb-berlin.de/" "Mozilla/5.0 (Linux; U; Android 4.0.3; ko-kr; LG-L160L Build/IML74K) AppleWebkit/534.30 (KHTML, like Gecko) Version/4.0 Mobile Safari/534.30"
185.5.137.148 - - [07/Jun/2013:06:33:56 +0200] "GET / HTTP/1.0" 200 1775 "http://www.frb-berlin.de/" "Mozilla/5.0 (Windows NT 6.1; WOW64; rv:18.0) Gecko/20100101 Firefox/18.0"
185.5.137.148 - - [07/Jun/2013:06:33:56 +0200] "GET / HTTP/1.0" 200 1775 "http://www.frb-berlin.de/" "Mozilla/5.0 (iPhone; CPU iPhone OS 5_0_1 like Mac OS X) AppleWebKit/534.46 (KHTML, like Gecko) Version/5.1 Mobile/9A405 Safari/7534.48.3"
185.5.137.148 - - [07/Jun/2013:06:33:59 +0200] "GET /favicon.svg HTTP/1.0" 404 1256 "http://www.frb-berlin.de/favicon.svg" "Mozilla/5.0 (compatible; U; AnyEvent-HTTP/1.46; +http://software.schmorp.de/pkg/AnyEvent)"
185.5.137.148 - - [07/Jun/2013:06:33:59 +0200] "GET /favicon.gif HTTP/1.0" 404 1256 "http://www.frb-berlin.de/favicon.gif" "Mozilla/5.0 (compatible; U; AnyEvent-HTTP/1.46; +http://software.schmorp.de/pkg/AnyEvent)"
185.5.137.148 - - [07/Jun/2013:06:33:59 +0200] "GET /favicon.ico HTTP/1.0" 404 1256 "http://www.frb-berlin.de/favicon.ico" "Mozilla/5.0 (compatible; U; AnyEvent-HTTP/1.46; +http://software.schmorp.de/pkg/AnyEvent)"
185.5.137.148 - - [07/Jun/2013:06:33:59 +0200] "GET /favicon.svg HTTP/1.0" 404 1256 "http://www.frb-berlin.de/favicon.svg" "Mozilla/5.0 (compatible; U; AnyEvent-HTTP/1.46; +http://software.schmorp.de/pkg/AnyEvent)"
185.5.137.148 - - [07/Jun/2013:06:33:59 +0200] "GET /favicon.png HTTP/1.0" 404 1256 "http://www.frb-berlin.de/favicon.png" "Mozilla/5.0 (compatible; U; AnyEvent-HTTP/1.46; +http://software.schmorp.de/pkg/AnyEvent)"
185.5.137.148 - - [07/Jun/2013:06:33:59 +0200] "GET /favicon.ico HTTP/1.0" 404 1256 "http://www.frb-berlin.de/favicon.ico" "Mozilla/5.0 (compatible; U; AnyEvent-HTTP/1.46; +http://software.schmorp.de/pkg/AnyEvent)"
185.5.137.148 - - [07/Jun/2013:06:33:59 +0200] "GET /favicon.gif HTTP/1.0" 404 1256 "http://www.frb-berlin.de/favicon.gif" "Mozilla/5.0 (compatible; U; AnyEvent-HTTP/1.46; +http://software.schmorp.de/pkg/AnyEvent)"
185.5.137.148 - - [07/Jun/2013:06:33:59 +0200] "GET /favicon.png HTTP/1.0" 404 1256 "http://www.frb-berlin.de/favicon.png" "Mozilla/5.0 (compatible; U; AnyEvent-HTTP/1.46; +http://software.schmorp.de/pkg/AnyEvent)"
185.5.137.148 - - [07/Jun/2013:06:33:59 +0200] "GET /favicon.ico HTTP/1.0" 404 1256 "http://www.frb-berlin.de/favicon.ico" "Mozilla/5.0 (compatible; U; AnyEvent-HTTP/1.46; +http://software.schmorp.de/pkg/AnyEvent)"
185.5.137.148 - - [07/Jun/2013:06:33:59 +0200] "GET /favicon.gif HTTP/1.0" 404 1256 "http://www.frb-berlin.de/favicon.gif" "Mozilla/5.0 (compatible; U; AnyEvent-HTTP/1.46; +http://software.schmorp.de/pkg/AnyEvent)"
185.5.137.148 - - [07/Jun/2013:06:34:00 +0200] "GET /favicon.png HTTP/1.0" 404 1256 "http://www.frb-berlin.de/favicon.png" "Mozilla/5.0 (compatible; U; AnyEvent-HTTP/1.46; +http://software.schmorp.de/pkg/AnyEvent)"
185.5.137.148 - - [07/Jun/2013:06:34:00 +0200] "GET /favicon.svg HTTP/1.0" 404 1256 "http://www.frb-berlin.de/favicon.svg" "Mozilla/5.0 (compatible; U; AnyEvent-HTTP/1.46; +http://software.schmorp.de/pkg/AnyEvent)"
66.249.78.202 - - [07/Jun/2013:06:55:31 +0200] "GET /seiten/impressum.htm HTTP/1.1" 200 4734 "-" "Mozilla/5.0 (compatible; Googlebot/2.1; +http://www.google.com/bot.html)"
141.8.147.12 - - [07/Jun/2013:09:38:10 +0200] "GET / HTTP/1.1" 200 1775 "-" "Mozilla/5.0 (compatible; YandexBot/3.0; +http://yandex.com/bots)"
66.249.78.202 - - [07/Jun/2013:10:54:28 +0200] "GET /css/style.css HTTP/1.1" 200 8567 "-" "Mozilla/5.0 (compatible; Googlebot/2.1; +http://www.google.com/bot.html)"
65.55.215.76 - - [07/Jun/2013:10:55:11 +0200] "GET /robots.txt HTTP/1.1" 404 1256 "-" "msnbot-media/1.1 (+http://search.msn.com/msnbot.htm)"
65.55.215.76 - - [07/Jun/2013:10:55:11 +0200] "GET /img/bogen_o1.jpg HTTP/1.1" 200 8356 "-" "msnbot-media/1.1 (+http://search.msn.com/msnbot.htm)"
65.55.215.44 - - [07/Jun/2013:12:07:03 +0200] "GET /robots.txt HTTP/1.1" 404 1256 "-" "msnbot-media/1.1 (+http://search.msn.com/msnbot.htm)"
65.55.215.44 - - [07/Jun/2013:12:07:03 +0200] "GET /img/lay13.jpg HTTP/1.1" 200 428 "-" "msnbot-media/1.1 (+http://search.msn.com/msnbot.htm)"
217.86.196.40 - - [07/Jun/2013:12:38:56 +0200] "GET /robots.txt HTTP/1.1" 404 1256 "-" "JobRoboter/1.1"
217.86.196.40 - - [07/Jun/2013:12:38:57 +0200] "GET /seiten/ausbildung.htm HTTP/1.1" 200 2131 "-" "JobRoboter/1.1"
66.249.78.202 - - [07/Jun/2013:13:24:33 +0200] "GET /robots.txt HTTP/1.1" 404 1256 "-" "Mozilla/5.0 (compatible; Googlebot/2.1; +http://www.google.com/bot.html)"
66.249.78.202 - - [07/Jun/2013:13:24:33 +0200] "GET /seiten/referenzen_maler.htm HTTP/1.1" 304 - "-" "Mozilla/5.0 (iPhone; U; CPU iPhone OS 4_1 like Mac OS X; en-us) AppleWebKit/532.9 (KHTML, like Gecko) Version/4.0.5 Mobile/8B117 Safari/6531.22.7 (compatible; Googlebot-Mobile/2.1; +http://www.google.com/bot.html)"
65.55.215.103 - - [07/Jun/2013:14:09:50 +0200] "GET /robots.txt HTTP/1.1" 404 1256 "-" "msnbot-media/1.1 (+http://search.msn.com/msnbot.htm)"
65.55.215.103 - - [07/Jun/2013:14:09:50 +0200] "GET /img/lay12.jpg HTTP/1.1" 200 394 "-" "msnbot-media/1.1 (+http://search.msn.com/msnbot.htm)"
141.8.147.12 - - [07/Jun/2013:14:33:02 +0200] "GET /robots.txt HTTP/1.1" 404 1256 "-" "Mozilla/5.0 (compatible; YandexBot/3.0; +http://yandex.com/bots)"
199.30.16.20 - - [07/Jun/2013:15:46:20 +0200] "GET /robots.txt HTTP/1.1" 404 1256 "-" "msnbot-media/1.1 (+http://search.msn.com/msnbot.htm)"
199.30.16.20 - - [07/Jun/2013:15:46:20 +0200] "GET /img/lay05.jpg HTTP/1.1" 200 10183 "-" "msnbot-media/1.1 (+http://search.msn.com/msnbot.htm)"
199.30.16.1 - - [07/Jun/2013:16:29:58 +0200] "GET /robots.txt HTTP/1.1" 404 1256 "-" "msnbot-media/1.1 (+http://search.msn.com/msnbot.htm)"
199.30.16.1 - - [07/Jun/2013:16:29:59 +0200] "GET /img/fm_logo.jpg HTTP/1.1" 200 4093 "-" "msnbot-media/1.1 (+http://search.msn.com/msnbot.htm)"
217.212.224.183 - - [07/Jun/2013:16:31:07 +0200] "GET /robots.txt HTTP/1.0" 404 1256 "-" "psbot/0.1 (+http://www.picsearch.com/bot.html)"
217.212.224.180 - - [07/Jun/2013:16:31:07 +0200] "GET /seiten/referenzen.htm HTTP/1.0" 304 - "-" "psbot/0.1 (+http://www.picsearch.com/bot.html)"
65.55.215.47 - - [07/Jun/2013:16:45:49 +0200] "GET /robots.txt HTTP/1.1" 404 1256 "-" "msnbot-media/1.1 (+http://search.msn.com/msnbot.htm)"
65.55.215.47 - - [07/Jun/2013:16:45:49 +0200] "GET /img/top.gif HTTP/1.1" 200 950 "-" "msnbot-media/1.1 (+http://search.msn.com/msnbot.htm)"
178.238.232.180 - - [07/Jun/2013:17:34:35 +0200] "GET / HTTP/1.1" 200 1775 "-" "-"
178.238.232.180 - - [07/Jun/2013:17:34:35 +0200] "GET / HTTP/1.1" 200 1775 "-" "-"
178.238.232.180 - - [07/Jun/2013:17:34:35 +0200] "GET / HTTP/1.1" 200 1775 "-" "-"
178.238.232.180 - - [07/Jun/2013:17:34:35 +0200] "HEAD /impressum HTTP/1.1" 404 - "-" "-"
178.238.232.180 - - [07/Jun/2013:17:34:35 +0200] "HEAD /impressum.asp HTTP/1.1" 404 - "-" "-"
178.238.232.180 - - [07/Jun/2013:17:34:35 +0200] "HEAD /impressum.php HTTP/1.1" 404 - "-" "-"
178.238.232.180 - - [07/Jun/2013:17:34:35 +0200] "HEAD /impressum.html HTTP/1.1" 404 - "-" "-"
178.238.232.180 - - [07/Jun/2013:17:34:35 +0200] "HEAD /impressum.htm HTTP/1.1" 404 - "-" "-"
178.238.232.180 - - [07/Jun/2013:17:34:35 +0200] "HEAD /impressum.aspx HTTP/1.1" 404 - "-" "-"
178.238.232.180 - - [07/Jun/2013:17:34:35 +0200] "HEAD /impresum.htm HTTP/1.1" 404 - "-" "-"
178.238.232.180 - - [07/Jun/2013:17:34:35 +0200] "HEAD /impresum.html HTTP/1.1" 404 - "-" "-"
178.238.232.180 - - [07/Jun/2013:17:34:35 +0200] "HEAD /impresum.php HTTP/1.1" 404 - "-" "-"
178.238.232.180 - - [07/Jun/2013:17:34:35 +0200] "HEAD /impresum.asp HTTP/1.1" 404 - "-" "-"
178.238.232.180 - - [07/Jun/2013:17:34:35 +0200] "HEAD /impresum.aspx HTTP/1.1" 404 - "-" "-"
178.238.232.180 - - [07/Jun/2013:17:34:35 +0200] "HEAD /kontakt HTTP/1.1" 404 - "-" "-"
178.238.232.180 - - [07/Jun/2013:17:34:35 +0200] "HEAD /kontakt.html HTTP/1.1" 404 - "-" "-"
178.238.232.180 - - [07/Jun/2013:17:34:35 +0200] "HEAD /kontakt.htm HTTP/1.1" 404 - "-" "-"
178.238.232.180 - - [07/Jun/2013:17:34:35 +0200] "HEAD /kontakt.php HTTP/1.1" 404 - "-" "-"
178.238.232.180 - - [07/Jun/2013:17:34:35 +0200] "HEAD /kontakt.asp HTTP/1.1" 404 - "-" "-"
178.238.232.180 - - [07/Jun/2013:17:34:35 +0200] "HEAD /kontakt.aspx HTTP/1.1" 404 - "-" "-"
178.238.232.180 - - [07/Jun/2013:17:34:35 +0200] "HEAD /contact.htm HTTP/1.1" 404 - "-" "-"
178.238.232.180 - - [07/Jun/2013:17:34:35 +0200] "HEAD /contact.html HTTP/1.1" 404 - "-" "-"
178.238.232.180 - - [07/Jun/2013:17:34:35 +0200] "HEAD /contact.php HTTP/1.1" 404 - "-" "-"
178.238.232.180 - - [07/Jun/2013:17:34:35 +0200] "HEAD /contact.asp HTTP/1.1" 404 - "-" "-"
178.238.232.180 - - [07/Jun/2013:17:34:35 +0200] "HEAD /contact.aspx HTTP/1.1" 404 - "-" "-"
178.238.232.180 - - [07/Jun/2013:17:34:36 +0200] "GET / HTTP/1.1" 200 1775 "-" "-"
66.249.78.202 - - [07/Jun/2013:21:41:50 +0200] "GET /robots.txt HTTP/1.1" 404 1256 "-" "Mozilla/5.0 (compatible; Googlebot/2.1; +http://www.google.com/bot.html)"
66.249.78.202 - - [07/Jun/2013:21:41:50 +0200] "GET /seiten/start.htm HTTP/1.1" 304 - "-" "Mozilla/5.0 (compatible; Googlebot/2.1; +http://www.google.com/bot.html)"
217.86.196.40 - - [07/Jun/2013:23:57:58 +0200] "GET /robots.txt HTTP/1.1" 404 1256 "-" "JobRoboter/1.1"
217.86.196.40 - - [07/Jun/2013:23:57:58 +0200] "GET /seiten/ausbildung.htm HTTP/1.1" 200 2131 "-" "JobRoboter/1.1"
66.249.78.202 - - [08/Jun/2013:01:22:47 +0200] "GET / HTTP/1.1" 200 1775 "-" "Mozilla/5.0 (iPhone; U; CPU iPhone OS 4_1 like Mac OS X; en-us) AppleWebKit/532.9 (KHTML, like Gecko) Version/4.0.5 Mobile/8B117 Safari/6531.22.7 (compatible; Googlebot-Mobile/2.1; +http://www.google.com/bot.html)"
54.242.55.174 - - [08/Jun/2013:02:53:17 +0200] "GET / HTTP/1.0" 200 1775 "-" "Mozilla/5.0 (compatible; NetcraftSurveyAgent/1.0; +info@netcraft.com)"
93.220.197.94 - - [08/Jun/2013:05:08:22 +0200] "GET / HTTP/1.1" 200 1775 "-" "Mozilla/4.0+(compatible;+MSIE+7.0;+Windows+NT+5.1)"
93.220.197.94 - - [08/Jun/2013:05:08:28 +0200] "GET /seiten/start.htm HTTP/1.1" 200 9376 "-" "Mozilla/4.0+(compatible;+MSIE+7.0;+Windows+NT+5.1)"
93.220.197.94 - - [08/Jun/2013:05:08:28 +0200] "GET /seiten/main.htm HTTP/1.1" 200 2319 "-" "Mozilla/5.0 Gecko/2009042316 Firefox/3.x"
93.220.197.94 - - [08/Jun/2013:05:08:34 +0200] "GET /seiten/impressum.htm HTTP/1.1" 200 4734 "-" "Mozilla/4.0 (compatible; MSIE 7.0; Windows NT 6.0; WOW64; SLCC1; .NET CLR 2.0.50727; .NET CLR 3.0.04320)"
182.118.35.30 - - [08/Jun/2013:07:23:51 +0200] "GET /robots.txt HTTP/1.1" 404 1256 "http://www.frb-berlin.de/robots.txt" "Mozilla/4.0 (compatible; MSIE 8.0; Windows NT 6.1; Trident/4.0; SLCC2; .NET CLR 2.0.50727; .NET CLR 3.5.30729; .NET CLR 3.0.30729; Media Center PC 6.0; MDDR; .NET4.0C; .NET4.0E; .NET CLR 1.1.4322; Tablet PC 2.0)"
85.25.71.97 - - [08/Jun/2013:08:24:42 +0200] "GET /robots.txt HTTP/1.1" 404 1256 "-" "Mozilla/5.0 (X11; U; Linux i686; de; rv:1.9.0.1; compatible; iCjobs Stellenangebote Jobs; http://www.icjobs.de) Gecko/20100401 iCjobs/3.2.3"
85.25.71.97 - - [08/Jun/2013:08:24:42 +0200] "GET / HTTP/1.1" 200 1775 "-" "Mozilla/5.0 (X11; U; Linux i686; de; rv:1.9.0.1; compatible; iCjobs Stellenangebote Jobs; http://www.icjobs.de) Gecko/20100401 iCjobs/3.2.3"
85.25.71.97 - - [08/Jun/2013:08:24:43 +0200] "GET / HTTP/1.1" 200 1775 "-" "Mozilla/5.0 (X11; U; Linux i686; de; rv:1.9.0.1; compatible; iCjobs Stellenangebote Jobs; http://www.icjobs.de) Gecko/20100401 iCjobs/3.2.3"
85.25.71.97 - - [08/Jun/2013:08:24:43 +0200] "GET /seiten/start.htm HTTP/1.1" 200 9376 "-" "Mozilla/5.0 (X11; U; Linux i686; de; rv:1.9.0.1; compatible; iCjobs Stellenangebote Jobs; http://www.icjobs.de) Gecko/20100401 iCjobs/3.2.3"
85.25.71.97 - - [08/Jun/2013:08:24:43 +0200] "GET /seiten/main.htm HTTP/1.1" 200 2319 "-" "Mozilla/5.0 (X11; U; Linux i686; de; rv:1.9.0.1; compatible; iCjobs Stellenangebote Jobs; http://www.icjobs.de) Gecko/20100401 iCjobs/3.2.3"
85.25.71.97 - - [08/Jun/2013:08:24:43 +0200] "GET /scripte/menu_start.js HTTP/1.1" 200 31217 "-" "Mozilla/5.0 (X11; U; Linux i686; de; rv:1.9.0.1; compatible; iCjobs Stellenangebote Jobs; http://www.icjobs.de) Gecko/20100401 iCjobs/3.2.3"
85.25.71.97 - - [08/Jun/2013:08:24:44 +0200] "GET /scripte/menu_elemente.js HTTP/1.1" 200 18006 "-" "Mozilla/5.0 (X11; U; Linux i686; de; rv:1.9.0.1; compatible; iCjobs Stellenangebote Jobs; http://www.icjobs.de) Gecko/20100401 iCjobs/3.2.3"
85.25.71.97 - - [08/Jun/2013:08:24:54 +0200] "GET /seiten/ueber_uns.htm HTTP/1.1" 200 2081 "-" "Mozilla/5.0 (X11; U; Linux i686; de; rv:1.9.0.1; compatible; iCjobs Stellenangebote Jobs; http://www.icjobs.de) Gecko/20100401 iCjobs/3.2.3"
85.25.71.97 - - [08/Jun/2013:08:24:55 +0200] "GET /seiten/ausbildung.htm HTTP/1.1" 200 2131 "-" "Mozilla/5.0 (X11; U; Linux i686; de; rv:1.9.0.1; compatible; iCjobs Stellenangebote Jobs; http://www.icjobs.de) Gecko/20100401 iCjobs/3.2.3"
85.25.71.97 - - [08/Jun/2013:08:24:56 +0200] "GET /seiten/ausbildung2.htm HTTP/1.1" 200 4821 "-" "Mozilla/5.0 (X11; U; Linux i686; de; rv:1.9.0.1; compatible; iCjobs Stellenangebote Jobs; http://www.icjobs.de) Gecko/20100401 iCjobs/3.2.3"
85.25.71.97 - - [08/Jun/2013:08:24:57 +0200] "GET /css/style.css HTTP/1.1" 200 8567 "-" "Mozilla/5.0 (X11; U; Linux i686; de; rv:1.9.0.1; compatible; iCjobs Stellenangebote Jobs; http://www.icjobs.de) Gecko/20100401 iCjobs/3.2.3"
85.25.71.97 - - [08/Jun/2013:08:26:57 +0200] "GET /seiten/ausbildung3.htm HTTP/1.1" 200 6331 "-" "Mozilla/5.0 (X11; U; Linux i686; de; rv:1.9.0.1; compatible; iCjobs Stellenangebote Jobs; http://www.icjobs.de) Gecko/20100401 iCjobs/3.2.3"
85.25.71.97 - - [08/Jun/2013:08:29:13 +0200] "GET /seiten/kontakt.php HTTP/1.1" 200 6708 "-" "Mozilla/5.0 (X11; U; Linux i686; de; rv:1.9.0.1; compatible; iCjobs Stellenangebote Jobs; http://www.icjobs.de) Gecko/20100401 iCjobs/3.2.3"
85.25.71.97 - - [08/Jun/2013:08:29:17 +0200] "GET /seiten/leistungen.htm HTTP/1.1" 200 3710 "-" "Mozilla/5.0 (X11; U; Linux i686; de; rv:1.9.0.1; compatible; iCjobs Stellenangebote Jobs; http://www.icjobs.de) Gecko/20100401 iCjobs/3.2.3"
85.25.71.97 - - [08/Jun/2013:08:29:18 +0200] "GET /seiten/referenzen.htm HTTP/1.1" 200 3626 "-" "Mozilla/5.0 (X11; U; Linux i686; de; rv:1.9.0.1; compatible; iCjobs Stellenangebote Jobs; http://www.icjobs.de) Gecko/20100401 iCjobs/3.2.3"
85.25.71.97 - - [08/Jun/2013:08:29:22 +0200] "GET /seiten/referenzen_maler.htm HTTP/1.1" 200 51839 "-" "Mozilla/5.0 (X11; U; Linux i686; de; rv:1.9.0.1; compatible; iCjobs Stellenangebote Jobs; http://www.icjobs.de) Gecko/20100401 iCjobs/3.2.3"
85.25.71.97 - - [08/Jun/2013:08:29:57 +0200] "GET /dokumente/ReferenzenMaler.pdf HTTP/1.1" 200 15515 "-" "Mozilla/5.0 (X11; U; Linux i686; de; rv:1.9.0.1; compatible; iCjobs Stellenangebote Jobs; http://www.icjobs.de) Gecko/20100401 iCjobs/3.2.3"
85.25.71.97 - - [08/Jun/2013:08:30:05 +0200] "GET /seiten/links.htm HTTP/1.1" 200 1543 "-" "Mozilla/5.0 (X11; U; Linux i686; de; rv:1.9.0.1; compatible; iCjobs Stellenangebote Jobs; http://www.icjobs.de) Gecko/20100401 iCjobs/3.2.3"
85.25.71.97 - - [08/Jun/2013:08:30:05 +0200] "GET /seiten/referenzen_waerme.htm HTTP/1.1" 200 35661 "-" "Mozilla/5.0 (X11; U; Linux i686; de; rv:1.9.0.1; compatible; iCjobs Stellenangebote Jobs; http://www.icjobs.de) Gecko/20100401 iCjobs/3.2.3"
85.25.71.97 - - [08/Jun/2013:08:30:12 +0200] "GET /seiten/referenzen_beton.htm HTTP/1.1" 200 8747 "-" "Mozilla/5.0 (X11; U; Linux i686; de; rv:1.9.0.1; compatible; iCjobs Stellenangebote Jobs; http://www.icjobs.de) Gecko/20100401 iCjobs/3.2.3"
85.25.71.97 - - [08/Jun/2013:08:30:13 +0200] "GET /dokumente/ReferenzenWarme.pdf HTTP/1.1" 200 14947 "-" "Mozilla/5.0 (X11; U; Linux i686; de; rv:1.9.0.1; compatible; iCjobs Stellenangebote Jobs; http://www.icjobs.de) Gecko/20100401 iCjobs/3.2.3"
85.25.71.97 - - [08/Jun/2013:08:30:30 +0200] "GET /dokumente/ReferenzenBeton.pdf HTTP/1.1" 200 10270 "-" "Mozilla/5.0 (X11; U; Linux i686; de; rv:1.9.0.1; compatible; iCjobs Stellenangebote Jobs; http://www.icjobs.de) Gecko/20100401 iCjobs/3.2.3"
66.249.78.202 - - [08/Jun/2013:08:37:38 +0200] "GET / HTTP/1.1" 200 1775 "-" "SAMSUNG-SGH-E250/1.0 Profile/MIDP-2.0 Configuration/CLDC-1.1 UP.Browser/6.2.3.3.c.1.101 (GUI) MMP/2.0 (compatible; Googlebot-Mobile/2.1; +http://www.google.com/bot.html)"
141.8.147.12 - - [08/Jun/2013:09:14:43 +0200] "GET /robots.txt HTTP/1.1" 404 1256 "-" "Mozilla/5.0 (compatible; YandexBot/3.0; +http://yandex.com/bots)"
157.56.93.205 - - [08/Jun/2013:10:03:01 +0200] "GET /robots.txt HTTP/1.1" 404 1256 "-" "Mozilla/5.0 (compatible; bingbot/2.0; +http://www.bing.com/bingbot.htm)"
157.56.93.205 - - [08/Jun/2013:10:03:43 +0200] "GET / HTTP/1.1" 200 1775 "-" "Mozilla/5.0 (compatible; bingbot/2.0; +http://www.bing.com/bingbot.htm)"
91.64.237.173 - - [08/Jun/2013:11:00:10 +0200] "GET /seiten/referenzen_beton.htm HTTP/1.1" 200 8747 "https://www.google.de/" "Mozilla/5.0 (Windows NT 6.1; WOW64) AppleWebKit/537.36 (KHTML, like Gecko) Chrome/27.0.1453.110 Safari/537.36"
91.64.237.173 - - [08/Jun/2013:11:00:11 +0200] "GET /css/style.css HTTP/1.1" 200 8567 "http://www.frb-berlin.de/seiten/referenzen_beton.htm" "Mozilla/5.0 (Windows NT 6.1; WOW64) AppleWebKit/537.36 (KHTML, like Gecko) Chrome/27.0.1453.110 Safari/537.36"
91.64.237.173 - - [08/Jun/2013:11:00:11 +0200] "GET /favicon.ico HTTP/1.1" 404 1256 "-" "Mozilla/5.0 (Windows NT 6.1; WOW64) AppleWebKit/537.36 (KHTML, like Gecko) Chrome/27.0.1453.110 Safari/537.36"
91.64.237.173 - - [08/Jun/2013:11:01:05 +0200] "GET /favicon.ico HTTP/1.1" 404 1256 "-" "Mozilla/5.0 (Windows NT 6.1; WOW64) AppleWebKit/537.36 (KHTML, like Gecko) Chrome/27.0.1453.110 Safari/537.36"
5.9.223.170 - - [08/Jun/2013:12:08:48 +0200] "GET /robots.txt HTTP/1.1" 404 1256 "-" "Mozilla/5.0 (compatible; SISTRIX Crawler; http://crawler.sistrix.net/)"
5.9.223.170 - - [08/Jun/2013:12:08:48 +0200] "GET / HTTP/1.1" 206 1775 "-" "Mozilla/5.0 (compatible; SISTRIX Crawler; http://crawler.sistrix.net/)"
157.55.32.28 - - [08/Jun/2013:13:40:37 +0200] "GET /robots.txt HTTP/1.1" 404 1256 "-" "Mozilla/5.0 (compatible; bingbot/2.0; +http://www.bing.com/bingbot.htm)"
157.55.32.28 - - [08/Jun/2013:13:41:18 +0200] "GET /dokumente/ReferenzenWarme.pdf HTTP/1.1" 200 14947 "-" "Mozilla/5.0 (compatible; bingbot/2.0; +http://www.bing.com/bingbot.htm)"
46.229.164.97 - - [08/Jun/2013:14:06:08 +0200] "GET /robots.txt HTTP/1.1" 404 1256 "-" "Mozilla/5.0 (compatible; SemrushBot/0.96.2; +http://www.semrush.com/bot.html)"
54.228.18.254 - - [08/Jun/2013:14:06:26 +0200] "GET / HTTP/1.1" 200 1775 "-" "Mozilla/5.0 (compatible; HttpConduitDownloader/1.0; +http://hackage.haskell.org/package/http-conduit-downloader; Heins & Partner Impressumscrawler)"
217.86.196.40 - - [08/Jun/2013:15:27:52 +0200] "GET /robots.txt HTTP/1.1" 404 1256 "-" "JobRoboter/1.1"
217.86.196.40 - - [08/Jun/2013:15:27:53 +0200] "GET /seiten/ausbildung.htm HTTP/1.1" 200 2131 "-" "JobRoboter/1.1"
141.8.147.12 - - [08/Jun/2013:18:23:20 +0200] "GET /seiten/referenzen.htm HTTP/1.1" 200 3626 "-" "Mozilla/5.0 (compatible; YandexBot/3.0; +http://yandex.com/bots)"
182.118.22.222 - - [08/Jun/2013:18:51:02 +0200] "GET /robots.txt HTTP/1.1" 404 1256 "http://www.frb-berlin.de/robots.txt" "Mozilla/5.0 (Windows; U; Windows NT 5.1; zh-CN; rv:1.8.0.11) Firefox/1.5.0.11; 360Spider"
65.55.215.42 - - [08/Jun/2013:19:58:33 +0200] "GET /robots.txt HTTP/1.1" 404 1256 "-" "msnbot-media/1.1 (+http://search.msn.com/msnbot.htm)"
65.55.215.42 - - [08/Jun/2013:19:58:33 +0200] "GET /img/lay06.jpg HTTP/1.1" 200 11774 "-" "msnbot-media/1.1 (+http://search.msn.com/msnbot.htm)"
66.249.78.202 - - [08/Jun/2013:20:10:25 +0200] "GET /robots.txt HTTP/1.1" 404 1256 "-" "Mozilla/5.0 (compatible; Googlebot/2.1; +http://www.google.com/bot.html)"
66.249.72.165 - - [08/Jun/2013:20:10:26 +0200] "GET / HTTP/1.1" 200 1775 "-" "DoCoMo/2.0 N905i(c100;TB;W24H16) (compatible; Googlebot-Mobile/2.1; +http://www.google.com/bot.html)"
91.250.87.114 - - [08/Jun/2013:20:46:12 +0200] "GET / HTTP/1.1" 200 1775 "-" "Mozilla/5.0 (Windows NT 6.2; rv:10.0.1) Gecko/20100101 Firefox/10.0.1"
66.249.78.202 - - [08/Jun/2013:21:02:10 +0200] "GET / HTTP/1.1" 200 1775 "-" "Mozilla/5.0 (compatible; Googlebot/2.1; +http://www.google.com/bot.html)"
141.8.147.12 - - [08/Jun/2013:21:19:31 +0200] "GET /robots.txt HTTP/1.1" 404 1256 "-" "Mozilla/5.0 (compatible; YandexBot/3.0; +http://yandex.com/bots)"
157.56.93.205 - - [08/Jun/2013:21:50:57 +0200] "GET /robots.txt HTTP/1.1" 404 1256 "-" "Mozilla/5.0 (compatible; bingbot/2.0; +http://www.bing.com/bingbot.htm)"
157.56.93.205 - - [08/Jun/2013:21:51:44 +0200] "GET / HTTP/1.1" 200 1775 "-" "Mozilla/5.0 (compatible; bingbot/2.0; +http://www.bing.com/bingbot.htm)"
66.249.78.202 - - [08/Jun/2013:23:28:52 +0200] "GET /seiten/start.htm HTTP/1.1" 304 - "-" "Mozilla/5.0 (iPhone; U; CPU iPhone OS 4_1 like Mac OS X; en-us) AppleWebKit/532.9 (KHTML, like Gecko) Version/4.0.5 Mobile/8B117 Safari/6531.22.7 (compatible; Googlebot-Mobile/2.1; +http://www.google.com/bot.html)"
66.249.78.202 - - [08/Jun/2013:23:47:28 +0200] "GET /dmdnojjpbm.html HTTP/1.1" 404 1256 "-" "Mozilla/5.0 (compatible; Googlebot/2.1; +http://www.google.com/bot.html)"
46.229.164.101 - - [09/Jun/2013:01:21:38 +0200] "GET / HTTP/1.1" 200 1775 "-" "Mozilla/5.0 (compatible; SemrushBot/0.96.2; +http://www.semrush.com/bot.html)"
65.55.215.104 - - [09/Jun/2013:02:48:30 +0200] "GET /robots.txt HTTP/1.1" 404 1256 "-" "msnbot-media/1.1 (+http://search.msn.com/msnbot.htm)"
65.55.215.104 - - [09/Jun/2013:02:48:30 +0200] "GET /img/lay08.jpg HTTP/1.1" 200 10212 "-" "msnbot-media/1.1 (+http://search.msn.com/msnbot.htm)"
141.8.147.12 - - [09/Jun/2013:02:51:11 +0200] "GET / HTTP/1.1" 200 1775 "-" "Mozilla/5.0 (compatible; YandexBot/3.0; +http://yandex.com/bots)"
93.220.213.3 - - [09/Jun/2013:05:10:57 +0200] "GET / HTTP/1.1" 200 1775 "-" "Mozilla/4.0 (compatible; MSIE 7.0; Windows NT 6.0; WOW64; SLCC1; .NET CLR 2.0.50727; .NET CLR 1.1.4322)"
93.220.213.3 - - [09/Jun/2013:05:11:02 +0200] "GET /seiten/start.htm HTTP/1.1" 200 9376 "-" "Mozilla/4.0+(compatible;+MSIE+7.0;+Windows+NT+5.1)"
93.220.213.3 - - [09/Jun/2013:05:11:03 +0200] "GET /seiten/main.htm HTTP/1.1" 200 2319 "-" "Mozilla/5.0 Gecko/2009042316 Firefox/3.x"
93.220.213.3 - - [09/Jun/2013:05:11:08 +0200] "GET /seiten/impressum.htm HTTP/1.1" 200 4734 "-" "Mozilla/5.0 (Windows; U; Windows NT 5.1; de; rv:1.9.0.10) Gecko/2009042316 Firefox/3.0.10 (.NET CLR 3.5.30729)"
66.249.78.202 - - [09/Jun/2013:06:11:36 +0200] "GET / HTTP/1.1" 200 1775 "-" "Mozilla/5.0 (iPhone; U; CPU iPhone OS 4_1 like Mac OS X; en-us) AppleWebKit/532.9 (KHTML, like Gecko) Version/4.0.5 Mobile/8B117 Safari/6531.22.7 (compatible; Googlebot-Mobile/2.1; +http://www.google.com/bot.html)"
85.25.120.73 - - [09/Jun/2013:08:40:11 +0200] "GET / HTTP/1.1" 200 1775 "-" "Mozilla/5.0 (X11; U; Linux i686; en-US; rv:1.9.0.1) Gecko/2008070206 Firefox/3.0.1"
85.25.120.73 - - [09/Jun/2013:08:40:11 +0200] "GET /seiten/impressum.htm HTTP/1.1" 200 4734 "-" "Mozilla/5.0 (X11; U; Linux i686; en-US; rv:1.9.0.1) Gecko/2008070206 Firefox/3.0.1"
141.8.147.12 - - [09/Jun/2013:09:29:52 +0200] "GET /robots.txt HTTP/1.1" 404 1256 "-" "Mozilla/5.0 (compatible; YandexBot/3.0; +http://yandex.com/bots)"
157.56.93.205 - - [09/Jun/2013:10:12:27 +0200] "GET /robots.txt HTTP/1.1" 404 1256 "-" "Mozilla/5.0 (compatible; bingbot/2.0; +http://www.bing.com/bingbot.htm)"
157.56.93.205 - - [09/Jun/2013:10:13:27 +0200] "GET / HTTP/1.1" 200 1775 "-" "Mozilla/5.0 (compatible; bingbot/2.0; +http://www.bing.com/bingbot.htm)"
66.249.16.211 - - [09/Jun/2013:11:11:08 +0200] "GET / HTTP/1.1" 200 1775 "http://whois.domaintools.com/frb-berlin.de" "Mozilla/5.0 (compatible; Googlebot/2.1; +http://www.google.com/bot.html)"
66.249.78.202 - - [09/Jun/2013:12:08:49 +0200] "GET /robots.txt HTTP/1.1" 404 1256 "-" "Mozilla/5.0 (compatible; Googlebot/2.1; +http://www.google.com/bot.html)"
66.249.78.202 - - [09/Jun/2013:12:08:49 +0200] "GET /seiten/impressum.htm HTTP/1.1" 304 - "-" "Mozilla/5.0 (iPhone; U; CPU iPhone OS 4_1 like Mac OS X; en-us) AppleWebKit/532.9 (KHTML, like Gecko) Version/4.0.5 Mobile/8B117 Safari/6531.22.7 (compatible; Googlebot-Mobile/2.1; +http://www.google.com/bot.html)"
188.106.189.251 - - [09/Jun/2013:13:42:04 +0200] "GET /seiten/ausbildung2.htm HTTP/1.1" 200 4821 "http://www.backinjob.de/detailFrame.php?Chiffre=999950000035497294" "Mozilla/5.0 (Windows NT 6.1; WOW64; rv:21.0) Gecko/20100101 Firefox/21.0"
188.106.189.251 - - [09/Jun/2013:13:42:04 +0200] "GET /css/style.css HTTP/1.1" 200 8567 "http://www.frb-berlin.de/seiten/ausbildung2.htm" "Mozilla/5.0 (Windows NT 6.1; WOW64; rv:21.0) Gecko/20100101 Firefox/21.0"
188.106.189.251 - - [09/Jun/2013:13:42:04 +0200] "GET /img/top.gif HTTP/1.1" 200 950 "http://www.frb-berlin.de/seiten/ausbildung2.htm" "Mozilla/5.0 (Windows NT 6.1; WOW64; rv:21.0) Gecko/20100101 Firefox/21.0"
188.106.189.251 - - [09/Jun/2013:13:42:04 +0200] "GET /img/hg.jpg HTTP/1.1" 200 7507 "http://www.frb-berlin.de/seiten/ausbildung2.htm" "Mozilla/5.0 (Windows NT 6.1; WOW64; rv:21.0) Gecko/20100101 Firefox/21.0"
157.56.92.158 - - [09/Jun/2013:14:08:16 +0200] "GET /robots.txt HTTP/1.1" 404 1256 "-" "Mozilla/5.0 (compatible; bingbot/2.0; +http://www.bing.com/bingbot.htm)"
157.56.92.158 - - [09/Jun/2013:14:08:50 +0200] "GET /seiten/referenzen.htm HTTP/1.1" 304 - "-" "Mozilla/5.0 (compatible; bingbot/2.0; +http://www.bing.com/bingbot.htm)"
217.86.196.40 - - [09/Jun/2013:14:26:53 +0200] "GET /robots.txt HTTP/1.1" 404 1256 "-" "JobRoboter/1.1"
217.86.196.40 - - [09/Jun/2013:14:26:54 +0200] "GET /seiten/ausbildung.htm HTTP/1.1" 200 2131 "-" "JobRoboter/1.1"
157.56.92.158 - - [09/Jun/2013:16:18:56 +0200] "GET /robots.txt HTTP/1.1" 404 1256 "-" "Mozilla/5.0 (compatible; bingbot/2.0; +http://www.bing.com/bingbot.htm)"
157.56.92.158 - - [09/Jun/2013:16:23:36 +0200] "GET /seiten/referenzen.htm HTTP/1.1" 304 - "-" "Mozilla/5.0 (compatible; bingbot/2.0; +http://www.bing.com/bingbot.htm)"
178.238.232.180 - - [09/Jun/2013:18:23:10 +0200] "GET / HTTP/1.1" 200 1775 "-" "-"
178.238.232.180 - - [09/Jun/2013:18:23:10 +0200] "GET / HTTP/1.1" 200 1775 "-" "-"
178.238.232.180 - - [09/Jun/2013:18:23:10 +0200] "GET / HTTP/1.1" 200 1775 "-" "-"
178.238.232.180 - - [09/Jun/2013:18:23:10 +0200] "HEAD /impressum HTTP/1.1" 404 - "-" "-"
178.238.232.180 - - [09/Jun/2013:18:23:10 +0200] "HEAD /impressum.asp HTTP/1.1" 404 - "-" "-"
178.238.232.180 - - [09/Jun/2013:18:23:10 +0200] "HEAD /impressum.php HTTP/1.1" 404 - "-" "-"
178.238.232.180 - - [09/Jun/2013:18:23:10 +0200] "HEAD /impressum.html HTTP/1.1" 404 - "-" "-"
178.238.232.180 - - [09/Jun/2013:18:23:11 +0200] "HEAD /impressum.htm HTTP/1.1" 404 - "-" "-"
178.238.232.180 - - [09/Jun/2013:18:23:11 +0200] "HEAD /impressum.aspx HTTP/1.1" 404 - "-" "-"
178.238.232.180 - - [09/Jun/2013:18:23:11 +0200] "HEAD /impresum.htm HTTP/1.1" 404 - "-" "-"
178.238.232.180 - - [09/Jun/2013:18:23:11 +0200] "HEAD /impresum.html HTTP/1.1" 404 - "-" "-"
178.238.232.180 - - [09/Jun/2013:18:23:11 +0200] "HEAD /impresum.php HTTP/1.1" 404 - "-" "-"
178.238.232.180 - - [09/Jun/2013:18:23:11 +0200] "HEAD /impresum.asp HTTP/1.1" 404 - "-" "-"
178.238.232.180 - - [09/Jun/2013:18:23:11 +0200] "HEAD /impresum.aspx HTTP/1.1" 404 - "-" "-"
178.238.232.180 - - [09/Jun/2013:18:23:11 +0200] "HEAD /kontakt HTTP/1.1" 404 - "-" "-"
178.238.232.180 - - [09/Jun/2013:18:23:11 +0200] "HEAD /kontakt.html HTTP/1.1" 404 - "-" "-"
178.238.232.180 - - [09/Jun/2013:18:23:11 +0200] "HEAD /kontakt.htm HTTP/1.1" 404 - "-" "-"
178.238.232.180 - - [09/Jun/2013:18:23:11 +0200] "HEAD /kontakt.php HTTP/1.1" 404 - "-" "-"
178.238.232.180 - - [09/Jun/2013:18:23:11 +0200] "HEAD /kontakt.asp HTTP/1.1" 404 - "-" "-"
178.238.232.180 - - [09/Jun/2013:18:23:11 +0200] "HEAD /kontakt.aspx HTTP/1.1" 404 - "-" "-"
178.238.232.180 - - [09/Jun/2013:18:23:11 +0200] "HEAD /contact.htm HTTP/1.1" 404 - "-" "-"
178.238.232.180 - - [09/Jun/2013:18:23:11 +0200] "HEAD /contact.html HTTP/1.1" 404 - "-" "-"
178.238.232.180 - - [09/Jun/2013:18:23:11 +0200] "HEAD /contact.php HTTP/1.1" 404 - "-" "-"
178.238.232.180 - - [09/Jun/2013:18:23:11 +0200] "HEAD /contact.asp HTTP/1.1" 404 - "-" "-"
178.238.232.180 - - [09/Jun/2013:18:23:11 +0200] "HEAD /contact.aspx HTTP/1.1" 404 - "-" "-"
178.238.232.180 - - [09/Jun/2013:18:23:11 +0200] "GET / HTTP/1.1" 200 1775 "-" "-"
188.165.195.156 - - [09/Jun/2013:20:20:59 +0200] "HEAD / HTTP/1.1" 200 - "-" "Mozilla/4.0 (compatible; MSIE 5.01; Windows NT 5.0)"
217.86.196.40 - - [09/Jun/2013:20:21:03 +0200] "GET /robots.txt HTTP/1.1" 404 1256 "-" "JobRoboter/1.1"
217.86.196.40 - - [09/Jun/2013:20:21:03 +0200] "GET /seiten/ausbildung.htm HTTP/1.1" 200 2131 "-" "JobRoboter/1.1"
66.249.73.37 - - [09/Jun/2013:20:33:31 +0200] "GET /robots.txt HTTP/1.1" 404 1256 "-" "Mozilla/5.0 (compatible; Googlebot/2.1; +http://www.google.com/bot.html)"
66.249.73.37 - - [09/Jun/2013:20:33:31 +0200] "GET /dokumente/ReferenzenBeton.pdf HTTP/1.1" 200 10270 "-" "Mozilla/5.0 (iPhone; U; CPU iPhone OS 4_1 like Mac OS X; en-us) AppleWebKit/532.9 (KHTML, like Gecko) Version/4.0.5 Mobile/8B117 Safari/6531.22.7 (compatible; Googlebot-Mobile/2.1; +http://www.google.com/bot.html)"
199.30.16.28 - - [09/Jun/2013:20:38:41 +0200] "GET /robots.txt HTTP/1.1" 404 1256 "-" "msnbot-media/1.1 (+http://search.msn.com/msnbot.htm)"
199.30.16.28 - - [09/Jun/2013:20:38:41 +0200] "GET /img/lay07.jpg HTTP/1.1" 200 9742 "-" "msnbot-media/1.1 (+http://search.msn.com/msnbot.htm)"
54.228.98.15 - - [09/Jun/2013:22:40:23 +0200] "GET /robots.txt HTTP/1.1" 404 1256 "-" "-"
157.56.92.158 - - [09/Jun/2013:23:00:56 +0200] "GET /robots.txt HTTP/1.1" 404 1256 "-" "Mozilla/5.0 (compatible; bingbot/2.0; +http://www.bing.com/bingbot.htm)"
157.56.92.158 - - [09/Jun/2013:23:03:13 +0200] "GET /dokumente/ReferenzenMaler.pdf HTTP/1.1" 200 15515 "-" "Mozilla/5.0 (compatible; bingbot/2.0; +http://www.bing.com/bingbot.htm)"
157.56.93.205 - - [09/Jun/2013:23:32:13 +0200] "GET / HTTP/1.1" 200 1775 "-" "Mozilla/5.0 (compatible; bingbot/2.0; +http://www.bing.com/bingbot.htm)"
65.55.213.56 - - [10/Jun/2013:00:16:03 +0200] "GET /css/style.css HTTP/1.1" 200 8567 "http://www.frb-berlin.de/seiten/referenzen_maler.htm" "Mozilla/4.0 (compatible; MSIE 7.0; Windows NT 5.2; SLCC1; .NET CLR 1.1.4322; .NET CLR 2.0.50727; .NET CLR 3.0.30729; .NET CLR 3.5.30729; InfoPath.2)"
65.55.213.56 - - [10/Jun/2013:00:16:02 +0200] "GET /seiten/referenzen_maler.htm HTTP/1.1" 200 51839 "-" "Mozilla/4.0 (compatible; MSIE 7.0; Windows NT 5.2; SLCC1; .NET CLR 1.1.4322; .NET CLR 2.0.50727; .NET CLR 3.0.30729; .NET CLR 3.5.30729; InfoPath.2)"
66.249.73.37 - - [10/Jun/2013:00:27:08 +0200] "GET /robots.txt HTTP/1.1" 404 1256 "-" "Mozilla/5.0 (compatible; Googlebot/2.1; +http://www.google.com/bot.html)"
66.249.73.37 - - [10/Jun/2013:00:27:08 +0200] "GET / HTTP/1.1" 304 - "-" "Mozilla/5.0 (iPhone; U; CPU iPhone OS 4_1 like Mac OS X; en-us) AppleWebKit/532.9 (KHTML, like Gecko) Version/4.0.5 Mobile/8B117 Safari/6531.22.7 (compatible; Googlebot-Mobile/2.1; +http://www.google.com/bot.html)"
5.9.7.208 - - [10/Jun/2013:01:33:33 +0200] "GET /robots.txt HTTP/1.0" 404 1256 "-" "Mozilla/5.0 (compatible; MJ12bot/v1.4.3; http://www.majestic12.co.uk/bot.php?+)"
5.9.7.208 - - [10/Jun/2013:01:33:34 +0200] "GET / HTTP/1.0" 200 1775 "-" "Mozilla/5.0 (compatible; MJ12bot/v1.4.3; http://www.majestic12.co.uk/bot.php?+)"
65.55.213.46 - - [10/Jun/2013:01:48:54 +0200] "GET /seiten/start.htm HTTP/1.1" 200 9376 "-" "Mozilla/4.0 (compatible; MSIE 7.0; Windows NT 5.2; SLCC1; .NET CLR 1.1.4322; .NET CLR 2.0.40607; .NET CLR 3.0.30729; .NET CLR 3.5.30707; InfoPath.2)"
65.55.213.46 - - [10/Jun/2013:01:48:55 +0200] "GET /css/style.css HTTP/1.1" 200 8567 "http://www.frb-berlin.de/seiten/start.htm" "Mozilla/4.0 (compatible; MSIE 7.0; Windows NT 5.2; SLCC1; .NET CLR 1.1.4322; .NET CLR 2.0.40607; .NET CLR 3.0.30729; .NET CLR 3.5.30707; InfoPath.2)"
65.55.213.46 - - [10/Jun/2013:01:48:56 +0200] "GET /scripte/menu_start.js HTTP/1.1" 200 31217 "http://www.frb-berlin.de/seiten/start.htm" "Mozilla/4.0 (compatible; MSIE 7.0; Windows NT 5.2; SLCC1; .NET CLR 1.1.4322; .NET CLR 2.0.40607; .NET CLR 3.0.30729; .NET CLR 3.5.30707; InfoPath.2)"
65.55.213.46 - - [10/Jun/2013:01:48:57 +0200] "GET /scripte/menu_elemente.js HTTP/1.1" 200 18006 "http://www.frb-berlin.de/seiten/start.htm" "Mozilla/4.0 (compatible; MSIE 7.0; Windows NT 5.2; SLCC1; .NET CLR 1.1.4322; .NET CLR 2.0.40607; .NET CLR 3.0.30729; .NET CLR 3.5.30707; InfoPath.2)"
65.55.213.46 - - [10/Jun/2013:01:49:00 +0200] "GET /seiten/main.htm HTTP/1.1" 200 2319 "http://www.frb-berlin.de/seiten/start.htm" "Mozilla/4.0 (compatible; MSIE 7.0; Windows NT 5.2; SLCC1; .NET CLR 1.1.4322; .NET CLR 2.0.40607; .NET CLR 3.0.30729; .NET CLR 3.5.30707; InfoPath.2)"
141.8.147.12 - - [10/Jun/2013:03:37:12 +0200] "GET /robots.txt HTTP/1.1" 404 1256 "-" "Mozilla/5.0 (compatible; YandexBot/3.0; +http://yandex.com/bots)"
66.249.73.37 - - [10/Jun/2013:03:53:19 +0200] "GET / HTTP/1.1" 200 1775 "-" "Mozilla/5.0 (compatible; Googlebot/2.1; +http://www.google.com/bot.html)"
93.220.239.180 - - [10/Jun/2013:05:10:18 +0200] "GET / HTTP/1.1" 200 1775 "-" "Mozilla/4.0 (compatible; MSIE 8.0; Windows NT 6.0; .NET CLR 1.1.4322; .NET CLR 2.0.50727)"
93.220.239.180 - - [10/Jun/2013:05:10:27 +0200] "GET /seiten/start.htm HTTP/1.1" 200 9376 "-" "Mozilla/4.0 (compatible; MSIE 7.0; Windows NT 6.0; WOW64; SLCC1; .NET CLR 2.0.50727; .NET CLR 1.1.4322)"
93.220.239.180 - - [10/Jun/2013:05:10:27 +0200] "GET /seiten/main.htm HTTP/1.1" 200 2319 "-" "Mozilla/4.0 (compatible; MSIE 7.0; Windows NT 6.0; WOW64; SLCC1; .NET CLR 2.0.50727; .NET CLR 1.1.4322; .NET CLR 3.5.21022; .NET CLR 3.0.04506)"
93.220.239.180 - - [10/Jun/2013:05:10:53 +0200] "GET /seiten/impressum.htm HTTP/1.1" 200 4734 "-" "Mozilla/4.0 (compatible; MSIE 7.0; Windows NT 6.0; WOW64; SLCC1; .NET CLR 2.0.50727; .NET CLR 3.0.04320)"
66.249.73.37 - - [10/Jun/2013:05:13:45 +0200] "GET /css/style.css HTTP/1.1" 200 8567 "-" "Mozilla/5.0 (compatible; Googlebot/2.1; +http://www.google.com/bot.html)"
157.56.92.146 - - [10/Jun/2013:06:58:29 +0200] "GET /robots.txt HTTP/1.1" 404 1256 "-" "Mozilla/5.0 (compatible; bingbot/2.0; +http://www.bing.com/bingbot.htm)"
157.56.92.146 - - [10/Jun/2013:06:59:01 +0200] "GET /seiten/start.htm HTTP/1.1" 200 9376 "-" "Mozilla/5.0 (compatible; bingbot/2.0; +http://www.bing.com/bingbot.htm)"
157.56.93.205 - - [10/Jun/2013:06:59:32 +0200] "GET / HTTP/1.1" 200 1775 "-" "Mozilla/5.0 (compatible; bingbot/2.0; +http://www.bing.com/bingbot.htm)"
157.56.93.205 - - [10/Jun/2013:06:59:32 +0200] "GET / HTTP/1.1" 200 1775 "-" "Mozilla/5.0 (compatible; bingbot/2.0; +http://www.bing.com/bingbot.htm)"
157.56.93.205 - - [10/Jun/2013:06:59:32 +0200] "GET /seiten/ausbildung3.htm HTTP/1.1" 200 6331 "-" "Mozilla/5.0 (compatible; bingbot/2.0; +http://www.bing.com/bingbot.htm)"
157.55.32.184 - - [10/Jun/2013:07:08:31 +0200] "GET /seiten/ausbildung.htm HTTP/1.1" 200 2131 "-" "Mozilla/5.0 (compatible; bingbot/2.0; +http://www.bing.com/bingbot.htm)"
141.8.147.12 - - [10/Jun/2013:10:03:48 +0200] "GET /seiten/ausbildung.htm HTTP/1.1" 200 2131 "-" "Mozilla/5.0 (compatible; YandexBot/3.0; +http://yandex.com/bots)"
157.56.93.205 - - [10/Jun/2013:10:34:33 +0200] "GET /robots.txt HTTP/1.1" 404 1256 "-" "Mozilla/5.0 (compatible; bingbot/2.0; +http://www.bing.com/bingbot.htm)"
157.56.93.205 - - [10/Jun/2013:10:35:23 +0200] "GET / HTTP/1.1" 200 1775 "-" "Mozilla/5.0 (compatible; bingbot/2.0; +http://www.bing.com/bingbot.htm)"
78.46.71.247 - - [10/Jun/2013:11:38:12 +0200] "GET / HTTP/1.1" 200 1775 "-" "Opera/9.20 (Windows NT 6.0; U; de)"
78.46.71.247 - - [10/Jun/2013:11:38:12 +0200] "GET /robots.txt HTTP/1.1" 404 1256 "-" "libwww-perl/6.03"
78.46.71.247 - - [10/Jun/2013:11:38:13 +0200] "GET / HTTP/1.1" 200 1775 "-" "Opera/9.20 (Windows NT 6.0; U; de)"
78.46.71.247 - - [10/Jun/2013:11:38:13 +0200] "GET /seiten/start.htm HTTP/1.1" 200 9376 "http://www.frb-berlin.de/" "Opera/9.20 (Windows NT 6.0; U; de)"
78.46.71.247 - - [10/Jun/2013:11:38:13 +0200] "GET /seiten/referenzen.htm HTTP/1.1" 200 3626 "http://www.frb-berlin.de/seiten/start.htm" "Opera/9.20 (Windows NT 6.0; U; de)"
78.46.71.247 - - [10/Jun/2013:11:38:13 +0200] "GET /seiten/referenzen_maler.htm HTTP/1.1" 200 51839 "http://www.frb-berlin.de/seiten/referenzen.htm" "Opera/9.20 (Windows NT 6.0; U; de)"
78.46.71.247 - - [10/Jun/2013:11:38:13 +0200] "GET /seiten/kontakt.php HTTP/1.1" 200 6708 "http://www.frb-berlin.de/seiten/referenzen_maler.htm" "Opera/9.20 (Windows NT 6.0; U; de)"
78.46.71.247 - - [10/Jun/2013:11:38:13 +0200] "GET /seiten/main.htm HTTP/1.1" 200 2319 "http://www.frb-berlin.de/seiten/kontakt.php" "Opera/9.20 (Windows NT 6.0; U; de)"
78.46.71.247 - - [10/Jun/2013:11:38:13 +0200] "GET /dokumente/ReferenzenBeton.pdf HTTP/1.1" 200 10270 "http://www.frb-berlin.de/seiten/main.htm" "Opera/9.20 (Windows NT 6.0; U; de)"
78.46.71.247 - - [10/Jun/2013:11:38:13 +0200] "GET /seiten/referenzen_beton.htm HTTP/1.1" 200 8747 "http://www.frb-berlin.de/dokumente/ReferenzenBeton.pdf" "Opera/9.20 (Windows NT 6.0; U; de)"
78.46.71.247 - - [10/Jun/2013:11:38:13 +0200] "GET /seiten/ueber_uns.htm HTTP/1.1" 200 2081 "http://www.frb-berlin.de/seiten/referenzen_beton.htm" "Opera/9.20 (Windows NT 6.0; U; de)"
78.46.71.247 - - [10/Jun/2013:11:38:13 +0200] "GET /seiten/impressum.htm HTTP/1.1" 200 4734 "http://www.frb-berlin.de/seiten/ueber_uns.htm" "Opera/9.20 (Windows NT 6.0; U; de)"
78.46.71.247 - - [10/Jun/2013:11:38:13 +0200] "GET /seiten/referenzen_waerme.htm HTTP/1.1" 200 35661 "http://www.frb-berlin.de/seiten/impressum.htm" "Opera/9.20 (Windows NT 6.0; U; de)"
78.46.71.247 - - [10/Jun/2013:11:38:13 +0200] "GET /dokumente/ReferenzenMaler.pdf HTTP/1.1" 200 15515 "http://www.frb-berlin.de/seiten/referenzen_waerme.htm" "Opera/9.20 (Windows NT 6.0; U; de)"
78.46.71.247 - - [10/Jun/2013:11:38:13 +0200] "GET /dokumente/ReferenzenWarme.pdf HTTP/1.1" 200 14947 "http://www.frb-berlin.de/dokumente/ReferenzenMaler.pdf" "Opera/9.20 (Windows NT 6.0; U; de)"
