208.115.113.88 - - [01/Dec/2013:00:08:46 +0100] "GET /robots.txt HTTP/1.1" 404 1256 "-" "Mozilla/5.0 (compatible; Ezooms/1.0; ezooms.bot@gmail.com)"
66.249.78.202 - - [01/Dec/2013:00:20:20 +0100] "GET /img/lay07.jpg HTTP/1.1" 304 - "-" "Googlebot-Image/1.0"
66.249.78.202 - - [01/Dec/2013:00:34:11 +0100] "GET / HTTP/1.1" 200 1775 "-" "Mozilla/5.0 (iPhone; CPU iPhone OS 6_0 like Mac OS X) AppleWebKit/536.26 (KHTML, like Gecko) Version/6.0 Mobile/10A5376e Safari/8536.25 (compatible; Googlebot-Mobile/2.1; +http://www.google.com/bot.html)"
141.8.147.12 - - [01/Dec/2013:01:10:42 +0100] "GET /robots.txt HTTP/1.1" 404 1256 "-" "Mozilla/5.0 (compatible; YandexBot/3.0; +http://yandex.com/bots)"
141.8.147.12 - - [01/Dec/2013:01:10:44 +0100] "GET /img/pdf.gif HTTP/1.1" 304 - "-" "Mozilla/5.0 (compatible; YandexImages/3.0; +http://yandex.com/bots)"
5.10.83.71 - - [01/Dec/2013:01:12:06 +0100] "GET /seiten/ausbildung2.htm HTTP/1.1" 200 4821 "-" "Mozilla/5.0 (compatible; AhrefsBot/5.0; +http://ahrefs.com/robot/)"
208.115.113.88 - - [01/Dec/2013:02:08:13 +0100] "GET /seiten/referenzen_waerme.htm HTTP/1.1" 200 35661 "-" "Mozilla/5.0 (compatible; Ezooms/1.0; ezooms.bot@gmail.com)"
141.8.147.12 - - [01/Dec/2013:02:11:10 +0100] "GET /img/1px.gif HTTP/1.1" 304 - "-" "Mozilla/5.0 (compatible; YandexImages/3.0; +http://yandex.com/bots)"
141.8.147.12 - - [01/Dec/2013:03:02:07 +0100] "GET /img/lay12.jpg HTTP/1.1" 304 - "-" "Mozilla/5.0 (compatible; YandexImages/3.0; +http://yandex.com/bots)"
217.86.196.40 - - [01/Dec/2013:03:10:48 +0100] "GET /robots.txt HTTP/1.1" 404 1256 "-" "JobRoboter/1.1"
217.86.196.40 - - [01/Dec/2013:03:10:48 +0100] "GET /seiten/ausbildung.htm HTTP/1.1" 200 2131 "-" "JobRoboter/1.1"
141.8.147.12 - - [01/Dec/2013:05:29:45 +0100] "GET /img/lay05.jpg HTTP/1.1" 304 - "-" "Mozilla/5.0 (compatible; YandexImages/3.0; +http://yandex.com/bots)"
199.30.20.47 - - [01/Dec/2013:08:09:45 +0100] "GET /robots.txt HTTP/1.1" 404 1256 "-" "msnbot-media/1.1 (+http://search.msn.com/msnbot.htm)"
199.30.20.47 - - [01/Dec/2013:08:09:45 +0100] "GET /img/lay04.jpg HTTP/1.1" 200 6356 "-" "msnbot-media/1.1 (+http://search.msn.com/msnbot.htm)"
54.220.42.115 - - [01/Dec/2013:08:16:01 +0100] "GET /robots.txt HTTP/1.1" 404 1256 "-" "-"
141.8.147.12 - - [01/Dec/2013:08:38:44 +0100] "GET /img/bogen_o1.jpg HTTP/1.1" 304 - "-" "Mozilla/5.0 (compatible; YandexImages/3.0; +http://yandex.com/bots)"
5.10.83.72 - - [01/Dec/2013:10:06:05 +0100] "GET /seiten/referenzen_beton.htm HTTP/1.1" 200 8747 "-" "Mozilla/5.0 (compatible; AhrefsBot/5.0; +http://ahrefs.com/robot/)"
46.229.170.197 - - [01/Dec/2013:11:29:34 +0100] "GET / HTTP/1.1" 200 1775 "-" "Mozilla/5.0 (Windows NT 6.1; Win64; x64; rv:2.2a1pre) Gecko/20110208 Firefox/4.2a1pre"
54.220.42.115 - - [01/Dec/2013:11:42:14 +0100] "HEAD / HTTP/1.1" 200 - "-" "Googlebot/2.1 (+http://www.google.com/bot.html)"
85.214.138.248 - - [01/Dec/2013:12:01:16 +0100] "GET / HTTP/1.1" 200 1775 "-" "Mozilla/5.0 (compatible; LoadTimeBot/0.7; +http://www.load-time.com/bot.html)"
5.10.83.36 - - [01/Dec/2013:12:49:28 +0100] "GET /robots.txt HTTP/1.1" 404 1256 "-" "Mozilla/5.0 (compatible; AhrefsBot/5.0; +http://ahrefs.com/robot/)"
5.10.83.65 - - [01/Dec/2013:13:48:16 +0100] "GET /seiten/start.htm HTTP/1.1" 200 9376 "-" "Mozilla/5.0 (compatible; AhrefsBot/5.0; +http://ahrefs.com/robot/)"
141.8.147.12 - - [01/Dec/2013:14:00:58 +0100] "GET /robots.txt HTTP/1.1" 404 1256 "-" "Mozilla/5.0 (compatible; YandexBot/3.0; +http://yandex.com/bots)"
141.8.147.12 - - [01/Dec/2013:14:01:00 +0100] "GET /img/top.gif HTTP/1.1" 304 - "-" "Mozilla/5.0 (compatible; YandexImages/3.0; +http://yandex.com/bots)"
141.8.147.12 - - [01/Dec/2013:14:59:31 +0100] "GET /img/lay13.jpg HTTP/1.1" 304 - "-" "Mozilla/5.0 (compatible; YandexImages/3.0; +http://yandex.com/bots)"
217.69.133.84 - - [01/Dec/2013:15:26:13 +0100] "GET /robots.txt HTTP/1.0" 404 1256 "-" "Mozilla/5.0 (compatible; Linux x86_64; Mail.RU_Bot/2.0; +http://go.mail.ru/help/robots)"
217.69.133.218 - - [01/Dec/2013:15:26:14 +0100] "GET /robots.txt HTTP/1.0" 404 1256 "-" "Mozilla/5.0 (compatible; Linux x86_64; Mail.RU_Bot/2.0; +http://go.mail.ru/help/robots)"
157.55.32.95 - - [01/Dec/2013:17:44:37 +0100] "GET /robots.txt HTTP/1.1" 404 1256 "-" "Mozilla/5.0 (compatible; bingbot/2.0; +http://www.bing.com/bingbot.htm)"
157.55.32.95 - - [01/Dec/2013:17:45:28 +0100] "GET / HTTP/1.1" 304 - "-" "Mozilla/5.0 (compatible; bingbot/2.0; +http://www.bing.com/bingbot.htm)"
208.115.111.72 - - [01/Dec/2013:18:06:12 +0100] "GET /robots.txt HTTP/1.1" 404 1256 "-" "Mozilla/5.0 (compatible; Ezooms/1.0; ezooms.bot@gmail.com)"
208.115.111.72 - - [01/Dec/2013:19:48:24 +0100] "GET / HTTP/1.1" 200 1775 "-" "Mozilla/5.0 (compatible; Ezooms/1.0; ezooms.bot@gmail.com)"
157.55.35.87 - - [01/Dec/2013:21:08:31 +0100] "GET /robots.txt HTTP/1.1" 404 1256 "-" "Mozilla/5.0 (compatible; bingbot/2.0; +http://www.bing.com/bingbot.htm)"
157.55.35.87 - - [01/Dec/2013:21:10:54 +0100] "GET /seiten/main.htm HTTP/1.1" 200 2319 "-" "Mozilla/5.0 (compatible; bingbot/2.0; +http://www.bing.com/bingbot.htm)"
199.30.24.41 - - [01/Dec/2013:21:10:57 +0100] "GET /css/style.css HTTP/1.1" 200 8567 "http://www.frb-berlin.de/seiten/main.htm" "Mozilla/5.0 (Windows NT 6.1; WOW64) AppleWebKit/534+ (KHTML, like Gecko) BingPreview/1.0b"
157.55.35.87 - - [01/Dec/2013:21:20:24 +0100] "GET /img/farben.jpg HTTP/1.1" 200 14519 "-" "Mozilla/5.0 (compatible; bingbot/2.0; +http://www.bing.com/bingbot.htm)"
157.55.35.87 - - [01/Dec/2013:21:20:24 +0100] "GET /img/1px.gif HTTP/1.1" 200 43 "-" "Mozilla/5.0 (compatible; bingbot/2.0; +http://www.bing.com/bingbot.htm)"
5.10.83.42 - - [01/Dec/2013:21:29:36 +0100] "GET /seiten/main.htm HTTP/1.1" 200 2319 "-" "Mozilla/5.0 (compatible; AhrefsBot/5.0; +http://ahrefs.com/robot/)"
66.249.78.202 - - [01/Dec/2013:22:21:36 +0100] "GET /robots.txt HTTP/1.1" 404 1256 "-" "Mozilla/5.0 (compatible; Googlebot/2.1; +http://www.google.com/bot.html)"
66.249.78.202 - - [01/Dec/2013:22:21:36 +0100] "GET / HTTP/1.1" 200 1775 "-" "Mozilla/5.0 (iPhone; CPU iPhone OS 6_0 like Mac OS X) AppleWebKit/536.26 (KHTML, like Gecko) Version/6.0 Mobile/10A5376e Safari/8536.25 (compatible; Googlebot-Mobile/2.1; +http://www.google.com/bot.html)"
66.249.78.202 - - [01/Dec/2013:22:26:34 +0100] "GET /css/style.css HTTP/1.1" 200 8567 "-" "Mozilla/5.0 (compatible; Googlebot/2.1; +http://www.google.com/bot.html)"
5.10.83.84 - - [01/Dec/2013:22:28:22 +0100] "GET /seiten/ausbildung3.htm HTTP/1.1" 200 6331 "-" "Mozilla/5.0 (compatible; AhrefsBot/5.0; +http://ahrefs.com/robot/)"
157.55.32.95 - - [01/Dec/2013:23:35:15 +0100] "GET /robots.txt HTTP/1.1" 404 1256 "-" "Mozilla/5.0 (compatible; bingbot/2.0; +http://www.bing.com/bingbot.htm)"
157.55.32.95 - - [01/Dec/2013:23:35:50 +0100] "GET / HTTP/1.1" 200 1775 "-" "Mozilla/5.0 (compatible; bingbot/2.0; +http://www.bing.com/bingbot.htm)"
199.30.25.153 - - [01/Dec/2013:23:35:54 +0100] "GET /img/logo.gif HTTP/1.1" 200 4275 "http://www.frb-berlin.de/" "Mozilla/5.0 (Windows NT 6.1; WOW64) AppleWebKit/534+ (KHTML, like Gecko) BingPreview/1.0b"
84.38.65.176 - - [02/Dec/2013:01:28:44 +0100] "GET / HTTP/1.0" 200 1775 "http://www.domain-reputation.de/www.frb-berlin.de" "Mozilla/5.0 (Macintosh; U; Intel Mac OS X 10.6; de-DE; rv:1.9.2.8) Gecko/20100722 Firefox/3.6.8"
217.86.196.40 - - [02/Dec/2013:01:39:02 +0100] "GET /robots.txt HTTP/1.1" 404 1256 "-" "JobRoboter/1.1"
217.86.196.40 - - [02/Dec/2013:01:39:03 +0100] "GET /seiten/ausbildung.htm HTTP/1.1" 200 2131 "-" "JobRoboter/1.1"
182.118.25.201 - - [02/Dec/2013:02:13:50 +0100] "GET /robots.txt HTTP/1.1" 404 1256 "http://www.frb-berlin.de/robots.txt" "Mozilla/5.0 (Windows; U; Windows NT 5.1; zh-CN; ) Firefox/1.5.0.11; 360Spider"
66.249.78.202 - - [02/Dec/2013:03:16:09 +0100] "GET / HTTP/1.1" 200 1775 "-" "Mozilla/5.0 (compatible; Googlebot/2.1; +http://www.google.com/bot.html)"
188.138.41.137 - - [02/Dec/2013:04:26:23 +0100] "GET /robots.txt HTTP/1.1" 404 1256 "-" "Mozilla/5.0 (X11; U; Linux i686; de; rv:1.9.0.1; compatible; iCjobs Stellenangebote Jobs; http://www.icjobs.de) Gecko/20100401 iCjobs/3.2.3"
188.138.41.137 - - [02/Dec/2013:04:26:23 +0100] "GET / HTTP/1.1" 200 1775 "-" "Mozilla/5.0 (X11; U; Linux i686; de; rv:1.9.0.1; compatible; iCjobs Stellenangebote Jobs; http://www.icjobs.de) Gecko/20100401 iCjobs/3.2.3"
188.138.41.137 - - [02/Dec/2013:04:26:24 +0100] "GET / HTTP/1.1" 200 1775 "-" "Mozilla/5.0 (X11; U; Linux i686; de; rv:1.9.0.1; compatible; iCjobs Stellenangebote Jobs; http://www.icjobs.de) Gecko/20100401 iCjobs/3.2.3"
188.138.41.137 - - [02/Dec/2013:04:26:24 +0100] "GET /seiten/start.htm HTTP/1.1" 200 9376 "-" "Mozilla/5.0 (X11; U; Linux i686; de; rv:1.9.0.1; compatible; iCjobs Stellenangebote Jobs; http://www.icjobs.de) Gecko/20100401 iCjobs/3.2.3"
188.138.41.137 - - [02/Dec/2013:04:26:24 +0100] "GET /seiten/main.htm HTTP/1.1" 200 2319 "-" "Mozilla/5.0 (X11; U; Linux i686; de; rv:1.9.0.1; compatible; iCjobs Stellenangebote Jobs; http://www.icjobs.de) Gecko/20100401 iCjobs/3.2.3"
188.138.41.137 - - [02/Dec/2013:04:26:25 +0100] "GET /scripte/menu_start.js HTTP/1.1" 200 31217 "-" "Mozilla/5.0 (X11; U; Linux i686; de; rv:1.9.0.1; compatible; iCjobs Stellenangebote Jobs; http://www.icjobs.de) Gecko/20100401 iCjobs/3.2.3"
188.138.41.137 - - [02/Dec/2013:04:26:25 +0100] "GET /scripte/menu_elemente.js HTTP/1.1" 200 18006 "-" "Mozilla/5.0 (X11; U; Linux i686; de; rv:1.9.0.1; compatible; iCjobs Stellenangebote Jobs; http://www.icjobs.de) Gecko/20100401 iCjobs/3.2.3"
188.138.41.137 - - [02/Dec/2013:04:26:41 +0100] "GET /seiten/ueber_uns.htm HTTP/1.1" 200 2081 "-" "Mozilla/5.0 (X11; U; Linux i686; de; rv:1.9.0.1; compatible; iCjobs Stellenangebote Jobs; http://www.icjobs.de) Gecko/20100401 iCjobs/3.2.3"
188.138.41.137 - - [02/Dec/2013:04:26:41 +0100] "GET /seiten/ausbildung.htm HTTP/1.1" 200 2131 "-" "Mozilla/5.0 (X11; U; Linux i686; de; rv:1.9.0.1; compatible; iCjobs Stellenangebote Jobs; http://www.icjobs.de) Gecko/20100401 iCjobs/3.2.3"
188.138.41.137 - - [02/Dec/2013:04:26:42 +0100] "GET /seiten/ausbildung2.htm HTTP/1.1" 200 4821 "-" "Mozilla/5.0 (X11; U; Linux i686; de; rv:1.9.0.1; compatible; iCjobs Stellenangebote Jobs; http://www.icjobs.de) Gecko/20100401 iCjobs/3.2.3"
188.138.41.137 - - [02/Dec/2013:04:26:43 +0100] "GET /css/style.css HTTP/1.1" 200 8567 "-" "Mozilla/5.0 (X11; U; Linux i686; de; rv:1.9.0.1; compatible; iCjobs Stellenangebote Jobs; http://www.icjobs.de) Gecko/20100401 iCjobs/3.2.3"
188.138.41.137 - - [02/Dec/2013:04:27:45 +0100] "GET /seiten/ausbildung3.htm HTTP/1.1" 200 6331 "-" "Mozilla/5.0 (X11; U; Linux i686; de; rv:1.9.0.1; compatible; iCjobs Stellenangebote Jobs; http://www.icjobs.de) Gecko/20100401 iCjobs/3.2.3"
188.138.41.137 - - [02/Dec/2013:04:29:12 +0100] "GET /seiten/kontakt.php HTTP/1.1" 200 6708 "-" "Mozilla/5.0 (X11; U; Linux i686; de; rv:1.9.0.1; compatible; iCjobs Stellenangebote Jobs; http://www.icjobs.de) Gecko/20100401 iCjobs/3.2.3"
188.138.41.137 - - [02/Dec/2013:04:29:13 +0100] "GET /seiten/leistungen.htm HTTP/1.1" 200 3710 "-" "Mozilla/5.0 (X11; U; Linux i686; de; rv:1.9.0.1; compatible; iCjobs Stellenangebote Jobs; http://www.icjobs.de) Gecko/20100401 iCjobs/3.2.3"
188.138.41.137 - - [02/Dec/2013:04:29:13 +0100] "GET /seiten/referenzen.htm HTTP/1.1" 200 3626 "-" "Mozilla/5.0 (X11; U; Linux i686; de; rv:1.9.0.1; compatible; iCjobs Stellenangebote Jobs; http://www.icjobs.de) Gecko/20100401 iCjobs/3.2.3"
188.138.41.137 - - [02/Dec/2013:04:29:15 +0100] "GET /seiten/referenzen_maler.htm HTTP/1.1" 200 51839 "-" "Mozilla/5.0 (X11; U; Linux i686; de; rv:1.9.0.1; compatible; iCjobs Stellenangebote Jobs; http://www.icjobs.de) Gecko/20100401 iCjobs/3.2.3"
188.138.41.137 - - [02/Dec/2013:04:29:18 +0100] "GET /dokumente/ReferenzenMaler.pdf HTTP/1.1" 200 15515 "-" "Java/1.6.0_10-rc"
188.138.41.137 - - [02/Dec/2013:04:29:19 +0100] "GET /seiten/links.htm HTTP/1.1" 200 1543 "-" "Mozilla/5.0 (X11; U; Linux i686; de; rv:1.9.0.1; compatible; iCjobs Stellenangebote Jobs; http://www.icjobs.de) Gecko/20100401 iCjobs/3.2.3"
188.138.41.137 - - [02/Dec/2013:04:29:20 +0100] "GET /seiten/referenzen_waerme.htm HTTP/1.1" 200 35661 "-" "Mozilla/5.0 (X11; U; Linux i686; de; rv:1.9.0.1; compatible; iCjobs Stellenangebote Jobs; http://www.icjobs.de) Gecko/20100401 iCjobs/3.2.3"
188.138.41.137 - - [02/Dec/2013:04:29:21 +0100] "GET /seiten/referenzen_beton.htm HTTP/1.1" 200 8747 "-" "Mozilla/5.0 (X11; U; Linux i686; de; rv:1.9.0.1; compatible; iCjobs Stellenangebote Jobs; http://www.icjobs.de) Gecko/20100401 iCjobs/3.2.3"
188.138.41.137 - - [02/Dec/2013:04:29:22 +0100] "GET /dokumente/ReferenzenWarme.pdf HTTP/1.1" 200 14947 "-" "Java/1.6.0_10-rc"
188.138.41.137 - - [02/Dec/2013:04:29:24 +0100] "GET /dokumente/ReferenzenBeton.pdf HTTP/1.1" 200 10270 "-" "Java/1.6.0_10-rc"
208.115.111.72 - - [02/Dec/2013:06:08:16 +0100] "GET /robots.txt HTTP/1.1" 404 1256 "-" "Mozilla/5.0 (compatible; Ezooms/1.0; ezooms.bot@gmail.com)"
5.10.83.42 - - [02/Dec/2013:07:40:54 +0100] "GET /seiten/ueber_uns.htm HTTP/1.1" 200 2081 "-" "Mozilla/5.0 (compatible; AhrefsBot/5.0; +http://ahrefs.com/robot/)"
208.115.111.72 - - [02/Dec/2013:07:53:31 +0100] "GET /seiten/ueber_uns.htm HTTP/1.1" 200 2081 "-" "Mozilla/5.0 (compatible; Ezooms/1.0; ezooms.bot@gmail.com)"
188.138.41.175 - - [02/Dec/2013:08:48:14 +0100] "GET / HTTP/1.1" 200 1775 "-" "Mozilla/5.0 (X11; U; Linux i686; en-US; rv:1.9.0.1) Gecko/2008070206 Firefox/3.0.1"
188.138.41.175 - - [02/Dec/2013:08:48:14 +0100] "GET /seiten/impressum.htm HTTP/1.1" 200 4734 "-" "Mozilla/5.0 (X11; U; Linux i686; en-US; rv:1.9.0.1) Gecko/2008070206 Firefox/3.0.1"
141.8.147.12 - - [02/Dec/2013:08:52:11 +0100] "GET /robots.txt HTTP/1.1" 404 1256 "-" "Mozilla/5.0 (compatible; YandexBot/3.0; +http://yandex.com/bots)"
188.138.41.175 - - [02/Dec/2013:09:49:16 +0100] "GET / HTTP/1.1" 200 1775 "-" "Mozilla/5.0 (X11; U; Linux i686; en-US; rv:1.9.0.1) Gecko/2008070206 Firefox/3.0.1"
188.138.41.175 - - [02/Dec/2013:09:49:16 +0100] "GET /seiten/impressum.htm HTTP/1.1" 200 4734 "-" "Mozilla/5.0 (X11; U; Linux i686; en-US; rv:1.9.0.1) Gecko/2008070206 Firefox/3.0.1"
66.249.78.202 - - [02/Dec/2013:10:39:19 +0100] "GET /robots.txt HTTP/1.1" 404 1256 "-" "Mozilla/5.0 (compatible; Googlebot/2.1; +http://www.google.com/bot.html)"
188.138.41.175 - - [02/Dec/2013:10:58:15 +0100] "GET / HTTP/1.1" 200 1775 "-" "Mozilla/5.0 (X11; U; Linux i686; en-US; rv:1.9.0.1) Gecko/2008070206 Firefox/3.0.1"
188.138.41.175 - - [02/Dec/2013:10:58:15 +0100] "GET /seiten/impressum.htm HTTP/1.1" 200 4734 "-" "Mozilla/5.0 (X11; U; Linux i686; en-US; rv:1.9.0.1) Gecko/2008070206 Firefox/3.0.1"
199.30.20.93 - - [02/Dec/2013:11:44:27 +0100] "GET /robots.txt HTTP/1.1" 404 1256 "-" "msnbot-media/1.1 (+http://search.msn.com/msnbot.htm)"
199.30.20.93 - - [02/Dec/2013:11:44:27 +0100] "GET /img/lay03.jpg HTTP/1.1" 200 15205 "-" "msnbot-media/1.1 (+http://search.msn.com/msnbot.htm)"
85.179.133.70 - - [02/Dec/2013:13:08:56 +0100] "GET /seiten/start.htm HTTP/1.1" 200 9376 "https://www.google.de/" "Mozilla/5.0 (Windows NT 6.1; WOW64) AppleWebKit/537.36 (KHTML, like Gecko) Chrome/31.0.1650.57 Safari/537.36"
85.179.133.70 - - [02/Dec/2013:13:08:56 +0100] "GET /css/style.css HTTP/1.1" 200 8567 "http://www.frb-berlin.de/seiten/start.htm" "Mozilla/5.0 (Windows NT 6.1; WOW64) AppleWebKit/537.36 (KHTML, like Gecko) Chrome/31.0.1650.57 Safari/537.36"
85.179.133.70 - - [02/Dec/2013:13:08:56 +0100] "GET /scripte/menu_start.js HTTP/1.1" 200 31217 "http://www.frb-berlin.de/seiten/start.htm" "Mozilla/5.0 (Windows NT 6.1; WOW64) AppleWebKit/537.36 (KHTML, like Gecko) Chrome/31.0.1650.57 Safari/537.36"
85.179.133.70 - - [02/Dec/2013:13:08:56 +0100] "GET /scripte/menu_elemente.js HTTP/1.1" 200 18006 "http://www.frb-berlin.de/seiten/start.htm" "Mozilla/5.0 (Windows NT 6.1; WOW64) AppleWebKit/537.36 (KHTML, like Gecko) Chrome/31.0.1650.57 Safari/537.36"
85.179.133.70 - - [02/Dec/2013:13:08:56 +0100] "GET /img/1px.gif HTTP/1.1" 200 43 "http://www.frb-berlin.de/seiten/start.htm" "Mozilla/5.0 (Windows NT 6.1; WOW64) AppleWebKit/537.36 (KHTML, like Gecko) Chrome/31.0.1650.57 Safari/537.36"
85.179.133.70 - - [02/Dec/2013:13:08:56 +0100] "GET /img/head.jpg HTTP/1.1" 200 5932 "http://www.frb-berlin.de/seiten/start.htm" "Mozilla/5.0 (Windows NT 6.1; WOW64) AppleWebKit/537.36 (KHTML, like Gecko) Chrome/31.0.1650.57 Safari/537.36"
85.179.133.70 - - [02/Dec/2013:13:08:56 +0100] "GET /img/lay01.jpg HTTP/1.1" 200 9336 "http://www.frb-berlin.de/seiten/start.htm" "Mozilla/5.0 (Windows NT 6.1; WOW64) AppleWebKit/537.36 (KHTML, like Gecko) Chrome/31.0.1650.57 Safari/537.36"
85.179.133.70 - - [02/Dec/2013:13:08:57 +0100] "GET /img/over_logo.jpg HTTP/1.1" 200 5315 "http://www.frb-berlin.de/seiten/start.htm" "Mozilla/5.0 (Windows NT 6.1; WOW64) AppleWebKit/537.36 (KHTML, like Gecko) Chrome/31.0.1650.57 Safari/537.36"
85.179.133.70 - - [02/Dec/2013:13:08:57 +0100] "GET /img/lay03.jpg HTTP/1.1" 200 15205 "http://www.frb-berlin.de/seiten/start.htm" "Mozilla/5.0 (Windows NT 6.1; WOW64) AppleWebKit/537.36 (KHTML, like Gecko) Chrome/31.0.1650.57 Safari/537.36"
85.179.133.70 - - [02/Dec/2013:13:08:57 +0100] "GET /img/lay04.jpg HTTP/1.1" 200 6356 "http://www.frb-berlin.de/seiten/start.htm" "Mozilla/5.0 (Windows NT 6.1; WOW64) AppleWebKit/537.36 (KHTML, like Gecko) Chrome/31.0.1650.57 Safari/537.36"
85.179.133.70 - - [02/Dec/2013:13:08:57 +0100] "GET /seiten/main.htm HTTP/1.1" 200 2319 "http://www.frb-berlin.de/seiten/start.htm" "Mozilla/5.0 (Windows NT 6.1; WOW64) AppleWebKit/537.36 (KHTML, like Gecko) Chrome/31.0.1650.57 Safari/537.36"
85.179.133.70 - - [02/Dec/2013:13:08:57 +0100] "GET /img/lay05.jpg HTTP/1.1" 200 10183 "http://www.frb-berlin.de/seiten/start.htm" "Mozilla/5.0 (Windows NT 6.1; WOW64) AppleWebKit/537.36 (KHTML, like Gecko) Chrome/31.0.1650.57 Safari/537.36"
85.179.133.70 - - [02/Dec/2013:13:08:57 +0100] "GET /img/lay06.jpg HTTP/1.1" 200 11774 "http://www.frb-berlin.de/seiten/start.htm" "Mozilla/5.0 (Windows NT 6.1; WOW64) AppleWebKit/537.36 (KHTML, like Gecko) Chrome/31.0.1650.57 Safari/537.36"
85.179.133.70 - - [02/Dec/2013:13:08:57 +0100] "GET /img/lay07.jpg HTTP/1.1" 200 9742 "http://www.frb-berlin.de/seiten/start.htm" "Mozilla/5.0 (Windows NT 6.1; WOW64) AppleWebKit/537.36 (KHTML, like Gecko) Chrome/31.0.1650.57 Safari/537.36"
85.179.133.70 - - [02/Dec/2013:13:08:57 +0100] "GET /img/lay13.jpg HTTP/1.1" 200 428 "http://www.frb-berlin.de/seiten/start.htm" "Mozilla/5.0 (Windows NT 6.1; WOW64) AppleWebKit/537.36 (KHTML, like Gecko) Chrome/31.0.1650.57 Safari/537.36"
85.179.133.70 - - [02/Dec/2013:13:08:57 +0100] "GET /img/lay08.jpg HTTP/1.1" 200 10212 "http://www.frb-berlin.de/seiten/start.htm" "Mozilla/5.0 (Windows NT 6.1; WOW64) AppleWebKit/537.36 (KHTML, like Gecko) Chrome/31.0.1650.57 Safari/537.36"
85.179.133.70 - - [02/Dec/2013:13:08:57 +0100] "GET /img/bogen_o1.jpg HTTP/1.1" 200 8356 "http://www.frb-berlin.de/seiten/start.htm" "Mozilla/5.0 (Windows NT 6.1; WOW64) AppleWebKit/537.36 (KHTML, like Gecko) Chrome/31.0.1650.57 Safari/537.36"
85.179.133.70 - - [02/Dec/2013:13:08:57 +0100] "GET /img/lay10.jpg HTTP/1.1" 200 12856 "http://www.frb-berlin.de/seiten/start.htm" "Mozilla/5.0 (Windows NT 6.1; WOW64) AppleWebKit/537.36 (KHTML, like Gecko) Chrome/31.0.1650.57 Safari/537.36"
85.179.133.70 - - [02/Dec/2013:13:08:57 +0100] "GET /img/lay12.jpg HTTP/1.1" 200 394 "http://www.frb-berlin.de/seiten/start.htm" "Mozilla/5.0 (Windows NT 6.1; WOW64) AppleWebKit/537.36 (KHTML, like Gecko) Chrome/31.0.1650.57 Safari/537.36"
85.179.133.70 - - [02/Dec/2013:13:08:57 +0100] "GET /img/bg_links.jpg HTTP/1.1" 200 8379 "http://www.frb-berlin.de/seiten/start.htm" "Mozilla/5.0 (Windows NT 6.1; WOW64) AppleWebKit/537.36 (KHTML, like Gecko) Chrome/31.0.1650.57 Safari/537.36"
85.179.133.70 - - [02/Dec/2013:13:08:57 +0100] "GET /img/bg_rechts.jpg HTTP/1.1" 200 346 "http://www.frb-berlin.de/seiten/start.htm" "Mozilla/5.0 (Windows NT 6.1; WOW64) AppleWebKit/537.36 (KHTML, like Gecko) Chrome/31.0.1650.57 Safari/537.36"
85.179.133.70 - - [02/Dec/2013:13:08:57 +0100] "GET /img/lay11.jpg HTTP/1.1" 200 12218 "http://www.frb-berlin.de/seiten/start.htm" "Mozilla/5.0 (Windows NT 6.1; WOW64) AppleWebKit/537.36 (KHTML, like Gecko) Chrome/31.0.1650.57 Safari/537.36"
85.179.133.70 - - [02/Dec/2013:13:08:57 +0100] "GET /img/farben.jpg HTTP/1.1" 200 14519 "http://www.frb-berlin.de/seiten/main.htm" "Mozilla/5.0 (Windows NT 6.1; WOW64) AppleWebKit/537.36 (KHTML, like Gecko) Chrome/31.0.1650.57 Safari/537.36"
85.179.133.70 - - [02/Dec/2013:13:08:57 +0100] "GET /img/favorit_a.gif HTTP/1.1" 200 175 "http://www.frb-berlin.de/seiten/start.htm" "Mozilla/5.0 (Windows NT 6.1; WOW64) AppleWebKit/537.36 (KHTML, like Gecko) Chrome/31.0.1650.57 Safari/537.36"
85.179.133.70 - - [02/Dec/2013:13:08:57 +0100] "GET /favicon.ico HTTP/1.1" 404 1256 "-" "Mozilla/5.0 (Windows NT 6.1; WOW64) AppleWebKit/537.36 (KHTML, like Gecko) Chrome/31.0.1650.57 Safari/537.36"
85.179.133.70 - - [02/Dec/2013:13:09:02 +0100] "GET /seiten/ueber_uns.htm HTTP/1.1" 200 2081 "http://www.frb-berlin.de/seiten/start.htm" "Mozilla/5.0 (Windows NT 6.1; WOW64) AppleWebKit/537.36 (KHTML, like Gecko) Chrome/31.0.1650.57 Safari/537.36"
85.179.133.70 - - [02/Dec/2013:13:09:02 +0100] "GET /img/hg.jpg HTTP/1.1" 200 7507 "http://www.frb-berlin.de/seiten/ueber_uns.htm" "Mozilla/5.0 (Windows NT 6.1; WOW64) AppleWebKit/537.36 (KHTML, like Gecko) Chrome/31.0.1650.57 Safari/537.36"
85.179.133.70 - - [02/Dec/2013:13:09:31 +0100] "GET /seiten/ausbildung3.htm HTTP/1.1" 200 6331 "http://www.frb-berlin.de/seiten/start.htm" "Mozilla/5.0 (Windows NT 6.1; WOW64) AppleWebKit/537.36 (KHTML, like Gecko) Chrome/31.0.1650.57 Safari/537.36"
85.179.133.70 - - [02/Dec/2013:13:09:31 +0100] "GET /img/top.gif HTTP/1.1" 200 950 "http://www.frb-berlin.de/seiten/ausbildung3.htm" "Mozilla/5.0 (Windows NT 6.1; WOW64) AppleWebKit/537.36 (KHTML, like Gecko) Chrome/31.0.1650.57 Safari/537.36"
85.179.133.70 - - [02/Dec/2013:13:14:29 +0100] "GET /seiten/kontakt.php HTTP/1.1" 200 6708 "http://www.frb-berlin.de/seiten/start.htm" "Mozilla/5.0 (Windows NT 6.1; WOW64) AppleWebKit/537.36 (KHTML, like Gecko) Chrome/31.0.1650.57 Safari/537.36"
85.179.133.70 - - [02/Dec/2013:13:14:30 +0100] "GET /img/logo.gif HTTP/1.1" 200 4275 "http://www.frb-berlin.de/seiten/kontakt.php" "Mozilla/5.0 (Windows NT 6.1; WOW64) AppleWebKit/537.36 (KHTML, like Gecko) Chrome/31.0.1650.57 Safari/537.36"
85.10.246.235 - - [02/Dec/2013:13:27:24 +0100] "GET /robots.txt HTTP/1.1" 404 1256 "-" "Python-urllib/2.7"
85.10.246.235 - - [02/Dec/2013:13:27:24 +0100] "GET / HTTP/1.1" 200 1775 "-" "Mozilla/5.0 (Windows NT 6.1; WOW64) AppleWebKit/537.4 (KHTML, like Gecko) Chrome/22.0.1229.94 Safari/537.4"
85.10.246.235 - - [02/Dec/2013:13:27:24 +0100] "GET /css/style.css HTTP/1.1" 200 8567 "http://www.frb-berlin.de/" "Mozilla/5.0 (Windows NT 6.1; WOW64) AppleWebKit/537.4 (KHTML, like Gecko) Chrome/22.0.1229.94 Safari/537.4"
85.10.246.235 - - [02/Dec/2013:13:27:24 +0100] "GET /img/logo.gif HTTP/1.1" 200 4275 "http://www.frb-berlin.de/" "Mozilla/5.0 (Windows NT 6.1; WOW64) AppleWebKit/537.4 (KHTML, like Gecko) Chrome/22.0.1229.94 Safari/537.4"
87.185.151.209 - - [02/Dec/2013:14:13:06 +0100] "GET /seiten/ausbildung3.htm HTTP/1.0" 200 6331 "http://www.backinjob.de/lehrstellen/suche.html?s=kauffrau+f%C3%BCr+b%C3%BCrokommunikation&o=bernau+bei+berlin&u=20&p=1" "Mozilla/5.0 (compatible; MSIE 9.0; Windows NT 6.1; WOW64; Trident/5.0)"
87.185.151.209 - - [02/Dec/2013:14:13:07 +0100] "GET /css/style.css HTTP/1.0" 200 8567 "http://www.frb-berlin.de/seiten/ausbildung3.htm" "Mozilla/5.0 (compatible; MSIE 9.0; Windows NT 6.1; WOW64; Trident/5.0)"
87.185.151.209 - - [02/Dec/2013:14:13:07 +0100] "GET /img/top.gif HTTP/1.0" 200 950 "http://www.frb-berlin.de/seiten/ausbildung3.htm" "Mozilla/5.0 (compatible; MSIE 9.0; Windows NT 6.1; WOW64; Trident/5.0)"
87.185.151.209 - - [02/Dec/2013:14:13:07 +0100] "GET /img/hg.jpg HTTP/1.0" 200 7507 "http://www.frb-berlin.de/seiten/ausbildung3.htm" "Mozilla/5.0 (compatible; MSIE 9.0; Windows NT 6.1; WOW64; Trident/5.0)"
87.185.151.209 - - [02/Dec/2013:14:13:07 +0100] "GET /favicon.ico HTTP/1.0" 404 1256 "-" "Mozilla/5.0 (compatible; MSIE 9.0; Windows NT 6.1; WOW64; Trident/5.0)"
66.249.78.202 - - [02/Dec/2013:14:14:52 +0100] "GET /robots.txt HTTP/1.1" 404 1256 "-" "Mozilla/5.0 (compatible; Googlebot/2.1; +http://www.google.com/bot.html)"
66.249.78.202 - - [02/Dec/2013:14:14:52 +0100] "GET /seiten/referenzen_maler.htm HTTP/1.1" 304 - "-" "Mozilla/5.0 (iPhone; CPU iPhone OS 6_0 like Mac OS X) AppleWebKit/536.26 (KHTML, like Gecko) Version/6.0 Mobile/10A5376e Safari/8536.25 (compatible; Googlebot-Mobile/2.1; +http://www.google.com/bot.html)"
199.30.20.93 - - [02/Dec/2013:14:51:22 +0100] "GET /robots.txt HTTP/1.1" 404 1256 "-" "msnbot-media/1.1 (+http://search.msn.com/msnbot.htm)"
199.30.20.93 - - [02/Dec/2013:14:51:22 +0100] "GET /img/lay03.jpg HTTP/1.1" 200 15205 "-" "msnbot-media/1.1 (+http://search.msn.com/msnbot.htm)"
141.8.147.12 - - [02/Dec/2013:15:07:46 +0100] "GET /img/lay03.jpg HTTP/1.1" 304 - "-" "Mozilla/5.0 (compatible; YandexImages/3.0; +http://yandex.com/bots)"
82.94.179.38 - - [02/Dec/2013:16:23:58 +0100] "GET /robots.txt HTTP/1.0" 404 1256 "-" "Mozilla/4.0 (compatible; Vagabondo/4.0/EU; http://webagent.wise-guys.nl/)"
82.94.179.38 - - [02/Dec/2013:16:23:58 +0100] "GET / HTTP/1.1" 200 1775 "-" "Mozilla/4.0 (compatible; Vagabondo/4.0/EU; http://www.wise-guys.nl/)"
82.94.179.38 - - [02/Dec/2013:16:24:08 +0100] "GET /seiten/impressum.htm HTTP/1.1" 200 4734 "http://www.frb-berlin.de/seiten/start.htm" "Mozilla/4.0 (compatible; Vagabondo/4.0/EU; http://www.wise-guys.nl/)"
82.94.179.38 - - [02/Dec/2013:16:24:16 +0100] "GET /seiten/start.htm HTTP/1.1" 200 9376 "http://www.frb-berlin.de" "Mozilla/4.0 (compatible; Vagabondo/4.0/EU; http://www.wise-guys.nl/)"
82.94.179.38 - - [02/Dec/2013:16:24:24 +0100] "GET /seiten/ausbildung2.htm HTTP/1.1" 200 4821 "http://www.frb-berlin.de/seiten/ausbildung.htm" "Mozilla/4.0 (compatible; Vagabondo/4.0/EU; http://www.wise-guys.nl/)"
82.94.179.38 - - [02/Dec/2013:16:24:33 +0100] "GET / HTTP/1.1" 200 1775 "http://www.frb-berlin.de/seiten/impressum.htm" "Mozilla/4.0 (compatible; Vagabondo/4.0/EU; http://www.wise-guys.nl/)"
82.94.179.38 - - [02/Dec/2013:16:24:41 +0100] "GET /seiten/kontakt.php HTTP/1.1" 200 6708 "http://www.frb-berlin.de/seiten/start.htm" "Mozilla/4.0 (compatible; Vagabondo/4.0/EU; http://www.wise-guys.nl/)"
82.94.179.38 - - [02/Dec/2013:16:24:49 +0100] "GET /seiten/ausbildung.htm HTTP/1.1" 200 2131 "http://www.frb-berlin.de/seiten/start.htm" "Mozilla/4.0 (compatible; Vagabondo/4.0/EU; http://www.wise-guys.nl/)"
82.94.179.38 - - [02/Dec/2013:16:24:56 +0100] "GET /seiten/links.htm HTTP/1.1" 200 1543 "http://www.frb-berlin.de/seiten/start.htm" "Mozilla/4.0 (compatible; Vagabondo/4.0/EU; http://www.wise-guys.nl/)"
82.94.179.38 - - [02/Dec/2013:16:25:03 +0100] "GET /seiten/ueber_uns.htm HTTP/1.1" 200 2081 "http://www.frb-berlin.de/seiten/start.htm" "Mozilla/4.0 (compatible; Vagabondo/4.0/EU; http://www.wise-guys.nl/)"
82.94.179.38 - - [02/Dec/2013:16:25:11 +0100] "GET /seiten/leistungen.htm HTTP/1.1" 200 3710 "http://www.frb-berlin.de/seiten/start.htm" "Mozilla/4.0 (compatible; Vagabondo/4.0/EU; http://www.wise-guys.nl/)"
82.94.179.38 - - [02/Dec/2013:16:25:18 +0100] "GET /seiten/referenzen.htm HTTP/1.1" 200 3626 "http://www.frb-berlin.de/seiten/start.htm" "Mozilla/4.0 (compatible; Vagabondo/4.0/EU; http://www.wise-guys.nl/)"
82.94.179.38 - - [02/Dec/2013:16:25:26 +0100] "GET /seiten/main.htm HTTP/1.1" 200 2319 "http://www.frb-berlin.de/seiten/start.htm" "Mozilla/4.0 (compatible; Vagabondo/4.0/EU; http://www.wise-guys.nl/)"
82.94.179.38 - - [02/Dec/2013:16:25:33 +0100] "GET /seiten/referenzen_beton.htm HTTP/1.1" 200 8747 "http://www.frb-berlin.de/seiten/referenzen.htm" "Mozilla/4.0 (compatible; Vagabondo/4.0/EU; http://www.wise-guys.nl/)"
82.94.179.38 - - [02/Dec/2013:16:25:41 +0100] "GET /seiten/ausbildung3.htm HTTP/1.1" 200 6331 "http://www.frb-berlin.de/seiten/ausbildung.htm" "Mozilla/4.0 (compatible; Vagabondo/4.0/EU; http://www.wise-guys.nl/)"
82.94.179.38 - - [02/Dec/2013:16:25:48 +0100] "GET /seiten/referenzen_maler.htm HTTP/1.1" 200 51839 "http://www.frb-berlin.de/seiten/referenzen.htm" "Mozilla/4.0 (compatible; Vagabondo/4.0/EU; http://www.wise-guys.nl/)"
82.94.179.38 - - [02/Dec/2013:16:25:56 +0100] "GET /seiten/referenzen_waerme.htm HTTP/1.1" 200 35661 "http://www.frb-berlin.de/seiten/referenzen.htm" "Mozilla/4.0 (compatible; Vagabondo/4.0/EU; http://www.wise-guys.nl/)"
66.249.78.202 - - [02/Dec/2013:18:41:35 +0100] "GET /robots.txt HTTP/1.1" 404 1256 "-" "Mozilla/5.0 (compatible; Googlebot/2.1; +http://www.google.com/bot.html)"
66.249.78.202 - - [02/Dec/2013:18:41:35 +0100] "GET /ojnscktw.html HTTP/1.1" 404 1256 "-" "Mozilla/5.0 (compatible; Googlebot/2.1; +http://www.google.com/bot.html)"
199.30.20.91 - - [02/Dec/2013:19:06:12 +0100] "GET /robots.txt HTTP/1.1" 404 1256 "-" "msnbot-media/1.1 (+http://search.msn.com/msnbot.htm)"
199.30.20.91 - - [02/Dec/2013:19:06:12 +0100] "GET /img/over_logo.jpg HTTP/1.1" 200 5315 "-" "msnbot-media/1.1 (+http://search.msn.com/msnbot.htm)"
141.8.147.12 - - [02/Dec/2013:20:20:19 +0100] "GET /img/lay04.jpg HTTP/1.1" 304 - "-" "Mozilla/5.0 (compatible; YandexImages/3.0; +http://yandex.com/bots)"
185.2.101.102 - - [02/Dec/2013:21:08:28 +0100] "GET / HTTP/1.1" 200 1775 "-" "Mozilla/5.0 (X11; U; Linux i686; en-US; rv:1.9.0.1) Gecko/2008071615 Fedora/3.0.1-1.fc9 Firefox/3.0.1"
185.2.101.102 - - [02/Dec/2013:21:08:28 +0100] "GET / HTTP/1.1" 200 1775 "-" "Mozilla/5.0 (X11; U; Linux i686; en-US; rv:1.9.0.1) Gecko/2008071615 Fedora/3.0.1-1.fc9 Firefox/3.0.1"
185.2.101.102 - - [02/Dec/2013:21:08:28 +0100] "GET / HTTP/1.1" 200 1775 "-" "Mozilla/5.0 (X11; U; Linux i686; en-US; rv:1.9.0.1) Gecko/2008071615 Fedora/3.0.1-1.fc9 Firefox/3.0.1"
185.2.101.102 - - [02/Dec/2013:21:08:28 +0100] "GET / HTTP/1.1" 200 1775 "-" "Mozilla/5.0 (X11; U; Linux i686; en-US; rv:1.9.0.1) Gecko/2008071615 Fedora/3.0.1-1.fc9 Firefox/3.0.1"
178.255.215.69 - - [02/Dec/2013:21:31:27 +0100] "GET /robots.txt HTTP/1.1" 404 1256 "-" "Mozilla/5.0 (compatible; Exabot/3.0; +http://www.exabot.com/go/robot)"
178.255.215.69 - - [02/Dec/2013:21:31:27 +0100] "GET /seiten/ausbildung.htm HTTP/1.1" 304 - "-" "Mozilla/5.0 (compatible; Exabot/3.0; +http://www.exabot.com/go/robot)"
5.28.96.56 - - [02/Dec/2013:21:48:48 +0100] "GET /seiten/ausbildung2.htm HTTP/1.1" 200 4821 "-" "Mozilla/5.0 (compatible; MSIE 9.0; Windows NT 6.0; Trident/5.0)"
5.28.96.56 - - [02/Dec/2013:21:48:48 +0100] "GET /css/style.css HTTP/1.1" 200 8567 "http://www.frb-berlin.de/seiten/ausbildung2.htm" "Mozilla/5.0 (compatible; MSIE 9.0; Windows NT 6.0; Trident/5.0)"
5.28.96.56 - - [02/Dec/2013:21:48:48 +0100] "GET /img/hg.jpg HTTP/1.1" 200 7507 "http://www.frb-berlin.de/seiten/ausbildung2.htm" "Mozilla/5.0 (compatible; MSIE 9.0; Windows NT 6.0; Trident/5.0)"
5.28.96.56 - - [02/Dec/2013:21:48:48 +0100] "GET /img/top.gif HTTP/1.1" 200 950 "http://www.frb-berlin.de/seiten/ausbildung2.htm" "Mozilla/5.0 (compatible; MSIE 9.0; Windows NT 6.0; Trident/5.0)"
5.28.96.56 - - [02/Dec/2013:21:48:48 +0100] "GET /favicon.ico HTTP/1.1" 404 1256 "-" "Mozilla/5.0 (compatible; MSIE 9.0; Windows NT 6.0; Trident/5.0)"
66.249.78.202 - - [03/Dec/2013:00:24:18 +0100] "GET /seiten/start.htm HTTP/1.1" 304 - "-" "Mozilla/5.0 (iPhone; CPU iPhone OS 6_0 like Mac OS X) AppleWebKit/536.26 (KHTML, like Gecko) Version/6.0 Mobile/10A5376e Safari/8536.25 (compatible; Googlebot-Mobile/2.1; +http://www.google.com/bot.html)"
82.198.86.73 - - [03/Dec/2013:01:15:50 +0100] "GET / HTTP/1.1" 200 1775 "-" "Mozilla/5.0 (Windows; U; Windows NT 5.1; en-US; rv:1.8.1.11) Gecko/20071127 Firefox/2.0.0.11"
182.118.21.226 - - [03/Dec/2013:06:27:54 +0100] "GET /robots.txt HTTP/1.1" 404 1256 "http://www.frb-berlin.de/robots.txt" "Mozilla/5.0 (Windows; U; Windows NT 5.1; zh-CN; ) Firefox/1.5.0.11; 360Spider"
66.249.78.202 - - [03/Dec/2013:06:33:11 +0100] "GET /robots.txt HTTP/1.1" 404 1256 "-" "Mozilla/5.0 (compatible; Googlebot/2.1; +http://www.google.com/bot.html)"
66.249.78.202 - - [03/Dec/2013:06:33:11 +0100] "GET /favicon.ico HTTP/1.1" 404 1256 "-" "Googlebot-Image/1.0"
208.78.96.220 - - [03/Dec/2013:07:31:19 +0100] "HEAD / HTTP/1.1" 200 - "-" "Mozilla/5.0"
93.220.193.70 - - [03/Dec/2013:07:47:22 +0100] "GET / HTTP/1.1" 200 1775 "-" "Mozilla/5.0 Gecko/2009042316 Firefox/3.x"
93.220.193.70 - - [03/Dec/2013:07:47:30 +0100] "GET /seiten/start.htm HTTP/1.1" 200 9376 "-" "Mozilla/4.0 (compatible; MSIE 8.0; Windows NT 6.0; .NET CLR 1.1.4322; .NET CLR 2.0.50727; .NET CLR 3.0.04506.30)"
93.220.193.70 - - [03/Dec/2013:07:47:31 +0100] "GET /seiten/main.htm HTTP/1.1" 200 2319 "-" "Mozilla/5.0 Gecko/2009042316 Firefox/3.x"
199.30.20.91 - - [03/Dec/2013:08:28:58 +0100] "GET /robots.txt HTTP/1.1" 404 1256 "-" "msnbot-media/1.1 (+http://search.msn.com/msnbot.htm)"
199.30.20.91 - - [03/Dec/2013:08:28:58 +0100] "GET /img/over_logo.jpg HTTP/1.1" 200 5315 "-" "msnbot-media/1.1 (+http://search.msn.com/msnbot.htm)"
65.55.24.247 - - [03/Dec/2013:09:05:06 +0100] "GET /robots.txt HTTP/1.1" 404 1256 "-" "Mozilla/5.0 (compatible; bingbot/2.0; +http://www.bing.com/bingbot.htm)"
65.55.24.247 - - [03/Dec/2013:09:05:31 +0100] "GET / HTTP/1.1" 304 - "-" "Mozilla/5.0 (compatible; bingbot/2.0; +http://www.bing.com/bingbot.htm)"
85.13.131.53 - - [03/Dec/2013:09:48:03 +0100] "GET / HTTP/1.0" 200 1775 "-" "-"
66.249.78.202 - - [03/Dec/2013:12:16:54 +0100] "GET /seiten/impressum.htm HTTP/1.1" 200 4734 "-" "SAMSUNG-SGH-E250/1.0 Profile/MIDP-2.0 Configuration/CLDC-1.1 UP.Browser/6.2.3.3.c.1.101 (GUI) MMP/2.0 (compatible; Googlebot-Mobile/2.1; +http://www.google.com/bot.html)"
94.223.160.148 - - [03/Dec/2013:14:42:36 +0100] "GET /seiten/ausbildung2.htm HTTP/1.1" 200 4821 "http://www.backinjob.de/lehrstellen/suche.html?s=maler&o=berlin&u=10&p=1" "Mozilla/5.0 (Windows NT 6.0; rv:25.0) Gecko/20100101 Firefox/25.0"
94.223.160.148 - - [03/Dec/2013:14:42:36 +0100] "GET /css/style.css HTTP/1.1" 200 8567 "http://www.frb-berlin.de/seiten/ausbildung2.htm" "Mozilla/5.0 (Windows NT 6.0; rv:25.0) Gecko/20100101 Firefox/25.0"
94.223.160.148 - - [03/Dec/2013:14:42:36 +0100] "GET /img/top.gif HTTP/1.1" 200 950 "http://www.frb-berlin.de/seiten/ausbildung2.htm" "Mozilla/5.0 (Windows NT 6.0; rv:25.0) Gecko/20100101 Firefox/25.0"
94.223.160.148 - - [03/Dec/2013:14:42:36 +0100] "GET /img/hg.jpg HTTP/1.1" 200 7507 "http://www.frb-berlin.de/seiten/ausbildung2.htm" "Mozilla/5.0 (Windows NT 6.0; rv:25.0) Gecko/20100101 Firefox/25.0"
94.223.160.148 - - [03/Dec/2013:14:42:36 +0100] "GET /favicon.ico HTTP/1.1" 404 1256 "-" "Mozilla/5.0 (Windows NT 6.0; rv:25.0) Gecko/20100101 Firefox/25.0"
162.243.85.185 - - [03/Dec/2013:16:17:41 +0100] "GET /robots.txt HTTP/1.1" 404 1256 "-" "Mozilla/5.0 (compatible; spbot/4.0.4; +http://www.seoprofiler.com/bot )"
162.243.85.185 - - [03/Dec/2013:16:17:47 +0100] "GET / HTTP/1.1" 200 1775 "-" "Mozilla/5.0 (compatible; spbot/4.0.4; +http://www.seoprofiler.com/bot )"
162.243.85.185 - - [03/Dec/2013:16:17:48 +0100] "GET /seiten/start.htm HTTP/1.1" 200 9376 "http://www.frb-berlin.de/" "Mozilla/5.0 (compatible; spbot/4.0.4; +http://www.seoprofiler.com/bot )"
162.243.85.185 - - [03/Dec/2013:16:17:52 +0100] "GET /seiten/main.htm HTTP/1.1" 200 2319 "http://www.frb-berlin.de/seiten/start.htm" "Mozilla/5.0 (compatible; spbot/4.0.4; +http://www.seoprofiler.com/bot )"
162.243.85.185 - - [03/Dec/2013:16:17:56 +0100] "GET /seiten/links.htm HTTP/1.1" 200 1543 "http://www.frb-berlin.de/seiten/start.htm" "Mozilla/5.0 (compatible; spbot/4.0.4; +http://www.seoprofiler.com/bot )"
162.243.85.185 - - [03/Dec/2013:16:18:01 +0100] "GET /seiten/kontakt.php HTTP/1.1" 200 6708 "http://www.frb-berlin.de/seiten/start.htm" "Mozilla/5.0 (compatible; spbot/4.0.4; +http://www.seoprofiler.com/bot )"
162.243.85.185 - - [03/Dec/2013:16:18:06 +0100] "GET /seiten/ueber_uns.htm HTTP/1.1" 200 2081 "http://www.frb-berlin.de/seiten/start.htm" "Mozilla/5.0 (compatible; spbot/4.0.4; +http://www.seoprofiler.com/bot )"
162.243.85.185 - - [03/Dec/2013:16:18:12 +0100] "GET /seiten/impressum.htm HTTP/1.1" 200 4734 "http://www.frb-berlin.de/seiten/start.htm" "Mozilla/5.0 (compatible; spbot/4.0.4; +http://www.seoprofiler.com/bot )"
162.243.85.185 - - [03/Dec/2013:16:18:17 +0100] "GET /seiten/ausbildung.htm HTTP/1.1" 200 2131 "http://www.frb-berlin.de/seiten/start.htm" "Mozilla/5.0 (compatible; spbot/4.0.4; +http://www.seoprofiler.com/bot )"
162.243.85.185 - - [03/Dec/2013:16:18:21 +0100] "GET /seiten/leistungen.htm HTTP/1.1" 200 3710 "http://www.frb-berlin.de/seiten/start.htm" "Mozilla/5.0 (compatible; spbot/4.0.4; +http://www.seoprofiler.com/bot )"
162.243.85.185 - - [03/Dec/2013:16:18:27 +0100] "GET /seiten/referenzen.htm HTTP/1.1" 200 3626 "http://www.frb-berlin.de/seiten/start.htm" "Mozilla/5.0 (compatible; spbot/4.0.4; +http://www.seoprofiler.com/bot )"
162.243.85.185 - - [03/Dec/2013:16:18:31 +0100] "GET /seiten/ausbildung2.htm HTTP/1.1" 200 4821 "http://www.frb-berlin.de/seiten/ausbildung.htm" "Mozilla/5.0 (compatible; spbot/4.0.4; +http://www.seoprofiler.com/bot )"
162.243.85.185 - - [03/Dec/2013:16:18:36 +0100] "GET /seiten/ausbildung3.htm HTTP/1.1" 200 6331 "http://www.frb-berlin.de/seiten/ausbildung.htm" "Mozilla/5.0 (compatible; spbot/4.0.4; +http://www.seoprofiler.com/bot )"
162.243.85.185 - - [03/Dec/2013:16:18:42 +0100] "GET /seiten/referenzen_maler.htm HTTP/1.1" 200 51839 "http://www.frb-berlin.de/seiten/referenzen.htm" "Mozilla/5.0 (compatible; spbot/4.0.4; +http://www.seoprofiler.com/bot )"
162.243.85.185 - - [03/Dec/2013:16:18:46 +0100] "GET /seiten/referenzen_beton.htm HTTP/1.1" 200 8747 "http://www.frb-berlin.de/seiten/referenzen.htm" "Mozilla/5.0 (compatible; spbot/4.0.4; +http://www.seoprofiler.com/bot )"
162.243.85.185 - - [03/Dec/2013:16:18:51 +0100] "GET /seiten/referenzen_waerme.htm HTTP/1.1" 200 35661 "http://www.frb-berlin.de/seiten/referenzen.htm" "Mozilla/5.0 (compatible; spbot/4.0.4; +http://www.seoprofiler.com/bot )"
92.231.220.137 - - [03/Dec/2013:16:39:30 +0100] "GET / HTTP/1.1" 200 1775 "http://maps.google.de/local_url?dq=&q=http://www.frb-berlin.de/&oi=miw&sa=X&ct=miw_link&cd=1&cad=homepage,cid:10231826709591745767&ei=FvudUsLMKqSCiQaZz4GYCw&s=ANYYN7kM8G8v3yl3iAKwt6gnnmgTiZZusw" "Mozilla/5.0 (Windows NT 6.1; Win64; x64; rv:15.0) Gecko/20120830 Firefox/15.0"
92.231.220.137 - - [03/Dec/2013:16:39:30 +0100] "GET /css/style.css HTTP/1.1" 200 8567 "http://www.frb-berlin.de/" "Mozilla/5.0 (Windows NT 6.1; Win64; x64; rv:15.0) Gecko/20120830 Firefox/15.0"
92.231.220.137 - - [03/Dec/2013:16:39:30 +0100] "GET /img/logo.gif HTTP/1.1" 200 4275 "http://www.frb-berlin.de/" "Mozilla/5.0 (Windows NT 6.1; Win64; x64; rv:15.0) Gecko/20120830 Firefox/15.0"
92.231.220.137 - - [03/Dec/2013:16:39:30 +0100] "GET /favicon.ico HTTP/1.1" 404 1256 "-" "Mozilla/5.0 (Windows NT 6.1; Win64; x64; rv:15.0) Gecko/20120830 Firefox/15.0"
92.231.220.137 - - [03/Dec/2013:16:39:31 +0100] "GET /favicon.ico HTTP/1.1" 404 1256 "-" "Mozilla/5.0 (Windows NT 6.1; Win64; x64; rv:15.0) Gecko/20120830 Firefox/15.0"
92.231.220.137 - - [03/Dec/2013:16:39:31 +0100] "GET /favicon.ico HTTP/1.1" 404 1256 "-" "Mozilla/5.0 (Windows NT 6.1; Win64; x64; rv:15.0) Gecko/20120830 Firefox/15.0"
92.231.220.137 - - [03/Dec/2013:16:39:37 +0100] "GET /seiten/start.htm HTTP/1.1" 200 9376 "http://www.frb-berlin.de/" "Mozilla/5.0 (Windows NT 6.1; Win64; x64; rv:15.0) Gecko/20120830 Firefox/15.0"
92.231.220.137 - - [03/Dec/2013:16:39:37 +0100] "GET /scripte/menu_elemente.js HTTP/1.1" 200 18006 "http://www.frb-berlin.de/seiten/start.htm" "Mozilla/5.0 (Windows NT 6.1; Win64; x64; rv:15.0) Gecko/20120830 Firefox/15.0"
92.231.220.137 - - [03/Dec/2013:16:39:37 +0100] "GET /img/1px.gif HTTP/1.1" 200 43 "http://www.frb-berlin.de/seiten/start.htm" "Mozilla/5.0 (Windows NT 6.1; Win64; x64; rv:15.0) Gecko/20120830 Firefox/15.0"
92.231.220.137 - - [03/Dec/2013:16:39:37 +0100] "GET /img/over_logo.jpg HTTP/1.1" 200 5315 "http://www.frb-berlin.de/seiten/start.htm" "Mozilla/5.0 (Windows NT 6.1; Win64; x64; rv:15.0) Gecko/20120830 Firefox/15.0"
92.231.220.137 - - [03/Dec/2013:16:39:37 +0100] "GET /img/lay01.jpg HTTP/1.1" 200 9336 "http://www.frb-berlin.de/seiten/start.htm" "Mozilla/5.0 (Windows NT 6.1; Win64; x64; rv:15.0) Gecko/20120830 Firefox/15.0"
92.231.220.137 - - [03/Dec/2013:16:39:37 +0100] "GET /scripte/menu_start.js HTTP/1.1" 200 31217 "http://www.frb-berlin.de/seiten/start.htm" "Mozilla/5.0 (Windows NT 6.1; Win64; x64; rv:15.0) Gecko/20120830 Firefox/15.0"
92.231.220.137 - - [03/Dec/2013:16:39:37 +0100] "GET /img/head.jpg HTTP/1.1" 200 5932 "http://www.frb-berlin.de/seiten/start.htm" "Mozilla/5.0 (Windows NT 6.1; Win64; x64; rv:15.0) Gecko/20120830 Firefox/15.0"
92.231.220.137 - - [03/Dec/2013:16:39:37 +0100] "GET /img/lay03.jpg HTTP/1.1" 200 15205 "http://www.frb-berlin.de/seiten/start.htm" "Mozilla/5.0 (Windows NT 6.1; Win64; x64; rv:15.0) Gecko/20120830 Firefox/15.0"
92.231.220.137 - - [03/Dec/2013:16:39:38 +0100] "GET /img/lay04.jpg HTTP/1.1" 200 6356 "http://www.frb-berlin.de/seiten/start.htm" "Mozilla/5.0 (Windows NT 6.1; Win64; x64; rv:15.0) Gecko/20120830 Firefox/15.0"
92.231.220.137 - - [03/Dec/2013:16:39:38 +0100] "GET /img/lay05.jpg HTTP/1.1" 200 10183 "http://www.frb-berlin.de/seiten/start.htm" "Mozilla/5.0 (Windows NT 6.1; Win64; x64; rv:15.0) Gecko/20120830 Firefox/15.0"
92.231.220.137 - - [03/Dec/2013:16:39:38 +0100] "GET /img/lay06.jpg HTTP/1.1" 200 11774 "http://www.frb-berlin.de/seiten/start.htm" "Mozilla/5.0 (Windows NT 6.1; Win64; x64; rv:15.0) Gecko/20120830 Firefox/15.0"
92.231.220.137 - - [03/Dec/2013:16:39:38 +0100] "GET /img/lay07.jpg HTTP/1.1" 200 9742 "http://www.frb-berlin.de/seiten/start.htm" "Mozilla/5.0 (Windows NT 6.1; Win64; x64; rv:15.0) Gecko/20120830 Firefox/15.0"
92.231.220.137 - - [03/Dec/2013:16:39:38 +0100] "GET /img/lay13.jpg HTTP/1.1" 200 428 "http://www.frb-berlin.de/seiten/start.htm" "Mozilla/5.0 (Windows NT 6.1; Win64; x64; rv:15.0) Gecko/20120830 Firefox/15.0"
92.231.220.137 - - [03/Dec/2013:16:39:38 +0100] "GET /img/lay08.jpg HTTP/1.1" 200 10212 "http://www.frb-berlin.de/seiten/start.htm" "Mozilla/5.0 (Windows NT 6.1; Win64; x64; rv:15.0) Gecko/20120830 Firefox/15.0"
92.231.220.137 - - [03/Dec/2013:16:39:38 +0100] "GET /img/bogen_o1.jpg HTTP/1.1" 200 8356 "http://www.frb-berlin.de/seiten/start.htm" "Mozilla/5.0 (Windows NT 6.1; Win64; x64; rv:15.0) Gecko/20120830 Firefox/15.0"
92.231.220.137 - - [03/Dec/2013:16:39:38 +0100] "GET /img/lay10.jpg HTTP/1.1" 200 12856 "http://www.frb-berlin.de/seiten/start.htm" "Mozilla/5.0 (Windows NT 6.1; Win64; x64; rv:15.0) Gecko/20120830 Firefox/15.0"
92.231.220.137 - - [03/Dec/2013:16:39:38 +0100] "GET /img/lay12.jpg HTTP/1.1" 200 394 "http://www.frb-berlin.de/seiten/start.htm" "Mozilla/5.0 (Windows NT 6.1; Win64; x64; rv:15.0) Gecko/20120830 Firefox/15.0"
92.231.220.137 - - [03/Dec/2013:16:39:38 +0100] "GET /seiten/main.htm HTTP/1.1" 200 2319 "http://www.frb-berlin.de/seiten/start.htm" "Mozilla/5.0 (Windows NT 6.1; Win64; x64; rv:15.0) Gecko/20120830 Firefox/15.0"
92.231.220.137 - - [03/Dec/2013:16:39:38 +0100] "GET /img/bg_links.jpg HTTP/1.1" 200 8379 "http://www.frb-berlin.de/seiten/start.htm" "Mozilla/5.0 (Windows NT 6.1; Win64; x64; rv:15.0) Gecko/20120830 Firefox/15.0"
92.231.220.137 - - [03/Dec/2013:16:39:38 +0100] "GET /img/bg_rechts.jpg HTTP/1.1" 200 346 "http://www.frb-berlin.de/seiten/start.htm" "Mozilla/5.0 (Windows NT 6.1; Win64; x64; rv:15.0) Gecko/20120830 Firefox/15.0"
92.231.220.137 - - [03/Dec/2013:16:39:38 +0100] "GET /img/lay11.jpg HTTP/1.1" 200 12218 "http://www.frb-berlin.de/seiten/start.htm" "Mozilla/5.0 (Windows NT 6.1; Win64; x64; rv:15.0) Gecko/20120830 Firefox/15.0"
92.231.220.137 - - [03/Dec/2013:16:39:38 +0100] "GET /img/farben.jpg HTTP/1.1" 200 14519 "http://www.frb-berlin.de/seiten/main.htm" "Mozilla/5.0 (Windows NT 6.1; Win64; x64; rv:15.0) Gecko/20120830 Firefox/15.0"
92.231.220.137 - - [03/Dec/2013:16:39:38 +0100] "GET /img/favorit_a.gif HTTP/1.1" 200 175 "http://www.frb-berlin.de/seiten/start.htm" "Mozilla/5.0 (Windows NT 6.1; Win64; x64; rv:15.0) Gecko/20120830 Firefox/15.0"
92.231.220.137 - - [03/Dec/2013:16:39:52 +0100] "GET /seiten/leistungen.htm HTTP/1.1" 200 3710 "http://www.frb-berlin.de/seiten/start.htm" "Mozilla/5.0 (Windows NT 6.1; Win64; x64; rv:15.0) Gecko/20120830 Firefox/15.0"
92.231.220.137 - - [03/Dec/2013:16:39:52 +0100] "GET /img/hg.jpg HTTP/1.1" 200 7507 "http://www.frb-berlin.de/seiten/leistungen.htm" "Mozilla/5.0 (Windows NT 6.1; Win64; x64; rv:15.0) Gecko/20120830 Firefox/15.0"
92.231.220.137 - - [03/Dec/2013:16:39:58 +0100] "GET /seiten/referenzen.htm HTTP/1.1" 200 3626 "http://www.frb-berlin.de/seiten/start.htm" "Mozilla/5.0 (Windows NT 6.1; Win64; x64; rv:15.0) Gecko/20120830 Firefox/15.0"
92.231.220.137 - - [03/Dec/2013:16:39:58 +0100] "GET /img/pdf.gif HTTP/1.1" 200 286 "http://www.frb-berlin.de/seiten/referenzen.htm" "Mozilla/5.0 (Windows NT 6.1; Win64; x64; rv:15.0) Gecko/20120830 Firefox/15.0"
66.249.78.202 - - [03/Dec/2013:16:48:15 +0100] "GET / HTTP/1.1" 200 1775 "-" "Mozilla/5.0 (iPhone; CPU iPhone OS 6_0 like Mac OS X) AppleWebKit/536.26 (KHTML, like Gecko) Version/6.0 Mobile/10A5376e Safari/8536.25 (compatible; Googlebot-Mobile/2.1; +http://www.google.com/bot.html)"
217.86.196.40 - - [03/Dec/2013:17:04:41 +0100] "GET /robots.txt HTTP/1.1" 404 1256 "-" "JobRoboter/1.1"
217.86.196.40 - - [03/Dec/2013:17:04:41 +0100] "GET /seiten/ausbildung.htm HTTP/1.1" 200 2131 "-" "JobRoboter/1.1"
217.69.133.222 - - [03/Dec/2013:17:18:59 +0100] "GET /robots.txt HTTP/1.1" 404 1256 "-" "Mozilla/5.0 (compatible; Linux x86_64; Mail.RU_Bot/2.0; +http://go.mail.ru/help/robots)"
217.69.133.222 - - [03/Dec/2013:17:19:00 +0100] "GET / HTTP/1.1" 200 1775 "-" "Mozilla/5.0 (compatible; Linux x86_64; Mail.RU_Bot/2.0; +http://go.mail.ru/help/robots)"
66.249.78.202 - - [03/Dec/2013:20:15:51 +0100] "GET /robots.txt HTTP/1.1" 404 1256 "-" "Mozilla/5.0 (compatible; Googlebot/2.1; +http://www.google.com/bot.html)"
157.55.33.80 - - [03/Dec/2013:20:24:42 +0100] "GET /robots.txt HTTP/1.1" 404 1256 "-" "Mozilla/5.0 (compatible; bingbot/2.0; +http://www.bing.com/bingbot.htm)"
66.249.78.202 - - [03/Dec/2013:20:53:18 +0100] "GET /css/style.css HTTP/1.1" 200 8567 "-" "Mozilla/5.0 (compatible; Googlebot/2.1; +http://www.google.com/bot.html)"
157.55.33.80 - - [03/Dec/2013:21:22:10 +0100] "GET /seiten/start.htm HTTP/1.1" 200 9376 "-" "Mozilla/5.0 (compatible; bingbot/2.0; +http://www.bing.com/bingbot.htm)"
199.30.25.101 - - [03/Dec/2013:21:22:12 +0100] "GET /css/style.css HTTP/1.1" 200 8567 "http://www.frb-berlin.de/seiten/start.htm" "Mozilla/5.0 (Windows NT 6.1; WOW64) AppleWebKit/534+ (KHTML, like Gecko) BingPreview/1.0b"
199.30.25.101 - - [03/Dec/2013:21:22:12 +0100] "GET /scripte/menu_start.js HTTP/1.1" 200 31217 "http://www.frb-berlin.de/seiten/start.htm" "Mozilla/5.0 (Windows NT 6.1; WOW64) AppleWebKit/534+ (KHTML, like Gecko) BingPreview/1.0b"
157.55.32.81 - - [03/Dec/2013:21:22:58 +0100] "GET /scripte/menu_start.js HTTP/1.1" 200 31217 "-" "Mozilla/5.0 (compatible; bingbot/2.0; +http://www.bing.com/bingbot.htm)"
157.55.34.24 - - [03/Dec/2013:21:23:13 +0100] "GET /scripte/menu_elemente.js HTTP/1.1" 200 18006 "-" "Mozilla/5.0 (compatible; bingbot/2.0; +http://www.bing.com/bingbot.htm)"
157.55.34.24 - - [03/Dec/2013:21:23:13 +0100] "GET /scripte/menu_elemente.js HTTP/1.1" 200 18006 "-" "Mozilla/5.0 (compatible; bingbot/2.0; +http://www.bing.com/bingbot.htm)"
157.55.32.81 - - [03/Dec/2013:21:27:13 +0100] "GET /seiten/main.htm HTTP/1.1" 200 2319 "-" "Mozilla/5.0 (compatible; bingbot/2.0; +http://www.bing.com/bingbot.htm)"
194.97.56.19 - - [03/Dec/2013:21:44:12 +0100] "HEAD / HTTP/1.1" 200 - "-" "Mozilla/5.0 (Windows NT 6.1; WOW64; rv:25.0) Gecko/20100101 Firefox/25.0"
194.97.56.19 - - [03/Dec/2013:21:44:12 +0100] "GET / HTTP/1.1" 200 1775 "-" "-"
85.13.131.53 - - [04/Dec/2013:01:24:01 +0100] "GET / HTTP/1.0" 200 1775 "-" "-"
85.13.131.53 - - [04/Dec/2013:01:24:01 +0100] "GET / HTTP/1.0" 200 1775 "-" "-"
66.249.78.202 - - [04/Dec/2013:03:54:49 +0100] "GET /robots.txt HTTP/1.1" 404 1256 "-" "Mozilla/5.0 (compatible; Googlebot/2.1; +http://www.google.com/bot.html)"
66.249.74.6 - - [04/Dec/2013:03:54:50 +0100] "GET /seiten/impressum.htm HTTP/1.1" 304 - "-" "DoCoMo/2.0 N905i(c100;TB;W24H16) (compatible; Googlebot-Mobile/2.1; +http://www.google.com/bot.html)"
217.86.196.40 - - [04/Dec/2013:06:49:33 +0100] "GET /robots.txt HTTP/1.1" 404 1256 "-" "JobRoboter/1.1"
217.86.196.40 - - [04/Dec/2013:06:49:33 +0100] "GET /seiten/ausbildung.htm HTTP/1.1" 200 2131 "-" "JobRoboter/1.1"
91.213.207.4 - - [04/Dec/2013:08:58:25 +0100] "GET /seiten/start.htm HTTP/1.1" 200 9376 "http://www.google.de/url?sa=t&rct=j&q=&esrc=s&frm=1&source=web&cd=4&ved=0CFIQFjAD&url=http%3A%2F%2Fwww.frb-berlin.de%2Fseiten%2Fstart.htm&ei=h-CeUob7C4KO7QbZ14DwAg&usg=AFQjCNFKdDpMIqQe8bjzwFYMy-X1RU9gig" "Mozilla/5.0 (compatible; MSIE 9.0; Windows NT 6.0; Trident/5.0)"
91.213.207.4 - - [04/Dec/2013:08:58:25 +0100] "GET /css/style.css HTTP/1.1" 200 8567 "http://www.frb-berlin.de/seiten/start.htm" "Mozilla/5.0 (compatible; MSIE 9.0; Windows NT 6.0; Trident/5.0)"
91.213.207.4 - - [04/Dec/2013:08:58:25 +0100] "GET /scripte/menu_start.js HTTP/1.1" 200 31217 "http://www.frb-berlin.de/seiten/start.htm" "Mozilla/5.0 (compatible; MSIE 9.0; Windows NT 6.0; Trident/5.0)"
91.213.207.4 - - [04/Dec/2013:08:58:25 +0100] "GET /img/1px.gif HTTP/1.1" 200 43 "http://www.frb-berlin.de/seiten/start.htm" "Mozilla/5.0 (compatible; MSIE 9.0; Windows NT 6.0; Trident/5.0)"
91.213.207.4 - - [04/Dec/2013:08:58:25 +0100] "GET /scripte/menu_elemente.js HTTP/1.1" 200 18006 "http://www.frb-berlin.de/seiten/start.htm" "Mozilla/5.0 (compatible; MSIE 9.0; Windows NT 6.0; Trident/5.0)"
91.213.207.4 - - [04/Dec/2013:08:58:25 +0100] "GET /img/head.jpg HTTP/1.1" 200 5932 "http://www.frb-berlin.de/seiten/start.htm" "Mozilla/5.0 (compatible; MSIE 9.0; Windows NT 6.0; Trident/5.0)"
