145.129.33.70 - - [12/May/2014:19:24:37 +0200] "GET /& HTTP/1.1" 404 1256 "-" "Java/1.4.1_04"
145.129.33.70 - - [12/May/2014:19:24:37 +0200] "GET /& HTTP/1.1" 404 1256 "-" "Java/1.4.1_04"
145.129.33.70 - - [12/May/2014:19:24:37 +0200] "GET /& HTTP/1.1" 404 1256 "-" "Java/1.4.1_04"
145.129.33.70 - - [12/May/2014:19:24:37 +0200] "GET /& HTTP/1.1" 404 1256 "-" "Java/1.4.1_04"
145.129.33.70 - - [12/May/2014:19:24:37 +0200] "GET /& HTTP/1.1" 404 1256 "-" "Java/1.4.1_04"
145.129.33.70 - - [12/May/2014:19:24:38 +0200] "GET /& HTTP/1.1" 404 1256 "-" "Java/1.4.1_04"
145.129.33.70 - - [12/May/2014:19:24:38 +0200] "GET /& HTTP/1.1" 404 1256 "-" "Java/1.4.1_04"
145.129.33.70 - - [12/May/2014:19:24:38 +0200] "GET /& HTTP/1.1" 404 1256 "-" "Java/1.4.1_04"
145.129.33.70 - - [12/May/2014:19:24:38 +0200] "GET /& HTTP/1.1" 404 1256 "-" "Java/1.4.1_04"
145.129.33.70 - - [12/May/2014:19:24:38 +0200] "GET /& HTTP/1.1" 404 1256 "-" "Java/1.4.1_04"
145.129.33.70 - - [12/May/2014:19:24:38 +0200] "GET /& HTTP/1.1" 404 1256 "-" "Java/1.4.1_04"
145.129.33.70 - - [12/May/2014:19:24:38 +0200] "GET /& HTTP/1.1" 404 1256 "-" "Java/1.4.1_04"
145.129.33.70 - - [12/May/2014:19:24:38 +0200] "GET /& HTTP/1.1" 404 1256 "-" "Java/1.4.1_04"
145.129.33.70 - - [12/May/2014:19:24:38 +0200] "GET /& HTTP/1.1" 404 1256 "-" "Java/1.4.1_04"
145.129.33.70 - - [12/May/2014:19:24:38 +0200] "GET /& HTTP/1.1" 404 1256 "-" "Java/1.4.1_04"
145.129.33.70 - - [12/May/2014:19:24:38 +0200] "GET /& HTTP/1.1" 404 1256 "-" "Java/1.4.1_04"
145.129.33.70 - - [12/May/2014:19:24:39 +0200] "GET /& HTTP/1.1" 404 1256 "-" "Java/1.4.1_04"
87.162.74.157 - - [12/May/2014:19:34:07 +0200] "GET / HTTP/1.1" 302 - "-" "Mozilla/5.0 (Windows NT 6.1; rv:29.0) Gecko/20100101 Firefox/29.0"
141.8.147.12 - - [12/May/2014:20:18:17 +0200] "GET /robots.txt HTTP/1.1" 404 1256 "-" "Mozilla/5.0 (compatible; YandexBot/3.0; +http://yandex.com/bots)"
87.149.70.220 - - [12/May/2014:20:45:55 +0200] "GET / HTTP/1.1" 302 - "http://www.aubi-plus.de/ausbildung/friedrich-list-schule-berlin-fremdsprachenkorrespondent-schul-10823-berlin-deutschland-117120.html" "Mozilla/5.0 (Windows NT 6.3; WOW64; Trident/7.0; rv:11.0) like Gecko"
176.9.76.43 - - [12/May/2014:23:10:33 +0200] "GET /robots.txt HTTP/1.1" 404 1256 "-" "Mozilla/5.0 (X11; Ubuntu; Linux x86_64; rv:27.0) Gecko/20100101 Firefox/27.0"
176.9.76.43 - - [12/May/2014:23:10:33 +0200] "GET / HTTP/1.1" 302 - "-" "Mozilla/5.0 (X11; Ubuntu; Linux x86_64; rv:27.0) Gecko/20100101 Firefox/27.0"
141.8.147.12 - - [13/May/2014:02:46:16 +0200] "GET /robots.txt HTTP/1.1" 404 1256 "-" "Mozilla/5.0 (compatible; YandexBot/3.0; +http://yandex.com/bots)"
141.8.147.12 - - [13/May/2014:02:46:19 +0200] "GET / HTTP/1.1" 302 - "-" "Mozilla/5.0 (compatible; YandexBot/3.0; +http://yandex.com/bots)"
66.249.78.236 - - [13/May/2014:04:40:56 +0200] "GET /robots.txt HTTP/1.1" 404 1256 "-" "Mozilla/5.0 (compatible; Googlebot/2.1; +http://www.google.com/bot.html)"
66.249.78.236 - - [13/May/2014:04:40:56 +0200] "GET /include.php?path=article&contentid=79 HTTP/1.1" 404 1256 "-" "Mozilla/5.0 (compatible; Googlebot/2.1; +http://www.google.com/bot.html)"
178.77.126.55 - - [13/May/2014:06:39:42 +0200] "GET /robots.txt HTTP/1.1" 404 1256 "-" "Mozilla/5.0 (compatible; CareerBot/1.1; +http://www.career-x.de/bot.html)"
178.77.126.55 - - [13/May/2014:06:39:42 +0200] "GET / HTTP/1.1" 302 - "-" "Mozilla/5.0 (compatible; CareerBot/1.1; +http://www.career-x.de/bot.html)"
87.230.17.72 - - [13/May/2014:09:22:31 +0200] "GET / HTTP/1.1" 302 - "-" "ImplisenseBot 1.0"
87.230.17.72 - - [13/May/2014:09:22:33 +0200] "GET / HTTP/1.1" 302 - "-" "ImplisenseBot 1.0"
87.230.17.72 - - [13/May/2014:09:22:44 +0200] "GET /robots.txt HTTP/1.1" 404 1256 "-" "ImplisenseBot 1.0"
46.229.164.99 - - [13/May/2014:09:40:05 +0200] "GET / HTTP/1.1" 302 - "-" "Mozilla/5.0 (compatible; SemrushBot/0.97~bl; +http://www.semrush.com/bot.html)"
46.115.128.178 - - [13/May/2014:09:51:52 +0200] "GET / HTTP/1.1" 302 - "https://www.google.de/" "Mozilla/5.0 (iPhone; CPU iPhone OS 7_1_1 like Mac OS X) AppleWebKit/537.51.2 (KHTML, like Gecko) Version/7.0 Mobile/11D201 Safari/9537.53"
216.145.14.142 - - [13/May/2014:10:16:02 +0200] "GET /robots.txt HTTP/1.0" 404 1256 "-" "Mozilla/5.0 (Windows; U; Windows NT 5.1; en; rv:1.9.0.13) Gecko/2009073022 Firefox/3.5.2 (.NET CLR 3.5.30729) SurveyBot/2.3 (DomainTools)"
216.145.14.142 - - [13/May/2014:10:16:02 +0200] "GET / HTTP/1.1" 302 - "http://whois.domaintools.com/fls-berlin.de" "Mozilla/5.0 (Windows; U; Windows NT 5.1; en; rv:1.9.0.13) Gecko/2009073022 Firefox/3.5.2 (.NET CLR 3.5.30729) SurveyBot/2.3 (DomainTools)"
37.5.42.29 - - [13/May/2014:10:16:16 +0200] "GET / HTTP/1.1" 302 - "http://www.google.de/url?sa=t&rct=j&q=&esrc=s&source=web&cd=1&ved=0CDIQFjAA&url=http%3A%2F%2Fwww.friedrich-list-berlin.de%2F&ei=ydRxU5HOBsqp7Qb3uIGoBw&usg=AFQjCNGsKs3TvBQ4z91zrYvo9_SfKi5nug&bvm=bv.66330100,d.ZGU" "Mozilla/5.0 (Windows NT 6.1; WOW64; rv:17.0) Gecko/20100101 Firefox/17.0"
62.212.73.211 - - [13/May/2014:10:32:03 +0200] "GET /robots.txt HTTP/1.0" 404 1256 "-" "Mozilla/5.0 (compatible; MJ12bot/v1.4.5; http://www.majestic12.co.uk/bot.php?+)"
62.212.73.211 - - [13/May/2014:10:32:06 +0200] "GET / HTTP/1.0" 302 - "-" "Mozilla/5.0 (compatible; MJ12bot/v1.4.5; http://www.majestic12.co.uk/bot.php?+)"
46.114.31.96 - - [13/May/2014:10:38:24 +0200] "GET / HTTP/1.1" 302 - "http://www.google.de/search?client=ms-android-samsung&hl=de&source=android-browser-type&v=133247963&ei=ztlxU_32JeiEyQPe2YC4Bg&q=friedrich+list+schule+berlin&oq=friedrich+li&gs_l=mobile-gws-serp.1.2.0l5.4103.17883.0.21548.19.16.0.6.6.1.2518.21059.7-7j6j1.14.0....0...1c.1.43.mobile-gws-serp..8.11.7957.3.AgPfdqX-siA" "Mozilla/5.0 (Linux; U; Android 2.3.6; de-de; GT-S5360 Build/GINGERBREAD) AppleWebKit/533.1 (KHTML, like Gecko) Version/4.0 Mobile Safari/533.1"
64.246.165.160 - - [13/May/2014:11:43:36 +0200] "GET /robots.txt HTTP/1.0" 404 1256 "-" "Mozilla/5.0 (Windows; U; Windows NT 5.1; en; rv:1.9.0.13) Gecko/2009073022 Firefox/3.5.2 (.NET CLR 3.5.30729) SurveyBot/2.3 (DomainTools)"
64.246.165.160 - - [13/May/2014:11:43:36 +0200] "GET / HTTP/1.1" 302 - "http://whois.domaintools.com/friedrich-list-berlin.de" "Mozilla/5.0 (Windows; U; Windows NT 5.1; en; rv:1.9.0.13) Gecko/2009073022 Firefox/3.5.2 (.NET CLR 3.5.30729) SurveyBot/2.3 (DomainTools)"
37.5.42.29 - - [13/May/2014:12:00:42 +0200] "GET / HTTP/1.1" 302 - "-" "Mozilla/5.0 (Windows NT 5.1; rv:8.0.1) Gecko/20100101 Firefox/8.0.1"
80.39.146.248 - - [13/May/2014:12:12:56 +0200] "GET / HTTP/1.1" 302 - "-" "Mozilla/5.0 (Windows NT 5.1) AppleWebKit/537.36 (KHTML, like Gecko) Chrome/34.0.1847.131 Safari/537.36"
141.8.147.12 - - [13/May/2014:13:41:47 +0200] "GET /robots.txt HTTP/1.1" 404 1256 "-" "Mozilla/5.0 (compatible; YandexBot/3.0; +http://yandex.com/bots)"
141.8.147.12 - - [13/May/2014:13:41:50 +0200] "GET / HTTP/1.1" 302 - "-" "Mozilla/5.0 (compatible; YandexBot/3.0; +http://yandex.com/bots)"
92.226.46.208 - - [13/May/2014:14:39:41 +0200] "GET / HTTP/1.1" 302 - "http://maps.google.de/local_url?dq=sprachschule+sch%C3%B6neberg&q=http://www.friedrich-list-berlin.de/&oi=miw&sa=X&ct=miw_link&cd=1&cad=homepage,cid:15796106503487596536&ei=jg5yU4CpBefviQbbw4CQCg&s=ANYYN7mcy1vneD3OfizbRxBIohAV_HMMgQ" "Mozilla/5.0 (Windows NT 6.1; WOW64; rv:12.0) Gecko/20100101 Firefox/12.0"
208.115.111.69 - - [13/May/2014:14:49:22 +0200] "GET /robots.txt HTTP/1.1" 404 1256 "-" "Mozilla/5.0 (compatible; DotBot/1.1; http://www.opensiteexplorer.org/dotbot, help@moz.com)"
208.115.111.69 - - [13/May/2014:15:12:56 +0200] "GET / HTTP/1.1" 302 - "-" "Mozilla/5.0 (compatible; DotBot/1.1; http://www.opensiteexplorer.org/dotbot, help@moz.com)"
54.76.23.33 - - [13/May/2014:15:52:50 +0200] "HEAD / HTTP/1.1" 302 - "-" "-"
54.76.1.71 - - [13/May/2014:15:55:46 +0200] "HEAD / HTTP/1.1" 302 - "-" "-"
92.77.208.29 - - [13/May/2014:16:02:47 +0200] "GET / HTTP/1.1" 302 - "http://www.google.de/url?sa=t&rct=j&q=&esrc=s&source=web&cd=5&ved=0CFMQoAIwBA&url=http%3A%2F%2Fwww.friedrich-list-berlin.de%2F&ei=9SVyU7PwN9OWyQOshoFA&usg=AFQjCNGsKs3TvBQ4z91zrYvo9_SfKi5nug&bvm=bv.66330100,d.bGQ" "Mozilla/5.0 (Windows NT 6.1; rv:28.0) Gecko/20100101 Firefox/28.0"
54.76.24.107 - - [13/May/2014:16:04:03 +0200] "HEAD / HTTP/1.1" 302 - "-" "-"
188.102.235.115 - - [13/May/2014:18:04:11 +0200] "GET / HTTP/1.1" 302 - "http://l.facebook.com/l.php?u=http%3A%2F%2Fwww.fls-berlin.de%2F&h=-AQGE2aJF&enc=AZOwvUkEg48bza8qB46Pdm4F1gZ11WYhs6Wv1Cte0t_KLBNFdA4qCwiFYaKkp92iGJPJf9yxpXi34dxhkCydylJJZ77GAm2tU6LexLef-DNRvw3vPodqsFDyehwH7Lnbt2kwYyKKAyZkB1OFq4iXtom9&s=1" "Mozilla/5.0 (compatible; MSIE 10.0; Windows NT 6.1; WOW64; Trident/6.0)"
141.8.147.12 - - [13/May/2014:20:20:19 +0200] "GET /robots.txt HTTP/1.1" 404 1256 "-" "Mozilla/5.0 (compatible; YandexBot/3.0; +http://yandex.com/bots)"
141.8.147.12 - - [13/May/2014:20:20:21 +0200] "GET /fls_1_aktuelles.php?artid=44 HTTP/1.1" 404 1256 "-" "Mozilla/5.0 (compatible; YandexBot/3.0; +http://yandex.com/bots)"
141.8.147.12 - - [13/May/2014:20:20:23 +0200] "GET /fls_2_fremdsprachensekr.php HTTP/1.1" 404 1256 "-" "Mozilla/5.0 (compatible; YandexBot/3.0; +http://yandex.com/bots)"
141.8.147.12 - - [13/May/2014:20:20:25 +0200] "GET /fls_1_aktuelles.php HTTP/1.1" 404 1256 "-" "Mozilla/5.0 (compatible; YandexBot/3.0; +http://yandex.com/bots)"
141.8.147.12 - - [13/May/2014:20:20:27 +0200] "GET /fls_2_kurs_ecbm_london.php HTTP/1.1" 404 1256 "-" "Mozilla/5.0 (compatible; YandexBot/3.0; +http://yandex.com/bots)"
141.8.147.12 - - [13/May/2014:20:20:29 +0200] "GET /fls_2_fremdsprachenkorr.php HTTP/1.1" 404 1256 "-" "Mozilla/5.0 (compatible; YandexBot/3.0; +http://yandex.com/bots)"
141.8.147.12 - - [13/May/2014:20:20:32 +0200] "GET /fls_4_kontakt_anmeldung.php HTTP/1.1" 404 1256 "-" "Mozilla/5.0 (compatible; YandexBot/3.0; +http://yandex.com/bots)"
141.8.147.12 - - [13/May/2014:20:20:34 +0200] "GET /index_fr.php HTTP/1.1" 404 1256 "-" "Mozilla/5.0 (compatible; YandexBot/3.0; +http://yandex.com/bots)"
141.8.147.12 - - [13/May/2014:20:20:36 +0200] "GET /index_sp.php HTTP/1.1" 404 1256 "-" "Mozilla/5.0 (compatible; YandexBot/3.0; +http://yandex.com/bots)"
141.8.147.12 - - [13/May/2014:20:20:38 +0200] "GET /fls_2_europakorr.php HTTP/1.1" 404 1256 "-" "Mozilla/5.0 (compatible; YandexBot/3.0; +http://yandex.com/bots)"
141.8.147.12 - - [13/May/2014:20:20:40 +0200] "GET /fls_4_impressum.php HTTP/1.1" 404 1256 "-" "Mozilla/5.0 (compatible; YandexBot/3.0; +http://yandex.com/bots)"
141.8.147.12 - - [13/May/2014:20:20:42 +0200] "GET /fls_2_berufsfachschule.php HTTP/1.1" 404 1256 "-" "Mozilla/5.0 (compatible; YandexBot/3.0; +http://yandex.com/bots)"
141.8.147.12 - - [13/May/2014:20:20:44 +0200] "GET /index_en.php HTTP/1.1" 404 1256 "-" "Mozilla/5.0 (compatible; YandexBot/3.0; +http://yandex.com/bots)"
87.157.122.95 - - [14/May/2014:00:16:04 +0200] "GET / HTTP/1.1" 302 - "http://www.bigfinder.de/?c=ws&q=online&v=1" "Mozilla/5.0 (Windows NT 6.1; WOW64; rv:19.0) Gecko/20100101 Firefox/19.0"
82.165.172.75 - - [14/May/2014:02:18:11 +0200] "GET / HTTP/1.1" 302 - "http://www.stadtsurfer.de" "17"
82.165.172.75 - - [14/May/2014:02:18:12 +0200] "GET / HTTP/1.1" 302 - "-" "Mozilla/5.0 (Windows; U; Windows NT 5.1; de; rv:1.9.1.5) Gecko/20091102 Firefox/3.5.5 (.NET CLR 3.5.30729)"
176.9.76.43 - - [14/May/2014:02:59:27 +0200] "GET / HTTP/1.1" 302 - "-" "Mozilla/5.0 (X11; Ubuntu; Linux x86_64; rv:27.0) Gecko/20100101 Firefox/27.0"
178.255.215.70 - - [14/May/2014:04:35:33 +0200] "GET /robots.txt HTTP/1.1" 404 1256 "-" "Mozilla/5.0 (compatible; Exabot/3.0; +http://www.exabot.com/go/robot)"
178.255.215.70 - - [14/May/2014:04:35:33 +0200] "GET /?path=start&nid=4 HTTP/1.1" 302 - "-" "Mozilla/5.0 (compatible; Exabot/3.0; +http://www.exabot.com/go/robot)"
71.41.153.106 - - [14/May/2014:04:38:43 +0200] "GET / HTTP/1.1" 302 - "-" "-"
66.249.78.115 - - [14/May/2014:05:53:40 +0200] "GET /robots.txt HTTP/1.1" 404 1256 "-" "Mozilla/5.0 (compatible; Googlebot/2.1; +http://www.google.com/bot.html)"
66.249.78.115 - - [14/May/2014:05:53:41 +0200] "GET / HTTP/1.1" 302 - "-" "Mozilla/5.0 (compatible; Googlebot/2.1; +http://www.google.com/bot.html)"
87.157.126.226 - - [14/May/2014:07:29:34 +0200] "GET / HTTP/1.1" 302 - "http://www.bigfinder.de/?c=ws&q=online&v=1" "Mozilla/4.0 (compatible; MSIE 8.0; Windows NT 6.1; Trident/4.0; SLCC2; .NET CLR 2.0.50727; .NET CLR 3.5.30729; .NET CLR 3.0.30729; Media Center PC 6.0)"
37.5.42.29 - - [14/May/2014:08:07:07 +0200] "GET / HTTP/1.1" 302 - "-" "Mozilla/5.0 (Windows NT 6.1; WOW64; rv:28.0) Gecko/20100101 Firefox/28.0"
87.162.89.171 - - [14/May/2014:10:31:05 +0200] "GET / HTTP/1.1" 302 - "-" "Mozilla/5.0 (Linux; Android 4.4.2; C6903 Build/14.3.A.0.757) AppleWebKit/537.36 (KHTML, like Gecko) Chrome/34.0.1847.114 Mobile Safari/537.36"
93.220.88.73 - - [14/May/2014:10:48:25 +0200] "GET / HTTP/1.1" 302 - "http://www.berlin.de/sen/bildung/schulverzeichnis_und_portraets/anwendung/Schulportrait.aspx?IDSchulzweig=11651" "Mozilla/5.0 (Macintosh; Intel Mac OS X 10_9_2) AppleWebKit/537.75.14 (KHTML, like Gecko) Version/7.0.3 Safari/537.75.14"
37.58.100.77 - - [14/May/2014:11:05:28 +0200] "GET /robots.txt HTTP/1.1" 404 1256 "-" "Mozilla/5.0 (compatible; AhrefsBot/5.0; +http://ahrefs.com/robot/)"
213.239.200.53 - - [14/May/2014:11:27:07 +0200] "GET /robots.txt HTTP/1.1" 404 1256 "-" "Mozilla/4.0 (compatible; MSIE 6.0; Windows NT 5.1; SV1; .NET CLR 1.1.4322)"
213.239.200.53 - - [14/May/2014:11:27:07 +0200] "GET / HTTP/1.1" 302 - "-" "Mozilla/4.0 (compatible; MSIE 6.0; Windows NT 5.1; SV1; .NET CLR 1.1.4322)"
178.255.215.70 - - [14/May/2014:12:12:20 +0200] "GET / HTTP/1.1" 302 - "-" "Mozilla/5.0 (compatible; Exabot/3.0; +http://www.exabot.com/go/robot)"
208.115.113.85 - - [14/May/2014:12:34:29 +0200] "GET /robots.txt HTTP/1.1" 404 1256 "-" "Mozilla/5.0 (compatible; DotBot/1.1; http://www.opensiteexplorer.org/dotbot, help@moz.com)"
148.251.234.169 - - [14/May/2014:13:47:09 +0200] "GET / HTTP/1.1" 302 - "-" "Mozilla/5.0 (X11; Ubuntu; Linux x86_64; rv:27.0) Gecko/20100101 Firefox/27.0"
89.247.88.93 - - [14/May/2014:14:11:00 +0200] "GET / HTTP/1.1" 302 - "" "Mozilla/4.0 (compatible; MSIE 999.1; Unknown)"
77.12.54.158 - - [14/May/2014:14:11:45 +0200] "GET / HTTP/1.1" 302 - "https://www.google.de/" "Mozilla/5.0 (iPhone; CPU iPhone OS 7_0_6 like Mac OS X) AppleWebKit/537.51.1 (KHTML, like Gecko) Version/7.0 Mobile/11B651 Safari/9537.53"
208.115.113.85 - - [14/May/2014:14:33:49 +0200] "GET /include.php?path=contentarchive&catid=1&type=3 HTTP/1.1" 404 1256 "-" "Mozilla/5.0 (compatible; DotBot/1.1; http://www.opensiteexplorer.org/dotbot, help@moz.com)"
208.115.113.85 - - [14/May/2014:14:33:56 +0200] "GET /include.php?path=contentarchive&type=3&letter=D&catid=0&themeid=0&searchtext=&entries=0&order= HTTP/1.1" 404 1256 "-" "Mozilla/5.0 (compatible; DotBot/1.1; http://www.opensiteexplorer.org/dotbot, help@moz.com)"
37.5.42.29 - - [14/May/2014:15:46:45 +0200] "GET / HTTP/1.1" 302 - "http://www.google.de/url?sa=t&rct=j&q=&esrc=s&source=web&cd=1&ved=0CDIQFjAA&url=http%3A%2F%2Fwww.fls-berlin.de%2F&ei=p3NzU-e3MrCw7AbnxYGwBw&usg=AFQjCNG4fgXtDKSWFE8hgLKnipf8LQYy-g&bvm=bv.66699033,d.ZGU" "Mozilla/5.0 (Windows NT 6.1; WOW64; rv:29.0) Gecko/20100101 Firefox/29.0"
93.220.218.59 - - [14/May/2014:16:16:22 +0200] "GET / HTTP/1.1" 302 - "-" "Mozilla/4.0 (compatible; MSIE 8.0; Windows NT 6.0; .NET CLR 1.0.3705; .NET CLR 1.1.4322; Media Center PC 4.0; .NET CLR 2.0.50727)"
217.229.162.121 - - [14/May/2014:17:56:58 +0200] "GET / HTTP/1.1" 302 - "-" "Apache-HttpClient/4.3.2 (java 1.5)"
82.149.178.199 - - [14/May/2014:18:26:44 +0200] "GET / HTTP/1.1" 302 - "https://m.facebook.com" "Mozilla/5.0 (iPhone; CPU iPhone OS 7_0_4 like Mac OS X) AppleWebKit/537.51.1 (KHTML, like Gecko) Mobile/11B554a [FBAN/FBIOS;FBAV/9.0.0.25.31;FBBV/2102024;FBDV/iPhone4,1;FBMD/iPhone;FBSN/iPhone OS;FBSV/7.0.4;FBSS/2; FBCR/Carrier;FBID/phone;FBLC/de_DE;FBOP/5]"
208.115.111.69 - - [14/May/2014:18:34:23 +0200] "GET /robots.txt HTTP/1.1" 404 1256 "-" "Mozilla/5.0 (compatible; DotBot/1.1; http://www.opensiteexplorer.org/dotbot, help@moz.com)"
91.64.49.237 - - [14/May/2014:19:02:33 +0200] "GET / HTTP/1.1" 302 - "-" "Mozilla/5.0 (Macintosh; Intel Mac OS X 10.5; rv:6.0.2) Gecko/20100101 Firefox/6.0.2"
62.212.73.211 - - [14/May/2014:19:22:13 +0200] "GET /robots.txt HTTP/1.0" 404 1256 "-" "Mozilla/5.0 (compatible; MJ12bot/v1.4.5; http://www.majestic12.co.uk/bot.php?+)"
62.212.73.211 - - [14/May/2014:19:22:17 +0200] "GET / HTTP/1.0" 302 - "-" "Mozilla/5.0 (compatible; MJ12bot/v1.4.5; http://www.majestic12.co.uk/bot.php?+)"
208.115.111.69 - - [14/May/2014:20:16:17 +0200] "GET /?path=content&contentid=47&nid=17 HTTP/1.1" 302 - "-" "Mozilla/5.0 (compatible; DotBot/1.1; http://www.opensiteexplorer.org/dotbot, help@moz.com)"
208.115.113.85 - - [14/May/2014:20:36:08 +0200] "GET /robots.txt HTTP/1.1" 404 1256 "-" "Mozilla/5.0 (compatible; DotBot/1.1; http://www.opensiteexplorer.org/dotbot, help@moz.com)"
178.8.64.62 - - [14/May/2014:20:37:01 +0200] "GET / HTTP/1.1" 302 - "https://www.facebook.com/" "Mozilla/5.0 (Windows NT 6.1; WOW64) AppleWebKit/537.36 (KHTML, like Gecko) Chrome/34.0.1847.131 Safari/537.36"
66.220.152.117 - - [14/May/2014:20:37:02 +0200] "GET / HTTP/1.1" 302 - "-" "facebookexternalhit/1.1 (+http://www.facebook.com/externalhit_uatext.php)"
54.76.31.29 - - [14/May/2014:21:33:13 +0200] "HEAD / HTTP/1.1" 302 - "-" "-"
109.45.3.196 - - [14/May/2014:21:43:26 +0200] "GET / HTTP/1.1" 302 - "https://www.google.de/" "Mozilla/5.0 (iPhone; CPU iPhone OS 6_1_4 like Mac OS X) AppleWebKit/536.26 (KHTML, like Gecko) Version/6.0 Mobile/10B350 Safari/8536.25"
54.76.31.136 - - [14/May/2014:21:45:39 +0200] "HEAD / HTTP/1.1" 302 - "-" "-"
208.115.113.85 - - [14/May/2014:22:25:14 +0200] "GET /?path=contentarchive&type=2&letter=D&catid=0&themeid=0&searchtext=&entries=0&order= HTTP/1.1" 302 - "-" "Mozilla/5.0 (compatible; DotBot/1.1; http://www.opensiteexplorer.org/dotbot, help@moz.com)"
208.115.113.85 - - [14/May/2014:22:25:16 +0200] "GET /include.php?path=contentarchive&type=3&letter=C&catid=0&themeid=0&searchtext=&entries=0&order= HTTP/1.1" 404 1256 "-" "Mozilla/5.0 (compatible; DotBot/1.1; http://www.opensiteexplorer.org/dotbot, help@moz.com)"
208.115.113.85 - - [14/May/2014:22:25:18 +0200] "GET /include.php?path=contentarchive&type=3&letter=F&catid=0&themeid=0&searchtext=&entries=0&order= HTTP/1.1" 404 1256 "-" "Mozilla/5.0 (compatible; DotBot/1.1; http://www.opensiteexplorer.org/dotbot, help@moz.com)"
208.115.113.85 - - [15/May/2014:00:44:14 +0200] "GET /robots.txt HTTP/1.1" 404 1256 "-" "Mozilla/5.0 (compatible; DotBot/1.1; http://www.opensiteexplorer.org/dotbot, help@moz.com)"
54.198.50.22 - - [15/May/2014:02:44:10 +0200] "GET / HTTP/1.1" 302 - "-" "Ruby"
208.115.113.85 - - [15/May/2014:02:49:51 +0200] "GET /include.php?path=contentarchive&type=2&letter=L&catid=0&themeid=0&searchtext=&entries=0&order= HTTP/1.1" 404 1256 "-" "Mozilla/5.0 (compatible; DotBot/1.1; http://www.opensiteexplorer.org/dotbot, help@moz.com)"
208.115.113.85 - - [15/May/2014:02:49:54 +0200] "GET /include.php?path=contentarchive&type=2&letter=P&catid=0&themeid=0&searchtext=&entries=0&order=title HTTP/1.1" 404 1256 "-" "Mozilla/5.0 (compatible; DotBot/1.1; http://www.opensiteexplorer.org/dotbot, help@moz.com)"
172.245.45.28 - - [15/May/2014:04:34:13 +0200] "GET / HTTP/1.1" 302 - "-" "Java/1.4.1_04"
172.245.45.28 - - [15/May/2014:04:34:15 +0200] "GET /fls_1_aktuelles.php HTTP/1.1" 404 1256 "-" "Java/1.4.1_04"
172.245.45.28 - - [15/May/2014:04:34:16 +0200] "GET /fls_2_fremdsprachensekr.php HTTP/1.1" 404 1256 "-" "Java/1.4.1_04"
172.245.45.28 - - [15/May/2014:04:34:17 +0200] "GET /fls_3_blog.php HTTP/1.1" 404 1256 "-" "Java/1.4.1_04"
172.245.45.28 - - [15/May/2014:04:34:17 +0200] "GET /fls_4_faq.php HTTP/1.1" 404 1256 "-" "Java/1.4.1_04"
172.245.45.28 - - [15/May/2014:04:34:19 +0200] "GET /fls_4_impressum.php HTTP/1.1" 404 1256 "-" "Java/1.4.1_04"
172.245.45.28 - - [15/May/2014:04:34:20 +0200] "GET /fls_4_kontakt_anmeldung.php HTTP/1.1" 404 1256 "-" "Java/1.4.1_04"
172.245.45.28 - - [15/May/2014:04:34:21 +0200] "GET /index.php HTTP/1.1" 302 - "-" "Java/1.4.1_04"
172.245.45.28 - - [15/May/2014:04:34:23 +0200] "GET /index_en.php HTTP/1.1" 404 1256 "-" "Java/1.4.1_04"
172.245.45.28 - - [15/May/2014:04:34:26 +0200] "GET /index_fr.php HTTP/1.1" 404 1256 "-" "Java/1.4.1_04"
172.245.45.28 - - [15/May/2014:04:34:26 +0200] "GET /index_sp.php HTTP/1.1" 404 1256 "-" "Java/1.4.1_04"
172.245.45.28 - - [15/May/2014:04:34:27 +0200] "GET /& HTTP/1.1" 404 1256 "-" "Java/1.4.1_04"
172.245.45.28 - - [15/May/2014:04:34:28 +0200] "GET /& HTTP/1.1" 404 1256 "-" "Java/1.4.1_04"
172.245.45.28 - - [15/May/2014:04:34:29 +0200] "GET /& HTTP/1.1" 404 1256 "-" "Java/1.4.1_04"
172.245.45.28 - - [15/May/2014:04:34:29 +0200] "GET /& HTTP/1.1" 404 1256 "-" "Java/1.4.1_04"
172.245.45.28 - - [15/May/2014:04:34:30 +0200] "GET /& HTTP/1.1" 404 1256 "-" "Java/1.4.1_04"
172.245.45.28 - - [15/May/2014:04:34:31 +0200] "GET /& HTTP/1.1" 404 1256 "-" "Java/1.4.1_04"
172.245.45.28 - - [15/May/2014:04:34:31 +0200] "GET /& HTTP/1.1" 404 1256 "-" "Java/1.4.1_04"
172.245.45.28 - - [15/May/2014:04:34:33 +0200] "GET /& HTTP/1.1" 404 1256 "-" "Java/1.4.1_04"
172.245.45.28 - - [15/May/2014:04:34:34 +0200] "GET /& HTTP/1.1" 404 1256 "-" "Java/1.4.1_04"
172.245.45.28 - - [15/May/2014:04:34:34 +0200] "GET /& HTTP/1.1" 404 1256 "-" "Java/1.4.1_04"
172.245.45.28 - - [15/May/2014:04:34:35 +0200] "GET /& HTTP/1.1" 404 1256 "-" "Java/1.4.1_04"
172.245.45.28 - - [15/May/2014:04:34:36 +0200] "GET /& HTTP/1.1" 404 1256 "-" "Java/1.4.1_04"
172.245.45.28 - - [15/May/2014:04:34:36 +0200] "GET /& HTTP/1.1" 404 1256 "-" "Java/1.4.1_04"
172.245.45.28 - - [15/May/2014:04:34:37 +0200] "GET /& HTTP/1.1" 404 1256 "-" "Java/1.4.1_04"
172.245.45.28 - - [15/May/2014:04:34:37 +0200] "GET /& HTTP/1.1" 404 1256 "-" "Java/1.4.1_04"
172.245.45.28 - - [15/May/2014:04:34:37 +0200] "GET /& HTTP/1.1" 404 1256 "-" "Java/1.4.1_04"
172.245.45.28 - - [15/May/2014:04:34:38 +0200] "GET /& HTTP/1.1" 404 1256 "-" "Java/1.4.1_04"
172.245.45.28 - - [15/May/2014:04:34:38 +0200] "GET /& HTTP/1.1" 404 1256 "-" "Java/1.4.1_04"
172.245.45.28 - - [15/May/2014:04:34:39 +0200] "GET /& HTTP/1.1" 404 1256 "-" "Java/1.4.1_04"
172.245.45.28 - - [15/May/2014:04:34:40 +0200] "GET /& HTTP/1.1" 404 1256 "-" "Java/1.4.1_04"
148.251.234.169 - - [15/May/2014:04:48:19 +0200] "GET /robots.txt HTTP/1.1" 404 1256 "-" "Mozilla/5.0 (X11; Ubuntu; Linux x86_64; rv:27.0) Gecko/20100101 Firefox/27.0"
148.251.234.169 - - [15/May/2014:04:48:19 +0200] "GET / HTTP/1.1" 302 - "-" "Mozilla/5.0 (X11; Ubuntu; Linux x86_64; rv:27.0) Gecko/20100101 Firefox/27.0"
141.8.147.12 - - [15/May/2014:08:15:17 +0200] "GET /robots.txt HTTP/1.1" 404 1256 "-" "Mozilla/5.0 (compatible; YandexBot/3.0; +http://yandex.com/bots)"
141.8.147.12 - - [15/May/2014:08:15:19 +0200] "GET / HTTP/1.1" 302 - "-" "Mozilla/5.0 (compatible; YandexBot/3.0; +http://yandex.com/bots)"
66.249.78.236 - - [15/May/2014:08:32:06 +0200] "GET /robots.txt HTTP/1.1" 404 1256 "-" "Mozilla/5.0 (compatible; Googlebot/2.1; +http://www.google.com/bot.html)"
66.249.78.236 - - [15/May/2014:08:32:06 +0200] "GET /include.php?path=contentarchive&type=1&catid=1&letter=S&entries=0&searchtext=&order=titled&nid=4 HTTP/1.1" 404 1256 "-" "Mozilla/5.0 (compatible; Googlebot/2.1; +http://www.google.com/bot.html)"
66.249.78.236 - - [15/May/2014:08:54:36 +0200] "GET /include.php?path=contentarchive&type=4&catid=1&letter=P&entries=0&searchtext=&order=date&nid=21 HTTP/1.1" 404 1256 "-" "Mozilla/5.0 (compatible; Googlebot/2.1; +http://www.google.com/bot.html)"
208.115.111.69 - - [15/May/2014:09:25:00 +0200] "GET /robots.txt HTTP/1.1" 404 1256 "-" "Mozilla/5.0 (compatible; DotBot/1.1; http://www.opensiteexplorer.org/dotbot, help@moz.com)"
66.249.78.236 - - [15/May/2014:09:28:12 +0200] "GET /include.php?path=contentarchive&type=1&catid=1&letter=L&entries=0&searchtext=&order=dated&nid=19 HTTP/1.1" 404 1256 "-" "Mozilla/5.0 (compatible; Googlebot/2.1; +http://www.google.com/bot.html)"
66.249.78.236 - - [15/May/2014:09:39:27 +0200] "GET /include.php?path=contentarchive&type=3&letter=P&catid=0&themeid=0&searchtext=&entries=0&order=title&nid=19 HTTP/1.1" 404 1256 "-" "Mozilla/5.0 (compatible; Googlebot/2.1; +http://www.google.com/bot.html)"
37.58.100.231 - - [15/May/2014:09:58:43 +0200] "GET /robots.txt HTTP/1.1" 404 1256 "-" "Mozilla/5.0 (compatible; AhrefsBot/5.0; +http://ahrefs.com/robot/)"
87.234.194.37 - - [15/May/2014:09:59:21 +0200] "GET / HTTP/1.1" 302 - "-" "Mozilla/5.0 (compatible; MSIE 10.0; Windows NT 6.1; WOW64; Trident/6.0)"
66.249.78.236 - - [15/May/2014:10:24:27 +0200] "GET /include.php?path=contentarchive&type=4&catid=1&letter=A&entries=0&searchtext=&order=title&nid=21 HTTP/1.1" 404 1256 "-" "Mozilla/5.0 (compatible; Googlebot/2.1; +http://www.google.com/bot.html)"
217.69.133.220 - - [15/May/2014:10:29:18 +0200] "GET /robots.txt HTTP/1.1" 404 1256 "-" "Mozilla/5.0 (compatible; Linux x86_64; Mail.RU_Bot/2.0; +http://go.mail.ru/help/robots)"
217.69.133.220 - - [15/May/2014:10:29:19 +0200] "GET / HTTP/1.1" 302 - "-" "Mozilla/5.0 (compatible; Linux x86_64; Mail.RU_Bot/2.0; +http://go.mail.ru/help/robots)"
66.249.78.236 - - [15/May/2014:10:35:42 +0200] "GET /include.php?path=contentarchive&type=1&letter=A&catid=1&themeid=0&searchtext=&entries=0&order=titled HTTP/1.1" 404 1256 "-" "Mozilla/5.0 (compatible; Googlebot/2.1; +http://www.google.com/bot.html)"
66.249.78.236 - - [15/May/2014:11:20:43 +0200] "GET /include.php?path=content&mode=vote&contentid=118&type=4&content_vote=9&action=Go HTTP/1.1" 404 1256 "-" "Mozilla/5.0 (compatible; Googlebot/2.1; +http://www.google.com/bot.html)"
66.249.78.236 - - [15/May/2014:11:43:13 +0200] "GET /include.php?path=contentarchive&type=1&letter=L&catid=1&themeid=0&searchtext=&entries=0&order=title&nid=13 HTTP/1.1" 404 1256 "-" "Mozilla/5.0 (compatible; Googlebot/2.1; +http://www.google.com/bot.html)"
176.9.48.201 - - [15/May/2014:11:48:53 +0200] "GET /robots.txt HTTP/1.1" 404 1256 "-" "Mozilla/5.0 (X11; Ubuntu; Linux x86_64; rv:27.0) Gecko/20100101 Firefox/27.0"
176.9.48.201 - - [15/May/2014:11:48:53 +0200] "GET / HTTP/1.1" 302 - "-" "Mozilla/5.0 (X11; Ubuntu; Linux x86_64; rv:27.0) Gecko/20100101 Firefox/27.0"
91.64.226.245 - - [15/May/2014:11:58:03 +0200] "GET / HTTP/1.1" 302 - "http://www.google.de/url?sa=t&rct=j&q=&esrc=s&source=web&cd=4&ved=0CFUQoAIwAw&url=http%3A%2F%2Fwww.friedrich-list-berlin.de%2F&ei=Zo90U-CHEuHY7AbaooH4Cg&usg=AFQjCNGsKs3TvBQ4z91zrYvo9_SfKi5nug" "Mozilla/5.0 (Windows NT 6.1; WOW64; Trident/7.0; BOIE9;ENUS; rv:11.0) like Gecko"
217.227.44.137 - - [15/May/2014:12:13:22 +0200] "GET / HTTP/1.1" 302 - "-" "Mozilla/4.0 (compatible; MSIE 7.0; Windows NT 6.1; WOW64; Trident/7.0; SLCC2; .NET CLR 2.0.50727; .NET CLR 3.5.30729; .NET CLR 3.0.30729; Media Center PC 6.0; .NET4.0C; .NET4.0E; InfoPath.3; ms-office)"
208.115.111.69 - - [15/May/2014:12:17:43 +0200] "GET /include.php?path=contentarchive&type=2&letter=U&catid=0&themeid=0&searchtext=&entries=0&order=title HTTP/1.1" 404 1256 "-" "Mozilla/5.0 (compatible; DotBot/1.1; http://www.opensiteexplorer.org/dotbot, help@moz.com)"
92.110.135.182 - - [15/May/2014:12:27:13 +0200] "GET / HTTP/1.1" 302 - "-" "Java/1.6.0_04"
92.110.135.182 - - [15/May/2014:12:27:15 +0200] "GET /fls_1_aktuelles.php HTTP/1.1" 404 1256 "-" "Java/1.6.0_04"
92.110.135.182 - - [15/May/2014:12:27:15 +0200] "GET /fls_2_fremdsprachensekr.php HTTP/1.1" 404 1256 "-" "Java/1.6.0_04"
92.110.135.182 - - [15/May/2014:12:27:15 +0200] "GET /fls_3_blog.php HTTP/1.1" 404 1256 "-" "Java/1.6.0_04"
92.110.135.182 - - [15/May/2014:12:27:16 +0200] "GET /fls_4_faq.php HTTP/1.1" 404 1256 "-" "Java/1.6.0_04"
92.110.135.182 - - [15/May/2014:12:27:16 +0200] "GET /fls_4_impressum.php HTTP/1.1" 404 1256 "-" "Java/1.6.0_04"
92.110.135.182 - - [15/May/2014:12:27:17 +0200] "GET /fls_4_kontakt_anmeldung.php HTTP/1.1" 404 1256 "-" "Java/1.6.0_04"
92.110.135.182 - - [15/May/2014:12:27:17 +0200] "GET /index.php HTTP/1.1" 302 - "-" "Java/1.6.0_04"
92.110.135.182 - - [15/May/2014:12:27:24 +0200] "GET /index_en.php HTTP/1.1" 404 1256 "-" "Java/1.6.0_04"
92.110.135.182 - - [15/May/2014:12:27:24 +0200] "GET /index_fr.php HTTP/1.1" 404 1256 "-" "Java/1.6.0_04"
92.110.135.182 - - [15/May/2014:12:27:25 +0200] "GET /index_sp.php HTTP/1.1" 404 1256 "-" "Java/1.6.0_04"
92.110.135.182 - - [15/May/2014:12:27:25 +0200] "GET /& HTTP/1.1" 404 1256 "-" "Java/1.6.0_04"
92.110.135.182 - - [15/May/2014:12:27:26 +0200] "GET /& HTTP/1.1" 404 1256 "-" "Java/1.6.0_04"
92.110.135.182 - - [15/May/2014:12:27:26 +0200] "GET /& HTTP/1.1" 404 1256 "-" "Java/1.6.0_04"
92.110.135.182 - - [15/May/2014:12:27:26 +0200] "GET /& HTTP/1.1" 404 1256 "-" "Java/1.6.0_04"
92.110.135.182 - - [15/May/2014:12:27:27 +0200] "GET /& HTTP/1.1" 404 1256 "-" "Java/1.6.0_04"
92.110.135.182 - - [15/May/2014:12:27:27 +0200] "GET /& HTTP/1.1" 404 1256 "-" "Java/1.6.0_04"
92.110.135.182 - - [15/May/2014:12:27:28 +0200] "GET /& HTTP/1.1" 404 1256 "-" "Java/1.6.0_04"
92.110.135.182 - - [15/May/2014:12:27:29 +0200] "GET /& HTTP/1.1" 404 1256 "-" "Java/1.6.0_04"
92.110.135.182 - - [15/May/2014:12:27:29 +0200] "GET /& HTTP/1.1" 404 1256 "-" "Java/1.6.0_04"
92.110.135.182 - - [15/May/2014:12:27:29 +0200] "GET /& HTTP/1.1" 404 1256 "-" "Java/1.6.0_04"
92.110.135.182 - - [15/May/2014:12:27:30 +0200] "GET /& HTTP/1.1" 404 1256 "-" "Java/1.6.0_04"
92.110.135.182 - - [15/May/2014:12:27:30 +0200] "GET /& HTTP/1.1" 404 1256 "-" "Java/1.6.0_04"
92.110.135.182 - - [15/May/2014:12:27:30 +0200] "GET /& HTTP/1.1" 404 1256 "-" "Java/1.6.0_04"
92.110.135.182 - - [15/May/2014:12:27:30 +0200] "GET /& HTTP/1.1" 404 1256 "-" "Java/1.6.0_04"
92.110.135.182 - - [15/May/2014:12:27:31 +0200] "GET /& HTTP/1.1" 404 1256 "-" "Java/1.6.0_04"
92.110.135.182 - - [15/May/2014:12:27:31 +0200] "GET /& HTTP/1.1" 404 1256 "-" "Java/1.6.0_04"
92.110.135.182 - - [15/May/2014:12:27:31 +0200] "GET /& HTTP/1.1" 404 1256 "-" "Java/1.6.0_04"
92.110.135.182 - - [15/May/2014:12:27:32 +0200] "GET /& HTTP/1.1" 404 1256 "-" "Java/1.6.0_04"
92.110.135.182 - - [15/May/2014:12:27:32 +0200] "GET /& HTTP/1.1" 404 1256 "-" "Java/1.6.0_04"
92.110.135.182 - - [15/May/2014:12:27:32 +0200] "GET /& HTTP/1.1" 404 1256 "-" "Java/1.6.0_04"
66.249.78.236 - - [15/May/2014:12:28:14 +0200] "GET /include.php?path=contact&mode=suggest&suggest_path=path%3Dnews%26contentid%3D73&nid=13 HTTP/1.1" 404 1256 "-" "Mozilla/5.0 (compatible; Googlebot/2.1; +http://www.google.com/bot.html)"
66.249.78.236 - - [15/May/2014:12:39:29 +0200] "GET /include.php?path=contentarchive&type=1&letter=Z&catid=1&themeid=0&searchtext=&entries=0&order=titled&nid=21 HTTP/1.1" 404 1256 "-" "Mozilla/5.0 (compatible; Googlebot/2.1; +http://www.google.com/bot.html)"
66.249.78.236 - - [15/May/2014:13:13:14 +0200] "GET /include.php?path=contentarchive&type=1&letter=F&catid=9&themeid=0&searchtext=&entries=0&order=dated&nid=4 HTTP/1.1" 404 1256 "-" "Mozilla/5.0 (compatible; Googlebot/2.1; +http://www.google.com/bot.html)"
66.249.65.97 - - [15/May/2014:13:35:45 +0200] "GET /robots.txt HTTP/1.1" 404 1256 "-" "Mozilla/5.0 (compatible; Googlebot/2.1; +http://www.google.com/bot.html)"
66.249.65.80 - - [15/May/2014:13:35:45 +0200] "GET /?path=content&contentid=39&nid=15 HTTP/1.1" 302 - "-" "Mozilla/5.0 (compatible; Googlebot/2.1; +http://www.google.com/bot.html)"
208.115.111.69 - - [15/May/2014:14:37:15 +0200] "GET /robots.txt HTTP/1.1" 404 1256 "-" "Mozilla/5.0 (compatible; DotBot/1.1; http://www.opensiteexplorer.org/dotbot, help@moz.com)"
141.8.147.12 - - [15/May/2014:14:39:45 +0200] "GET /robots.txt HTTP/1.1" 404 1256 "-" "Mozilla/5.0 (compatible; YandexBot/3.0; +http://yandex.com/bots)"
141.8.147.12 - - [15/May/2014:14:39:47 +0200] "GET / HTTP/1.1" 302 - "-" "Mozilla/5.0 (compatible; YandexBot/3.0; +http://yandex.com/bots)"
212.21.82.226 - - [15/May/2014:15:13:10 +0200] "GET / HTTP/1.1" 302 - "http://www.aubi-plus.de/institutionen/deutschland-56/berlin-5/berlin-49/berlin-4008/seite/11/" "Mozilla/5.0 (Windows NT 6.1; WOW64; rv:29.0) Gecko/20100101 Firefox/29.0"
150.70.97.117 - - [15/May/2014:15:16:02 +0200] "GET / HTTP/1.1" 302 - "-" "Mozilla/4.0 (compatible; MSIE 8.0; Windows NT 5.1; Trident/4.0)"
66.249.65.80 - - [15/May/2014:15:20:13 +0200] "GET /include.php?path=contentarchive&type=1&letter=V&catid=1&themeid=0&searchtext=&entries=0&order=dated HTTP/1.1" 404 1256 "-" "Mozilla/5.0 (compatible; Googlebot/2.1; +http://www.google.com/bot.html)"
150.70.75.38 - - [15/May/2014:15:21:19 +0200] "GET / HTTP/1.0" 302 - "-" "Mozilla/4.0 (compatible; MSIE 6.0; Windows NT 5.1)"
150.70.97.69 - - [15/May/2014:15:22:49 +0200] "GET / HTTP/1.1" 302 - "-" "Mozilla/4.0 (compatible; MSIE 8.0; Windows NT 5.1; Trident/4.0)"
66.249.65.80 - - [15/May/2014:15:33:54 +0200] "GET /include.php?path=contentarchive&type=1&letter=alle&catid=1&themeid=0&searchtext=&entries=0&order= HTTP/1.1" 404 1256 "-" "Mozilla/5.0 (compatible; Googlebot/2.1; +http://www.google.com/bot.html)"
176.57.143.60 - - [15/May/2014:15:37:10 +0200] "GET / HTTP/1.1" 302 - "-" "Mozilla/5.0 (Windows NT 6.1; WOW64) AppleWebKit/537.31 (KHTML, like Gecko) Chrome/26.0.1410.64 Safari/537.31"
66.249.65.80 - - [15/May/2014:15:52:21 +0200] "GET /include.php?path=contact&mode=suggest&suggest_path=path%3Dnews%26contentid%3D79 HTTP/1.1" 404 1256 "-" "Mozilla/5.0 (compatible; Googlebot/2.1; +http://www.google.com/bot.html)"
66.249.65.97 - - [15/May/2014:16:04:56 +0200] "GET /include.php?path=contentarchive&type=1&catid=10&letter=J&entries=0&searchtext=&order=title HTTP/1.1" 404 1256 "-" "Mozilla/5.0 (compatible; Googlebot/2.1; +http://www.google.com/bot.html)"
66.249.65.63 - - [15/May/2014:16:06:25 +0200] "GET /include.php?path=contentarchive&type=2&catid=10&letter=O&entries=0&searchtext=&order=title&nid=21 HTTP/1.1" 404 1256 "-" "Mozilla/5.0 (compatible; Googlebot/2.1; +http://www.google.com/bot.html)"
77.251.236.38 - - [15/May/2014:16:15:47 +0200] "GET / HTTP/1.1" 302 - "-" "Java/1.4.1_04"
77.251.236.38 - - [15/May/2014:16:15:48 +0200] "GET /fls_1_aktuelles.php HTTP/1.1" 404 1256 "-" "Java/1.4.1_04"
77.251.236.38 - - [15/May/2014:16:15:48 +0200] "GET /fls_2_fremdsprachensekr.php HTTP/1.1" 404 1256 "-" "Java/1.4.1_04"
77.251.236.38 - - [15/May/2014:16:15:48 +0200] "GET /fls_3_blog.php HTTP/1.1" 404 1256 "-" "Java/1.4.1_04"
77.251.236.38 - - [15/May/2014:16:15:49 +0200] "GET /fls_4_faq.php HTTP/1.1" 404 1256 "-" "Java/1.4.1_04"
77.251.236.38 - - [15/May/2014:16:15:49 +0200] "GET /fls_4_impressum.php HTTP/1.1" 404 1256 "-" "Java/1.4.1_04"
77.251.236.38 - - [15/May/2014:16:15:49 +0200] "GET /fls_4_kontakt_anmeldung.php HTTP/1.1" 404 1256 "-" "Java/1.4.1_04"
77.251.236.38 - - [15/May/2014:16:15:49 +0200] "GET /index.php HTTP/1.1" 302 - "-" "Java/1.4.1_04"
77.251.236.38 - - [15/May/2014:16:15:50 +0200] "GET /index_en.php HTTP/1.1" 404 1256 "-" "Java/1.4.1_04"
77.251.236.38 - - [15/May/2014:16:15:50 +0200] "GET /index_fr.php HTTP/1.1" 404 1256 "-" "Java/1.4.1_04"
77.251.236.38 - - [15/May/2014:16:15:50 +0200] "GET /index_sp.php HTTP/1.1" 404 1256 "-" "Java/1.4.1_04"
77.251.236.38 - - [15/May/2014:16:15:50 +0200] "GET /& HTTP/1.1" 404 1256 "-" "Java/1.4.1_04"
77.251.236.38 - - [15/May/2014:16:15:50 +0200] "GET /& HTTP/1.1" 404 1256 "-" "Java/1.4.1_04"
77.251.236.38 - - [15/May/2014:16:15:50 +0200] "GET /& HTTP/1.1" 404 1256 "-" "Java/1.4.1_04"
77.251.236.38 - - [15/May/2014:16:15:50 +0200] "GET /& HTTP/1.1" 404 1256 "-" "Java/1.4.1_04"
77.251.236.38 - - [15/May/2014:16:15:51 +0200] "GET /& HTTP/1.1" 404 1256 "-" "Java/1.4.1_04"
77.251.236.38 - - [15/May/2014:16:15:51 +0200] "GET /& HTTP/1.1" 404 1256 "-" "Java/1.4.1_04"
77.251.236.38 - - [15/May/2014:16:15:51 +0200] "GET /& HTTP/1.1" 404 1256 "-" "Java/1.4.1_04"
77.251.236.38 - - [15/May/2014:16:15:51 +0200] "GET /& HTTP/1.1" 404 1256 "-" "Java/1.4.1_04"
77.251.236.38 - - [15/May/2014:16:15:51 +0200] "GET /& HTTP/1.1" 404 1256 "-" "Java/1.4.1_04"
77.251.236.38 - - [15/May/2014:16:15:51 +0200] "GET /& HTTP/1.1" 404 1256 "-" "Java/1.4.1_04"
77.251.236.38 - - [15/May/2014:16:15:51 +0200] "GET /& HTTP/1.1" 404 1256 "-" "Java/1.4.1_04"
77.251.236.38 - - [15/May/2014:16:15:51 +0200] "GET /& HTTP/1.1" 404 1256 "-" "Java/1.4.1_04"
77.251.236.38 - - [15/May/2014:16:15:51 +0200] "GET /& HTTP/1.1" 404 1256 "-" "Java/1.4.1_04"
77.251.236.38 - - [15/May/2014:16:15:51 +0200] "GET /& HTTP/1.1" 404 1256 "-" "Java/1.4.1_04"
77.251.236.38 - - [15/May/2014:16:15:51 +0200] "GET /& HTTP/1.1" 404 1256 "-" "Java/1.4.1_04"
77.251.236.38 - - [15/May/2014:16:15:52 +0200] "GET /& HTTP/1.1" 404 1256 "-" "Java/1.4.1_04"
77.251.236.38 - - [15/May/2014:16:15:52 +0200] "GET /& HTTP/1.1" 404 1256 "-" "Java/1.4.1_04"
77.251.236.38 - - [15/May/2014:16:15:52 +0200] "GET /& HTTP/1.1" 404 1256 "-" "Java/1.4.1_04"
77.251.236.38 - - [15/May/2014:16:15:52 +0200] "GET /& HTTP/1.1" 404 1256 "-" "Java/1.4.1_04"
77.251.236.38 - - [15/May/2014:16:15:52 +0200] "GET /& HTTP/1.1" 404 1256 "-" "Java/1.4.1_04"
208.115.111.69 - - [15/May/2014:16:29:31 +0200] "GET /?path=contentarchive&type=2&letter=F&catid=0&themeid=0&searchtext=&entries=0&order= HTTP/1.1" 302 - "-" "Mozilla/5.0 (compatible; DotBot/1.1; http://www.opensiteexplorer.org/dotbot, help@moz.com)"
208.115.113.85 - - [15/May/2014:16:39:31 +0200] "GET /robots.txt HTTP/1.1" 404 1256 "-" "Mozilla/5.0 (compatible; DotBot/1.1; http://www.opensiteexplorer.org/dotbot, help@moz.com)"
195.169.9.214 - - [15/May/2014:16:47:50 +0200] "GET / HTTP/1.1" 302 - "http://www.friedrich-list-berlin.eu/fls_4_impressum_en.php" "Mozilla/5.0 (compatible; MSIE 10.0; Windows NT 6.2; Trident/6.0)"
66.249.65.63 - - [15/May/2014:16:53:25 +0200] "GET /include.php?path=contentarchive&type=2&catid=11&letter=S&entries=0&searchtext=&order=title&nid=21 HTTP/1.1" 404 1256 "-" "Mozilla/5.0 (compatible; Googlebot/2.1; +http://www.google.com/bot.html)"
66.249.65.97 - - [15/May/2014:17:00:42 +0200] "GET /include.php?path=content&contentid=44 HTTP/1.1" 404 1256 "-" "Mozilla/5.0 (compatible; Googlebot/2.1; +http://www.google.com/bot.html)"
66.249.65.80 - - [15/May/2014:17:01:50 +0200] "GET /include.php?path=contentarchive&type=2&catid=1&letter=&entries=0&searchtext=&order=dated&nid=19 HTTP/1.1" 404 1256 "-" "Mozilla/5.0 (compatible; Googlebot/2.1; +http://www.google.com/bot.html)"
66.249.65.97 - - [15/May/2014:17:04:07 +0200] "GET /include.php?path=contentarchive&type=2&catid=8&letter=S&entries=0&searchtext=&order=titled HTTP/1.1" 404 1256 "-" "Mozilla/5.0 (compatible; Googlebot/2.1; +http://www.google.com/bot.html)"
66.249.65.80 - - [15/May/2014:17:08:19 +0200] "GET /include.php?path=content&mode=vote&contentid=118&type=4&content_vote=2&action=Go&nid=19 HTTP/1.1" 404 1256 "-" "Mozilla/5.0 (compatible; Googlebot/2.1; +http://www.google.com/bot.html)"
66.249.65.80 - - [15/May/2014:17:12:52 +0200] "GET /include.php?path=contentarchive&type=2&letter=N&catid=1&themeid=0&searchtext=&entries=0&order=title&nid=32 HTTP/1.1" 404 1256 "-" "Mozilla/5.0 (compatible; Googlebot/2.1; +http://www.google.com/bot.html)"
66.249.65.97 - - [15/May/2014:17:17:26 +0200] "GET /include.php?path=contentarchive&type=3&letter=N&catid=1&themeid=0&searchtext=&entries=0&order=dated HTTP/1.1" 404 1256 "-" "Mozilla/5.0 (compatible; Googlebot/2.1; +http://www.google.com/bot.html)"
66.249.65.63 - - [15/May/2014:17:19:43 +0200] "GET /include.php?path=contentarchive&type=1&letter=alle&catid=0&themeid=0&searchtext=&entries=5&order=&nid=32 HTTP/1.1" 404 1256 "-" "Mozilla/5.0 (compatible; Googlebot/2.1; +http://www.google.com/bot.html)"
107.152.128.82 - - [15/May/2014:17:20:02 +0200] "GET /fls_1_aktuelles.php HTTP/1.1" 404 1256 "-" "Mozilla/5.0 (compatible; MSIE 10.0; Windows NT 6.1; Trident/6.0)"
66.249.65.97 - - [15/May/2014:17:21:59 +0200] "GET /include.php?path=contentarchive&type=4&catid=7&letter=F&entries=0&searchtext=&order=titled&nid=32 HTTP/1.1" 404 1256 "-" "Mozilla/5.0 (compatible; Googlebot/2.1; +http://www.google.com/bot.html)"
66.249.65.97 - - [15/May/2014:17:26:33 +0200] "GET /include.php?path=contentarchive&type=1&catid=1&letter=C&entries=0&searchtext=&order=date&nid=4 HTTP/1.1" 404 1256 "-" "Mozilla/5.0 (compatible; Googlebot/2.1; +http://www.google.com/bot.html)"
66.249.65.97 - - [15/May/2014:17:28:02 +0200] "GET /include.php?path=contentarchive&type=1&catid=1&letter=I&entries=0&searchtext=&order=date&nid=13 HTTP/1.1" 404 1256 "-" "Mozilla/5.0 (compatible; Googlebot/2.1; +http://www.google.com/bot.html)"
66.249.65.80 - - [15/May/2014:17:28:50 +0200] "GET /include.php?path=contentarchive&type=4&letter=C&catid=0&themeid=0&searchtext=&entries=0&order= HTTP/1.1" 404 1256 "-" "Mozilla/5.0 (compatible; Googlebot/2.1; +http://www.google.com/bot.html)"
66.249.65.80 - - [15/May/2014:17:31:06 +0200] "GET /include.php?path=contentarchive&type=2&catid=9&letter=C&entries=0&searchtext=&order=title&nid=21 HTTP/1.1" 404 1256 "-" "Mozilla/5.0 (compatible; Googlebot/2.1; +http://www.google.com/bot.html)"
66.249.65.63 - - [15/May/2014:17:33:23 +0200] "GET /include.php?path=contentarchive&type=1&letter=N&catid=1&themeid=0&searchtext=&entries=5&order=title&nid=19 HTTP/1.1" 404 1256 "-" "Mozilla/5.0 (compatible; Googlebot/2.1; +http://www.google.com/bot.html)"
66.249.65.63 - - [15/May/2014:17:42:50 +0200] "GET /include.php?path=contentarchive&type=4&letter=R&catid=12&themeid=0&searchtext=&entries=0&order=dated HTTP/1.1" 404 1256 "-" "Mozilla/5.0 (compatible; Googlebot/2.1; +http://www.google.com/bot.html)"
66.249.65.63 - - [15/May/2014:17:47:03 +0200] "GET /include.php?path=contentarchive&type=1&catid=9&letter=V&entries=0&searchtext=&order=dated&nid=21 HTTP/1.1" 404 1256 "-" "Mozilla/5.0 (compatible; Googlebot/2.1; +http://www.google.com/bot.html)"
66.249.65.80 - - [15/May/2014:18:16:41 +0200] "GET /include.php?path=content&mode=vote&contentid=90&type=1&content_vote=7&action=Go&nid=13 HTTP/1.1" 404 1256 "-" "Mozilla/5.0 (compatible; Googlebot/2.1; +http://www.google.com/bot.html)"
66.249.65.63 - - [15/May/2014:18:18:58 +0200] "GET /include.php?path=contentarchive&type=2&letter=H&catid=0&themeid=0&searchtext=&entries=0&order=title&nid=4 HTTP/1.1" 404 1256 "-" "Mozilla/5.0 (compatible; Googlebot/2.1; +http://www.google.com/bot.html)"
66.249.65.80 - - [15/May/2014:18:21:14 +0200] "GET /include.php?path=content&mode=vote&contentid=117&type=4&content_vote=7&action=Go&nid=13 HTTP/1.1" 404 1256 "-" "Mozilla/5.0 (compatible; Googlebot/2.1; +http://www.google.com/bot.html)"
66.249.65.80 - - [15/May/2014:18:23:31 +0200] "GET /include.php?path=contentarchive&type=1&letter=G&catid=10&themeid=0&searchtext=&entries=0&order=titled&nid=19 HTTP/1.1" 404 1256 "-" "Mozilla/5.0 (compatible; Googlebot/2.1; +http://www.google.com/bot.html)"
66.249.65.63 - - [15/May/2014:18:25:48 +0200] "GET /include.php?path=contentarchive&type=4&letter=S&catid=7&themeid=0&searchtext=&entries=0&order=title&nid=21 HTTP/1.1" 404 1256 "-" "Mozilla/5.0 (compatible; Googlebot/2.1; +http://www.google.com/bot.html)"
208.115.111.69 - - [15/May/2014:18:33:54 +0200] "GET /robots.txt HTTP/1.1" 404 1256 "-" "Mozilla/5.0 (compatible; DotBot/1.1; http://www.opensiteexplorer.org/dotbot, help@moz.com)"
66.249.65.63 - - [15/May/2014:18:34:55 +0200] "GET /include.php?path=content&mode=vote&contentid=82&type=1&content_vote=5&action=Go&nid=19 HTTP/1.1" 404 1256 "-" "Mozilla/5.0 (compatible; Googlebot/2.1; +http://www.google.com/bot.html)"
66.249.65.80 - - [15/May/2014:18:39:28 +0200] "GET /include.php?path=contentarchive&type=2&letter=O&catid=11&themeid=0&searchtext=&entries=0&order=&nid=32 HTTP/1.1" 404 1256 "-" "Mozilla/5.0 (compatible; Googlebot/2.1; +http://www.google.com/bot.html)"
208.115.113.85 - - [15/May/2014:18:47:04 +0200] "GET /include.php?path=contentarchive&type=3&catid=0&letter=D&entries=0&searchtext=&order=dated HTTP/1.1" 404 1256 "-" "Mozilla/5.0 (compatible; DotBot/1.1; http://www.opensiteexplorer.org/dotbot, help@moz.com)"
66.249.65.63 - - [15/May/2014:19:09:06 +0200] "GET /include.php?path=contentarchive&type=4&catid=12&letter=J&entries=0&searchtext=&order=date&nid=32 HTTP/1.1" 404 1256 "-" "Mozilla/5.0 (compatible; Googlebot/2.1; +http://www.google.com/bot.html)"
66.249.65.97 - - [15/May/2014:19:11:23 +0200] "GET /include.php?path=contentarchive&type=4&catid=7&letter=Y&entries=0&searchtext=&order=date&nid=13 HTTP/1.1" 404 1256 "-" "Mozilla/5.0 (compatible; Googlebot/2.1; +http://www.google.com/bot.html)"
66.249.65.97 - - [15/May/2014:19:13:39 +0200] "GET /include.php?path=contentarchive&type=1&letter=L&catid=0&themeid=0&searchtext=&entries=5&order=titled HTTP/1.1" 404 1256 "-" "Mozilla/5.0 (compatible; Googlebot/2.1; +http://www.google.com/bot.html)"
66.249.65.63 - - [15/May/2014:19:15:56 +0200] "GET /include.php?path=content&mode=vote&contentid=74&type=1&content_vote=8&action=Go&nid=13 HTTP/1.1" 404 1256 "-" "Mozilla/5.0 (compatible; Googlebot/2.1; +http://www.google.com/bot.html)"
66.249.65.63 - - [15/May/2014:19:18:13 +0200] "GET /include.php?path=contentarchive&type=2&letter=K&catid=1&themeid=0&searchtext=&entries=0&order=&nid=32 HTTP/1.1" 404 1256 "-" "Mozilla/5.0 (compatible; Googlebot/2.1; +http://www.google.com/bot.html)"
66.249.65.63 - - [15/May/2014:19:20:30 +0200] "GET /include.php?path=contentarchive&type=4&catid=7&letter=A&entries=0&searchtext=&order=title&nid=4 HTTP/1.1" 404 1256 "-" "Mozilla/5.0 (compatible; Googlebot/2.1; +http://www.google.com/bot.html)"
66.249.65.80 - - [15/May/2014:19:22:46 +0200] "GET /include.php?path=contentarchive&type=3&letter=alle&catid=1&themeid=0&searchtext=&entries=0&order=titled&nid=19 HTTP/1.1" 404 1256 "-" "Mozilla/5.0 (compatible; Googlebot/2.1; +http://www.google.com/bot.html)"
66.249.65.97 - - [15/May/2014:19:25:03 +0200] "GET /include.php?path=contentarchive&type=4&catid=8&letter=V&entries=0&searchtext=&order=date&nid=19 HTTP/1.1" 404 1256 "-" "Mozilla/5.0 (compatible; Googlebot/2.1; +http://www.google.com/bot.html)"
66.249.65.80 - - [15/May/2014:19:27:20 +0200] "GET /include.php?path=contentarchive&type=1&catid=9&letter=O&entries=0&searchtext=&order=dated&nid=4 HTTP/1.1" 404 1256 "-" "Mozilla/5.0 (compatible; Googlebot/2.1; +http://www.google.com/bot.html)"
66.249.65.97 - - [15/May/2014:19:29:37 +0200] "GET /include.php?path=contentarchive&type=4&letter=U&catid=1&themeid=0&searchtext=&entries=0&order=dated&nid=21 HTTP/1.1" 404 1256 "-" "Mozilla/5.0 (compatible; Googlebot/2.1; +http://www.google.com/bot.html)"
66.249.65.80 - - [15/May/2014:19:31:53 +0200] "GET /include.php?path=contentarchive&type=3&catid=1&letter=G&entries=0&searchtext=&order=date&nid=32 HTTP/1.1" 404 1256 "-" "Mozilla/5.0 (compatible; Googlebot/2.1; +http://www.google.com/bot.html)"
66.249.65.80 - - [15/May/2014:19:34:10 +0200] "GET /include.php?path=contentarchive&type=1&catid=0&letter=U&entries=0&searchtext=&order=title&nid=13 HTTP/1.1" 404 1256 "-" "Mozilla/5.0 (compatible; Googlebot/2.1; +http://www.google.com/bot.html)"
212.201.44.243 - - [15/May/2014:19:34:47 +0200] "GET / HTTP/1.1" 302 - "https://www.facebook.com/" "Mozilla/5.0 (Macintosh; Intel Mac OS X 10_9_2) AppleWebKit/537.74.9 (KHTML, like Gecko) Version/7.0.2 Safari/537.74.9"
66.249.65.63 - - [15/May/2014:19:36:27 +0200] "GET /include.php?path=contentarchive&type=4&catid=0&letter=W&entries=0&searchtext=&order=title&nid=4 HTTP/1.1" 404 1256 "-" "Mozilla/5.0 (compatible; Googlebot/2.1; +http://www.google.com/bot.html)"
66.249.65.80 - - [15/May/2014:19:38:44 +0200] "GET /include.php?path=contact&mode=suggest&suggest_path=path%3Dnews%26contentid%3D95&nid=19 HTTP/1.1" 404 1256 "-" "Mozilla/5.0 (compatible; Googlebot/2.1; +http://www.google.com/bot.html)"
66.249.65.97 - - [15/May/2014:19:41:00 +0200] "GET /include.php?path=contentarchive&letter=&catid=1&themeid=0&type=1&order=&entries=0&nid=13 HTTP/1.1" 404 1256 "-" "Mozilla/5.0 (compatible; Googlebot/2.1; +http://www.google.com/bot.html)"
66.249.65.97 - - [15/May/2014:19:43:17 +0200] "GET /include.php?path=contentarchive&type=1&letter=S&catid=0&themeid=0&searchtext=&entries=0&order=&nid=19 HTTP/1.1" 404 1256 "-" "Mozilla/5.0 (compatible; Googlebot/2.1; +http://www.google.com/bot.html)"
66.249.65.80 - - [15/May/2014:19:45:34 +0200] "GET /include.php?path=contentarchive&type=2&letter=K&catid=1&themeid=0&searchtext=&entries=0&order=title&nid=19 HTTP/1.1" 404 1256 "-" "Mozilla/5.0 (compatible; Googlebot/2.1; +http://www.google.com/bot.html)"
66.249.65.80 - - [15/May/2014:19:47:51 +0200] "GET /include.php?path=contentarchive&type=2&letter=C&catid=1&themeid=0&searchtext=&entries=0&order=title&nid=13 HTTP/1.1" 404 1256 "-" "Mozilla/5.0 (compatible; Googlebot/2.1; +http://www.google.com/bot.html)"
66.249.65.63 - - [15/May/2014:19:50:07 +0200] "GET /include.php?path=contentarchive&type=1&catid=9&letter=U&entries=0&searchtext=&order=date&nid=4 HTTP/1.1" 404 1256 "-" "Mozilla/5.0 (compatible; Googlebot/2.1; +http://www.google.com/bot.html)"
66.249.65.80 - - [15/May/2014:19:54:41 +0200] "GET /include.php?path=contentarchive&type=1&catid=9&letter=P&entries=0&searchtext=&order=titled&nid=4 HTTP/1.1" 404 1256 "-" "Mozilla/5.0 (compatible; Googlebot/2.1; +http://www.google.com/bot.html)"
66.249.65.97 - - [15/May/2014:19:56:57 +0200] "GET /include.php?path=contentarchive&type=2&letter=P&catid=0&themeid=0&searchtext=&entries=0&order=titled&nid=13 HTTP/1.1" 404 1256 "-" "Mozilla/5.0 (compatible; Googlebot/2.1; +http://www.google.com/bot.html)"
66.249.65.63 - - [15/May/2014:19:59:14 +0200] "GET /include.php?path=contentarchive&type=2&catid=9&letter=H&entries=0&searchtext=&order=title&nid=32 HTTP/1.1" 404 1256 "-" "Mozilla/5.0 (compatible; Googlebot/2.1; +http://www.google.com/bot.html)"
66.249.65.63 - - [15/May/2014:20:01:31 +0200] "GET /include.php?path=contentarchive&type=2&catid=8&letter=B&entries=0&searchtext=&order=titled&nid=4 HTTP/1.1" 404 1256 "-" "Mozilla/5.0 (compatible; Googlebot/2.1; +http://www.google.com/bot.html)"
66.249.65.97 - - [15/May/2014:20:03:48 +0200] "GET /include.php?path=contentarchive&type=4&catid=8&letter=I&entries=0&searchtext=&order=title&nid=4 HTTP/1.1" 404 1256 "-" "Mozilla/5.0 (compatible; Googlebot/2.1; +http://www.google.com/bot.html)"
