66.249.67.36 - - [17/May/2014:22:51:01 +0200] "GET /robots.txt HTTP/1.1" 404 1256 "-" "Mozilla/5.0 (compatible; Googlebot/2.1; +http://www.google.com/bot.html)"
66.249.67.4 - - [17/May/2014:22:51:01 +0200] "GET / HTTP/1.1" 302 - "-" "Mozilla/5.0 (compatible; Googlebot/2.1; +http://www.google.com/bot.html)"
88.67.104.44 - - [17/May/2014:23:24:36 +0200] "GET / HTTP/1.1" 302 - "http://lm.facebook.com/l.php?u=http%3A%2F%2Fwww.friedrich-list-berlin.de%2F&h=2AQGkq8la&enc=AZNhlzrbYcdJHN13VsSkBkaAbBvhfpGey4LMnw9rjKw3af2zNgMFj1J7A0BkFA__ZK4KBh__lLCv_HjRC9Zz5V2OlBD0joWpuK3u1vXe-SMXTg&s=1" "Mozilla/5.0 (compatible; MSIE 9.0; Windows NT 6.1; Trident/5.0; XBLWP7; ZuneWP7)"
66.249.67.232 - - [17/May/2014:23:57:21 +0200] "GET /?&nid=21 HTTP/1.1" 302 - "-" "Mozilla/5.0 (compatible; Googlebot/2.1; +http://www.google.com/bot.html)"
66.249.67.36 - - [18/May/2014:00:54:12 +0200] "GET /?&nid=32 HTTP/1.1" 302 - "-" "Mozilla/5.0 (compatible; Googlebot/2.1; +http://www.google.com/bot.html)"
66.249.67.4 - - [18/May/2014:01:53:55 +0200] "GET /?&nid=4 HTTP/1.1" 302 - "-" "Mozilla/5.0 (compatible; Googlebot/2.1; +http://www.google.com/bot.html)"
208.115.111.69 - - [18/May/2014:02:34:01 +0200] "GET /robots.txt HTTP/1.1" 404 1256 "-" "Mozilla/5.0 (compatible; DotBot/1.1; http://www.opensiteexplorer.org/dotbot, help@moz.com)"
66.249.67.232 - - [18/May/2014:02:35:47 +0200] "GET /?nid=19&nid=32 HTTP/1.1" 302 - "-" "Mozilla/5.0 (compatible; Googlebot/2.1; +http://www.google.com/bot.html)"
83.233.207.74 - - [18/May/2014:03:01:48 +0200] "GET / HTTP/1.1" 302 - "-" "Mozilla/4.0 (CMS Crawler: http://www.cmscrawler.com)"
208.115.113.85 - - [18/May/2014:03:07:49 +0200] "GET /robots.txt HTTP/1.1" 404 1256 "-" "Mozilla/5.0 (compatible; DotBot/1.1; http://www.opensiteexplorer.org/dotbot, help@moz.com)"
66.249.67.4 - - [18/May/2014:03:34:24 +0200] "GET /?path=contact&nid=13 HTTP/1.1" 302 - "-" "Mozilla/5.0 (compatible; Googlebot/2.1; +http://www.google.com/bot.html)"
66.249.67.36 - - [18/May/2014:04:16:17 +0200] "GET /?&nid=19 HTTP/1.1" 302 - "-" "Mozilla/5.0 (compatible; Googlebot/2.1; +http://www.google.com/bot.html)"
66.249.67.36 - - [18/May/2014:04:24:39 +0200] "GET /include.php?path=contentarchive&type=1&catid=1&letter=S&entries=0&searchtext=&order=titled&nid=4 HTTP/1.1" 404 1256 "-" "Mozilla/5.0 (compatible; Googlebot/2.1; +http://www.google.com/bot.html)"
208.115.111.69 - - [18/May/2014:04:27:10 +0200] "GET /include.php?path=contentarchive&type=2 HTTP/1.1" 404 1256 "-" "Mozilla/5.0 (compatible; DotBot/1.1; http://www.opensiteexplorer.org/dotbot, help@moz.com)"
208.115.111.69 - - [18/May/2014:04:27:14 +0200] "GET /include.php?path=contentarchive&type=3&letter=Q&catid=0&themeid=0&searchtext=&entries=0&order= HTTP/1.1" 404 1256 "-" "Mozilla/5.0 (compatible; DotBot/1.1; http://www.opensiteexplorer.org/dotbot, help@moz.com)"
188.138.41.109 - - [18/May/2014:04:39:08 +0200] "GET /robots.txt HTTP/1.1" 404 1256 "-" "Mozilla/5.0 (X11; U; Linux i686; de; rv:1.9.0.1; compatible; iCjobs Stellenangebote Jobs; http://www.icjobs.de) Gecko/20100401 iCjobs/3.2.3"
188.138.41.109 - - [18/May/2014:04:39:08 +0200] "GET / HTTP/1.1" 302 - "-" "Mozilla/5.0 (X11; U; Linux i686; de; rv:1.9.0.1; compatible; iCjobs Stellenangebote Jobs; http://www.icjobs.de) Gecko/20100401 iCjobs/3.2.3"
188.138.41.109 - - [18/May/2014:04:39:09 +0200] "GET / HTTP/1.1" 302 - "-" "Mozilla/5.0 (X11; U; Linux i686; de; rv:1.9.0.1; compatible; iCjobs Stellenangebote Jobs; http://www.icjobs.de) Gecko/20100401 iCjobs/3.2.3"
141.8.147.12 - - [18/May/2014:04:48:56 +0200] "GET /robots.txt HTTP/1.1" 404 1256 "-" "Mozilla/5.0 (compatible; YandexBot/3.0; +http://yandex.com/bots)"
141.8.147.12 - - [18/May/2014:04:49:00 +0200] "GET /fls_1_aktuelles.php?artid=44 HTTP/1.1" 404 1256 "-" "Mozilla/5.0 (compatible; YandexBot/3.0; +http://yandex.com/bots)"
141.8.147.12 - - [18/May/2014:04:49:03 +0200] "GET /fls_4_kontakt_anmeldung.php HTTP/1.1" 404 1256 "-" "Mozilla/5.0 (compatible; YandexBot/3.0; +http://yandex.com/bots)"
141.8.147.12 - - [18/May/2014:04:49:06 +0200] "GET /index_fr.php HTTP/1.1" 404 1256 "-" "Mozilla/5.0 (compatible; YandexBot/3.0; +http://yandex.com/bots)"
141.8.147.12 - - [18/May/2014:04:49:09 +0200] "GET /fls_2_kurs_ecbm_london.php HTTP/1.1" 404 1256 "-" "Mozilla/5.0 (compatible; YandexBot/3.0; +http://yandex.com/bots)"
141.8.147.12 - - [18/May/2014:04:49:12 +0200] "GET /fls_2_fremdsprachensekr.php HTTP/1.1" 404 1256 "-" "Mozilla/5.0 (compatible; YandexBot/3.0; +http://yandex.com/bots)"
141.8.147.12 - - [18/May/2014:04:49:14 +0200] "GET /fls_2_europakorr.php HTTP/1.1" 404 1256 "-" "Mozilla/5.0 (compatible; YandexBot/3.0; +http://yandex.com/bots)"
141.8.147.12 - - [18/May/2014:04:49:17 +0200] "GET /fls_2_berufsfachschule.php HTTP/1.1" 404 1256 "-" "Mozilla/5.0 (compatible; YandexBot/3.0; +http://yandex.com/bots)"
141.8.147.12 - - [18/May/2014:04:49:19 +0200] "GET /fls_4_impressum.php HTTP/1.1" 404 1256 "-" "Mozilla/5.0 (compatible; YandexBot/3.0; +http://yandex.com/bots)"
141.8.147.12 - - [18/May/2014:04:49:21 +0200] "GET /index_sp.php HTTP/1.1" 404 1256 "-" "Mozilla/5.0 (compatible; YandexBot/3.0; +http://yandex.com/bots)"
141.8.147.12 - - [18/May/2014:04:49:23 +0200] "GET /fls_1_aktuelles.php HTTP/1.1" 404 1256 "-" "Mozilla/5.0 (compatible; YandexBot/3.0; +http://yandex.com/bots)"
141.8.147.12 - - [18/May/2014:04:49:26 +0200] "GET /fls_2_fremdsprachenkorr.php HTTP/1.1" 404 1256 "-" "Mozilla/5.0 (compatible; YandexBot/3.0; +http://yandex.com/bots)"
141.8.147.12 - - [18/May/2014:04:49:28 +0200] "GET /index_en.php HTTP/1.1" 404 1256 "-" "Mozilla/5.0 (compatible; YandexBot/3.0; +http://yandex.com/bots)"
66.249.67.36 - - [18/May/2014:05:48:23 +0200] "GET /include.php?path=contentarchive&type=1&catid=1&letter=L&entries=0&searchtext=&order=dated&nid=19 HTTP/1.1" 404 1256 "-" "Mozilla/5.0 (compatible; Googlebot/2.1; +http://www.google.com/bot.html)"
173.214.172.180 - - [18/May/2014:05:52:46 +0200] "GET / HTTP/1.1" 302 - "-" "Java/1.4.1_04"
173.214.172.180 - - [18/May/2014:05:52:48 +0200] "GET /fls_1_aktuelles.php HTTP/1.1" 404 1256 "-" "Java/1.4.1_04"
173.214.172.180 - - [18/May/2014:05:52:48 +0200] "GET /fls_2_fremdsprachensekr.php HTTP/1.1" 404 1256 "-" "Java/1.4.1_04"
173.214.172.180 - - [18/May/2014:05:52:48 +0200] "GET /fls_3_blog.php HTTP/1.1" 404 1256 "-" "Java/1.4.1_04"
173.214.172.180 - - [18/May/2014:05:52:49 +0200] "GET /fls_4_faq.php HTTP/1.1" 404 1256 "-" "Java/1.4.1_04"
173.214.172.180 - - [18/May/2014:05:52:49 +0200] "GET /fls_4_impressum.php HTTP/1.1" 404 1256 "-" "Java/1.4.1_04"
173.214.172.180 - - [18/May/2014:05:52:49 +0200] "GET /fls_4_kontakt_anmeldung.php HTTP/1.1" 404 1256 "-" "Java/1.4.1_04"
173.214.172.180 - - [18/May/2014:05:52:49 +0200] "GET /index.php HTTP/1.1" 302 - "-" "Java/1.4.1_04"
173.214.172.180 - - [18/May/2014:05:52:50 +0200] "GET /index_en.php HTTP/1.1" 404 1256 "-" "Java/1.4.1_04"
173.214.172.180 - - [18/May/2014:05:52:51 +0200] "GET /index_fr.php HTTP/1.1" 404 1256 "-" "Java/1.4.1_04"
173.214.172.180 - - [18/May/2014:05:52:52 +0200] "GET /index_sp.php HTTP/1.1" 404 1256 "-" "Java/1.4.1_04"
173.214.172.180 - - [18/May/2014:05:52:53 +0200] "GET /& HTTP/1.1" 404 1256 "-" "Java/1.4.1_04"
173.214.172.180 - - [18/May/2014:05:52:54 +0200] "GET /& HTTP/1.1" 404 1256 "-" "Java/1.4.1_04"
173.214.172.180 - - [18/May/2014:05:52:54 +0200] "GET /& HTTP/1.1" 404 1256 "-" "Java/1.4.1_04"
173.214.172.180 - - [18/May/2014:05:52:54 +0200] "GET /& HTTP/1.1" 404 1256 "-" "Java/1.4.1_04"
173.214.172.180 - - [18/May/2014:05:52:54 +0200] "GET /& HTTP/1.1" 404 1256 "-" "Java/1.4.1_04"
173.214.172.180 - - [18/May/2014:05:52:55 +0200] "GET /& HTTP/1.1" 404 1256 "-" "Java/1.4.1_04"
173.214.172.180 - - [18/May/2014:05:52:55 +0200] "GET /& HTTP/1.1" 404 1256 "-" "Java/1.4.1_04"
173.214.172.180 - - [18/May/2014:05:52:55 +0200] "GET /& HTTP/1.1" 404 1256 "-" "Java/1.4.1_04"
173.214.172.180 - - [18/May/2014:05:52:55 +0200] "GET /& HTTP/1.1" 404 1256 "-" "Java/1.4.1_04"
173.214.172.180 - - [18/May/2014:05:52:56 +0200] "GET /& HTTP/1.1" 404 1256 "-" "Java/1.4.1_04"
173.214.172.180 - - [18/May/2014:05:52:58 +0200] "GET /& HTTP/1.1" 404 1256 "-" "Java/1.4.1_04"
173.214.172.180 - - [18/May/2014:05:52:58 +0200] "GET /& HTTP/1.1" 404 1256 "-" "Java/1.4.1_04"
173.214.172.180 - - [18/May/2014:05:52:58 +0200] "GET /& HTTP/1.1" 404 1256 "-" "Java/1.4.1_04"
173.214.172.180 - - [18/May/2014:05:52:58 +0200] "GET /& HTTP/1.1" 404 1256 "-" "Java/1.4.1_04"
173.214.172.180 - - [18/May/2014:05:52:58 +0200] "GET /& HTTP/1.1" 404 1256 "-" "Java/1.4.1_04"
173.214.172.180 - - [18/May/2014:05:52:59 +0200] "GET /& HTTP/1.1" 404 1256 "-" "Java/1.4.1_04"
173.214.172.180 - - [18/May/2014:05:52:59 +0200] "GET /& HTTP/1.1" 404 1256 "-" "Java/1.4.1_04"
173.214.172.180 - - [18/May/2014:05:52:59 +0200] "GET /& HTTP/1.1" 404 1256 "-" "Java/1.4.1_04"
173.214.172.180 - - [18/May/2014:05:52:59 +0200] "GET /& HTTP/1.1" 404 1256 "-" "Java/1.4.1_04"
173.214.172.180 - - [18/May/2014:05:53:00 +0200] "GET /& HTTP/1.1" 404 1256 "-" "Java/1.4.1_04"
66.249.67.36 - - [18/May/2014:06:05:35 +0200] "GET /?&nid=13 HTTP/1.1" 302 - "-" "Mozilla/5.0 (compatible; Googlebot/2.1; +http://www.google.com/bot.html)"
208.115.111.69 - - [18/May/2014:06:35:19 +0200] "GET /robots.txt HTTP/1.1" 404 1256 "-" "Mozilla/5.0 (compatible; DotBot/1.1; http://www.opensiteexplorer.org/dotbot, help@moz.com)"
66.249.67.4 - - [18/May/2014:06:47:00 +0200] "GET /include.php?path=contentarchive&type=1&letter=A&catid=1&themeid=0&searchtext=&entries=0&order=titled HTTP/1.1" 404 1256 "-" "Mozilla/5.0 (compatible; Googlebot/2.1; +http://www.google.com/bot.html)"
128.131.102.100 - - [18/May/2014:08:19:35 +0200] "GET / HTTP/1.0" 302 - "-" "Mozilla/5.0 (KeepRight OpenStreetMap Checker; http://keepright.at) Gecko/20100101 Firefox/22.0"
208.115.111.69 - - [18/May/2014:08:21:48 +0200] "GET /include.php?path=contentarchive&type=2&letter=R&catid=0&themeid=0&searchtext=&entries=0&order=title HTTP/1.1" 404 1256 "-" "Mozilla/5.0 (compatible; DotBot/1.1; http://www.opensiteexplorer.org/dotbot, help@moz.com)"
208.115.111.69 - - [18/May/2014:08:21:51 +0200] "GET /include.php?path=search HTTP/1.1" 404 1256 "-" "Mozilla/5.0 (compatible; DotBot/1.1; http://www.opensiteexplorer.org/dotbot, help@moz.com)"
37.58.100.180 - - [18/May/2014:08:59:44 +0200] "GET /robots.txt HTTP/1.1" 404 1256 "-" "Mozilla/5.0 (compatible; AhrefsBot/5.0; +http://ahrefs.com/robot/)"
82.94.179.38 - - [18/May/2014:10:19:36 +0200] "GET /robots.txt HTTP/1.0" 404 1256 "-" "Mozilla/4.0 (compatible; Vagabondo/4.0/EU; http://webagent.wise-guys.nl/)"
82.94.179.38 - - [18/May/2014:10:19:36 +0200] "GET / HTTP/1.1" 302 - "-" "Mozilla/4.0 (compatible; Vagabondo/4.0/EU; http://www.wise-guys.nl/)"
208.115.111.69 - - [18/May/2014:10:32:36 +0200] "GET /robots.txt HTTP/1.1" 404 1256 "-" "Mozilla/5.0 (compatible; DotBot/1.1; http://www.opensiteexplorer.org/dotbot, help@moz.com)"
66.249.67.4 - - [18/May/2014:11:30:44 +0200] "GET /robots.txt HTTP/1.1" 404 1256 "-" "Mozilla/5.0 (compatible; Googlebot/2.1; +http://www.google.com/bot.html)"
66.249.67.4 - - [18/May/2014:11:30:44 +0200] "GET /?path=content&contentid=39&nid=15 HTTP/1.1" 302 - "-" "Mozilla/5.0 (compatible; Googlebot/2.1; +http://www.google.com/bot.html)"
208.115.111.69 - - [18/May/2014:12:15:21 +0200] "GET /?path=contentarchive&type=2&letter=Y&catid=0&themeid=0&searchtext=&entries=0&order= HTTP/1.1" 302 - "-" "Mozilla/5.0 (compatible; DotBot/1.1; http://www.opensiteexplorer.org/dotbot, help@moz.com)"
208.115.111.69 - - [18/May/2014:12:15:24 +0200] "GET /include.php?path=contentarchive&type=3&letter=M&catid=0&themeid=0&searchtext=&entries=0&order= HTTP/1.1" 404 1256 "-" "Mozilla/5.0 (compatible; DotBot/1.1; http://www.opensiteexplorer.org/dotbot, help@moz.com)"
77.186.103.170 - - [18/May/2014:14:15:27 +0200] "GET / HTTP/1.1" 302 - "http://www.google.de/url?sa=t&rct=j&q=&esrc=s&source=web&cd=1&ved=0CDAQFjAA&url=http%3A%2F%2Fwww.friedrich-list-berlin.de%2F&ei=-qN4U-LRI8WC4gSploCIAQ&usg=AFQjCNGsKs3TvBQ4z91zrYvo9_SfKi5nug&bvm=bv.66917471,d.bGE" "Mozilla/5.0 (Windows NT 6.1; WOW64; rv:29.0) Gecko/20100101 Firefox/29.0"
87.149.183.174 - - [18/May/2014:15:24:55 +0200] "GET / HTTP/1.1" 302 - "-" "Mozilla/5.0 (Macintosh; Intel Mac OS X 10.7; rv:29.0) Gecko/20100101 Firefox/29.0"
66.249.79.4 - - [18/May/2014:15:30:47 +0200] "GET /robots.txt HTTP/1.1" 404 1256 "-" "Mozilla/5.0 (compatible; Googlebot/2.1; +http://www.google.com/bot.html)"
66.249.79.232 - - [18/May/2014:15:30:48 +0200] "GET /include.php?path=contentarchive&type=4&catid=1&letter=P&entries=0&searchtext=&order=date&nid=21 HTTP/1.1" 404 1256 "-" "Mozilla/5.0 (compatible; Googlebot/2.1; +http://www.google.com/bot.html)"
66.249.83.240 - - [18/May/2014:15:46:04 +0200] "GET / HTTP/1.1" 302 - "-" "Mozilla/5.0 (X11; U; Linux x86_64; en-US) AppleWebKit/534.16 (KHTML, like Gecko, Google Keyword Suggestion) Chrome/10.0.648.127 Safari/534.16"
95.91.207.199 - - [18/May/2014:17:10:44 +0200] "GET / HTTP/1.1" 302 - "http://www.aubi-plus.de/ausbildung/friedrich-list-schule-berlin-fremdsprachenkorrespondent-schul-10823-berlin-deutschland-117120.html" "Mozilla/5.0 (Windows NT 5.1) AppleWebKit/537.36 (KHTML, like Gecko) Chrome/34.0.1847.137 Safari/537.36"
66.249.79.36 - - [18/May/2014:17:37:52 +0200] "GET /include.php?path=contentarchive&type=3&letter=P&catid=0&themeid=0&searchtext=&entries=0&order=title&nid=19 HTTP/1.1" 404 1256 "-" "Mozilla/5.0 (compatible; Googlebot/2.1; +http://www.google.com/bot.html)"
79.156.168.221 - - [18/May/2014:18:12:06 +0200] "GET / HTTP/1.1" 302 - "-" "Java/1.6.0_04"
79.156.168.221 - - [18/May/2014:18:12:09 +0200] "GET /fls_1_aktuelles.php HTTP/1.1" 404 1256 "-" "Java/1.6.0_04"
79.156.168.221 - - [18/May/2014:18:12:10 +0200] "GET /fls_2_fremdsprachensekr.php HTTP/1.1" 404 1256 "-" "Java/1.6.0_04"
79.156.168.221 - - [18/May/2014:18:12:12 +0200] "GET /fls_3_blog.php HTTP/1.1" 404 1256 "-" "Java/1.6.0_04"
79.156.168.221 - - [18/May/2014:18:12:13 +0200] "GET /fls_4_faq.php HTTP/1.1" 404 1256 "-" "Java/1.6.0_04"
79.156.168.221 - - [18/May/2014:18:12:14 +0200] "GET /fls_4_impressum.php HTTP/1.1" 404 1256 "-" "Java/1.6.0_04"
79.156.168.221 - - [18/May/2014:18:12:14 +0200] "GET /fls_4_kontakt_anmeldung.php HTTP/1.1" 404 1256 "-" "Java/1.6.0_04"
79.156.168.221 - - [18/May/2014:18:12:16 +0200] "GET /index.php HTTP/1.1" 302 - "-" "Java/1.6.0_04"
79.156.168.221 - - [18/May/2014:18:12:22 +0200] "GET /index_en.php HTTP/1.1" 404 1256 "-" "Java/1.6.0_04"
79.156.168.221 - - [18/May/2014:18:12:24 +0200] "GET /index_fr.php HTTP/1.1" 404 1256 "-" "Java/1.6.0_04"
79.156.168.221 - - [18/May/2014:18:12:26 +0200] "GET /index_sp.php HTTP/1.1" 404 1256 "-" "Java/1.6.0_04"
79.156.168.221 - - [18/May/2014:18:12:28 +0200] "GET /& HTTP/1.1" 404 1256 "-" "Java/1.6.0_04"
79.156.168.221 - - [18/May/2014:18:12:29 +0200] "GET /& HTTP/1.1" 404 1256 "-" "Java/1.6.0_04"
79.156.168.221 - - [18/May/2014:18:12:35 +0200] "GET /& HTTP/1.1" 404 1256 "-" "Java/1.6.0_04"
79.156.168.221 - - [18/May/2014:18:12:36 +0200] "GET /& HTTP/1.1" 404 1256 "-" "Java/1.6.0_04"
79.156.168.221 - - [18/May/2014:18:12:39 +0200] "GET /& HTTP/1.1" 404 1256 "-" "Java/1.6.0_04"
79.156.168.221 - - [18/May/2014:18:12:42 +0200] "GET /& HTTP/1.1" 404 1256 "-" "Java/1.6.0_04"
79.156.168.221 - - [18/May/2014:18:12:49 +0200] "GET /& HTTP/1.1" 404 1256 "-" "Java/1.6.0_04"
79.156.168.221 - - [18/May/2014:18:12:56 +0200] "GET /& HTTP/1.1" 404 1256 "-" "Java/1.6.0_04"
79.156.168.221 - - [18/May/2014:18:12:59 +0200] "GET /& HTTP/1.1" 404 1256 "-" "Java/1.6.0_04"
79.156.168.221 - - [18/May/2014:18:13:00 +0200] "GET /& HTTP/1.1" 404 1256 "-" "Java/1.6.0_04"
79.156.168.221 - - [18/May/2014:18:13:02 +0200] "GET /& HTTP/1.1" 404 1256 "-" "Java/1.6.0_04"
79.156.168.221 - - [18/May/2014:18:13:03 +0200] "GET /& HTTP/1.1" 404 1256 "-" "Java/1.6.0_04"
79.156.168.221 - - [18/May/2014:18:13:05 +0200] "GET /& HTTP/1.1" 404 1256 "-" "Java/1.6.0_04"
79.156.168.221 - - [18/May/2014:18:13:06 +0200] "GET /& HTTP/1.1" 404 1256 "-" "Java/1.6.0_04"
79.156.168.221 - - [18/May/2014:18:13:08 +0200] "GET /& HTTP/1.1" 404 1256 "-" "Java/1.6.0_04"
79.156.168.221 - - [18/May/2014:18:13:10 +0200] "GET /& HTTP/1.1" 404 1256 "-" "Java/1.6.0_04"
79.156.168.221 - - [18/May/2014:18:13:13 +0200] "GET /& HTTP/1.1" 404 1256 "-" "Java/1.6.0_04"
79.156.168.221 - - [18/May/2014:18:13:17 +0200] "GET /& HTTP/1.1" 404 1256 "-" "Java/1.6.0_04"
79.156.168.221 - - [18/May/2014:18:13:20 +0200] "GET /& HTTP/1.1" 404 1256 "-" "Java/1.6.0_04"
79.156.168.221 - - [18/May/2014:18:13:22 +0200] "GET /& HTTP/1.1" 404 1256 "-" "Java/1.6.0_04"
66.249.79.232 - - [18/May/2014:18:41:25 +0200] "GET /include.php?path=content&mode=vote&contentid=118&type=4&content_vote=9&action=Go HTTP/1.1" 404 1256 "-" "Mozilla/5.0 (compatible; Googlebot/2.1; +http://www.google.com/bot.html)"
66.249.79.232 - - [18/May/2014:19:52:01 +0200] "GET /include.php?path=contentarchive&type=2&catid=1&letter=&entries=0&searchtext=&order=dated&nid=19 HTTP/1.1" 404 1256 "-" "Mozilla/5.0 (compatible; Googlebot/2.1; +http://www.google.com/bot.html)"
66.249.79.232 - - [18/May/2014:20:48:30 +0200] "GET /include.php?path=contentarchive&type=2&catid=8&letter=S&entries=0&searchtext=&order=titled HTTP/1.1" 404 1256 "-" "Mozilla/5.0 (compatible; Googlebot/2.1; +http://www.google.com/bot.html)"
66.249.79.232 - - [18/May/2014:22:27:21 +0200] "GET /include.php?path=contentarchive&type=3&letter=N&catid=1&themeid=0&searchtext=&entries=0&order=dated HTTP/1.1" 404 1256 "-" "Mozilla/5.0 (compatible; Googlebot/2.1; +http://www.google.com/bot.html)"
66.249.79.4 - - [18/May/2014:23:45:00 +0200] "GET /include.php?path=contentarchive&type=1&letter=alle&catid=0&themeid=0&searchtext=&entries=5&order=&nid=32 HTTP/1.1" 404 1256 "-" "Mozilla/5.0 (compatible; Googlebot/2.1; +http://www.google.com/bot.html)"
66.249.79.4 - - [19/May/2014:00:27:22 +0200] "GET /include.php?path=contentarchive&type=2&catid=9&letter=C&entries=0&searchtext=&order=title&nid=21 HTTP/1.1" 404 1256 "-" "Mozilla/5.0 (compatible; Googlebot/2.1; +http://www.google.com/bot.html)"
178.77.126.55 - - [19/May/2014:00:34:35 +0200] "GET /robots.txt HTTP/1.1" 404 1256 "-" "Mozilla/5.0 (compatible; CareerBot/1.1; +http://www.career-x.de/bot.html)"
178.77.126.55 - - [19/May/2014:00:34:35 +0200] "GET / HTTP/1.1" 302 - "-" "Mozilla/5.0 (compatible; CareerBot/1.1; +http://www.career-x.de/bot.html)"
66.249.79.4 - - [19/May/2014:01:45:02 +0200] "GET /include.php?path=contentarchive&type=1&letter=N&catid=1&themeid=0&searchtext=&entries=5&order=title&nid=19 HTTP/1.1" 404 1256 "-" "Mozilla/5.0 (compatible; Googlebot/2.1; +http://www.google.com/bot.html)"
66.249.79.232 - - [19/May/2014:02:41:31 +0200] "GET /include.php?path=content&mode=vote&contentid=74&type=1&content_vote=8&action=Go&nid=13 HTTP/1.1" 404 1256 "-" "Mozilla/5.0 (compatible; Googlebot/2.1; +http://www.google.com/bot.html)"
157.55.33.20 - - [19/May/2014:04:16:36 +0200] "GET /robots.txt HTTP/1.1" 404 1256 "-" "Mozilla/5.0 (compatible; bingbot/2.0; +http://www.bing.com/bingbot.htm)"
157.55.33.20 - - [19/May/2014:04:24:26 +0200] "GET /?path=content&contentid=39&nid=15 HTTP/1.1" 302 - "-" "Mozilla/5.0 (compatible; bingbot/2.0; +http://www.bing.com/bingbot.htm)"
66.249.79.4 - - [19/May/2014:04:41:32 +0200] "GET /robots.txt HTTP/1.1" 404 1256 "-" "Mozilla/5.0 (compatible; Googlebot/2.1; +http://www.google.com/bot.html)"
66.249.79.232 - - [19/May/2014:04:41:33 +0200] "GET /include.php?path=contentarchive&type=2&letter=K&catid=1&themeid=0&searchtext=&entries=0&order=&nid=32 HTTP/1.1" 404 1256 "-" "Mozilla/5.0 (compatible; Googlebot/2.1; +http://www.google.com/bot.html)"
66.249.79.232 - - [19/May/2014:05:30:58 +0200] "GET /include.php?path=contentarchive&type=4&catid=7&letter=A&entries=0&searchtext=&order=title&nid=4 HTTP/1.1" 404 1256 "-" "Mozilla/5.0 (compatible; Googlebot/2.1; +http://www.google.com/bot.html)"
66.249.79.36 - - [19/May/2014:06:27:27 +0200] "GET /include.php?path=contentarchive&type=1&catid=9&letter=O&entries=0&searchtext=&order=dated&nid=4 HTTP/1.1" 404 1256 "-" "Mozilla/5.0 (compatible; Googlebot/2.1; +http://www.google.com/bot.html)"
66.249.79.232 - - [19/May/2014:07:38:03 +0200] "GET /include.php?path=contentarchive&type=4&letter=U&catid=1&themeid=0&searchtext=&entries=0&order=dated&nid=21 HTTP/1.1" 404 1256 "-" "Mozilla/5.0 (compatible; Googlebot/2.1; +http://www.google.com/bot.html)"
66.249.79.4 - - [19/May/2014:08:34:32 +0200] "GET /include.php?path=contentarchive&type=3&catid=1&letter=G&entries=0&searchtext=&order=date&nid=32 HTTP/1.1" 404 1256 "-" "Mozilla/5.0 (compatible; Googlebot/2.1; +http://www.google.com/bot.html)"
148.251.234.169 - - [19/May/2014:10:21:00 +0200] "GET /robots.txt HTTP/1.1" 404 1256 "-" "Mozilla/5.0 (X11; Ubuntu; Linux x86_64; rv:27.0) Gecko/20100101 Firefox/27.0"
148.251.234.169 - - [19/May/2014:10:21:00 +0200] "GET / HTTP/1.1" 302 - "-" "Mozilla/5.0 (X11; Ubuntu; Linux x86_64; rv:27.0) Gecko/20100101 Firefox/27.0"
80.187.97.35 - - [19/May/2014:10:39:00 +0200] "GET / HTTP/1.1" 302 - "http://lm.facebook.com/l.php?u=http%3A%2F%2Fwww.friedrich-list-berlin.de%2F&h=aAQFgIRlk&s=1" "Mozilla/5.0 (Linux; U; Android 2.3.6; de-de; GT-S5830i Build/GINGERBREAD) AppleWebKit/533.1 (KHTML, like Gecko) Version/4.0 Mobile Safari/533.1"
66.249.79.36 - - [19/May/2014:11:16:55 +0200] "GET /robots.txt HTTP/1.1" 404 1256 "-" "Mozilla/5.0 (compatible; Googlebot/2.1; +http://www.google.com/bot.html)"
66.249.79.36 - - [19/May/2014:11:16:55 +0200] "GET /include.php?path=contentarchive&type=1&catid=0&letter=U&entries=0&searchtext=&order=title&nid=13 HTTP/1.1" 404 1256 "-" "Mozilla/5.0 (compatible; Googlebot/2.1; +http://www.google.com/bot.html)"
89.204.135.144 - - [19/May/2014:11:38:42 +0200] "GET / HTTP/1.1" 302 - "http://www.google.de/url?sa=t&source=web&cd=6&ved=0CEEQ_BcoAjAF&url=http%3A%2F%2Fwww.friedrich-list-berlin.de%2F&rct=j&q=friedrich%20list%20schule%20berlin&ei=q9B5U8G-HcHjPPefgLAB&usg=AFQjCNGsKs3TvBQ4z91zrYvo9_SfKi5nug&bvm=bv.66917471,d.ZWU" "Mozilla/5.0 (Linux; U; Android 4.2.2; de-de; HTC_One Build/JDQ39) AppleWebKit/534.30 (KHTML, like Gecko) Version/4.0 Mobile Safari/534.30"
66.249.79.232 - - [19/May/2014:12:23:33 +0200] "GET /include.php?path=contentarchive&type=2&letter=Z&catid=0&themeid=0&searchtext=&entries=0&order=titled&nid=19 HTTP/1.1" 404 1256 "-" "Mozilla/5.0 (compatible; Googlebot/2.1; +http://www.google.com/bot.html)"
109.47.192.218 - - [19/May/2014:12:27:15 +0200] "GET / HTTP/1.1" 302 - "https://www.google.de/" "Mozilla/5.0 (iPhone; CPU iPhone OS 7_1_1 like Mac OS X) AppleWebKit/537.51.2 (KHTML, like Gecko) Version/7.0 Mobile/11D201 Safari/9537.53"
199.58.86.206 - - [19/May/2014:12:44:43 +0200] "GET /robots.txt HTTP/1.0" 404 1256 "-" "Mozilla/5.0 (compatible; MJ12bot/v1.4.5; http://www.majestic12.co.uk/bot.php?+)"
199.58.86.206 - - [19/May/2014:12:44:45 +0200] "GET / HTTP/1.0" 302 - "-" "Mozilla/5.0 (compatible; MJ12bot/v1.4.5; http://www.majestic12.co.uk/bot.php?+)"
66.249.78.236 - - [19/May/2014:13:31:04 +0200] "GET /robots.txt HTTP/1.1" 404 1256 "-" "Mozilla/5.0 (compatible; Googlebot/2.1; +http://www.google.com/bot.html)"
66.249.78.236 - - [19/May/2014:13:31:04 +0200] "GET /include.php?path=contentarchive&type=3&letter=alle&catid=0&themeid=0&searchtext=&entries=0&order=title&nid=21 HTTP/1.1" 404 1256 "-" "Mozilla/5.0 (compatible; Googlebot/2.1; +http://www.google.com/bot.html)"
176.9.76.43 - - [19/May/2014:13:33:34 +0200] "GET /robots.txt HTTP/1.1" 404 1256 "-" "Mozilla/5.0 (X11; Ubuntu; Linux x86_64; rv:27.0) Gecko/20100101 Firefox/27.0"
176.9.76.43 - - [19/May/2014:13:33:34 +0200] "GET / HTTP/1.1" 302 - "-" "Mozilla/5.0 (X11; Ubuntu; Linux x86_64; rv:27.0) Gecko/20100101 Firefox/27.0"
141.8.147.12 - - [19/May/2014:13:40:55 +0200] "GET /robots.txt HTTP/1.1" 404 1256 "-" "Mozilla/5.0 (compatible; YandexBot/3.0; +http://yandex.com/bots)"
141.8.147.12 - - [19/May/2014:13:40:57 +0200] "GET / HTTP/1.1" 302 - "-" "Mozilla/5.0 (compatible; YandexBot/3.0; +http://yandex.com/bots)"
213.61.139.82 - - [19/May/2014:14:02:25 +0200] "GET / HTTP/1.1" 302 - "-" "Mozilla/5.0 (Windows NT 6.1; WOW64) AppleWebKit/537.36 (KHTML, like Gecko) Chrome/34.0.1847.137 Safari/537.36"
77.181.24.205 - - [19/May/2014:14:09:01 +0200] "GET / HTTP/1.1" 302 - "http://www.berlin.de/sen/bildung/schulverzeichnis_und_portraets/anwendung/Schulportrait.aspx?IDSchulzweig=11652" "Mozilla/5.0 (Windows NT 6.3; WOW64; rv:29.0) Gecko/20100101 Firefox/29.0"
66.249.78.236 - - [19/May/2014:14:23:34 +0200] "GET /include.php?path=contentarchive&type=2&letter=A&catid=0&themeid=0&searchtext=&entries=0&order=title HTTP/1.1" 404 1256 "-" "Mozilla/5.0 (compatible; Googlebot/2.1; +http://www.google.com/bot.html)"
208.115.111.69 - - [19/May/2014:14:34:25 +0200] "GET /robots.txt HTTP/1.1" 404 1256 "-" "Mozilla/5.0 (compatible; DotBot/1.1; http://www.opensiteexplorer.org/dotbot, help@moz.com)"
208.115.111.69 - - [19/May/2014:15:55:44 +0200] "GET /include.php?path=contentarchive&type=2&letter=I&catid=0&themeid=0&searchtext=&entries=0&order= HTTP/1.1" 404 1256 "-" "Mozilla/5.0 (compatible; DotBot/1.1; http://www.opensiteexplorer.org/dotbot, help@moz.com)"
46.114.19.31 - - [19/May/2014:16:30:09 +0200] "GET / HTTP/1.1" 302 - "-" "Mozilla/5.0 (Linux; U; Android 2.3.6; de-de; GT-S5360 Build/GINGERBREAD) AppleWebKit/533.1 (KHTML, like Gecko) Version/4.0 Mobile Safari/533.1"
66.249.78.236 - - [19/May/2014:17:16:07 +0200] "GET /include.php?path=contentarchive&type=2&letter=Y&catid=8&themeid=0&searchtext=&entries=0&order=&nid=32 HTTP/1.1" 404 1256 "-" "Mozilla/5.0 (compatible; Googlebot/2.1; +http://www.google.com/bot.html)"
79.193.155.207 - - [19/May/2014:17:38:35 +0200] "GET / HTTP/1.1" 302 - "http://www.berlin.de/sen/bildung/schulverzeichnis_und_portraets/anwendung/Schulportrait.aspx?IDSchulzweig=11652" "Mozilla/5.0 (Windows NT 5.1; rv:29.0) Gecko/20100101 Firefox/29.0"
188.102.75.209 - - [19/May/2014:18:03:28 +0200] "GET / HTTP/1.1" 302 - "http://web2.cylex.de/reviews/viewcompanywebsite.aspx?firmaName=osz-wirtschaftssprachen-friedrich--list--schule-kompetenzzentrum-fuer-internationale-beziehungen&companyId=6274919" "Mozilla/5.0 (Windows NT 6.2; WOW64; rv:29.0) Gecko/20100101 Firefox/29.0"
138.246.2.202 - - [19/May/2014:18:15:01 +0200] "GET / HTTP/1.1" 302 - "http://www.aubi-plus.de/ausbildung/friedrich-list-schule-berlin-fremdsprachenkorrespondent-schul-10823-berlin-deutschland-117120.html" "Opera/9.80 (Windows NT 6.1) Presto/2.12.388 Version/12.12"
66.249.78.236 - - [19/May/2014:18:16:07 +0200] "GET /include.php?path=contentarchive&type=1&catid=10&letter=S&entries=0&searchtext=&order=title&nid=32 HTTP/1.1" 404 1256 "-" "Mozilla/5.0 (compatible; Googlebot/2.1; +http://www.google.com/bot.html)"
66.249.78.236 - - [19/May/2014:19:08:38 +0200] "GET /include.php?path=contentarchive&type=2&letter=M&catid=0&themeid=0&searchtext=&entries=0&order=titled&nid=19 HTTP/1.1" 404 1256 "-" "Mozilla/5.0 (compatible; Googlebot/2.1; +http://www.google.com/bot.html)"
157.55.33.14 - - [19/May/2014:19:13:00 +0200] "GET /robots.txt HTTP/1.1" 404 1256 "-" "Mozilla/5.0 (compatible; bingbot/2.0; +http://www.bing.com/bingbot.htm)"
157.55.33.14 - - [19/May/2014:19:36:57 +0200] "GET /include.php?path=start HTTP/1.1" 404 1256 "-" "Mozilla/5.0 (compatible; bingbot/2.0; +http://www.bing.com/bingbot.htm)"
69.171.230.119 - - [19/May/2014:20:41:40 +0200] "GET / HTTP/1.1" 302 - "-" "facebookexternalhit/1.1 (+http://www.facebook.com/externalhit_uatext.php)"
69.171.230.112 - - [19/May/2014:20:41:40 +0200] "GET /?fb_locale=de_DE HTTP/1.1" 302 - "-" "facebookexternalhit/1.1 (+http://www.facebook.com/externalhit_uatext.php)"
208.115.113.85 - - [19/May/2014:20:56:08 +0200] "GET /robots.txt HTTP/1.1" 404 1256 "-" "Mozilla/5.0 (compatible; DotBot/1.1; http://www.opensiteexplorer.org/dotbot, help@moz.com)"
208.115.113.85 - - [19/May/2014:22:53:42 +0200] "GET /include.php?path=content&contentid=47&nid=17 HTTP/1.1" 404 1256 "-" "Mozilla/5.0 (compatible; DotBot/1.1; http://www.opensiteexplorer.org/dotbot, help@moz.com)"
208.115.113.85 - - [19/May/2014:22:53:45 +0200] "GET /include.php?path=contentarchive&type=2&letter=G&catid=0&themeid=0&searchtext=&entries=0&order=title HTTP/1.1" 404 1256 "-" "Mozilla/5.0 (compatible; DotBot/1.1; http://www.opensiteexplorer.org/dotbot, help@moz.com)"
94.242.222.29 - - [19/May/2014:23:31:27 +0200] "GET /fls_1_aktuelles.php HTTP/1.1" 404 1256 "-" "Mozilla/4.0 (compatible; MSIE 8.0; Windows NT 6.1; Trident/4.0)"
66.249.78.236 - - [20/May/2014:01:01:06 +0200] "GET /include.php?path=contentarchive&type=4&catid=7&letter=U&entries=0&searchtext=&order=dated&nid=4 HTTP/1.1" 404 1256 "-" "Mozilla/5.0 (compatible; Googlebot/2.1; +http://www.google.com/bot.html)"
66.249.78.236 - - [20/May/2014:01:25:07 +0200] "GET /?&nid=19 HTTP/1.1" 302 - "-" "Mozilla/5.0 (compatible; Googlebot/2.1; +http://www.google.com/bot.html)"
107.152.128.83 - - [20/May/2014:01:33:56 +0200] "GET /fls_1_aktuelles.php HTTP/1.1" 404 1256 "-" "Mozilla/5.0 (compatible; MSIE 10.0; Windows NT 6.1; Trident/6.0)"
208.115.113.85 - - [20/May/2014:01:35:33 +0200] "GET /robots.txt HTTP/1.1" 404 1256 "-" "Mozilla/5.0 (compatible; DotBot/1.1; http://www.opensiteexplorer.org/dotbot, help@moz.com)"
66.249.78.236 - - [20/May/2014:02:16:07 +0200] "GET /robots.txt HTTP/1.1" 404 1256 "-" "Mozilla/5.0 (compatible; Googlebot/2.1; +http://www.google.com/bot.html)"
141.8.147.12 - - [20/May/2014:02:16:36 +0200] "GET /robots.txt HTTP/1.1" 404 1256 "-" "Mozilla/5.0 (compatible; YandexBot/3.0; +http://yandex.com/bots)"
141.8.147.12 - - [20/May/2014:02:16:38 +0200] "GET / HTTP/1.1" 302 - "-" "Mozilla/5.0 (compatible; YandexBot/3.0; +http://yandex.com/bots)"
24.231.159.26 - - [20/May/2014:02:34:59 +0200] "GET / HTTP/1.1" 302 - "-" "Java/1.6.0_04"
24.231.159.26 - - [20/May/2014:02:35:01 +0200] "GET /fls_1_aktuelles.php HTTP/1.1" 404 1256 "-" "Java/1.6.0_04"
24.231.159.26 - - [20/May/2014:02:35:02 +0200] "GET /fls_2_fremdsprachensekr.php HTTP/1.1" 404 1256 "-" "Java/1.6.0_04"
24.231.159.26 - - [20/May/2014:02:35:02 +0200] "GET /fls_3_blog.php HTTP/1.1" 404 1256 "-" "Java/1.6.0_04"
24.231.159.26 - - [20/May/2014:02:35:03 +0200] "GET /fls_4_faq.php HTTP/1.1" 404 1256 "-" "Java/1.6.0_04"
24.231.159.26 - - [20/May/2014:02:35:03 +0200] "GET /fls_4_impressum.php HTTP/1.1" 404 1256 "-" "Java/1.6.0_04"
24.231.159.26 - - [20/May/2014:02:35:04 +0200] "GET /fls_4_kontakt_anmeldung.php HTTP/1.1" 404 1256 "-" "Java/1.6.0_04"
24.231.159.26 - - [20/May/2014:02:35:04 +0200] "GET /index.php HTTP/1.1" 302 - "-" "Java/1.6.0_04"
24.231.159.26 - - [20/May/2014:02:35:05 +0200] "GET /index_en.php HTTP/1.1" 404 1256 "-" "Java/1.6.0_04"
24.231.159.26 - - [20/May/2014:02:35:06 +0200] "GET /index_fr.php HTTP/1.1" 404 1256 "-" "Java/1.6.0_04"
24.231.159.26 - - [20/May/2014:02:35:07 +0200] "GET /index_sp.php HTTP/1.1" 404 1256 "-" "Java/1.6.0_04"
24.231.159.26 - - [20/May/2014:02:35:07 +0200] "GET /& HTTP/1.1" 404 1256 "-" "Java/1.6.0_04"
24.231.159.26 - - [20/May/2014:02:35:08 +0200] "GET /& HTTP/1.1" 404 1256 "-" "Java/1.6.0_04"
24.231.159.26 - - [20/May/2014:02:35:08 +0200] "GET /& HTTP/1.1" 404 1256 "-" "Java/1.6.0_04"
24.231.159.26 - - [20/May/2014:02:35:09 +0200] "GET /& HTTP/1.1" 404 1256 "-" "Java/1.6.0_04"
24.231.159.26 - - [20/May/2014:02:35:09 +0200] "GET /& HTTP/1.1" 404 1256 "-" "Java/1.6.0_04"
24.231.159.26 - - [20/May/2014:02:35:10 +0200] "GET /& HTTP/1.1" 404 1256 "-" "Java/1.6.0_04"
24.231.159.26 - - [20/May/2014:02:35:10 +0200] "GET /& HTTP/1.1" 404 1256 "-" "Java/1.6.0_04"
24.231.159.26 - - [20/May/2014:02:35:11 +0200] "GET /& HTTP/1.1" 404 1256 "-" "Java/1.6.0_04"
24.231.159.26 - - [20/May/2014:02:35:12 +0200] "GET /& HTTP/1.1" 404 1256 "-" "Java/1.6.0_04"
24.231.159.26 - - [20/May/2014:02:35:12 +0200] "GET /& HTTP/1.1" 404 1256 "-" "Java/1.6.0_04"
24.231.159.26 - - [20/May/2014:02:35:12 +0200] "GET /& HTTP/1.1" 404 1256 "-" "Java/1.6.0_04"
24.231.159.26 - - [20/May/2014:02:35:13 +0200] "GET /& HTTP/1.1" 404 1256 "-" "Java/1.6.0_04"
24.231.159.26 - - [20/May/2014:02:35:14 +0200] "GET /& HTTP/1.1" 404 1256 "-" "Java/1.6.0_04"
24.231.159.26 - - [20/May/2014:02:35:14 +0200] "GET /& HTTP/1.1" 404 1256 "-" "Java/1.6.0_04"
24.231.159.26 - - [20/May/2014:02:35:15 +0200] "GET /& HTTP/1.1" 404 1256 "-" "Java/1.6.0_04"
24.231.159.26 - - [20/May/2014:02:35:15 +0200] "GET /& HTTP/1.1" 404 1256 "-" "Java/1.6.0_04"
24.231.159.26 - - [20/May/2014:02:35:16 +0200] "GET /& HTTP/1.1" 404 1256 "-" "Java/1.6.0_04"
24.231.159.26 - - [20/May/2014:02:35:17 +0200] "GET /& HTTP/1.1" 404 1256 "-" "Java/1.6.0_04"
24.231.159.26 - - [20/May/2014:02:35:17 +0200] "GET /& HTTP/1.1" 404 1256 "-" "Java/1.6.0_04"
24.231.159.26 - - [20/May/2014:02:35:18 +0200] "GET /& HTTP/1.1" 404 1256 "-" "Java/1.6.0_04"
66.249.78.236 - - [20/May/2014:03:08:38 +0200] "GET /?path=contact&nid=13 HTTP/1.1" 302 - "-" "Mozilla/5.0 (compatible; Googlebot/2.1; +http://www.google.com/bot.html)"
66.249.78.236 - - [20/May/2014:05:14:02 +0200] "GET /?&nid=21 HTTP/1.1" 302 - "-" "Mozilla/5.0 (compatible; Googlebot/2.1; +http://www.google.com/bot.html)"
66.249.78.236 - - [20/May/2014:05:29:07 +0200] "GET /?&nid=13 HTTP/1.1" 302 - "-" "Mozilla/5.0 (compatible; Googlebot/2.1; +http://www.google.com/bot.html)"
66.249.78.236 - - [20/May/2014:05:59:03 +0200] "GET / HTTP/1.1" 302 - "-" "Mozilla/5.0 (compatible; Googlebot/2.1; +http://www.google.com/bot.html)"
94.242.222.29 - - [20/May/2014:06:31:55 +0200] "GET /fls_4_impressum.php HTTP/1.1" 404 1256 "-" "Mozilla/4.0 (compatible; MSIE 8.0; Windows NT 6.1; Trident/4.0)"
66.249.78.236 - - [20/May/2014:06:59:04 +0200] "GET /?&nid=4 HTTP/1.1" 302 - "-" "Mozilla/5.0 (compatible; Googlebot/2.1; +http://www.google.com/bot.html)"
37.16.72.210 - - [20/May/2014:07:51:19 +0200] "GET /robots.txt HTTP/1.1" 404 1256 "-" "Mozilla/5.0 (compatible; memorybot/1.20.33 +http://archivethe.net/en/index.php/about/internet_memory1 on behalf of DNB)"
37.16.72.210 - - [20/May/2014:07:51:24 +0200] "GET / HTTP/1.1" 302 - "-" "Mozilla/5.0 (compatible; memorybot/1.20.33 +http://archivethe.net/en/index.php/about/internet_memory1 on behalf of DNB)"
66.249.78.236 - - [20/May/2014:08:06:34 +0200] "GET /?nid=19&nid=32 HTTP/1.1" 302 - "-" "Mozilla/5.0 (compatible; Googlebot/2.1; +http://www.google.com/bot.html)"
87.98.241.73 - - [20/May/2014:08:09:35 +0200] "GET / HTTP/1.1" 302 - "-" "Mozilla/5.0 (Macintosh; Intel Mac OS X 10_9_2) AppleWebKit/537.36 (KHTML, like Gecko) Chrome/33.0.1750.152 Safari/537.36"
162.210.196.100 - - [20/May/2014:09:20:45 +0200] "GET /robots.txt HTTP/1.0" 404 1256 "-" "Mozilla/5.0 (compatible; MJ12bot/v1.4.5; http://www.majestic12.co.uk/bot.php?+)"
162.210.196.100 - - [20/May/2014:09:20:46 +0200] "GET / HTTP/1.0" 302 - "-" "Mozilla/5.0 (compatible; MJ12bot/v1.4.5; http://www.majestic12.co.uk/bot.php?+)"
66.249.78.115 - - [20/May/2014:11:17:32 +0200] "GET /robots.txt HTTP/1.1" 404 1256 "-" "Mozilla/5.0 (compatible; Googlebot/2.1; +http://www.google.com/bot.html)"
66.249.78.115 - - [20/May/2014:11:17:33 +0200] "GET / HTTP/1.1" 302 - "-" "Mozilla/5.0 (compatible; Googlebot/2.1; +http://www.google.com/bot.html)"
87.139.210.38 - - [20/May/2014:12:00:36 +0200] "GET / HTTP/1.1" 302 - "http://l.facebook.com/l.php?u=http%3A%2F%2Fwww.fls-berlin.de%2F&h=QAQHEL8va&enc=AZP98QEEecD5OMRJooJ7v6aMGDAQcbApaycWNx2ay0sERP2juKXcDZaEFbBOjBKiVDuLLZsEAMdL-UU61Xv_yX58XRrd2f-kWuklnHeDMk4k4cCYTXfglocjz7ijE51xcodZVKT-Baw82Y7dCK8Jr7Dt&s=1" "Mozilla/5.0 (Windows NT 6.1; WOW64; rv:29.0) Gecko/20100101 Firefox/29.0"
87.98.241.73 - - [20/May/2014:12:29:24 +0200] "GET /index.php HTTP/1.1" 302 - "-" "Mozilla/5.0 (Macintosh; Intel Mac OS X 10_9_2) AppleWebKit/537.36 (KHTML, like Gecko) Chrome/33.0.1750.152 Safari/537.36"
87.98.241.73 - - [20/May/2014:12:29:27 +0200] "GET /index_en.php HTTP/1.1" 404 1256 "-" "Mozilla/5.0 (Macintosh; Intel Mac OS X 10_9_2) AppleWebKit/537.36 (KHTML, like Gecko) Chrome/33.0.1750.152 Safari/537.36"
87.98.241.73 - - [20/May/2014:12:29:28 +0200] "GET /index_fr.php HTTP/1.1" 404 1256 "-" "Mozilla/5.0 (Macintosh; Intel Mac OS X 10_9_2) AppleWebKit/537.36 (KHTML, like Gecko) Chrome/33.0.1750.152 Safari/537.36"
87.98.241.73 - - [20/May/2014:12:29:29 +0200] "GET /index_sp.php HTTP/1.1" 404 1256 "-" "Mozilla/5.0 (Macintosh; Intel Mac OS X 10_9_2) AppleWebKit/537.36 (KHTML, like Gecko) Chrome/33.0.1750.152 Safari/537.36"
87.98.241.73 - - [20/May/2014:12:29:31 +0200] "GET /fls_1_aktuelles.php HTTP/1.1" 404 1256 "-" "Mozilla/5.0 (Macintosh; Intel Mac OS X 10_9_2) AppleWebKit/537.36 (KHTML, like Gecko) Chrome/33.0.1750.152 Safari/537.36"
87.98.241.73 - - [20/May/2014:12:29:34 +0200] "GET /fls_2_fremdsprachensekr.php HTTP/1.1" 404 1256 "-" "Mozilla/5.0 (Macintosh; Intel Mac OS X 10_9_2) AppleWebKit/537.36 (KHTML, like Gecko) Chrome/33.0.1750.152 Safari/537.36"
87.98.241.73 - - [20/May/2014:12:29:34 +0200] "GET /fls_3_blog.php HTTP/1.1" 404 1256 "-" "Mozilla/5.0 (Macintosh; Intel Mac OS X 10_9_2) AppleWebKit/537.36 (KHTML, like Gecko) Chrome/33.0.1750.152 Safari/537.36"
87.98.241.73 - - [20/May/2014:12:29:37 +0200] "GET /fls_4_kontakt_anmeldung.php HTTP/1.1" 404 1256 "-" "Mozilla/5.0 (Macintosh; Intel Mac OS X 10_9_2) AppleWebKit/537.36 (KHTML, like Gecko) Chrome/33.0.1750.152 Safari/537.36"
87.98.241.73 - - [20/May/2014:12:29:38 +0200] "GET /fls_4_faq.php HTTP/1.1" 404 1256 "-" "Mozilla/5.0 (Macintosh; Intel Mac OS X 10_9_2) AppleWebKit/537.36 (KHTML, like Gecko) Chrome/33.0.1750.152 Safari/537.36"
87.98.241.73 - - [20/May/2014:12:29:38 +0200] "GET /fls_4_impressum.php HTTP/1.1" 404 1256 "-" "Mozilla/5.0 (Macintosh; Intel Mac OS X 10_9_2) AppleWebKit/537.36 (KHTML, like Gecko) Chrome/33.0.1750.152 Safari/537.36"
84.150.200.86 - - [20/May/2014:13:41:05 +0200] "GET / HTTP/1.1" 302 - "http://m.bigfinder.de/?c=ws&q=startseite&v=1" "Mozilla/5.0 (Windows NT 6.1; WOW64; rv:28.0) Gecko/20100101 Firefox/28.0"
107.152.128.82 - - [20/May/2014:13:51:48 +0200] "GET /fls_4_impressum.php HTTP/1.1" 404 1256 "-" "Mozilla/5.0 (compatible; MSIE 10.0; Windows NT 6.1; Trident/6.0)"
66.249.78.236 - - [20/May/2014:13:58:24 +0200] "GET /robots.txt HTTP/1.1" 404 1256 "-" "Mozilla/5.0 (compatible; Googlebot/2.1; +http://www.google.com/bot.html)"
66.249.78.236 - - [20/May/2014:13:58:24 +0200] "GET / HTTP/1.1" 302 - "-" "Mozilla/5.0 (compatible; Googlebot/2.1; +http://www.google.com/bot.html)"
91.64.149.140 - - [20/May/2014:15:05:42 +0200] "GET / HTTP/1.1" 302 - "https://www.google.de/" "Mozilla/5.0 (iPhone; CPU iPhone OS 7_0_4 like Mac OS X) AppleWebKit/537.51.1 (KHTML, like Gecko) Version/7.0 Mobile/11B554a Safari/9537.53"
144.76.95.232 - - [20/May/2014:15:10:55 +0200] "GET /robots.txt HTTP/1.0" 404 1256 "-" "Mozilla/5.0 (compatible; MJ12bot/v1.4.5; http://www.majestic12.co.uk/bot.php?+)"
144.76.95.232 - - [20/May/2014:15:11:59 +0200] "GET /?&nid=21 HTTP/1.0" 302 - "-" "Mozilla/5.0 (compatible; MJ12bot/v1.4.5; http://www.majestic12.co.uk/bot.php?+)"
144.76.95.232 - - [20/May/2014:15:12:17 +0200] "GET /robots.txt HTTP/1.0" 404 1256 "-" "Mozilla/5.0 (compatible; MJ12bot/v1.4.5; http://www.majestic12.co.uk/bot.php?+)"
144.76.95.232 - - [20/May/2014:15:12:31 +0200] "GET /?&nid=32 HTTP/1.0" 302 - "-" "Mozilla/5.0 (compatible; MJ12bot/v1.4.5; http://www.majestic12.co.uk/bot.php?+)"
84.150.200.86 - - [20/May/2014:16:49:59 +0200] "GET / HTTP/1.1" 302 - "http://m.bigfinder.de/?c=ws&q=web&v=1" "T-Online Browser (Windows NT 6.1; de)"
95.91.211.35 - - [20/May/2014:18:14:07 +0200] "GET / HTTP/1.1" 302 - "http://www.berlin.de/sen/bildung/schulverzeichnis_und_portraets/anwendung/Schulportrait.aspx?IDSchulzweig=11651" "Mozilla/5.0 (Windows NT 6.1) AppleWebKit/537.36 (KHTML, like Gecko) Chrome/34.0.1847.131 Safari/537.36"
95.91.211.35 - - [20/May/2014:18:17:20 +0200] "GET / HTTP/1.1" 302 - "http://www.berlin.de/sen/bildung/schulverzeichnis_und_portraets/anwendung/Schulportrait.aspx?IDSchulzweig=11652" "Mozilla/5.0 (Windows NT 6.1) AppleWebKit/537.36 (KHTML, like Gecko) Chrome/34.0.1847.131 Safari/537.36"
208.115.113.85 - - [20/May/2014:18:37:48 +0200] "GET /robots.txt HTTP/1.1" 404 1256 "-" "Mozilla/5.0 (compatible; DotBot/1.1; http://www.opensiteexplorer.org/dotbot, help@moz.com)"
157.55.32.95 - - [20/May/2014:19:00:33 +0200] "GET /robots.txt HTTP/1.1" 404 1256 "-" "Mozilla/5.0 (compatible; bingbot/2.0; +http://www.bing.com/bingbot.htm)"
157.55.32.95 - - [20/May/2014:19:11:54 +0200] "GET /include.php?path=start HTTP/1.1" 404 1256 "-" "Mozilla/5.0 (compatible; bingbot/2.0; +http://www.bing.com/bingbot.htm)"
89.247.9.182 - - [20/May/2014:20:26:36 +0200] "GET / HTTP/1.1" 302 - "http://l.facebook.com/l.php?u=http%3A%2F%2Fwww.friedrich-list-berlin.de%2F&h=0AQETenBu&enc=AZM9HWFQMBvsAAV0n0U0sMAIlcVDMmDgQo3Nanrn79OS7B_VZXj_ewRlpBao1tokimgZbbo4bGgsHC6rITkx-7_U-GIuiZ3Sul-e6mzzQp1OKg&s=1" "Mozilla/5.0 (Windows NT 6.1; WOW64; rv:29.0) Gecko/20100101 Firefox/29.0"
31.220.237.0 - - [20/May/2014:20:34:02 +0200] "GET / HTTP/1.1" 302 - "http://www.google.co.uk/url?sa=t&rct=j&q=&esrc=s&source=web&cd=1&ved=0CC8QFjAA&url=http%3A%2F%2Fwww.fls-berlin.de%2F&ei=DaB7U7XVD46Y0QX3n4DQCQ&usg=AFQjCNG4fgXtDKSWFE8hgLKnipf8LQYy-g&bvm=bv.67229260,d.d2k" "Mozilla/5.0 (Windows NT 6.1; WOW64; rv:29.0) Gecko/20100101 Firefox/29.0"
208.115.113.85 - - [20/May/2014:22:26:01 +0200] "GET /include.php?path=contentarchive&type=3&letter=A&catid=0&themeid=0&searchtext=&entries=0&order= HTTP/1.1" 404 1256 "-" "Mozilla/5.0 (compatible; DotBot/1.1; http://www.opensiteexplorer.org/dotbot, help@moz.com)"
198.100.157.216 - - [20/May/2014:22:38:07 +0200] "GET / HTTP/1.1" 302 - "-" "Mozilla/5.0 (compatible; WebThumbnail/3.x; Website Thumbnail Generator; +http://webthumbnail.org)"
198.100.157.216 - - [20/May/2014:22:38:08 +0200] "GET / HTTP/1.1" 302 - "-" "Mozilla/5.0 (compatible; WebThumbnail/3.x; Website Thumbnail Generator; +http://webthumbnail.org)"
93.220.213.187 - - [20/May/2014:23:47:24 +0200] "GET / HTTP/1.1" 302 - "-" "Mozilla/4.0 (compatible; MSIE 8.0; Windows NT 6.0; .NET CLR 1.1.4322; .NET CLR 2.0.50727)"
208.115.113.85 - - [21/May/2014:01:14:45 +0200] "GET /robots.txt HTTP/1.1" 404 1256 "-" "Mozilla/5.0 (compatible; DotBot/1.1; http://www.opensiteexplorer.org/dotbot, help@moz.com)"
192.99.0.9 - - [21/May/2014:02:49:26 +0200] "GET /robots.txt HTTP/1.1" 404 1256 "-" "Mozilla/5.0 (compatible; meanpathbot/1.0; +http://www.meanpath.com/meanpathbot.html)"
192.99.0.9 - - [21/May/2014:02:49:26 +0200] "GET / HTTP/1.1" 302 - "-" "Mozilla/5.0 (compatible; meanpathbot/1.0; +http://www.meanpath.com/meanpathbot.html)"
208.115.113.85 - - [21/May/2014:03:05:21 +0200] "GET /?path=content&contentid=39&nid=15 HTTP/1.1" 302 - "-" "Mozilla/5.0 (compatible; DotBot/1.1; http://www.opensiteexplorer.org/dotbot, help@moz.com)"
157.55.32.95 - - [21/May/2014:03:20:37 +0200] "GET /include.php?path=start HTTP/1.1" 404 1256 "-" "Mozilla/5.0 (compatible; bingbot/2.0; +http://www.bing.com/bingbot.htm)"
2.139.9.92 - - [21/May/2014:05:18:03 +0200] "GET / HTTP/1.1" 302 - "-" "Java/1.6.0_29"
37.5.42.29 - - [21/May/2014:08:32:41 +0200] "GET / HTTP/1.1" 302 - "http://www.google.de/url?sa=t&rct=j&q=&esrc=s&source=web&cd=1&ved=0CDIQFjAA&url=http%3A%2F%2Fwww.fls-berlin.de%2F&ei=c0h8U9nsDO2h7AaZ0YCQBA&usg=AFQjCNG4fgXtDKSWFE8hgLKnipf8LQYy-g&bvm=bv.67229260,d.ZGU" "Mozilla/5.0 (Windows NT 6.1; WOW64; rv:29.0) Gecko/20100101 Firefox/29.0"
37.5.42.29 - - [21/May/2014:08:43:35 +0200] "GET / HTTP/1.1" 302 - "http://www.google.de/url?sa=t&rct=j&q=&esrc=s&source=web&cd=1&ved=0CDIQFjAA&url=http%3A%2F%2Fwww.fls-berlin.de%2F&ei=AUt8U8GbBOep7QbC8IHQAQ&usg=AFQjCNG4fgXtDKSWFE8hgLKnipf8LQYy-g&bvm=bv.67229260,d.ZGU" "Mozilla/5.0 (Windows NT 6.1; WOW64; rv:29.0) Gecko/20100101 Firefox/29.0"
37.5.42.29 - - [21/May/2014:08:48:17 +0200] "GET / HTTP/1.1" 302 - "http://www.google.de/url?sa=t&rct=j&q=&esrc=s&source=web&cd=1&ved=0CDIQFjAA&url=http%3A%2F%2Fwww.fls-berlin.de%2F&ei=G0x8U97bLK-S7Aa874CIDg&usg=AFQjCNG4fgXtDKSWFE8hgLKnipf8LQYy-g&bvm=bv.67229260,d.ZGU" "Mozilla/5.0 (Windows NT 6.1; WOW64; rv:29.0) Gecko/20100101 Firefox/29.0"
37.5.42.29 - - [21/May/2014:08:52:19 +0200] "GET / HTTP/1.1" 302 - "http://www.google.de/url?sa=t&rct=j&q=&esrc=s&source=web&cd=1&ved=0CDIQFjAA&url=http%3A%2F%2Fwww.fls-berlin.de%2F&ei=DE18U_qaLeGV7AaCioHgDA&usg=AFQjCNG4fgXtDKSWFE8hgLKnipf8LQYy-g&bvm=bv.67229260,d.ZGU" "Mozilla/5.0 (Windows NT 6.1; WOW64; rv:29.0) Gecko/20100101 Firefox/29.0"
37.58.100.168 - - [21/May/2014:10:37:57 +0200] "GET /robots.txt HTTP/1.1" 404 1256 "-" "Mozilla/5.0 (compatible; AhrefsBot/5.0; +http://ahrefs.com/robot/)"
94.223.133.9 - - [21/May/2014:12:17:50 +0200] "GET / HTTP/1.1" 302 - "https://www.google.de/" "Mozilla/5.0 (iPhone; CPU iPhone OS 7_1_1 like Mac OS X) AppleWebKit/537.51.2 (KHTML, like Gecko) Version/7.0 Mobile/11D201 Safari/9537.53"
91.33.118.208 - - [21/May/2014:12:26:33 +0200] "GET / HTTP/1.1" 302 - "https://www.google.de/" "Mozilla/5.0 (Linux; Android 4.4.2; de-de; SAMSUNG SM-G900F Build/KOT49H) AppleWebKit/537.36 (KHTML, like Gecko) Version/1.6 Chrome/28.0.1500.94 Mobile Safari/537.36"
91.21.96.143 - - [21/May/2014:13:11:02 +0200] "GET / HTTP/1.1" 302 - "https://www.facebook.com/" "Mozilla/5.0 (Macintosh; Intel Mac OS X 10_9_2) AppleWebKit/537.75.14 (KHTML, like Gecko) Version/7.0.3 Safari/537.75.14"
188.165.195.156 - - [21/May/2014:13:40:57 +0200] "HEAD / HTTP/1.1" 302 - "-" "Mozilla/4.0 (compatible; MSIE 5.01; Windows NT 5.0)"
83.61.241.74 - - [21/May/2014:14:26:46 +0200] "GET / HTTP/1.1" 302 - "-" "Java/1.6.0_04"
141.8.147.12 - - [21/May/2014:15:09:45 +0200] "GET /robots.txt HTTP/1.1" 404 1256 "-" "Mozilla/5.0 (compatible; YandexBot/3.0; +http://yandex.com/bots)"
141.8.147.12 - - [21/May/2014:15:09:47 +0200] "GET / HTTP/1.1" 302 - "-" "Mozilla/5.0 (compatible; YandexBot/3.0; +http://yandex.com/bots)"
66.249.76.188 - - [21/May/2014:15:50:35 +0200] "GET /robots.txt HTTP/1.1" 404 1256 "-" "Mozilla/5.0 (compatible; Googlebot/2.1; +http://www.google.com/bot.html)"
66.249.76.188 - - [21/May/2014:15:50:35 +0200] "GET /?&nid=32 HTTP/1.1" 302 - "-" "Mozilla/5.0 (compatible; Googlebot/2.1; +http://www.google.com/bot.html)"
188.138.41.109 - - [21/May/2014:16:04:18 +0200] "GET /robots.txt HTTP/1.1" 404 1256 "-" "Mozilla/5.0 (X11; U; Linux i686; de; rv:1.9.0.1; compatible; iCjobs Stellenangebote Jobs; http://www.icjobs.de) Gecko/20100401 iCjobs/3.2.3"
188.138.41.109 - - [21/May/2014:16:04:18 +0200] "GET / HTTP/1.1" 302 - "-" "Mozilla/5.0 (X11; U; Linux i686; de; rv:1.9.0.1; compatible; iCjobs Stellenangebote Jobs; http://www.icjobs.de) Gecko/20100401 iCjobs/3.2.3"
188.138.41.109 - - [21/May/2014:16:04:19 +0200] "GET / HTTP/1.1" 302 - "-" "Mozilla/5.0 (X11; U; Linux i686; de; rv:1.9.0.1; compatible; iCjobs Stellenangebote Jobs; http://www.icjobs.de) Gecko/20100401 iCjobs/3.2.3"
69.58.178.59 - - [21/May/2014:16:56:20 +0200] "GET /robots.txt HTTP/1.1" 404 1256 "-" "Mozilla/5.0 (X11; Ubuntu; Linux i686; rv:14.0; ips-agent) Gecko/20100101 Firefox/14.0.1"
69.58.178.59 - - [21/May/2014:16:56:21 +0200] "GET / HTTP/1.1" 302 - "-" "Mozilla/5.0 (X11; Ubuntu; Linux i686; rv:14.0; ips-agent) Gecko/20100101 Firefox/14.0.1"
89.204.135.111 - - [21/May/2014:17:30:36 +0200] "GET / HTTP/1.1" 302 - "http://www.google.com/url?sa=t&source=web&cd=6&ved=0CEEQ_BcoAjAF&url=http%3A%2F%2Fwww.friedrich-list-berlin.de%2F&rct=j&q=Friedrich%20List%20Schule%2C%20Berlin%20&ei=WMZ8U4jiOYzO4QTrhoHYDw&usg=AFQjCNGsKs3TvBQ4z91zrYvo9_SfKi5nug&bvm=bv.67229260,d.bGE" "Mozilla/5.0 (Linux; U; Android 4.0.3; de-de; HUAWEI U8666E Build/HuaweiU8666E) AppleWebKit/534.30 (KHTML, like Gecko) Version/4.0 Mobile Safari/534.30"
109.91.16.194 - - [21/May/2014:18:27:34 +0200] "GET / HTTP/1.1" 302 - "-" "Mozilla/5.0 (Linux; Android 4.3; de-de; SAMSUNG GT-I9505 Build/JSS15J) AppleWebKit/537.36 (KHTML, like Gecko) Version/1.5 Chrome/28.0.1500.94 Mobile Safari/537.36"
217.226.183.20 - - [21/May/2014:20:09:10 +0200] "GET / HTTP/1.1" 302 - "http://domino2.berufsschulen.de/db/berufsschulen.nsf/Berlin?OpenView" "Mozilla/5.0 (Windows NT 6.1; WOW64; rv:29.0) Gecko/20100101 Firefox/29.0"
93.220.112.153 - - [21/May/2014:22:42:15 +0200] "GET / HTTP/1.1" 302 - "https://www.facebook.com/" "Mozilla/5.0 (Macintosh; Intel Mac OS X 10_8_5) AppleWebKit/536.30.1 (KHTML, like Gecko) Version/6.0.5 Safari/536.30.1"
69.171.237.9 - - [21/May/2014:22:42:16 +0200] "GET / HTTP/1.1" 302 - "-" "facebookexternalhit/1.1 (+http://www.facebook.com/externalhit_uatext.php)"
157.56.92.151 - - [22/May/2014:01:11:40 +0200] "GET /robots.txt HTTP/1.1" 404 1256 "-" "Mozilla/5.0 (compatible; bingbot/2.0; +http://www.bing.com/bingbot.htm)"
157.56.92.151 - - [22/May/2014:01:12:21 +0200] "GET /?&nid=4 HTTP/1.1" 302 - "-" "Mozilla/5.0 (compatible; bingbot/2.0; +http://www.bing.com/bingbot.htm)"
178.77.126.55 - - [22/May/2014:01:59:39 +0200] "GET /robots.txt HTTP/1.1" 404 1256 "-" "Mozilla/5.0 (compatible; CareerBot/1.1; +http://www.career-x.de/bot.html)"
178.77.126.55 - - [22/May/2014:01:59:39 +0200] "GET / HTTP/1.1" 302 - "-" "Mozilla/5.0 (compatible; CareerBot/1.1; +http://www.career-x.de/bot.html)"
173.254.223.69 - - [22/May/2014:03:21:37 +0200] "GET / HTTP/1.1" 302 - "-" "Java/1.6.0_04"
173.254.223.69 - - [22/May/2014:03:21:42 +0200] "GET /fls_1_aktuelles.php HTTP/1.1" 404 1256 "-" "Java/1.6.0_04"
173.254.223.69 - - [22/May/2014:03:21:43 +0200] "GET /fls_2_fremdsprachensekr.php HTTP/1.1" 404 1256 "-" "Java/1.6.0_04"
173.254.223.69 - - [22/May/2014:03:21:46 +0200] "GET /fls_3_blog.php HTTP/1.1" 404 1256 "-" "Java/1.6.0_04"
173.254.223.69 - - [22/May/2014:03:21:47 +0200] "GET /fls_4_faq.php HTTP/1.1" 404 1256 "-" "Java/1.6.0_04"
173.254.223.69 - - [22/May/2014:03:21:49 +0200] "GET /fls_4_impressum.php HTTP/1.1" 404 1256 "-" "Java/1.6.0_04"
173.254.223.69 - - [22/May/2014:03:21:50 +0200] "GET /fls_4_kontakt_anmeldung.php HTTP/1.1" 404 1256 "-" "Java/1.6.0_04"
173.254.223.69 - - [22/May/2014:03:21:51 +0200] "GET /index.php HTTP/1.1" 302 - "-" "Java/1.6.0_04"
173.254.223.69 - - [22/May/2014:03:21:51 +0200] "GET /index.php HTTP/1.1" 302 - "-" "Java/1.6.0_04"
173.254.223.69 - - [22/May/2014:03:21:58 +0200] "GET /index_en.php HTTP/1.1" 404 1256 "-" "Java/1.6.0_04"
173.254.223.69 - - [22/May/2014:03:21:59 +0200] "GET /index_fr.php HTTP/1.1" 404 1256 "-" "Java/1.6.0_04"
