148.251.23.114 - - [22/May/2014:08:27:32 +0200] "GET /?path=start HTTP/1.0" 302 - "-" "Mozilla/5.0 (compatible; MJ12bot/v1.4.5; http://www.majestic12.co.uk/bot.php?+)"
148.251.23.114 - - [22/May/2014:08:27:44 +0200] "GET /?path=start&nid=13 HTTP/1.0" 302 - "-" "Mozilla/5.0 (compatible; MJ12bot/v1.4.5; http://www.majestic12.co.uk/bot.php?+)"
148.251.23.114 - - [22/May/2014:08:27:50 +0200] "GET /?path=start&nid=19 HTTP/1.0" 302 - "-" "Mozilla/5.0 (compatible; MJ12bot/v1.4.5; http://www.majestic12.co.uk/bot.php?+)"
148.251.23.114 - - [22/May/2014:08:27:59 +0200] "GET /?path=start&nid=21 HTTP/1.0" 302 - "-" "Mozilla/5.0 (compatible; MJ12bot/v1.4.5; http://www.majestic12.co.uk/bot.php?+)"
148.251.23.114 - - [22/May/2014:08:28:07 +0200] "GET /?path=start&nid=32 HTTP/1.0" 302 - "-" "Mozilla/5.0 (compatible; MJ12bot/v1.4.5; http://www.majestic12.co.uk/bot.php?+)"
148.251.23.114 - - [22/May/2014:08:28:19 +0200] "GET /?path=start&nid=4 HTTP/1.0" 302 - "-" "Mozilla/5.0 (compatible; MJ12bot/v1.4.5; http://www.majestic12.co.uk/bot.php?+)"
178.25.220.156 - - [22/May/2014:08:58:00 +0200] "GET / HTTP/1.1" 302 - "http://domino2.berufsschulen.de/db/berufsschulen.nsf/Berlin?OpenView" "Mozilla/5.0 (Windows NT 6.1; WOW64; Trident/7.0; rv:11.0) like Gecko"
195.52.200.182 - - [22/May/2014:10:53:28 +0200] "GET / HTTP/1.1" 302 - "http://www.berlin.de/sen/bildung/schulverzeichnis_und_portraets/anwendung/Schulportrait.aspx?IDSchulzweig=11651" "Opera/9.80 (Windows NT 5.1) Presto/2.12.388 Version/12.14"
37.58.100.167 - - [22/May/2014:10:59:33 +0200] "GET /robots.txt HTTP/1.1" 404 1256 "-" "Mozilla/5.0 (compatible; AhrefsBot/5.0; +http://ahrefs.com/robot/)"
178.255.215.68 - - [22/May/2014:12:59:49 +0200] "GET /robots.txt HTTP/1.1" 404 1256 "-" "Mozilla/5.0 (compatible; Exabot/3.0; +http://www.exabot.com/go/robot)"
178.255.215.68 - - [22/May/2014:12:59:49 +0200] "GET / HTTP/1.1" 302 - "-" "Mozilla/5.0 (compatible; Exabot/3.0; +http://www.exabot.com/go/robot)"
162.210.196.100 - - [22/May/2014:13:00:58 +0200] "GET /robots.txt HTTP/1.0" 404 1256 "-" "Mozilla/5.0 (compatible; MJ12bot/v1.4.5; http://www.majestic12.co.uk/bot.php?+)"
162.210.196.100 - - [22/May/2014:13:01:00 +0200] "GET / HTTP/1.0" 302 - "-" "Mozilla/5.0 (compatible; MJ12bot/v1.4.5; http://www.majestic12.co.uk/bot.php?+)"
79.215.70.8 - - [22/May/2014:17:37:39 +0200] "GET / HTTP/1.1" 302 - "http://www.google.de/url?sa=t&source=web&cd=6&ved=0CEcQ_BcoAjAF&url=http%3A%2F%2Fwww.friedrich-list-berlin.de%2F&rct=j&q=friedrich%20list%20schule%20berlin&ei=kRl-U-TFK4TqywOMioHoBQ&usg=AFQjCNGsKs3TvBQ4z91zrYvo9_SfKi5nug&sig2=bdQW9kk9NyXQzZpclfWUgQ&bvm=bv.67229260,d.bGQ" "Mozilla/5.0 (Linux; U; Android 4.3; de-de; GT-I9300 Build/JSS15J) AppleWebKit/534.30 (KHTML, like Gecko) Version/4.0 Mobile Safari/534.30"
208.115.113.85 - - [22/May/2014:19:37:51 +0200] "GET /robots.txt HTTP/1.1" 404 1256 "-" "Mozilla/5.0 (compatible; DotBot/1.1; http://www.opensiteexplorer.org/dotbot, help@moz.com)"
208.115.113.85 - - [22/May/2014:22:23:22 +0200] "GET /include.php?path=content&contentid=39&nid=15 HTTP/1.1" 404 1256 "-" "Mozilla/5.0 (compatible; DotBot/1.1; http://www.opensiteexplorer.org/dotbot, help@moz.com)"
208.115.113.85 - - [22/May/2014:22:23:25 +0200] "GET /include.php?path=contentarchive&type=3 HTTP/1.1" 404 1256 "-" "Mozilla/5.0 (compatible; DotBot/1.1; http://www.opensiteexplorer.org/dotbot, help@moz.com)"
93.194.39.246 - - [22/May/2014:23:30:34 +0200] "GET / HTTP/1.1" 302 - "http://www.google.de/url?sa=t&source=web&cd=6&ved=0CEEQ_BcoAjAF&url=http%3A%2F%2Fwww.friedrich-list-berlin.de%2F&rct=j&q=friedrich%20list%20schule%20berlin&ei=RWx-U6GXCaXT4QSP0IDADA&usg=AFQjCNGsKs3TvBQ4z91zrYvo9_SfKi5nug&sig2=_fMCSuq1B3qWBj8I7aj1Qw&bvm=bv.67720277,d.bGE" "Mozilla/5.0 (Linux; U; Android 4.3; de-de; GT-I9300 Build/JSS15J) AppleWebKit/534.30 (KHTML, like Gecko) Version/4.0 Mobile Safari/534.30"
93.194.39.246 - - [22/May/2014:23:37:31 +0200] "GET / HTTP/1.1" 302 - "http://www.google.de/url?sa=t&source=web&cd=6&ved=0CEEQ_BcoAjAF&url=http%3A%2F%2Fwww.friedrich-list-berlin.de%2F&rct=j&q=friedrich%20list%20schule%20berlin&ei=am1-U9njOYmh4gSHuoDIDQ&usg=AFQjCNGsKs3TvBQ4z91zrYvo9_SfKi5nug&sig2=nMpFxwh_-Aj2NamA04f1CQ" "Mozilla/5.0 (Linux; U; Android 4.3; de-de; GT-I9300 Build/JSS15J) AppleWebKit/534.30 (KHTML, like Gecko) Version/4.0 Mobile Safari/534.30"
94.254.17.125 - - [23/May/2014:00:10:29 +0200] "GET / HTTP/1.1" 302 - "https://www.google.se/" "Mozilla/5.0 (Macintosh; Intel Mac OS X 10_9_2) AppleWebKit/537.36 (KHTML, like Gecko) Chrome/35.0.1916.114 Safari/537.36"
198.27.80.144 - - [23/May/2014:01:55:17 +0200] "GET /robots.txt HTTP/1.1" 404 1256 "-" "Mozilla/5.0 (compatible; ca-crawler/1.0)"
198.27.80.144 - - [23/May/2014:01:55:18 +0200] "GET / HTTP/1.1" 302 - "-" "Mozilla/5.0 (compatible; ca-crawler/1.0)"
208.115.111.69 - - [23/May/2014:02:02:10 +0200] "GET /robots.txt HTTP/1.1" 404 1256 "-" "Mozilla/5.0 (compatible; DotBot/1.1; http://www.opensiteexplorer.org/dotbot, help@moz.com)"
192.99.9.164 - - [23/May/2014:02:10:24 +0200] "GET / HTTP/1.1" 302 - "-" "Mozilla/5.0 (Macintosh; Intel Mac OS X 10_8_4) AppleWebKit/537.36 (KHTML, like Gecko) Chrome/27.0.1453.110 Safari/537.36"
193.175.194.33 - - [23/May/2014:02:23:01 +0200] "GET / HTTP/1.1" 302 - "-" "Bildungsserver-Linkchecker DBS 0.9 (http://www.bildungsserver.de)"
208.115.111.69 - - [23/May/2014:04:06:38 +0200] "GET /?path=contentarchive&type=2&letter=Q&catid=0&themeid=0&searchtext=&entries=0&order= HTTP/1.1" 302 - "-" "Mozilla/5.0 (compatible; DotBot/1.1; http://www.opensiteexplorer.org/dotbot, help@moz.com)"
208.115.111.69 - - [23/May/2014:04:06:43 +0200] "GET /include.php?path=contentarchive&type=2&letter=B&catid=0&themeid=0&searchtext=&entries=0&order=title HTTP/1.1" 404 1256 "-" "Mozilla/5.0 (compatible; DotBot/1.1; http://www.opensiteexplorer.org/dotbot, help@moz.com)"
37.58.100.168 - - [23/May/2014:05:55:20 +0200] "GET /robots.txt HTTP/1.1" 404 1256 "-" "Mozilla/5.0 (compatible; AhrefsBot/5.0; +http://ahrefs.com/robot/)"
141.8.147.12 - - [23/May/2014:07:45:59 +0200] "GET /robots.txt HTTP/1.1" 404 1256 "-" "Mozilla/5.0 (compatible; YandexBot/3.0; +http://yandex.com/bots)"
141.8.147.12 - - [23/May/2014:07:46:01 +0200] "GET /fls_1_aktuelles.php HTTP/1.1" 404 1256 "-" "Mozilla/5.0 (compatible; YandexBot/3.0; +http://yandex.com/bots)"
141.8.147.12 - - [23/May/2014:07:46:03 +0200] "GET /fls_1_aktuelles.php?artid=44 HTTP/1.1" 404 1256 "-" "Mozilla/5.0 (compatible; YandexBot/3.0; +http://yandex.com/bots)"
141.8.147.12 - - [23/May/2014:07:46:05 +0200] "GET /index_fr.php HTTP/1.1" 404 1256 "-" "Mozilla/5.0 (compatible; YandexBot/3.0; +http://yandex.com/bots)"
141.8.147.12 - - [23/May/2014:07:46:07 +0200] "GET /fls_2_fremdsprachensekr.php HTTP/1.1" 404 1256 "-" "Mozilla/5.0 (compatible; YandexBot/3.0; +http://yandex.com/bots)"
141.8.147.12 - - [23/May/2014:07:46:09 +0200] "GET /index_sp.php HTTP/1.1" 404 1256 "-" "Mozilla/5.0 (compatible; YandexBot/3.0; +http://yandex.com/bots)"
141.8.147.12 - - [23/May/2014:07:46:11 +0200] "GET /fls_4_kontakt_anmeldung.php HTTP/1.1" 404 1256 "-" "Mozilla/5.0 (compatible; YandexBot/3.0; +http://yandex.com/bots)"
141.8.147.12 - - [23/May/2014:07:46:13 +0200] "GET /index_en.php HTTP/1.1" 404 1256 "-" "Mozilla/5.0 (compatible; YandexBot/3.0; +http://yandex.com/bots)"
141.8.147.12 - - [23/May/2014:07:46:15 +0200] "GET /fls_2_fremdsprachenkorr.php HTTP/1.1" 404 1256 "-" "Mozilla/5.0 (compatible; YandexBot/3.0; +http://yandex.com/bots)"
141.8.147.12 - - [23/May/2014:07:46:17 +0200] "GET /fls_4_impressum.php HTTP/1.1" 404 1256 "-" "Mozilla/5.0 (compatible; YandexBot/3.0; +http://yandex.com/bots)"
141.8.147.12 - - [23/May/2014:07:46:19 +0200] "GET /fls_2_berufsfachschule.php HTTP/1.1" 404 1256 "-" "Mozilla/5.0 (compatible; YandexBot/3.0; +http://yandex.com/bots)"
141.8.147.12 - - [23/May/2014:07:46:21 +0200] "GET /fls_2_kurs_ecbm_london.php HTTP/1.1" 404 1256 "-" "Mozilla/5.0 (compatible; YandexBot/3.0; +http://yandex.com/bots)"
141.8.147.12 - - [23/May/2014:07:46:23 +0200] "GET /fls_2_europakorr.php HTTP/1.1" 404 1256 "-" "Mozilla/5.0 (compatible; YandexBot/3.0; +http://yandex.com/bots)"
217.86.196.40 - - [23/May/2014:08:00:05 +0200] "GET / HTTP/1.1" 302 - "-" "-"
188.165.195.156 - - [23/May/2014:08:33:55 +0200] "HEAD / HTTP/1.1" 302 - "-" "Mozilla/4.0 (compatible; MSIE 5.01; Windows NT 5.0)"
216.107.155.114 - - [23/May/2014:08:40:45 +0200] "GET /robots.txt HTTP/1.0" 404 1256 "-" "Mozilla/5.0 (compatible; MJ12bot/v1.4.5; http://www.majestic12.co.uk/bot.php?+)"
216.107.155.114 - - [23/May/2014:08:40:47 +0200] "GET / HTTP/1.0" 302 - "-" "Mozilla/5.0 (compatible; MJ12bot/v1.4.5; http://www.majestic12.co.uk/bot.php?+)"
84.189.191.167 - - [23/May/2014:10:00:58 +0200] "GET / HTTP/1.0" 302 - "http://www.google.de/url?sa=t&rct=j&q=&esrc=s&source=web&cd=6&cad=rja&uact=8&ved=0CFQQoAIwBQ&url=http%3A%2F%2Fwww.friedrich-list-berlin.de%2F&ei=xv9-U4LELe7Z4QSDyoDAAw&usg=AFQjCNGsKs3TvBQ4z91zrYvo9_SfKi5nug&bvm=bv.67720277,d.bGE" "Mozilla/5.0 (Windows NT 6.1; WOW64; rv:29.0) Gecko/20100101 Firefox/29.0"
37.5.42.29 - - [23/May/2014:12:05:08 +0200] "GET / HTTP/1.1" 302 - "-" "Mozilla/5.0 (Windows NT 5.1; rv:8.0.1) Gecko/20100101 Firefox/8.0.1"
66.249.64.119 - - [23/May/2014:13:21:47 +0200] "GET /robots.txt HTTP/1.1" 404 1256 "-" "Mozilla/5.0 (compatible; Googlebot/2.1; +http://www.google.com/bot.html)"
66.249.64.114 - - [23/May/2014:13:21:47 +0200] "GET /include.php?path=content&contentid=44&nid=33 HTTP/1.1" 404 1256 "-" "Mozilla/5.0 (compatible; Googlebot/2.1; +http://www.google.com/bot.html)"
87.162.5.89 - - [23/May/2014:15:25:35 +0200] "GET / HTTP/1.1" 302 - "http://www.google.de/url?sa=t&rct=j&q=&esrc=s&source=web&cd=10&ved=0CG4QoAIwCQ&url=http%3A%2F%2Fwww.friedrich-list-berlin.de%2F&ei=8Ut_U5XbOubd4QTBr4AY&usg=AFQjCNGsKs3TvBQ4z91zrYvo9_SfKi5nug&bvm=bv.67720277,d.bGE" "Mozilla/5.0 (Windows NT 5.1; rv:28.0) Gecko/20100101 Firefox/28.0"
109.47.194.249 - - [23/May/2014:16:31:46 +0200] "GET / HTTP/1.1" 302 - "https://www.google.de/" "Mozilla/5.0 (iPhone; CPU iPhone OS 6_1_4 like Mac OS X) AppleWebKit/536.26 (KHTML, like Gecko) Version/6.0 Mobile/10B350 Safari/8536.25"
194.39.190.110 - - [23/May/2014:16:41:26 +0200] "GET / HTTP/1.1" 302 - "http://www.google.com/url?sa=t&rct=j&q=&esrc=s&frm=1&source=web&cd=1&ved=0CCsQFjAA&url=http%3A%2F%2Fwww.fls-berlin.de%2F&ei=1l1_U6OxDIHb7Aa2uYHwBg&usg=AFQjCNG4fgXtDKSWFE8hgLKnipf8LQYy-g&bvm=bv.67720277,d.ZGU" "Mozilla/5.0 (compatible; MSIE 9.0; Windows NT 6.1; Trident/5.0)"
84.161.193.216 - - [23/May/2014:18:55:12 +0200] "GET / HTTP/1.1" 302 - "-" "Mozilla/5.0 (iPad; CPU OS 7_1_1 like Mac OS X) AppleWebKit/537.51.2 (KHTML, like Gecko) Version/7.0 Mobile/11D201 Safari/9537.53"
141.8.147.12 - - [23/May/2014:19:09:07 +0200] "GET /robots.txt HTTP/1.1" 404 1256 "-" "Mozilla/5.0 (compatible; YandexBot/3.0; +http://yandex.com/bots)"
141.8.147.12 - - [23/May/2014:19:09:09 +0200] "GET / HTTP/1.1" 302 - "-" "Mozilla/5.0 (compatible; YandexBot/3.0; +http://yandex.com/bots)"
148.251.234.169 - - [23/May/2014:19:35:13 +0200] "GET /robots.txt HTTP/1.1" 404 1256 "-" "Mozilla/5.0 (X11; Ubuntu; Linux x86_64; rv:27.0) Gecko/20100101 Firefox/27.0"
148.251.234.169 - - [23/May/2014:19:35:13 +0200] "GET / HTTP/1.1" 302 - "-" "Mozilla/5.0 (X11; Ubuntu; Linux x86_64; rv:27.0) Gecko/20100101 Firefox/27.0"
207.241.226.232 - - [23/May/2014:23:55:31 +0200] "GET /robots.txt HTTP/1.1" 404 1256 "-" "Mozilla/5.0 (compatible; archive.org_bot; Wayback Machine Live Record; +http://archive.org/details/archive.org_bot)"
107.152.128.83 - - [24/May/2014:01:09:55 +0200] "GET /fls_3_fls_international.php HTTP/1.1" 404 1256 "-" "Mozilla/5.0 (compatible; MSIE 10.0; Windows NT 6.1; Trident/6.0)"
208.115.113.85 - - [24/May/2014:01:11:20 +0200] "GET /robots.txt HTTP/1.1" 404 1256 "-" "Mozilla/5.0 (compatible; DotBot/1.1; http://www.opensiteexplorer.org/dotbot, help@moz.com)"
66.249.78.115 - - [24/May/2014:02:59:33 +0200] "GET /robots.txt HTTP/1.1" 404 1256 "-" "Mozilla/5.0 (compatible; Googlebot/2.1; +http://www.google.com/bot.html)"
66.249.78.115 - - [24/May/2014:02:59:33 +0200] "GET / HTTP/1.1" 302 - "-" "Mozilla/5.0 (compatible; Googlebot/2.1; +http://www.google.com/bot.html)"
208.115.113.85 - - [24/May/2014:03:04:26 +0200] "GET /include.php?path=contentarchive&type=2&letter=F&catid=0&themeid=0&searchtext=&entries=0&order=title HTTP/1.1" 404 1256 "-" "Mozilla/5.0 (compatible; DotBot/1.1; http://www.opensiteexplorer.org/dotbot, help@moz.com)"
208.115.113.85 - - [24/May/2014:03:04:34 +0200] "GET /include.php?path=contentarchive&type=3&letter=S&catid=0&themeid=0&searchtext=&entries=0&order= HTTP/1.1" 404 1256 "-" "Mozilla/5.0 (compatible; DotBot/1.1; http://www.opensiteexplorer.org/dotbot, help@moz.com)"
176.9.76.43 - - [24/May/2014:03:09:19 +0200] "GET /robots.txt HTTP/1.1" 404 1256 "-" "Mozilla/5.0 (X11; Ubuntu; Linux x86_64; rv:27.0) Gecko/20100101 Firefox/27.0"
176.9.76.43 - - [24/May/2014:03:09:19 +0200] "GET / HTTP/1.1" 302 - "-" "Mozilla/5.0 (X11; Ubuntu; Linux x86_64; rv:27.0) Gecko/20100101 Firefox/27.0"
208.115.111.69 - - [24/May/2014:06:42:00 +0200] "GET /robots.txt HTTP/1.1" 404 1256 "-" "Mozilla/5.0 (compatible; DotBot/1.1; http://www.opensiteexplorer.org/dotbot, help@moz.com)"
208.115.113.85 - - [24/May/2014:06:43:29 +0200] "GET /robots.txt HTTP/1.1" 404 1256 "-" "Mozilla/5.0 (compatible; DotBot/1.1; http://www.opensiteexplorer.org/dotbot, help@moz.com)"
208.115.111.69 - - [24/May/2014:08:22:46 +0200] "GET /?path=contentarchive&type=2&letter=M&catid=0&themeid=0&searchtext=&entries=0&order= HTTP/1.1" 302 - "-" "Mozilla/5.0 (compatible; DotBot/1.1; http://www.opensiteexplorer.org/dotbot, help@moz.com)"
85.182.63.174 - - [24/May/2014:08:46:24 +0200] "GET / HTTP/1.1" 302 - "http://www.aubi-plus.de/ausbildung/friedrich-list-schule-berlin-fremdsprachenkorrespondent-schul-10823-berlin-deutschland-117120.html" "Mozilla/5.0 (Windows NT 6.1; WOW64) AppleWebKit/537.36 (KHTML, like Gecko) Chrome/35.0.1916.114 Safari/537.36"
188.138.41.109 - - [24/May/2014:08:49:42 +0200] "GET /robots.txt HTTP/1.1" 404 1256 "-" "Mozilla/5.0 (X11; U; Linux i686; de; rv:1.9.0.1; compatible; iCjobs Stellenangebote Jobs; http://www.icjobs.de) Gecko/20100401 iCjobs/3.2.3"
188.138.41.109 - - [24/May/2014:08:49:42 +0200] "GET / HTTP/1.1" 302 - "-" "Mozilla/5.0 (X11; U; Linux i686; de; rv:1.9.0.1; compatible; iCjobs Stellenangebote Jobs; http://www.icjobs.de) Gecko/20100401 iCjobs/3.2.3"
188.138.41.109 - - [24/May/2014:08:49:42 +0200] "GET / HTTP/1.1" 302 - "-" "Mozilla/5.0 (X11; U; Linux i686; de; rv:1.9.0.1; compatible; iCjobs Stellenangebote Jobs; http://www.icjobs.de) Gecko/20100401 iCjobs/3.2.3"
176.9.48.201 - - [24/May/2014:10:21:03 +0200] "GET /robots.txt HTTP/1.1" 404 1256 "-" "Mozilla/5.0 (X11; Ubuntu; Linux x86_64; rv:27.0) Gecko/20100101 Firefox/27.0"
176.9.48.201 - - [24/May/2014:10:21:03 +0200] "GET / HTTP/1.1" 302 - "-" "Mozilla/5.0 (X11; Ubuntu; Linux x86_64; rv:27.0) Gecko/20100101 Firefox/27.0"
208.115.113.85 - - [24/May/2014:10:23:41 +0200] "GET /?path=contentarchive&type=2&letter=I&catid=0&themeid=0&searchtext=&entries=0&order= HTTP/1.1" 302 - "-" "Mozilla/5.0 (compatible; DotBot/1.1; http://www.opensiteexplorer.org/dotbot, help@moz.com)"
208.115.113.85 - - [24/May/2014:10:23:45 +0200] "GET /?path=contentarchive&type=2&letter=S&catid=0&themeid=0&searchtext=&entries=0&order=&nid=21 HTTP/1.1" 302 - "-" "Mozilla/5.0 (compatible; DotBot/1.1; http://www.opensiteexplorer.org/dotbot, help@moz.com)"
66.249.78.115 - - [24/May/2014:10:43:29 +0200] "GET / HTTP/1.1" 302 - "-" "SAMSUNG-SGH-E250/1.0 Profile/MIDP-2.0 Configuration/CLDC-1.1 UP.Browser/6.2.3.3.c.1.101 (GUI) MMP/2.0 (compatible; Googlebot-Mobile/2.1; +http://www.google.com/bot.html)"
148.251.241.89 - - [24/May/2014:11:11:57 +0200] "GET /robots.txt HTTP/1.0" 404 1256 "-" "Mozilla/5.0 (compatible; MJ12bot/v1.4.5; http://www.majestic12.co.uk/bot.php?+)"
148.251.241.89 - - [24/May/2014:11:11:59 +0200] "GET /?path=contact&mode=suggest&suggest_path=path=download%26contentid=93 HTTP/1.0" 302 - "-" "Mozilla/5.0 (compatible; MJ12bot/v1.4.5; http://www.majestic12.co.uk/bot.php?+)"
148.251.241.89 - - [24/May/2014:11:12:11 +0200] "GET /?path=contentarchive&catid=12&type=4&nid=13 HTTP/1.0" 302 - "-" "Mozilla/5.0 (compatible; MJ12bot/v1.4.5; http://www.majestic12.co.uk/bot.php?+)"
148.251.241.89 - - [24/May/2014:11:12:13 +0200] "GET /?path=contentarchive&catid=12&type=4&nid=19 HTTP/1.0" 302 - "-" "Mozilla/5.0 (compatible; MJ12bot/v1.4.5; http://www.majestic12.co.uk/bot.php?+)"
148.251.241.89 - - [24/May/2014:11:12:22 +0200] "GET /?path=contentarchive&catid=12&type=4&nid=21 HTTP/1.0" 302 - "-" "Mozilla/5.0 (compatible; MJ12bot/v1.4.5; http://www.majestic12.co.uk/bot.php?+)"
148.251.241.89 - - [24/May/2014:11:12:28 +0200] "GET /?path=contentarchive&catid=12&type=4&nid=32 HTTP/1.0" 302 - "-" "Mozilla/5.0 (compatible; MJ12bot/v1.4.5; http://www.majestic12.co.uk/bot.php?+)"
148.251.241.89 - - [24/May/2014:11:12:39 +0200] "GET /?path=contentarchive&catid=12&type=4&nid=4 HTTP/1.0" 302 - "-" "Mozilla/5.0 (compatible; MJ12bot/v1.4.5; http://www.majestic12.co.uk/bot.php?+)"
148.251.241.89 - - [24/May/2014:11:12:44 +0200] "GET /?path=contentarchive&catid=8&type=4 HTTP/1.0" 302 - "-" "Mozilla/5.0 (compatible; MJ12bot/v1.4.5; http://www.majestic12.co.uk/bot.php?+)"
148.251.241.89 - - [24/May/2014:11:12:53 +0200] "GET /?path=contentarchive&catid=8&type=4&nid=13 HTTP/1.0" 302 - "-" "Mozilla/5.0 (compatible; MJ12bot/v1.4.5; http://www.majestic12.co.uk/bot.php?+)"
148.251.241.89 - - [24/May/2014:11:12:59 +0200] "GET /?path=contentarchive&catid=8&type=4&nid=19 HTTP/1.0" 302 - "-" "Mozilla/5.0 (compatible; MJ12bot/v1.4.5; http://www.majestic12.co.uk/bot.php?+)"
148.251.241.89 - - [24/May/2014:11:13:02 +0200] "GET /?path=contentarchive&catid=8&type=4&nid=21 HTTP/1.0" 302 - "-" "Mozilla/5.0 (compatible; MJ12bot/v1.4.5; http://www.majestic12.co.uk/bot.php?+)"
148.251.241.89 - - [24/May/2014:11:13:10 +0200] "GET /?path=contentarchive&catid=8&type=4&nid=32 HTTP/1.0" 302 - "-" "Mozilla/5.0 (compatible; MJ12bot/v1.4.5; http://www.majestic12.co.uk/bot.php?+)"
148.251.241.89 - - [24/May/2014:11:13:13 +0200] "GET /?path=contentarchive&catid=8&type=4&nid=4 HTTP/1.0" 302 - "-" "Mozilla/5.0 (compatible; MJ12bot/v1.4.5; http://www.majestic12.co.uk/bot.php?+)"
148.251.241.89 - - [24/May/2014:11:13:18 +0200] "GET /?path=contentarchive&type=4 HTTP/1.0" 302 - "-" "Mozilla/5.0 (compatible; MJ12bot/v1.4.5; http://www.majestic12.co.uk/bot.php?+)"
148.251.241.89 - - [24/May/2014:11:13:24 +0200] "GET /?path=contentarchive&type=4&nid=13 HTTP/1.0" 302 - "-" "Mozilla/5.0 (compatible; MJ12bot/v1.4.5; http://www.majestic12.co.uk/bot.php?+)"
148.251.241.89 - - [24/May/2014:11:13:29 +0200] "GET /?path=contentarchive&type=4&nid=19 HTTP/1.0" 302 - "-" "Mozilla/5.0 (compatible; MJ12bot/v1.4.5; http://www.majestic12.co.uk/bot.php?+)"
148.251.241.89 - - [24/May/2014:11:13:40 +0200] "GET /?path=contentarchive&type=4&nid=21 HTTP/1.0" 302 - "-" "Mozilla/5.0 (compatible; MJ12bot/v1.4.5; http://www.majestic12.co.uk/bot.php?+)"
148.251.241.89 - - [24/May/2014:11:13:45 +0200] "GET /?path=contentarchive&type=4&nid=32 HTTP/1.0" 302 - "-" "Mozilla/5.0 (compatible; MJ12bot/v1.4.5; http://www.majestic12.co.uk/bot.php?+)"
148.251.241.89 - - [24/May/2014:11:13:55 +0200] "GET /?path=contentarchive&type=4&nid=4 HTTP/1.0" 302 - "-" "Mozilla/5.0 (compatible; MJ12bot/v1.4.5; http://www.majestic12.co.uk/bot.php?+)"
148.251.241.89 - - [24/May/2014:11:14:07 +0200] "GET /?path=download&contentid=93&catid=8&themeid=0 HTTP/1.0" 302 - "-" "Mozilla/5.0 (compatible; MJ12bot/v1.4.5; http://www.majestic12.co.uk/bot.php?+)"
148.251.241.89 - - [24/May/2014:11:14:19 +0200] "GET /?path=download&contentid=93&download=go HTTP/1.0" 302 - "-" "Mozilla/5.0 (compatible; MJ12bot/v1.4.5; http://www.majestic12.co.uk/bot.php?+)"
148.251.241.89 - - [24/May/2014:11:14:28 +0200] "GET /?path=download&contentid=93&download=go&mirror=1 HTTP/1.0" 302 - "-" "Mozilla/5.0 (compatible; MJ12bot/v1.4.5; http://www.majestic12.co.uk/bot.php?+)"
148.251.241.89 - - [24/May/2014:11:14:36 +0200] "GET /?path=download&contentid=93&nid=13 HTTP/1.0" 302 - "-" "Mozilla/5.0 (compatible; MJ12bot/v1.4.5; http://www.majestic12.co.uk/bot.php?+)"
148.251.241.89 - - [24/May/2014:11:14:43 +0200] "GET /?path=download&contentid=93&nid=19 HTTP/1.0" 302 - "-" "Mozilla/5.0 (compatible; MJ12bot/v1.4.5; http://www.majestic12.co.uk/bot.php?+)"
148.251.241.89 - - [24/May/2014:11:14:51 +0200] "GET /?path=download&contentid=93&nid=21 HTTP/1.0" 302 - "-" "Mozilla/5.0 (compatible; MJ12bot/v1.4.5; http://www.majestic12.co.uk/bot.php?+)"
84.128.163.55 - - [24/May/2014:13:59:00 +0200] "GET / HTTP/1.1" 302 - "http://www.aubi-plus.de/ausbildung/friedrich-list-schule-berlin-fremdsprachenkorrespondent-schul-10823-berlin-deutschland-117120.html" "Mozilla/5.0 (iPad; CPU OS 5_1_1 like Mac OS X) AppleWebKit/534.46 (KHTML, like Gecko) Version/5.1 Mobile/9B206 Safari/7534.48.3"
24.134.95.118 - - [24/May/2014:15:32:30 +0200] "GET / HTTP/1.1" 302 - "http://www.google.de/url?sa=t&rct=j&q=berufschule%20sch%C3%B6neberg&source=web&cd=6&ved=0CEMQ_BcwBQ&url=http%3A%2F%2Fwww.friedrich-list-berlin.de%2F&ei=Fp-AU-_2B4OO7Qa2uYHIAg&usg=AFQjCNGsKs3TvBQ4z91zrYvo9_SfKi5nug&bvm=bv.67720277,d.bGE" "Mozilla/5.0 (Linux; U; Android 4.1.2; de-de; GT-P5100 Build/JZO54K) AppleWebKit/534.30 (KHTML, like Gecko) Version/4.0 Safari/534.30"
89.233.79.240 - - [24/May/2014:16:31:11 +0200] "GET / HTTP/1.1" 302 - "-" "Mozilla/5.0 (iPad; CPU OS 7_1_1 like Mac OS X) AppleWebKit/537.51.2 (KHTML, like Gecko) Version/7.0 Mobile/11D201 Safari/9537.53"
208.115.111.69 - - [24/May/2014:18:42:45 +0200] "GET /robots.txt HTTP/1.1" 404 1256 "-" "Mozilla/5.0 (compatible; DotBot/1.1; http://www.opensiteexplorer.org/dotbot, help@moz.com)"
208.115.113.85 - - [24/May/2014:18:44:12 +0200] "GET /robots.txt HTTP/1.1" 404 1256 "-" "Mozilla/5.0 (compatible; DotBot/1.1; http://www.opensiteexplorer.org/dotbot, help@moz.com)"
37.187.26.234 - - [24/May/2014:19:58:19 +0200] "GET / HTTP/1.1" 302 - "-" "-"
5.9.42.111 - - [24/May/2014:20:11:53 +0200] "GET /robots.txt HTTP/1.1" 404 1256 "-" "Mozilla/5.0 (X11; Ubuntu; Linux x86_64; rv:27.0) Gecko/20100101 Firefox/27.0"
5.9.42.111 - - [24/May/2014:20:11:53 +0200] "GET / HTTP/1.1" 302 - "-" "Mozilla/5.0 (X11; Ubuntu; Linux x86_64; rv:27.0) Gecko/20100101 Firefox/27.0"
208.115.111.69 - - [24/May/2014:20:19:50 +0200] "GET /include.php?path=contentarchive&type=2&letter=S&catid=0&themeid=0&searchtext=&entries=0&order= HTTP/1.1" 404 1256 "-" "Mozilla/5.0 (compatible; DotBot/1.1; http://www.opensiteexplorer.org/dotbot, help@moz.com)"
208.115.111.69 - - [24/May/2014:20:19:54 +0200] "GET /include.php?path=contentarchive&type=2&letter=Y&catid=0&themeid=0&searchtext=&entries=0&order=title HTTP/1.1" 404 1256 "-" "Mozilla/5.0 (compatible; DotBot/1.1; http://www.opensiteexplorer.org/dotbot, help@moz.com)"
77.12.75.120 - - [24/May/2014:21:06:10 +0200] "GET / HTTP/1.1" 302 - "http://www.google.de/" "Mozilla/5.0 (Linux; Android 4.3; C6603 Build/10.4.1.B.0.101) AppleWebKit/537.36 (KHTML, like Gecko) Chrome/35.0.1916.122 Mobile Safari/537.36"
107.152.128.83 - - [24/May/2014:21:24:59 +0200] "GET /index_en.php HTTP/1.1" 404 1256 "-" "Mozilla/5.0 (compatible; MSIE 10.0; Windows NT 6.1; Trident/6.0)"
141.8.189.109 - - [24/May/2014:22:16:50 +0200] "GET /robots.txt HTTP/1.1" 404 1256 "-" "Mozilla/5.0 (compatible; YandexBot/3.0; +http://yandex.com/bots)"
141.8.189.109 - - [24/May/2014:22:16:52 +0200] "GET /fls_2_fremdsprachenkorr.php HTTP/1.1" 404 1256 "-" "Mozilla/5.0 (compatible; YandexBot/3.0; +http://yandex.com/bots)"
208.115.113.85 - - [24/May/2014:22:25:49 +0200] "GET /include.php?path=contentarchive&type=3&letter=O&catid=0&themeid=0&searchtext=&entries=0&order= HTTP/1.1" 404 1256 "-" "Mozilla/5.0 (compatible; DotBot/1.1; http://www.opensiteexplorer.org/dotbot, help@moz.com)"
144.76.71.140 - - [25/May/2014:00:29:54 +0200] "GET /robots.txt HTTP/1.1" 404 1256 "-" "Mozilla/5.0 (compatible; SISTRIX Crawler; http://crawler.sistrix.net/)"
144.76.71.140 - - [25/May/2014:00:29:55 +0200] "GET / HTTP/1.1" 302 - "-" "Mozilla/5.0 (compatible; SISTRIX Crawler; http://crawler.sistrix.net/)"
178.77.126.55 - - [25/May/2014:01:56:26 +0200] "GET /robots.txt HTTP/1.1" 404 1256 "-" "Mozilla/5.0 (compatible; CareerBot/1.1; +http://www.career-x.de/bot.html)"
178.77.126.55 - - [25/May/2014:01:56:26 +0200] "GET / HTTP/1.1" 302 - "-" "Mozilla/5.0 (compatible; CareerBot/1.1; +http://www.career-x.de/bot.html)"
107.152.128.83 - - [25/May/2014:05:02:27 +0200] "GET /fls_4_kontakt_anmeldung.php HTTP/1.1" 404 1256 "-" "Mozilla/5.0 (compatible; MSIE 10.0; Windows NT 6.1; Trident/6.0)"
107.152.128.83 - - [25/May/2014:07:37:32 +0200] "GET /index_sp.php HTTP/1.1" 404 1256 "-" "Mozilla/5.0 (compatible; MSIE 10.0; Windows NT 6.1; Trident/6.0)"
107.152.128.83 - - [25/May/2014:09:02:35 +0200] "GET /fls_3_fls_international.php HTTP/1.1" 404 1256 "-" "Mozilla/5.0 (compatible; MSIE 10.0; Windows NT 6.1; Trident/6.0)"
178.255.215.68 - - [25/May/2014:09:30:36 +0200] "GET /robots.txt HTTP/1.1" 404 1256 "-" "Mozilla/5.0 (compatible; Exabot/3.0; +http://www.exabot.com/go/robot)"
178.255.215.68 - - [25/May/2014:09:30:36 +0200] "GET / HTTP/1.1" 302 - "-" "Mozilla/5.0 (compatible; Exabot/3.0; +http://www.exabot.com/go/robot)"
108.59.8.80 - - [25/May/2014:09:37:58 +0200] "GET /robots.txt HTTP/1.0" 404 1256 "-" "Mozilla/5.0 (compatible; MJ12bot/v1.4.5; http://www.majestic12.co.uk/bot.php?+)"
108.59.8.80 - - [25/May/2014:09:37:59 +0200] "GET / HTTP/1.0" 302 - "-" "Mozilla/5.0 (compatible; MJ12bot/v1.4.5; http://www.majestic12.co.uk/bot.php?+)"
64.246.187.42 - - [25/May/2014:10:27:02 +0200] "GET /robots.txt HTTP/1.0" 404 1256 "-" "Mozilla/5.0 (Windows; U; Windows NT 5.1; en; rv:1.9.0.13) Gecko/2009073022 Firefox/3.5.2 (.NET CLR 3.5.30729) SurveyBot/2.3 (DomainTools)"
64.246.187.42 - - [25/May/2014:10:27:02 +0200] "GET / HTTP/1.1" 302 - "http://whois.domaintools.com/fls-berlin.de" "Mozilla/5.0 (Windows; U; Windows NT 5.1; en; rv:1.9.0.13) Gecko/2009073022 Firefox/3.5.2 (.NET CLR 3.5.30729) SurveyBot/2.3 (DomainTools)"
208.115.111.69 - - [25/May/2014:11:16:10 +0200] "GET /robots.txt HTTP/1.1" 404 1256 "-" "Mozilla/5.0 (compatible; DotBot/1.1; http://www.opensiteexplorer.org/dotbot, help@moz.com)"
208.115.113.85 - - [25/May/2014:11:18:23 +0200] "GET /robots.txt HTTP/1.1" 404 1256 "-" "Mozilla/5.0 (compatible; DotBot/1.1; http://www.opensiteexplorer.org/dotbot, help@moz.com)"
64.246.165.200 - - [25/May/2014:12:13:09 +0200] "GET /robots.txt HTTP/1.0" 404 1256 "-" "Mozilla/5.0 (Windows; U; Windows NT 5.1; en; rv:1.9.0.13) Gecko/2009073022 Firefox/3.5.2 (.NET CLR 3.5.30729) SurveyBot/2.3 (DomainTools)"
64.246.165.200 - - [25/May/2014:12:13:09 +0200] "GET / HTTP/1.1" 302 - "http://whois.domaintools.com/friedrich-list-berlin.de" "Mozilla/5.0 (Windows; U; Windows NT 5.1; en; rv:1.9.0.13) Gecko/2009073022 Firefox/3.5.2 (.NET CLR 3.5.30729) SurveyBot/2.3 (DomainTools)"
208.115.111.69 - - [25/May/2014:12:51:59 +0200] "GET /include.php?path=contentarchive&type=2&letter=S&catid=0&themeid=0&searchtext=&entries=0&order= HTTP/1.1" 404 1256 "-" "Mozilla/5.0 (compatible; DotBot/1.1; http://www.opensiteexplorer.org/dotbot, help@moz.com)"
208.115.111.69 - - [25/May/2014:12:52:02 +0200] "GET /include.php?path=contentarchive&type=2&letter=Y&catid=0&themeid=0&searchtext=&entries=0&order=title HTTP/1.1" 404 1256 "-" "Mozilla/5.0 (compatible; DotBot/1.1; http://www.opensiteexplorer.org/dotbot, help@moz.com)"
66.249.78.115 - - [25/May/2014:13:14:37 +0200] "GET /robots.txt HTTP/1.1" 404 1256 "-" "Mozilla/5.0 (compatible; Googlebot/2.1; +http://www.google.com/bot.html)"
66.249.78.115 - - [25/May/2014:13:14:37 +0200] "GET / HTTP/1.1" 302 - "-" "Mozilla/5.0 (compatible; Googlebot/2.1; +http://www.google.com/bot.html)"
208.115.113.85 - - [25/May/2014:14:20:07 +0200] "GET /include.php?path=contentarchive&type=2&letter=Z&catid=0&themeid=0&searchtext=&entries=0&order=title HTTP/1.1" 404 1256 "-" "Mozilla/5.0 (compatible; DotBot/1.1; http://www.opensiteexplorer.org/dotbot, help@moz.com)"
208.115.113.85 - - [25/May/2014:14:20:19 +0200] "GET /include.php?path=contentarchive&type=3&letter=G&catid=0&themeid=0&searchtext=&entries=0&order= HTTP/1.1" 404 1256 "-" "Mozilla/5.0 (compatible; DotBot/1.1; http://www.opensiteexplorer.org/dotbot, help@moz.com)"
94.242.222.29 - - [25/May/2014:14:47:18 +0200] "GET /fls_1_aktuelles.php HTTP/1.1" 404 1256 "-" "Mozilla/4.0 (compatible; MSIE 8.0; Windows NT 6.1; Trident/4.0)"
141.8.147.12 - - [25/May/2014:16:21:24 +0200] "GET /robots.txt HTTP/1.1" 404 1256 "-" "Mozilla/5.0 (compatible; YandexBot/3.0; +http://yandex.com/bots)"
141.8.147.12 - - [25/May/2014:16:21:26 +0200] "GET / HTTP/1.1" 302 - "-" "Mozilla/5.0 (compatible; YandexBot/3.0; +http://yandex.com/bots)"
157.55.32.107 - - [25/May/2014:17:11:52 +0200] "GET /robots.txt HTTP/1.1" 404 1256 "-" "Mozilla/5.0 (compatible; bingbot/2.0; +http://www.bing.com/bingbot.htm)"
157.55.32.107 - - [25/May/2014:17:12:16 +0200] "GET /?path=start HTTP/1.1" 302 - "-" "Mozilla/5.0 (compatible; bingbot/2.0; +http://www.bing.com/bingbot.htm)"
94.242.222.29 - - [25/May/2014:19:03:17 +0200] "GET /fls_4_impressum.php HTTP/1.1" 404 1256 "-" "Mozilla/4.0 (compatible; MSIE 8.0; Windows NT 6.1; Trident/4.0)"
144.76.137.226 - - [25/May/2014:20:27:47 +0200] "GET /robots.txt HTTP/1.0" 404 1256 "-" "Mozilla/5.0 (compatible; MJ12bot/v1.4.5; http://www.majestic12.co.uk/bot.php?+)"
144.76.137.226 - - [25/May/2014:20:27:50 +0200] "GET /?path=contact&mode=suggest&suggest_path=path=download%26contentid=114&nid=13 HTTP/1.0" 302 - "-" "Mozilla/5.0 (compatible; MJ12bot/v1.4.5; http://www.majestic12.co.uk/bot.php?+)"
144.76.137.226 - - [25/May/2014:20:27:56 +0200] "GET /robots.txt HTTP/1.0" 404 1256 "-" "Mozilla/5.0 (compatible; MJ12bot/v1.4.5; http://www.majestic12.co.uk/bot.php?+)"
144.76.137.226 - - [25/May/2014:20:27:59 +0200] "GET /?path=contact&mode=suggest&suggest_path=path=download%26contentid=114&nid=19 HTTP/1.0" 302 - "-" "Mozilla/5.0 (compatible; MJ12bot/v1.4.5; http://www.majestic12.co.uk/bot.php?+)"
144.76.137.226 - - [25/May/2014:20:28:07 +0200] "GET /?path=contact&mode=suggest&suggest_path=path=download%26contentid=114&nid=21 HTTP/1.0" 302 - "-" "Mozilla/5.0 (compatible; MJ12bot/v1.4.5; http://www.majestic12.co.uk/bot.php?+)"
144.76.137.226 - - [25/May/2014:20:28:13 +0200] "GET /robots.txt HTTP/1.0" 404 1256 "-" "Mozilla/5.0 (compatible; MJ12bot/v1.4.5; http://www.majestic12.co.uk/bot.php?+)"
144.76.137.226 - - [25/May/2014:20:28:15 +0200] "GET /?path=contact&mode=suggest&suggest_path=path=download%26contentid=114&nid=32 HTTP/1.0" 302 - "-" "Mozilla/5.0 (compatible; MJ12bot/v1.4.5; http://www.majestic12.co.uk/bot.php?+)"
144.76.137.226 - - [25/May/2014:20:28:22 +0200] "GET /robots.txt HTTP/1.0" 404 1256 "-" "Mozilla/5.0 (compatible; MJ12bot/v1.4.5; http://www.majestic12.co.uk/bot.php?+)"
144.76.137.226 - - [25/May/2014:20:28:26 +0200] "GET /?path=contact&mode=suggest&suggest_path=path=download%26contentid=114&nid=4 HTTP/1.0" 302 - "-" "Mozilla/5.0 (compatible; MJ12bot/v1.4.5; http://www.majestic12.co.uk/bot.php?+)"
144.76.137.226 - - [25/May/2014:20:28:33 +0200] "GET /robots.txt HTTP/1.0" 404 1256 "-" "Mozilla/5.0 (compatible; MJ12bot/v1.4.5; http://www.majestic12.co.uk/bot.php?+)"
144.76.137.226 - - [25/May/2014:20:28:34 +0200] "GET /?path=contact&mode=suggest&suggest_path=path=download%26contentid=93&nid=13 HTTP/1.0" 302 - "-" "Mozilla/5.0 (compatible; MJ12bot/v1.4.5; http://www.majestic12.co.uk/bot.php?+)"
144.76.137.226 - - [25/May/2014:20:28:41 +0200] "GET /robots.txt HTTP/1.0" 404 1256 "-" "Mozilla/5.0 (compatible; MJ12bot/v1.4.5; http://www.majestic12.co.uk/bot.php?+)"
144.76.137.226 - - [25/May/2014:20:28:44 +0200] "GET /?path=contact&mode=suggest&suggest_path=path=download%26contentid=93&nid=19 HTTP/1.0" 302 - "-" "Mozilla/5.0 (compatible; MJ12bot/v1.4.5; http://www.majestic12.co.uk/bot.php?+)"
144.76.137.226 - - [25/May/2014:20:28:50 +0200] "GET /robots.txt HTTP/1.0" 404 1256 "-" "Mozilla/5.0 (compatible; MJ12bot/v1.4.5; http://www.majestic12.co.uk/bot.php?+)"
144.76.137.226 - - [25/May/2014:20:28:53 +0200] "GET /?path=contact&mode=suggest&suggest_path=path=download%26contentid=93&nid=21 HTTP/1.0" 302 - "-" "Mozilla/5.0 (compatible; MJ12bot/v1.4.5; http://www.majestic12.co.uk/bot.php?+)"
144.76.137.226 - - [25/May/2014:20:29:01 +0200] "GET /robots.txt HTTP/1.0" 404 1256 "-" "Mozilla/5.0 (compatible; MJ12bot/v1.4.5; http://www.majestic12.co.uk/bot.php?+)"
144.76.137.226 - - [25/May/2014:20:29:04 +0200] "GET /?path=contact&mode=suggest&suggest_path=path=download%26contentid=93&nid=32 HTTP/1.0" 302 - "-" "Mozilla/5.0 (compatible; MJ12bot/v1.4.5; http://www.majestic12.co.uk/bot.php?+)"
144.76.137.226 - - [25/May/2014:20:29:09 +0200] "GET /robots.txt HTTP/1.0" 404 1256 "-" "Mozilla/5.0 (compatible; MJ12bot/v1.4.5; http://www.majestic12.co.uk/bot.php?+)"
144.76.137.226 - - [25/May/2014:20:29:13 +0200] "GET /?path=contact&mode=suggest&suggest_path=path=download%26contentid=93&nid=4 HTTP/1.0" 302 - "-" "Mozilla/5.0 (compatible; MJ12bot/v1.4.5; http://www.majestic12.co.uk/bot.php?+)"
144.76.137.226 - - [25/May/2014:20:29:21 +0200] "GET /?path=content&contentid=114&catid=12&themeid=0 HTTP/1.0" 302 - "-" "Mozilla/5.0 (compatible; MJ12bot/v1.4.5; http://www.majestic12.co.uk/bot.php?+)"
144.76.137.226 - - [25/May/2014:20:29:27 +0200] "GET /robots.txt HTTP/1.0" 404 1256 "-" "Mozilla/5.0 (compatible; MJ12bot/v1.4.5; http://www.majestic12.co.uk/bot.php?+)"
144.76.137.226 - - [25/May/2014:20:29:29 +0200] "GET /?path=content&contentid=93&catid=8&themeid=0 HTTP/1.0" 302 - "-" "Mozilla/5.0 (compatible; MJ12bot/v1.4.5; http://www.majestic12.co.uk/bot.php?+)"
144.76.137.226 - - [25/May/2014:20:29:35 +0200] "GET /?path=download&contentid=114 HTTP/1.0" 302 - "-" "Mozilla/5.0 (compatible; MJ12bot/v1.4.5; http://www.majestic12.co.uk/bot.php?+)"
144.76.137.226 - - [25/May/2014:20:29:39 +0200] "GET /robots.txt HTTP/1.0" 404 1256 "-" "Mozilla/5.0 (compatible; MJ12bot/v1.4.5; http://www.majestic12.co.uk/bot.php?+)"
144.76.137.226 - - [25/May/2014:20:29:42 +0200] "GET /?path=download&contentid=114&catid=12&themeid=0&nid=13 HTTP/1.0" 302 - "-" "Mozilla/5.0 (compatible; MJ12bot/v1.4.5; http://www.majestic12.co.uk/bot.php?+)"
144.76.137.226 - - [25/May/2014:20:29:54 +0200] "GET /robots.txt HTTP/1.0" 404 1256 "-" "Mozilla/5.0 (compatible; MJ12bot/v1.4.5; http://www.majestic12.co.uk/bot.php?+)"
144.76.137.226 - - [25/May/2014:20:29:57 +0200] "GET /?path=download&contentid=114&catid=12&themeid=0&nid=19 HTTP/1.0" 302 - "-" "Mozilla/5.0 (compatible; MJ12bot/v1.4.5; http://www.majestic12.co.uk/bot.php?+)"
144.76.137.226 - - [25/May/2014:20:30:05 +0200] "GET /robots.txt HTTP/1.0" 404 1256 "-" "Mozilla/5.0 (compatible; MJ12bot/v1.4.5; http://www.majestic12.co.uk/bot.php?+)"
144.76.137.226 - - [25/May/2014:20:30:06 +0200] "GET /?path=download&contentid=114&catid=12&themeid=0&nid=21 HTTP/1.0" 302 - "-" "Mozilla/5.0 (compatible; MJ12bot/v1.4.5; http://www.majestic12.co.uk/bot.php?+)"
144.76.137.226 - - [25/May/2014:20:30:15 +0200] "GET /?path=download&contentid=114&catid=12&themeid=0&nid=32 HTTP/1.0" 302 - "-" "Mozilla/5.0 (compatible; MJ12bot/v1.4.5; http://www.majestic12.co.uk/bot.php?+)"
144.76.137.226 - - [25/May/2014:20:30:21 +0200] "GET /robots.txt HTTP/1.0" 404 1256 "-" "Mozilla/5.0 (compatible; MJ12bot/v1.4.5; http://www.majestic12.co.uk/bot.php?+)"
144.76.137.226 - - [25/May/2014:20:30:25 +0200] "GET /?path=download&contentid=114&catid=12&themeid=0&nid=4 HTTP/1.0" 302 - "-" "Mozilla/5.0 (compatible; MJ12bot/v1.4.5; http://www.majestic12.co.uk/bot.php?+)"
144.76.137.226 - - [25/May/2014:20:30:30 +0200] "GET /robots.txt HTTP/1.0" 404 1256 "-" "Mozilla/5.0 (compatible; MJ12bot/v1.4.5; http://www.majestic12.co.uk/bot.php?+)"
144.76.137.226 - - [25/May/2014:20:30:35 +0200] "GET /?path=download&contentid=114&nid=13 HTTP/1.0" 302 - "-" "Mozilla/5.0 (compatible; MJ12bot/v1.4.5; http://www.majestic12.co.uk/bot.php?+)"
144.76.137.226 - - [25/May/2014:20:30:41 +0200] "GET /robots.txt HTTP/1.0" 404 1256 "-" "Mozilla/5.0 (compatible; MJ12bot/v1.4.5; http://www.majestic12.co.uk/bot.php?+)"
144.76.137.226 - - [25/May/2014:20:30:44 +0200] "GET /?path=download&contentid=114&nid=19 HTTP/1.0" 302 - "-" "Mozilla/5.0 (compatible; MJ12bot/v1.4.5; http://www.majestic12.co.uk/bot.php?+)"
144.76.137.226 - - [25/May/2014:20:30:48 +0200] "GET /robots.txt HTTP/1.0" 404 1256 "-" "Mozilla/5.0 (compatible; MJ12bot/v1.4.5; http://www.majestic12.co.uk/bot.php?+)"
144.76.137.226 - - [25/May/2014:20:30:50 +0200] "GET /?path=download&contentid=114&nid=21 HTTP/1.0" 302 - "-" "Mozilla/5.0 (compatible; MJ12bot/v1.4.5; http://www.majestic12.co.uk/bot.php?+)"
144.76.137.226 - - [25/May/2014:20:30:58 +0200] "GET /?path=download&contentid=114&nid=32 HTTP/1.0" 302 - "-" "Mozilla/5.0 (compatible; MJ12bot/v1.4.5; http://www.majestic12.co.uk/bot.php?+)"
144.76.137.226 - - [25/May/2014:20:31:03 +0200] "GET /robots.txt HTTP/1.0" 404 1256 "-" "Mozilla/5.0 (compatible; MJ12bot/v1.4.5; http://www.majestic12.co.uk/bot.php?+)"
144.76.137.226 - - [25/May/2014:20:31:05 +0200] "GET /?path=download&contentid=114&nid=4 HTTP/1.0" 302 - "-" "Mozilla/5.0 (compatible; MJ12bot/v1.4.5; http://www.majestic12.co.uk/bot.php?+)"
144.76.137.226 - - [25/May/2014:20:31:10 +0200] "GET /robots.txt HTTP/1.0" 404 1256 "-" "Mozilla/5.0 (compatible; MJ12bot/v1.4.5; http://www.majestic12.co.uk/bot.php?+)"
144.76.137.226 - - [25/May/2014:20:31:12 +0200] "GET /?path=download&contentid=93 HTTP/1.0" 302 - "-" "Mozilla/5.0 (compatible; MJ12bot/v1.4.5; http://www.majestic12.co.uk/bot.php?+)"
144.76.137.226 - - [25/May/2014:20:31:21 +0200] "GET /robots.txt HTTP/1.0" 404 1256 "-" "Mozilla/5.0 (compatible; MJ12bot/v1.4.5; http://www.majestic12.co.uk/bot.php?+)"
144.76.137.226 - - [25/May/2014:20:31:26 +0200] "GET /?path=download&contentid=93&catid=8&themeid=0&nid=13 HTTP/1.0" 302 - "-" "Mozilla/5.0 (compatible; MJ12bot/v1.4.5; http://www.majestic12.co.uk/bot.php?+)"
144.76.137.226 - - [25/May/2014:20:31:33 +0200] "GET /robots.txt HTTP/1.0" 404 1256 "-" "Mozilla/5.0 (compatible; MJ12bot/v1.4.5; http://www.majestic12.co.uk/bot.php?+)"
144.76.137.226 - - [25/May/2014:20:31:35 +0200] "GET /?path=download&contentid=93&catid=8&themeid=0&nid=19 HTTP/1.0" 302 - "-" "Mozilla/5.0 (compatible; MJ12bot/v1.4.5; http://www.majestic12.co.uk/bot.php?+)"
144.76.137.226 - - [25/May/2014:20:31:42 +0200] "GET /robots.txt HTTP/1.0" 404 1256 "-" "Mozilla/5.0 (compatible; MJ12bot/v1.4.5; http://www.majestic12.co.uk/bot.php?+)"
144.76.137.226 - - [25/May/2014:20:31:45 +0200] "GET /?path=download&contentid=93&catid=8&themeid=0&nid=21 HTTP/1.0" 302 - "-" "Mozilla/5.0 (compatible; MJ12bot/v1.4.5; http://www.majestic12.co.uk/bot.php?+)"
144.76.137.226 - - [25/May/2014:20:31:53 +0200] "GET /robots.txt HTTP/1.0" 404 1256 "-" "Mozilla/5.0 (compatible; MJ12bot/v1.4.5; http://www.majestic12.co.uk/bot.php?+)"
144.76.137.226 - - [25/May/2014:20:31:56 +0200] "GET /?path=download&contentid=93&catid=8&themeid=0&nid=32 HTTP/1.0" 302 - "-" "Mozilla/5.0 (compatible; MJ12bot/v1.4.5; http://www.majestic12.co.uk/bot.php?+)"
144.76.137.226 - - [25/May/2014:20:32:02 +0200] "GET /robots.txt HTTP/1.0" 404 1256 "-" "Mozilla/5.0 (compatible; MJ12bot/v1.4.5; http://www.majestic12.co.uk/bot.php?+)"
144.76.137.226 - - [25/May/2014:20:32:04 +0200] "GET /?path=download&contentid=93&catid=8&themeid=0&nid=4 HTTP/1.0" 302 - "-" "Mozilla/5.0 (compatible; MJ12bot/v1.4.5; http://www.majestic12.co.uk/bot.php?+)"
54.76.110.217 - - [25/May/2014:21:33:00 +0200] "HEAD / HTTP/1.1" 302 - "-" "-"
54.76.111.88 - - [25/May/2014:21:33:44 +0200] "HEAD / HTTP/1.1" 302 - "-" "-"
88.74.2.139 - - [25/May/2014:23:05:26 +0200] "GET / HTTP/1.1" 302 - "http://www.google.de/" "Mozilla/5.0 (Linux; U; Android 4.1.2; de-de; SAMSUNG GT-I9100/I9100XWLSD Build/JZO54K) AppleWebKit/534.30 (KHTML, like Gecko) Version/4.0 Mobile Safari/534.30"
208.115.113.85 - - [26/May/2014:00:38:41 +0200] "GET /robots.txt HTTP/1.1" 404 1256 "-" "Mozilla/5.0 (compatible; DotBot/1.1; http://www.opensiteexplorer.org/dotbot, help@moz.com)"
87.123.100.230 - - [26/May/2014:00:42:21 +0200] "GET / HTTP/1.1" 302 - "https://www.google.de/" "Mozilla/5.0 (iPhone; CPU iPhone OS 7_1_1 like Mac OS X) AppleWebKit/537.51.2 (KHTML, like Gecko) Version/7.0 Mobile/11D201 Safari/9537.53"
66.249.78.236 - - [26/May/2014:00:44:22 +0200] "GET /robots.txt HTTP/1.1" 404 1256 "-" "Mozilla/5.0 (compatible; Googlebot/2.1; +http://www.google.com/bot.html)"
66.249.78.236 - - [26/May/2014:00:44:23 +0200] "GET /include.php?path=content&contentid=44 HTTP/1.1" 404 1256 "-" "Mozilla/5.0 (compatible; Googlebot/2.1; +http://www.google.com/bot.html)"
37.58.100.185 - - [26/May/2014:01:04:58 +0200] "GET / HTTP/1.1" 302 - "-" "Mozilla/5.0 (compatible; AhrefsBot/5.0; +http://ahrefs.com/robot/)"
148.251.234.168 - - [26/May/2014:02:17:01 +0200] "GET /robots.txt HTTP/1.1" 404 1256 "-" "Mozilla/5.0 (X11; Ubuntu; Linux x86_64; rv:27.0) Gecko/20100101 Firefox/27.0"
148.251.234.168 - - [26/May/2014:02:17:01 +0200] "GET / HTTP/1.1" 302 - "-" "Mozilla/5.0 (X11; Ubuntu; Linux x86_64; rv:27.0) Gecko/20100101 Firefox/27.0"
66.249.78.115 - - [26/May/2014:02:25:48 +0200] "GET /robots.txt HTTP/1.1" 404 1256 "-" "Mozilla/5.0 (compatible; Googlebot/2.1; +http://www.google.com/bot.html)"
208.115.113.85 - - [26/May/2014:02:30:27 +0200] "GET /include.php?path=contentarchive&type=2&letter=K&catid=0&themeid=0&searchtext=&entries=0&order= HTTP/1.1" 404 1256 "-" "Mozilla/5.0 (compatible; DotBot/1.1; http://www.opensiteexplorer.org/dotbot, help@moz.com)"
84.38.65.176 - - [26/May/2014:05:04:08 +0200] "GET / HTTP/1.1" 302 - "http://www.sumaja.de/" "Mozilla/4.0 (compatible; MSIE 8.0; Windows NT 6.0; Trident/4.0; GTB0.0; SLCC1; .NET CLR 2.0.50727; Media Center PC 5.0; .NET CLR 3.5.30729; .NET CLR 3.0.30729; .NET4.0C)"
208.115.111.69 - - [26/May/2014:06:46:19 +0200] "GET /robots.txt HTTP/1.1" 404 1256 "-" "Mozilla/5.0 (compatible; DotBot/1.1; http://www.opensiteexplorer.org/dotbot, help@moz.com)"
208.115.111.69 - - [26/May/2014:08:30:48 +0200] "GET /include.php?path=contentarchive&type=2&letter=O&catid=0&themeid=0&searchtext=&entries=0&order= HTTP/1.1" 404 1256 "-" "Mozilla/5.0 (compatible; DotBot/1.1; http://www.opensiteexplorer.org/dotbot, help@moz.com)"
128.131.102.100 - - [26/May/2014:09:07:53 +0200] "GET / HTTP/1.0" 302 - "-" "Mozilla/5.0 (KeepRight OpenStreetMap Checker; http://keepright.at) Gecko/20100101 Firefox/22.0"
79.215.85.146 - - [26/May/2014:10:40:00 +0200] "GET / HTTP/1.1" 302 - "http://www.google.de/url?sa=t&source=web&cd=6&ved=0CEEQ_BcoAjAF&url=http%3A%2F%2Fwww.friedrich-list-berlin.de%2F&rct=j&q=friedrich%20list%20schule%20berlin&ei=af2CU5XVN8qo4gSAuYHICQ&usg=AFQjCNGsKs3TvBQ4z91zrYvo9_SfKi5nug&sig2=P0NIzGRpqaOhnJKvPeLBZg&bvm=bv.67720277,d.bGE" "Mozilla/5.0 (Linux; U; Android 4.3; de-de; GT-I9300 Build/JSS15J) AppleWebKit/534.30 (KHTML, like Gecko) Version/4.0 Mobile Safari/534.30"
93.218.140.208 - - [26/May/2014:10:41:13 +0200] "GET / HTTP/1.1" 302 - "https://www.facebook.com/" "Mozilla/5.0 (Windows NT 6.2; WOW64) AppleWebKit/537.1 (KHTML, like Gecko) Maxthon/4.1.2.2000 Chrome/26.0.1410.43 Safari/537.1"
84.215.176.221 - - [26/May/2014:10:52:28 +0200] "GET / HTTP/1.1" 302 - "-" "Java/1.7.0_51"
84.215.176.221 - - [26/May/2014:10:52:29 +0200] "GET /fls_1_aktuelles.php HTTP/1.1" 404 1256 "-" "Java/1.7.0_51"
84.215.176.221 - - [26/May/2014:10:52:29 +0200] "GET /fls_2_fremdsprachensekr.php HTTP/1.1" 404 1256 "-" "Java/1.7.0_51"
84.215.176.221 - - [26/May/2014:10:52:29 +0200] "GET /fls_3_blog.php HTTP/1.1" 404 1256 "-" "Java/1.7.0_51"
84.215.176.221 - - [26/May/2014:10:52:29 +0200] "GET /fls_4_faq.php HTTP/1.1" 404 1256 "-" "Java/1.7.0_51"
84.215.176.221 - - [26/May/2014:10:52:29 +0200] "GET /fls_4_impressum.php HTTP/1.1" 404 1256 "-" "Java/1.7.0_51"
84.215.176.221 - - [26/May/2014:10:52:29 +0200] "GET /fls_4_kontakt_anmeldung.php HTTP/1.1" 404 1256 "-" "Java/1.7.0_51"
84.215.176.221 - - [26/May/2014:10:52:29 +0200] "GET /index.php HTTP/1.1" 302 - "-" "Java/1.7.0_51"
84.215.176.221 - - [26/May/2014:10:52:30 +0200] "GET /index_en.php HTTP/1.1" 404 1256 "-" "Java/1.7.0_51"
84.215.176.221 - - [26/May/2014:10:52:30 +0200] "GET /index_fr.php HTTP/1.1" 404 1256 "-" "Java/1.7.0_51"
84.215.176.221 - - [26/May/2014:10:52:30 +0200] "GET /index_sp.php HTTP/1.1" 404 1256 "-" "Java/1.7.0_51"
84.215.176.221 - - [26/May/2014:10:52:30 +0200] "GET /& HTTP/1.1" 404 1256 "-" "Java/1.7.0_51"
84.215.176.221 - - [26/May/2014:10:52:30 +0200] "GET /& HTTP/1.1" 404 1256 "-" "Java/1.7.0_51"
84.215.176.221 - - [26/May/2014:10:52:31 +0200] "GET /& HTTP/1.1" 404 1256 "-" "Java/1.7.0_51"
84.215.176.221 - - [26/May/2014:10:52:31 +0200] "GET /& HTTP/1.1" 404 1256 "-" "Java/1.7.0_51"
84.215.176.221 - - [26/May/2014:10:52:31 +0200] "GET /& HTTP/1.1" 404 1256 "-" "Java/1.7.0_51"
84.215.176.221 - - [26/May/2014:10:52:31 +0200] "GET /& HTTP/1.1" 404 1256 "-" "Java/1.7.0_51"
84.215.176.221 - - [26/May/2014:10:52:31 +0200] "GET /& HTTP/1.1" 404 1256 "-" "Java/1.7.0_51"
84.215.176.221 - - [26/May/2014:10:52:31 +0200] "GET /& HTTP/1.1" 404 1256 "-" "Java/1.7.0_51"
84.215.176.221 - - [26/May/2014:10:52:31 +0200] "GET /& HTTP/1.1" 404 1256 "-" "Java/1.7.0_51"
84.215.176.221 - - [26/May/2014:10:52:31 +0200] "GET /& HTTP/1.1" 404 1256 "-" "Java/1.7.0_51"
84.215.176.221 - - [26/May/2014:10:52:32 +0200] "GET /& HTTP/1.1" 404 1256 "-" "Java/1.7.0_51"
84.215.176.221 - - [26/May/2014:10:52:32 +0200] "GET /& HTTP/1.1" 404 1256 "-" "Java/1.7.0_51"
84.215.176.221 - - [26/May/2014:10:52:32 +0200] "GET /& HTTP/1.1" 404 1256 "-" "Java/1.7.0_51"
84.215.176.221 - - [26/May/2014:10:52:32 +0200] "GET /& HTTP/1.1" 404 1256 "-" "Java/1.7.0_51"
84.215.176.221 - - [26/May/2014:10:52:32 +0200] "GET /& HTTP/1.1" 404 1256 "-" "Java/1.7.0_51"
84.215.176.221 - - [26/May/2014:10:52:32 +0200] "GET /& HTTP/1.1" 404 1256 "-" "Java/1.7.0_51"
84.215.176.221 - - [26/May/2014:10:52:32 +0200] "GET /& HTTP/1.1" 404 1256 "-" "Java/1.7.0_51"
84.215.176.221 - - [26/May/2014:10:52:32 +0200] "GET /& HTTP/1.1" 404 1256 "-" "Java/1.7.0_51"
84.215.176.221 - - [26/May/2014:10:52:32 +0200] "GET /& HTTP/1.1" 404 1256 "-" "Java/1.7.0_51"
84.215.176.221 - - [26/May/2014:10:52:33 +0200] "GET /& HTTP/1.1" 404 1256 "-" "Java/1.7.0_51"
46.165.197.142 - - [26/May/2014:10:58:48 +0200] "GET /robots.txt HTTP/1.0" 404 1256 "-" "Mozilla/5.0 (compatible; MJ12bot/v1.4.5; http://www.majestic12.co.uk/bot.php?+)"
46.165.197.142 - - [26/May/2014:10:58:49 +0200] "GET / HTTP/1.0" 302 - "-" "Mozilla/5.0 (compatible; MJ12bot/v1.4.5; http://www.majestic12.co.uk/bot.php?+)"
37.5.42.29 - - [26/May/2014:10:59:23 +0200] "GET / HTTP/1.1" 302 - "-" "Mozilla/5.0 (Windows NT 6.1; WOW64; rv:29.0) Gecko/20100101 Firefox/29.0"
92.231.243.154 - - [26/May/2014:11:00:55 +0200] "GET / HTTP/1.1" 302 - "-" "Mozilla/5.0 (Windows NT 6.1; WOW64; rv:29.0) Gecko/20100101 Firefox/29.0"
93.219.5.107 - - [26/May/2014:12:39:34 +0200] "GET / HTTP/1.1" 302 - "-" "Mozilla/4.0 (compatible; MSIE 8.0; Windows NT 5.1; Trident/4.0; .NET CLR 2.0.50727; .NET CLR 3.0.4506.2152; .NET CLR 3.5.30729; .NET4.0C; .NET4.0E; OfficeLiveConnector.1.5; OfficeLivePatch.1.3)"
93.219.5.107 - - [26/May/2014:12:40:08 +0200] "GET / HTTP/1.1" 302 - "-" "Mozilla/4.0 (compatible; MSIE 8.0; Windows NT 5.1; Trident/4.0; .NET CLR 2.0.50727; .NET CLR 3.0.4506.2152; .NET CLR 3.5.30729; .NET4.0C; .NET4.0E; OfficeLiveConnector.1.5; OfficeLivePatch.1.3)"
93.219.5.107 - - [26/May/2014:12:40:16 +0200] "GET / HTTP/1.1" 302 - "-" "Mozilla/4.0 (compatible; MSIE 8.0; Windows NT 5.1; Trident/4.0; .NET CLR 2.0.50727; .NET CLR 3.0.4506.2152; .NET CLR 3.5.30729; .NET4.0C; .NET4.0E; OfficeLiveConnector.1.5; OfficeLivePatch.1.3)"
93.219.5.107 - - [26/May/2014:12:40:23 +0200] "GET / HTTP/1.1" 302 - "-" "Mozilla/4.0 (compatible; MSIE 8.0; Windows NT 5.1; Trident/4.0; .NET CLR 2.0.50727; .NET CLR 3.0.4506.2152; .NET CLR 3.5.30729; .NET4.0C; .NET4.0E; OfficeLiveConnector.1.5; OfficeLivePatch.1.3)"
93.219.5.107 - - [26/May/2014:12:40:25 +0200] "GET / HTTP/1.1" 302 - "-" "Mozilla/4.0 (compatible; MSIE 8.0; Windows NT 5.1; Trident/4.0; .NET CLR 2.0.50727; .NET CLR 3.0.4506.2152; .NET CLR 3.5.30729; .NET4.0C; .NET4.0E; OfficeLiveConnector.1.5; OfficeLivePatch.1.3)"
93.219.5.107 - - [26/May/2014:12:40:27 +0200] "GET / HTTP/1.1" 302 - "-" "Mozilla/4.0 (compatible; MSIE 8.0; Windows NT 5.1; Trident/4.0; .NET CLR 2.0.50727; .NET CLR 3.0.4506.2152; .NET CLR 3.5.30729; .NET4.0C; .NET4.0E; OfficeLiveConnector.1.5; OfficeLivePatch.1.3)"
93.219.5.107 - - [26/May/2014:13:10:40 +0200] "GET / HTTP/1.1" 302 - "-" "Mozilla/4.0 (compatible; MSIE 8.0; Windows NT 5.1; Trident/4.0; .NET CLR 2.0.50727; .NET CLR 3.0.4506.2152; .NET CLR 3.5.30729; .NET4.0C; .NET4.0E; OfficeLiveConnector.1.5; OfficeLivePatch.1.3)"
208.115.111.69 - - [26/May/2014:14:40:52 +0200] "GET /robots.txt HTTP/1.1" 404 1256 "-" "Mozilla/5.0 (compatible; DotBot/1.1; http://www.opensiteexplorer.org/dotbot, help@moz.com)"
66.249.78.115 - - [26/May/2014:15:10:06 +0200] "GET /robots.txt HTTP/1.1" 404 1256 "-" "Mozilla/5.0 (compatible; Googlebot/2.1; +http://www.google.com/bot.html)"
66.249.78.115 - - [26/May/2014:15:10:07 +0200] "GET / HTTP/1.1" 302 - "-" "Mozilla/5.0 (compatible; Googlebot/2.1; +http://www.google.com/bot.html)"
208.115.111.69 - - [26/May/2014:16:24:15 +0200] "GET /include.php?path=contentarchive&type=2&nid=13 HTTP/1.1" 404 1256 "-" "Mozilla/5.0 (compatible; DotBot/1.1; http://www.opensiteexplorer.org/dotbot, help@moz.com)"
46.115.137.38 - - [26/May/2014:16:33:48 +0200] "GET / HTTP/1.1" 302 - "-" "Mozilla/5.0 (iPad; CPU OS 7_1 like Mac OS X) AppleWebKit/537.51.2 (KHTML, like Gecko) Version/7.0 Mobile/11D167 Safari/9537.53"
