77.173.163.90 - - [30/May/2014:12:55:32 +0200] "GET /& HTTP/1.1" 404 1256 "-" "Java/1.7.0_55"
77.173.163.90 - - [30/May/2014:12:55:33 +0200] "GET /& HTTP/1.1" 404 1256 "-" "Java/1.7.0_55"
77.173.163.90 - - [30/May/2014:12:55:33 +0200] "GET /& HTTP/1.1" 404 1256 "-" "Java/1.7.0_55"
77.173.163.90 - - [30/May/2014:12:55:33 +0200] "GET /& HTTP/1.1" 404 1256 "-" "Java/1.7.0_55"
77.173.163.90 - - [30/May/2014:12:55:33 +0200] "GET /& HTTP/1.1" 404 1256 "-" "Java/1.7.0_55"
77.173.163.90 - - [30/May/2014:12:55:34 +0200] "GET /& HTTP/1.1" 404 1256 "-" "Java/1.7.0_55"
174.129.237.157 - - [30/May/2014:14:23:21 +0200] "GET /robots.txt HTTP/1.0" 404 1256 "-" "ia_archiver (+http://www.alexa.com/site/help/webmasters; crawler@alexa.com)"
174.129.237.157 - - [30/May/2014:14:23:21 +0200] "GET / HTTP/1.0" 302 - "-" "ia_archiver (+http://www.alexa.com/site/help/webmasters; crawler@alexa.com)"
208.115.111.69 - - [30/May/2014:14:40:12 +0200] "GET /robots.txt HTTP/1.1" 404 1256 "-" "Mozilla/5.0 (compatible; DotBot/1.1; http://www.opensiteexplorer.org/dotbot, help@moz.com)"
66.249.79.232 - - [30/May/2014:15:43:17 +0200] "GET /robots.txt HTTP/1.1" 404 1256 "-" "Mozilla/5.0 (compatible; Googlebot/2.1; +http://www.google.com/bot.html)"
66.249.79.232 - - [30/May/2014:15:43:17 +0200] "GET /include.php?path=contentarchive&type=1&letter=F&catid=1&themeid=0&searchtext=&entries=0&order=titled&nid=19 HTTP/1.1" 404 1256 "-" "Mozilla/5.0 (compatible; Googlebot/2.1; +http://www.google.com/bot.html)"
2.174.192.17 - - [30/May/2014:15:55:28 +0200] "GET / HTTP/1.1" 302 - "http://www.regional.planet-beruf.de/details.jsp?roid=157&oid=100400300&tid=1&eid=3026" "Mozilla/5.0 (Windows NT 6.0; rv:30.0) Gecko/20100101 Firefox/30.0"
208.115.111.69 - - [30/May/2014:16:26:54 +0200] "GET /?path=contentarchive&type=2&letter=E&catid=0&themeid=0&searchtext=&entries=0&order= HTTP/1.1" 302 - "-" "Mozilla/5.0 (compatible; DotBot/1.1; http://www.opensiteexplorer.org/dotbot, help@moz.com)"
208.115.111.69 - - [30/May/2014:16:26:58 +0200] "GET /include.php?path=contentarchive&type=2&letter=S&catid=0&themeid=0&searchtext=&entries=0&order=&nid=32 HTTP/1.1" 404 1256 "-" "Mozilla/5.0 (compatible; DotBot/1.1; http://www.opensiteexplorer.org/dotbot, help@moz.com)"
77.173.163.90 - - [30/May/2014:16:39:22 +0200] "GET / HTTP/1.1" 302 - "-" "Java/1.7.0_55"
77.173.163.90 - - [30/May/2014:16:39:23 +0200] "GET /fls_1_aktuelles.php HTTP/1.1" 404 1256 "-" "Java/1.7.0_55"
77.173.163.90 - - [30/May/2014:16:39:23 +0200] "GET /fls_2_fremdsprachensekr.php HTTP/1.1" 404 1256 "-" "Java/1.7.0_55"
77.173.163.90 - - [30/May/2014:16:39:23 +0200] "GET /fls_3_blog.php HTTP/1.1" 404 1256 "-" "Java/1.7.0_55"
77.173.163.90 - - [30/May/2014:16:39:24 +0200] "GET /fls_4_faq.php HTTP/1.1" 404 1256 "-" "Java/1.7.0_55"
77.173.163.90 - - [30/May/2014:16:39:24 +0200] "GET /fls_4_impressum.php HTTP/1.1" 404 1256 "-" "Java/1.7.0_55"
77.173.163.90 - - [30/May/2014:16:39:24 +0200] "GET /fls_4_kontakt_anmeldung.php HTTP/1.1" 404 1256 "-" "Java/1.7.0_55"
77.173.163.90 - - [30/May/2014:16:39:24 +0200] "GET /index.php HTTP/1.1" 302 - "-" "Java/1.7.0_55"
77.173.163.90 - - [30/May/2014:16:39:25 +0200] "GET /index_en.php HTTP/1.1" 404 1256 "-" "Java/1.7.0_55"
77.173.163.90 - - [30/May/2014:16:39:25 +0200] "GET /index_fr.php HTTP/1.1" 404 1256 "-" "Java/1.7.0_55"
77.173.163.90 - - [30/May/2014:16:39:26 +0200] "GET /index_sp.php HTTP/1.1" 404 1256 "-" "Java/1.7.0_55"
77.173.163.90 - - [30/May/2014:16:39:26 +0200] "GET /& HTTP/1.1" 404 1256 "-" "Java/1.7.0_55"
77.173.163.90 - - [30/May/2014:16:39:26 +0200] "GET /& HTTP/1.1" 404 1256 "-" "Java/1.7.0_55"
77.173.163.90 - - [30/May/2014:16:39:26 +0200] "GET /& HTTP/1.1" 404 1256 "-" "Java/1.7.0_55"
77.173.163.90 - - [30/May/2014:16:39:27 +0200] "GET /& HTTP/1.1" 404 1256 "-" "Java/1.7.0_55"
77.173.163.90 - - [30/May/2014:16:39:27 +0200] "GET /& HTTP/1.1" 404 1256 "-" "Java/1.7.0_55"
77.173.163.90 - - [30/May/2014:16:39:27 +0200] "GET /& HTTP/1.1" 404 1256 "-" "Java/1.7.0_55"
77.173.163.90 - - [30/May/2014:16:39:28 +0200] "GET /& HTTP/1.1" 404 1256 "-" "Java/1.7.0_55"
77.173.163.90 - - [30/May/2014:16:39:28 +0200] "GET /& HTTP/1.1" 404 1256 "-" "Java/1.7.0_55"
77.173.163.90 - - [30/May/2014:16:39:28 +0200] "GET /& HTTP/1.1" 404 1256 "-" "Java/1.7.0_55"
77.173.163.90 - - [30/May/2014:16:39:28 +0200] "GET /& HTTP/1.1" 404 1256 "-" "Java/1.7.0_55"
77.173.163.90 - - [30/May/2014:16:39:29 +0200] "GET /& HTTP/1.1" 404 1256 "-" "Java/1.7.0_55"
77.173.163.90 - - [30/May/2014:16:39:29 +0200] "GET /& HTTP/1.1" 404 1256 "-" "Java/1.7.0_55"
77.173.163.90 - - [30/May/2014:16:39:29 +0200] "GET /& HTTP/1.1" 404 1256 "-" "Java/1.7.0_55"
77.173.163.90 - - [30/May/2014:16:39:30 +0200] "GET /& HTTP/1.1" 404 1256 "-" "Java/1.7.0_55"
77.173.163.90 - - [30/May/2014:16:39:30 +0200] "GET /& HTTP/1.1" 404 1256 "-" "Java/1.7.0_55"
77.173.163.90 - - [30/May/2014:16:39:30 +0200] "GET /& HTTP/1.1" 404 1256 "-" "Java/1.7.0_55"
77.173.163.90 - - [30/May/2014:16:39:31 +0200] "GET /& HTTP/1.1" 404 1256 "-" "Java/1.7.0_55"
77.173.163.90 - - [30/May/2014:16:39:31 +0200] "GET /& HTTP/1.1" 404 1256 "-" "Java/1.7.0_55"
77.173.163.90 - - [30/May/2014:16:39:31 +0200] "GET /& HTTP/1.1" 404 1256 "-" "Java/1.7.0_55"
77.173.163.90 - - [30/May/2014:16:39:31 +0200] "GET /& HTTP/1.1" 404 1256 "-" "Java/1.7.0_55"
208.115.113.85 - - [30/May/2014:16:51:08 +0200] "GET /robots.txt HTTP/1.1" 404 1256 "-" "Mozilla/5.0 (compatible; DotBot/1.1; http://www.opensiteexplorer.org/dotbot, help@moz.com)"
141.8.147.12 - - [30/May/2014:17:58:28 +0200] "GET /robots.txt HTTP/1.1" 404 1256 "-" "Mozilla/5.0 (compatible; YandexBot/3.0; +http://yandex.com/bots)"
141.8.147.12 - - [30/May/2014:17:58:30 +0200] "GET / HTTP/1.1" 302 - "-" "Mozilla/5.0 (compatible; YandexBot/3.0; +http://yandex.com/bots)"
208.115.111.69 - - [30/May/2014:18:34:15 +0200] "GET /robots.txt HTTP/1.1" 404 1256 "-" "Mozilla/5.0 (compatible; DotBot/1.1; http://www.opensiteexplorer.org/dotbot, help@moz.com)"
208.115.113.85 - - [30/May/2014:18:47:22 +0200] "GET /include.php?path=contentarchive&type=2&letter=I&catid=0&themeid=0&searchtext=&entries=0&order=title HTTP/1.1" 404 1256 "-" "Mozilla/5.0 (compatible; DotBot/1.1; http://www.opensiteexplorer.org/dotbot, help@moz.com)"
208.115.113.85 - - [30/May/2014:18:47:28 +0200] "GET /include.php?path=contentarchive&type=2&nid=30 HTTP/1.1" 404 1256 "-" "Mozilla/5.0 (compatible; DotBot/1.1; http://www.opensiteexplorer.org/dotbot, help@moz.com)"
208.115.111.69 - - [30/May/2014:20:11:30 +0200] "GET /include.php?path=contentarchive&type=2&letter=N&catid=0&themeid=0&searchtext=&entries=0&order= HTTP/1.1" 404 1256 "-" "Mozilla/5.0 (compatible; DotBot/1.1; http://www.opensiteexplorer.org/dotbot, help@moz.com)"
208.115.113.85 - - [30/May/2014:20:38:11 +0200] "GET /robots.txt HTTP/1.1" 404 1256 "-" "Mozilla/5.0 (compatible; DotBot/1.1; http://www.opensiteexplorer.org/dotbot, help@moz.com)"
46.165.197.141 - - [30/May/2014:21:08:57 +0200] "GET /robots.txt HTTP/1.0" 404 1256 "-" "Mozilla/5.0 (compatible; MJ12bot/v1.4.5; http://www.majestic12.co.uk/bot.php?+)"
46.165.197.141 - - [30/May/2014:21:08:58 +0200] "GET / HTTP/1.0" 302 - "-" "Mozilla/5.0 (compatible; MJ12bot/v1.4.5; http://www.majestic12.co.uk/bot.php?+)"
208.115.113.85 - - [30/May/2014:22:32:43 +0200] "GET /?path=start HTTP/1.1" 302 - "-" "Mozilla/5.0 (compatible; DotBot/1.1; http://www.opensiteexplorer.org/dotbot, help@moz.com)"
208.115.113.85 - - [30/May/2014:22:32:52 +0200] "GET /include.php?path=content&contentid=35 HTTP/1.1" 404 1256 "-" "Mozilla/5.0 (compatible; DotBot/1.1; http://www.opensiteexplorer.org/dotbot, help@moz.com)"
208.115.111.69 - - [30/May/2014:22:33:21 +0200] "GET /robots.txt HTTP/1.1" 404 1256 "-" "Mozilla/5.0 (compatible; DotBot/1.1; http://www.opensiteexplorer.org/dotbot, help@moz.com)"
208.115.111.69 - - [31/May/2014:00:14:44 +0200] "GET /?path=contentarchive&type=2&letter=N&catid=0&themeid=0&searchtext=&entries=0&order= HTTP/1.1" 302 - "-" "Mozilla/5.0 (compatible; DotBot/1.1; http://www.opensiteexplorer.org/dotbot, help@moz.com)"
208.115.113.85 - - [31/May/2014:00:44:30 +0200] "GET /robots.txt HTTP/1.1" 404 1256 "-" "Mozilla/5.0 (compatible; DotBot/1.1; http://www.opensiteexplorer.org/dotbot, help@moz.com)"
141.8.147.12 - - [31/May/2014:01:42:30 +0200] "GET /robots.txt HTTP/1.1" 404 1256 "-" "Mozilla/5.0 (compatible; YandexBot/3.0; +http://yandex.com/bots)"
141.8.147.12 - - [31/May/2014:01:42:32 +0200] "GET / HTTP/1.1" 302 - "-" "Mozilla/5.0 (compatible; YandexBot/3.0; +http://yandex.com/bots)"
46.229.170.197 - - [31/May/2014:02:28:01 +0200] "GET / HTTP/1.1" 302 - "-" "Mozilla/5.0 (X11; U; Linux x86_64; en-US; rv:1.9.2a1pre) Gecko/20090428 Firefox/3.6a1pre"
208.115.111.69 - - [31/May/2014:02:35:13 +0200] "GET /robots.txt HTTP/1.1" 404 1256 "-" "Mozilla/5.0 (compatible; DotBot/1.1; http://www.opensiteexplorer.org/dotbot, help@moz.com)"
208.115.113.85 - - [31/May/2014:02:36:55 +0200] "GET /?path=contentarchive&type=2&letter=J&catid=0&themeid=0&searchtext=&entries=0&order= HTTP/1.1" 302 - "-" "Mozilla/5.0 (compatible; DotBot/1.1; http://www.opensiteexplorer.org/dotbot, help@moz.com)"
94.242.222.29 - - [31/May/2014:04:05:53 +0200] "GET /fls_1_aktuelles.php HTTP/1.1" 404 1256 "-" "Mozilla/4.0 (compatible; MSIE 8.0; Windows NT 6.1; Trident/4.0)"
208.115.111.69 - - [31/May/2014:04:19:27 +0200] "GET /include.php?path=contentarchive&type=3&letter=J&catid=0&themeid=0&searchtext=&entries=0&order= HTTP/1.1" 404 1256 "-" "Mozilla/5.0 (compatible; DotBot/1.1; http://www.opensiteexplorer.org/dotbot, help@moz.com)"
208.115.113.85 - - [31/May/2014:04:50:04 +0200] "GET /robots.txt HTTP/1.1" 404 1256 "-" "Mozilla/5.0 (compatible; DotBot/1.1; http://www.opensiteexplorer.org/dotbot, help@moz.com)"
208.115.111.69 - - [31/May/2014:06:39:05 +0200] "GET /robots.txt HTTP/1.1" 404 1256 "-" "Mozilla/5.0 (compatible; DotBot/1.1; http://www.opensiteexplorer.org/dotbot, help@moz.com)"
208.115.113.85 - - [31/May/2014:06:41:38 +0200] "GET /include.php?path=contentarchive&type=2&letter=0-9&catid=0&themeid=0&searchtext=&entries=0&order= HTTP/1.1" 404 1256 "-" "Mozilla/5.0 (compatible; DotBot/1.1; http://www.opensiteexplorer.org/dotbot, help@moz.com)"
66.249.79.232 - - [31/May/2014:07:12:53 +0200] "GET /robots.txt HTTP/1.1" 404 1256 "-" "Mozilla/5.0 (compatible; Googlebot/2.1; +http://www.google.com/bot.html)"
66.249.79.4 - - [31/May/2014:07:12:53 +0200] "GET /include.php?path=contentarchive&type=1&catid=1&letter=X&entries=0&searchtext=&order=dated HTTP/1.1" 404 1256 "-" "Mozilla/5.0 (compatible; Googlebot/2.1; +http://www.google.com/bot.html)"
208.115.111.69 - - [31/May/2014:08:19:01 +0200] "GET /include.php?path=content&contentid=36 HTTP/1.1" 404 1256 "-" "Mozilla/5.0 (compatible; DotBot/1.1; http://www.opensiteexplorer.org/dotbot, help@moz.com)"
66.249.79.232 - - [31/May/2014:09:29:27 +0200] "GET /include.php?path=contentarchive&type=1&catid=1&letter=G&entries=0&searchtext=&order=dated&nid=19 HTTP/1.1" 404 1256 "-" "Mozilla/5.0 (compatible; Googlebot/2.1; +http://www.google.com/bot.html)"
94.242.222.29 - - [31/May/2014:09:42:26 +0200] "GET /fls_4_impressum.php HTTP/1.1" 404 1256 "-" "Mozilla/4.0 (compatible; MSIE 8.0; Windows NT 6.1; Trident/4.0)"
208.115.111.69 - - [31/May/2014:10:42:41 +0200] "GET /robots.txt HTTP/1.1" 404 1256 "-" "Mozilla/5.0 (compatible; DotBot/1.1; http://www.opensiteexplorer.org/dotbot, help@moz.com)"
162.210.196.98 - - [31/May/2014:11:32:33 +0200] "GET /robots.txt HTTP/1.0" 404 1256 "-" "Mozilla/5.0 (compatible; MJ12bot/v1.4.5; http://www.majestic12.co.uk/bot.php?+)"
162.210.196.98 - - [31/May/2014:11:32:35 +0200] "GET / HTTP/1.0" 302 - "-" "Mozilla/5.0 (compatible; MJ12bot/v1.4.5; http://www.majestic12.co.uk/bot.php?+)"
178.77.126.55 - - [31/May/2014:12:25:22 +0200] "GET /robots.txt HTTP/1.1" 404 1256 "-" "Mozilla/5.0 (compatible; CareerBot/1.1; +http://www.career-x.de/bot.html)"
178.77.126.55 - - [31/May/2014:12:25:22 +0200] "GET / HTTP/1.1" 302 - "-" "Mozilla/5.0 (compatible; CareerBot/1.1; +http://www.career-x.de/bot.html)"
208.115.111.69 - - [31/May/2014:12:28:36 +0200] "GET /include.php?path=contentarchive&type=2&letter=Z&catid=0&themeid=0&searchtext=&entries=0&order= HTTP/1.1" 404 1256 "-" "Mozilla/5.0 (compatible; DotBot/1.1; http://www.opensiteexplorer.org/dotbot, help@moz.com)"
178.5.208.21 - - [31/May/2014:12:48:33 +0200] "GET /favicon.ico HTTP/1.1" 404 1256 "-" "Mozilla/4.0 (compatible; MSIE 7.0; Windows NT 6.1; Trident/7.0; SLCC2; .NET CLR 2.0.50727; .NET CLR 3.5.30729; .NET CLR 3.0.30729; Media Center PC 6.0; InfoPath.2; .NET4.0C; OfficeLiveConnector.1.5; OfficeLivePatch.1.3; Tablet PC 2.0; .NET4.0E)"
176.9.76.43 - - [31/May/2014:16:01:35 +0200] "GET / HTTP/1.1" 302 - "-" "Mozilla/5.0 (X11; Ubuntu; Linux x86_64; rv:27.0) Gecko/20100101 Firefox/27.0"
208.115.113.85 - - [31/May/2014:16:37:48 +0200] "GET /robots.txt HTTP/1.1" 404 1256 "-" "Mozilla/5.0 (compatible; DotBot/1.1; http://www.opensiteexplorer.org/dotbot, help@moz.com)"
5.9.20.44 - - [31/May/2014:17:00:08 +0200] "GET /robots.txt HTTP/1.1" 404 1256 "-" "Mozilla/5.0 (X11; Ubuntu; Linux x86_64; rv:27.0) Gecko/20100101 Firefox/27.0"
5.9.20.44 - - [31/May/2014:17:00:08 +0200] "GET / HTTP/1.1" 302 - "-" "Mozilla/5.0 (X11; Ubuntu; Linux x86_64; rv:27.0) Gecko/20100101 Firefox/27.0"
208.115.113.85 - - [31/May/2014:18:28:36 +0200] "GET /include.php?path=contentarchive&type=2&letter=H&catid=0&themeid=0&searchtext=&entries=0&order=title HTTP/1.1" 404 1256 "-" "Mozilla/5.0 (compatible; DotBot/1.1; http://www.opensiteexplorer.org/dotbot, help@moz.com)"
141.8.147.12 - - [31/May/2014:18:35:35 +0200] "GET /robots.txt HTTP/1.1" 404 1256 "-" "Mozilla/5.0 (compatible; YandexBot/3.0; +http://yandex.com/bots)"
141.8.147.12 - - [31/May/2014:18:35:37 +0200] "GET / HTTP/1.1" 302 - "-" "Mozilla/5.0 (compatible; YandexBot/3.0; +http://yandex.com/bots)"
208.115.111.69 - - [31/May/2014:18:36:54 +0200] "GET /robots.txt HTTP/1.1" 404 1256 "-" "Mozilla/5.0 (compatible; DotBot/1.1; http://www.opensiteexplorer.org/dotbot, help@moz.com)"
188.138.41.108 - - [31/May/2014:19:54:12 +0200] "GET /robots.txt HTTP/1.1" 404 1256 "-" "Mozilla/5.0 (X11; U; Linux i686; de; rv:1.9.0.1; compatible; iCjobs Stellenangebote Jobs; http://www.icjobs.de) Gecko/20100401 iCjobs/3.2.3"
188.138.41.108 - - [31/May/2014:19:54:12 +0200] "GET / HTTP/1.1" 302 - "-" "Mozilla/5.0 (X11; U; Linux i686; de; rv:1.9.0.1; compatible; iCjobs Stellenangebote Jobs; http://www.icjobs.de) Gecko/20100401 iCjobs/3.2.3"
188.138.41.108 - - [31/May/2014:19:54:13 +0200] "GET / HTTP/1.1" 302 - "-" "Mozilla/5.0 (X11; U; Linux i686; de; rv:1.9.0.1; compatible; iCjobs Stellenangebote Jobs; http://www.icjobs.de) Gecko/20100401 iCjobs/3.2.3"
208.115.111.69 - - [31/May/2014:20:14:36 +0200] "GET /include.php?path=contentarchive&type=2&letter=K&catid=0&themeid=0&searchtext=&entries=0&order=title HTTP/1.1" 404 1256 "-" "Mozilla/5.0 (compatible; DotBot/1.1; http://www.opensiteexplorer.org/dotbot, help@moz.com)"
77.12.27.77 - - [31/May/2014:20:20:31 +0200] "GET / HTTP/1.1" 302 - "http://www.friedrich-list-berlin.eu/fls_4_impressum.php" "Mozilla/5.0 (Windows NT 6.1; WOW64; Trident/7.0; rv:11.0) like Gecko"
208.115.113.85 - - [31/May/2014:20:39:09 +0200] "GET /robots.txt HTTP/1.1" 404 1256 "-" "Mozilla/5.0 (compatible; DotBot/1.1; http://www.opensiteexplorer.org/dotbot, help@moz.com)"
85.214.138.248 - - [31/May/2014:20:50:27 +0200] "GET / HTTP/1.1" 302 - "http://www.loadtime.net/website/www.friedrich-list-berlin.de" "Mozilla/5.0 (compatible; LoadTimeBot/0.9; +http://www.loadtime.net/bot.html)"
66.249.78.236 - - [31/May/2014:21:17:34 +0200] "GET /robots.txt HTTP/1.1" 404 1256 "-" "Mozilla/5.0 (compatible; Googlebot/2.1; +http://www.google.com/bot.html)"
66.249.78.236 - - [31/May/2014:21:17:34 +0200] "GET /include.php?path=comment&comcat=cont&subid=55&nid=13 HTTP/1.1" 404 1256 "-" "Mozilla/5.0 (compatible; Googlebot/2.1; +http://www.google.com/bot.html)"
66.249.78.236 - - [31/May/2014:22:02:34 +0200] "GET /?path=content&contentid=47&nid=17 HTTP/1.1" 302 - "-" "Mozilla/5.0 (compatible; Googlebot/2.1; +http://www.google.com/bot.html)"
208.115.113.85 - - [31/May/2014:22:26:53 +0200] "GET /include.php?path=contentarchive&type=2&letter=M&catid=0&themeid=0&searchtext=&entries=0&order= HTTP/1.1" 404 1256 "-" "Mozilla/5.0 (compatible; DotBot/1.1; http://www.opensiteexplorer.org/dotbot, help@moz.com)"
208.115.113.85 - - [31/May/2014:22:26:56 +0200] "GET /include.php?path=contentarchive&type=2&letter=P&catid=0&themeid=0&searchtext=&entries=0&order= HTTP/1.1" 404 1256 "-" "Mozilla/5.0 (compatible; DotBot/1.1; http://www.opensiteexplorer.org/dotbot, help@moz.com)"
178.255.215.70 - - [31/May/2014:22:58:03 +0200] "GET /robots.txt HTTP/1.1" 404 1256 "-" "Mozilla/5.0 (compatible; Exabot/3.0; +http://www.exabot.com/go/robot)"
178.255.215.70 - - [31/May/2014:22:58:03 +0200] "GET / HTTP/1.1" 302 - "-" "Mozilla/5.0 (compatible; Exabot/3.0; +http://www.exabot.com/go/robot)"
66.249.78.236 - - [31/May/2014:22:58:50 +0200] "GET /include.php?path=comment&comcat=cont&subid=57&nid=2 HTTP/1.1" 404 1256 "-" "Mozilla/5.0 (compatible; Googlebot/2.1; +http://www.google.com/bot.html)"
178.255.215.68 - - [31/May/2014:23:25:25 +0200] "GET /robots.txt HTTP/1.1" 404 1256 "-" "Mozilla/5.0 (compatible; Exabot/3.0; +http://www.exabot.com/go/robot)"
178.255.215.68 - - [31/May/2014:23:25:26 +0200] "GET / HTTP/1.1" 302 - "-" "Mozilla/5.0 (compatible; Exabot/3.0; +http://www.exabot.com/go/robot)"