66.249.68.232 - - [05/May/2014:09:20:15 +0200] "GET /include.php?path=contentarchive&type=4&letter=Z&catid=6&themeid=0&searchtext=&entries=0&order=dated&nid=32 HTTP/1.1" 404 1256 "-" "Mozilla/5.0 (compatible; Googlebot/2.1; +http://www.google.com/bot.html)"
66.249.68.4 - - [05/May/2014:09:21:47 +0200] "GET /include.php?path=contentarchive&type=2&catid=8&letter=R&entries=0&searchtext=&order=title&nid=21 HTTP/1.1" 404 1256 "-" "Mozilla/5.0 (compatible; Googlebot/2.1; +http://www.google.com/bot.html)"
66.249.68.232 - - [05/May/2014:09:24:53 +0200] "GET /include.php?path=contentarchive&type=1&letter=L&catid=9&themeid=0&searchtext=&entries=0&order=dated&nid=13 HTTP/1.1" 404 1256 "-" "Mozilla/5.0 (compatible; Googlebot/2.1; +http://www.google.com/bot.html)"
66.249.68.4 - - [05/May/2014:09:26:25 +0200] "GET /include.php?path=contentarchive&type=4&letter=R&catid=0&themeid=0&searchtext=&entries=0&order=title&nid=13 HTTP/1.1" 404 1256 "-" "Mozilla/5.0 (compatible; Googlebot/2.1; +http://www.google.com/bot.html)"
188.138.41.108 - - [05/May/2014:09:40:42 +0200] "GET /robots.txt HTTP/1.1" 404 1256 "-" "Mozilla/5.0 (X11; U; Linux i686; de; rv:1.9.0.1; compatible; iCjobs Stellenangebote Jobs; http://www.icjobs.de) Gecko/20100401 iCjobs/3.2.3"
188.138.41.108 - - [05/May/2014:09:40:42 +0200] "GET / HTTP/1.1" 302 - "-" "Mozilla/5.0 (X11; U; Linux i686; de; rv:1.9.0.1; compatible; iCjobs Stellenangebote Jobs; http://www.icjobs.de) Gecko/20100401 iCjobs/3.2.3"
188.138.41.108 - - [05/May/2014:09:40:43 +0200] "GET / HTTP/1.1" 302 - "-" "Mozilla/5.0 (X11; U; Linux i686; de; rv:1.9.0.1; compatible; iCjobs Stellenangebote Jobs; http://www.icjobs.de) Gecko/20100401 iCjobs/3.2.3"
66.249.68.232 - - [05/May/2014:09:48:03 +0200] "GET /include.php?path=contentarchive&type=4&letter=Y&catid=1&themeid=0&searchtext=&entries=0&order=title HTTP/1.1" 404 1256 "-" "Mozilla/5.0 (compatible; Googlebot/2.1; +http://www.google.com/bot.html)"
66.249.68.232 - - [05/May/2014:09:49:36 +0200] "GET /include.php?path=contentarchive&type=1&catid=0&letter=H&entries=0&searchtext=&order=title&nid=13 HTTP/1.1" 404 1256 "-" "Mozilla/5.0 (compatible; Googlebot/2.1; +http://www.google.com/bot.html)"
66.249.68.36 - - [05/May/2014:09:51:09 +0200] "GET /include.php?path=contentarchive&type=4&catid=0&letter=N&entries=0&searchtext=&order=date&nid=21 HTTP/1.1" 404 1256 "-" "Mozilla/5.0 (compatible; Googlebot/2.1; +http://www.google.com/bot.html)"
66.249.68.4 - - [05/May/2014:09:52:41 +0200] "GET /include.php?path=content&mode=vote&contentid=117&type=4&content_vote=4&action=Go&nid=13 HTTP/1.1" 404 1256 "-" "Mozilla/5.0 (compatible; Googlebot/2.1; +http://www.google.com/bot.html)"
66.249.68.4 - - [05/May/2014:09:54:14 +0200] "GET /include.php?path=contentarchive&type=2&catid=1&letter=S&entries=0&searchtext=&order=date&nid=21 HTTP/1.1" 404 1256 "-" "Mozilla/5.0 (compatible; Googlebot/2.1; +http://www.google.com/bot.html)"
66.249.68.4 - - [05/May/2014:09:55:47 +0200] "GET /include.php?path=contentarchive&type=1&catid=10&letter=P&entries=0&searchtext=&order=titled&nid=19 HTTP/1.1" 404 1256 "-" "Mozilla/5.0 (compatible; Googlebot/2.1; +http://www.google.com/bot.html)"
66.249.68.36 - - [05/May/2014:09:57:19 +0200] "GET /include.php?path=contentarchive&type=4&catid=8&letter=Q&entries=0&searchtext=&order=titled&nid=13 HTTP/1.1" 404 1256 "-" "Mozilla/5.0 (compatible; Googlebot/2.1; +http://www.google.com/bot.html)"
66.249.68.4 - - [05/May/2014:09:58:52 +0200] "GET /include.php?path=contentarchive&type=1&letter=X&catid=0&themeid=0&searchtext=&entries=5&order=title&nid=21 HTTP/1.1" 404 1256 "-" "Mozilla/5.0 (compatible; Googlebot/2.1; +http://www.google.com/bot.html)"
66.249.68.36 - - [05/May/2014:10:00:25 +0200] "GET /include.php?path=contentarchive&type=4&nid=2 HTTP/1.1" 404 1256 "-" "Mozilla/5.0 (compatible; Googlebot/2.1; +http://www.google.com/bot.html)"
66.249.68.36 - - [05/May/2014:10:01:58 +0200] "GET /include.php?path=contentarchive&type=4&letter=C&catid=1&themeid=0&searchtext=&entries=0&order=&nid=19 HTTP/1.1" 404 1256 "-" "Mozilla/5.0 (compatible; Googlebot/2.1; +http://www.google.com/bot.html)"
66.249.68.232 - - [05/May/2014:10:03:30 +0200] "GET /include.php?path=contentarchive&type=2&letter=T&catid=9&themeid=0&searchtext=&entries=0&order=titled HTTP/1.1" 404 1256 "-" "Mozilla/5.0 (compatible; Googlebot/2.1; +http://www.google.com/bot.html)"
66.249.68.36 - - [05/May/2014:10:05:03 +0200] "GET /include.php?path=content&mode=vote&contentid=77&type=1&content_vote=8&action=Go HTTP/1.1" 404 1256 "-" "Mozilla/5.0 (compatible; Googlebot/2.1; +http://www.google.com/bot.html)"
66.249.68.36 - - [05/May/2014:10:08:08 +0200] "GET /include.php?path=contentarchive&type=2&catid=0&letter=N&entries=0&searchtext=&order=titled&nid=32 HTTP/1.1" 404 1256 "-" "Mozilla/5.0 (compatible; Googlebot/2.1; +http://www.google.com/bot.html)"
66.249.68.36 - - [05/May/2014:10:09:41 +0200] "GET /include.php?path=contentarchive&type=4&catid=6&letter=M&entries=0&searchtext=&order=date HTTP/1.1" 404 1256 "-" "Mozilla/5.0 (compatible; Googlebot/2.1; +http://www.google.com/bot.html)"
66.249.68.232 - - [05/May/2014:10:11:14 +0200] "GET /include.php?path=contentarchive&catid=1&type=1&nid=32 HTTP/1.1" 404 1256 "-" "Mozilla/5.0 (compatible; Googlebot/2.1; +http://www.google.com/bot.html)"
66.249.68.232 - - [05/May/2014:10:12:46 +0200] "GET /include.php?path=contentarchive&type=3&catid=1&letter=&entries=0&searchtext=&order=date&nid=4 HTTP/1.1" 404 1256 "-" "Mozilla/5.0 (compatible; Googlebot/2.1; +http://www.google.com/bot.html)"
66.249.68.36 - - [05/May/2014:10:14:19 +0200] "GET /include.php?path=contentarchive&type=1&catid=1&letter=H&entries=0&searchtext=&order=dated&nid=32 HTTP/1.1" 404 1256 "-" "Mozilla/5.0 (compatible; Googlebot/2.1; +http://www.google.com/bot.html)"
66.249.68.232 - - [05/May/2014:10:15:52 +0200] "GET /include.php?path=contentarchive&type=1&letter=P&catid=10&themeid=0&searchtext=&entries=0&order=titled HTTP/1.1" 404 1256 "-" "Mozilla/5.0 (compatible; Googlebot/2.1; +http://www.google.com/bot.html)"
66.249.68.36 - - [05/May/2014:10:17:25 +0200] "GET /include.php?path=contentarchive&type=4&catid=1&letter=K&entries=0&searchtext=&order=date HTTP/1.1" 404 1256 "-" "Mozilla/5.0 (compatible; Googlebot/2.1; +http://www.google.com/bot.html)"
66.249.68.4 - - [05/May/2014:10:20:30 +0200] "GET /include.php?path=contentarchive&type=2&letter=J&catid=0&themeid=0&searchtext=&entries=0&order=titled&nid=21 HTTP/1.1" 404 1256 "-" "Mozilla/5.0 (compatible; Googlebot/2.1; +http://www.google.com/bot.html)"
66.249.68.36 - - [05/May/2014:10:22:03 +0200] "GET /include.php?path=contentarchive&type=1&letter=E&catid=1&themeid=0&searchtext=&entries=5&order= HTTP/1.1" 404 1256 "-" "Mozilla/5.0 (compatible; Googlebot/2.1; +http://www.google.com/bot.html)"
66.249.68.232 - - [05/May/2014:10:23:35 +0200] "GET /include.php?path=content&mode=vote&contentid=62&type=4&content_vote=3&action=Go&nid=21 HTTP/1.1" 404 1256 "-" "Mozilla/5.0 (compatible; Googlebot/2.1; +http://www.google.com/bot.html)"
66.249.68.232 - - [05/May/2014:10:26:41 +0200] "GET /include.php?path=contentarchive&type=2&letter=J&catid=1&themeid=0&searchtext=&entries=0&order=titled&nid=32 HTTP/1.1" 404 1256 "-" "Mozilla/5.0 (compatible; Googlebot/2.1; +http://www.google.com/bot.html)"
93.197.110.183 - - [05/May/2014:10:37:39 +0200] "GET / HTTP/1.1" 302 - "http://maps.google.de/local_url?dq=Friedrich-List-Schule&q=http://www.friedrich-list-berlin.de/&oi=miw&sa=X&ct=miw_link&cd=1&cad=homepage,cid:15796106503487596536&ei=xE1nU9q5O6igiQaCyAE&s=ANYYN7lYcfoxVZaa282tKgUR3ttW2rq0RA" "Mozilla/5.0 (Windows NT 5.1; rv:26.0) Gecko/20100101 Firefox/26.0"
66.249.68.36 - - [05/May/2014:10:42:08 +0200] "GET /include.php?path=contentarchive&type=1&letter=Z&catid=9&themeid=0&searchtext=&entries=0&order=dated&nid=13 HTTP/1.1" 404 1256 "-" "Mozilla/5.0 (compatible; Googlebot/2.1; +http://www.google.com/bot.html)"
66.249.68.232 - - [05/May/2014:10:43:40 +0200] "GET /include.php?path=contentarchive&type=1&catid=10&letter=P&entries=0&searchtext=&order=titled&nid=13 HTTP/1.1" 404 1256 "-" "Mozilla/5.0 (compatible; Googlebot/2.1; +http://www.google.com/bot.html)"
66.249.68.232 - - [05/May/2014:10:45:13 +0200] "GET /include.php?path=contentarchive&type=1&catid=1&letter=Q&entries=0&searchtext=&order=titled&nid=4 HTTP/1.1" 404 1256 "-" "Mozilla/5.0 (compatible; Googlebot/2.1; +http://www.google.com/bot.html)"
66.249.68.232 - - [05/May/2014:10:46:46 +0200] "GET /include.php?path=contentarchive&type=1&catid=0&letter=Q&entries=0&searchtext=&order=titled HTTP/1.1" 404 1256 "-" "Mozilla/5.0 (compatible; Googlebot/2.1; +http://www.google.com/bot.html)"
66.249.68.4 - - [05/May/2014:10:48:19 +0200] "GET /include.php?path=contentarchive&type=1&catid=0&letter=Y&entries=0&searchtext=&order=dated&nid=21 HTTP/1.1" 404 1256 "-" "Mozilla/5.0 (compatible; Googlebot/2.1; +http://www.google.com/bot.html)"
66.249.68.232 - - [05/May/2014:10:49:51 +0200] "GET /include.php?path=contentarchive&type=1&letter=T&catid=10&themeid=0&searchtext=&entries=0&order= HTTP/1.1" 404 1256 "-" "Mozilla/5.0 (compatible; Googlebot/2.1; +http://www.google.com/bot.html)"
66.249.68.36 - - [05/May/2014:10:51:24 +0200] "GET /include.php?path=contentarchive&type=1&catid=10&letter=A&entries=0&searchtext=&order=dated&nid=21 HTTP/1.1" 404 1256 "-" "Mozilla/5.0 (compatible; Googlebot/2.1; +http://www.google.com/bot.html)"
66.249.68.36 - - [05/May/2014:10:56:02 +0200] "GET /include.php?path=contentarchive&type=1&catid=0&letter=V&entries=0&searchtext=&order=title&nid=19 HTTP/1.1" 404 1256 "-" "Mozilla/5.0 (compatible; Googlebot/2.1; +http://www.google.com/bot.html)"
176.9.76.43 - - [05/May/2014:10:56:57 +0200] "GET / HTTP/1.1" 302 - "-" "Mozilla/5.0 (X11; Ubuntu; Linux x86_64; rv:27.0) Gecko/20100101 Firefox/27.0"
66.249.68.4 - - [05/May/2014:10:59:08 +0200] "GET /include.php?path=contentarchive&type=4&catid=1&letter=G&entries=0&searchtext=&order=titled&nid=13 HTTP/1.1" 404 1256 "-" "Mozilla/5.0 (compatible; Googlebot/2.1; +http://www.google.com/bot.html)"
66.249.68.232 - - [05/May/2014:11:00:40 +0200] "GET /include.php?path=contentarchive&type=4&letter=K&catid=1&themeid=0&searchtext=&entries=0&order=title HTTP/1.1" 404 1256 "-" "Mozilla/5.0 (compatible; Googlebot/2.1; +http://www.google.com/bot.html)"
66.249.68.4 - - [05/May/2014:11:02:13 +0200] "GET /include.php?path=contentarchive&type=4&letter=M&catid=6&themeid=0&searchtext=&entries=0&order=title&nid=4 HTTP/1.1" 404 1256 "-" "Mozilla/5.0 (compatible; Googlebot/2.1; +http://www.google.com/bot.html)"
66.249.68.232 - - [05/May/2014:11:03:46 +0200] "GET /include.php?path=contact&mode=suggest&suggest_path=path%3Dnews%26contentid%3D77&nid=21 HTTP/1.1" 404 1256 "-" "Mozilla/5.0 (compatible; Googlebot/2.1; +http://www.google.com/bot.html)"
66.249.68.232 - - [05/May/2014:11:05:18 +0200] "GET /include.php?path=contentarchive&type=4&catid=7&letter=P&entries=0&searchtext=&order=dated&nid=19 HTTP/1.1" 404 1256 "-" "Mozilla/5.0 (compatible; Googlebot/2.1; +http://www.google.com/bot.html)"
66.249.68.232 - - [05/May/2014:11:06:51 +0200] "GET /include.php?path=contentarchive&type=2&letter=N&catid=8&themeid=0&searchtext=&entries=0&order=dated&nid=19 HTTP/1.1" 404 1256 "-" "Mozilla/5.0 (compatible; Googlebot/2.1; +http://www.google.com/bot.html)"
66.249.68.4 - - [05/May/2014:11:08:24 +0200] "GET /include.php?path=contentarchive&type=4&catid=0&letter=W&entries=0&searchtext=&order=dated&nid=13 HTTP/1.1" 404 1256 "-" "Mozilla/5.0 (compatible; Googlebot/2.1; +http://www.google.com/bot.html)"
66.249.68.232 - - [05/May/2014:11:09:56 +0200] "GET /include.php?path=contentarchive&type=2&letter=W&catid=9&themeid=0&searchtext=&entries=0&order=dated&nid=32 HTTP/1.1" 404 1256 "-" "Mozilla/5.0 (compatible; Googlebot/2.1; +http://www.google.com/bot.html)"
66.249.68.36 - - [05/May/2014:11:11:29 +0200] "GET /include.php?path=contentarchive&type=4&letter=Z&catid=0&themeid=0&searchtext=&entries=0&order=dated&nid=13 HTTP/1.1" 404 1256 "-" "Mozilla/5.0 (compatible; Googlebot/2.1; +http://www.google.com/bot.html)"
66.249.68.36 - - [05/May/2014:11:13:02 +0200] "GET /include.php?path=content&mode=vote&contentid=102&type=1&content_vote=7&action=Go&nid=21 HTTP/1.1" 404 1256 "-" "Mozilla/5.0 (compatible; Googlebot/2.1; +http://www.google.com/bot.html)"
66.249.68.232 - - [05/May/2014:11:14:35 +0200] "GET /include.php?path=contentarchive&type=1&letter=alle&catid=0&themeid=0&searchtext=&entries=5&order=titled&nid=13 HTTP/1.1" 404 1256 "-" "Mozilla/5.0 (compatible; Googlebot/2.1; +http://www.google.com/bot.html)"
66.249.68.4 - - [05/May/2014:11:16:07 +0200] "GET /include.php?path=contentarchive&type=3&letter=N&catid=1&themeid=0&searchtext=&entries=0&order=&nid=13 HTTP/1.1" 404 1256 "-" "Mozilla/5.0 (compatible; Googlebot/2.1; +http://www.google.com/bot.html)"
66.249.68.4 - - [05/May/2014:11:17:40 +0200] "GET /include.php?path=contentarchive&type=1&letter=P&catid=0&themeid=0&searchtext=&entries=5&order=dated&nid=32 HTTP/1.1" 404 1256 "-" "Mozilla/5.0 (compatible; Googlebot/2.1; +http://www.google.com/bot.html)"
66.249.68.36 - - [05/May/2014:11:19:13 +0200] "GET /include.php?path=contentarchive&type=2&catid=9&letter=F&entries=0&searchtext=&order=dated&nid=4 HTTP/1.1" 404 1256 "-" "Mozilla/5.0 (compatible; Googlebot/2.1; +http://www.google.com/bot.html)"
66.249.68.36 - - [05/May/2014:11:20:45 +0200] "GET /include.php?path=contentarchive&type=2&catid=8&letter=G&entries=0&searchtext=&order=title HTTP/1.1" 404 1256 "-" "Mozilla/5.0 (compatible; Googlebot/2.1; +http://www.google.com/bot.html)"
66.249.68.36 - - [05/May/2014:11:22:18 +0200] "GET /include.php?path=contentarchive&type=1&catid=9&letter=O&entries=0&searchtext=&order=dated&nid=21 HTTP/1.1" 404 1256 "-" "Mozilla/5.0 (compatible; Googlebot/2.1; +http://www.google.com/bot.html)"
66.249.68.232 - - [05/May/2014:11:23:51 +0200] "GET /include.php?path=contentarchive&type=1&letter=P&catid=9&themeid=0&searchtext=&entries=0&order=&nid=19 HTTP/1.1" 404 1256 "-" "Mozilla/5.0 (compatible; Googlebot/2.1; +http://www.google.com/bot.html)"
66.249.68.4 - - [05/May/2014:11:25:23 +0200] "GET /include.php?path=contentarchive&type=1&catid=9&letter=B&entries=0&searchtext=&order=title&nid=21 HTTP/1.1" 404 1256 "-" "Mozilla/5.0 (compatible; Googlebot/2.1; +http://www.google.com/bot.html)"
37.5.42.29 - - [05/May/2014:11:26:15 +0200] "GET / HTTP/1.1" 302 - "-" "Mozilla/5.0 (Windows NT 6.1; WOW64; rv:28.0) Gecko/20100101 Firefox/28.0"
66.249.68.36 - - [05/May/2014:11:26:56 +0200] "GET /include.php?path=contentarchive&type=3&catid=0&letter=I&entries=0&searchtext=&order=dated&nid=4 HTTP/1.1" 404 1256 "-" "Mozilla/5.0 (compatible; Googlebot/2.1; +http://www.google.com/bot.html)"
66.249.68.4 - - [05/May/2014:11:30:02 +0200] "GET /include.php?path=contentarchive&type=1&letter=V&catid=0&themeid=0&searchtext=&entries=5&order=&nid=13 HTTP/1.1" 404 1256 "-" "Mozilla/5.0 (compatible; Googlebot/2.1; +http://www.google.com/bot.html)"
66.249.68.232 - - [05/May/2014:11:31:34 +0200] "GET /include.php?path=contentarchive&type=1&catid=0&letter=B&entries=0&searchtext=&order=titled&nid=13 HTTP/1.1" 404 1256 "-" "Mozilla/5.0 (compatible; Googlebot/2.1; +http://www.google.com/bot.html)"
66.249.68.232 - - [05/May/2014:11:33:07 +0200] "GET /include.php?path=content&mode=print&contentid=92 HTTP/1.1" 404 1256 "-" "Mozilla/5.0 (compatible; Googlebot/2.1; +http://www.google.com/bot.html)"
66.249.68.4 - - [05/May/2014:11:34:40 +0200] "GET /include.php?path=contentarchive&type=2&letter=0-9&catid=9&themeid=0&searchtext=&entries=0&order=title&nid=13 HTTP/1.1" 404 1256 "-" "Mozilla/5.0 (compatible; Googlebot/2.1; +http://www.google.com/bot.html)"
66.249.68.36 - - [05/May/2014:11:36:12 +0200] "GET /include.php?path=contentarchive&type=1&catid=10&letter=I&entries=0&searchtext=&order=titled HTTP/1.1" 404 1256 "-" "Mozilla/5.0 (compatible; Googlebot/2.1; +http://www.google.com/bot.html)"
217.91.29.105 - - [05/May/2014:11:42:21 +0200] "GET / HTTP/1.1" 302 - "http://www.aubi-plus.de/weiterbildung/friedrich-list-schule-berlin-staatlich-gepruefte-r-europakorrespondent-in-10823-berlin-deutschland-1747.html" "Mozilla/5.0 (Windows NT 6.1; WOW64) AppleWebKit/537.36 (KHTML, like Gecko) Chrome/34.0.1847.131 Safari/537.36"
66.249.68.36 - - [05/May/2014:11:50:07 +0200] "GET /include.php?path=contentarchive&type=1&catid=10&letter=S&entries=0&searchtext=&order=dated&nid=13 HTTP/1.1" 404 1256 "-" "Mozilla/5.0 (compatible; Googlebot/2.1; +http://www.google.com/bot.html)"
66.249.68.4 - - [05/May/2014:11:51:39 +0200] "GET /include.php?path=contentarchive&type=2&catid=1&letter=U&entries=0&searchtext=&order=title&nid=21 HTTP/1.1" 404 1256 "-" "Mozilla/5.0 (compatible; Googlebot/2.1; +http://www.google.com/bot.html)"
66.249.68.36 - - [05/May/2014:11:53:12 +0200] "GET /include.php?path=contentarchive&type=3&letter=T&catid=1&themeid=0&searchtext=&entries=0&order=&nid=13 HTTP/1.1" 404 1256 "-" "Mozilla/5.0 (compatible; Googlebot/2.1; +http://www.google.com/bot.html)"
66.249.68.36 - - [05/May/2014:11:54:45 +0200] "GET /include.php?path=contentarchive&type=3&letter=A&catid=0&themeid=0&searchtext=&entries=0&order=&nid=32 HTTP/1.1" 404 1256 "-" "Mozilla/5.0 (compatible; Googlebot/2.1; +http://www.google.com/bot.html)"
66.249.68.232 - - [05/May/2014:11:57:50 +0200] "GET /include.php?path=contact&nid=13 HTTP/1.1" 404 1256 "-" "Mozilla/5.0 (compatible; Googlebot/2.1; +http://www.google.com/bot.html)"
5.9.42.111 - - [05/May/2014:11:59:21 +0200] "GET /robots.txt HTTP/1.1" 404 1256 "-" "Mozilla/5.0 (X11; Ubuntu; Linux x86_64; rv:27.0) Gecko/20100101 Firefox/27.0"
5.9.42.111 - - [05/May/2014:11:59:21 +0200] "GET / HTTP/1.1" 302 - "-" "Mozilla/5.0 (X11; Ubuntu; Linux x86_64; rv:27.0) Gecko/20100101 Firefox/27.0"
66.249.68.36 - - [05/May/2014:11:59:23 +0200] "GET /include.php?path=contentarchive&type=4&letter=F&catid=8&themeid=0&searchtext=&entries=0&order=dated&nid=21 HTTP/1.1" 404 1256 "-" "Mozilla/5.0 (compatible; Googlebot/2.1; +http://www.google.com/bot.html)"
66.249.68.232 - - [05/May/2014:12:00:56 +0200] "GET /include.php?path=contentarchive&type=1&letter=D&catid=9&themeid=0&searchtext=&entries=0&order=titled&nid=19 HTTP/1.1" 404 1256 "-" "Mozilla/5.0 (compatible; Googlebot/2.1; +http://www.google.com/bot.html)"
66.249.68.36 - - [05/May/2014:12:04:49 +0200] "GET /include.php?path=contentarchive&type=1&letter=T&catid=10&themeid=0&searchtext=&entries=0&order=&nid=13 HTTP/1.1" 404 1256 "-" "Mozilla/5.0 (compatible; Googlebot/2.1; +http://www.google.com/bot.html)"
66.249.68.4 - - [05/May/2014:12:04:50 +0200] "GET /include.php?path=contentarchive&type=4&catid=1&letter=K&entries=0&searchtext=&order=dated HTTP/1.1" 404 1256 "-" "Mozilla/5.0 (compatible; Googlebot/2.1; +http://www.google.com/bot.html)"
66.249.68.36 - - [05/May/2014:12:05:34 +0200] "GET /include.php?path=contentarchive&type=4&catid=7&letter=S&entries=0&searchtext=&order=dated&nid=4 HTTP/1.1" 404 1256 "-" "Mozilla/5.0 (compatible; Googlebot/2.1; +http://www.google.com/bot.html)"
66.249.68.36 - - [05/May/2014:12:07:07 +0200] "GET /include.php?path=contentarchive&type=2&catid=1&letter=U&entries=0&searchtext=&order=title HTTP/1.1" 404 1256 "-" "Mozilla/5.0 (compatible; Googlebot/2.1; +http://www.google.com/bot.html)"
66.249.68.36 - - [05/May/2014:12:08:39 +0200] "GET /include.php?path=contentarchive&type=1&catid=9&letter=A&entries=0&searchtext=&order=title&nid=4 HTTP/1.1" 404 1256 "-" "Mozilla/5.0 (compatible; Googlebot/2.1; +http://www.google.com/bot.html)"
66.249.68.4 - - [05/May/2014:12:10:12 +0200] "GET /include.php?path=contentarchive&type=2&letter=W&catid=8&themeid=0&searchtext=&entries=0&order=&nid=4 HTTP/1.1" 404 1256 "-" "Mozilla/5.0 (compatible; Googlebot/2.1; +http://www.google.com/bot.html)"
91.62.19.104 - - [05/May/2014:12:10:37 +0200] "GET / HTTP/1.1" 302 - "http://m.facebook.com/l.php?u=http%3A%2F%2Fwww.fls-berlin.de%2F&h=CAQGqT9k3&s=1&enc=AZNJ1ipZdcKwrEZnJIbqkhF3S8BwKQw_KULNXGK1KfgGF4Q2gS1ULENtQ56xuIPJfhuF1qk7TVC0LXVNh6vE3e5B" "Mozilla/5.0 (Linux; U; Android 2.3.6; de-de; GT-S5570I Build/GINGERBREAD) AppleWebKit/533.1 (KHTML, like Gecko) Version/4.0 Mobile Safari/533.1"
66.249.68.232 - - [05/May/2014:12:11:45 +0200] "GET /include.php?path=contentarchive&type=1&letter=N&catid=9&themeid=0&searchtext=&entries=0&order=title&nid=19 HTTP/1.1" 404 1256 "-" "Mozilla/5.0 (compatible; Googlebot/2.1; +http://www.google.com/bot.html)"
66.249.68.36 - - [05/May/2014:12:13:17 +0200] "GET /include.php?path=contentarchive&type=4&letter=A&catid=7&themeid=0&searchtext=&entries=0&order=titled HTTP/1.1" 404 1256 "-" "Mozilla/5.0 (compatible; Googlebot/2.1; +http://www.google.com/bot.html)"
37.5.42.29 - - [05/May/2014:12:13:21 +0200] "GET / HTTP/1.1" 302 - "-" "Mozilla/5.0 (Windows NT 6.1; WOW64; rv:28.0) Gecko/20100101 Firefox/28.0"
66.249.68.232 - - [05/May/2014:12:14:50 +0200] "GET /include.php?path=contentarchive&type=2&letter=N&catid=0&themeid=0&searchtext=&entries=8&order=title&nid=19 HTTP/1.1" 404 1256 "-" "Mozilla/5.0 (compatible; Googlebot/2.1; +http://www.google.com/bot.html)"
66.249.68.232 - - [05/May/2014:12:16:23 +0200] "GET /include.php?path=contentarchive&type=2&letter=C&catid=1&themeid=0&searchtext=&entries=0&order=title&nid=19 HTTP/1.1" 404 1256 "-" "Mozilla/5.0 (compatible; Googlebot/2.1; +http://www.google.com/bot.html)"
66.249.68.4 - - [05/May/2014:12:17:55 +0200] "GET /include.php?path=contentarchive&type=2&letter=I&catid=0&themeid=0&searchtext=&entries=0&order=title&nid=19 HTTP/1.1" 404 1256 "-" "Mozilla/5.0 (compatible; Googlebot/2.1; +http://www.google.com/bot.html)"
66.249.68.4 - - [05/May/2014:12:19:28 +0200] "GET /include.php?path=contentarchive&type=4&catid=6&letter=B&entries=0&searchtext=&order=dated&nid=2 HTTP/1.1" 404 1256 "-" "Mozilla/5.0 (compatible; Googlebot/2.1; +http://www.google.com/bot.html)"
66.249.68.4 - - [05/May/2014:12:21:01 +0200] "GET /include.php?path=contentarchive&type=3&catid=0&letter=X&entries=0&searchtext=&order=date&nid=32 HTTP/1.1" 404 1256 "-" "Mozilla/5.0 (compatible; Googlebot/2.1; +http://www.google.com/bot.html)"
66.249.68.36 - - [05/May/2014:12:22:34 +0200] "GET /include.php?path=contentarchive&type=4&letter=K&catid=8&themeid=0&searchtext=&entries=0&order=&nid=32 HTTP/1.1" 404 1256 "-" "Mozilla/5.0 (compatible; Googlebot/2.1; +http://www.google.com/bot.html)"
66.249.68.4 - - [05/May/2014:12:25:39 +0200] "GET /include.php?path=contentarchive&type=4&letter=J&catid=0&themeid=0&searchtext=&entries=0&order=dated&nid=4 HTTP/1.1" 404 1256 "-" "Mozilla/5.0 (compatible; Googlebot/2.1; +http://www.google.com/bot.html)"
66.249.68.4 - - [05/May/2014:12:28:44 +0200] "GET /include.php?path=download&contentid=29&catid=6&themeid=0&nid=19 HTTP/1.1" 404 1256 "-" "Mozilla/5.0 (compatible; Googlebot/2.1; +http://www.google.com/bot.html)"
66.249.68.232 - - [05/May/2014:12:30:17 +0200] "GET /include.php?path=contentarchive&type=2&letter=K&catid=9&themeid=0&searchtext=&entries=0&order=title&nid=32 HTTP/1.1" 404 1256 "-" "Mozilla/5.0 (compatible; Googlebot/2.1; +http://www.google.com/bot.html)"
66.249.68.232 - - [05/May/2014:12:31:50 +0200] "GET /include.php?path=contentarchive&type=3&catid=0&letter=X&entries=0&searchtext=&order=title&nid=19 HTTP/1.1" 404 1256 "-" "Mozilla/5.0 (compatible; Googlebot/2.1; +http://www.google.com/bot.html)"
66.249.68.232 - - [05/May/2014:12:33:22 +0200] "GET /include.php?path=contentarchive&type=4&letter=Y&catid=8&themeid=0&searchtext=&entries=0&order=&nid=21 HTTP/1.1" 404 1256 "-" "Mozilla/5.0 (compatible; Googlebot/2.1; +http://www.google.com/bot.html)"
66.249.68.36 - - [05/May/2014:12:34:55 +0200] "GET /include.php?path=contentarchive&type=1&catid=10&letter=Q&entries=0&searchtext=&order=titled&nid=4 HTTP/1.1" 404 1256 "-" "Mozilla/5.0 (compatible; Googlebot/2.1; +http://www.google.com/bot.html)"
66.249.68.232 - - [05/May/2014:12:36:28 +0200] "GET /include.php?path=content&mode=vote&contentid=77&type=1&content_vote=6&action=Go&nid=13 HTTP/1.1" 404 1256 "-" "Mozilla/5.0 (compatible; Googlebot/2.1; +http://www.google.com/bot.html)"
66.249.68.4 - - [05/May/2014:12:55:00 +0200] "GET /include.php?path=contentarchive&type=4&catid=0&letter=M&entries=0&searchtext=&order=titled&nid=19 HTTP/1.1" 404 1256 "-" "Mozilla/5.0 (compatible; Googlebot/2.1; +http://www.google.com/bot.html)"
66.249.68.36 - - [05/May/2014:12:56:33 +0200] "GET /include.php?path=contentarchive&type=1&catid=10&letter=I&entries=0&searchtext=&order=date HTTP/1.1" 404 1256 "-" "Mozilla/5.0 (compatible; Googlebot/2.1; +http://www.google.com/bot.html)"
66.249.68.36 - - [05/May/2014:12:59:38 +0200] "GET /include.php?path=content&mode=vote&contentid=78&type=1&content_vote=7&action=Go&nid=21 HTTP/1.1" 404 1256 "-" "Mozilla/5.0 (compatible; Googlebot/2.1; +http://www.google.com/bot.html)"
66.249.68.4 - - [05/May/2014:13:01:15 +0200] "GET /include.php?path=contentarchive&type=1&letter=alle&catid=1&themeid=0&searchtext=&entries=5&order=dated&nid=32 HTTP/1.1" 404 1256 "-" "Mozilla/5.0 (compatible; Googlebot/2.1; +http://www.google.com/bot.html)"
66.249.68.232 - - [05/May/2014:13:02:44 +0200] "GET /include.php?path=contentarchive&type=2&catid=1&letter=C&entries=0&searchtext=&order=dated&nid=21 HTTP/1.1" 404 1256 "-" "Mozilla/5.0 (compatible; Googlebot/2.1; +http://www.google.com/bot.html)"
66.249.68.36 - - [05/May/2014:13:04:17 +0200] "GET /include.php?path=contentarchive&type=1&catid=9&letter=N&entries=0&searchtext=&order=date&nid=4 HTTP/1.1" 404 1256 "-" "Mozilla/5.0 (compatible; Googlebot/2.1; +http://www.google.com/bot.html)"
66.249.68.4 - - [05/May/2014:13:05:49 +0200] "GET /include.php?path=contentarchive&type=3&catid=1&letter=C&entries=0&searchtext=&order=date&nid=13 HTTP/1.1" 404 1256 "-" "Mozilla/5.0 (compatible; Googlebot/2.1; +http://www.google.com/bot.html)"
66.249.68.36 - - [05/May/2014:13:07:22 +0200] "GET /include.php?path=contentarchive&type=4&letter=P&catid=0&themeid=0&searchtext=&entries=0&order=titled HTTP/1.1" 404 1256 "-" "Mozilla/5.0 (compatible; Googlebot/2.1; +http://www.google.com/bot.html)"
66.249.68.36 - - [05/May/2014:13:08:55 +0200] "GET /include.php?path=contentarchive&type=1&letter=L&catid=0&themeid=0&searchtext=&entries=5&order=title&nid=13 HTTP/1.1" 404 1256 "-" "Mozilla/5.0 (compatible; Googlebot/2.1; +http://www.google.com/bot.html)"
66.249.68.36 - - [05/May/2014:13:10:27 +0200] "GET /include.php?path=contentarchive&type=1&catid=9&letter=V&entries=0&searchtext=&order=title&nid=4 HTTP/1.1" 404 1256 "-" "Mozilla/5.0 (compatible; Googlebot/2.1; +http://www.google.com/bot.html)"
66.249.75.13 - - [05/May/2014:13:12:00 +0200] "GET /include.php?path=contentarchive&type=3&letter=A&catid=0&themeid=0&searchtext=&entries=0&order=&nid=19 HTTP/1.1" 404 1256 "-" "Mozilla/5.0 (compatible; Googlebot/2.1; +http://www.google.com/bot.html)"
66.249.75.30 - - [05/May/2014:13:13:33 +0200] "GET /include.php?path=contentarchive&type=2&catid=0&letter=M&entries=0&searchtext=&order=date&nid=19 HTTP/1.1" 404 1256 "-" "Mozilla/5.0 (compatible; Googlebot/2.1; +http://www.google.com/bot.html)"
66.249.75.19 - - [05/May/2014:13:15:05 +0200] "GET /include.php?path=contentarchive&type=2&letter=U&catid=8&themeid=0&searchtext=&entries=0&order=title&nid=13 HTTP/1.1" 404 1256 "-" "Mozilla/5.0 (compatible; Googlebot/2.1; +http://www.google.com/bot.html)"
66.249.75.4 - - [05/May/2014:13:16:38 +0200] "GET /include.php?path=contentarchive&type=2&catid=9&letter=P&entries=0&searchtext=&order=titled&nid=32 HTTP/1.1" 404 1256 "-" "Mozilla/5.0 (compatible; Googlebot/2.1; +http://www.google.com/bot.html)"
66.249.75.39 - - [05/May/2014:13:18:11 +0200] "GET /include.php?path=contentarchive&type=1&catid=9&letter=Y&entries=0&searchtext=&order=date HTTP/1.1" 404 1256 "-" "Mozilla/5.0 (compatible; Googlebot/2.1; +http://www.google.com/bot.html)"
66.249.75.5 - - [05/May/2014:13:19:44 +0200] "GET /include.php?path=contentarchive&type=1&letter=U&catid=9&themeid=0&searchtext=&entries=0&order=dated&nid=4 HTTP/1.1" 404 1256 "-" "Mozilla/5.0 (compatible; Googlebot/2.1; +http://www.google.com/bot.html)"
66.249.75.7 - - [05/May/2014:13:21:16 +0200] "GET /include.php?path=contentarchive&type=1&letter=W&catid=1&themeid=0&searchtext=&entries=5&order=dated HTTP/1.1" 404 1256 "-" "Mozilla/5.0 (compatible; Googlebot/2.1; +http://www.google.com/bot.html)"
66.249.75.31 - - [05/May/2014:13:22:49 +0200] "GET /include.php?path=content&mode=vote&contentid=102&type=1&content_vote=-1&action=Go HTTP/1.1" 404 1256 "-" "Mozilla/5.0 (compatible; Googlebot/2.1; +http://www.google.com/bot.html)"
66.249.75.36 - - [05/May/2014:13:24:22 +0200] "GET /include.php?path=contentarchive&type=1&catid=0&letter=&entries=5&searchtext=&order=titled&nid=4 HTTP/1.1" 404 1256 "-" "Mozilla/5.0 (compatible; Googlebot/2.1; +http://www.google.com/bot.html)"
66.249.68.4 - - [05/May/2014:13:25:54 +0200] "GET /include.php?path=contentarchive&type=3&catid=1&letter=F&entries=0&searchtext=&order=titled&nid=21 HTTP/1.1" 404 1256 "-" "Mozilla/5.0 (compatible; Googlebot/2.1; +http://www.google.com/bot.html)"
66.249.68.232 - - [05/May/2014:13:27:27 +0200] "GET /robots.txt HTTP/1.1" 404 1256 "-" "Mozilla/5.0 (compatible; Googlebot/2.1; +http://www.google.com/bot.html)"
66.249.68.232 - - [05/May/2014:13:27:27 +0200] "GET /include.php?path=contentarchive&type=2&catid=9&letter=X&entries=0&searchtext=&order=date&nid=32 HTTP/1.1" 404 1256 "-" "Mozilla/5.0 (compatible; Googlebot/2.1; +http://www.google.com/bot.html)"
66.249.68.36 - - [05/May/2014:13:29:00 +0200] "GET /include.php?path=contentarchive&type=4&catid=8&letter=H&entries=0&searchtext=&order=date&nid=19 HTTP/1.1" 404 1256 "-" "Mozilla/5.0 (compatible; Googlebot/2.1; +http://www.google.com/bot.html)"
66.249.68.232 - - [05/May/2014:13:30:33 +0200] "GET /include.php?path=contentarchive&type=3&letter=W&catid=1&themeid=0&searchtext=&entries=0&order=&nid=4 HTTP/1.1" 404 1256 "-" "Mozilla/5.0 (compatible; Googlebot/2.1; +http://www.google.com/bot.html)"
141.8.147.12 - - [05/May/2014:13:30:36 +0200] "GET /robots.txt HTTP/1.1" 404 1256 "-" "Mozilla/5.0 (compatible; YandexBot/3.0; +http://yandex.com/bots)"
141.8.147.12 - - [05/May/2014:13:30:40 +0200] "GET / HTTP/1.1" 302 - "-" "Mozilla/5.0 (compatible; YandexBot/3.0; +http://yandex.com/bots)"
66.249.68.4 - - [05/May/2014:13:33:38 +0200] "GET /include.php?path=contentarchive&type=2&catid=1&letter=H&entries=0&searchtext=&order=date HTTP/1.1" 404 1256 "-" "Mozilla/5.0 (compatible; Googlebot/2.1; +http://www.google.com/bot.html)"
66.249.68.232 - - [05/May/2014:13:35:11 +0200] "GET /include.php?path=contentarchive&type=1&letter=G&catid=0&themeid=0&searchtext=&entries=5&order=dated&nid=19 HTTP/1.1" 404 1256 "-" "Mozilla/5.0 (compatible; Googlebot/2.1; +http://www.google.com/bot.html)"
66.249.68.232 - - [05/May/2014:13:36:43 +0200] "GET /include.php?path=contentarchive&type=1&catid=9&letter=J&entries=0&searchtext=&order=date&nid=4 HTTP/1.1" 404 1256 "-" "Mozilla/5.0 (compatible; Googlebot/2.1; +http://www.google.com/bot.html)"
66.249.67.36 - - [05/May/2014:13:38:18 +0200] "GET /robots.txt HTTP/1.1" 404 1256 "-" "Mozilla/5.0 (compatible; Googlebot/2.1; +http://www.google.com/bot.html)"
66.249.67.232 - - [05/May/2014:13:38:18 +0200] "GET /include.php?path=contentarchive&letter=&catid=0&themeid=0&type=1&order=title&entries=5 HTTP/1.1" 404 1256 "-" "Mozilla/5.0 (compatible; Googlebot/2.1; +http://www.google.com/bot.html)"
66.249.67.36 - - [05/May/2014:13:39:49 +0200] "GET /include.php?path=content&contentid=68&nid=4 HTTP/1.1" 404 1256 "-" "Mozilla/5.0 (compatible; Googlebot/2.1; +http://www.google.com/bot.html)"
66.249.67.4 - - [05/May/2014:13:41:21 +0200] "GET /include.php?path=contentarchive&type=2&letter=G&catid=0&themeid=0&searchtext=&entries=0&order=dated HTTP/1.1" 404 1256 "-" "Mozilla/5.0 (compatible; Googlebot/2.1; +http://www.google.com/bot.html)"
66.249.67.4 - - [05/May/2014:13:42:54 +0200] "GET /include.php?path=contentarchive&type=1&letter=Q&catid=0&themeid=0&searchtext=&entries=5&order=title HTTP/1.1" 404 1256 "-" "Mozilla/5.0 (compatible; Googlebot/2.1; +http://www.google.com/bot.html)"
66.249.67.36 - - [05/May/2014:13:44:27 +0200] "GET /include.php?path=contentarchive&type=2&letter=Q&catid=0&themeid=0&searchtext=&entries=0&order=title&nid=13 HTTP/1.1" 404 1256 "-" "Mozilla/5.0 (compatible; Googlebot/2.1; +http://www.google.com/bot.html)"
66.249.67.4 - - [05/May/2014:13:46:00 +0200] "GET /include.php?path=contentarchive&type=4&catid=8&letter=T&entries=0&searchtext=&order=date&nid=21 HTTP/1.1" 404 1256 "-" "Mozilla/5.0 (compatible; Googlebot/2.1; +http://www.google.com/bot.html)"
66.249.67.4 - - [05/May/2014:14:01:27 +0200] "GET /include.php?path=contentarchive&type=4&catid=1&letter=A&entries=0&searchtext=&order=dated&nid=13 HTTP/1.1" 404 1256 "-" "Mozilla/5.0 (compatible; Googlebot/2.1; +http://www.google.com/bot.html)"
66.249.67.232 - - [05/May/2014:14:02:59 +0200] "GET /include.php?path=contentarchive&type=1&letter=L&catid=1&themeid=0&searchtext=&entries=5&order=&nid=13 HTTP/1.1" 404 1256 "-" "Mozilla/5.0 (compatible; Googlebot/2.1; +http://www.google.com/bot.html)"
66.249.67.4 - - [05/May/2014:14:04:32 +0200] "GET /include.php?path=contentarchive&type=2&letter=O&catid=0&themeid=0&searchtext=&entries=8&order=&nid=13 HTTP/1.1" 404 1256 "-" "Mozilla/5.0 (compatible; Googlebot/2.1; +http://www.google.com/bot.html)"
66.249.67.4 - - [05/May/2014:14:06:05 +0200] "GET /include.php?path=contentarchive&type=2&catid=8&letter=A&entries=0&searchtext=&order=title&nid=4 HTTP/1.1" 404 1256 "-" "Mozilla/5.0 (compatible; Googlebot/2.1; +http://www.google.com/bot.html)"
66.249.67.4 - - [05/May/2014:14:07:37 +0200] "GET /include.php?path=contentarchive&type=4&catid=6&letter=O&entries=0&searchtext=&order=date&nid=21 HTTP/1.1" 404 1256 "-" "Mozilla/5.0 (compatible; Googlebot/2.1; +http://www.google.com/bot.html)"
80.187.97.5 - - [05/May/2014:14:08:12 +0200] "GET / HTTP/1.1" 302 - "http://lm.facebook.com/l.php?u=http%3A%2F%2Fwww.friedrich-list-berlin.de%2F&h=NAQEfoMov&s=1" "Mozilla/5.0 (Linux; U; Android 2.3.4; pt-br; SonyEricssonLT15i Build/4.0.2.A.0.69) AppleWebKit/533.1 (KHTML, like Gecko) Version/4.0 Mobile Safari/533.1"
66.249.67.4 - - [05/May/2014:14:09:10 +0200] "GET /include.php?path=contentarchive&type=2&letter=W&catid=1&themeid=0&searchtext=&entries=0&order=titled HTTP/1.1" 404 1256 "-" "Mozilla/5.0 (compatible; Googlebot/2.1; +http://www.google.com/bot.html)"
66.249.67.36 - - [05/May/2014:14:10:43 +0200] "GET /include.php?path=contentarchive&type=4&catid=0&letter=E&entries=0&searchtext=&order=titled&nid=21 HTTP/1.1" 404 1256 "-" "Mozilla/5.0 (compatible; Googlebot/2.1; +http://www.google.com/bot.html)"
66.249.67.36 - - [05/May/2014:14:13:48 +0200] "GET /include.php?path=contentarchive&type=4&letter=Z&catid=0&themeid=0&searchtext=&entries=0&order=titled&nid=13 HTTP/1.1" 404 1256 "-" "Mozilla/5.0 (compatible; Googlebot/2.1; +http://www.google.com/bot.html)"
66.249.67.36 - - [05/May/2014:14:15:21 +0200] "GET /include.php?path=content&mode=print&contentid=8 HTTP/1.1" 404 1256 "-" "Mozilla/5.0 (compatible; Googlebot/2.1; +http://www.google.com/bot.html)"
66.249.67.232 - - [05/May/2014:14:16:54 +0200] "GET /include.php?path=contentarchive&type=2&letter=B&catid=0&themeid=0&searchtext=&entries=0&order=titled&nid=4 HTTP/1.1" 404 1256 "-" "Mozilla/5.0 (compatible; Googlebot/2.1; +http://www.google.com/bot.html)"
66.249.67.4 - - [05/May/2014:14:18:26 +0200] "GET /include.php?path=contentarchive&type=4&letter=F&catid=7&themeid=0&searchtext=&entries=0&order=title&nid=13 HTTP/1.1" 404 1256 "-" "Mozilla/5.0 (compatible; Googlebot/2.1; +http://www.google.com/bot.html)"
66.249.67.232 - - [05/May/2014:14:19:59 +0200] "GET /include.php?path=contentarchive&type=2&letter=S&catid=9&themeid=0&searchtext=&entries=0&order=titled&nid=13 HTTP/1.1" 404 1256 "-" "Mozilla/5.0 (compatible; Googlebot/2.1; +http://www.google.com/bot.html)"
66.249.67.36 - - [05/May/2014:14:21:32 +0200] "GET /include.php?path=contentarchive&type=4&catid=0&letter=B&entries=0&searchtext=&order=title&nid=4 HTTP/1.1" 404 1256 "-" "Mozilla/5.0 (compatible; Googlebot/2.1; +http://www.google.com/bot.html)"
66.249.67.232 - - [05/May/2014:14:23:04 +0200] "GET /include.php?path=contentarchive&type=4&catid=8&letter=B&entries=0&searchtext=&order=date&nid=32 HTTP/1.1" 404 1256 "-" "Mozilla/5.0 (compatible; Googlebot/2.1; +http://www.google.com/bot.html)"
66.249.67.232 - - [05/May/2014:14:24:37 +0200] "GET /include.php?path=contact&mode=suggest&suggest_path=path%3Ddownload%26contentid%3D118&nid=21 HTTP/1.1" 404 1256 "-" "Mozilla/5.0 (compatible; Googlebot/2.1; +http://www.google.com/bot.html)"
66.249.67.36 - - [05/May/2014:14:26:10 +0200] "GET /include.php?path=contentarchive&type=2&catid=8&letter=Z&entries=0&searchtext=&order=titled&nid=13 HTTP/1.1" 404 1256 "-" "Mozilla/5.0 (compatible; Googlebot/2.1; +http://www.google.com/bot.html)"
66.249.67.4 - - [05/May/2014:14:27:43 +0200] "GET /include.php?path=contentarchive&type=1&catid=0&letter=A&entries=0&searchtext=&order=titled&nid=4 HTTP/1.1" 404 1256 "-" "Mozilla/5.0 (compatible; Googlebot/2.1; +http://www.google.com/bot.html)"
82.165.172.75 - - [05/May/2014:14:28:27 +0200] "GET / HTTP/1.1" 302 - "http://www.stadtsurfer.de" "Mozilla/5.0 (Windows; U; Windows NT 5.1; de; rv:1.9.1.5) Gecko/20091102 Firefox/3.5.5 (.NET CLR 3.5.30729)"
82.165.172.75 - - [05/May/2014:14:28:27 +0200] "GET /http://www.friedrich-list-berlin.eu HTTP/1.1" 404 1256 "http://www.stadtsurfer.de" "Mozilla/5.0 (Windows; U; Windows NT 5.1; de; rv:1.9.1.5) Gecko/20091102 Firefox/3.5.5 (.NET CLR 3.5.30729)"
66.249.67.232 - - [05/May/2014:14:29:15 +0200] "GET /include.php?path=contentarchive&type=4&catid=1&letter=S&entries=0&searchtext=&order=titled HTTP/1.1" 404 1256 "-" "Mozilla/5.0 (compatible; Googlebot/2.1; +http://www.google.com/bot.html)"
66.249.67.36 - - [05/May/2014:14:30:48 +0200] "GET /include.php?path=contentarchive&type=1&letter=alle&catid=10&themeid=0&searchtext=&entries=0&order=dated&nid=32 HTTP/1.1" 404 1256 "-" "Mozilla/5.0 (compatible; Googlebot/2.1; +http://www.google.com/bot.html)"
66.249.67.4 - - [05/May/2014:14:33:53 +0200] "GET /include.php?path=contentarchive&type=1&letter=Q&catid=9&themeid=0&searchtext=&entries=0&order=&nid=21 HTTP/1.1" 404 1256 "-" "Mozilla/5.0 (compatible; Googlebot/2.1; +http://www.google.com/bot.html)"
66.249.67.232 - - [05/May/2014:14:35:26 +0200] "GET /include.php?path=contentarchive&type=2&catid=9&letter=V&entries=0&searchtext=&order=title&nid=19 HTTP/1.1" 404 1256 "-" "Mozilla/5.0 (compatible; Googlebot/2.1; +http://www.google.com/bot.html)"
66.249.67.4 - - [05/May/2014:14:36:59 +0200] "GET /include.php?path=contentarchive&type=2&catid=9&letter=0-9&entries=0&searchtext=&order=date&nid=19 HTTP/1.1" 404 1256 "-" "Mozilla/5.0 (compatible; Googlebot/2.1; +http://www.google.com/bot.html)"
66.249.67.232 - - [05/May/2014:14:38:32 +0200] "GET /include.php?path=contentarchive&type=2&letter=Z&catid=8&themeid=0&searchtext=&entries=0&order=&nid=19 HTTP/1.1" 404 1256 "-" "Mozilla/5.0 (compatible; Googlebot/2.1; +http://www.google.com/bot.html)"
66.249.67.4 - - [05/May/2014:14:40:04 +0200] "GET /include.php?path=contentarchive&type=3&catid=0&letter=X&entries=0&searchtext=&order=title&nid=13 HTTP/1.1" 404 1256 "-" "Mozilla/5.0 (compatible; Googlebot/2.1; +http://www.google.com/bot.html)"
66.249.67.36 - - [05/May/2014:14:41:37 +0200] "GET /include.php?path=contentarchive&type=2&letter=F&catid=1&themeid=0&searchtext=&entries=0&order=&nid=21 HTTP/1.1" 404 1256 "-" "Mozilla/5.0 (compatible; Googlebot/2.1; +http://www.google.com/bot.html)"
66.249.67.232 - - [05/May/2014:14:43:10 +0200] "GET /include.php?path=contentarchive&letter=&catid=1&themeid=0&type=1&order=dated&entries=0&nid=32 HTTP/1.1" 404 1256 "-" "Mozilla/5.0 (compatible; Googlebot/2.1; +http://www.google.com/bot.html)"
66.249.67.4 - - [05/May/2014:14:46:15 +0200] "GET /include.php?path=contentarchive&type=1&letter=C&catid=9&themeid=0&searchtext=&entries=0&order=dated&nid=13 HTTP/1.1" 404 1256 "-" "Mozilla/5.0 (compatible; Googlebot/2.1; +http://www.google.com/bot.html)"
66.249.67.4 - - [05/May/2014:14:47:48 +0200] "GET /include.php?path=contentarchive&type=1&catid=9&letter=R&entries=0&searchtext=&order=titled&nid=13 HTTP/1.1" 404 1256 "-" "Mozilla/5.0 (compatible; Googlebot/2.1; +http://www.google.com/bot.html)"
66.249.67.232 - - [05/May/2014:14:49:20 +0200] "GET /include.php?path=contentarchive&type=2&catid=9&letter=X&entries=0&searchtext=&order=dated&nid=32 HTTP/1.1" 404 1256 "-" "Mozilla/5.0 (compatible; Googlebot/2.1; +http://www.google.com/bot.html)"
66.249.67.36 - - [05/May/2014:14:50:53 +0200] "GET /include.php?path=contentarchive&type=2&catid=11&letter=I&entries=0&searchtext=&order=title&nid=21 HTTP/1.1" 404 1256 "-" "Mozilla/5.0 (compatible; Googlebot/2.1; +http://www.google.com/bot.html)"
88.75.145.156 - - [05/May/2014:14:51:03 +0200] "GET / HTTP/1.1" 302 - "-" "Mozilla/5.0 (Linux; Android 4.4.2; de-de; SAMSUNG SM-N9005 Build/KOT49H) AppleWebKit/537.36 (KHTML, like Gecko) Version/1.5 Chrome/28.0.1500.94 Mobile Safari/537.36"
66.249.67.232 - - [05/May/2014:14:52:26 +0200] "GET /include.php?path=contentarchive&type=1&letter=V&catid=0&themeid=0&searchtext=&entries=5&order=&nid=32 HTTP/1.1" 404 1256 "-" "Mozilla/5.0 (compatible; Googlebot/2.1; +http://www.google.com/bot.html)"
66.249.67.36 - - [05/May/2014:14:53:59 +0200] "GET /include.php?path=contentarchive&type=2&letter=S&catid=9&themeid=0&searchtext=&entries=0&order=&nid=13 HTTP/1.1" 404 1256 "-" "Mozilla/5.0 (compatible; Googlebot/2.1; +http://www.google.com/bot.html)"
208.115.113.93 - - [05/May/2014:14:54:40 +0200] "GET /robots.txt HTTP/1.1" 404 1256 "-" "Mozilla/5.0 (compatible; DotBot/1.1; http://www.opensiteexplorer.org/dotbot, help@moz.com)"
66.249.67.4 - - [05/May/2014:14:55:31 +0200] "GET /include.php?path=contentarchive&type=4&letter=K&catid=0&themeid=0&searchtext=&entries=0&order=titled&nid=13 HTTP/1.1" 404 1256 "-" "Mozilla/5.0 (compatible; Googlebot/2.1; +http://www.google.com/bot.html)"
217.7.56.111 - - [05/May/2014:15:09:34 +0200] "GET / HTTP/1.1" 302 - "-" "Mozilla/4.0 (compatible; MSIE 8.0; Windows NT 6.1; WOW64; Trident/4.0; SLCC2; .NET CLR 2.0.50727; .NET CLR 3.5.30729; .NET CLR 3.0.30729; Media Center PC 6.0; .NET4.0C; .NET4.0E)"
46.115.170.80 - - [05/May/2014:16:01:47 +0200] "GET / HTTP/1.1" 302 - "-" "Mozilla/5.0 (Linux; Android 4.4.2; de-de; SAMSUNG SM-N9005 Build/KOT49H) AppleWebKit/537.36 (KHTML, like Gecko) Version/1.5 Chrome/28.0.1500.94 Mobile Safari/537.36"
208.115.113.93 - - [05/May/2014:16:56:58 +0200] "GET /?nid=21 HTTP/1.1" 302 - "-" "Mozilla/5.0 (compatible; DotBot/1.1; http://www.opensiteexplorer.org/dotbot, help@moz.com)"
31.13.99.119 - - [05/May/2014:17:01:46 +0200] "GET / HTTP/1.1" 302 - "-" "facebookexternalhit/1.1 (+http://www.facebook.com/externalhit_uatext.php)"
31.13.99.114 - - [05/May/2014:17:01:46 +0200] "GET /?fb_locale=de_DE HTTP/1.1" 302 - "-" "facebookexternalhit/1.1 (+http://www.facebook.com/externalhit_uatext.php)"
79.246.2.201 - - [05/May/2014:19:05:27 +0200] "GET / HTTP/1.1" 302 - "-" "Mozilla/5.0 (Linux; Android 4.4.2; de-de; SAMSUNG GT-I9505 Build/KOT49H) AppleWebKit/537.36 (KHTML, like Gecko) Version/1.5 Chrome/28.0.1500.94 Mobile Safari/537.36"
66.249.67.36 - - [05/May/2014:19:30:10 +0200] "GET /?&nid=32 HTTP/1.1" 302 - "-" "Mozilla/5.0 (compatible; Googlebot/2.1; +http://www.google.com/bot.html)"
66.249.67.4 - - [05/May/2014:20:34:54 +0200] "GET /?nid=19&nid=32 HTTP/1.1" 302 - "-" "Mozilla/5.0 (compatible; Googlebot/2.1; +http://www.google.com/bot.html)"
66.249.67.36 - - [05/May/2014:21:29:54 +0200] "GET / HTTP/1.1" 302 - "-" "Mozilla/5.0 (compatible; Googlebot/2.1; +http://www.google.com/bot.html)"
66.249.67.4 - - [05/May/2014:21:30:40 +0200] "GET /?path=contact&nid=13 HTTP/1.1" 302 - "-" "Mozilla/5.0 (compatible; Googlebot/2.1; +http://www.google.com/bot.html)"
92.225.10.240 - - [05/May/2014:21:42:34 +0200] "GET / HTTP/1.1" 302 - "https://www.google.de/" "Mozilla/5.0 (iPhone; CPU iPhone OS 7_1_1 like Mac OS X) AppleWebKit/537.51.2 (KHTML, like Gecko) Version/7.0 Mobile/11D201 Safari/9537.53"
217.255.106.174 - - [05/May/2014:22:12:07 +0200] "GET / HTTP/1.1" 302 - "-" "Mozilla/5.0 (Linux; U; Android 4.3; de-de; GT-I9300 Build/JSS15J) AppleWebKit/534.30 (KHTML, like Gecko) Version/4.0 Mobile Safari/534.30"
66.249.67.232 - - [05/May/2014:22:29:55 +0200] "GET /?&nid=21 HTTP/1.1" 302 - "-" "Mozilla/5.0 (compatible; Googlebot/2.1; +http://www.google.com/bot.html)"
66.249.67.4 - - [05/May/2014:22:30:41 +0200] "GET /?&nid=4 HTTP/1.1" 302 - "-" "Mozilla/5.0 (compatible; Googlebot/2.1; +http://www.google.com/bot.html)"
79.116.31.239 - - [05/May/2014:22:40:06 +0200] "GET / HTTP/1.1" 302 - "-" "Java/1.6.0_04"
79.116.31.239 - - [05/May/2014:22:40:07 +0200] "GET /fls_1_aktuelles.php HTTP/1.1" 404 1256 "-" "Java/1.6.0_04"
79.116.31.239 - - [05/May/2014:22:40:07 +0200] "GET /fls_2_fremdsprachensekr.php HTTP/1.1" 404 1256 "-" "Java/1.6.0_04"
79.116.31.239 - - [05/May/2014:22:40:08 +0200] "GET /fls_3_fls_international.php HTTP/1.1" 404 1256 "-" "Java/1.6.0_04"
79.116.31.239 - - [05/May/2014:22:40:08 +0200] "GET /fls_4_faq.php HTTP/1.1" 404 1256 "-" "Java/1.6.0_04"
79.116.31.239 - - [05/May/2014:22:40:08 +0200] "GET /fls_4_impressum.php HTTP/1.1" 404 1256 "-" "Java/1.6.0_04"
79.116.31.239 - - [05/May/2014:22:40:08 +0200] "GET /fls_4_kontakt_anmeldung.php HTTP/1.1" 404 1256 "-" "Java/1.6.0_04"
79.116.31.239 - - [05/May/2014:22:40:08 +0200] "GET /index.php HTTP/1.1" 302 - "-" "Java/1.6.0_04"
79.116.31.239 - - [05/May/2014:22:40:09 +0200] "GET /index_en.php HTTP/1.1" 404 1256 "-" "Java/1.6.0_04"
79.116.31.239 - - [05/May/2014:22:40:09 +0200] "GET /index_fr.php HTTP/1.1" 404 1256 "-" "Java/1.6.0_04"
79.116.31.239 - - [05/May/2014:22:40:09 +0200] "GET /index_sp.php HTTP/1.1" 404 1256 "-" "Java/1.6.0_04"
79.116.31.239 - - [05/May/2014:22:40:10 +0200] "GET /& HTTP/1.1" 404 1256 "-" "Java/1.6.0_04"
79.116.31.239 - - [05/May/2014:22:40:10 +0200] "GET /& HTTP/1.1" 404 1256 "-" "Java/1.6.0_04"
79.116.31.239 - - [05/May/2014:22:40:11 +0200] "GET /& HTTP/1.1" 404 1256 "-" "Java/1.6.0_04"
79.116.31.239 - - [05/May/2014:22:40:11 +0200] "GET /& HTTP/1.1" 404 1256 "-" "Java/1.6.0_04"
79.116.31.239 - - [05/May/2014:22:40:12 +0200] "GET /& HTTP/1.1" 404 1256 "-" "Java/1.6.0_04"
79.116.31.239 - - [05/May/2014:22:40:12 +0200] "GET /& HTTP/1.1" 404 1256 "-" "Java/1.6.0_04"
79.116.31.239 - - [05/May/2014:22:40:12 +0200] "GET /& HTTP/1.1" 404 1256 "-" "Java/1.6.0_04"
79.116.31.239 - - [05/May/2014:22:40:12 +0200] "GET /& HTTP/1.1" 404 1256 "-" "Java/1.6.0_04"
79.116.31.239 - - [05/May/2014:22:40:12 +0200] "GET /& HTTP/1.1" 404 1256 "-" "Java/1.6.0_04"
79.116.31.239 - - [05/May/2014:22:40:13 +0200] "GET /& HTTP/1.1" 404 1256 "-" "Java/1.6.0_04"
79.116.31.239 - - [05/May/2014:22:40:13 +0200] "GET /& HTTP/1.1" 404 1256 "-" "Java/1.6.0_04"
79.116.31.239 - - [05/May/2014:22:40:13 +0200] "GET /& HTTP/1.1" 404 1256 "-" "Java/1.6.0_04"
79.116.31.239 - - [05/May/2014:22:40:13 +0200] "GET /& HTTP/1.1" 404 1256 "-" "Java/1.6.0_04"
79.116.31.239 - - [05/May/2014:22:40:14 +0200] "GET /& HTTP/1.1" 404 1256 "-" "Java/1.6.0_04"
79.116.31.239 - - [05/May/2014:22:40:14 +0200] "GET /& HTTP/1.1" 404 1256 "-" "Java/1.6.0_04"
79.116.31.239 - - [05/May/2014:22:40:14 +0200] "GET /& HTTP/1.1" 404 1256 "-" "Java/1.6.0_04"
79.116.31.239 - - [05/May/2014:22:40:15 +0200] "GET /& HTTP/1.1" 404 1256 "-" "Java/1.6.0_04"
79.116.31.239 - - [05/May/2014:22:40:15 +0200] "GET /& HTTP/1.1" 404 1256 "-" "Java/1.6.0_04"
79.116.31.239 - - [05/May/2014:22:40:16 +0200] "GET /& HTTP/1.1" 404 1256 "-" "Java/1.6.0_04"
79.116.31.239 - - [05/May/2014:22:40:16 +0200] "GET /& HTTP/1.1" 404 1256 "-" "Java/1.6.0_04"
66.249.67.36 - - [05/May/2014:23:29:57 +0200] "GET /?&nid=13 HTTP/1.1" 302 - "-" "Mozilla/5.0 (compatible; Googlebot/2.1; +http://www.google.com/bot.html)"
66.249.67.4 - - [05/May/2014:23:31:30 +0200] "GET /?&nid=19 HTTP/1.1" 302 - "-" "Mozilla/5.0 (compatible; Googlebot/2.1; +http://www.google.com/bot.html)"
66.249.67.32 - - [06/May/2014:00:39:11 +0200] "GET /robots.txt HTTP/1.1" 404 1256 "-" "Mozilla/5.0 (compatible; Googlebot/2.1; +http://www.google.com/bot.html)"
66.249.67.96 - - [06/May/2014:00:39:11 +0200] "GET / HTTP/1.1" 302 - "-" "Mozilla/5.0 (compatible; Googlebot/2.1; +http://www.google.com/bot.html)"
178.255.215.70 - - [06/May/2014:03:05:43 +0200] "GET /robots.txt HTTP/1.1" 404 1256 "-" "Mozilla/5.0 (compatible; Exabot/3.0; +http://www.exabot.com/go/robot)"
178.255.215.70 - - [06/May/2014:03:05:43 +0200] "GET / HTTP/1.1" 302 - "-" "Mozilla/5.0 (compatible; Exabot/3.0; +http://www.exabot.com/go/robot)"
141.8.147.12 - - [06/May/2014:04:53:36 +0200] "GET /robots.txt HTTP/1.1" 404 1256 "-" "Mozilla/5.0 (compatible; YandexBot/3.0; +http://yandex.com/bots)"
141.8.147.12 - - [06/May/2014:04:53:38 +0200] "GET / HTTP/1.1" 302 - "-" "Mozilla/5.0 (compatible; YandexBot/3.0; +http://yandex.com/bots)"
85.179.83.142 - - [06/May/2014:06:40:53 +0200] "GET / HTTP/1.1" 302 - "https://www.facebook.com/" "Mozilla/5.0 (Windows NT 6.1) AppleWebKit/537.36 (KHTML, like Gecko) Chrome/34.0.1847.131 Safari/537.36"
208.115.113.85 - - [06/May/2014:08:49:40 +0200] "GET /robots.txt HTTP/1.1" 404 1256 "-" "Mozilla/5.0 (compatible; DotBot/1.1; http://www.opensiteexplorer.org/dotbot, help@moz.com)"
37.58.100.184 - - [06/May/2014:09:10:24 +0200] "GET /robots.txt HTTP/1.1" 404 1256 "-" "Mozilla/5.0 (compatible; AhrefsBot/5.0; +http://ahrefs.com/robot/)"
192.73.31.49 - - [06/May/2014:09:23:32 +0200] "GET / HTTP/1.1" 302 - "http://www.google.fr/url?sa=t&rct=j&q=&esrc=s&frm=1&source=web&cd=11&ved=0CI4BEKACMAo&url=http%3A%2F%2Fwww.friedrich-list-berlin.de%2F&ei=JIpoU5ebJ6iysQSS3oGQDg&usg=AFQjCNGsKs3TvBQ4z91zrYvo9_SfKi5nug&sig2=I9qgGw5B8S3p7JpxyKwBig" "Mozilla/5.0 (compatible; MSIE 9.0; Windows NT 6.1; WOW64; Trident/5.0; MDDRJS)"
208.115.113.85 - - [06/May/2014:10:45:43 +0200] "GET /?nid=19 HTTP/1.1" 302 - "-" "Mozilla/5.0 (compatible; DotBot/1.1; http://www.opensiteexplorer.org/dotbot, help@moz.com)"
37.5.42.29 - - [06/May/2014:10:49:00 +0200] "GET / HTTP/1.1" 302 - "-" "Mozilla/5.0 (Windows NT 6.1; WOW64; rv:17.0) Gecko/20100101 Firefox/17.0"
