37.58.100.84 - - [01/May/2014:01:51:38 +0200] "GET /robots.txt HTTP/1.1" 404 1256 "-" "Mozilla/5.0 (compatible; AhrefsBot/5.0; +http://ahrefs.com/robot/)"
157.55.32.86 - - [01/May/2014:02:02:26 +0200] "GET /robots.txt HTTP/1.1" 404 1256 "-" "Mozilla/5.0 (compatible; bingbot/2.0; +http://www.bing.com/bingbot.htm)"
157.55.32.86 - - [01/May/2014:02:09:17 +0200] "GET /?path=content&contentid=44 HTTP/1.1" 302 - "-" "Mozilla/5.0 (compatible; bingbot/2.0; +http://www.bing.com/bingbot.htm)"
66.249.78.115 - - [01/May/2014:03:10:43 +0200] "GET /robots.txt HTTP/1.1" 404 1256 "-" "Mozilla/5.0 (compatible; Googlebot/2.1; +http://www.google.com/bot.html)"
66.249.66.9 - - [01/May/2014:03:10:43 +0200] "GET / HTTP/1.1" 302 - "-" "DoCoMo/2.0 N905i(c100;TB;W24H16) (compatible; Googlebot-Mobile/2.1; +http://www.google.com/bot.html)"
93.228.72.38 - - [01/May/2014:04:23:06 +0200] "GET / HTTP/1.1" 302 - "-" "Mozilla/4.0 (compatible; MSIE 7.0; Windows NT 6.0; WOW64; SLCC1; .NET CLR 2.0.50727; .NET CLR 1.1.4322; .NET CLR 3.5.21022; .NET CLR 3.0.04506)"
66.249.78.115 - - [01/May/2014:05:46:19 +0200] "GET / HTTP/1.1" 302 - "-" "Mozilla/5.0 (compatible; Googlebot/2.1; +http://www.google.com/bot.html)"
157.55.33.102 - - [01/May/2014:07:58:08 +0200] "GET /?path=content&contentid=39&nid=15 HTTP/1.1" 302 - "-" "Mozilla/5.0 (compatible; bingbot/2.0; +http://www.bing.com/bingbot.htm)"
88.73.77.121 - - [01/May/2014:09:59:34 +0200] "GET / HTTP/1.1" 302 - "https://www.google.de/" "Mozilla/5.0 (iPhone; CPU iPhone OS 7_1_1 like Mac OS X) AppleWebKit/537.51.2 (KHTML, like Gecko) Version/7.0 Mobile/11D201 Safari/9537.53"
66.249.78.236 - - [01/May/2014:10:03:43 +0200] "GET /robots.txt HTTP/1.1" 404 1256 "-" "Mozilla/5.0 (compatible; Googlebot/2.1; +http://www.google.com/bot.html)"
66.249.66.240 - - [01/May/2014:10:03:44 +0200] "GET / HTTP/1.1" 302 - "-" "DoCoMo/2.0 N905i(c100;TB;W24H16) (compatible; Googlebot-Mobile/2.1; +http://www.google.com/bot.html)"
64.246.161.30 - - [01/May/2014:10:10:56 +0200] "GET /robots.txt HTTP/1.0" 404 1256 "-" "Mozilla/5.0 (Windows; U; Windows NT 5.1; en; rv:1.9.0.13) Gecko/2009073022 Firefox/3.5.2 (.NET CLR 3.5.30729) SurveyBot/2.3 (DomainTools)"
64.246.161.30 - - [01/May/2014:10:10:56 +0200] "GET / HTTP/1.1" 302 - "http://whois.domaintools.com/fls-berlin.de" "Mozilla/5.0 (Windows; U; Windows NT 5.1; en; rv:1.9.0.13) Gecko/2009073022 Firefox/3.5.2 (.NET CLR 3.5.30729) SurveyBot/2.3 (DomainTools)"
78.52.202.22 - - [01/May/2014:10:29:37 +0200] "GET / HTTP/1.1" 302 - "http://domino2.berufsschulen.de/db/berufsschulen.nsf/bc99c0a4aa4bbbfcc1256b470057821a/f201afb7f4437fd1c12570bf005daa06?OpenDocument&TableRow=1.1" "Mozilla/5.0 (Windows NT 6.1; WOW64; rv:28.0) Gecko/20100101 Firefox/28.0"
216.145.14.142 - - [01/May/2014:12:57:48 +0200] "GET /robots.txt HTTP/1.0" 404 1256 "-" "Mozilla/5.0 (Windows; U; Windows NT 5.1; en; rv:1.9.0.13) Gecko/2009073022 Firefox/3.5.2 (.NET CLR 3.5.30729) SurveyBot/2.3 (DomainTools)"
216.145.14.142 - - [01/May/2014:12:57:49 +0200] "GET / HTTP/1.1" 302 - "http://whois.domaintools.com/friedrich-list-berlin.de" "Mozilla/5.0 (Windows; U; Windows NT 5.1; en; rv:1.9.0.13) Gecko/2009073022 Firefox/3.5.2 (.NET CLR 3.5.30729) SurveyBot/2.3 (DomainTools)"
141.8.147.12 - - [01/May/2014:15:05:43 +0200] "GET /robots.txt HTTP/1.1" 404 1256 "-" "Mozilla/5.0 (compatible; YandexBot/3.0; +http://yandex.com/bots)"
141.8.147.12 - - [01/May/2014:15:05:45 +0200] "GET / HTTP/1.1" 302 - "-" "Mozilla/5.0 (compatible; YandexBot/3.0; +http://yandex.com/bots)"
83.236.168.203 - - [01/May/2014:15:35:39 +0200] "GET / HTTP/1.1" 302 - "http://www.berlin.de/sen/bildung/schulverzeichnis_und_portraets/anwendung/Schulportrait.aspx?IDSchulzweig=11651" "Mozilla/5.0 (Windows NT 6.1; WOW64; rv:28.0) Gecko/20100101 Firefox/28.0"
66.249.78.236 - - [01/May/2014:18:13:26 +0200] "GET /content/download/FlyerVers6.pdf HTTP/1.1" 404 1256 "-" "Googlebot/2.1 (+http://www.google.com/bot.html)"
117.78.13.18 - - [01/May/2014:19:04:28 +0200] "GET /robots.txt HTTP/1.0" 404 1256 "-" "nutch-1.4/Nutch-1.4"
117.78.13.18 - - [01/May/2014:19:04:29 +0200] "GET / HTTP/1.0" 302 - "-" "nutch-1.4/Nutch-1.4"
144.76.97.177 - - [01/May/2014:19:51:47 +0200] "HEAD / HTTP/1.1" 302 - "-" "Mozilla/5.0 (compatible; Googlebot/2.1; +http://www.google.com/bot.html)"
178.77.126.55 - - [01/May/2014:22:43:50 +0200] "GET /robots.txt HTTP/1.1" 404 1256 "-" "Mozilla/5.0 (compatible; CareerBot/1.1; +http://www.career-x.de/bot.html)"
178.77.126.55 - - [01/May/2014:22:43:50 +0200] "GET / HTTP/1.1" 302 - "-" "Mozilla/5.0 (compatible; CareerBot/1.1; +http://www.career-x.de/bot.html)"
62.219.8.238 - - [02/May/2014:02:16:53 +0200] "GET / HTTP/1.1" 302 - "-" "Mozilla/5.0 (X11; Ubuntu; Linux i686; rv:26.0) Gecko/20100101 Firefox/26.0"
62.219.8.238 - - [02/May/2014:02:17:32 +0200] "GET / HTTP/1.1" 302 - "-" "Mozilla/5.0 (Macintosh; Intel Mac OS X 10_8_5) AppleWebKit/536.30.1 (KHTML, like Gecko) Version/6.0.5 Safari/536.30.1"
193.175.194.33 - - [02/May/2014:02:22:20 +0200] "GET / HTTP/1.1" 302 - "-" "Bildungsserver-Linkchecker DBS 0.9 (http://www.bildungsserver.de)"
157.55.33.27 - - [02/May/2014:05:38:35 +0200] "GET /robots.txt HTTP/1.1" 404 1256 "-" "Mozilla/5.0 (compatible; bingbot/2.0; +http://www.bing.com/bingbot.htm)"
66.249.78.115 - - [02/May/2014:05:57:54 +0200] "GET /robots.txt HTTP/1.1" 404 1256 "-" "Mozilla/5.0 (compatible; Googlebot/2.1; +http://www.google.com/bot.html)"
66.249.78.115 - - [02/May/2014:05:57:54 +0200] "GET / HTTP/1.1" 302 - "-" "Mozilla/5.0 (compatible; Googlebot/2.1; +http://www.google.com/bot.html)"
157.55.33.27 - - [02/May/2014:06:07:47 +0200] "GET /include.php?path=content&contentid=8 HTTP/1.1" 404 1256 "-" "Mozilla/5.0 (compatible; bingbot/2.0; +http://www.bing.com/bingbot.htm)"
217.86.196.40 - - [02/May/2014:06:26:52 +0200] "GET / HTTP/1.1" 302 - "-" "-"
188.102.49.36 - - [02/May/2014:07:00:32 +0200] "GET / HTTP/1.1" 302 - "http://www.berlin.de/sen/bildung/schulverzeichnis_und_portraets/anwendung/Schulportrait.aspx" "Mozilla/5.0 (iPad; CPU OS 7_1_1 like Mac OS X) AppleWebKit/537.51.2 (KHTML, like Gecko) Version/7.0 Mobile/11D201 Safari/9537.53"
159.149.133.251 - - [02/May/2014:10:04:52 +0200] "GET /robots.txt HTTP/1.1" 404 1256 "-" "BUbiNG (+http://law.di.unimi.it/BUbiNG.html)"
159.149.133.251 - - [02/May/2014:10:04:52 +0200] "GET / HTTP/1.1" 302 - "-" "BUbiNG (+http://law.di.unimi.it/BUbiNG.html)"
173.252.103.0 - - [02/May/2014:10:15:34 +0200] "GET / HTTP/1.1" 302 - "-" "Mozilla/5.0 (X11; Linux x86_64) AppleWebKit/537.36 (KHTML, like Gecko) Chrome/33.0.1750.152 Safari/537.36"
173.252.77.117 - - [02/May/2014:10:15:46 +0200] "GET / HTTP/1.1" 302 - "-" "Mozilla/5.0 (X11; Linux x86_64) AppleWebKit/537.36 (KHTML, like Gecko) Chrome/33.0.1750.152 Safari/537.36"
192.241.193.129 - - [02/May/2014:10:16:56 +0200] "GET / HTTP/1.1" 302 - "http://www.facebook.com/l.php?u=http%3A%2F%2Fwww.fls-berlin.de%2F&h=DvVc7Xp94" "Mozilla/4.0 (compatible; MSIE 8.0; Windows NT 5.1; Trident/4.0; .NET CLR 2.0.50727)"
80.153.187.116 - - [02/May/2014:10:47:46 +0200] "GET / HTTP/1.1" 302 - "http://www.regional.planet-beruf.de/details.jsp?roid=157&oid=100400200&tid=1&eid=3026" "Mozilla/5.0 (compatible; MSIE 9.0; Windows NT 6.0; Trident/5.0)"
46.41.129.125 - - [02/May/2014:10:56:31 +0200] "GET / HTTP/1.1" 302 - "-" "libwww-perl/6.05"
83.149.126.98 - - [02/May/2014:11:14:59 +0200] "GET /robots.txt HTTP/1.0" 404 1256 "-" "Mozilla/5.0 (compatible; MJ12bot/v1.4.5; http://www.majestic12.co.uk/bot.php?+)"
83.149.126.98 - - [02/May/2014:11:15:00 +0200] "GET / HTTP/1.0" 302 - "-" "Mozilla/5.0 (compatible; MJ12bot/v1.4.5; http://www.majestic12.co.uk/bot.php?+)"
205.188.116.136 - - [02/May/2014:12:20:24 +0200] "GET / HTTP/1.1" 302 - "http://www.facebook.com/l.php?u=http%3A%2F%2Fwww.fls-berlin.de%2F&h=93RZGn5Lr" "Mozilla/5.0 (Windows; U; Windows NT 5.1; en-US; rv:1.9.2.8) Gecko/20100722 Firefox/3.6.8"
95.91.240.13 - - [02/May/2014:13:13:36 +0200] "GET / HTTP/1.1" 302 - "https://www.google.com/" "Mozilla/5.0 (Windows NT 6.1; WOW64) AppleWebKit/537.36 (KHTML, like Gecko) Chrome/34.0.1847.131 Safari/537.36"
176.9.48.201 - - [02/May/2014:14:12:55 +0200] "GET /robots.txt HTTP/1.1" 404 1256 "-" "Mozilla/5.0 (X11; Ubuntu; Linux x86_64; rv:27.0) Gecko/20100101 Firefox/27.0"
176.9.48.201 - - [02/May/2014:14:12:55 +0200] "GET / HTTP/1.1" 302 - "-" "Mozilla/5.0 (X11; Ubuntu; Linux x86_64; rv:27.0) Gecko/20100101 Firefox/27.0"
66.249.73.197 - - [02/May/2014:14:45:21 +0200] "GET /robots.txt HTTP/1.1" 404 1256 "-" "Mozilla/5.0 (compatible; Googlebot/2.1; +http://www.google.com/bot.html)"
66.249.73.197 - - [02/May/2014:14:45:21 +0200] "GET / HTTP/1.1" 302 - "-" "Mozilla/5.0 (compatible; Googlebot/2.1; +http://www.google.com/bot.html)"
66.249.73.188 - - [02/May/2014:15:54:08 +0200] "GET /robots.txt HTTP/1.1" 404 1256 "-" "Mozilla/5.0 (compatible; Googlebot/2.1; +http://www.google.com/bot.html)"
66.249.73.188 - - [02/May/2014:15:54:08 +0200] "GET /include.php?path=contentarchive&type=4&catid=0&letter=J&entries=0&searchtext=&order=dated HTTP/1.1" 404 1256 "-" "Mozilla/5.0 (compatible; Googlebot/2.1; +http://www.google.com/bot.html)"
188.165.195.156 - - [02/May/2014:19:41:34 +0200] "HEAD / HTTP/1.1" 302 - "-" "Mozilla/4.0 (compatible; MSIE 5.01; Windows NT 5.0)"
85.178.20.150 - - [02/May/2014:19:45:15 +0200] "GET / HTTP/1.1" 302 - "https://www.facebook.com/" "Mozilla/5.0 (Windows NT 6.1; WOW64) AppleWebKit/537.36 (KHTML, like Gecko) Chrome/34.0.1847.131 Safari/537.36"
128.131.102.100 - - [03/May/2014:02:55:30 +0200] "GET / HTTP/1.0" 302 - "-" "Mozilla/5.0 (KeepRight OpenStreetMap Checker; http://keepright.at) Gecko/20100101 Firefox/22.0"
141.8.147.12 - - [03/May/2014:05:39:45 +0200] "GET /robots.txt HTTP/1.1" 404 1256 "-" "Mozilla/5.0 (compatible; YandexBot/3.0; +http://yandex.com/bots)"
141.8.147.12 - - [03/May/2014:05:39:47 +0200] "GET /fls_1_aktuelles.php?artid=44 HTTP/1.1" 404 1256 "-" "Mozilla/5.0 (compatible; YandexBot/3.0; +http://yandex.com/bots)"
141.8.147.12 - - [03/May/2014:05:39:49 +0200] "GET /index_fr.php HTTP/1.1" 404 1256 "-" "Mozilla/5.0 (compatible; YandexBot/3.0; +http://yandex.com/bots)"
141.8.147.12 - - [03/May/2014:05:39:51 +0200] "GET /index_en.php HTTP/1.1" 404 1256 "-" "Mozilla/5.0 (compatible; YandexBot/3.0; +http://yandex.com/bots)"
141.8.147.12 - - [03/May/2014:05:39:53 +0200] "GET /fls_2_kurs_ecbm_london.php HTTP/1.1" 404 1256 "-" "Mozilla/5.0 (compatible; YandexBot/3.0; +http://yandex.com/bots)"
141.8.147.12 - - [03/May/2014:05:39:55 +0200] "GET /fls_4_kontakt_anmeldung.php HTTP/1.1" 404 1256 "-" "Mozilla/5.0 (compatible; YandexBot/3.0; +http://yandex.com/bots)"
141.8.147.12 - - [03/May/2014:05:39:57 +0200] "GET /fls_2_fremdsprachensekr.php HTTP/1.1" 404 1256 "-" "Mozilla/5.0 (compatible; YandexBot/3.0; +http://yandex.com/bots)"
141.8.147.12 - - [03/May/2014:05:39:59 +0200] "GET /fls_1_aktuelles.php HTTP/1.1" 404 1256 "-" "Mozilla/5.0 (compatible; YandexBot/3.0; +http://yandex.com/bots)"
141.8.147.12 - - [03/May/2014:05:40:01 +0200] "GET /fls_4_impressum.php HTTP/1.1" 404 1256 "-" "Mozilla/5.0 (compatible; YandexBot/3.0; +http://yandex.com/bots)"
141.8.147.12 - - [03/May/2014:05:40:03 +0200] "GET /fls_2_fremdsprachenkorr.php HTTP/1.1" 404 1256 "-" "Mozilla/5.0 (compatible; YandexBot/3.0; +http://yandex.com/bots)"
141.8.147.12 - - [03/May/2014:05:40:05 +0200] "GET /fls_2_berufsfachschule.php HTTP/1.1" 404 1256 "-" "Mozilla/5.0 (compatible; YandexBot/3.0; +http://yandex.com/bots)"
141.8.147.12 - - [03/May/2014:05:40:08 +0200] "GET /fls_2_europakorr.php HTTP/1.1" 404 1256 "-" "Mozilla/5.0 (compatible; YandexBot/3.0; +http://yandex.com/bots)"
141.8.147.12 - - [03/May/2014:05:40:10 +0200] "GET /fls_3_fls_international.php HTTP/1.1" 404 1256 "-" "Mozilla/5.0 (compatible; YandexBot/3.0; +http://yandex.com/bots)"
46.4.100.231 - - [03/May/2014:08:57:23 +0200] "GET /robots.txt HTTP/1.1" 404 1256 "-" "BacklinkCrawler (http://www.backlinktest.com/crawler.html)"
46.4.100.231 - - [03/May/2014:08:57:23 +0200] "GET /sitemap.xml HTTP/1.1" 404 1256 "-" "BacklinkCrawler (http://www.backlinktest.com/crawler.html)"
46.4.100.231 - - [03/May/2014:08:57:25 +0200] "GET / HTTP/1.1" 302 - "-" "BacklinkCrawler (http://www.backlinktest.com/crawler.html)"
46.4.100.231 - - [03/May/2014:08:57:27 +0200] "GET /?path=content&mode=print&contentid=17 HTTP/1.1" 302 - "-" "BacklinkCrawler (http://www.backlinktest.com/crawler.html)"
46.4.100.231 - - [03/May/2014:08:57:29 +0200] "GET /?path=content&contentid=31&nid=19 HTTP/1.1" 302 - "-" "BacklinkCrawler (http://www.backlinktest.com/crawler.html)"
46.4.100.231 - - [03/May/2014:08:57:32 +0200] "GET /?path=content&contentid=20&nid=19 HTTP/1.1" 302 - "-" "BacklinkCrawler (http://www.backlinktest.com/crawler.html)"
46.4.100.231 - - [03/May/2014:08:57:33 +0200] "GET /?path=content&contentid=20&nid=21 HTTP/1.1" 302 - "-" "BacklinkCrawler (http://www.backlinktest.com/crawler.html)"
46.4.100.231 - - [03/May/2014:08:57:35 +0200] "GET /?path=content&contentid=31&nid=21 HTTP/1.1" 302 - "-" "BacklinkCrawler (http://www.backlinktest.com/crawler.html)"
46.4.100.231 - - [03/May/2014:08:57:37 +0200] "GET /?path=content&contentid=18&nid=19 HTTP/1.1" 302 - "-" "BacklinkCrawler (http://www.backlinktest.com/crawler.html)"
46.4.100.231 - - [03/May/2014:08:57:39 +0200] "GET /?path=content&contentid=4&nid=19 HTTP/1.1" 302 - "-" "BacklinkCrawler (http://www.backlinktest.com/crawler.html)"
46.4.100.231 - - [03/May/2014:08:57:41 +0200] "GET /?path=content&contentid=19&nid=21 HTTP/1.1" 302 - "-" "BacklinkCrawler (http://www.backlinktest.com/crawler.html)"
46.4.100.231 - - [03/May/2014:08:57:43 +0200] "GET /?path=content&contentid=18&nid=21 HTTP/1.1" 302 - "-" "BacklinkCrawler (http://www.backlinktest.com/crawler.html)"
46.4.100.231 - - [03/May/2014:08:57:45 +0200] "GET /?path=content&contentid=11&nid=19 HTTP/1.1" 302 - "-" "BacklinkCrawler (http://www.backlinktest.com/crawler.html)"
46.4.100.231 - - [03/May/2014:08:57:47 +0200] "GET /?path=content&contentid=65&nid=21 HTTP/1.1" 302 - "-" "BacklinkCrawler (http://www.backlinktest.com/crawler.html)"
87.162.73.183 - - [03/May/2014:10:40:27 +0200] "GET / HTTP/1.1" 302 - "-" "Mozilla/5.0 (Windows NT 6.0; WOW64; rv:28.0) Gecko/20100101 Firefox/28.0"
141.8.147.12 - - [03/May/2014:14:29:03 +0200] "GET /robots.txt HTTP/1.1" 404 1256 "-" "Mozilla/5.0 (compatible; YandexBot/3.0; +http://yandex.com/bots)"
141.8.147.12 - - [03/May/2014:14:29:05 +0200] "GET / HTTP/1.1" 302 - "-" "Mozilla/5.0 (compatible; YandexBot/3.0; +http://yandex.com/bots)"
208.115.111.69 - - [03/May/2014:14:51:44 +0200] "GET /robots.txt HTTP/1.1" 404 1256 "-" "Mozilla/5.0 (compatible; DotBot/1.1; http://www.opensiteexplorer.org/dotbot, help@moz.com)"
74.52.245.146 - - [03/May/2014:15:06:23 +0200] "GET / HTTP/1.0" 302 - "-" "Mozilla/5.0 (X11; U; Linux i686; en-US; rv:1.7.5) Gecko/20041107 Firefox/1.0"
208.115.111.69 - - [03/May/2014:16:00:04 +0200] "GET /?path=contentarchive&type=2&letter=S&catid=0&themeid=0&searchtext=&entries=0&order=&nid=32 HTTP/1.1" 302 - "-" "Mozilla/5.0 (compatible; DotBot/1.1; http://www.opensiteexplorer.org/dotbot, help@moz.com)"
176.9.76.43 - - [03/May/2014:17:16:30 +0200] "GET / HTTP/1.1" 302 - "-" "Mozilla/5.0 (X11; Ubuntu; Linux x86_64; rv:27.0) Gecko/20100101 Firefox/27.0"
66.249.65.36 - - [03/May/2014:18:36:46 +0200] "GET /robots.txt HTTP/1.1" 404 1256 "-" "Mozilla/5.0 (compatible; Googlebot/2.1; +http://www.google.com/bot.html)"
66.249.65.232 - - [03/May/2014:18:36:47 +0200] "GET /include.php?path=contentarchive&type=2&letter=Y&catid=0&themeid=0&searchtext=&entries=0&order=title&nid=13 HTTP/1.1" 404 1256 "-" "Mozilla/5.0 (compatible; Googlebot/2.1; +http://www.google.com/bot.html)"
80.171.223.24 - - [03/May/2014:19:02:12 +0200] "GET / HTTP/1.1" 302 - "https://m.facebook.com" "Mozilla/5.0 (iPhone; CPU iPhone OS 7_0_3 like Mac OS X) AppleWebKit/537.51.1 (KHTML, like Gecko) Mobile/11B511 [FBAN/FBIOS;FBAV/9.0.0.25.31;FBBV/2102024;FBDV/iPhone6,2;FBMD/iPhone;FBSN/iPhone OS;FBSV/7.0.3;FBSS/2; FBCR/o2-de;FBID/phone;FBLC/de_DE;FBOP/5]"
66.249.65.36 - - [03/May/2014:19:37:01 +0200] "GET /include.php?path=contentarchive&type=2&catid=9&letter=X&entries=0&searchtext=&order=date&nid=4 HTTP/1.1" 404 1256 "-" "Mozilla/5.0 (compatible; Googlebot/2.1; +http://www.google.com/bot.html)"
87.212.134.66 - - [03/May/2014:19:57:42 +0200] "GET / HTTP/1.1" 302 - "https://www.facebook.com/" "Mozilla/5.0 (Windows NT 6.2; WOW64) AppleWebKit/537.36 (KHTML, like Gecko) Chrome/34.0.1847.131 Safari/537.36"
66.249.65.4 - - [03/May/2014:20:41:02 +0200] "GET /include.php?path=contentarchive&type=1&letter=U&catid=0&themeid=0&searchtext=&entries=0&order=dated HTTP/1.1" 404 1256 "-" "Mozilla/5.0 (compatible; Googlebot/2.1; +http://www.google.com/bot.html)"
159.149.133.251 - - [03/May/2014:21:19:10 +0200] "GET /robots.txt HTTP/1.1" 404 1256 "-" "BUbiNG (+http://law.di.unimi.it/BUbiNG.html)"
159.149.133.251 - - [03/May/2014:21:19:10 +0200] "GET / HTTP/1.1" 302 - "-" "BUbiNG (+http://law.di.unimi.it/BUbiNG.html)"
66.249.65.4 - - [03/May/2014:21:41:27 +0200] "GET /include.php?path=contentarchive&type=4&letter=Z&catid=0&themeid=0&searchtext=&entries=0&order=dated&nid=19 HTTP/1.1" 404 1256 "-" "Mozilla/5.0 (compatible; Googlebot/2.1; +http://www.google.com/bot.html)"
66.249.65.4 - - [03/May/2014:21:45:06 +0200] "GET /include.php?path=contentarchive&type=3&catid=1&letter=L&entries=0&searchtext=&order=dated HTTP/1.1" 404 1256 "-" "Mozilla/5.0 (compatible; Googlebot/2.1; +http://www.google.com/bot.html)"
66.249.65.36 - - [03/May/2014:23:08:22 +0200] "GET /include.php?path=contentarchive&type=1&catid=0&letter=K&entries=0&searchtext=&order=title&nid=4 HTTP/1.1" 404 1256 "-" "Mozilla/5.0 (compatible; Googlebot/2.1; +http://www.google.com/bot.html)"
66.249.65.36 - - [04/May/2014:00:02:55 +0200] "GET /include.php?path=contentarchive&type=1&letter=X&catid=0&themeid=0&searchtext=&entries=0&order= HTTP/1.1" 404 1256 "-" "Mozilla/5.0 (compatible; Googlebot/2.1; +http://www.google.com/bot.html)"
66.249.65.36 - - [04/May/2014:01:01:06 +0200] "GET /include.php?path=content&mode=vote&contentid=17&type=4&content_vote=3&action=Go&nid=4 HTTP/1.1" 404 1256 "-" "Mozilla/5.0 (compatible; Googlebot/2.1; +http://www.google.com/bot.html)"
78.53.39.79 - - [04/May/2014:01:24:25 +0200] "GET / HTTP/1.1" 302 - "http://www.stayfriends.de/j/ViewController?action=classlist&scid=321842&type=&year=2014&crc=6346404" "Mozilla/5.0 (Windows NT 6.1; WOW64; rv:28.0) Gecko/20100101 Firefox/28.0"
150.70.173.57 - - [04/May/2014:01:26:12 +0200] "GET / HTTP/1.1" 302 - "-" "Mozilla/4.0 (compatible; MSIE 8.0; Windows NT 5.1; Trident/4.0)"
150.70.172.206 - - [04/May/2014:01:29:15 +0200] "GET / HTTP/1.0" 302 - "-" "Mozilla/4.0 (compatible; MSIE 6.0; Windows NT 5.1)"
150.70.173.38 - - [04/May/2014:01:31:37 +0200] "GET / HTTP/1.1" 302 - "-" "Mozilla/4.0 (compatible; MSIE 8.0; Windows NT 5.1; Trident/4.0)"
66.249.65.232 - - [04/May/2014:02:02:55 +0200] "GET /include.php?path=contentarchive&type=1&catid=9&letter=W&entries=0&searchtext=&order=title&nid=4 HTTP/1.1" 404 1256 "-" "Mozilla/5.0 (compatible; Googlebot/2.1; +http://www.google.com/bot.html)"
66.249.65.4 - - [04/May/2014:02:53:49 +0200] "GET /include.php?path=contentarchive&type=2&catid=9&letter=E&entries=0&searchtext=&order=date HTTP/1.1" 404 1256 "-" "Mozilla/5.0 (compatible; Googlebot/2.1; +http://www.google.com/bot.html)"
46.4.100.231 - - [04/May/2014:03:17:42 +0200] "GET /robots.txt HTTP/1.1" 404 1256 "-" "BacklinkCrawler (http://www.backlinktest.com/crawler.html)"
46.4.100.231 - - [04/May/2014:03:17:42 +0200] "GET /sitemap.xml HTTP/1.1" 404 1256 "-" "BacklinkCrawler (http://www.backlinktest.com/crawler.html)"
46.4.100.231 - - [04/May/2014:03:17:44 +0200] "GET / HTTP/1.1" 302 - "-" "BacklinkCrawler (http://www.backlinktest.com/crawler.html)"
66.249.65.4 - - [04/May/2014:03:41:06 +0200] "GET /include.php?path=contentarchive&type=4&letter=E&catid=7&themeid=0&searchtext=&entries=0&order=title&nid=19 HTTP/1.1" 404 1256 "-" "Mozilla/5.0 (compatible; Googlebot/2.1; +http://www.google.com/bot.html)"
74.52.245.146 - - [04/May/2014:04:06:35 +0200] "GET / HTTP/1.0" 302 - "-" "Mozilla/5.0 (X11; U; Linux i686; en-US; rv:1.7.5) Gecko/20041107 Firefox/1.0"
66.249.65.36 - - [04/May/2014:04:32:00 +0200] "GET /include.php?path=contentarchive&type=2&catid=1&letter=C&entries=0&searchtext=&order=title&nid=13 HTTP/1.1" 404 1256 "-" "Mozilla/5.0 (compatible; Googlebot/2.1; +http://www.google.com/bot.html)"
66.249.65.4 - - [04/May/2014:04:35:38 +0200] "GET /include.php?path=contentarchive&type=1&letter=A&catid=1&themeid=0&searchtext=&entries=5&order=dated&nid=19 HTTP/1.1" 404 1256 "-" "Mozilla/5.0 (compatible; Googlebot/2.1; +http://www.google.com/bot.html)"
66.249.65.36 - - [04/May/2014:04:39:16 +0200] "GET /include.php?path=contentarchive&type=4&catid=0&letter=Y&entries=0&searchtext=&order=titled&nid=32 HTTP/1.1" 404 1256 "-" "Mozilla/5.0 (compatible; Googlebot/2.1; +http://www.google.com/bot.html)"
66.249.65.4 - - [04/May/2014:04:42:55 +0200] "GET /include.php?path=contentarchive&type=1&catid=1&letter=V&entries=0&searchtext=&order=titled&nid=32 HTTP/1.1" 404 1256 "-" "Mozilla/5.0 (compatible; Googlebot/2.1; +http://www.google.com/bot.html)"
66.249.65.36 - - [04/May/2014:04:46:33 +0200] "GET /include.php?path=contentarchive&type=2&catid=11&letter=P&entries=0&searchtext=&order=date&nid=21 HTTP/1.1" 404 1256 "-" "Mozilla/5.0 (compatible; Googlebot/2.1; +http://www.google.com/bot.html)"
66.249.65.232 - - [04/May/2014:04:53:49 +0200] "GET /include.php?path=contentarchive&type=4&catid=0&letter=V&entries=0&searchtext=&order=titled&nid=19 HTTP/1.1" 404 1256 "-" "Mozilla/5.0 (compatible; Googlebot/2.1; +http://www.google.com/bot.html)"
66.249.65.36 - - [04/May/2014:04:57:27 +0200] "GET /include.php?path=contentarchive&type=4&letter=U&catid=1&themeid=0&searchtext=&entries=0&order=dated&nid=4 HTTP/1.1" 404 1256 "-" "Mozilla/5.0 (compatible; Googlebot/2.1; +http://www.google.com/bot.html)"
66.249.65.36 - - [04/May/2014:05:01:05 +0200] "GET /include.php?path=contentarchive&type=4&catid=0&letter=X&entries=0&searchtext=&order=titled&nid=4 HTTP/1.1" 404 1256 "-" "Mozilla/5.0 (compatible; Googlebot/2.1; +http://www.google.com/bot.html)"
66.249.65.232 - - [04/May/2014:05:04:44 +0200] "GET /include.php?path=contentarchive&type=1&catid=1&letter=R&entries=0&searchtext=&order=dated&nid=32 HTTP/1.1" 404 1256 "-" "Mozilla/5.0 (compatible; Googlebot/2.1; +http://www.google.com/bot.html)"
66.249.65.36 - - [04/May/2014:05:12:00 +0200] "GET /include.php?path=contentarchive&type=4&letter=F&catid=7&themeid=0&searchtext=&entries=0&order=&nid=21 HTTP/1.1" 404 1256 "-" "Mozilla/5.0 (compatible; Googlebot/2.1; +http://www.google.com/bot.html)"
66.249.65.4 - - [04/May/2014:05:15:38 +0200] "GET /include.php?path=contentarchive&type=3&letter=R&catid=0&themeid=0&searchtext=&entries=0&order=&nid=4 HTTP/1.1" 404 1256 "-" "Mozilla/5.0 (compatible; Googlebot/2.1; +http://www.google.com/bot.html)"
66.249.65.232 - - [04/May/2014:05:19:16 +0200] "GET /include.php?path=contentarchive&type=3&catid=0&letter=V&entries=0&searchtext=&order=dated HTTP/1.1" 404 1256 "-" "Mozilla/5.0 (compatible; Googlebot/2.1; +http://www.google.com/bot.html)"
66.249.65.232 - - [04/May/2014:05:26:33 +0200] "GET /include.php?path=contentarchive&type=2&catid=8&letter=&entries=0&searchtext=&order=date&nid=32 HTTP/1.1" 404 1256 "-" "Mozilla/5.0 (compatible; Googlebot/2.1; +http://www.google.com/bot.html)"
66.249.65.36 - - [04/May/2014:06:28:22 +0200] "GET /include.php?path=contentarchive&type=4&catid=8&letter=B&entries=0&searchtext=&order=titled&nid=21 HTTP/1.1" 404 1256 "-" "Mozilla/5.0 (compatible; Googlebot/2.1; +http://www.google.com/bot.html)"
66.249.65.232 - - [04/May/2014:06:30:08 +0200] "GET /include.php?path=content&mode=vote&contentid=94&type=1&content_vote=4&action=Go&nid=13 HTTP/1.1" 404 1256 "-" "Mozilla/5.0 (compatible; Googlebot/2.1; +http://www.google.com/bot.html)"
66.249.65.232 - - [04/May/2014:06:33:51 +0200] "GET /include.php?path=content&mode=vote&contentid=102&type=1&content_vote=-1&action=Go&nid=13 HTTP/1.1" 404 1256 "-" "Mozilla/5.0 (compatible; Googlebot/2.1; +http://www.google.com/bot.html)"
66.249.65.232 - - [04/May/2014:06:38:20 +0200] "GET /robots.txt HTTP/1.1" 404 1256 "-" "Mozilla/5.0 (compatible; Googlebot/2.1; +http://www.google.com/bot.html)"
66.249.65.36 - - [04/May/2014:06:38:20 +0200] "GET /include.php?path=contentarchive&type=1&catid=9&letter=S&entries=0&searchtext=&order=title&nid=13 HTTP/1.1" 404 1256 "-" "Mozilla/5.0 (compatible; Googlebot/2.1; +http://www.google.com/bot.html)"
66.249.65.4 - - [04/May/2014:06:45:47 +0200] "GET /include.php?path=contentarchive&type=1&catid=9&letter=0-9&entries=0&searchtext=&order=titled&nid=32 HTTP/1.1" 404 1256 "-" "Mozilla/5.0 (compatible; Googlebot/2.1; +http://www.google.com/bot.html)"
66.249.65.4 - - [04/May/2014:06:53:17 +0200] "GET /include.php?path=contentarchive&type=4&catid=0&letter=E&entries=0&searchtext=&order=titled&nid=19 HTTP/1.1" 404 1256 "-" "Mozilla/5.0 (compatible; Googlebot/2.1; +http://www.google.com/bot.html)"
66.249.65.4 - - [04/May/2014:07:08:15 +0200] "GET /include.php?path=contentarchive&type=3&letter=K&catid=1&themeid=0&searchtext=&entries=0&order=&nid=32 HTTP/1.1" 404 1256 "-" "Mozilla/5.0 (compatible; Googlebot/2.1; +http://www.google.com/bot.html)"
66.249.65.232 - - [04/May/2014:07:15:38 +0200] "GET /include.php?path=contentarchive&type=4&letter=H&catid=8&themeid=0&searchtext=&entries=0&order=title&nid=13 HTTP/1.1" 404 1256 "-" "Mozilla/5.0 (compatible; Googlebot/2.1; +http://www.google.com/bot.html)"
66.249.65.232 - - [04/May/2014:07:23:09 +0200] "GET /include.php?path=contentarchive&type=2&letter=W&catid=9&themeid=0&searchtext=&entries=0&order=title&nid=32 HTTP/1.1" 404 1256 "-" "Mozilla/5.0 (compatible; Googlebot/2.1; +http://www.google.com/bot.html)"
66.249.65.4 - - [04/May/2014:07:30:34 +0200] "GET /include.php?path=contentarchive&type=3&catid=1&letter=C&entries=0&searchtext=&order=title&nid=4 HTTP/1.1" 404 1256 "-" "Mozilla/5.0 (compatible; Googlebot/2.1; +http://www.google.com/bot.html)"
66.249.65.4 - - [04/May/2014:07:38:05 +0200] "GET /include.php?path=contentarchive&type=2&catid=11&letter=U&entries=0&searchtext=&order=date&nid=21 HTTP/1.1" 404 1256 "-" "Mozilla/5.0 (compatible; Googlebot/2.1; +http://www.google.com/bot.html)"
66.249.65.4 - - [04/May/2014:07:45:29 +0200] "GET /include.php?path=contentarchive&type=4&catid=8&letter=F&entries=0&searchtext=&order=titled HTTP/1.1" 404 1256 "-" "Mozilla/5.0 (compatible; Googlebot/2.1; +http://www.google.com/bot.html)"
66.249.65.36 - - [04/May/2014:07:53:01 +0200] "GET /include.php?path=content&mode=vote&contentid=17&type=4&content_vote=-1&action=Go&nid=19 HTTP/1.1" 404 1256 "-" "Mozilla/5.0 (compatible; Googlebot/2.1; +http://www.google.com/bot.html)"
66.249.65.4 - - [04/May/2014:08:00:25 +0200] "GET /include.php?path=contentarchive&type=1&letter=T&catid=1&themeid=0&searchtext=&entries=0&order=titled&nid=13 HTTP/1.1" 404 1256 "-" "Mozilla/5.0 (compatible; Googlebot/2.1; +http://www.google.com/bot.html)"
66.249.65.232 - - [04/May/2014:08:06:33 +0200] "GET /include.php?path=contentarchive&type=2&catid=8&letter=Y&entries=0&searchtext=&order=date&nid=13 HTTP/1.1" 404 1256 "-" "Mozilla/5.0 (compatible; Googlebot/2.1; +http://www.google.com/bot.html)"
66.249.65.36 - - [04/May/2014:08:10:11 +0200] "GET /include.php?path=contact&mode=suggest&suggest_path=path%3Dnews%26contentid%3D102&nid=13 HTTP/1.1" 404 1256 "-" "Mozilla/5.0 (compatible; Googlebot/2.1; +http://www.google.com/bot.html)"
66.249.65.232 - - [04/May/2014:08:17:27 +0200] "GET /include.php?path=contentarchive&type=1&letter=0-9&catid=9&themeid=0&searchtext=&entries=0&order=&nid=19 HTTP/1.1" 404 1256 "-" "Mozilla/5.0 (compatible; Googlebot/2.1; +http://www.google.com/bot.html)"
66.249.65.4 - - [04/May/2014:08:21:06 +0200] "GET /include.php?path=contentarchive&type=2&catid=0&letter=A&entries=0&searchtext=&order=title&nid=21 HTTP/1.1" 404 1256 "-" "Mozilla/5.0 (compatible; Googlebot/2.1; +http://www.google.com/bot.html)"
66.249.65.36 - - [04/May/2014:08:24:44 +0200] "GET /include.php?path=contentarchive&type=1&catid=10&letter=N&entries=0&searchtext=&order=dated&nid=4 HTTP/1.1" 404 1256 "-" "Mozilla/5.0 (compatible; Googlebot/2.1; +http://www.google.com/bot.html)"
66.249.65.232 - - [04/May/2014:08:28:22 +0200] "GET /include.php?path=contentarchive&type=4&catid=7&letter=B&entries=0&searchtext=&order=titled HTTP/1.1" 404 1256 "-" "Mozilla/5.0 (compatible; Googlebot/2.1; +http://www.google.com/bot.html)"
94.223.108.71 - - [04/May/2014:08:53:53 +0200] "GET / HTTP/1.1" 302 - "-" "Mozilla/5.0 (iPad; CPU OS 7_1_1 like Mac OS X) AppleWebKit/537.51.2 (KHTML, like Gecko) Version/7.0 Mobile/11D201 Safari/9537.53"
178.255.215.68 - - [04/May/2014:09:24:47 +0200] "GET /robots.txt HTTP/1.1" 404 1256 "-" "Mozilla/5.0 (compatible; Exabot/3.0; +http://www.exabot.com/go/robot)"
178.255.215.68 - - [04/May/2014:09:24:47 +0200] "GET / HTTP/1.1" 302 - "-" "Mozilla/5.0 (compatible; Exabot/3.0; +http://www.exabot.com/go/robot)"
66.249.65.4 - - [04/May/2014:09:41:06 +0200] "GET /include.php?path=contentarchive&type=1&letter=E&catid=9&themeid=0&searchtext=&entries=0&order=titled&nid=4 HTTP/1.1" 404 1256 "-" "Mozilla/5.0 (compatible; Googlebot/2.1; +http://www.google.com/bot.html)"
82.94.179.38 - - [04/May/2014:09:49:36 +0200] "GET /robots.txt HTTP/1.0" 404 1256 "-" "Mozilla/4.0 (compatible; Vagabondo/4.0/EU; http://webagent.wise-guys.nl/)"
82.94.179.38 - - [04/May/2014:09:49:36 +0200] "GET / HTTP/1.1" 302 - "-" "Mozilla/4.0 (compatible; Vagabondo/4.0/EU; http://www.wise-guys.nl/)"
66.249.65.232 - - [04/May/2014:10:26:38 +0200] "GET /include.php?path=contentarchive&type=4&catid=7&letter=S&entries=0&searchtext=&order=date&nid=21 HTTP/1.1" 404 1256 "-" "Mozilla/5.0 (compatible; Googlebot/2.1; +http://www.google.com/bot.html)"
66.249.65.36 - - [04/May/2014:10:28:22 +0200] "GET /include.php?path=contentarchive&type=4&catid=7&letter=S&entries=0&searchtext=&order=date&nid=21 HTTP/1.1" 404 1256 "-" "Mozilla/5.0 (compatible; Googlebot/2.1; +http://www.google.com/bot.html)"
66.249.65.232 - - [04/May/2014:10:32:00 +0200] "GET /include.php?path=contentarchive&type=1&catid=9&letter=A&entries=0&searchtext=&order=date&nid=32 HTTP/1.1" 404 1256 "-" "Mozilla/5.0 (compatible; Googlebot/2.1; +http://www.google.com/bot.html)"
188.226.150.225 - - [04/May/2014:11:16:39 +0200] "GET / HTTP/1.1" 302 - "http://www.friedrich-list-berlin.de" "Mozilla/5.0 (Windows NT 6.3; WOW64) AppleWebKit/537.3 (KHTML, like Gecko) Chrome/30.0.1599.101 Safari/537.36"
66.249.65.36 - - [04/May/2014:11:30:11 +0200] "GET /include.php?path=contentarchive&type=4&letter=0-9&catid=7&themeid=0&searchtext=&entries=0&order=&nid=19 HTTP/1.1" 404 1256 "-" "Mozilla/5.0 (compatible; Googlebot/2.1; +http://www.google.com/bot.html)"
66.249.65.36 - - [04/May/2014:12:28:23 +0200] "GET /include.php?path=contentarchive&type=1&catid=9&letter=Z&entries=0&searchtext=&order=date&nid=32 HTTP/1.1" 404 1256 "-" "Mozilla/5.0 (compatible; Googlebot/2.1; +http://www.google.com/bot.html)"
91.65.234.33 - - [04/May/2014:13:18:38 +0200] "GET / HTTP/1.1" 302 - "-" "Mozilla/5.0 (Windows NT 6.1; rv:28.0) Gecko/20100101 Firefox/28.0"
66.249.68.4 - - [04/May/2014:13:26:33 +0200] "GET /robots.txt HTTP/1.1" 404 1256 "-" "Mozilla/5.0 (compatible; Googlebot/2.1; +http://www.google.com/bot.html)"
66.249.68.232 - - [04/May/2014:13:26:33 +0200] "GET /include.php?path=contentarchive&type=4&letter=U&catid=7&themeid=0&searchtext=&entries=0&order=&nid=19 HTTP/1.1" 404 1256 "-" "Mozilla/5.0 (compatible; Googlebot/2.1; +http://www.google.com/bot.html)"
66.249.68.36 - - [04/May/2014:14:24:44 +0200] "GET /include.php?path=contact&mode=suggest&suggest_path=path%3Darticle%26contentid%3D78%26page%3D&nid=4 HTTP/1.1" 404 1256 "-" "Mozilla/5.0 (compatible; Googlebot/2.1; +http://www.google.com/bot.html)"
66.249.68.4 - - [04/May/2014:15:19:16 +0200] "GET /include.php?path=contentarchive&type=2&catid=9&letter=R&entries=0&searchtext=&order=titled&nid=13 HTTP/1.1" 404 1256 "-" "Mozilla/5.0 (compatible; Googlebot/2.1; +http://www.google.com/bot.html)"
66.249.68.4 - - [04/May/2014:16:21:05 +0200] "GET /include.php?path=contentarchive&type=4&catid=1&letter=U&entries=0&searchtext=&order=title&nid=21 HTTP/1.1" 404 1256 "-" "Mozilla/5.0 (compatible; Googlebot/2.1; +http://www.google.com/bot.html)"
66.249.68.232 - - [04/May/2014:17:19:16 +0200] "GET /include.php?path=content&mode=vote&contentid=73&type=1&content_vote=8&action=Go&nid=13 HTTP/1.1" 404 1256 "-" "Mozilla/5.0 (compatible; Googlebot/2.1; +http://www.google.com/bot.html)"
178.77.126.55 - - [04/May/2014:17:48:04 +0200] "GET /robots.txt HTTP/1.1" 404 1256 "-" "Mozilla/5.0 (compatible; CareerBot/1.1; +http://www.career-x.de/bot.html)"
178.77.126.55 - - [04/May/2014:17:48:04 +0200] "GET / HTTP/1.1" 302 - "-" "Mozilla/5.0 (compatible; CareerBot/1.1; +http://www.career-x.de/bot.html)"
66.249.68.232 - - [04/May/2014:18:17:29 +0200] "GET /include.php?path=contentarchive&type=2&catid=9&letter=S&entries=0&searchtext=&order=title&nid=19 HTTP/1.1" 404 1256 "-" "Mozilla/5.0 (compatible; Googlebot/2.1; +http://www.google.com/bot.html)"
66.249.68.36 - - [04/May/2014:18:21:05 +0200] "GET /include.php?path=contentarchive&type=4&letter=X&catid=0&themeid=0&searchtext=&entries=0&order=title HTTP/1.1" 404 1256 "-" "Mozilla/5.0 (compatible; Googlebot/2.1; +http://www.google.com/bot.html)"
66.249.68.4 - - [04/May/2014:18:32:00 +0200] "GET /include.php?path=contentarchive&type=2&catid=0&letter=W&entries=0&searchtext=&order=titled&nid=32 HTTP/1.1" 404 1256 "-" "Mozilla/5.0 (compatible; Googlebot/2.1; +http://www.google.com/bot.html)"
66.249.68.232 - - [04/May/2014:18:35:38 +0200] "GET /include.php?path=contentarchive&type=2&letter=Z&catid=0&themeid=0&searchtext=&entries=0&order=title&nid=32 HTTP/1.1" 404 1256 "-" "Mozilla/5.0 (compatible; Googlebot/2.1; +http://www.google.com/bot.html)"
66.249.68.4 - - [04/May/2014:19:33:49 +0200] "GET /include.php?path=contentarchive&type=4&letter=S&catid=0&themeid=0&searchtext=&entries=0&order=dated&nid=4 HTTP/1.1" 404 1256 "-" "Mozilla/5.0 (compatible; Googlebot/2.1; +http://www.google.com/bot.html)"
66.249.68.232 - - [04/May/2014:19:37:27 +0200] "GET /include.php?path=contentarchive&type=4&letter=R&catid=0&themeid=0&searchtext=&entries=0&order=dated HTTP/1.1" 404 1256 "-" "Mozilla/5.0 (compatible; Googlebot/2.1; +http://www.google.com/bot.html)"
66.249.68.36 - - [04/May/2014:19:41:05 +0200] "GET /include.php?path=contentarchive&type=4&catid=0&letter=H&entries=0&searchtext=&order=titled&nid=4 HTTP/1.1" 404 1256 "-" "Mozilla/5.0 (compatible; Googlebot/2.1; +http://www.google.com/bot.html)"
66.249.68.36 - - [04/May/2014:20:07:33 +0200] "GET /include.php?path=contentarchive&type=2&catid=8&letter=B&entries=0&searchtext=&order=title&nid=4 HTTP/1.1" 404 1256 "-" "Mozilla/5.0 (compatible; Googlebot/2.1; +http://www.google.com/bot.html)"
66.249.68.232 - - [04/May/2014:20:09:05 +0200] "GET /include.php?path=contentarchive&type=2&letter=V&catid=10&themeid=0&searchtext=&entries=0&order=title&nid=19 HTTP/1.1" 404 1256 "-" "Mozilla/5.0 (compatible; Googlebot/2.1; +http://www.google.com/bot.html)"
66.249.68.36 - - [04/May/2014:20:12:11 +0200] "GET /include.php?path=contentarchive&type=2&letter=O&catid=0&themeid=0&searchtext=&entries=8&order=title&nid=32 HTTP/1.1" 404 1256 "-" "Mozilla/5.0 (compatible; Googlebot/2.1; +http://www.google.com/bot.html)"
66.249.68.232 - - [04/May/2014:20:13:43 +0200] "GET /include.php?path=contentarchive&type=3&catid=0&letter=A&entries=0&searchtext=&order=titled&nid=4 HTTP/1.1" 404 1256 "-" "Mozilla/5.0 (compatible; Googlebot/2.1; +http://www.google.com/bot.html)"
66.249.68.36 - - [04/May/2014:20:33:49 +0200] "GET /include.php?path=contentarchive&type=1&catid=0&letter=0-9&entries=0&searchtext=&order=dated&nid=19 HTTP/1.1" 404 1256 "-" "Mozilla/5.0 (compatible; Googlebot/2.1; +http://www.google.com/bot.html)"
66.249.68.232 - - [04/May/2014:20:35:21 +0200] "GET /include.php?path=contentarchive&type=3&letter=R&catid=0&themeid=0&searchtext=&entries=0&order=title&nid=32 HTTP/1.1" 404 1256 "-" "Mozilla/5.0 (compatible; Googlebot/2.1; +http://www.google.com/bot.html)"
66.249.68.4 - - [04/May/2014:20:36:54 +0200] "GET /include.php?path=contentarchive&type=2&letter=V&catid=0&themeid=0&searchtext=&entries=0&order= HTTP/1.1" 404 1256 "-" "Mozilla/5.0 (compatible; Googlebot/2.1; +http://www.google.com/bot.html)"
66.249.68.4 - - [04/May/2014:20:41:32 +0200] "GET /include.php?path=contentarchive&type=4&letter=R&catid=7&themeid=0&searchtext=&entries=0&order=title&nid=19 HTTP/1.1" 404 1256 "-" "Mozilla/5.0 (compatible; Googlebot/2.1; +http://www.google.com/bot.html)"
66.249.68.36 - - [04/May/2014:20:56:59 +0200] "GET /include.php?path=contentarchive&type=1&catid=9&letter=F&entries=0&searchtext=&order=dated&nid=19 HTTP/1.1" 404 1256 "-" "Mozilla/5.0 (compatible; Googlebot/2.1; +http://www.google.com/bot.html)"
66.249.68.232 - - [04/May/2014:21:00:05 +0200] "GET /include.php?path=contentarchive&type=1&catid=10&letter=T&entries=0&searchtext=&order=titled&nid=13 HTTP/1.1" 404 1256 "-" "Mozilla/5.0 (compatible; Googlebot/2.1; +http://www.google.com/bot.html)"
66.249.68.232 - - [04/May/2014:21:01:37 +0200] "GET /include.php?path=contentarchive&type=2&letter=T&catid=10&themeid=0&searchtext=&entries=0&order=titled&nid=21 HTTP/1.1" 404 1256 "-" "Mozilla/5.0 (compatible; Googlebot/2.1; +http://www.google.com/bot.html)"
66.249.68.36 - - [04/May/2014:21:03:10 +0200] "GET /include.php?path=contentarchive&type=2&letter=M&catid=1&themeid=0&searchtext=&entries=0&order=&nid=13 HTTP/1.1" 404 1256 "-" "Mozilla/5.0 (compatible; Googlebot/2.1; +http://www.google.com/bot.html)"
66.249.68.4 - - [04/May/2014:21:04:43 +0200] "GET /include.php?path=content&mode=vote&contentid=74&type=1&content_vote=3&action=Go&nid=19 HTTP/1.1" 404 1256 "-" "Mozilla/5.0 (compatible; Googlebot/2.1; +http://www.google.com/bot.html)"
66.249.68.36 - - [04/May/2014:21:24:48 +0200] "GET /include.php?path=contentarchive&type=2&catid=10&letter=0-9&entries=0&searchtext=&order=dated&nid=19 HTTP/1.1" 404 1256 "-" "Mozilla/5.0 (compatible; Googlebot/2.1; +http://www.google.com/bot.html)"
85.16.201.87 - - [04/May/2014:21:47:29 +0200] "GET / HTTP/1.1" 302 - "https://m.facebook.com" "Mozilla/5.0 (iPad; CPU OS 7_0_4 like Mac OS X) AppleWebKit/537.51.1 (KHTML, like Gecko) Mobile/11B554a [FBAN/FBIOS;FBAV/9.0.0.25.31;FBBV/2102024;FBDV/iPad3,3;FBMD/iPad;FBSN/iPhone OS;FBSV/7.0.4;FBSS/2; FBCR/Vodafone.de;FBID/tablet;FBLC/de_DE;FBOP/1]"
66.249.68.232 - - [04/May/2014:21:54:55 +0200] "GET /include.php?path=contentarchive&type=4&catid=8&letter=Z&entries=0&searchtext=&order=titled&nid=21 HTTP/1.1" 404 1256 "-" "Mozilla/5.0 (compatible; Googlebot/2.1; +http://www.google.com/bot.html)"
66.249.68.232 - - [04/May/2014:21:55:47 +0200] "GET /include.php?path=contentarchive&type=2&catid=9&letter=K&entries=0&searchtext=&order=dated&nid=13 HTTP/1.1" 404 1256 "-" "Mozilla/5.0 (compatible; Googlebot/2.1; +http://www.google.com/bot.html)"
66.249.68.4 - - [04/May/2014:21:57:19 +0200] "GET /include.php?path=contentarchive&type=4&catid=8&letter=K&entries=0&searchtext=&order=dated HTTP/1.1" 404 1256 "-" "Mozilla/5.0 (compatible; Googlebot/2.1; +http://www.google.com/bot.html)"
66.249.68.36 - - [04/May/2014:21:58:52 +0200] "GET /include.php?path=contentarchive&type=4&letter=T&catid=8&themeid=0&searchtext=&entries=0&order= HTTP/1.1" 404 1256 "-" "Mozilla/5.0 (compatible; Googlebot/2.1; +http://www.google.com/bot.html)"
66.249.68.4 - - [04/May/2014:22:00:25 +0200] "GET /include.php?path=contentarchive&type=2&letter=R&catid=1&themeid=0&searchtext=&entries=0&order=dated&nid=32 HTTP/1.1" 404 1256 "-" "Mozilla/5.0 (compatible; Googlebot/2.1; +http://www.google.com/bot.html)"
66.249.68.232 - - [04/May/2014:22:03:30 +0200] "GET /include.php?path=contentarchive&type=4&letter=alle&catid=8&themeid=0&searchtext=&entries=0&order=dated HTTP/1.1" 404 1256 "-" "Mozilla/5.0 (compatible; Googlebot/2.1; +http://www.google.com/bot.html)"
66.249.68.4 - - [04/May/2014:22:05:03 +0200] "GET /include.php?path=contentarchive&type=4&catid=0&letter=N&entries=0&searchtext=&order=titled&nid=13 HTTP/1.1" 404 1256 "-" "Mozilla/5.0 (compatible; Googlebot/2.1; +http://www.google.com/bot.html)"
66.249.68.36 - - [04/May/2014:22:06:36 +0200] "GET /include.php?path=download&contentid=17 HTTP/1.1" 404 1256 "-" "Mozilla/5.0 (compatible; Googlebot/2.1; +http://www.google.com/bot.html)"
66.249.68.232 - - [04/May/2014:22:08:08 +0200] "GET /include.php?path=contentarchive&type=1&letter=L&catid=1&themeid=0&searchtext=&entries=0&order= HTTP/1.1" 404 1256 "-" "Mozilla/5.0 (compatible; Googlebot/2.1; +http://www.google.com/bot.html)"
66.249.68.232 - - [04/May/2014:22:09:41 +0200] "GET /include.php?path=contentarchive&type=4&letter=Z&catid=7&themeid=0&searchtext=&entries=0&order=titled&nid=4 HTTP/1.1" 404 1256 "-" "Mozilla/5.0 (compatible; Googlebot/2.1; +http://www.google.com/bot.html)"
66.249.75.31 - - [04/May/2014:22:11:14 +0200] "GET /include.php?path=contentarchive&type=3&letter=S&catid=1&themeid=0&searchtext=&entries=0&order=&nid=19 HTTP/1.1" 404 1256 "-" "Mozilla/5.0 (compatible; Googlebot/2.1; +http://www.google.com/bot.html)"
66.249.68.4 - - [04/May/2014:22:12:46 +0200] "GET /include.php?path=contentarchive&type=2&letter=alle&catid=0&themeid=0&searchtext=&entries=8&order=dated&nid=4 HTTP/1.1" 404 1256 "-" "Mozilla/5.0 (compatible; Googlebot/2.1; +http://www.google.com/bot.html)"
66.249.68.4 - - [04/May/2014:22:14:19 +0200] "GET /include.php?path=contentarchive&type=3&letter=O&catid=1&themeid=0&searchtext=&entries=0&order=&nid=4 HTTP/1.1" 404 1256 "-" "Mozilla/5.0 (compatible; Googlebot/2.1; +http://www.google.com/bot.html)"
66.249.68.232 - - [04/May/2014:22:15:52 +0200] "GET /include.php?path=contentarchive&type=1&catid=9&letter=B&entries=0&searchtext=&order=dated&nid=32 HTTP/1.1" 404 1256 "-" "Mozilla/5.0 (compatible; Googlebot/2.1; +http://www.google.com/bot.html)"
66.249.68.36 - - [04/May/2014:22:17:25 +0200] "GET /include.php?path=contentarchive&type=4&letter=S&catid=8&themeid=0&searchtext=&entries=0&order=title&nid=4 HTTP/1.1" 404 1256 "-" "Mozilla/5.0 (compatible; Googlebot/2.1; +http://www.google.com/bot.html)"
66.249.68.232 - - [04/May/2014:22:18:57 +0200] "GET /include.php?path=contentarchive&type=1&catid=0&letter=O&entries=0&searchtext=&order=title&nid=21 HTTP/1.1" 404 1256 "-" "Mozilla/5.0 (compatible; Googlebot/2.1; +http://www.google.com/bot.html)"
66.249.68.36 - - [04/May/2014:22:20:30 +0200] "GET /include.php?path=contentarchive&type=1&catid=1&letter=I&entries=0&searchtext=&order=title HTTP/1.1" 404 1256 "-" "Mozilla/5.0 (compatible; Googlebot/2.1; +http://www.google.com/bot.html)"
66.249.68.4 - - [04/May/2014:22:22:03 +0200] "GET /include.php?path=contentarchive&type=4&catid=8&letter=L&entries=0&searchtext=&order=titled&nid=32 HTTP/1.1" 404 1256 "-" "Mozilla/5.0 (compatible; Googlebot/2.1; +http://www.google.com/bot.html)"
66.249.68.232 - - [04/May/2014:22:23:35 +0200] "GET /include.php?path=content&mode=vote&contentid=94&type=1&content_vote=3&action=Go&nid=21 HTTP/1.1" 404 1256 "-" "Mozilla/5.0 (compatible; Googlebot/2.1; +http://www.google.com/bot.html)"
66.249.68.4 - - [04/May/2014:22:25:08 +0200] "GET /include.php?path=contentarchive&type=4&letter=S&catid=8&themeid=0&searchtext=&entries=0&order=&nid=32 HTTP/1.1" 404 1256 "-" "Mozilla/5.0 (compatible; Googlebot/2.1; +http://www.google.com/bot.html)"
66.249.68.232 - - [04/May/2014:22:26:41 +0200] "GET /include.php?path=contentarchive&type=1&catid=10&letter=C&entries=0&searchtext=&order=title&nid=4 HTTP/1.1" 404 1256 "-" "Mozilla/5.0 (compatible; Googlebot/2.1; +http://www.google.com/bot.html)"
66.249.68.232 - - [04/May/2014:22:29:46 +0200] "GET /include.php?path=news&catid=8&type=2&nid=13 HTTP/1.1" 404 1256 "-" "Mozilla/5.0 (compatible; Googlebot/2.1; +http://www.google.com/bot.html)"
66.249.68.4 - - [04/May/2014:22:32:52 +0200] "GET /include.php?path=content&mode=vote&contentid=78&type=1&content_vote=9&action=Go&nid=13 HTTP/1.1" 404 1256 "-" "Mozilla/5.0 (compatible; Googlebot/2.1; +http://www.google.com/bot.html)"
66.249.68.36 - - [04/May/2014:22:34:24 +0200] "GET /include.php?path=contentarchive&type=2&letter=O&catid=1&themeid=0&searchtext=&entries=0&order=dated&nid=19 HTTP/1.1" 404 1256 "-" "Mozilla/5.0 (compatible; Googlebot/2.1; +http://www.google.com/bot.html)"
66.249.68.36 - - [04/May/2014:22:35:57 +0200] "GET /include.php?path=contentarchive&type=4&letter=Z&catid=7&themeid=0&searchtext=&entries=0&order=&nid=21 HTTP/1.1" 404 1256 "-" "Mozilla/5.0 (compatible; Googlebot/2.1; +http://www.google.com/bot.html)"
66.249.68.4 - - [04/May/2014:22:37:30 +0200] "GET /include.php?path=contentarchive&type=4&catid=8&letter=B&entries=0&searchtext=&order=titled HTTP/1.1" 404 1256 "-" "Mozilla/5.0 (compatible; Googlebot/2.1; +http://www.google.com/bot.html)"
66.249.68.232 - - [04/May/2014:22:39:02 +0200] "GET /include.php?path=contentarchive&type=3&catid=0&letter=Z&entries=0&searchtext=&order=title&nid=13 HTTP/1.1" 404 1256 "-" "Mozilla/5.0 (compatible; Googlebot/2.1; +http://www.google.com/bot.html)"
66.249.68.36 - - [04/May/2014:22:40:35 +0200] "GET /include.php?path=contentarchive&type=2&catid=10&letter=X&entries=0&searchtext=&order=title&nid=4 HTTP/1.1" 404 1256 "-" "Mozilla/5.0 (compatible; Googlebot/2.1; +http://www.google.com/bot.html)"
66.249.68.232 - - [04/May/2014:22:42:08 +0200] "GET /include.php?path=contentarchive&type=2&letter=P&catid=9&themeid=0&searchtext=&entries=0&order=&nid=4 HTTP/1.1" 404 1256 "-" "Mozilla/5.0 (compatible; Googlebot/2.1; +http://www.google.com/bot.html)"
88.75.233.19 - - [04/May/2014:23:01:34 +0200] "GET / HTTP/1.1" 302 - "http://lm.facebook.com/l.php?u=http%3A%2F%2Fwww.fls-berlin.de%2F&h=zAQEsJaf2&enc=AZOFrbOdy9WWFvF-LdrgH__Io2bf3RO9g2du09sva8_JTbTY_VZV9WKxH0oheWDmS1-p2b9s2Zk-8yO9fVXe11Dz0ODib1OMR2tjz51Vm5PA1sHl9rfvErvvoLa_5FlK-EdP1BwY60wVSltu_GC0h5Jh&s=1" "Mozilla/5.0 (Linux; U; Android 2.3.3; de-de; HTC_DesireZ_A7272 Build/GRI40) AppleWebKit/533.1 (KHTML, like Gecko) Version/4.0 Mobile Safari/533.1"
66.249.68.4 - - [04/May/2014:23:11:29 +0200] "GET /include.php?path=contentarchive&type=2&letter=D&catid=0&themeid=0&searchtext=&entries=8&order=titled&nid=13 HTTP/1.1" 404 1256 "-" "Mozilla/5.0 (compatible; Googlebot/2.1; +http://www.google.com/bot.html)"
66.249.68.4 - - [04/May/2014:23:13:02 +0200] "GET /include.php?path=contentarchive&type=2&letter=G&catid=0&themeid=0&searchtext=&entries=0&order=dated&nid=32 HTTP/1.1" 404 1256 "-" "Mozilla/5.0 (compatible; Googlebot/2.1; +http://www.google.com/bot.html)"
66.249.68.4 - - [04/May/2014:23:14:35 +0200] "GET /include.php?path=contentarchive&type=2&letter=T&catid=9&themeid=0&searchtext=&entries=0&order=titled&nid=32 HTTP/1.1" 404 1256 "-" "Mozilla/5.0 (compatible; Googlebot/2.1; +http://www.google.com/bot.html)"
66.249.75.37 - - [04/May/2014:23:16:07 +0200] "GET /include.php?path=contentarchive&type=3&letter=N&catid=0&themeid=0&searchtext=&entries=0&order=title&nid=21 HTTP/1.1" 404 1256 "-" "Mozilla/5.0 (compatible; Googlebot/2.1; +http://www.google.com/bot.html)"
66.249.68.36 - - [04/May/2014:23:17:40 +0200] "GET /include.php?path=contentarchive&type=1&letter=N&catid=9&themeid=0&searchtext=&entries=0&order=title&nid=4 HTTP/1.1" 404 1256 "-" "Mozilla/5.0 (compatible; Googlebot/2.1; +http://www.google.com/bot.html)"
66.249.68.4 - - [04/May/2014:23:19:13 +0200] "GET /include.php?path=contentarchive&type=4&catid=8&letter=M&entries=0&searchtext=&order=dated&nid=32 HTTP/1.1" 404 1256 "-" "Mozilla/5.0 (compatible; Googlebot/2.1; +http://www.google.com/bot.html)"
66.249.68.232 - - [04/May/2014:23:20:45 +0200] "GET /include.php?path=contentarchive&type=1&letter=U&catid=0&themeid=0&searchtext=&entries=5&order=title&nid=4 HTTP/1.1" 404 1256 "-" "Mozilla/5.0 (compatible; Googlebot/2.1; +http://www.google.com/bot.html)"
66.249.68.36 - - [04/May/2014:23:22:18 +0200] "GET /include.php?path=contentarchive&type=1&catid=10&letter=T&entries=0&searchtext=&order=dated&nid=21 HTTP/1.1" 404 1256 "-" "Mozilla/5.0 (compatible; Googlebot/2.1; +http://www.google.com/bot.html)"
66.249.68.36 - - [04/May/2014:23:23:51 +0200] "GET /include.php?path=contentarchive&type=3&catid=0&letter=F&entries=0&searchtext=&order=date&nid=13 HTTP/1.1" 404 1256 "-" "Mozilla/5.0 (compatible; Googlebot/2.1; +http://www.google.com/bot.html)"
66.249.68.4 - - [04/May/2014:23:28:29 +0200] "GET /include.php?path=contentarchive&type=4&letter=E&catid=6&themeid=0&searchtext=&entries=0&order=&nid=13 HTTP/1.1" 404 1256 "-" "Mozilla/5.0 (compatible; Googlebot/2.1; +http://www.google.com/bot.html)"
66.249.68.232 - - [04/May/2014:23:30:02 +0200] "GET /include.php?path=contentarchive&type=1&catid=10&letter=P&entries=0&searchtext=&order=date&nid=32 HTTP/1.1" 404 1256 "-" "Mozilla/5.0 (compatible; Googlebot/2.1; +http://www.google.com/bot.html)"
66.249.75.7 - - [04/May/2014:23:31:34 +0200] "GET /include.php?path=contentarchive&type=2&letter=U&catid=0&themeid=0&searchtext=&entries=8&order=title&nid=4 HTTP/1.1" 404 1256 "-" "Mozilla/5.0 (compatible; Googlebot/2.1; +http://www.google.com/bot.html)"
66.249.68.36 - - [04/May/2014:23:36:13 +0200] "GET /include.php?path=contentarchive&type=4&catid=0&letter=B&entries=0&searchtext=&order=titled&nid=32 HTTP/1.1" 404 1256 "-" "Mozilla/5.0 (compatible; Googlebot/2.1; +http://www.google.com/bot.html)"
66.249.68.4 - - [04/May/2014:23:37:45 +0200] "GET /include.php?path=contentarchive&type=4&catid=7&letter=H&entries=0&searchtext=&order=date&nid=32 HTTP/1.1" 404 1256 "-" "Mozilla/5.0 (compatible; Googlebot/2.1; +http://www.google.com/bot.html)"
66.249.75.8 - - [04/May/2014:23:40:51 +0200] "GET /include.php?path=contentarchive&type=4&catid=1&letter=X&entries=0&searchtext=&order=titled&nid=13 HTTP/1.1" 404 1256 "-" "Mozilla/5.0 (compatible; Googlebot/2.1; +http://www.google.com/bot.html)"
