66.249.65.63 - - [15/May/2014:20:06:04 +0200] "GET /include.php?path=contact&mode=suggest&suggest_path=path%3Darticle%26contentid%3D73%26page%3D HTTP/1.1" 404 1256 "-" "Mozilla/5.0 (compatible; Googlebot/2.1; +http://www.google.com/bot.html)"
66.249.65.63 - - [15/May/2014:20:08:21 +0200] "GET /include.php?path=contentarchive&type=4&letter=H&catid=7&themeid=0&searchtext=&entries=0&order=title HTTP/1.1" 404 1256 "-" "Mozilla/5.0 (compatible; Googlebot/2.1; +http://www.google.com/bot.html)"
66.249.65.80 - - [15/May/2014:20:10:38 +0200] "GET /include.php?path=contentarchive&type=1&letter=W&catid=0&themeid=0&searchtext=&entries=5&order=titled HTTP/1.1" 404 1256 "-" "Mozilla/5.0 (compatible; Googlebot/2.1; +http://www.google.com/bot.html)"
66.249.65.63 - - [15/May/2014:20:12:55 +0200] "GET /include.php?path=contentarchive&type=1&letter=I&catid=1&themeid=0&searchtext=&entries=0&order=titled&nid=19 HTTP/1.1" 404 1256 "-" "Mozilla/5.0 (compatible; Googlebot/2.1; +http://www.google.com/bot.html)"
66.249.65.80 - - [15/May/2014:20:15:11 +0200] "GET /include.php?path=contentarchive&type=1&letter=M&catid=0&themeid=0&searchtext=&entries=5&order= HTTP/1.1" 404 1256 "-" "Mozilla/5.0 (compatible; Googlebot/2.1; +http://www.google.com/bot.html)"
66.249.65.63 - - [15/May/2014:20:17:28 +0200] "GET /include.php?path=contentarchive&type=2&letter=L&catid=0&themeid=0&searchtext=&entries=8&order=&nid=13 HTTP/1.1" 404 1256 "-" "Mozilla/5.0 (compatible; Googlebot/2.1; +http://www.google.com/bot.html)"
66.249.65.63 - - [15/May/2014:20:19:45 +0200] "GET /include.php?path=contentarchive&type=4&catid=1&letter=A&entries=0&searchtext=&order=dated&nid=4 HTTP/1.1" 404 1256 "-" "Mozilla/5.0 (compatible; Googlebot/2.1; +http://www.google.com/bot.html)"
208.115.111.69 - - [15/May/2014:20:22:01 +0200] "GET /include.php?path=contentarchive&type=2&letter=alle&catid=0&themeid=0&searchtext=&entries=0&order= HTTP/1.1" 404 1256 "-" "Mozilla/5.0 (compatible; DotBot/1.1; http://www.opensiteexplorer.org/dotbot, help@moz.com)"
66.249.65.63 - - [15/May/2014:20:22:02 +0200] "GET /include.php?path=contentarchive&type=3&catid=1&letter=Y&entries=0&searchtext=&order=title&nid=21 HTTP/1.1" 404 1256 "-" "Mozilla/5.0 (compatible; Googlebot/2.1; +http://www.google.com/bot.html)"
85.17.73.171 - - [15/May/2014:20:22:26 +0200] "GET / HTTP/1.1" 302 - "-" "Mozilla/5.0 (compatible; LinkpadBot/1.06; +http://www.linkpad.ru)"
95.91.242.19 - - [15/May/2014:21:33:16 +0200] "GET / HTTP/1.1" 302 - "http://www.google.de/" "Mozilla/5.0 (Linux; U; Android 4.3; de-de; GT-I9300 Build/JSS15J) AppleWebKit/534.30 (KHTML, like Gecko) Version/4.0 Mobile Safari/534.30"
66.249.65.80 - - [15/May/2014:21:49:38 +0200] "GET /include.php?path=contentarchive&type=1&catid=0&letter=T&entries=0&searchtext=&order=dated&nid=32 HTTP/1.1" 404 1256 "-" "Mozilla/5.0 (compatible; Googlebot/2.1; +http://www.google.com/bot.html)"
66.249.65.80 - - [15/May/2014:21:50:47 +0200] "GET /include.php?path=contentarchive&type=3&catid=1&letter=G&entries=0&searchtext=&order=title&nid=32 HTTP/1.1" 404 1256 "-" "Mozilla/5.0 (compatible; Googlebot/2.1; +http://www.google.com/bot.html)"
66.249.65.63 - - [15/May/2014:21:51:55 +0200] "GET /include.php?path=contentarchive&type=1&catid=9&letter=A&entries=0&searchtext=&order=dated&nid=13 HTTP/1.1" 404 1256 "-" "Mozilla/5.0 (compatible; Googlebot/2.1; +http://www.google.com/bot.html)"
66.249.65.63 - - [15/May/2014:21:53:03 +0200] "GET /include.php?contentid=fomcnbrrd&nid=21 HTTP/1.1" 404 1256 "-" "Mozilla/5.0 (compatible; Googlebot/2.1; +http://www.google.com/bot.html)"
66.249.65.63 - - [15/May/2014:21:54:12 +0200] "GET /include.php?path=contentarchive&type=1&letter=I&catid=0&themeid=0&searchtext=&entries=0&order=title&nid=13 HTTP/1.1" 404 1256 "-" "Mozilla/5.0 (compatible; Googlebot/2.1; +http://www.google.com/bot.html)"
66.249.65.63 - - [15/May/2014:21:55:20 +0200] "GET /include.php?path=contentarchive&type=1&letter=U&catid=0&themeid=0&searchtext=&entries=5&order=&nid=13 HTTP/1.1" 404 1256 "-" "Mozilla/5.0 (compatible; Googlebot/2.1; +http://www.google.com/bot.html)"
66.249.65.63 - - [15/May/2014:21:57:03 +0200] "GET /include.php?path=article&contentid=99&nid=21 HTTP/1.1" 404 1256 "-" "Mozilla/5.0 (compatible; Googlebot/2.1; +http://www.google.com/bot.html)"
66.249.65.80 - - [15/May/2014:21:59:20 +0200] "GET /include.php?path=contentarchive&type=1&catid=0&letter=W&entries=0&searchtext=&order=date HTTP/1.1" 404 1256 "-" "Mozilla/5.0 (compatible; Googlebot/2.1; +http://www.google.com/bot.html)"
66.249.65.63 - - [15/May/2014:22:01:37 +0200] "GET /include.php?path=contentarchive&type=1&catid=9&letter=O&entries=0&searchtext=&order=date&nid=13 HTTP/1.1" 404 1256 "-" "Mozilla/5.0 (compatible; Googlebot/2.1; +http://www.google.com/bot.html)"
66.249.65.97 - - [15/May/2014:22:03:54 +0200] "GET /include.php?path=contentarchive&type=3&letter=T&catid=1&themeid=0&searchtext=&entries=0&order=dated&nid=32 HTTP/1.1" 404 1256 "-" "Mozilla/5.0 (compatible; Googlebot/2.1; +http://www.google.com/bot.html)"
66.249.65.97 - - [15/May/2014:22:06:10 +0200] "GET /include.php?path=contentarchive&type=4&catid=8&letter=F&entries=0&searchtext=&order=titled&nid=21 HTTP/1.1" 404 1256 "-" "Mozilla/5.0 (compatible; Googlebot/2.1; +http://www.google.com/bot.html)"
107.170.143.40 - - [15/May/2014:22:06:36 +0200] "GET / HTTP/1.0" 302 - "-" "Mozilla/5.0 (compatible; NetcraftSurveyAgent/1.0; +info@netcraft.com)"
66.249.65.97 - - [15/May/2014:22:08:27 +0200] "GET /include.php?path=contentarchive&type=2&letter=V&catid=0&themeid=0&searchtext=&entries=8&order=title&nid=19 HTTP/1.1" 404 1256 "-" "Mozilla/5.0 (compatible; Googlebot/2.1; +http://www.google.com/bot.html)"
66.249.65.97 - - [15/May/2014:22:10:44 +0200] "GET /include.php?path=contentarchive&type=4&catid=6&letter=J&entries=0&searchtext=&order=title HTTP/1.1" 404 1256 "-" "Mozilla/5.0 (compatible; Googlebot/2.1; +http://www.google.com/bot.html)"
66.249.65.80 - - [15/May/2014:22:15:17 +0200] "GET /include.php?path=content&contentid=37&nid=32 HTTP/1.1" 404 1256 "-" "Mozilla/5.0 (compatible; Googlebot/2.1; +http://www.google.com/bot.html)"
66.249.65.97 - - [15/May/2014:23:02:38 +0200] "GET /include.php?path=contentarchive&type=2&catid=0&letter=Z&entries=0&searchtext=&order=titled&nid=4 HTTP/1.1" 404 1256 "-" "Mozilla/5.0 (compatible; Googlebot/2.1; +http://www.google.com/bot.html)"
66.249.65.63 - - [16/May/2014:00:01:57 +0200] "GET /include.php?path=contentarchive&type=1&catid=9&letter=O&entries=0&searchtext=&order=date&nid=32 HTTP/1.1" 404 1256 "-" "Mozilla/5.0 (compatible; Googlebot/2.1; +http://www.google.com/bot.html)"
66.249.65.80 - - [16/May/2014:00:55:53 +0200] "GET /include.php?path=contentarchive&type=4&letter=Q&catid=0&themeid=0&searchtext=&entries=0&order=&nid=21 HTTP/1.1" 404 1256 "-" "Mozilla/5.0 (compatible; Googlebot/2.1; +http://www.google.com/bot.html)"
66.249.65.63 - - [16/May/2014:01:00:48 +0200] "GET /include.php?path=contentarchive&type=4&catid=12&letter=D&entries=0&searchtext=&order=title&nid=19 HTTP/1.1" 404 1256 "-" "Mozilla/5.0 (compatible; Googlebot/2.1; +http://www.google.com/bot.html)"
66.249.65.63 - - [16/May/2014:01:01:56 +0200] "GET /include.php?path=contentarchive&type=1&letter=Z&catid=1&themeid=0&searchtext=&entries=0&order=dated&nid=21 HTTP/1.1" 404 1256 "-" "Mozilla/5.0 (compatible; Googlebot/2.1; +http://www.google.com/bot.html)"
66.249.65.80 - - [16/May/2014:01:03:05 +0200] "GET /include.php?path=contentarchive&type=1&catid=9&letter=X&entries=0&searchtext=&order=date&nid=32 HTTP/1.1" 404 1256 "-" "Mozilla/5.0 (compatible; Googlebot/2.1; +http://www.google.com/bot.html)"
66.249.65.63 - - [16/May/2014:01:04:13 +0200] "GET /include.php?path=contentarchive&type=1&letter=P&catid=1&themeid=0&searchtext=&entries=0&order=titled&nid=32 HTTP/1.1" 404 1256 "-" "Mozilla/5.0 (compatible; Googlebot/2.1; +http://www.google.com/bot.html)"
66.249.65.80 - - [16/May/2014:01:06:30 +0200] "GET /include.php?path=contentarchive&type=4&letter=C&catid=7&themeid=0&searchtext=&entries=0&order=dated&nid=4 HTTP/1.1" 404 1256 "-" "Mozilla/5.0 (compatible; Googlebot/2.1; +http://www.google.com/bot.html)"
66.249.65.63 - - [16/May/2014:01:08:09 +0200] "GET /include.php?path=contentarchive&type=2&letter=0-9&catid=0&themeid=0&searchtext=&entries=0&order=title&nid=4 HTTP/1.1" 404 1256 "-" "Mozilla/5.0 (compatible; Googlebot/2.1; +http://www.google.com/bot.html)"
66.249.65.63 - - [16/May/2014:01:12:42 +0200] "GET /include.php?path=contentarchive&type=2&letter=C&catid=9&themeid=0&searchtext=&entries=0&order=dated HTTP/1.1" 404 1256 "-" "Mozilla/5.0 (compatible; Googlebot/2.1; +http://www.google.com/bot.html)"
66.249.65.97 - - [16/May/2014:01:14:59 +0200] "GET /include.php?path=contentarchive&type=4&catid=1&letter=L&entries=0&searchtext=&order=dated HTTP/1.1" 404 1256 "-" "Mozilla/5.0 (compatible; Googlebot/2.1; +http://www.google.com/bot.html)"
66.249.65.63 - - [16/May/2014:02:08:27 +0200] "GET /robots.txt HTTP/1.1" 404 1256 "-" "Mozilla/5.0 (compatible; Googlebot/2.1; +http://www.google.com/bot.html)"
66.249.65.63 - - [16/May/2014:02:08:28 +0200] "GET /include.php?path=contentarchive&type=1&catid=9&letter=L&entries=0&searchtext=&order=titled&nid=21 HTTP/1.1" 404 1256 "-" "Mozilla/5.0 (compatible; Googlebot/2.1; +http://www.google.com/bot.html)"
66.249.65.63 - - [16/May/2014:02:09:36 +0200] "GET /include.php?path=contentarchive&type=4&catid=12&letter=Y&entries=0&searchtext=&order=dated&nid=19 HTTP/1.1" 404 1256 "-" "Mozilla/5.0 (compatible; Googlebot/2.1; +http://www.google.com/bot.html)"
66.249.65.63 - - [16/May/2014:02:10:44 +0200] "GET /include.php?path=contentarchive&type=1&catid=10&letter=U&entries=0&searchtext=&order=dated&nid=21 HTTP/1.1" 404 1256 "-" "Mozilla/5.0 (compatible; Googlebot/2.1; +http://www.google.com/bot.html)"
66.249.65.80 - - [16/May/2014:02:11:53 +0200] "GET /include.php?path=contentarchive&type=4&letter=alle&catid=8&themeid=0&searchtext=&entries=0&order=dated&nid=32 HTTP/1.1" 404 1256 "-" "Mozilla/5.0 (compatible; Googlebot/2.1; +http://www.google.com/bot.html)"
66.249.65.63 - - [16/May/2014:02:13:01 +0200] "GET /include.php?path=contentarchive&type=4&catid=7&letter=Z&entries=0&searchtext=&order=dated&nid=32 HTTP/1.1" 404 1256 "-" "Mozilla/5.0 (compatible; Googlebot/2.1; +http://www.google.com/bot.html)"
66.249.65.63 - - [16/May/2014:02:14:09 +0200] "GET /include.php?path=contentarchive&type=2&letter=M&catid=0&themeid=0&searchtext=&entries=8&order=title HTTP/1.1" 404 1256 "-" "Mozilla/5.0 (compatible; Googlebot/2.1; +http://www.google.com/bot.html)"
66.249.65.63 - - [16/May/2014:02:15:18 +0200] "GET /include.php?path=contentarchive&type=4&letter=L&catid=7&themeid=0&searchtext=&entries=0&order=dated&nid=21 HTTP/1.1" 404 1256 "-" "Mozilla/5.0 (compatible; Googlebot/2.1; +http://www.google.com/bot.html)"
66.249.65.97 - - [16/May/2014:02:17:35 +0200] "GET /include.php?path=contentarchive&type=1&catid=0&letter=R&entries=0&searchtext=&order=date&nid=32 HTTP/1.1" 404 1256 "-" "Mozilla/5.0 (compatible; Googlebot/2.1; +http://www.google.com/bot.html)"
66.249.65.97 - - [16/May/2014:02:19:51 +0200] "GET /include.php?path=contentarchive&type=4&letter=A&catid=7&themeid=0&searchtext=&entries=0&order=dated&nid=4 HTTP/1.1" 404 1256 "-" "Mozilla/5.0 (compatible; Googlebot/2.1; +http://www.google.com/bot.html)"
193.175.194.33 - - [16/May/2014:02:23:24 +0200] "GET / HTTP/1.1" 302 - "-" "Bildungsserver-Linkchecker DBS 0.9 (http://www.bildungsserver.de)"
66.249.65.63 - - [16/May/2014:02:26:41 +0200] "GET /include.php?path=contentarchive&type=4&letter=Q&catid=0&themeid=0&searchtext=&entries=0&order=title HTTP/1.1" 404 1256 "-" "Mozilla/5.0 (compatible; Googlebot/2.1; +http://www.google.com/bot.html)"
66.249.65.63 - - [16/May/2014:02:28:58 +0200] "GET /include.php?catid=ltgtmogfociyuzl&nid=32 HTTP/1.1" 404 1256 "-" "Mozilla/5.0 (compatible; Googlebot/2.1; +http://www.google.com/bot.html)"
66.249.65.63 - - [16/May/2014:02:31:15 +0200] "GET /include.php?path=contentarchive&type=2&letter=D&catid=0&themeid=0&searchtext=&entries=8&order=title&nid=13 HTTP/1.1" 404 1256 "-" "Mozilla/5.0 (compatible; Googlebot/2.1; +http://www.google.com/bot.html)"
66.249.65.97 - - [16/May/2014:02:33:31 +0200] "GET /include.php?path=contentarchive&type=4&letter=K&catid=8&themeid=0&searchtext=&entries=0&order=title&nid=32 HTTP/1.1" 404 1256 "-" "Mozilla/5.0 (compatible; Googlebot/2.1; +http://www.google.com/bot.html)"
66.249.65.115 - - [16/May/2014:02:51:46 +0200] "GET /robots.txt HTTP/1.1" 404 1256 "-" "Mozilla/5.0 (compatible; Googlebot/2.1; +http://www.google.com/bot.html)"
66.249.65.98 - - [16/May/2014:02:51:46 +0200] "GET / HTTP/1.1" 302 - "-" "Mozilla/5.0 (compatible; Googlebot/2.1; +http://www.google.com/bot.html)"
66.249.65.97 - - [16/May/2014:03:12:16 +0200] "GET /include.php?path=contentarchive&type=2&catid=11&letter=C&entries=0&searchtext=&order=titled&nid=32 HTTP/1.1" 404 1256 "-" "Mozilla/5.0 (compatible; Googlebot/2.1; +http://www.google.com/bot.html)"
66.249.65.97 - - [16/May/2014:03:14:33 +0200] "GET /include.php?path=contentarchive&type=4&letter=M&catid=7&themeid=0&searchtext=&entries=0&order=&nid=32 HTTP/1.1" 404 1256 "-" "Mozilla/5.0 (compatible; Googlebot/2.1; +http://www.google.com/bot.html)"
66.249.65.97 - - [16/May/2014:03:16:50 +0200] "GET /include.php?path=contentarchive&type=2&letter=Y&catid=0&themeid=0&searchtext=&entries=8&order=title&nid=21 HTTP/1.1" 404 1256 "-" "Mozilla/5.0 (compatible; Googlebot/2.1; +http://www.google.com/bot.html)"
66.249.65.97 - - [16/May/2014:03:19:06 +0200] "GET /include.php?path=contentarchive&type=2&letter=W&catid=9&themeid=0&searchtext=&entries=0&order=dated HTTP/1.1" 404 1256 "-" "Mozilla/5.0 (compatible; Googlebot/2.1; +http://www.google.com/bot.html)"
66.249.65.80 - - [16/May/2014:03:21:23 +0200] "GET /include.php?path=article&contentid=82&nid=21 HTTP/1.1" 404 1256 "-" "Mozilla/5.0 (compatible; Googlebot/2.1; +http://www.google.com/bot.html)"
66.249.65.80 - - [16/May/2014:04:11:58 +0200] "GET /include.php?path=contact&mode=suggest&suggest_path=path%3Ddownload%26contentid%3D28&nid=4 HTTP/1.1" 404 1256 "-" "Mozilla/5.0 (compatible; Googlebot/2.1; +http://www.google.com/bot.html)"
66.249.65.80 - - [16/May/2014:04:13:06 +0200] "GET /include.php?path=contentarchive&type=4&catid=6&letter=X&entries=0&searchtext=&order=title&nid=19 HTTP/1.1" 404 1256 "-" "Mozilla/5.0 (compatible; Googlebot/2.1; +http://www.google.com/bot.html)"
66.249.65.63 - - [16/May/2014:04:14:15 +0200] "GET /include.php?path=comment&comcat=cont&subid=99&nid=21 HTTP/1.1" 404 1256 "-" "Mozilla/5.0 (compatible; Googlebot/2.1; +http://www.google.com/bot.html)"
66.249.65.97 - - [16/May/2014:04:15:23 +0200] "GET /include.php?path=contentarchive&type=2&catid=1&letter=O&entries=0&searchtext=&order=title&nid=19 HTTP/1.1" 404 1256 "-" "Mozilla/5.0 (compatible; Googlebot/2.1; +http://www.google.com/bot.html)"
66.249.65.63 - - [16/May/2014:04:16:32 +0200] "GET /include.php?path=contentarchive&type=4&catid=0&letter=A&entries=0&searchtext=&order=date&nid=21 HTTP/1.1" 404 1256 "-" "Mozilla/5.0 (compatible; Googlebot/2.1; +http://www.google.com/bot.html)"
66.249.65.63 - - [16/May/2014:04:17:40 +0200] "GET /include.php?path=contentarchive&type=1&catid=0&letter=E&entries=0&searchtext=&order=dated&nid=32 HTTP/1.1" 404 1256 "-" "Mozilla/5.0 (compatible; Googlebot/2.1; +http://www.google.com/bot.html)"
66.249.65.63 - - [16/May/2014:04:22:13 +0200] "GET /include.php?path=contentarchive&type=2&letter=N&catid=0&themeid=0&searchtext=&entries=8&order=dated&nid=32 HTTP/1.1" 404 1256 "-" "Mozilla/5.0 (compatible; Googlebot/2.1; +http://www.google.com/bot.html)"
66.249.65.80 - - [16/May/2014:05:04:56 +0200] "GET /include.php?path=contentarchive&type=4&letter=W&catid=0&themeid=0&searchtext=&entries=0&order=dated&nid=4 HTTP/1.1" 404 1256 "-" "Mozilla/5.0 (compatible; Googlebot/2.1; +http://www.google.com/bot.html)"
66.249.65.97 - - [16/May/2014:05:07:13 +0200] "GET /include.php?path=content&mode=vote&contentid=118&type=4&content_vote=3&action=Go&nid=21 HTTP/1.1" 404 1256 "-" "Mozilla/5.0 (compatible; Googlebot/2.1; +http://www.google.com/bot.html)"
66.249.65.97 - - [16/May/2014:05:09:29 +0200] "GET /include.php?path=contentarchive&type=4&catid=8&letter=R&entries=0&searchtext=&order=dated&nid=32 HTTP/1.1" 404 1256 "-" "Mozilla/5.0 (compatible; Googlebot/2.1; +http://www.google.com/bot.html)"
66.249.65.80 - - [16/May/2014:05:11:46 +0200] "GET /include.php?path=contentarchive&type=2&catid=9&letter=R&entries=0&searchtext=&order=dated&nid=32 HTTP/1.1" 404 1256 "-" "Mozilla/5.0 (compatible; Googlebot/2.1; +http://www.google.com/bot.html)"
66.249.65.80 - - [16/May/2014:05:14:03 +0200] "GET /include.php?path=contentarchive&type=3&catid=0&letter=R&entries=0&searchtext=&order=dated&nid=32 HTTP/1.1" 404 1256 "-" "Mozilla/5.0 (compatible; Googlebot/2.1; +http://www.google.com/bot.html)"
66.249.65.63 - - [16/May/2014:05:16:19 +0200] "GET /include.php?path=contact&mode=suggest&suggest_path=path%3Darticle%26contentid%3D79%26page%3D&nid=21 HTTP/1.1" 404 1256 "-" "Mozilla/5.0 (compatible; Googlebot/2.1; +http://www.google.com/bot.html)"
66.249.65.63 - - [16/May/2014:05:18:36 +0200] "GET /include.php?path=contentarchive&type=4&letter=K&catid=1&themeid=0&searchtext=&entries=0&order=titled&nid=19 HTTP/1.1" 404 1256 "-" "Mozilla/5.0 (compatible; Googlebot/2.1; +http://www.google.com/bot.html)"
66.249.65.63 - - [16/May/2014:05:20:53 +0200] "GET /include.php?path=contentarchive&type=4&catid=6&letter=C&entries=0&searchtext=&order=dated&nid=32 HTTP/1.1" 404 1256 "-" "Mozilla/5.0 (compatible; Googlebot/2.1; +http://www.google.com/bot.html)"
66.249.65.63 - - [16/May/2014:06:04:54 +0200] "GET /include.php?path=article&contentid=103&nid=21 HTTP/1.1" 404 1256 "-" "Mozilla/5.0 (compatible; Googlebot/2.1; +http://www.google.com/bot.html)"
66.249.65.63 - - [16/May/2014:06:10:29 +0200] "GET /include.php?path=contentarchive&type=2&catid=9&letter=H&entries=0&searchtext=&order=dated&nid=4 HTTP/1.1" 404 1256 "-" "Mozilla/5.0 (compatible; Googlebot/2.1; +http://www.google.com/bot.html)"
66.249.65.63 - - [16/May/2014:06:11:38 +0200] "GET /include.php?path=contentarchive&type=4&catid=0&letter=M&entries=0&searchtext=&order=dated&nid=32 HTTP/1.1" 404 1256 "-" "Mozilla/5.0 (compatible; Googlebot/2.1; +http://www.google.com/bot.html)"
66.249.65.97 - - [16/May/2014:06:12:46 +0200] "GET /include.php?path=contentarchive&type=3&letter=O&catid=1&themeid=0&searchtext=&entries=0&order=&nid=32 HTTP/1.1" 404 1256 "-" "Mozilla/5.0 (compatible; Googlebot/2.1; +http://www.google.com/bot.html)"
66.249.65.80 - - [16/May/2014:06:13:54 +0200] "GET /include.php?path=contentarchive&type=2&catid=0&letter=M&entries=0&searchtext=&order=title&nid=32 HTTP/1.1" 404 1256 "-" "Mozilla/5.0 (compatible; Googlebot/2.1; +http://www.google.com/bot.html)"
66.249.65.97 - - [16/May/2014:06:15:03 +0200] "GET /include.php?path=contentarchive&type=4&catid=7&letter=O&entries=0&searchtext=&order=date HTTP/1.1" 404 1256 "-" "Mozilla/5.0 (compatible; Googlebot/2.1; +http://www.google.com/bot.html)"
66.249.65.97 - - [16/May/2014:06:16:11 +0200] "GET /include.php?path=contentarchive&type=4&letter=G&catid=12&themeid=0&searchtext=&entries=0&order=title&nid=4 HTTP/1.1" 404 1256 "-" "Mozilla/5.0 (compatible; Googlebot/2.1; +http://www.google.com/bot.html)"
178.77.126.55 - - [16/May/2014:06:41:58 +0200] "GET /robots.txt HTTP/1.1" 404 1256 "-" "Mozilla/5.0 (compatible; CareerBot/1.1; +http://www.career-x.de/bot.html)"
178.77.126.55 - - [16/May/2014:06:41:58 +0200] "GET / HTTP/1.1" 302 - "-" "Mozilla/5.0 (compatible; CareerBot/1.1; +http://www.career-x.de/bot.html)"
66.249.65.63 - - [16/May/2014:07:11:47 +0200] "GET /include.php?path=contentarchive&type=2&letter=J&catid=0&themeid=0&searchtext=&entries=0&order=title&nid=32 HTTP/1.1" 404 1256 "-" "Mozilla/5.0 (compatible; Googlebot/2.1; +http://www.google.com/bot.html)"
66.249.65.80 - - [16/May/2014:07:15:53 +0200] "GET /include.php?path=contentarchive&type=4&catid=6&letter=Y&entries=0&searchtext=&order=titled&nid=19 HTTP/1.1" 404 1256 "-" "Mozilla/5.0 (compatible; Googlebot/2.1; +http://www.google.com/bot.html)"
66.249.65.80 - - [16/May/2014:07:17:02 +0200] "GET /include.php?path=contentarchive&type=1&letter=V&catid=0&themeid=0&searchtext=&entries=5&order=titled&nid=19 HTTP/1.1" 404 1256 "-" "Mozilla/5.0 (compatible; Googlebot/2.1; +http://www.google.com/bot.html)"
66.249.65.97 - - [16/May/2014:07:18:10 +0200] "GET /include.php?path=contentarchive&type=1&catid=0&letter=R&entries=0&searchtext=&order=titled HTTP/1.1" 404 1256 "-" "Mozilla/5.0 (compatible; Googlebot/2.1; +http://www.google.com/bot.html)"
66.249.65.97 - - [16/May/2014:07:19:18 +0200] "GET /include.php?path=contentarchive&type=4&letter=A&catid=7&themeid=0&searchtext=&entries=0&order=&nid=13 HTTP/1.1" 404 1256 "-" "Mozilla/5.0 (compatible; Googlebot/2.1; +http://www.google.com/bot.html)"
66.249.65.63 - - [16/May/2014:07:20:27 +0200] "GET /include.php?path=contentarchive&type=1&catid=9&letter=S&entries=0&searchtext=&order=title&nid=4 HTTP/1.1" 404 1256 "-" "Mozilla/5.0 (compatible; Googlebot/2.1; +http://www.google.com/bot.html)"
66.249.65.63 - - [16/May/2014:07:21:35 +0200] "GET /include.php?path=contentarchive&type=2&letter=N&catid=0&themeid=0&searchtext=&entries=8&order=&nid=13 HTTP/1.1" 404 1256 "-" "Mozilla/5.0 (compatible; Googlebot/2.1; +http://www.google.com/bot.html)"
66.249.65.63 - - [16/May/2014:07:22:44 +0200] "GET /include.php?path=contentarchive&type=2&letter=F&catid=0&themeid=0&searchtext=&entries=8&order=title&nid=21 HTTP/1.1" 404 1256 "-" "Mozilla/5.0 (compatible; Googlebot/2.1; +http://www.google.com/bot.html)"
66.249.65.80 - - [16/May/2014:07:27:17 +0200] "GET /include.php?path=contentarchive&type=4&letter=I&catid=6&themeid=0&searchtext=&entries=0&order=&nid=19 HTTP/1.1" 404 1256 "-" "Mozilla/5.0 (compatible; Googlebot/2.1; +http://www.google.com/bot.html)"
66.249.65.97 - - [16/May/2014:07:31:51 +0200] "GET /include.php?path=contentarchive&type=4&letter=alle&catid=7&themeid=0&searchtext=&entries=0&order=dated&nid=32 HTTP/1.1" 404 1256 "-" "Mozilla/5.0 (compatible; Googlebot/2.1; +http://www.google.com/bot.html)"
66.249.65.97 - - [16/May/2014:07:36:24 +0200] "GET /include.php?path=contentarchive&type=4&catid=0&letter=E&entries=0&searchtext=&order=date&nid=13 HTTP/1.1" 404 1256 "-" "Mozilla/5.0 (compatible; Googlebot/2.1; +http://www.google.com/bot.html)"
66.249.65.63 - - [16/May/2014:07:40:57 +0200] "GET /include.php?path=contentarchive&type=2&letter=J&catid=0&themeid=0&searchtext=&entries=0&order=dated&nid=4 HTTP/1.1" 404 1256 "-" "Mozilla/5.0 (compatible; Googlebot/2.1; +http://www.google.com/bot.html)"
66.249.65.63 - - [16/May/2014:07:43:14 +0200] "GET /include.php?path=content&mode=print&contentid=77 HTTP/1.1" 404 1256 "-" "Mozilla/5.0 (compatible; Googlebot/2.1; +http://www.google.com/bot.html)"
66.249.65.63 - - [16/May/2014:07:45:31 +0200] "GET /include.php?path=contentarchive&type=4&letter=P&catid=1&themeid=0&searchtext=&entries=0&order=titled&nid=4 HTTP/1.1" 404 1256 "-" "Mozilla/5.0 (compatible; Googlebot/2.1; +http://www.google.com/bot.html)"
66.249.65.80 - - [16/May/2014:07:47:48 +0200] "GET /include.php?path=content&mode=vote&contentid=94&type=1&content_vote=3&action=Go&nid=4 HTTP/1.1" 404 1256 "-" "Mozilla/5.0 (compatible; Googlebot/2.1; +http://www.google.com/bot.html)"
66.249.65.80 - - [16/May/2014:07:50:04 +0200] "GET /include.php?path=contentarchive&type=2&letter=A&catid=9&themeid=0&searchtext=&entries=0&order=&nid=21 HTTP/1.1" 404 1256 "-" "Mozilla/5.0 (compatible; Googlebot/2.1; +http://www.google.com/bot.html)"
66.249.65.63 - - [16/May/2014:07:52:21 +0200] "GET /include.php?path=contentarchive&type=2&catid=10&letter=K&entries=0&searchtext=&order=titled&nid=21 HTTP/1.1" 404 1256 "-" "Mozilla/5.0 (compatible; Googlebot/2.1; +http://www.google.com/bot.html)"
66.249.65.63 - - [16/May/2014:07:54:38 +0200] "GET /include.php?path=contentarchive&type=2&catid=8&letter=V&entries=0&searchtext=&order=date&nid=13 HTTP/1.1" 404 1256 "-" "Mozilla/5.0 (compatible; Googlebot/2.1; +http://www.google.com/bot.html)"
107.152.128.83 - - [16/May/2014:08:08:21 +0200] "GET /fls_4_impressum.php HTTP/1.1" 404 1256 "-" "Mozilla/5.0 (compatible; MSIE 10.0; Windows NT 6.1; Trident/6.0)"
66.249.65.97 - - [16/May/2014:08:35:39 +0200] "GET /include.php?path=contentarchive&type=2&catid=8&letter=G&entries=0&searchtext=&order=titled&nid=13 HTTP/1.1" 404 1256 "-" "Mozilla/5.0 (compatible; Googlebot/2.1; +http://www.google.com/bot.html)"
66.249.65.97 - - [16/May/2014:08:37:56 +0200] "GET /include.php?path=contentarchive&type=4&catid=8&letter=G&entries=0&searchtext=&order=titled&nid=13 HTTP/1.1" 404 1256 "-" "Mozilla/5.0 (compatible; Googlebot/2.1; +http://www.google.com/bot.html)"
66.249.65.63 - - [16/May/2014:08:40:13 +0200] "GET /include.php?path=contentarchive&type=1&catid=0&letter=X&entries=0&searchtext=&order=title&nid=4 HTTP/1.1" 404 1256 "-" "Mozilla/5.0 (compatible; Googlebot/2.1; +http://www.google.com/bot.html)"
66.249.65.63 - - [16/May/2014:08:42:29 +0200] "GET /include.php?path=contentarchive&type=2&letter=Z&catid=8&themeid=0&searchtext=&entries=0&order=&nid=21 HTTP/1.1" 404 1256 "-" "Mozilla/5.0 (compatible; Googlebot/2.1; +http://www.google.com/bot.html)"
66.249.65.63 - - [16/May/2014:08:44:46 +0200] "GET /include.php?path=contentarchive&type=4&catid=1&letter=Q&entries=0&searchtext=&order=date&nid=21 HTTP/1.1" 404 1256 "-" "Mozilla/5.0 (compatible; Googlebot/2.1; +http://www.google.com/bot.html)"
66.249.65.80 - - [16/May/2014:08:47:03 +0200] "GET /include.php?path=contentarchive&type=2&catid=8&letter=V&entries=0&searchtext=&order=titled&nid=4 HTTP/1.1" 404 1256 "-" "Mozilla/5.0 (compatible; Googlebot/2.1; +http://www.google.com/bot.html)"
66.249.65.80 - - [16/May/2014:08:49:20 +0200] "GET /include.php?path=contentarchive&type=3&letter=M&catid=1&themeid=0&searchtext=&entries=0&order=&nid=19 HTTP/1.1" 404 1256 "-" "Mozilla/5.0 (compatible; Googlebot/2.1; +http://www.google.com/bot.html)"
66.249.65.97 - - [16/May/2014:08:51:36 +0200] "GET /include.php?path=content&mode=vote&contentid=73&type=1&content_vote=3&action=Go&nid=13 HTTP/1.1" 404 1256 "-" "Mozilla/5.0 (compatible; Googlebot/2.1; +http://www.google.com/bot.html)"
66.249.65.97 - - [16/May/2014:08:56:10 +0200] "GET /include.php?path=contentarchive&type=2&catid=1&letter=0-9&entries=0&searchtext=&order=title&nid=32 HTTP/1.1" 404 1256 "-" "Mozilla/5.0 (compatible; Googlebot/2.1; +http://www.google.com/bot.html)"
66.249.65.97 - - [16/May/2014:08:58:27 +0200] "GET /include.php?path=content&mode=vote&contentid=118&type=4&content_vote=4&action=Go&nid=13 HTTP/1.1" 404 1256 "-" "Mozilla/5.0 (compatible; Googlebot/2.1; +http://www.google.com/bot.html)"
66.249.65.80 - - [16/May/2014:09:00:43 +0200] "GET /include.php?path=contentarchive&type=4&catid=8&letter=X&entries=0&searchtext=&order=titled&nid=21 HTTP/1.1" 404 1256 "-" "Mozilla/5.0 (compatible; Googlebot/2.1; +http://www.google.com/bot.html)"
66.249.65.63 - - [16/May/2014:09:03:00 +0200] "GET /include.php?path=contentarchive&type=2&letter=Y&catid=1&themeid=0&searchtext=&entries=0&order= HTTP/1.1" 404 1256 "-" "Mozilla/5.0 (compatible; Googlebot/2.1; +http://www.google.com/bot.html)"
66.249.65.97 - - [16/May/2014:09:05:17 +0200] "GET /include.php?path=contentarchive&type=2&letter=S&catid=8&themeid=0&searchtext=&entries=0&order=titled HTTP/1.1" 404 1256 "-" "Mozilla/5.0 (compatible; Googlebot/2.1; +http://www.google.com/bot.html)"
66.249.65.80 - - [16/May/2014:09:07:34 +0200] "GET /include.php?path=contentarchive&type=2&catid=0&letter=Y&entries=0&searchtext=&order=dated HTTP/1.1" 404 1256 "-" "Mozilla/5.0 (compatible; Googlebot/2.1; +http://www.google.com/bot.html)"
66.249.65.97 - - [16/May/2014:09:09:50 +0200] "GET /include.php?path=contentarchive&type=2&letter=X&catid=1&themeid=0&searchtext=&entries=0&order= HTTP/1.1" 404 1256 "-" "Mozilla/5.0 (compatible; Googlebot/2.1; +http://www.google.com/bot.html)"
66.249.65.63 - - [16/May/2014:09:12:07 +0200] "GET /include.php?path=contentarchive&letter=&catid=0&themeid=0&type=1&order=&entries=5&nid=19 HTTP/1.1" 404 1256 "-" "Mozilla/5.0 (compatible; Googlebot/2.1; +http://www.google.com/bot.html)"
66.249.65.97 - - [16/May/2014:09:14:24 +0200] "GET /include.php?path=contentarchive&type=2&catid=0&letter=A&entries=0&searchtext=&order=title&nid=13 HTTP/1.1" 404 1256 "-" "Mozilla/5.0 (compatible; Googlebot/2.1; +http://www.google.com/bot.html)"
66.249.65.80 - - [16/May/2014:09:16:40 +0200] "GET /include.php?path=contentarchive&type=1&catid=9&letter=O&entries=0&searchtext=&order=titled&nid=19 HTTP/1.1" 404 1256 "-" "Mozilla/5.0 (compatible; Googlebot/2.1; +http://www.google.com/bot.html)"
66.249.65.97 - - [16/May/2014:10:19:22 +0200] "GET /include.php?path=content&mode=vote&contentid=114&type=4&content_vote=6&action=Go&nid=13 HTTP/1.1" 404 1256 "-" "Mozilla/5.0 (compatible; Googlebot/2.1; +http://www.google.com/bot.html)"
66.249.65.63 - - [16/May/2014:10:21:38 +0200] "GET /include.php?path=contentarchive&type=1&letter=V&catid=9&themeid=0&searchtext=&entries=0&order=title&nid=21 HTTP/1.1" 404 1256 "-" "Mozilla/5.0 (compatible; Googlebot/2.1; +http://www.google.com/bot.html)"
66.249.65.80 - - [16/May/2014:10:23:55 +0200] "GET /include.php?path=contentarchive&type=3&catid=1&letter=I&entries=0&searchtext=&order=title&nid=13 HTTP/1.1" 404 1256 "-" "Mozilla/5.0 (compatible; Googlebot/2.1; +http://www.google.com/bot.html)"
66.249.65.97 - - [16/May/2014:10:26:12 +0200] "GET /include.php?path=contentarchive&type=2&letter=E&catid=1&themeid=0&searchtext=&entries=0&order=&nid=21 HTTP/1.1" 404 1256 "-" "Mozilla/5.0 (compatible; Googlebot/2.1; +http://www.google.com/bot.html)"
66.249.65.80 - - [16/May/2014:10:28:28 +0200] "GET /include.php?path=contentarchive&type=2&letter=N&catid=8&themeid=0&searchtext=&entries=0&order=&nid=32 HTTP/1.1" 404 1256 "-" "Mozilla/5.0 (compatible; Googlebot/2.1; +http://www.google.com/bot.html)"
66.249.65.80 - - [16/May/2014:10:30:45 +0200] "GET /include.php?path=contentarchive&type=1&catid=1&letter=V&entries=0&searchtext=&order=date HTTP/1.1" 404 1256 "-" "Mozilla/5.0 (compatible; Googlebot/2.1; +http://www.google.com/bot.html)"
66.249.65.97 - - [16/May/2014:10:33:02 +0200] "GET /include.php?path=contentarchive&type=2&letter=W&catid=9&themeid=0&searchtext=&entries=0&order=dated&nid=19 HTTP/1.1" 404 1256 "-" "Mozilla/5.0 (compatible; Googlebot/2.1; +http://www.google.com/bot.html)"
66.249.65.80 - - [16/May/2014:10:35:19 +0200] "GET /include.php?path=contentarchive&type=4&catid=8&letter=&entries=0&searchtext=&order=titled&nid=21 HTTP/1.1" 404 1256 "-" "Mozilla/5.0 (compatible; Googlebot/2.1; +http://www.google.com/bot.html)"
66.249.65.97 - - [16/May/2014:10:37:35 +0200] "GET /include.php?path=contentarchive&type=4&letter=Y&catid=12&themeid=0&searchtext=&entries=0&order=title&nid=21 HTTP/1.1" 404 1256 "-" "Mozilla/5.0 (compatible; Googlebot/2.1; +http://www.google.com/bot.html)"
66.249.65.97 - - [16/May/2014:10:39:52 +0200] "GET /include.php?path=contentarchive&type=2&catid=10&letter=R&entries=0&searchtext=&order=title&nid=32 HTTP/1.1" 404 1256 "-" "Mozilla/5.0 (compatible; Googlebot/2.1; +http://www.google.com/bot.html)"
66.249.65.97 - - [16/May/2014:10:42:09 +0200] "GET /include.php?path=article&contentid=73&nid=21 HTTP/1.1" 404 1256 "-" "Mozilla/5.0 (compatible; Googlebot/2.1; +http://www.google.com/bot.html)"
66.249.65.80 - - [16/May/2014:10:44:26 +0200] "GET /include.php?path=contentarchive&type=4&catid=8&letter=M&entries=0&searchtext=&order=titled&nid=21 HTTP/1.1" 404 1256 "-" "Mozilla/5.0 (compatible; Googlebot/2.1; +http://www.google.com/bot.html)"
66.249.65.80 - - [16/May/2014:10:46:43 +0200] "GET /include.php?path=contentarchive&type=2&letter=W&catid=8&themeid=0&searchtext=&entries=0&order=title&nid=13 HTTP/1.1" 404 1256 "-" "Mozilla/5.0 (compatible; Googlebot/2.1; +http://www.google.com/bot.html)"
66.249.65.63 - - [16/May/2014:10:48:59 +0200] "GET /include.php?path=contentarchive&type=2&catid=8&letter=O&entries=0&searchtext=&order=date&nid=4 HTTP/1.1" 404 1256 "-" "Mozilla/5.0 (compatible; Googlebot/2.1; +http://www.google.com/bot.html)"
93.128.143.102 - - [16/May/2014:10:50:04 +0200] "GET / HTTP/1.1" 302 - "https://www.facebook.com/" "Mozilla/5.0 (Windows NT 6.1) AppleWebKit/537.36 (KHTML, like Gecko) Chrome/34.0.1847.131 Safari/537.36"
66.249.65.80 - - [16/May/2014:10:51:16 +0200] "GET /include.php?path=contentarchive&type=4&catid=6&letter=U&entries=0&searchtext=&order=dated&nid=13 HTTP/1.1" 404 1256 "-" "Mozilla/5.0 (compatible; Googlebot/2.1; +http://www.google.com/bot.html)"
66.249.65.80 - - [16/May/2014:10:53:33 +0200] "GET /include.php?path=contentarchive&type=1&letter=T&catid=0&themeid=0&searchtext=&entries=0&order=&nid=32 HTTP/1.1" 404 1256 "-" "Mozilla/5.0 (compatible; Googlebot/2.1; +http://www.google.com/bot.html)"
66.249.65.80 - - [16/May/2014:10:55:49 +0200] "GET /include.php?path=contentarchive&type=1&catid=10&letter=O&entries=0&searchtext=&order=date&nid=4 HTTP/1.1" 404 1256 "-" "Mozilla/5.0 (compatible; Googlebot/2.1; +http://www.google.com/bot.html)"
66.249.65.63 - - [16/May/2014:10:58:06 +0200] "GET /include.php?path=contentarchive&type=4&catid=7&letter=I&entries=0&searchtext=&order=date&nid=13 HTTP/1.1" 404 1256 "-" "Mozilla/5.0 (compatible; Googlebot/2.1; +http://www.google.com/bot.html)"
198.143.133.154 - - [16/May/2014:11:27:20 +0200] "GET /robots.txt HTTP/1.1" 404 1256 "-" "Mozilla/5.0 (compatible; BLEXBot/1.0; +http://webmeup-crawler.com/)"
198.143.133.154 - - [16/May/2014:11:27:20 +0200] "GET / HTTP/1.1" 302 - "-" "Mozilla/5.0 (compatible; BLEXBot/1.0; +http://webmeup-crawler.com/)"
66.249.65.80 - - [16/May/2014:11:52:48 +0200] "GET /include.php?path=contentarchive&type=4&catid=0&letter=O&entries=0&searchtext=&order=title&nid=19 HTTP/1.1" 404 1256 "-" "Mozilla/5.0 (compatible; Googlebot/2.1; +http://www.google.com/bot.html)"
162.210.196.130 - - [16/May/2014:12:29:09 +0200] "GET /robots.txt HTTP/1.0" 404 1256 "-" "Mozilla/5.0 (compatible; MJ12bot/v1.4.5; http://www.majestic12.co.uk/bot.php?+)"
162.210.196.130 - - [16/May/2014:12:29:11 +0200] "GET / HTTP/1.0" 302 - "-" "Mozilla/5.0 (compatible; MJ12bot/v1.4.5; http://www.majestic12.co.uk/bot.php?+)"
208.115.113.85 - - [16/May/2014:12:41:23 +0200] "GET /robots.txt HTTP/1.1" 404 1256 "-" "Mozilla/5.0 (compatible; DotBot/1.1; http://www.opensiteexplorer.org/dotbot, help@moz.com)"
66.249.65.63 - - [16/May/2014:12:42:57 +0200] "GET /include.php?path=contentarchive&type=4&catid=7&letter=W&entries=0&searchtext=&order=date&nid=13 HTTP/1.1" 404 1256 "-" "Mozilla/5.0 (compatible; Googlebot/2.1; +http://www.google.com/bot.html)"
66.249.65.63 - - [16/May/2014:12:49:46 +0200] "GET /include.php?path=contentarchive&type=4&letter=alle&catid=12&themeid=0&searchtext=&entries=0&order=title&nid=19 HTTP/1.1" 404 1256 "-" "Mozilla/5.0 (compatible; Googlebot/2.1; +http://www.google.com/bot.html)"
66.249.65.97 - - [16/May/2014:12:54:21 +0200] "GET /include.php?path=contentarchive&type=4&letter=E&catid=8&themeid=0&searchtext=&entries=0&order=&nid=13 HTTP/1.1" 404 1256 "-" "Mozilla/5.0 (compatible; Googlebot/2.1; +http://www.google.com/bot.html)"
66.249.65.63 - - [16/May/2014:13:01:10 +0200] "GET /include.php?path=contentarchive&type=2&letter=Z&catid=9&themeid=0&searchtext=&entries=0&order=titled HTTP/1.1" 404 1256 "-" "Mozilla/5.0 (compatible; Googlebot/2.1; +http://www.google.com/bot.html)"
66.249.78.236 - - [16/May/2014:13:33:04 +0200] "GET /robots.txt HTTP/1.1" 404 1256 "-" "Mozilla/5.0 (compatible; Googlebot/2.1; +http://www.google.com/bot.html)"
66.249.78.236 - - [16/May/2014:13:33:04 +0200] "GET /include.php?path=contentarchive&type=2&letter=S&catid=10&themeid=0&searchtext=&entries=0&order=titled&nid=32 HTTP/1.1" 404 1256 "-" "Mozilla/5.0 (compatible; Googlebot/2.1; +http://www.google.com/bot.html)"
66.249.78.236 - - [16/May/2014:13:35:21 +0200] "GET /include.php?path=contentarchive&type=4&catid=8&letter=K&entries=0&searchtext=&order=dated&nid=13 HTTP/1.1" 404 1256 "-" "Mozilla/5.0 (compatible; Googlebot/2.1; +http://www.google.com/bot.html)"
66.249.78.236 - - [16/May/2014:13:39:54 +0200] "GET /include.php?path=contentarchive&type=1&letter=U&catid=0&themeid=0&searchtext=&entries=0&order=&nid=19 HTTP/1.1" 404 1256 "-" "Mozilla/5.0 (compatible; Googlebot/2.1; +http://www.google.com/bot.html)"
66.249.78.236 - - [16/May/2014:13:46:46 +0200] "GET /include.php?path=contentarchive&type=4&catid=0&letter=P&entries=0&searchtext=&order=title&nid=4 HTTP/1.1" 404 1256 "-" "Mozilla/5.0 (compatible; Googlebot/2.1; +http://www.google.com/bot.html)"
66.249.78.236 - - [16/May/2014:13:49:02 +0200] "GET /include.php?path=contentarchive&type=2&letter=M&catid=1&themeid=0&searchtext=&entries=0&order=title&nid=32 HTTP/1.1" 404 1256 "-" "Mozilla/5.0 (compatible; Googlebot/2.1; +http://www.google.com/bot.html)"
66.249.78.236 - - [16/May/2014:14:23:12 +0200] "GET /include.php?path=contentarchive&type=4&letter=L&catid=1&themeid=0&searchtext=&entries=0&order=&nid=13 HTTP/1.1" 404 1256 "-" "Mozilla/5.0 (compatible; Googlebot/2.1; +http://www.google.com/bot.html)"
66.249.78.236 - - [16/May/2014:14:25:29 +0200] "GET /include.php?path=contentarchive&type=4&letter=R&catid=0&themeid=0&searchtext=&entries=0&order=title&nid=21 HTTP/1.1" 404 1256 "-" "Mozilla/5.0 (compatible; Googlebot/2.1; +http://www.google.com/bot.html)"
66.249.78.236 - - [16/May/2014:14:27:46 +0200] "GET /include.php?path=contentarchive&type=1&catid=0&letter=L&entries=0&searchtext=&order=date&nid=19 HTTP/1.1" 404 1256 "-" "Mozilla/5.0 (compatible; Googlebot/2.1; +http://www.google.com/bot.html)"
66.249.78.236 - - [16/May/2014:14:30:03 +0200] "GET /include.php?path=content&mode=vote&contentid=118&type=4&content_vote=1&action=Go&nid=4 HTTP/1.1" 404 1256 "-" "Mozilla/5.0 (compatible; Googlebot/2.1; +http://www.google.com/bot.html)"
66.249.78.236 - - [16/May/2014:14:34:36 +0200] "GET /include.php?path=contentarchive&type=4&letter=X&catid=0&themeid=0&searchtext=&entries=0&order=title&nid=21 HTTP/1.1" 404 1256 "-" "Mozilla/5.0 (compatible; Googlebot/2.1; +http://www.google.com/bot.html)"
66.249.78.236 - - [16/May/2014:14:36:53 +0200] "GET /include.php?path=contentarchive&type=2&letter=D&catid=1&themeid=0&searchtext=&entries=0&order=&nid=19 HTTP/1.1" 404 1256 "-" "Mozilla/5.0 (compatible; Googlebot/2.1; +http://www.google.com/bot.html)"
208.115.113.85 - - [16/May/2014:14:39:28 +0200] "GET /include.php?path=contentarchive&type=3&letter=Z&catid=0&themeid=0&searchtext=&entries=0&order= HTTP/1.1" 404 1256 "-" "Mozilla/5.0 (compatible; DotBot/1.1; http://www.opensiteexplorer.org/dotbot, help@moz.com)"
66.249.78.236 - - [16/May/2014:15:13:21 +0200] "GET /include.php?path=contentarchive&type=4&catid=6&letter=R&entries=0&searchtext=&order=dated&nid=32 HTTP/1.1" 404 1256 "-" "Mozilla/5.0 (compatible; Googlebot/2.1; +http://www.google.com/bot.html)"
66.249.78.236 - - [16/May/2014:15:15:37 +0200] "GET /include.php?path=content&mode=vote&contentid=74&type=1&content_vote=10&action=Go&nid=19 HTTP/1.1" 404 1256 "-" "Mozilla/5.0 (compatible; Googlebot/2.1; +http://www.google.com/bot.html)"
66.249.78.236 - - [16/May/2014:15:17:54 +0200] "GET /include.php?path=contentarchive&type=2&catid=1&letter=&entries=0&searchtext=&order=titled&nid=13 HTTP/1.1" 404 1256 "-" "Mozilla/5.0 (compatible; Googlebot/2.1; +http://www.google.com/bot.html)"
66.249.78.236 - - [16/May/2014:15:20:11 +0200] "GET /include.php?path=contentarchive&type=4&catid=0&letter=N&entries=0&searchtext=&order=title&nid=4 HTTP/1.1" 404 1256 "-" "Mozilla/5.0 (compatible; Googlebot/2.1; +http://www.google.com/bot.html)"
66.249.78.236 - - [16/May/2014:15:22:27 +0200] "GET /include.php?path=contentarchive&type=2&catid=0&letter=F&entries=0&searchtext=&order=dated&nid=19 HTTP/1.1" 404 1256 "-" "Mozilla/5.0 (compatible; Googlebot/2.1; +http://www.google.com/bot.html)"
66.249.78.236 - - [16/May/2014:15:24:44 +0200] "GET /include.php?path=contentarchive&type=1&catid=9&letter=T&entries=0&searchtext=&order=date&nid=32 HTTP/1.1" 404 1256 "-" "Mozilla/5.0 (compatible; Googlebot/2.1; +http://www.google.com/bot.html)"
157.56.93.61 - - [16/May/2014:16:19:12 +0200] "GET /robots.txt HTTP/1.1" 404 1256 "-" "Mozilla/5.0 (compatible; bingbot/2.0; +http://www.bing.com/bingbot.htm)"
157.56.93.61 - - [16/May/2014:16:25:38 +0200] "GET /?path=content&contentid=35 HTTP/1.1" 302 - "-" "Mozilla/5.0 (compatible; bingbot/2.0; +http://www.bing.com/bingbot.htm)"
208.115.113.85 - - [16/May/2014:16:41:46 +0200] "GET /robots.txt HTTP/1.1" 404 1256 "-" "Mozilla/5.0 (compatible; DotBot/1.1; http://www.opensiteexplorer.org/dotbot, help@moz.com)"
208.115.113.85 - - [16/May/2014:18:46:32 +0200] "GET /include.php?path=contentarchive&type=2&letter=S&catid=0&themeid=0&searchtext=&entries=0&order=&nid=21 HTTP/1.1" 404 1256 "-" "Mozilla/5.0 (compatible; DotBot/1.1; http://www.opensiteexplorer.org/dotbot, help@moz.com)"
66.249.78.115 - - [16/May/2014:21:28:36 +0200] "GET /robots.txt HTTP/1.1" 404 1256 "-" "Mozilla/5.0 (compatible; Googlebot/2.1; +http://www.google.com/bot.html)"
66.249.66.9 - - [16/May/2014:21:28:37 +0200] "GET / HTTP/1.1" 302 - "-" "DoCoMo/2.0 N905i(c100;TB;W24H16) (compatible; Googlebot-Mobile/2.1; +http://www.google.com/bot.html)"
207.241.226.231 - - [16/May/2014:22:12:52 +0200] "GET /robots.txt HTTP/1.1" 404 1256 "-" "Mozilla/5.0 (compatible; archive.org_bot; Wayback Machine Live Record; +http://archive.org/details/archive.org_bot)"
208.115.111.69 - - [16/May/2014:22:48:20 +0200] "GET /robots.txt HTTP/1.1" 404 1256 "-" "Mozilla/5.0 (compatible; DotBot/1.1; http://www.opensiteexplorer.org/dotbot, help@moz.com)"
208.115.111.69 - - [17/May/2014:00:37:42 +0200] "GET /include.php?path=contentarchive&type=2&letter=alle&catid=0&themeid=0&searchtext=&entries=0&order= HTTP/1.1" 404 1256 "-" "Mozilla/5.0 (compatible; DotBot/1.1; http://www.opensiteexplorer.org/dotbot, help@moz.com)"
208.115.113.85 - - [17/May/2014:00:51:30 +0200] "GET /robots.txt HTTP/1.1" 404 1256 "-" "Mozilla/5.0 (compatible; DotBot/1.1; http://www.opensiteexplorer.org/dotbot, help@moz.com)"
66.249.78.115 - - [17/May/2014:02:08:23 +0200] "GET / HTTP/1.1" 302 - "-" "SAMSUNG-SGH-E250/1.0 Profile/MIDP-2.0 Configuration/CLDC-1.1 UP.Browser/6.2.3.3.c.1.101 (GUI) MMP/2.0 (compatible; Googlebot-Mobile/2.1; +http://www.google.com/bot.html)"
208.115.111.69 - - [17/May/2014:02:37:05 +0200] "GET /robots.txt HTTP/1.1" 404 1256 "-" "Mozilla/5.0 (compatible; DotBot/1.1; http://www.opensiteexplorer.org/dotbot, help@moz.com)"
208.115.113.85 - - [17/May/2014:02:57:18 +0200] "GET /include.php?path=contentarchive&type=3&letter=P&catid=0&themeid=0&searchtext=&entries=0&order= HTTP/1.1" 404 1256 "-" "Mozilla/5.0 (compatible; DotBot/1.1; http://www.opensiteexplorer.org/dotbot, help@moz.com)"
66.249.78.236 - - [17/May/2014:03:43:39 +0200] "GET /robots.txt HTTP/1.1" 404 1256 "-" "Mozilla/5.0 (compatible; Googlebot/2.1; +http://www.google.com/bot.html)"
66.249.78.236 - - [17/May/2014:03:43:39 +0200] "GET / HTTP/1.1" 302 - "-" "SAMSUNG-SGH-E250/1.0 Profile/MIDP-2.0 Configuration/CLDC-1.1 UP.Browser/6.2.3.3.c.1.101 (GUI) MMP/2.0 (compatible; Googlebot-Mobile/2.1; +http://www.google.com/bot.html)"
208.115.111.69 - - [17/May/2014:04:26:12 +0200] "GET /include.php?path=content&contentid=81&nid=2 HTTP/1.1" 404 1256 "-" "Mozilla/5.0 (compatible; DotBot/1.1; http://www.opensiteexplorer.org/dotbot, help@moz.com)"
208.115.111.69 - - [17/May/2014:04:26:19 +0200] "GET /include.php?path=contentarchive&type=2&letter=P&catid=0&themeid=0&searchtext=&entries=0&order=&nid=32 HTTP/1.1" 404 1256 "-" "Mozilla/5.0 (compatible; DotBot/1.1; http://www.opensiteexplorer.org/dotbot, help@moz.com)"
208.115.113.85 - - [17/May/2014:04:43:09 +0200] "GET /robots.txt HTTP/1.1" 404 1256 "-" "Mozilla/5.0 (compatible; DotBot/1.1; http://www.opensiteexplorer.org/dotbot, help@moz.com)"
144.76.42.76 - - [17/May/2014:04:54:13 +0200] "GET / HTTP/1.1" 302 - "-" "Mozilla/5.0 (Macintosh; Intel Mac OS X 10_8_2) AppleWebKit/537.17 (KHTML, like Gecko) Chrome/24.0.1312.52 Safari/537.17"
144.76.42.76 - - [17/May/2014:04:54:13 +0200] "GET /index.php HTTP/1.1" 302 - "-" "Mozilla/5.0 (Macintosh; Intel Mac OS X 10_8_2) AppleWebKit/537.17 (KHTML, like Gecko) Chrome/24.0.1312.52 Safari/537.17"
144.76.42.76 - - [17/May/2014:04:54:13 +0200] "GET /index_en.php HTTP/1.1" 404 1256 "-" "Mozilla/5.0 (Macintosh; Intel Mac OS X 10_8_2) AppleWebKit/537.17 (KHTML, like Gecko) Chrome/24.0.1312.52 Safari/537.17"
144.76.42.76 - - [17/May/2014:04:54:13 +0200] "GET /index_fr.php HTTP/1.1" 404 1256 "-" "Mozilla/5.0 (Macintosh; Intel Mac OS X 10_8_2) AppleWebKit/537.17 (KHTML, like Gecko) Chrome/24.0.1312.52 Safari/537.17"
144.76.42.76 - - [17/May/2014:04:54:13 +0200] "GET /index_sp.php HTTP/1.1" 404 1256 "-" "Mozilla/5.0 (Macintosh; Intel Mac OS X 10_8_2) AppleWebKit/537.17 (KHTML, like Gecko) Chrome/24.0.1312.52 Safari/537.17"
144.76.42.76 - - [17/May/2014:04:54:13 +0200] "GET /index.php HTTP/1.1" 302 - "-" "Mozilla/5.0 (Macintosh; Intel Mac OS X 10_8_2) AppleWebKit/537.17 (KHTML, like Gecko) Chrome/24.0.1312.52 Safari/537.17"
144.76.42.76 - - [17/May/2014:04:54:14 +0200] "GET / HTTP/1.1" 302 - "-" "Mozilla/5.0 (Macintosh; Intel Mac OS X 10_8_2) AppleWebKit/537.17 (KHTML, like Gecko) Chrome/24.0.1312.52 Safari/537.17"
208.115.111.69 - - [17/May/2014:06:34:09 +0200] "GET /robots.txt HTTP/1.1" 404 1256 "-" "Mozilla/5.0 (compatible; DotBot/1.1; http://www.opensiteexplorer.org/dotbot, help@moz.com)"
208.115.113.85 - - [17/May/2014:06:41:28 +0200] "GET /include.php?path=contentarchive&type=2&letter=E&catid=0&themeid=0&searchtext=&entries=0&order=title HTTP/1.1" 404 1256 "-" "Mozilla/5.0 (compatible; DotBot/1.1; http://www.opensiteexplorer.org/dotbot, help@moz.com)"
66.249.66.240 - - [17/May/2014:06:52:20 +0200] "GET / HTTP/1.1" 302 - "-" "DoCoMo/2.0 N905i(c100;TB;W24H16) (compatible; Googlebot-Mobile/2.1; +http://www.google.com/bot.html)"
208.115.111.69 - - [17/May/2014:08:18:11 +0200] "GET /include.php?path=contentarchive&type=3&letter=K&catid=0&themeid=0&searchtext=&entries=0&order= HTTP/1.1" 404 1256 "-" "Mozilla/5.0 (compatible; DotBot/1.1; http://www.opensiteexplorer.org/dotbot, help@moz.com)"
208.115.111.69 - - [17/May/2014:08:18:17 +0200] "GET /include.php?path=contentarchive&type=3&letter=N&catid=0&themeid=0&searchtext=&entries=0&order= HTTP/1.1" 404 1256 "-" "Mozilla/5.0 (compatible; DotBot/1.1; http://www.opensiteexplorer.org/dotbot, help@moz.com)"
208.115.113.85 - - [17/May/2014:08:41:12 +0200] "GET /robots.txt HTTP/1.1" 404 1256 "-" "Mozilla/5.0 (compatible; DotBot/1.1; http://www.opensiteexplorer.org/dotbot, help@moz.com)"
208.115.113.85 - - [17/May/2014:10:39:58 +0200] "GET /include.php?path=contentarchive&type=2&letter=C&catid=0&themeid=0&searchtext=&entries=0&order=title HTTP/1.1" 404 1256 "-" "Mozilla/5.0 (compatible; DotBot/1.1; http://www.opensiteexplorer.org/dotbot, help@moz.com)"
208.115.113.85 - - [17/May/2014:10:40:01 +0200] "GET /include.php?path=contentarchive&type=3&letter=L&catid=0&themeid=0&searchtext=&entries=0&order= HTTP/1.1" 404 1256 "-" "Mozilla/5.0 (compatible; DotBot/1.1; http://www.opensiteexplorer.org/dotbot, help@moz.com)"
199.58.86.209 - - [17/May/2014:12:08:14 +0200] "GET /robots.txt HTTP/1.0" 404 1256 "-" "Mozilla/5.0 (compatible; MJ12bot/v1.4.5; http://www.majestic12.co.uk/bot.php?+)"
199.58.86.209 - - [17/May/2014:12:08:16 +0200] "GET / HTTP/1.0" 302 - "-" "Mozilla/5.0 (compatible; MJ12bot/v1.4.5; http://www.majestic12.co.uk/bot.php?+)"
91.9.109.91 - - [17/May/2014:14:58:28 +0200] "GET / HTTP/1.1" 302 - "https://www.facebook.com/" "Mozilla/5.0 (Windows NT 6.3; WOW64) AppleWebKit/537.36 (KHTML, like Gecko) Chrome/34.0.1847.137 Safari/537.36"
141.8.147.12 - - [17/May/2014:15:21:48 +0200] "GET /robots.txt HTTP/1.1" 404 1256 "-" "Mozilla/5.0 (compatible; YandexBot/3.0; +http://yandex.com/bots)"
141.8.147.12 - - [17/May/2014:15:21:50 +0200] "GET / HTTP/1.1" 302 - "-" "Mozilla/5.0 (compatible; YandexBot/3.0; +http://yandex.com/bots)"
66.249.67.232 - - [17/May/2014:15:30:05 +0200] "GET /include.php?path=contentarchive&type=2&catid=10&letter=O&entries=0&searchtext=&order=title&nid=21 HTTP/1.1" 404 1256 "-" "Mozilla/5.0 (compatible; Googlebot/2.1; +http://www.google.com/bot.html)"
66.249.67.232 - - [17/May/2014:15:31:17 +0200] "GET /include.php?path=contentarchive&type=1&catid=10&letter=J&entries=0&searchtext=&order=title HTTP/1.1" 404 1256 "-" "Mozilla/5.0 (compatible; Googlebot/2.1; +http://www.google.com/bot.html)"
93.219.65.12 - - [17/May/2014:15:40:30 +0200] "GET / HTTP/1.1" 302 - "http://l.facebook.com/l.php?u=http%3A%2F%2Fwww.friedrich-list-berlin.de%2F&h=DAQHeVHpG&enc=AZOH_sUhZ2a1sIzjjxFP-eayh3fv20MJrScpJ4GlZGss9Zdg-LwnTIFgkI9VfwKUDqAjJyOhIpCxTHcKfqGwInHPrBnJBfvb7t2uixLsAttIuA&s=1" "Mozilla/5.0 (Windows NT 6.1; WOW64; Trident/7.0; rv:11.0) like Gecko"
148.251.234.169 - - [17/May/2014:15:45:10 +0200] "GET /robots.txt HTTP/1.1" 404 1256 "-" "Mozilla/5.0 (X11; Ubuntu; Linux x86_64; rv:27.0) Gecko/20100101 Firefox/27.0"
148.251.234.169 - - [17/May/2014:15:45:10 +0200] "GET / HTTP/1.1" 302 - "-" "Mozilla/5.0 (X11; Ubuntu; Linux x86_64; rv:27.0) Gecko/20100101 Firefox/27.0"
208.115.113.85 - - [17/May/2014:16:37:19 +0200] "GET /robots.txt HTTP/1.1" 404 1256 "-" "Mozilla/5.0 (compatible; DotBot/1.1; http://www.opensiteexplorer.org/dotbot, help@moz.com)"
208.115.113.85 - - [17/May/2014:18:02:38 +0200] "GET /include.php?path=contentarchive&type=2&letter=C&catid=0&themeid=0&searchtext=&entries=0&order= HTTP/1.1" 404 1256 "-" "Mozilla/5.0 (compatible; DotBot/1.1; http://www.opensiteexplorer.org/dotbot, help@moz.com)"
208.115.113.85 - - [17/May/2014:20:39:50 +0200] "GET /robots.txt HTTP/1.1" 404 1256 "-" "Mozilla/5.0 (compatible; DotBot/1.1; http://www.opensiteexplorer.org/dotbot, help@moz.com)"
66.249.67.64 - - [17/May/2014:21:44:41 +0200] "GET /robots.txt HTTP/1.1" 404 1256 "-" "Mozilla/5.0 (compatible; Googlebot/2.1; +http://www.google.com/bot.html)"
66.249.67.32 - - [17/May/2014:21:44:42 +0200] "GET / HTTP/1.1" 302 - "-" "Mozilla/5.0 (compatible; Googlebot/2.1; +http://www.google.com/bot.html)"
