66.249.68.4 - - [04/May/2014:23:43:56 +0200] "GET /include.php?path=contentarchive&type=4&catid=12&letter=R&entries=0&searchtext=&order=dated&nid=4 HTTP/1.1" 404 1256 "-" "Mozilla/5.0 (compatible; Googlebot/2.1; +http://www.google.com/bot.html)"
108.59.8.70 - - [04/May/2014:23:44:16 +0200] "GET /robots.txt HTTP/1.0" 404 1256 "-" "Mozilla/5.0 (compatible; MJ12bot/v1.4.5; http://www.majestic12.co.uk/bot.php?+)"
108.59.8.70 - - [04/May/2014:23:44:17 +0200] "GET / HTTP/1.0" 302 - "-" "Mozilla/5.0 (compatible; MJ12bot/v1.4.5; http://www.majestic12.co.uk/bot.php?+)"
66.249.68.4 - - [04/May/2014:23:45:29 +0200] "GET /include.php?path=content&mode=vote&contentid=74&type=1&content_vote=-1&action=Go&nid=13 HTTP/1.1" 404 1256 "-" "Mozilla/5.0 (compatible; Googlebot/2.1; +http://www.google.com/bot.html)"
66.249.68.36 - - [04/May/2014:23:47:02 +0200] "GET /include.php?path=contentarchive&type=1&catid=9&letter=I&entries=0&searchtext=&order=date&nid=13 HTTP/1.1" 404 1256 "-" "Mozilla/5.0 (compatible; Googlebot/2.1; +http://www.google.com/bot.html)"
66.249.68.36 - - [04/May/2014:23:48:34 +0200] "GET /include.php?path=contentarchive&type=1&letter=T&catid=0&themeid=0&searchtext=&entries=5&order=dated&nid=19 HTTP/1.1" 404 1256 "-" "Mozilla/5.0 (compatible; Googlebot/2.1; +http://www.google.com/bot.html)"
66.249.68.36 - - [04/May/2014:23:50:07 +0200] "GET /include.php?path=contentarchive&letter=&catid=0&themeid=0&type=1&order=title&entries=5&nid=19 HTTP/1.1" 404 1256 "-" "Mozilla/5.0 (compatible; Googlebot/2.1; +http://www.google.com/bot.html)"
66.249.68.4 - - [04/May/2014:23:51:40 +0200] "GET /include.php?path=contentarchive&type=4&catid=6&letter=C&entries=0&searchtext=&order=titled&nid=4 HTTP/1.1" 404 1256 "-" "Mozilla/5.0 (compatible; Googlebot/2.1; +http://www.google.com/bot.html)"
91.66.161.11 - - [05/May/2014:00:04:35 +0200] "GET / HTTP/1.1" 302 - "https://www.google.de/" "Mozilla/5.0 (iPhone; CPU iPhone OS 7_1_1 like Mac OS X) AppleWebKit/537.51.2 (KHTML, like Gecko) Version/7.0 Mobile/11D201 Safari/9537.53"
66.249.68.36 - - [05/May/2014:00:07:07 +0200] "GET /include.php?path=contentarchive&type=1&letter=C&catid=0&themeid=0&searchtext=&entries=5&order=dated&nid=19 HTTP/1.1" 404 1256 "-" "Mozilla/5.0 (compatible; Googlebot/2.1; +http://www.google.com/bot.html)"
66.249.68.36 - - [05/May/2014:00:08:39 +0200] "GET /include.php?path=contentarchive&type=2&letter=U&catid=0&themeid=0&searchtext=&entries=0&order=title&nid=21 HTTP/1.1" 404 1256 "-" "Mozilla/5.0 (compatible; Googlebot/2.1; +http://www.google.com/bot.html)"
66.249.68.36 - - [05/May/2014:00:10:12 +0200] "GET /include.php?path=contentarchive&type=1&letter=U&catid=0&themeid=0&searchtext=&entries=0&order=titled&nid=21 HTTP/1.1" 404 1256 "-" "Mozilla/5.0 (compatible; Googlebot/2.1; +http://www.google.com/bot.html)"
66.249.68.4 - - [05/May/2014:00:11:45 +0200] "GET /include.php?path=contentarchive&type=4&letter=U&catid=7&themeid=0&searchtext=&entries=0&order=&nid=32 HTTP/1.1" 404 1256 "-" "Mozilla/5.0 (compatible; Googlebot/2.1; +http://www.google.com/bot.html)"
66.249.68.232 - - [05/May/2014:00:13:17 +0200] "GET /include.php?path=contentarchive&type=4&catid=0&letter=P&entries=0&searchtext=&order=titled&nid=13 HTTP/1.1" 404 1256 "-" "Mozilla/5.0 (compatible; Googlebot/2.1; +http://www.google.com/bot.html)"
66.249.68.36 - - [05/May/2014:00:14:50 +0200] "GET /include.php?path=contentarchive&type=4&letter=K&catid=0&themeid=0&searchtext=&entries=0&order= HTTP/1.1" 404 1256 "-" "Mozilla/5.0 (compatible; Googlebot/2.1; +http://www.google.com/bot.html)"
66.249.68.232 - - [05/May/2014:00:16:23 +0200] "GET /include.php?path=contentarchive&type=1&catid=9&letter=Q&entries=0&searchtext=&order=dated&nid=21 HTTP/1.1" 404 1256 "-" "Mozilla/5.0 (compatible; Googlebot/2.1; +http://www.google.com/bot.html)"
66.249.68.36 - - [05/May/2014:00:19:28 +0200] "GET /include.php?path=contentarchive&type=2&catid=1&letter=A&entries=0&searchtext=&order=dated HTTP/1.1" 404 1256 "-" "Mozilla/5.0 (compatible; Googlebot/2.1; +http://www.google.com/bot.html)"
66.249.68.232 - - [05/May/2014:00:22:34 +0200] "GET /include.php?path=contentarchive&type=2&catid=1&letter=L&entries=0&searchtext=&order=date&nid=32 HTTP/1.1" 404 1256 "-" "Mozilla/5.0 (compatible; Googlebot/2.1; +http://www.google.com/bot.html)"
66.249.68.36 - - [05/May/2014:00:24:06 +0200] "GET /include.php?path=contentarchive&type=2&catid=1&letter=H&entries=0&searchtext=&order=title HTTP/1.1" 404 1256 "-" "Mozilla/5.0 (compatible; Googlebot/2.1; +http://www.google.com/bot.html)"
66.249.68.36 - - [05/May/2014:00:25:39 +0200] "GET /include.php?path=contentarchive&type=4&letter=O&catid=1&themeid=0&searchtext=&entries=0&order=dated HTTP/1.1" 404 1256 "-" "Mozilla/5.0 (compatible; Googlebot/2.1; +http://www.google.com/bot.html)"
66.249.68.4 - - [05/May/2014:00:27:12 +0200] "GET /include.php?path=content&mode=vote&contentid=102&type=1&content_vote=10&action=Go&nid=21 HTTP/1.1" 404 1256 "-" "Mozilla/5.0 (compatible; Googlebot/2.1; +http://www.google.com/bot.html)"
66.249.68.4 - - [05/May/2014:00:28:44 +0200] "GET /include.php?path=content&mode=vote&contentid=118&type=4&content_vote=6&action=Go&nid=21 HTTP/1.1" 404 1256 "-" "Mozilla/5.0 (compatible; Googlebot/2.1; +http://www.google.com/bot.html)"
66.249.68.4 - - [05/May/2014:00:30:17 +0200] "GET /include.php?path=content&mode=vote&contentid=103&type=1&content_vote=9&action=Go&nid=21 HTTP/1.1" 404 1256 "-" "Mozilla/5.0 (compatible; Googlebot/2.1; +http://www.google.com/bot.html)"
66.249.68.4 - - [05/May/2014:00:31:50 +0200] "GET /include.php?path=contentarchive&type=1&catid=9&letter=Z&entries=0&searchtext=&order=title HTTP/1.1" 404 1256 "-" "Mozilla/5.0 (compatible; Googlebot/2.1; +http://www.google.com/bot.html)"
66.249.68.4 - - [05/May/2014:00:33:23 +0200] "GET /include.php?path=contentarchive&type=4&catid=1&letter=E&entries=0&searchtext=&order=titled&nid=21 HTTP/1.1" 404 1256 "-" "Mozilla/5.0 (compatible; Googlebot/2.1; +http://www.google.com/bot.html)"
66.249.68.36 - - [05/May/2014:00:34:55 +0200] "GET /include.php?path=contentarchive&type=2&letter=U&catid=0&themeid=0&searchtext=&entries=0&order=dated&nid=13 HTTP/1.1" 404 1256 "-" "Mozilla/5.0 (compatible; Googlebot/2.1; +http://www.google.com/bot.html)"
66.249.68.232 - - [05/May/2014:00:36:28 +0200] "GET /include.php?path=contentarchive&type=2&catid=11&letter=C&entries=0&searchtext=&order=title&nid=32 HTTP/1.1" 404 1256 "-" "Mozilla/5.0 (compatible; Googlebot/2.1; +http://www.google.com/bot.html)"
66.249.75.236 - - [05/May/2014:00:39:33 +0200] "GET /include.php?path=contentarchive&type=1&letter=Y&catid=1&themeid=0&searchtext=&entries=0&order=title&nid=19 HTTP/1.1" 404 1256 "-" "Mozilla/5.0 (compatible; Googlebot/2.1; +http://www.google.com/bot.html)"
66.249.68.36 - - [05/May/2014:00:41:06 +0200] "GET /include.php?path=contentarchive&type=2&catid=0&letter=U&entries=0&searchtext=&order=titled&nid=21 HTTP/1.1" 404 1256 "-" "Mozilla/5.0 (compatible; Googlebot/2.1; +http://www.google.com/bot.html)"
66.249.68.36 - - [05/May/2014:00:44:11 +0200] "GET /include.php?path=contentarchive&type=1&letter=Z&catid=9&themeid=0&searchtext=&entries=0&order=title&nid=4 HTTP/1.1" 404 1256 "-" "Mozilla/5.0 (compatible; Googlebot/2.1; +http://www.google.com/bot.html)"
66.249.68.4 - - [05/May/2014:00:47:17 +0200] "GET /include.php?path=contentarchive&type=1&letter=M&catid=1&themeid=0&searchtext=&entries=0&order=title&nid=21 HTTP/1.1" 404 1256 "-" "Mozilla/5.0 (compatible; Googlebot/2.1; +http://www.google.com/bot.html)"
66.249.68.36 - - [05/May/2014:00:48:50 +0200] "GET /include.php?path=contentarchive&type=2&catid=8&letter=I&entries=0&searchtext=&order=dated&nid=4 HTTP/1.1" 404 1256 "-" "Mozilla/5.0 (compatible; Googlebot/2.1; +http://www.google.com/bot.html)"
66.249.68.232 - - [05/May/2014:00:50:22 +0200] "GET /include.php?path=contentarchive&type=3&letter=L&catid=0&themeid=0&searchtext=&entries=0&order=title&nid=19 HTTP/1.1" 404 1256 "-" "Mozilla/5.0 (compatible; Googlebot/2.1; +http://www.google.com/bot.html)"
66.249.68.4 - - [05/May/2014:01:13:33 +0200] "GET /include.php?path=contentarchive&type=1&catid=1&letter=K&entries=0&searchtext=&order=dated&nid=21 HTTP/1.1" 404 1256 "-" "Mozilla/5.0 (compatible; Googlebot/2.1; +http://www.google.com/bot.html)"
66.249.68.232 - - [05/May/2014:01:15:06 +0200] "GET /include.php?path=contentarchive&type=4&letter=A&catid=0&themeid=0&searchtext=&entries=0&order=dated&nid=32 HTTP/1.1" 404 1256 "-" "Mozilla/5.0 (compatible; Googlebot/2.1; +http://www.google.com/bot.html)"
66.249.75.14 - - [05/May/2014:01:16:38 +0200] "GET /include.php?path=contentarchive&type=2&letter=P&catid=1&themeid=0&searchtext=&entries=0&order=titled&nid=32 HTTP/1.1" 404 1256 "-" "Mozilla/5.0 (compatible; Googlebot/2.1; +http://www.google.com/bot.html)"
66.249.68.36 - - [05/May/2014:01:18:11 +0200] "GET /include.php?path=contentarchive&type=2&catid=1&letter=U&entries=0&searchtext=&order=title&nid=13 HTTP/1.1" 404 1256 "-" "Mozilla/5.0 (compatible; Googlebot/2.1; +http://www.google.com/bot.html)"
66.249.68.36 - - [05/May/2014:01:19:44 +0200] "GET /include.php?path=contentarchive&type=1&letter=J&catid=0&themeid=0&searchtext=&entries=0&order=dated&nid=19 HTTP/1.1" 404 1256 "-" "Mozilla/5.0 (compatible; Googlebot/2.1; +http://www.google.com/bot.html)"
66.249.68.4 - - [05/May/2014:01:22:49 +0200] "GET /include.php?path=contentarchive&type=4&catid=8&letter=C&entries=0&searchtext=&order=titled HTTP/1.1" 404 1256 "-" "Mozilla/5.0 (compatible; Googlebot/2.1; +http://www.google.com/bot.html)"
66.249.68.232 - - [05/May/2014:01:24:22 +0200] "GET /include.php?path=contentarchive&type=4&catid=7&letter=J&entries=0&searchtext=&order=title&nid=4 HTTP/1.1" 404 1256 "-" "Mozilla/5.0 (compatible; Googlebot/2.1; +http://www.google.com/bot.html)"
66.249.68.232 - - [05/May/2014:01:27:27 +0200] "GET /robots.txt HTTP/1.1" 404 1256 "-" "Mozilla/5.0 (compatible; Googlebot/2.1; +http://www.google.com/bot.html)"
66.249.68.232 - - [05/May/2014:01:27:27 +0200] "GET /include.php?path=contentarchive&type=2&letter=K&catid=1&themeid=0&searchtext=&entries=0&order=title HTTP/1.1" 404 1256 "-" "Mozilla/5.0 (compatible; Googlebot/2.1; +http://www.google.com/bot.html)"
66.249.68.36 - - [05/May/2014:01:29:00 +0200] "GET /include.php?path=contentarchive&type=3&catid=0&letter=S&entries=0&searchtext=&order=date&nid=4 HTTP/1.1" 404 1256 "-" "Mozilla/5.0 (compatible; Googlebot/2.1; +http://www.google.com/bot.html)"
66.249.68.36 - - [05/May/2014:01:32:05 +0200] "GET /include.php?path=contentarchive&type=2&catid=8&letter=Z&entries=0&searchtext=&order=titled&nid=19 HTTP/1.1" 404 1256 "-" "Mozilla/5.0 (compatible; Googlebot/2.1; +http://www.google.com/bot.html)"
66.249.68.232 - - [05/May/2014:01:35:11 +0200] "GET /include.php?path=contentarchive&type=2&letter=V&catid=1&themeid=0&searchtext=&entries=0&order=dated&nid=32 HTTP/1.1" 404 1256 "-" "Mozilla/5.0 (compatible; Googlebot/2.1; +http://www.google.com/bot.html)"
66.249.68.232 - - [05/May/2014:01:36:43 +0200] "GET /include.php?path=contentarchive&type=1&letter=G&catid=0&themeid=0&searchtext=&entries=5&order=title&nid=32 HTTP/1.1" 404 1256 "-" "Mozilla/5.0 (compatible; Googlebot/2.1; +http://www.google.com/bot.html)"
66.249.68.36 - - [05/May/2014:01:38:16 +0200] "GET /include.php?path=contentarchive&type=2&catid=8&letter=&entries=0&searchtext=&order=date&nid=19 HTTP/1.1" 404 1256 "-" "Mozilla/5.0 (compatible; Googlebot/2.1; +http://www.google.com/bot.html)"
66.249.68.4 - - [05/May/2014:01:39:49 +0200] "GET /include.php?path=contentarchive&type=2&letter=X&catid=8&themeid=0&searchtext=&entries=0&order=title HTTP/1.1" 404 1256 "-" "Mozilla/5.0 (compatible; Googlebot/2.1; +http://www.google.com/bot.html)"
66.249.68.36 - - [05/May/2014:01:41:22 +0200] "GET /include.php?path=contentarchive&type=3&letter=E&catid=0&themeid=0&searchtext=&entries=0&order=titled&nid=21 HTTP/1.1" 404 1256 "-" "Mozilla/5.0 (compatible; Googlebot/2.1; +http://www.google.com/bot.html)"
66.249.68.36 - - [05/May/2014:01:42:54 +0200] "GET /include.php?path=contentarchive&type=4&catid=0&letter=B&entries=0&searchtext=&order=dated&nid=21 HTTP/1.1" 404 1256 "-" "Mozilla/5.0 (compatible; Googlebot/2.1; +http://www.google.com/bot.html)"
66.249.68.4 - - [05/May/2014:01:44:27 +0200] "GET /include.php?path=contentarchive&type=1&catid=10&letter=&entries=0&searchtext=&order=dated&nid=13 HTTP/1.1" 404 1256 "-" "Mozilla/5.0 (compatible; Googlebot/2.1; +http://www.google.com/bot.html)"
66.249.68.36 - - [05/May/2014:01:46:00 +0200] "GET /include.php?path=contentarchive&type=2&catid=0&letter=S&entries=0&searchtext=&order=titled&nid=13 HTTP/1.1" 404 1256 "-" "Mozilla/5.0 (compatible; Googlebot/2.1; +http://www.google.com/bot.html)"
66.249.68.232 - - [05/May/2014:01:50:38 +0200] "GET /include.php?path=contentarchive&type=3&catid=0&letter=L&entries=0&searchtext=&order=title&nid=21 HTTP/1.1" 404 1256 "-" "Mozilla/5.0 (compatible; Googlebot/2.1; +http://www.google.com/bot.html)"
66.249.68.4 - - [05/May/2014:01:52:10 +0200] "GET /include.php?path=contentarchive&type=1&letter=B&catid=1&themeid=0&searchtext=&entries=0&order=dated&nid=4 HTTP/1.1" 404 1256 "-" "Mozilla/5.0 (compatible; Googlebot/2.1; +http://www.google.com/bot.html)"
66.249.68.36 - - [05/May/2014:01:56:49 +0200] "GET /include.php?path=contentarchive&type=1&catid=1&letter=X&entries=0&searchtext=&order=date HTTP/1.1" 404 1256 "-" "Mozilla/5.0 (compatible; Googlebot/2.1; +http://www.google.com/bot.html)"
66.249.68.232 - - [05/May/2014:02:10:43 +0200] "GET /include.php?path=content&mode=vote&contentid=103&type=1&content_vote=3&action=Go&nid=13 HTTP/1.1" 404 1256 "-" "Mozilla/5.0 (compatible; Googlebot/2.1; +http://www.google.com/bot.html)"
66.249.68.232 - - [05/May/2014:02:12:16 +0200] "GET /include.php?path=contentarchive&type=4&letter=F&catid=7&themeid=0&searchtext=&entries=0&order=title HTTP/1.1" 404 1256 "-" "Mozilla/5.0 (compatible; Googlebot/2.1; +http://www.google.com/bot.html)"
66.249.68.36 - - [05/May/2014:02:15:21 +0200] "GET /include.php?path=contentarchive&type=2&letter=V&catid=8&themeid=0&searchtext=&entries=0&order=title&nid=4 HTTP/1.1" 404 1256 "-" "Mozilla/5.0 (compatible; Googlebot/2.1; +http://www.google.com/bot.html)"
66.249.68.36 - - [05/May/2014:02:16:54 +0200] "GET /include.php?path=contentarchive&type=2&letter=S&catid=9&themeid=0&searchtext=&entries=0&order=titled&nid=21 HTTP/1.1" 404 1256 "-" "Mozilla/5.0 (compatible; Googlebot/2.1; +http://www.google.com/bot.html)"
66.249.68.36 - - [05/May/2014:02:18:26 +0200] "GET /include.php?path=contentarchive&type=1&catid=10&letter=O&entries=0&searchtext=&order=date&nid=32 HTTP/1.1" 404 1256 "-" "Mozilla/5.0 (compatible; Googlebot/2.1; +http://www.google.com/bot.html)"
66.249.68.232 - - [05/May/2014:02:19:59 +0200] "GET /include.php?path=contentarchive&type=1&letter=I&catid=0&themeid=0&searchtext=&entries=0&order=title HTTP/1.1" 404 1256 "-" "Mozilla/5.0 (compatible; Googlebot/2.1; +http://www.google.com/bot.html)"
66.249.68.36 - - [05/May/2014:02:21:32 +0200] "GET /include.php?path=contentarchive&type=1&catid=10&letter=W&entries=0&searchtext=&order=titled&nid=19 HTTP/1.1" 404 1256 "-" "Mozilla/5.0 (compatible; Googlebot/2.1; +http://www.google.com/bot.html)"
66.249.68.232 - - [05/May/2014:02:23:05 +0200] "GET /include.php?path=contentarchive&type=4&catid=12&letter=Y&entries=0&searchtext=&order=dated&nid=4 HTTP/1.1" 404 1256 "-" "Mozilla/5.0 (compatible; Googlebot/2.1; +http://www.google.com/bot.html)"
66.249.68.232 - - [05/May/2014:02:26:10 +0200] "GET /include.php?path=contentarchive&type=4&catid=7&letter=R&entries=0&searchtext=&order=dated&nid=4 HTTP/1.1" 404 1256 "-" "Mozilla/5.0 (compatible; Googlebot/2.1; +http://www.google.com/bot.html)"
66.249.68.36 - - [05/May/2014:02:27:43 +0200] "GET /include.php?path=contentarchive&type=1&catid=9&letter=G&entries=0&searchtext=&order=title HTTP/1.1" 404 1256 "-" "Mozilla/5.0 (compatible; Googlebot/2.1; +http://www.google.com/bot.html)"
66.249.68.4 - - [05/May/2014:02:29:15 +0200] "GET /include.php?path=contentarchive&type=2&letter=E&catid=0&themeid=0&searchtext=&entries=8&order=titled&nid=4 HTTP/1.1" 404 1256 "-" "Mozilla/5.0 (compatible; Googlebot/2.1; +http://www.google.com/bot.html)"
66.249.68.232 - - [05/May/2014:02:30:48 +0200] "GET /include.php?path=contentarchive&type=4&letter=T&catid=7&themeid=0&searchtext=&entries=0&order=titled&nid=21 HTTP/1.1" 404 1256 "-" "Mozilla/5.0 (compatible; Googlebot/2.1; +http://www.google.com/bot.html)"
66.249.68.4 - - [05/May/2014:02:32:21 +0200] "GET /include.php?path=contentarchive&type=4&letter=F&catid=8&themeid=0&searchtext=&entries=0&order=dated&nid=32 HTTP/1.1" 404 1256 "-" "Mozilla/5.0 (compatible; Googlebot/2.1; +http://www.google.com/bot.html)"
66.249.68.36 - - [05/May/2014:02:35:26 +0200] "GET /include.php?path=contentarchive&type=1&catid=0&letter=P&entries=0&searchtext=&order=date&nid=13 HTTP/1.1" 404 1256 "-" "Mozilla/5.0 (compatible; Googlebot/2.1; +http://www.google.com/bot.html)"
66.249.68.4 - - [05/May/2014:02:36:59 +0200] "GET /include.php?path=contentarchive&type=2&catid=9&letter=V&entries=0&searchtext=&order=date&nid=13 HTTP/1.1" 404 1256 "-" "Mozilla/5.0 (compatible; Googlebot/2.1; +http://www.google.com/bot.html)"
66.249.68.232 - - [05/May/2014:02:38:32 +0200] "GET /include.php?path=contentarchive&type=2&catid=11&letter=X&entries=0&searchtext=&order=dated&nid=32 HTTP/1.1" 404 1256 "-" "Mozilla/5.0 (compatible; Googlebot/2.1; +http://www.google.com/bot.html)"
66.249.68.232 - - [05/May/2014:02:44:42 +0200] "GET /include.php?path=contentarchive&type=1&catid=1&letter=P&entries=0&searchtext=&order=titled&nid=32 HTTP/1.1" 404 1256 "-" "Mozilla/5.0 (compatible; Googlebot/2.1; +http://www.google.com/bot.html)"
66.249.68.4 - - [05/May/2014:02:46:15 +0200] "GET /include.php?path=contentarchive&type=4&catid=8&letter=S&entries=0&searchtext=&order=dated&nid=32 HTTP/1.1" 404 1256 "-" "Mozilla/5.0 (compatible; Googlebot/2.1; +http://www.google.com/bot.html)"
66.249.68.36 - - [05/May/2014:02:47:48 +0200] "GET /include.php?path=contentarchive&type=2&catid=0&letter=G&entries=0&searchtext=&order=titled&nid=32 HTTP/1.1" 404 1256 "-" "Mozilla/5.0 (compatible; Googlebot/2.1; +http://www.google.com/bot.html)"
66.249.68.4 - - [05/May/2014:03:06:15 +0200] "GET /include.php?path=contentarchive&type=1&letter=Y&catid=0&themeid=0&searchtext=&entries=0&order=titled&nid=13 HTTP/1.1" 404 1256 "-" "Mozilla/5.0 (compatible; Googlebot/2.1; +http://www.google.com/bot.html)"
66.249.68.232 - - [05/May/2014:03:06:20 +0200] "GET /include.php?path=contentarchive&type=2&catid=9&letter=R&entries=0&searchtext=&order=date HTTP/1.1" 404 1256 "-" "Mozilla/5.0 (compatible; Googlebot/2.1; +http://www.google.com/bot.html)"
66.249.68.4 - - [05/May/2014:03:08:11 +0200] "GET /include.php?path=contentarchive&type=4&letter=G&catid=6&themeid=0&searchtext=&entries=0&order=title&nid=32 HTTP/1.1" 404 1256 "-" "Mozilla/5.0 (compatible; Googlebot/2.1; +http://www.google.com/bot.html)"
66.249.68.36 - - [05/May/2014:03:10:58 +0200] "GET /include.php?path=contentarchive&type=2&letter=D&catid=0&themeid=0&searchtext=&entries=0&order=title&nid=4 HTTP/1.1" 404 1256 "-" "Mozilla/5.0 (compatible; Googlebot/2.1; +http://www.google.com/bot.html)"
66.249.68.4 - - [05/May/2014:03:12:31 +0200] "GET /include.php?path=contentarchive&type=2&letter=C&catid=0&themeid=0&searchtext=&entries=8&order=title&nid=32 HTTP/1.1" 404 1256 "-" "Mozilla/5.0 (compatible; Googlebot/2.1; +http://www.google.com/bot.html)"
66.249.68.36 - - [05/May/2014:03:15:36 +0200] "GET /include.php?path=contentarchive&type=1&letter=0-9&catid=9&themeid=0&searchtext=&entries=0&order=titled HTTP/1.1" 404 1256 "-" "Mozilla/5.0 (compatible; Googlebot/2.1; +http://www.google.com/bot.html)"
66.249.68.4 - - [05/May/2014:03:17:09 +0200] "GET /include.php?path=contentarchive&type=4&catid=0&letter=Z&entries=0&searchtext=&order=title&nid=21 HTTP/1.1" 404 1256 "-" "Mozilla/5.0 (compatible; Googlebot/2.1; +http://www.google.com/bot.html)"
66.249.68.36 - - [05/May/2014:03:18:42 +0200] "GET /include.php?path=contentarchive&type=2&catid=0&letter=I&entries=0&searchtext=&order=dated&nid=32 HTTP/1.1" 404 1256 "-" "Mozilla/5.0 (compatible; Googlebot/2.1; +http://www.google.com/bot.html)"
66.249.68.4 - - [05/May/2014:03:20:15 +0200] "GET /include.php?path=content&mode=vote&contentid=74&type=1&content_vote=4&action=Go&nid=19 HTTP/1.1" 404 1256 "-" "Mozilla/5.0 (compatible; Googlebot/2.1; +http://www.google.com/bot.html)"
66.249.68.4 - - [05/May/2014:03:21:47 +0200] "GET /include.php?path=contentarchive&type=4&letter=K&catid=0&themeid=0&searchtext=&entries=0&order=dated&nid=21 HTTP/1.1" 404 1256 "-" "Mozilla/5.0 (compatible; Googlebot/2.1; +http://www.google.com/bot.html)"
66.249.68.232 - - [05/May/2014:03:23:20 +0200] "GET /include.php?path=contentarchive&type=2&letter=Z&catid=0&themeid=0&searchtext=&entries=8&order=dated&nid=19 HTTP/1.1" 404 1256 "-" "Mozilla/5.0 (compatible; Googlebot/2.1; +http://www.google.com/bot.html)"
66.249.68.36 - - [05/May/2014:03:24:53 +0200] "GET /include.php?path=contentarchive&type=2&catid=8&letter=H&entries=0&searchtext=&order=titled&nid=21 HTTP/1.1" 404 1256 "-" "Mozilla/5.0 (compatible; Googlebot/2.1; +http://www.google.com/bot.html)"
66.249.68.4 - - [05/May/2014:03:26:25 +0200] "GET /include.php?path=contentarchive&letter=&catid=1&themeid=0&type=1&order=title&entries=0&nid=32 HTTP/1.1" 404 1256 "-" "Mozilla/5.0 (compatible; Googlebot/2.1; +http://www.google.com/bot.html)"
66.249.68.4 - - [05/May/2014:03:27:58 +0200] "GET /include.php?path=contentarchive&type=2&catid=8&letter=I&entries=0&searchtext=&order=title&nid=21 HTTP/1.1" 404 1256 "-" "Mozilla/5.0 (compatible; Googlebot/2.1; +http://www.google.com/bot.html)"
66.249.68.4 - - [05/May/2014:03:29:31 +0200] "GET /include.php?path=contentarchive&type=1&letter=H&catid=0&themeid=0&searchtext=&entries=0&order=&nid=4 HTTP/1.1" 404 1256 "-" "Mozilla/5.0 (compatible; Googlebot/2.1; +http://www.google.com/bot.html)"
66.249.68.232 - - [05/May/2014:03:34:09 +0200] "GET /include.php?path=contentarchive&type=2&catid=9&letter=T&entries=0&searchtext=&order=title&nid=19 HTTP/1.1" 404 1256 "-" "Mozilla/5.0 (compatible; Googlebot/2.1; +http://www.google.com/bot.html)"
66.249.68.232 - - [05/May/2014:03:35:42 +0200] "GET /include.php?path=contentarchive&type=4&catid=7&letter=M&entries=0&searchtext=&order=dated&nid=4 HTTP/1.1" 404 1256 "-" "Mozilla/5.0 (compatible; Googlebot/2.1; +http://www.google.com/bot.html)"
66.249.68.36 - - [05/May/2014:04:01:58 +0200] "GET /include.php?path=contentarchive&type=2&letter=C&catid=0&themeid=0&searchtext=&entries=0&order=dated&nid=21 HTTP/1.1" 404 1256 "-" "Mozilla/5.0 (compatible; Googlebot/2.1; +http://www.google.com/bot.html)"
66.249.68.232 - - [05/May/2014:04:03:30 +0200] "GET /include.php?path=contentarchive&type=1&catid=9&letter=K&entries=0&searchtext=&order=date&nid=32 HTTP/1.1" 404 1256 "-" "Mozilla/5.0 (compatible; Googlebot/2.1; +http://www.google.com/bot.html)"
66.249.68.232 - - [05/May/2014:04:05:03 +0200] "GET /include.php?path=contentarchive&type=1&letter=N&catid=1&themeid=0&searchtext=&entries=0&order=dated&nid=19 HTTP/1.1" 404 1256 "-" "Mozilla/5.0 (compatible; Googlebot/2.1; +http://www.google.com/bot.html)"
66.249.68.4 - - [05/May/2014:04:06:36 +0200] "GET /include.php?path=contentarchive&type=2&letter=A&catid=0&themeid=0&searchtext=&entries=0&order=titled&nid=4 HTTP/1.1" 404 1256 "-" "Mozilla/5.0 (compatible; Googlebot/2.1; +http://www.google.com/bot.html)"
66.249.68.4 - - [05/May/2014:04:08:08 +0200] "GET /include.php?path=contentarchive&type=3&catid=0&letter=U&entries=0&searchtext=&order=date HTTP/1.1" 404 1256 "-" "Mozilla/5.0 (compatible; Googlebot/2.1; +http://www.google.com/bot.html)"
66.249.68.232 - - [05/May/2014:04:09:41 +0200] "GET /include.php?path=contentarchive&type=2&catid=10&letter=R&entries=0&searchtext=&order=title HTTP/1.1" 404 1256 "-" "Mozilla/5.0 (compatible; Googlebot/2.1; +http://www.google.com/bot.html)"
66.249.68.4 - - [05/May/2014:04:11:14 +0200] "GET /include.php?path=contentarchive&type=1&letter=L&catid=0&themeid=0&searchtext=&entries=5&order= HTTP/1.1" 404 1256 "-" "Mozilla/5.0 (compatible; Googlebot/2.1; +http://www.google.com/bot.html)"
66.249.68.36 - - [05/May/2014:04:12:46 +0200] "GET /include.php?path=contentarchive&type=4&letter=X&catid=8&themeid=0&searchtext=&entries=0&order=titled HTTP/1.1" 404 1256 "-" "Mozilla/5.0 (compatible; Googlebot/2.1; +http://www.google.com/bot.html)"
66.249.68.36 - - [05/May/2014:04:14:19 +0200] "GET /include.php?path=contentarchive&type=4&catid=7&letter=U&entries=0&searchtext=&order=date&nid=4 HTTP/1.1" 404 1256 "-" "Mozilla/5.0 (compatible; Googlebot/2.1; +http://www.google.com/bot.html)"
66.249.68.4 - - [05/May/2014:04:15:52 +0200] "GET /include.php?path=news&contentid=119&nid=4 HTTP/1.1" 404 1256 "-" "Mozilla/5.0 (compatible; Googlebot/2.1; +http://www.google.com/bot.html)"
66.249.68.232 - - [05/May/2014:04:17:25 +0200] "GET /include.php?path=contentarchive&type=2&catid=0&letter=D&entries=0&searchtext=&order=date&nid=13 HTTP/1.1" 404 1256 "-" "Mozilla/5.0 (compatible; Googlebot/2.1; +http://www.google.com/bot.html)"
66.249.68.4 - - [05/May/2014:04:18:57 +0200] "GET /include.php?path=contentarchive&type=1&letter=P&catid=0&themeid=0&searchtext=&entries=0&order=&nid=19 HTTP/1.1" 404 1256 "-" "Mozilla/5.0 (compatible; Googlebot/2.1; +http://www.google.com/bot.html)"
66.249.68.232 - - [05/May/2014:04:20:30 +0200] "GET /include.php?path=content&mode=vote&contentid=77&type=1&content_vote=3&action=Go&nid=13 HTTP/1.1" 404 1256 "-" "Mozilla/5.0 (compatible; Googlebot/2.1; +http://www.google.com/bot.html)"
66.249.68.36 - - [05/May/2014:04:22:03 +0200] "GET /include.php?path=contentarchive&type=2&letter=Z&catid=9&themeid=0&searchtext=&entries=0&order=&nid=13 HTTP/1.1" 404 1256 "-" "Mozilla/5.0 (compatible; Googlebot/2.1; +http://www.google.com/bot.html)"
66.249.68.232 - - [05/May/2014:04:25:08 +0200] "GET /include.php?path=contentarchive&type=1&letter=J&catid=1&themeid=0&searchtext=&entries=0&order=title&nid=19 HTTP/1.1" 404 1256 "-" "Mozilla/5.0 (compatible; Googlebot/2.1; +http://www.google.com/bot.html)"
66.249.68.232 - - [05/May/2014:04:28:14 +0200] "GET /include.php?path=contentarchive&type=4&catid=0&letter=J&entries=0&searchtext=&order=titled&nid=19 HTTP/1.1" 404 1256 "-" "Mozilla/5.0 (compatible; Googlebot/2.1; +http://www.google.com/bot.html)"
66.249.68.36 - - [05/May/2014:04:29:46 +0200] "GET /include.php?path=contentarchive&type=2&catid=9&letter=&entries=0&searchtext=&order=dated HTTP/1.1" 404 1256 "-" "Mozilla/5.0 (compatible; Googlebot/2.1; +http://www.google.com/bot.html)"
66.249.68.4 - - [05/May/2014:04:31:19 +0200] "GET /include.php?path=contentarchive&type=2&letter=R&catid=1&themeid=0&searchtext=&entries=0&order=dated&nid=19 HTTP/1.1" 404 1256 "-" "Mozilla/5.0 (compatible; Googlebot/2.1; +http://www.google.com/bot.html)"
66.249.68.232 - - [05/May/2014:04:32:52 +0200] "GET /include.php?path=contentarchive&type=4&letter=F&catid=8&themeid=0&searchtext=&entries=0&order=titled&nid=32 HTTP/1.1" 404 1256 "-" "Mozilla/5.0 (compatible; Googlebot/2.1; +http://www.google.com/bot.html)"
66.249.68.36 - - [05/May/2014:04:59:08 +0200] "GET /include.php?path=contentarchive&type=4&letter=B&catid=8&themeid=0&searchtext=&entries=0&order= HTTP/1.1" 404 1256 "-" "Mozilla/5.0 (compatible; Googlebot/2.1; +http://www.google.com/bot.html)"
66.249.68.232 - - [05/May/2014:05:00:40 +0200] "GET /include.php?path=content&mode=vote&contentid=102&type=1&content_vote=8&action=Go&nid=32 HTTP/1.1" 404 1256 "-" "Mozilla/5.0 (compatible; Googlebot/2.1; +http://www.google.com/bot.html)"
66.249.68.232 - - [05/May/2014:05:02:13 +0200] "GET /include.php?path=contentarchive&type=4&catid=8&letter=T&entries=0&searchtext=&order=dated&nid=32 HTTP/1.1" 404 1256 "-" "Mozilla/5.0 (compatible; Googlebot/2.1; +http://www.google.com/bot.html)"
66.249.68.36 - - [05/May/2014:05:03:46 +0200] "GET /include.php?path=contentarchive&type=4&catid=7&letter=A&entries=0&searchtext=&order=titled&nid=21 HTTP/1.1" 404 1256 "-" "Mozilla/5.0 (compatible; Googlebot/2.1; +http://www.google.com/bot.html)"
66.249.68.4 - - [05/May/2014:05:05:18 +0200] "GET /include.php?path=contentarchive&type=4&catid=0&letter=&entries=0&searchtext=&order=title&nid=2 HTTP/1.1" 404 1256 "-" "Mozilla/5.0 (compatible; Googlebot/2.1; +http://www.google.com/bot.html)"
66.249.68.4 - - [05/May/2014:05:06:51 +0200] "GET /include.php?path=contentarchive&type=4&letter=I&catid=6&themeid=0&searchtext=&entries=0&order=dated&nid=21 HTTP/1.1" 404 1256 "-" "Mozilla/5.0 (compatible; Googlebot/2.1; +http://www.google.com/bot.html)"
66.249.68.36 - - [05/May/2014:05:09:57 +0200] "GET /include.php?path=contentarchive&type=1&letter=I&catid=0&themeid=0&searchtext=&entries=0&order=title&nid=32 HTTP/1.1" 404 1256 "-" "Mozilla/5.0 (compatible; Googlebot/2.1; +http://www.google.com/bot.html)"
66.249.68.232 - - [05/May/2014:05:11:29 +0200] "GET /include.php?path=contentarchive&type=4&letter=V&catid=6&themeid=0&searchtext=&entries=0&order=dated&nid=13 HTTP/1.1" 404 1256 "-" "Mozilla/5.0 (compatible; Googlebot/2.1; +http://www.google.com/bot.html)"
66.249.68.232 - - [05/May/2014:05:13:02 +0200] "GET /include.php?path=contentarchive&type=1&letter=Y&catid=1&themeid=0&searchtext=&entries=0&order=titled&nid=21 HTTP/1.1" 404 1256 "-" "Mozilla/5.0 (compatible; Googlebot/2.1; +http://www.google.com/bot.html)"
66.249.68.4 - - [05/May/2014:05:14:35 +0200] "GET /include.php?path=contentarchive&type=2&catid=9&letter=B&entries=0&searchtext=&order=titled HTTP/1.1" 404 1256 "-" "Mozilla/5.0 (compatible; Googlebot/2.1; +http://www.google.com/bot.html)"
66.249.68.36 - - [05/May/2014:05:16:07 +0200] "GET /include.php?path=contentarchive&type=4&catid=1&letter=S&entries=0&searchtext=&order=titled&nid=21 HTTP/1.1" 404 1256 "-" "Mozilla/5.0 (compatible; Googlebot/2.1; +http://www.google.com/bot.html)"
66.249.68.36 - - [05/May/2014:05:17:40 +0200] "GET /include.php?path=content&mode=vote&contentid=79&type=1&content_vote=8&action=Go HTTP/1.1" 404 1256 "-" "Mozilla/5.0 (compatible; Googlebot/2.1; +http://www.google.com/bot.html)"
66.249.68.232 - - [05/May/2014:05:19:13 +0200] "GET /include.php?path=contentarchive&type=2&letter=K&catid=0&themeid=0&searchtext=&entries=8&order=title&nid=4 HTTP/1.1" 404 1256 "-" "Mozilla/5.0 (compatible; Googlebot/2.1; +http://www.google.com/bot.html)"
66.249.68.232 - - [05/May/2014:05:20:45 +0200] "GET /include.php?path=contentarchive&type=4&catid=0&letter=K&entries=0&searchtext=&order=title&nid=19 HTTP/1.1" 404 1256 "-" "Mozilla/5.0 (compatible; Googlebot/2.1; +http://www.google.com/bot.html)"
66.249.68.36 - - [05/May/2014:05:48:34 +0200] "GET /include.php?path=contentarchive&type=2&letter=O&catid=8&themeid=0&searchtext=&entries=0&order=title&nid=19 HTTP/1.1" 404 1256 "-" "Mozilla/5.0 (compatible; Googlebot/2.1; +http://www.google.com/bot.html)"
66.249.68.4 - - [05/May/2014:05:50:07 +0200] "GET /include.php?path=contentarchive&type=4&letter=G&catid=0&themeid=0&searchtext=&entries=0&order=title&nid=4 HTTP/1.1" 404 1256 "-" "Mozilla/5.0 (compatible; Googlebot/2.1; +http://www.google.com/bot.html)"
66.249.68.36 - - [05/May/2014:05:51:40 +0200] "GET /include.php?path=contentarchive&type=3&letter=alle&catid=0&themeid=0&searchtext=&entries=0&order=dated HTTP/1.1" 404 1256 "-" "Mozilla/5.0 (compatible; Googlebot/2.1; +http://www.google.com/bot.html)"
66.249.68.36 - - [05/May/2014:05:54:45 +0200] "GET /include.php?path=contentarchive&type=4&catid=8&letter=J&entries=0&searchtext=&order=title&nid=13 HTTP/1.1" 404 1256 "-" "Mozilla/5.0 (compatible; Googlebot/2.1; +http://www.google.com/bot.html)"
66.249.68.4 - - [05/May/2014:05:56:19 +0200] "GET /include.php?path=contentarchive&type=1&letter=K&catid=10&themeid=0&searchtext=&entries=0&order=titled&nid=32 HTTP/1.1" 404 1256 "-" "Mozilla/5.0 (compatible; Googlebot/2.1; +http://www.google.com/bot.html)"
66.249.68.4 - - [05/May/2014:05:57:52 +0200] "GET /include.php?path=contentarchive&type=2&catid=9&letter=W&entries=0&searchtext=&order=date&nid=32 HTTP/1.1" 404 1256 "-" "Mozilla/5.0 (compatible; Googlebot/2.1; +http://www.google.com/bot.html)"
66.249.68.4 - - [05/May/2014:05:59:23 +0200] "GET /include.php?path=contentarchive&type=4&letter=G&catid=0&themeid=0&searchtext=&entries=0&order=dated&nid=19 HTTP/1.1" 404 1256 "-" "Mozilla/5.0 (compatible; Googlebot/2.1; +http://www.google.com/bot.html)"
66.249.68.36 - - [05/May/2014:06:00:56 +0200] "GET /include.php?path=contentarchive&type=4&catid=7&letter=N&entries=0&searchtext=&order=title&nid=21 HTTP/1.1" 404 1256 "-" "Mozilla/5.0 (compatible; Googlebot/2.1; +http://www.google.com/bot.html)"
66.249.68.232 - - [05/May/2014:06:02:28 +0200] "GET /include.php?path=contentarchive&type=1&letter=W&catid=0&themeid=0&searchtext=&entries=5&order=&nid=19 HTTP/1.1" 404 1256 "-" "Mozilla/5.0 (compatible; Googlebot/2.1; +http://www.google.com/bot.html)"
66.249.68.232 - - [05/May/2014:06:04:01 +0200] "GET /include.php?path=contentarchive&letter=&catid=0&themeid=0&type=2&order=titled&entries=0&nid=32 HTTP/1.1" 404 1256 "-" "Mozilla/5.0 (compatible; Googlebot/2.1; +http://www.google.com/bot.html)"
66.249.68.4 - - [05/May/2014:06:07:07 +0200] "GET /include.php?path=contentarchive&type=4&catid=8&letter=T&entries=0&searchtext=&order=title&nid=4 HTTP/1.1" 404 1256 "-" "Mozilla/5.0 (compatible; Googlebot/2.1; +http://www.google.com/bot.html)"
66.249.68.4 - - [05/May/2014:06:08:39 +0200] "GET /include.php?path=contentarchive&type=2&catid=10&letter=X&entries=0&searchtext=&order=title&nid=19 HTTP/1.1" 404 1256 "-" "Mozilla/5.0 (compatible; Googlebot/2.1; +http://www.google.com/bot.html)"
66.249.68.232 - - [05/May/2014:06:10:12 +0200] "GET /include.php?path=contentarchive&type=1&letter=Z&catid=0&themeid=0&searchtext=&entries=0&order=dated&nid=32 HTTP/1.1" 404 1256 "-" "Mozilla/5.0 (compatible; Googlebot/2.1; +http://www.google.com/bot.html)"
66.249.68.36 - - [05/May/2014:06:11:45 +0200] "GET /include.php?path=contentarchive&type=2&letter=Q&catid=1&themeid=0&searchtext=&entries=0&order=dated HTTP/1.1" 404 1256 "-" "Mozilla/5.0 (compatible; Googlebot/2.1; +http://www.google.com/bot.html)"
66.249.68.36 - - [05/May/2014:06:13:17 +0200] "GET /include.php?path=contentarchive&type=4&letter=U&catid=8&themeid=0&searchtext=&entries=0&order=dated&nid=19 HTTP/1.1" 404 1256 "-" "Mozilla/5.0 (compatible; Googlebot/2.1; +http://www.google.com/bot.html)"
66.249.68.232 - - [05/May/2014:06:14:50 +0200] "GET /include.php?path=contentarchive&type=2&letter=T&catid=10&themeid=0&searchtext=&entries=0&order=title&nid=19 HTTP/1.1" 404 1256 "-" "Mozilla/5.0 (compatible; Googlebot/2.1; +http://www.google.com/bot.html)"
66.249.68.4 - - [05/May/2014:06:16:23 +0200] "GET /include.php?path=contentarchive&type=1&catid=10&letter=P&entries=0&searchtext=&order=titled&nid=32 HTTP/1.1" 404 1256 "-" "Mozilla/5.0 (compatible; Googlebot/2.1; +http://www.google.com/bot.html)"
66.249.75.234 - - [05/May/2014:06:17:56 +0200] "GET /include.php?path=contentarchive&type=2&catid=11&letter=L&entries=0&searchtext=&order=dated&nid=32 HTTP/1.1" 404 1256 "-" "Mozilla/5.0 (compatible; Googlebot/2.1; +http://www.google.com/bot.html)"
66.249.68.36 - - [05/May/2014:06:19:28 +0200] "GET /include.php?path=contentarchive&type=1&catid=9&letter=Q&entries=0&searchtext=&order=date HTTP/1.1" 404 1256 "-" "Mozilla/5.0 (compatible; Googlebot/2.1; +http://www.google.com/bot.html)"
66.249.68.36 - - [05/May/2014:06:21:01 +0200] "GET /include.php?path=contentarchive&type=1&catid=10&letter=O&entries=0&searchtext=&order=titled HTTP/1.1" 404 1256 "-" "Mozilla/5.0 (compatible; Googlebot/2.1; +http://www.google.com/bot.html)"
66.249.68.232 - - [05/May/2014:06:22:34 +0200] "GET /include.php?path=contentarchive&type=1&catid=10&letter=V&entries=0&searchtext=&order=title&nid=21 HTTP/1.1" 404 1256 "-" "Mozilla/5.0 (compatible; Googlebot/2.1; +http://www.google.com/bot.html)"
66.249.68.232 - - [05/May/2014:06:24:06 +0200] "GET /include.php?path=content&mode=vote&contentid=114&type=4&content_vote=1&action=Go&nid=21 HTTP/1.1" 404 1256 "-" "Mozilla/5.0 (compatible; Googlebot/2.1; +http://www.google.com/bot.html)"
66.249.68.232 - - [05/May/2014:06:25:39 +0200] "GET /include.php?path=contentarchive&type=4&catid=8&letter=Y&entries=0&searchtext=&order=titled&nid=21 HTTP/1.1" 404 1256 "-" "Mozilla/5.0 (compatible; Googlebot/2.1; +http://www.google.com/bot.html)"
66.249.68.232 - - [05/May/2014:06:28:44 +0200] "GET /include.php?path=contentarchive&type=2&catid=9&letter=0-9&entries=0&searchtext=&order=date&nid=4 HTTP/1.1" 404 1256 "-" "Mozilla/5.0 (compatible; Googlebot/2.1; +http://www.google.com/bot.html)"
66.249.68.232 - - [05/May/2014:06:30:17 +0200] "GET /include.php?path=contentarchive&type=3&catid=0&letter=&entries=0&searchtext=&order=title&nid=4 HTTP/1.1" 404 1256 "-" "Mozilla/5.0 (compatible; Googlebot/2.1; +http://www.google.com/bot.html)"
84.172.105.114 - - [05/May/2014:06:59:13 +0200] "GET / HTTP/1.1" 302 - "http://maps.google.de/local_url?dq=Friedrich-List-Schule&q=http://www.friedrich-list-berlin.de/&oi=miw&sa=X&ct=miw_link&cd=1&cad=homepage,cid:15796106503487596536&ei=jhpnU_CXDqiMiga_koAQ&s=ANYYN7naljgk9o2Pd30tAOAJK4Yxih4Jxw" "Mozilla/5.0 (Windows NT 6.3; WOW64) AppleWebKit/537.36 (KHTML, like Gecko) Chrome/34.0.1847.131 Safari/537.36"
66.249.68.36 - - [05/May/2014:06:59:39 +0200] "GET /include.php?path=contentarchive&type=1&letter=C&catid=0&themeid=0&searchtext=&entries=0&order=dated&nid=32 HTTP/1.1" 404 1256 "-" "Mozilla/5.0 (compatible; Googlebot/2.1; +http://www.google.com/bot.html)"
66.249.68.232 - - [05/May/2014:07:02:44 +0200] "GET /include.php?path=contentarchive&type=3&letter=M&catid=0&themeid=0&searchtext=&entries=0&order=dated&nid=32 HTTP/1.1" 404 1256 "-" "Mozilla/5.0 (compatible; Googlebot/2.1; +http://www.google.com/bot.html)"
66.249.68.232 - - [05/May/2014:07:04:17 +0200] "GET /include.php?path=contentarchive&type=2&catid=0&letter=K&entries=0&searchtext=&order=title&nid=13 HTTP/1.1" 404 1256 "-" "Mozilla/5.0 (compatible; Googlebot/2.1; +http://www.google.com/bot.html)"
66.249.68.232 - - [05/May/2014:07:05:49 +0200] "GET /include.php?path=news&catid=8&type=2&nid=19 HTTP/1.1" 404 1256 "-" "Mozilla/5.0 (compatible; Googlebot/2.1; +http://www.google.com/bot.html)"
66.249.68.4 - - [05/May/2014:07:07:22 +0200] "GET /include.php?path=contentarchive&type=4&letter=Z&catid=1&themeid=0&searchtext=&entries=0&order=title&nid=13 HTTP/1.1" 404 1256 "-" "Mozilla/5.0 (compatible; Googlebot/2.1; +http://www.google.com/bot.html)"
66.249.68.232 - - [05/May/2014:07:08:55 +0200] "GET /include.php?path=contentarchive&type=1&catid=9&letter=&entries=0&searchtext=&order=titled HTTP/1.1" 404 1256 "-" "Mozilla/5.0 (compatible; Googlebot/2.1; +http://www.google.com/bot.html)"
66.249.68.4 - - [05/May/2014:07:10:27 +0200] "GET /include.php?path=contentarchive&type=2&catid=8&letter=C&entries=0&searchtext=&order=date&nid=32 HTTP/1.1" 404 1256 "-" "Mozilla/5.0 (compatible; Googlebot/2.1; +http://www.google.com/bot.html)"
66.249.68.36 - - [05/May/2014:07:12:00 +0200] "GET /include.php?path=contentarchive&type=4&letter=W&catid=8&themeid=0&searchtext=&entries=0&order=titled&nid=13 HTTP/1.1" 404 1256 "-" "Mozilla/5.0 (compatible; Googlebot/2.1; +http://www.google.com/bot.html)"
66.249.68.4 - - [05/May/2014:07:15:06 +0200] "GET /include.php?catid=ltgtmogfociyuzl&nid=21 HTTP/1.1" 404 1256 "-" "Mozilla/5.0 (compatible; Googlebot/2.1; +http://www.google.com/bot.html)"
66.249.68.232 - - [05/May/2014:07:16:38 +0200] "GET /include.php?path=contentarchive&type=2&letter=J&catid=0&themeid=0&searchtext=&entries=8&order=titled&nid=19 HTTP/1.1" 404 1256 "-" "Mozilla/5.0 (compatible; Googlebot/2.1; +http://www.google.com/bot.html)"
66.249.75.3 - - [05/May/2014:07:18:11 +0200] "GET /include.php?path=contentarchive&type=1&catid=9&letter=L&entries=0&searchtext=&order=titled&nid=4 HTTP/1.1" 404 1256 "-" "Mozilla/5.0 (compatible; Googlebot/2.1; +http://www.google.com/bot.html)"
66.249.68.4 - - [05/May/2014:07:19:44 +0200] "GET /include.php?path=content&mode=vote&contentid=114&type=4&content_vote=5&action=Go&nid=4 HTTP/1.1" 404 1256 "-" "Mozilla/5.0 (compatible; Googlebot/2.1; +http://www.google.com/bot.html)"
66.249.68.4 - - [05/May/2014:07:21:16 +0200] "GET /include.php?path=contentarchive&type=1&letter=D&catid=0&themeid=0&searchtext=&entries=0&order=&nid=4 HTTP/1.1" 404 1256 "-" "Mozilla/5.0 (compatible; Googlebot/2.1; +http://www.google.com/bot.html)"
66.249.75.14 - - [05/May/2014:07:22:49 +0200] "GET /include.php?path=contentarchive&type=1&catid=0&letter=G&entries=0&searchtext=&order=dated&nid=32 HTTP/1.1" 404 1256 "-" "Mozilla/5.0 (compatible; Googlebot/2.1; +http://www.google.com/bot.html)"
66.249.68.4 - - [05/May/2014:07:24:22 +0200] "GET /include.php?path=contentarchive&type=2&letter=O&catid=0&themeid=0&searchtext=&entries=8&order=dated&nid=13 HTTP/1.1" 404 1256 "-" "Mozilla/5.0 (compatible; Googlebot/2.1; +http://www.google.com/bot.html)"
66.249.68.36 - - [05/May/2014:07:30:33 +0200] "GET /include.php?path=contentarchive&type=3&catid=0&letter=M&entries=0&searchtext=&order=dated&nid=4 HTTP/1.1" 404 1256 "-" "Mozilla/5.0 (compatible; Googlebot/2.1; +http://www.google.com/bot.html)"
66.249.68.36 - - [05/May/2014:07:32:05 +0200] "GET /include.php?path=contentarchive&type=4&catid=6&letter=A&entries=0&searchtext=&order=title&nid=21 HTTP/1.1" 404 1256 "-" "Mozilla/5.0 (compatible; Googlebot/2.1; +http://www.google.com/bot.html)"
66.249.68.4 - - [05/May/2014:07:33:38 +0200] "GET /include.php?path=contentarchive&type=3&catid=0&letter=E&entries=0&searchtext=&order=dated&nid=13 HTTP/1.1" 404 1256 "-" "Mozilla/5.0 (compatible; Googlebot/2.1; +http://www.google.com/bot.html)"
66.249.68.36 - - [05/May/2014:07:55:29 +0200] "GET /include.php?fx=style&id=6 HTTP/1.1" 404 1256 "http://www.fls-berlin.de/include.php?path=article&contentid=79" "Mozilla/5.0 (compatible; Googlebot/2.1; +http://www.google.com/bot.html)"
66.249.68.36 - - [05/May/2014:07:56:49 +0200] "GET /include.php?path=contentarchive&type=4&catid=8&letter=H&entries=0&searchtext=&order=title HTTP/1.1" 404 1256 "-" "Mozilla/5.0 (compatible; Googlebot/2.1; +http://www.google.com/bot.html)"
66.249.68.36 - - [05/May/2014:07:58:21 +0200] "GET /include.php?path=contentarchive&type=2&catid=9&letter=S&entries=0&searchtext=&order=title&nid=4 HTTP/1.1" 404 1256 "-" "Mozilla/5.0 (compatible; Googlebot/2.1; +http://www.google.com/bot.html)"
66.249.68.4 - - [05/May/2014:07:59:54 +0200] "GET /include.php?path=contentarchive&type=2&catid=0&letter=H&entries=0&searchtext=&order=titled&nid=21 HTTP/1.1" 404 1256 "-" "Mozilla/5.0 (compatible; Googlebot/2.1; +http://www.google.com/bot.html)"
66.249.68.36 - - [05/May/2014:08:01:27 +0200] "GET /include.php?path=contentarchive&type=4&letter=T&catid=7&themeid=0&searchtext=&entries=0&order=title&nid=13 HTTP/1.1" 404 1256 "-" "Mozilla/5.0 (compatible; Googlebot/2.1; +http://www.google.com/bot.html)"
66.249.68.232 - - [05/May/2014:08:02:59 +0200] "GET /include.php?path=contentarchive&type=4&catid=8&letter=R&entries=0&searchtext=&order=dated&nid=4 HTTP/1.1" 404 1256 "-" "Mozilla/5.0 (compatible; Googlebot/2.1; +http://www.google.com/bot.html)"
66.249.68.36 - - [05/May/2014:08:04:32 +0200] "GET /include.php?path=contentarchive&type=2&letter=T&catid=0&themeid=0&searchtext=&entries=8&order=titled HTTP/1.1" 404 1256 "-" "Mozilla/5.0 (compatible; Googlebot/2.1; +http://www.google.com/bot.html)"
66.249.68.36 - - [05/May/2014:08:07:37 +0200] "GET /include.php?path=contentarchive&type=1&catid=1&letter=Q&entries=0&searchtext=&order=date&nid=4 HTTP/1.1" 404 1256 "-" "Mozilla/5.0 (compatible; Googlebot/2.1; +http://www.google.com/bot.html)"
66.249.68.36 - - [05/May/2014:08:09:10 +0200] "GET /include.php?path=download&contentid=114&catid=12&themeid=0&nid=13 HTTP/1.1" 404 1256 "-" "Mozilla/5.0 (compatible; Googlebot/2.1; +http://www.google.com/bot.html)"
66.249.75.17 - - [05/May/2014:08:10:43 +0200] "GET /include.php?path=contentarchive&type=2&letter=W&catid=9&themeid=0&searchtext=&entries=0&order=title&nid=13 HTTP/1.1" 404 1256 "-" "Mozilla/5.0 (compatible; Googlebot/2.1; +http://www.google.com/bot.html)"
66.249.68.36 - - [05/May/2014:08:12:16 +0200] "GET /include.php?path=contentarchive&type=2&catid=0&letter=&entries=8&searchtext=&order=title&nid=13 HTTP/1.1" 404 1256 "-" "Mozilla/5.0 (compatible; Googlebot/2.1; +http://www.google.com/bot.html)"
66.249.68.36 - - [05/May/2014:08:13:48 +0200] "GET /include.php?path=contact&mode=suggest&suggest_path=path%3Ddownload%26contentid%3D27&nid=2 HTTP/1.1" 404 1256 "-" "Mozilla/5.0 (compatible; Googlebot/2.1; +http://www.google.com/bot.html)"
66.249.68.232 - - [05/May/2014:08:15:21 +0200] "GET /include.php?path=contentarchive&type=2&catid=1&letter=C&entries=0&searchtext=&order=title&nid=4 HTTP/1.1" 404 1256 "-" "Mozilla/5.0 (compatible; Googlebot/2.1; +http://www.google.com/bot.html)"
66.249.68.232 - - [05/May/2014:08:16:54 +0200] "GET /include.php?path=contentarchive&type=4&catid=7&letter=J&entries=0&searchtext=&order=date&nid=32 HTTP/1.1" 404 1256 "-" "Mozilla/5.0 (compatible; Googlebot/2.1; +http://www.google.com/bot.html)"
66.249.68.36 - - [05/May/2014:08:21:32 +0200] "GET /include.php?path=contentarchive&type=2&catid=8&letter=V&entries=0&searchtext=&order=dated&nid=4 HTTP/1.1" 404 1256 "-" "Mozilla/5.0 (compatible; Googlebot/2.1; +http://www.google.com/bot.html)"
66.249.68.4 - - [05/May/2014:08:23:04 +0200] "GET /include.php?path=contentarchive&type=3&letter=Y&catid=0&themeid=0&searchtext=&entries=0&order=dated&nid=13 HTTP/1.1" 404 1256 "-" "Mozilla/5.0 (compatible; Googlebot/2.1; +http://www.google.com/bot.html)"
66.249.68.36 - - [05/May/2014:08:24:37 +0200] "GET /include.php?path=contentarchive&type=1&letter=B&catid=1&themeid=0&searchtext=&entries=0&order=dated&nid=19 HTTP/1.1" 404 1256 "-" "Mozilla/5.0 (compatible; Googlebot/2.1; +http://www.google.com/bot.html)"
66.249.68.36 - - [05/May/2014:08:26:10 +0200] "GET /include.php?path=contentarchive&type=4&letter=U&catid=7&themeid=0&searchtext=&entries=0&order=dated&nid=32 HTTP/1.1" 404 1256 "-" "Mozilla/5.0 (compatible; Googlebot/2.1; +http://www.google.com/bot.html)"
66.249.68.232 - - [05/May/2014:08:27:43 +0200] "GET /include.php?path=contentarchive&type=4&catid=6&letter=K&entries=0&searchtext=&order=date&nid=19 HTTP/1.1" 404 1256 "-" "Mozilla/5.0 (compatible; Googlebot/2.1; +http://www.google.com/bot.html)"
37.5.42.29 - - [05/May/2014:08:45:37 +0200] "GET / HTTP/1.1" 302 - "-" "Mozilla/5.0 (Windows NT 6.1; WOW64; rv:28.0) Gecko/20100101 Firefox/28.0"
66.249.68.4 - - [05/May/2014:08:53:59 +0200] "GET /include.php?path=content&mode=vote&contentid=73&type=1&content_vote=7&action=Go&nid=13 HTTP/1.1" 404 1256 "-" "Mozilla/5.0 (compatible; Googlebot/2.1; +http://www.google.com/bot.html)"
66.249.68.4 - - [05/May/2014:08:55:31 +0200] "GET /include.php?path=contentarchive&type=2&letter=Z&catid=10&themeid=0&searchtext=&entries=0&order=dated&nid=21 HTTP/1.1" 404 1256 "-" "Mozilla/5.0 (compatible; Googlebot/2.1; +http://www.google.com/bot.html)"
66.249.68.36 - - [05/May/2014:08:57:04 +0200] "GET /include.php?path=contentarchive&type=2&catid=9&letter=N&entries=0&searchtext=&order=dated&nid=13 HTTP/1.1" 404 1256 "-" "Mozilla/5.0 (compatible; Googlebot/2.1; +http://www.google.com/bot.html)"
66.249.68.4 - - [05/May/2014:08:58:37 +0200] "GET /include.php?catid=kdpotildcs&nid=21 HTTP/1.1" 404 1256 "-" "Mozilla/5.0 (compatible; Googlebot/2.1; +http://www.google.com/bot.html)"
66.249.68.4 - - [05/May/2014:09:01:42 +0200] "GET /include.php?path=contentarchive&type=1&catid=1&letter=I&entries=0&searchtext=&order=title&nid=21 HTTP/1.1" 404 1256 "-" "Mozilla/5.0 (compatible; Googlebot/2.1; +http://www.google.com/bot.html)"
66.249.68.36 - - [05/May/2014:09:03:15 +0200] "GET /include.php?path=contentarchive&type=2&catid=8&letter=S&entries=0&searchtext=&order=dated&nid=19 HTTP/1.1" 404 1256 "-" "Mozilla/5.0 (compatible; Googlebot/2.1; +http://www.google.com/bot.html)"
66.249.68.4 - - [05/May/2014:09:04:47 +0200] "GET /include.php?path=contentarchive&type=1&catid=0&letter=E&entries=0&searchtext=&order=titled&nid=4 HTTP/1.1" 404 1256 "-" "Mozilla/5.0 (compatible; Googlebot/2.1; +http://www.google.com/bot.html)"
66.249.75.36 - - [05/May/2014:09:06:20 +0200] "GET /include.php?path=contentarchive&type=4&catid=7&letter=M&entries=0&searchtext=&order=title HTTP/1.1" 404 1256 "-" "Mozilla/5.0 (compatible; Googlebot/2.1; +http://www.google.com/bot.html)"
66.249.68.232 - - [05/May/2014:09:09:26 +0200] "GET /include.php?path=contentarchive&type=2&catid=8&letter=T&entries=0&searchtext=&order=title&nid=13 HTTP/1.1" 404 1256 "-" "Mozilla/5.0 (compatible; Googlebot/2.1; +http://www.google.com/bot.html)"
66.249.68.232 - - [05/May/2014:09:10:58 +0200] "GET /include.php?path=contentarchive&type=1&letter=O&catid=1&themeid=0&searchtext=&entries=0&order=titled&nid=13 HTTP/1.1" 404 1256 "-" "Mozilla/5.0 (compatible; Googlebot/2.1; +http://www.google.com/bot.html)"
66.249.68.36 - - [05/May/2014:09:12:31 +0200] "GET /include.php?path=contentarchive&type=2&letter=K&catid=1&themeid=0&searchtext=&entries=0&order=dated&nid=21 HTTP/1.1" 404 1256 "-" "Mozilla/5.0 (compatible; Googlebot/2.1; +http://www.google.com/bot.html)"
66.249.68.36 - - [05/May/2014:09:14:04 +0200] "GET /include.php?catid=nqpzgisfx&nid=32 HTTP/1.1" 404 1256 "-" "Mozilla/5.0 (compatible; Googlebot/2.1; +http://www.google.com/bot.html)"
66.249.68.232 - - [05/May/2014:09:15:36 +0200] "GET /include.php?path=contentarchive&type=3&catid=0&letter=L&entries=0&searchtext=&order=titled&nid=13 HTTP/1.1" 404 1256 "-" "Mozilla/5.0 (compatible; Googlebot/2.1; +http://www.google.com/bot.html)"
66.249.68.4 - - [05/May/2014:09:18:42 +0200] "GET /include.php?path=contentarchive&type=4&letter=A&catid=8&themeid=0&searchtext=&entries=0&order=dated&nid=32 HTTP/1.1" 404 1256 "-" "Mozilla/5.0 (compatible; Googlebot/2.1; +http://www.google.com/bot.html)"
