178.154.179.250 - - [01/Oct/2012:06:01:39 +0200] "GET / HTTP/1.1" 200 1255 "-" "Mozilla/5.0 (compatible; YandexBot/3.0; +http://yandex.com/bots)"
91.209.51.188 - - [01/Oct/2012:08:03:25 +0200] "GET /log/access.log HTTP/1.0" 404 1256 "http://www.ich-habe-ein-problem.de/log/access.log" "Mozilla/5.0 (Windows NT 6.1) AppleWebKit/535.2 (KHTML, like Gecko) Chrome/15.0.874.121 Safari/535.2"
91.209.51.188 - - [01/Oct/2012:08:03:25 +0200] "GET / HTTP/1.0" 200 1255 "http://www.ich-habe-ein-problem.de/" "Mozilla/5.0 (Windows NT 6.1) AppleWebKit/535.2 (KHTML, like Gecko) Chrome/15.0.874.121 Safari/535.2"
217.69.134.91 - - [01/Oct/2012:13:22:37 +0200] "GET /robots.txt HTTP/1.0" 404 1256 "-" "Mozilla/5.0 (compatible; Mail.RU/2.0)"
78.138.101.135 - - [01/Oct/2012:22:40:28 +0200] "GET / HTTP/1.1" 200 1255 "-" "Mozilla/4.0 (compatible; MSIE 8.0; Windows NT 6.1; Trident/4.0)"
178.154.179.250 - - [02/Oct/2012:05:20:30 +0200] "GET /robots.txt HTTP/1.1" 404 1256 "-" "Mozilla/5.0 (compatible; YandexBot/3.0; +http://yandex.com/bots)"
178.154.179.250 - - [02/Oct/2012:12:25:50 +0200] "GET / HTTP/1.1" 200 1255 "-" "Mozilla/5.0 (compatible; YandexBot/3.0; +http://yandex.com/bots)"
178.154.179.250 - - [03/Oct/2012:00:23:24 +0200] "GET / HTTP/1.1" 200 1255 "-" "Mozilla/5.0 (compatible; YandexBot/3.0; +http://yandex.com/bots)"
157.55.35.114 - - [03/Oct/2012:04:16:23 +0200] "GET /robots.txt HTTP/1.1" 404 1256 "-" "Mozilla/5.0 (compatible; bingbot/2.0; +http://www.bing.com/bingbot.htm)"
157.55.35.114 - - [03/Oct/2012:04:21:46 +0200] "GET /log/?S=A HTTP/1.1" 404 1256 "-" "Mozilla/5.0 (compatible; bingbot/2.0; +http://www.bing.com/bingbot.htm)"
91.209.51.188 - - [03/Oct/2012:08:35:34 +0200] "GET /log/access.log HTTP/1.0" 404 1256 "http://www.ich-habe-ein-problem.de/log/access.log" "Mozilla/5.0 (Windows NT 6.1) AppleWebKit/536.5 (KHTML, like Gecko) Chrome/19.0.1084.52 Safari/536.5"
91.209.51.188 - - [03/Oct/2012:08:35:34 +0200] "GET / HTTP/1.0" 200 1255 "http://www.ich-habe-ein-problem.de/" "Mozilla/5.0 (Windows NT 6.1) AppleWebKit/536.5 (KHTML, like Gecko) Chrome/19.0.1084.52 Safari/536.5"
91.209.51.188 - - [03/Oct/2012:08:35:40 +0200] "GET /log/access.log HTTP/1.0" 404 1256 "http://www.ich-habe-ein-problem.de/log/access.log" "Mozilla/5.0 (Windows NT 6.1) AppleWebKit/536.5 (KHTML, like Gecko) Chrome/19.0.1084.52 Safari/536.5"
91.209.51.188 - - [03/Oct/2012:08:35:40 +0200] "GET /access.log HTTP/1.0" 404 1256 "http://www.ich-habe-ein-problem.de/access.log" "Mozilla/5.0 (Windows NT 6.1) AppleWebKit/536.5 (KHTML, like Gecko) Chrome/19.0.1084.52 Safari/536.5"
91.209.51.188 - - [03/Oct/2012:08:35:43 +0200] "GET /log/access.log HTTP/1.0" 404 1256 "http://www.ich-habe-ein-problem.de/log/access.log" "Mozilla/5.0 (Windows NT 6.1) AppleWebKit/536.5 (KHTML, like Gecko) Chrome/19.0.1084.52 Safari/536.5"
91.209.51.188 - - [03/Oct/2012:08:35:43 +0200] "GET /access.log HTTP/1.0" 404 1256 "http://www.ich-habe-ein-problem.de/access.log" "Mozilla/5.0 (Windows NT 6.1) AppleWebKit/536.5 (KHTML, like Gecko) Chrome/19.0.1084.52 Safari/536.5"
91.209.51.188 - - [03/Oct/2012:08:35:43 +0200] "GET /log/access.log HTTP/1.0" 404 1256 "http://www.ich-habe-ein-problem.de/log/access.log" "Mozilla/5.0 (Windows NT 6.1) AppleWebKit/536.5 (KHTML, like Gecko) Chrome/19.0.1084.52 Safari/536.5"
91.209.51.188 - - [03/Oct/2012:08:35:43 +0200] "GET /access.log HTTP/1.0" 404 1256 "http://www.ich-habe-ein-problem.de/access.log" "Mozilla/5.0 (Windows NT 6.1) AppleWebKit/536.5 (KHTML, like Gecko) Chrome/19.0.1084.52 Safari/536.5"
157.55.32.84 - - [03/Oct/2012:11:45:59 +0200] "GET /robots.txt HTTP/1.1" 404 1256 "-" "Mozilla/5.0 (compatible; bingbot/2.0; +http://www.bing.com/bingbot.htm)"
157.55.32.84 - - [03/Oct/2012:11:50:37 +0200] "GET /log/access.log HTTP/1.1" 404 1256 "-" "Mozilla/5.0 (compatible; bingbot/2.0; +http://www.bing.com/bingbot.htm)"
157.55.34.180 - - [03/Oct/2012:13:23:24 +0200] "GET /robots.txt HTTP/1.1" 404 1256 "-" "Mozilla/5.0 (compatible; bingbot/2.0; +http://www.bing.com/bingbot.htm)"
157.55.34.180 - - [03/Oct/2012:13:26:17 +0200] "GET /log/?N=A HTTP/1.1" 404 1256 "-" "Mozilla/5.0 (compatible; bingbot/2.0; +http://www.bing.com/bingbot.htm)"
107.6.108.3 - - [03/Oct/2012:16:38:02 +0200] "HEAD / HTTP/1.1" 200 - "-" "Mozilla/4.0 (compatible; MSIE 7.0; Windows NT 5.1)"
107.6.108.3 - - [03/Oct/2012:19:36:03 +0200] "HEAD / HTTP/1.1" 200 - "-" "Mozilla/4.0 (compatible; MSIE 7.0; Windows NT 5.1)"
157.55.35.100 - - [04/Oct/2012:05:06:31 +0200] "GET /robots.txt HTTP/1.1" 404 1256 "-" "Mozilla/5.0 (compatible; bingbot/2.0; +http://www.bing.com/bingbot.htm)"
157.55.35.100 - - [04/Oct/2012:05:11:47 +0200] "GET /log/?D=A HTTP/1.1" 404 1256 "-" "Mozilla/5.0 (compatible; bingbot/2.0; +http://www.bing.com/bingbot.htm)"
157.55.33.86 - - [04/Oct/2012:13:20:11 +0200] "GET /robots.txt HTTP/1.1" 404 1256 "-" "Mozilla/5.0 (compatible; bingbot/2.0; +http://www.bing.com/bingbot.htm)"
157.55.33.86 - - [04/Oct/2012:13:33:40 +0200] "GET /log/ HTTP/1.1" 404 1256 "-" "Mozilla/5.0 (compatible; bingbot/2.0; +http://www.bing.com/bingbot.htm)"
206.253.226.22 - - [05/Oct/2012:04:44:32 +0200] "GET /robots.txt HTTP/1.1" 404 1256 "-" "Mozilla/5.0 (compatible; oBot/2.3.1; +http://filterdb.iss.net/crawler/)"
206.253.226.22 - - [05/Oct/2012:04:44:32 +0200] "GET / HTTP/1.1" 200 1255 "-" "Mozilla/5.0 (compatible; oBot/2.3.1; +http://filterdb.iss.net/crawler/)"
206.253.226.22 - - [05/Oct/2012:04:44:32 +0200] "GET /access.log HTTP/1.1" 404 1256 "-" "Mozilla/5.0 (compatible; oBot/2.3.1; +http://filterdb.iss.net/crawler/)"
206.253.226.22 - - [05/Oct/2012:04:44:32 +0200] "GET /log HTTP/1.1" 404 1256 "-" "Mozilla/5.0 (compatible; oBot/2.3.1; +http://filterdb.iss.net/crawler/)"
178.154.179.250 - - [05/Oct/2012:06:56:56 +0200] "GET /robots.txt HTTP/1.1" 404 1256 "-" "Mozilla/5.0 (compatible; YandexBot/3.0; +http://yandex.com/bots)"
65.55.24.245 - - [05/Oct/2012:08:35:17 +0200] "GET /robots.txt HTTP/1.1" 404 1256 "-" "Mozilla/5.0 (compatible; bingbot/2.0; +http://www.bing.com/bingbot.htm)"
65.55.52.111 - - [05/Oct/2012:09:03:53 +0200] "GET /?M=A HTTP/1.1" 200 1255 "-" "Mozilla/5.0 (compatible; bingbot/2.0; +http://www.bing.com/bingbot.htm)"
65.55.24.245 - - [05/Oct/2012:09:14:06 +0200] "GET /log/?M=A HTTP/1.1" 404 1256 "-" "Mozilla/5.0 (compatible; bingbot/2.0; +http://www.bing.com/bingbot.htm)"
178.154.179.250 - - [05/Oct/2012:09:51:39 +0200] "GET / HTTP/1.1" 200 1255 "-" "Mozilla/5.0 (compatible; YandexBot/3.0; +http://yandex.com/bots)"
217.69.134.91 - - [07/Oct/2012:11:34:44 +0200] "GET /robots.txt HTTP/1.0" 404 1256 "-" "Mozilla/5.0 (compatible; Mail.RU/2.0)"
157.55.32.93 - - [07/Oct/2012:23:20:22 +0200] "GET /robots.txt HTTP/1.1" 404 1256 "-" "Mozilla/5.0 (compatible; bingbot/2.0; +http://www.bing.com/bingbot.htm)"
157.55.32.93 - - [07/Oct/2012:23:29:12 +0200] "GET / HTTP/1.1" 304 - "-" "Mozilla/5.0 (compatible; bingbot/2.0; +http://www.bing.com/bingbot.htm)"
23.22.215.132 - - [08/Oct/2012:20:33:00 +0200] "GET / HTTP/1.0" 200 1255 "-" "Mozilla/5.0 (compatible; NetcraftSurveyAgent/1.0; +info@netcraft.com)"
66.249.71.244 - - [08/Oct/2012:20:39:42 +0200] "GET /robots.txt HTTP/1.1" 404 1256 "-" "Mozilla/5.0 (compatible; Googlebot/2.1; +http://www.google.com/bot.html)"
66.249.71.244 - - [08/Oct/2012:20:39:43 +0200] "GET / HTTP/1.1" 200 1255 "-" "Mozilla/5.0 (compatible; Googlebot/2.1; +http://www.google.com/bot.html)"
178.154.179.250 - - [09/Oct/2012:01:08:50 +0200] "GET /robots.txt HTTP/1.1" 404 1256 "-" "Mozilla/5.0 (compatible; YandexBot/3.0; +http://yandex.com/bots)"
157.55.35.100 - - [09/Oct/2012:02:04:36 +0200] "GET /robots.txt HTTP/1.1" 404 1256 "-" "Mozilla/5.0 (compatible; bingbot/2.0; +http://www.bing.com/bingbot.htm)"
157.55.35.100 - - [09/Oct/2012:02:18:50 +0200] "GET /?S=D HTTP/1.1" 304 - "-" "Mozilla/5.0 (compatible; bingbot/2.0; +http://www.bing.com/bingbot.htm)"
157.55.35.100 - - [09/Oct/2012:02:48:21 +0200] "GET /?S=D HTTP/1.1" 304 - "-" "Mozilla/5.0 (compatible; bingbot/2.0; +http://www.bing.com/bingbot.htm)"
178.154.179.250 - - [09/Oct/2012:05:53:52 +0200] "GET / HTTP/1.1" 200 1255 "-" "Mozilla/5.0 (compatible; YandexBot/3.0; +http://yandex.com/bots)"
199.21.99.97 - - [09/Oct/2012:09:04:19 +0200] "GET / HTTP/1.1" 200 1255 "-" "Mozilla/5.0 (compatible; YandexBot/3.0; +http://yandex.com/bots)"
209.160.65.104 - - [10/Oct/2012:20:31:45 +0200] "HEAD / HTTP/1.0" 200 - "-" "MS Internet Explorer"
64.246.161.30 - - [11/Oct/2012:18:43:08 +0200] "GET /robots.txt HTTP/1.0" 404 1256 "-" "Mozilla/5.0 (Windows; U; Windows NT 5.1; en; rv:1.9.0.13) Gecko/2009073022 Firefox/3.5.2 (.NET CLR 3.5.30729) SurveyBot/2.3 (DomainTools)"
64.246.161.30 - - [11/Oct/2012:18:43:09 +0200] "GET / HTTP/1.1" 200 1255 "http://whois.domaintools.com/ich-habe-ein-problem.de" "Mozilla/5.0 (Windows; U; Windows NT 5.1; en; rv:1.9.0.13) Gecko/2009073022 Firefox/3.5.2 (.NET CLR 3.5.30729) SurveyBot/2.3 (DomainTools)"
157.55.35.52 - - [12/Oct/2012:15:12:54 +0200] "GET /robots.txt HTTP/1.1" 404 1256 "-" "Mozilla/5.0 (compatible; bingbot/2.0; +http://www.bing.com/bingbot.htm)"
157.55.35.52 - - [12/Oct/2012:15:22:16 +0200] "GET /?S=A HTTP/1.1" 304 - "-" "Mozilla/5.0 (compatible; bingbot/2.0; +http://www.bing.com/bingbot.htm)"
66.249.74.124 - - [13/Oct/2012:00:18:12 +0200] "GET /robots.txt HTTP/1.1" 404 1256 "-" "Mozilla/5.0 (compatible; Googlebot/2.1; +http://www.google.com/bot.html)"
66.249.74.124 - - [13/Oct/2012:00:18:12 +0200] "GET /icons/blank.gif HTTP/1.1" 304 - "-" "Googlebot-Image/1.0"
66.249.76.90 - - [13/Oct/2012:13:19:32 +0200] "GET /robots.txt HTTP/1.1" 404 1256 "-" "Mozilla/5.0 (compatible; Googlebot/2.1; +http://www.google.com/bot.html)"
66.249.76.90 - - [13/Oct/2012:13:19:32 +0200] "GET /icons/blank.gif HTTP/1.1" 200 148 "-" "Googlebot-Image/1.0"
157.55.35.88 - - [14/Oct/2012:06:41:02 +0200] "GET /robots.txt HTTP/1.1" 404 1256 "-" "Mozilla/5.0 (compatible; bingbot/2.0; +http://www.bing.com/bingbot.htm)"
157.55.35.88 - - [14/Oct/2012:06:47:39 +0200] "GET /?D=A HTTP/1.1" 304 - "-" "Mozilla/5.0 (compatible; bingbot/2.0; +http://www.bing.com/bingbot.htm)"
87.142.157.62 - - [14/Oct/2012:08:19:44 +0200] "GET / HTTP/1.1" 200 1255 "-" "Mozilla/5.0 (Windows NT 6.1; WOW64; rv:5.0) Gecko/20100101 Firefox/5.0"
87.142.157.62 - - [14/Oct/2012:08:19:44 +0200] "GET /robots.txt HTTP/1.1" 404 1256 "-" "Mozilla/5.0 (Windows NT 6.1; WOW64; rv:5.0) Gecko/20100101 Firefox/5.0"
178.154.179.250 - - [14/Oct/2012:21:27:22 +0200] "GET /robots.txt HTTP/1.1" 404 1256 "-" "Mozilla/5.0 (compatible; YandexBot/3.0; +http://yandex.com/bots)"
188.165.195.156 - - [14/Oct/2012:23:07:54 +0200] "HEAD / HTTP/1.1" 200 - "-" "Mozilla/4.0 (compatible; MSIE 5.01; Windows NT 5.0)"
199.21.99.125 - - [15/Oct/2012:03:56:09 +0200] "GET / HTTP/1.1" 200 1255 "-" "Mozilla/5.0 (compatible; YandexBot/3.0; +http://yandex.com/bots)"
195.46.190.248 - - [16/Oct/2012:07:34:23 +0200] "GET /log/access.log HTTP/1.0" 404 1256 "http://www.ich-habe-ein-problem.de/log/access.log" "Mozilla/5.0 (Windows; U; Windows NT 6.1; ru; rv:1.9.2.4) Gecko/20100611 Firefox/3.6.4"
195.46.190.248 - - [16/Oct/2012:07:34:23 +0200] "GET / HTTP/1.0" 200 1255 "http://www.ich-habe-ein-problem.de/" "Mozilla/5.0 (Windows; U; Windows NT 6.1; ru; rv:1.9.2.4) Gecko/20100611 Firefox/3.6.4"
178.154.179.250 - - [17/Oct/2012:04:27:34 +0200] "GET /robots.txt HTTP/1.1" 404 1256 "-" "Mozilla/5.0 (compatible; YandexBot/3.0; +http://yandex.com/bots)"
91.209.51.188 - - [17/Oct/2012:13:29:26 +0200] "GET /log/access.log HTTP/1.0" 404 1256 "http://www.ich-habe-ein-problem.de/log/access.log" "Mozilla/5.0 (Windows NT 5.1) AppleWebKit/536.11 (KHTML, like Gecko) Chrome/20.0.1132.47 Safari/536.11"
91.209.51.188 - - [17/Oct/2012:13:29:27 +0200] "GET / HTTP/1.0" 200 1255 "http://www.ich-habe-ein-problem.de/" "Mozilla/5.0 (Windows NT 5.1) AppleWebKit/536.11 (KHTML, like Gecko) Chrome/20.0.1132.47 Safari/536.11"
178.154.179.250 - - [17/Oct/2012:14:15:11 +0200] "GET / HTTP/1.1" 200 1255 "-" "Mozilla/5.0 (compatible; YandexBot/3.0; +http://yandex.com/bots)"
74.52.245.146 - - [18/Oct/2012:02:09:05 +0200] "GET / HTTP/1.0" 200 1255 "-" "Mozilla/5.0 (X11; U; Linux i686; en-US; rv:1.7.5) Gecko/20041107 Firefox/1.0"
195.46.190.248 - - [18/Oct/2012:03:49:51 +0200] "GET /log/access.log HTTP/1.0" 404 1256 "http://www.ich-habe-ein-problem.de/log/access.log" "Opera/9.80 (Windows NT 6.1; U; Edition Next; ru) Presto/2.10.289 Version/12.01"
195.46.190.248 - - [18/Oct/2012:03:49:52 +0200] "GET / HTTP/1.0" 200 1255 "http://www.ich-habe-ein-problem.de/" "Opera/9.80 (Windows NT 6.1; U; Edition Next; ru) Presto/2.10.289 Version/12.01"
157.55.35.48 - - [18/Oct/2012:14:31:36 +0200] "GET /robots.txt HTTP/1.1" 404 1256 "-" "Mozilla/5.0 (compatible; bingbot/2.0; +http://www.bing.com/bingbot.htm)"
157.55.35.48 - - [18/Oct/2012:14:39:54 +0200] "GET /?N=A HTTP/1.1" 200 1255 "-" "Mozilla/5.0 (compatible; bingbot/2.0; +http://www.bing.com/bingbot.htm)"
95.108.151.244 - - [19/Oct/2012:05:29:57 +0200] "GET /robots.txt HTTP/1.1" 404 1256 "-" "Mozilla/5.0 (compatible; YandexBot/3.0; +http://yandex.com/bots)"
95.108.151.244 - - [19/Oct/2012:05:29:58 +0200] "GET / HTTP/1.1" 200 1255 "-" "Mozilla/5.0 (compatible; YandexBot/3.0; +http://yandex.com/bots)"
95.108.151.244 - - [19/Oct/2012:05:29:59 +0200] "GET / HTTP/1.1" 200 1255 "-" "Mozilla/5.0 (compatible; YandexBot/3.0; +http://yandex.com/bots)"
178.154.179.250 - - [20/Oct/2012:17:27:24 +0200] "GET /robots.txt HTTP/1.1" 404 1256 "-" "Mozilla/5.0 (compatible; YandexBot/3.0; +http://yandex.com/bots)"
178.154.179.250 - - [20/Oct/2012:19:21:10 +0200] "GET / HTTP/1.1" 200 1255 "-" "Mozilla/5.0 (compatible; YandexBot/3.0; +http://yandex.com/bots)"
199.21.99.102 - - [21/Oct/2012:01:21:10 +0200] "GET / HTTP/1.1" 200 1255 "-" "Mozilla/5.0 (compatible; YandexBot/3.0; +http://yandex.com/bots)"
91.209.51.188 - - [21/Oct/2012:08:54:24 +0200] "GET /log/access.log HTTP/1.0" 404 1256 "http://www.ich-habe-ein-problem.de/log/access.log" "Mozilla/5.0 (Windows NT 6.1; WOW64) AppleWebKit/535.11 (KHTML, like Gecko) Chrome/17.0.963.46 Safari/535.11"
91.209.51.188 - - [21/Oct/2012:08:54:24 +0200] "GET / HTTP/1.0" 200 1255 "http://www.ich-habe-ein-problem.de/" "Mozilla/5.0 (Windows NT 6.1; WOW64) AppleWebKit/535.11 (KHTML, like Gecko) Chrome/17.0.963.46 Safari/535.11"
91.209.51.188 - - [21/Oct/2012:08:54:29 +0200] "GET /log/access.log HTTP/1.0" 404 1256 "http://www.ich-habe-ein-problem.de/log/access.log" "Mozilla/5.0 (Windows NT 6.1; WOW64) AppleWebKit/535.11 (KHTML, like Gecko) Chrome/17.0.963.46 Safari/535.11"
91.209.51.188 - - [21/Oct/2012:08:54:29 +0200] "GET /access.log HTTP/1.0" 404 1256 "http://www.ich-habe-ein-problem.de/access.log" "Mozilla/5.0 (Windows NT 6.1; WOW64) AppleWebKit/535.11 (KHTML, like Gecko) Chrome/17.0.963.46 Safari/535.11"
91.209.51.188 - - [21/Oct/2012:08:54:31 +0200] "GET /log/access.log HTTP/1.0" 404 1256 "http://www.ich-habe-ein-problem.de/log/access.log" "Mozilla/5.0 (Windows NT 6.1; WOW64) AppleWebKit/535.11 (KHTML, like Gecko) Chrome/17.0.963.46 Safari/535.11"
91.209.51.188 - - [21/Oct/2012:08:54:31 +0200] "GET /access.log HTTP/1.0" 404 1256 "http://www.ich-habe-ein-problem.de/access.log" "Mozilla/5.0 (Windows NT 6.1; WOW64) AppleWebKit/535.11 (KHTML, like Gecko) Chrome/17.0.963.46 Safari/535.11"
91.209.51.188 - - [21/Oct/2012:08:54:31 +0200] "GET /log/access.log HTTP/1.0" 404 1256 "http://www.ich-habe-ein-problem.de/log/access.log" "Mozilla/5.0 (Windows NT 6.1; WOW64) AppleWebKit/535.11 (KHTML, like Gecko) Chrome/17.0.963.46 Safari/535.11"
91.209.51.188 - - [21/Oct/2012:08:54:31 +0200] "GET /access.log HTTP/1.0" 404 1256 "http://www.ich-habe-ein-problem.de/access.log" "Mozilla/5.0 (Windows NT 6.1; WOW64) AppleWebKit/535.11 (KHTML, like Gecko) Chrome/17.0.963.46 Safari/535.11"
66.249.76.90 - - [21/Oct/2012:11:26:16 +0200] "GET /robots.txt HTTP/1.1" 404 1256 "-" "Mozilla/5.0 (compatible; Googlebot/2.1; +http://www.google.com/bot.html)"
66.249.76.90 - - [21/Oct/2012:11:26:16 +0200] "GET / HTTP/1.1" 200 1255 "-" "Mozilla/5.0 (compatible; Googlebot/2.1; +http://www.google.com/bot.html)"
157.55.32.144 - - [21/Oct/2012:18:16:45 +0200] "GET /robots.txt HTTP/1.1" 404 1256 "-" "Mozilla/5.0 (compatible; bingbot/2.0; +http://www.bing.com/bingbot.htm)"
157.55.32.144 - - [21/Oct/2012:18:20:57 +0200] "GET /?N=D HTTP/1.1" 200 1255 "-" "Mozilla/5.0 (compatible; bingbot/2.0; +http://www.bing.com/bingbot.htm)"
157.55.33.83 - - [22/Oct/2012:05:14:36 +0200] "GET /robots.txt HTTP/1.1" 404 1256 "-" "Mozilla/5.0 (compatible; bingbot/2.0; +http://www.bing.com/bingbot.htm)"
157.55.33.83 - - [22/Oct/2012:05:23:01 +0200] "GET /log/ HTTP/1.1" 404 1256 "-" "Mozilla/5.0 (compatible; bingbot/2.0; +http://www.bing.com/bingbot.htm)"
192.168.10.44 - - [23/Oct/2012:16:35:29 +0200] "GET / HTTP/1.1" 200 1255 "-" "Mozilla/5.0 (Windows NT 6.1; WOW64; rv:16.0) Gecko/20100101 Firefox/16.0"
192.168.10.44 - - [23/Oct/2012:16:35:29 +0200] "GET /favicon.ico HTTP/1.1" 404 1256 "-" "Mozilla/5.0 (Windows NT 6.1; WOW64; rv:16.0) Gecko/20100101 Firefox/16.0"
192.168.10.44 - - [23/Oct/2012:16:35:29 +0200] "GET /favicon.ico HTTP/1.1" 404 1256 "-" "Mozilla/5.0 (Windows NT 6.1; WOW64; rv:16.0) Gecko/20100101 Firefox/16.0"
192.168.10.44 - - [23/Oct/2012:16:35:30 +0200] "GET /favicon.ico HTTP/1.1" 404 1256 "-" "Mozilla/5.0 (Windows NT 6.1; WOW64; rv:16.0) Gecko/20100101 Firefox/16.0"
178.154.179.250 - - [23/Oct/2012:17:03:08 +0200] "GET /robots.txt HTTP/1.1" 404 1256 "-" "Mozilla/5.0 (compatible; YandexBot/3.0; +http://yandex.com/bots)"
178.154.179.250 - - [23/Oct/2012:19:32:43 +0200] "GET / HTTP/1.1" 200 1255 "-" "Mozilla/5.0 (compatible; YandexBot/3.0; +http://yandex.com/bots)"
199.21.99.68 - - [24/Oct/2012:00:30:25 +0200] "GET / HTTP/1.1" 200 1255 "-" "Mozilla/5.0 (compatible; YandexBot/3.0; +http://yandex.com/bots)"
64.246.165.200 - - [24/Oct/2012:02:15:29 +0200] "GET /robots.txt HTTP/1.0" 404 1256 "-" "Mozilla/5.0 (Windows; U; Windows NT 5.1; en; rv:1.9.0.13) Gecko/2009073022 Firefox/3.5.2 (.NET CLR 3.5.30729) SurveyBot/2.3 (DomainTools)"
64.246.165.200 - - [24/Oct/2012:02:15:29 +0200] "GET / HTTP/1.1" 200 1255 "http://whois.domaintools.com/ich-habe-ein-problem.de" "Mozilla/5.0 (Windows; U; Windows NT 5.1; en; rv:1.9.0.13) Gecko/2009073022 Firefox/3.5.2 (.NET CLR 3.5.30729) SurveyBot/2.3 (DomainTools)"
157.55.35.52 - - [24/Oct/2012:21:06:32 +0200] "GET /robots.txt HTTP/1.1" 404 1256 "-" "Mozilla/5.0 (compatible; bingbot/2.0; +http://www.bing.com/bingbot.htm)"
157.55.35.52 - - [24/Oct/2012:21:07:35 +0200] "GET /log/access.log HTTP/1.1" 404 1256 "-" "Mozilla/5.0 (compatible; bingbot/2.0; +http://www.bing.com/bingbot.htm)"
157.55.35.52 - - [25/Oct/2012:11:17:28 +0200] "GET /robots.txt HTTP/1.1" 404 1256 "-" "Mozilla/5.0 (compatible; bingbot/2.0; +http://www.bing.com/bingbot.htm)"
157.55.35.52 - - [25/Oct/2012:11:22:57 +0200] "GET /?M=A HTTP/1.1" 304 - "-" "Mozilla/5.0 (compatible; bingbot/2.0; +http://www.bing.com/bingbot.htm)"
66.249.71.244 - - [26/Oct/2012:00:21:05 +0200] "GET /robots.txt HTTP/1.1" 404 1256 "-" "Mozilla/5.0 (compatible; Googlebot/2.1; +http://www.google.com/bot.html)"
66.249.71.244 - - [26/Oct/2012:00:21:05 +0200] "GET /icons/back.gif HTTP/1.1" 304 - "-" "Googlebot-Image/1.0"
217.69.134.79 - - [26/Oct/2012:07:11:52 +0200] "GET /robots.txt HTTP/1.0" 404 1256 "-" "Mozilla/5.0 (compatible; Mail.RU_Bot/2.0)"
178.154.179.250 - - [26/Oct/2012:11:29:49 +0200] "GET /robots.txt HTTP/1.1" 404 1256 "-" "Mozilla/5.0 (compatible; YandexBot/3.0; +http://yandex.com/bots)"
66.249.71.244 - - [26/Oct/2012:11:57:44 +0200] "GET /robots.txt HTTP/1.1" 404 1256 "-" "Mozilla/5.0 (compatible; Googlebot/2.1; +http://www.google.com/bot.html)"
66.249.71.244 - - [26/Oct/2012:11:57:44 +0200] "GET /icons/back.gif HTTP/1.1" 200 216 "-" "Googlebot-Image/1.0"
178.154.179.250 - - [26/Oct/2012:12:13:07 +0200] "GET / HTTP/1.1" 200 1255 "-" "Mozilla/5.0 (compatible; YandexBot/3.0; +http://yandex.com/bots)"
178.154.179.250 - - [27/Oct/2012:06:58:20 +0200] "GET / HTTP/1.1" 200 1255 "-" "Mozilla/5.0 (compatible; YandexBot/3.0; +http://yandex.com/bots)"
178.154.179.250 - - [29/Oct/2012:00:31:54 +0100] "GET /robots.txt HTTP/1.1" 404 1256 "-" "Mozilla/5.0 (compatible; YandexBot/3.0; +http://yandex.com/bots)"
100.43.83.158 - - [29/Oct/2012:06:28:13 +0100] "GET / HTTP/1.1" 200 1255 "-" "Mozilla/5.0 (compatible; YandexBot/3.0; +http://yandex.com/bots)"
157.55.33.83 - - [29/Oct/2012:19:50:56 +0100] "GET /robots.txt HTTP/1.1" 404 1256 "-" "Mozilla/5.0 (compatible; bingbot/2.0; +http://www.bing.com/bingbot.htm)"
157.55.33.83 - - [29/Oct/2012:19:52:01 +0100] "GET / HTTP/1.1" 304 - "-" "Mozilla/5.0 (compatible; bingbot/2.0; +http://www.bing.com/bingbot.htm)"
157.55.33.29 - - [30/Oct/2012:11:07:35 +0100] "GET /robots.txt HTTP/1.1" 404 1256 "-" "Mozilla/5.0 (compatible; bingbot/2.0; +http://www.bing.com/bingbot.htm)"
157.55.33.29 - - [30/Oct/2012:11:14:22 +0100] "GET /?D=D HTTP/1.1" 200 1255 "-" "Mozilla/5.0 (compatible; bingbot/2.0; +http://www.bing.com/bingbot.htm)"
157.55.32.154 - - [31/Oct/2012:05:44:37 +0100] "GET /robots.txt HTTP/1.1" 404 1256 "-" "Mozilla/5.0 (compatible; bingbot/2.0; +http://www.bing.com/bingbot.htm)"
157.55.32.154 - - [31/Oct/2012:05:47:19 +0100] "GET /?M=D HTTP/1.1" 200 1255 "-" "Mozilla/5.0 (compatible; bingbot/2.0; +http://www.bing.com/bingbot.htm)"