188.165.15.98 - - [01/Apr/2015:07:09:11 +0200] "GET /robots.txt HTTP/1.1" 404 1256 "-" "Mozilla/5.0 (compatible; AhrefsBot/5.0; +http://ahrefs.com/robot/)"
66.249.78.249 - - [01/Apr/2015:07:38:31 +0200] "GET /robots.txt HTTP/1.1" 404 1256 "-" "Mozilla/5.0 (compatible; Googlebot/2.1; +http://www.google.com/bot.html)"
66.249.64.15 - - [01/Apr/2015:07:38:31 +0200] "GET / HTTP/1.1" 200 3632 "-" "Mozilla/5.0 (iPhone; CPU iPhone OS 6_0 like Mac OS X) AppleWebKit/536.26 (KHTML, like Gecko) Version/6.0 Mobile/10A5376e Safari/8536.25 (compatible; Googlebot/2.1; +http://www.google.com/bot.html)"
188.143.232.19 - - [01/Apr/2015:23:35:58 +0200] "GET / HTTP/1.1" 200 3632 "-" "Mozilla/4.0 (compatible; MSIE 6.0; Windows NT 5.1; SV1)"
188.143.232.19 - - [01/Apr/2015:23:35:58 +0200] "GET /impressum.html HTTP/1.1" 200 4742 "-" "Mozilla/4.0 (compatible; MSIE 6.0; Windows NT 5.1; SV1)"
188.143.232.19 - - [01/Apr/2015:23:35:58 +0200] "GET /kontakt.html HTTP/1.1" 200 4348 "-" "Mozilla/4.0 (compatible; MSIE 6.0; Windows NT 5.1; SV1)"
66.249.79.39 - - [02/Apr/2015:17:57:27 +0200] "GET /robots.txt HTTP/1.1" 404 1256 "-" "Mozilla/5.0 (compatible; Googlebot/2.1; +http://www.google.com/bot.html)"
66.249.79.39 - - [02/Apr/2015:17:57:28 +0200] "GET / HTTP/1.1" 200 3632 "-" "Mozilla/5.0 (iPhone; CPU iPhone OS 6_0 like Mac OS X) AppleWebKit/536.26 (KHTML, like Gecko) Version/6.0 Mobile/10A5376e Safari/8536.25 (compatible; Googlebot/2.1; +http://www.google.com/bot.html)"
66.249.78.10 - - [03/Apr/2015:11:40:06 +0200] "GET /robots.txt HTTP/1.1" 404 1256 "-" "Mozilla/5.0 (compatible; Googlebot/2.1; +http://www.google.com/bot.html)"
66.249.78.10 - - [03/Apr/2015:11:40:06 +0200] "GET / HTTP/1.1" 200 3632 "-" "Mozilla/5.0 (iPhone; CPU iPhone OS 6_0 like Mac OS X) AppleWebKit/536.26 (KHTML, like Gecko) Version/6.0 Mobile/10A5376e Safari/8536.25 (compatible; Googlebot/2.1; +http://www.google.com/bot.html)"
66.249.78.10 - - [03/Apr/2015:11:49:33 +0200] "GET /css/style.css HTTP/1.1" 200 1159 "-" "Mozilla/5.0 (compatible; Googlebot/2.1; +http://www.google.com/bot.html)"
171.116.5.155 - - [03/Apr/2015:14:11:24 +0200] "GET /iNdex.php HTTP/1.1" 404 1256 "-" "-"
207.46.13.125 - - [03/Apr/2015:20:59:39 +0200] "GET /robots.txt HTTP/1.1" 404 1256 "-" "Mozilla/5.0 (compatible; bingbot/2.0; +http://www.bing.com/bingbot.htm)"
207.46.13.125 - - [03/Apr/2015:20:59:46 +0200] "GET /impressum.html HTTP/1.1" 304 - "-" "Mozilla/5.0 (compatible; bingbot/2.0; +http://www.bing.com/bingbot.htm)"
176.57.142.28 - - [03/Apr/2015:23:12:30 +0200] "GET /impressum.html HTTP/1.1" 200 4742 "-" "Mozilla/5.0 (Macintosh; Intel Mac OS X 10_6_8) AppleWebKit/534.58.2 (KHTML, like Gecko) Version/5.1.8 Safari/534.58.2"
176.57.142.28 - - [03/Apr/2015:23:12:33 +0200] "GET / HTTP/1.1" 200 3632 "-" "Mozilla/5.0 (Macintosh; Intel Mac OS X 10_8_2) AppleWebKit/536.26.17 (KHTML, like Gecko) Version/6.0.2 Safari/536.26.17"
176.57.142.28 - - [03/Apr/2015:23:12:34 +0200] "GET /kontakt.html HTTP/1.1" 200 4348 "-" "Mozilla/5.0 (X11; Ubuntu; Linux i686; rv:14.0) Gecko/20100101 Firefox/14.0.1"
188.165.15.5 - - [04/Apr/2015:07:50:24 +0200] "GET /kontakt.html HTTP/1.1" 200 4348 "-" "Mozilla/5.0 (compatible; AhrefsBot/5.0; +http://ahrefs.com/robot/)"
66.249.78.10 - - [04/Apr/2015:15:11:34 +0200] "GET /robots.txt HTTP/1.1" 404 1256 "-" "Mozilla/5.0 (compatible; Googlebot/2.1; +http://www.google.com/bot.html)"
66.249.78.10 - - [04/Apr/2015:15:11:34 +0200] "GET / HTTP/1.1" 200 3632 "-" "Mozilla/5.0 (iPhone; CPU iPhone OS 6_0 like Mac OS X) AppleWebKit/536.26 (KHTML, like Gecko) Version/6.0 Mobile/10A5376e Safari/8536.25 (compatible; Googlebot/2.1; +http://www.google.com/bot.html)"
188.165.15.5 - - [04/Apr/2015:22:36:17 +0200] "GET / HTTP/1.1" 200 3632 "-" "Mozilla/5.0 (compatible; AhrefsBot/5.0; +http://ahrefs.com/robot/)"
66.249.78.249 - - [05/Apr/2015:18:26:52 +0200] "GET /robots.txt HTTP/1.1" 404 1256 "-" "Mozilla/5.0 (compatible; Googlebot/2.1; +http://www.google.com/bot.html)"
66.249.78.10 - - [05/Apr/2015:18:26:53 +0200] "GET / HTTP/1.1" 200 3632 "-" "Mozilla/5.0 (iPhone; CPU iPhone OS 6_0 like Mac OS X) AppleWebKit/536.26 (KHTML, like Gecko) Version/6.0 Mobile/10A5376e Safari/8536.25 (compatible; Googlebot/2.1; +http://www.google.com/bot.html)"
207.46.13.5 - - [05/Apr/2015:21:26:21 +0200] "GET /robots.txt HTTP/1.1" 404 1256 "-" "Mozilla/5.0 (compatible; bingbot/2.0; +http://www.bing.com/bingbot.htm)"
207.46.13.5 - - [05/Apr/2015:21:26:25 +0200] "GET / HTTP/1.1" 200 3632 "-" "Mozilla/5.0 (compatible; bingbot/2.0; +http://www.bing.com/bingbot.htm)"
199.30.24.207 - - [05/Apr/2015:21:26:26 +0200] "GET /js/libs/modernizr-2.5.3.min.js HTTP/1.1" 200 15274 "http://www.just-malerei.de/" "Mozilla/5.0 (Windows NT 6.1; WOW64) AppleWebKit/534+ (KHTML, like Gecko) BingPreview/1.0b"
199.30.24.207 - - [05/Apr/2015:21:26:26 +0200] "GET /css/style.css HTTP/1.1" 200 1159 "http://www.just-malerei.de/" "Mozilla/5.0 (Windows NT 6.1; WOW64) AppleWebKit/534+ (KHTML, like Gecko) BingPreview/1.0b"
199.30.24.207 - - [05/Apr/2015:21:26:27 +0200] "GET /js/plugins.js HTTP/1.1" 200 898 "http://www.just-malerei.de/" "Mozilla/5.0 (Windows NT 6.1; WOW64) AppleWebKit/534+ (KHTML, like Gecko) BingPreview/1.0b"
199.30.24.207 - - [05/Apr/2015:21:26:28 +0200] "GET /images/middle.png HTTP/1.1" 200 9561 "http://www.just-malerei.de/" "Mozilla/5.0 (Windows NT 6.1; WOW64) AppleWebKit/534+ (KHTML, like Gecko) BingPreview/1.0b"
199.30.24.207 - - [05/Apr/2015:21:26:27 +0200] "GET /images/header.png HTTP/1.1" 200 139455 "http://www.just-malerei.de/" "Mozilla/5.0 (Windows NT 6.1; WOW64) AppleWebKit/534+ (KHTML, like Gecko) BingPreview/1.0b"
199.30.24.207 - - [05/Apr/2015:21:26:28 +0200] "GET /images/footer.png HTTP/1.1" 200 148251 "http://www.just-malerei.de/" "Mozilla/5.0 (Windows NT 6.1; WOW64) AppleWebKit/534+ (KHTML, like Gecko) BingPreview/1.0b"
207.46.13.5 - - [05/Apr/2015:21:26:30 +0200] "GET /robots.txt HTTP/1.1" 404 1256 "-" "Mozilla/5.0 (compatible; bingbot/2.0; +http://www.bing.com/bingbot.htm)"
207.46.13.5 - - [05/Apr/2015:21:26:30 +0200] "GET /robots.txt HTTP/1.1" 404 1256 "-" "Mozilla/5.0 (compatible; bingbot/2.0; +http://www.bing.com/bingbot.htm)"
207.46.13.5 - - [05/Apr/2015:21:26:31 +0200] "GET /robots.txt HTTP/1.1" 404 1256 "-" "Mozilla/5.0 (compatible; bingbot/2.0; +http://www.bing.com/bingbot.htm)"
188.165.15.5 - - [06/Apr/2015:02:29:33 +0200] "GET /impressum.html HTTP/1.1" 200 4742 "-" "Mozilla/5.0 (compatible; AhrefsBot/5.0; +http://ahrefs.com/robot/)"
199.58.86.206 - - [06/Apr/2015:14:44:20 +0200] "GET /robots.txt HTTP/1.0" 404 1256 "-" "Mozilla/5.0 (compatible; MJ12bot/v1.4.5; http://www.majestic12.co.uk/bot.php?+)"
199.58.86.206 - - [06/Apr/2015:14:44:30 +0200] "GET / HTTP/1.0" 200 3632 "-" "Mozilla/5.0 (compatible; MJ12bot/v1.4.5; http://www.majestic12.co.uk/bot.php?+)"
66.249.78.10 - - [06/Apr/2015:17:55:56 +0200] "GET /robots.txt HTTP/1.1" 404 1256 "-" "Mozilla/5.0 (compatible; Googlebot/2.1; +http://www.google.com/bot.html)"
66.249.78.249 - - [06/Apr/2015:17:55:56 +0200] "GET / HTTP/1.1" 200 3632 "-" "Mozilla/5.0 (iPhone; CPU iPhone OS 6_0 like Mac OS X) AppleWebKit/536.26 (KHTML, like Gecko) Version/6.0 Mobile/10A5376e Safari/8536.25 (compatible; Googlebot/2.1; +http://www.google.com/bot.html)"
66.249.78.249 - - [06/Apr/2015:18:00:52 +0200] "GET /css/style.css HTTP/1.1" 200 1159 "-" "Mozilla/5.0 (compatible; Googlebot/2.1; +http://www.google.com/bot.html)"
66.249.78.10 - - [07/Apr/2015:11:22:58 +0200] "GET /robots.txt HTTP/1.1" 404 1256 "-" "Mozilla/5.0 (compatible; Googlebot/2.1; +http://www.google.com/bot.html)"
66.249.78.10 - - [07/Apr/2015:11:22:58 +0200] "GET / HTTP/1.1" 200 3632 "-" "Mozilla/5.0 (iPhone; CPU iPhone OS 6_0 like Mac OS X) AppleWebKit/536.26 (KHTML, like Gecko) Version/6.0 Mobile/10A5376e Safari/8536.25 (compatible; Googlebot/2.1; +http://www.google.com/bot.html)"
66.249.78.10 - - [07/Apr/2015:15:35:02 +0200] "GET / HTTP/1.1" 200 3632 "-" "Mozilla/5.0 (compatible; Googlebot/2.1; +http://www.google.com/bot.html)"
66.249.78.249 - - [07/Apr/2015:18:12:15 +0200] "GET / HTTP/1.1" 200 3632 "-" "Mozilla/5.0 (compatible; Googlebot/2.1; +http://www.google.com/bot.html)"
188.165.15.36 - - [08/Apr/2015:07:34:11 +0200] "GET /impressum.html HTTP/1.1" 200 4742 "-" "Mozilla/5.0 (compatible; AhrefsBot/5.0; +http://ahrefs.com/robot/)"
66.249.78.3 - - [08/Apr/2015:13:46:28 +0200] "GET /robots.txt HTTP/1.1" 404 1256 "-" "Mozilla/5.0 (compatible; Googlebot/2.1; +http://www.google.com/bot.html)"
66.249.78.249 - - [08/Apr/2015:13:46:28 +0200] "GET / HTTP/1.1" 200 3632 "-" "Mozilla/5.0 (iPhone; CPU iPhone OS 6_0 like Mac OS X) AppleWebKit/536.26 (KHTML, like Gecko) Version/6.0 Mobile/10A5376e Safari/8536.25 (compatible; Googlebot/2.1; +http://www.google.com/bot.html)"
104.131.210.116 - - [09/Apr/2015:02:58:15 +0200] "GET / HTTP/1.0" 200 3632 "-" "Mozilla/5.0 (compatible; NetcraftSurveyAgent/1.0; +info@netcraft.com)"
178.63.49.74 - - [09/Apr/2015:04:06:44 +0200] "GET / HTTP/1.1" 200 3632 "-" "Mozilla/5.0 (Windows; U; Windows NT 6.0; de; rv:1.8.1.3) Gecko/20070309 Firefox/2.0.0.3"
178.63.49.74 - - [09/Apr/2015:04:06:44 +0200] "GET /robots.txt HTTP/1.1" 404 1256 "-" "libwww-perl/6.05"
178.63.49.74 - - [09/Apr/2015:04:06:44 +0200] "GET / HTTP/1.1" 200 3632 "-" "Mozilla/5.0 (Windows; U; Windows NT 6.0; de; rv:1.8.1.3) Gecko/20070309 Firefox/2.0.0.3"
178.63.49.74 - - [09/Apr/2015:04:06:44 +0200] "GET /impressum.html HTTP/1.1" 200 4742 "http://www.just-malerei.de/" "Mozilla/5.0 (Windows; U; Windows NT 6.0; de; rv:1.8.1.3) Gecko/20070309 Firefox/2.0.0.3"
178.63.49.74 - - [09/Apr/2015:04:06:44 +0200] "GET /index.html HTTP/1.1" 200 3632 "http://www.just-malerei.de/impressum.html" "Mozilla/5.0 (Windows; U; Windows NT 6.0; de; rv:1.8.1.3) Gecko/20070309 Firefox/2.0.0.3"
178.63.49.74 - - [09/Apr/2015:04:06:44 +0200] "GET /kontakt.html HTTP/1.1" 200 4348 "http://www.just-malerei.de/index.html" "Mozilla/5.0 (Windows; U; Windows NT 6.0; de; rv:1.8.1.3) Gecko/20070309 Firefox/2.0.0.3"
188.165.15.36 - - [09/Apr/2015:06:57:32 +0200] "GET /kontakt.html HTTP/1.1" 200 4348 "-" "Mozilla/5.0 (compatible; AhrefsBot/5.0; +http://ahrefs.com/robot/)"
66.249.78.3 - - [09/Apr/2015:15:05:30 +0200] "GET /robots.txt HTTP/1.1" 404 1256 "-" "Mozilla/5.0 (compatible; Googlebot/2.1; +http://www.google.com/bot.html)"
66.249.78.3 - - [09/Apr/2015:15:05:30 +0200] "GET / HTTP/1.1" 200 3632 "-" "Mozilla/5.0 (iPhone; CPU iPhone OS 6_0 like Mac OS X) AppleWebKit/536.26 (KHTML, like Gecko) Version/6.0 Mobile/10A5376e Safari/8536.25 (compatible; Googlebot/2.1; +http://www.google.com/bot.html)"
52.28.48.148 - - [09/Apr/2015:20:30:37 +0200] "GET /robots.txt HTTP/1.0" 404 1256 "-" "BlackCatB/Nutch-1.10-SNAPSHOT"
52.28.48.148 - - [09/Apr/2015:20:30:37 +0200] "GET / HTTP/1.0" 200 3632 "-" "BlackCatB/Nutch-1.10-SNAPSHOT"
208.115.113.91 - - [09/Apr/2015:20:45:13 +0200] "GET /robots.txt HTTP/1.1" 404 1256 "-" "Mozilla/5.0 (compatible; DotBot/1.1; http://www.opensiteexplorer.org/dotbot, help@moz.com)"
208.115.113.91 - - [09/Apr/2015:22:01:06 +0200] "GET /impressum.html HTTP/1.1" 200 4742 "-" "Mozilla/5.0 (compatible; DotBot/1.1; http://www.opensiteexplorer.org/dotbot, help@moz.com)"
188.165.15.36 - - [10/Apr/2015:16:31:25 +0200] "GET /index.html HTTP/1.1" 200 3632 "-" "Mozilla/5.0 (compatible; AhrefsBot/5.0; +http://ahrefs.com/robot/)"
66.249.78.249 - - [10/Apr/2015:17:14:00 +0200] "GET /robots.txt HTTP/1.1" 404 1256 "-" "Mozilla/5.0 (compatible; Googlebot/2.1; +http://www.google.com/bot.html)"
66.249.78.10 - - [10/Apr/2015:17:14:00 +0200] "GET / HTTP/1.1" 200 3632 "-" "Mozilla/5.0 (iPhone; CPU iPhone OS 6_0 like Mac OS X) AppleWebKit/536.26 (KHTML, like Gecko) Version/6.0 Mobile/10A5376e Safari/8536.25 (compatible; Googlebot/2.1; +http://www.google.com/bot.html)"
66.249.78.249 - - [10/Apr/2015:17:20:11 +0200] "GET /js/libs/modernizr-2.5.3.min.js HTTP/1.1" 200 15274 "-" "Mozilla/5.0 (compatible; Googlebot/2.1; +http://www.google.com/bot.html)"
66.249.78.3 - - [10/Apr/2015:17:20:12 +0200] "GET /js/plugins.js HTTP/1.1" 200 898 "-" "Mozilla/5.0 (compatible; Googlebot/2.1; +http://www.google.com/bot.html)"
66.249.78.249 - - [10/Apr/2015:17:20:40 +0200] "GET /css/style.css HTTP/1.1" 200 1159 "-" "Mozilla/5.0 (compatible; Googlebot/2.1; +http://www.google.com/bot.html)"
208.115.111.75 - - [11/Apr/2015:02:44:06 +0200] "GET /robots.txt HTTP/1.1" 404 1256 "-" "Mozilla/5.0 (compatible; DotBot/1.1; http://www.opensiteexplorer.org/dotbot, help@moz.com)"
208.115.111.75 - - [11/Apr/2015:04:02:12 +0200] "GET /index.html HTTP/1.1" 200 3632 "-" "Mozilla/5.0 (compatible; DotBot/1.1; http://www.opensiteexplorer.org/dotbot, help@moz.com)"
68.180.228.33 - - [11/Apr/2015:14:12:22 +0200] "GET /robots.txt HTTP/1.1" 404 1256 "-" "Mozilla/5.0 (compatible; Yahoo! Slurp; http://help.yahoo.com/help/us/ysearch/slurp)"
68.180.228.33 - - [11/Apr/2015:14:12:22 +0200] "GET /kontakt.html HTTP/1.1" 200 4348 "-" "Mozilla/5.0 (compatible; Yahoo! Slurp; http://help.yahoo.com/help/us/ysearch/slurp)"
66.249.78.10 - - [11/Apr/2015:16:45:28 +0200] "GET /robots.txt HTTP/1.1" 404 1256 "-" "Mozilla/5.0 (compatible; Googlebot/2.1; +http://www.google.com/bot.html)"
66.249.78.249 - - [11/Apr/2015:16:45:28 +0200] "GET / HTTP/1.1" 200 3632 "-" "Mozilla/5.0 (iPhone; CPU iPhone OS 6_0 like Mac OS X) AppleWebKit/536.26 (KHTML, like Gecko) Version/6.0 Mobile/10A5376e Safari/8536.25 (compatible; Googlebot/2.1; +http://www.google.com/bot.html)"
66.249.78.10 - - [11/Apr/2015:16:50:28 +0200] "GET /js/plugins.js HTTP/1.1" 200 898 "-" "Mozilla/5.0 (compatible; Googlebot/2.1; +http://www.google.com/bot.html)"
66.249.78.10 - - [11/Apr/2015:16:50:29 +0200] "GET /css/style.css HTTP/1.1" 200 1159 "-" "Mozilla/5.0 (compatible; Googlebot/2.1; +http://www.google.com/bot.html)"
66.249.78.3 - - [11/Apr/2015:16:50:30 +0200] "GET /js/libs/modernizr-2.5.3.min.js HTTP/1.1" 200 15274 "-" "Mozilla/5.0 (compatible; Googlebot/2.1; +http://www.google.com/bot.html)"
66.249.78.249 - - [12/Apr/2015:09:35:10 +0200] "GET /robots.txt HTTP/1.1" 404 1256 "-" "Mozilla/5.0 (compatible; Googlebot/2.1; +http://www.google.com/bot.html)"
66.249.78.10 - - [12/Apr/2015:09:35:10 +0200] "GET / HTTP/1.1" 200 3632 "-" "Mozilla/5.0 (iPhone; CPU iPhone OS 6_0 like Mac OS X) AppleWebKit/536.26 (KHTML, like Gecko) Version/6.0 Mobile/10A5376e Safari/8536.25 (compatible; Googlebot/2.1; +http://www.google.com/bot.html)"
82.207.137.1 - - [12/Apr/2015:12:18:54 +0200] "GET / HTTP/1.1" 200 3632 "-" "User-Agent=Mozilla/5.0 (Macintosh; U; Intel Mac OS X 10.5; en-US; rv:1.9.1.5) Gecko/20091102 Firefox/3.5.7"
82.207.137.1 - - [12/Apr/2015:12:18:54 +0200] "GET /robots.txt HTTP/1.1" 404 1256 "-" "User-Agent=Mozilla/5.0 (Macintosh; U; Intel Mac OS X 10.5; en-US; rv:1.9.1.5) Gecko/20091102 Firefox/3.5.7"
82.207.137.1 - - [12/Apr/2015:12:18:55 +0200] "GET /impressum.html HTTP/1.1" 200 4742 "-" "User-Agent=Mozilla/5.0 (Macintosh; U; Intel Mac OS X 10.5; en-US; rv:1.9.1.5) Gecko/20091102 Firefox/3.5.7"
82.207.137.1 - - [12/Apr/2015:12:19:01 +0200] "GET /kontakt.html HTTP/1.1" 200 4348 "-" "User-Agent=Mozilla/5.0 (Macintosh; U; Intel Mac OS X 10.5; en-US; rv:1.9.1.5) Gecko/20091102 Firefox/3.5.7"
188.40.78.21 - - [12/Apr/2015:14:18:23 +0200] "GET /impressum.html HTTP/1.0" 200 4742 "-" "-"
66.249.78.3 - - [13/Apr/2015:10:30:17 +0200] "GET /robots.txt HTTP/1.1" 404 1256 "-" "Mozilla/5.0 (compatible; Googlebot/2.1; +http://www.google.com/bot.html)"
66.249.78.3 - - [13/Apr/2015:10:30:17 +0200] "GET / HTTP/1.1" 200 3632 "-" "Mozilla/5.0 (iPhone; CPU iPhone OS 6_0 like Mac OS X) AppleWebKit/536.26 (KHTML, like Gecko) Version/6.0 Mobile/10A5376e Safari/8536.25 (compatible; Googlebot/2.1; +http://www.google.com/bot.html)"
68.180.228.33 - - [14/Apr/2015:03:18:55 +0200] "GET /robots.txt HTTP/1.1" 404 1256 "-" "Mozilla/5.0 (compatible; Yahoo! Slurp; http://help.yahoo.com/help/us/ysearch/slurp)"
68.180.228.33 - - [14/Apr/2015:03:18:56 +0200] "GET / HTTP/1.1" 200 3632 "-" "Mozilla/5.0 (compatible; Yahoo! Slurp; http://help.yahoo.com/help/us/ysearch/slurp)"
68.180.228.33 - - [14/Apr/2015:03:20:45 +0200] "GET /impressum.html HTTP/1.1" 200 4742 "-" "Mozilla/5.0 (compatible; Yahoo! Slurp; http://help.yahoo.com/help/us/ysearch/slurp)"
68.180.228.33 - - [14/Apr/2015:03:22:59 +0200] "GET /index.html HTTP/1.1" 200 3632 "-" "Mozilla/5.0 (compatible; Yahoo! Slurp; http://help.yahoo.com/help/us/ysearch/slurp)"
68.180.228.33 - - [14/Apr/2015:03:25:38 +0200] "GET /kontakt.html HTTP/1.1" 304 - "-" "Mozilla/5.0 (compatible; Yahoo! Slurp; http://help.yahoo.com/help/us/ysearch/slurp)"
208.115.111.75 - - [14/Apr/2015:06:47:40 +0200] "GET /robots.txt HTTP/1.1" 404 1256 "-" "Mozilla/5.0 (compatible; DotBot/1.1; http://www.opensiteexplorer.org/dotbot, help@moz.com)"
208.115.111.75 - - [14/Apr/2015:08:04:12 +0200] "GET / HTTP/1.1" 200 3632 "-" "Mozilla/5.0 (compatible; DotBot/1.1; http://www.opensiteexplorer.org/dotbot, help@moz.com)"
66.249.78.3 - - [14/Apr/2015:09:31:47 +0200] "GET /robots.txt HTTP/1.1" 404 1256 "-" "Mozilla/5.0 (compatible; Googlebot/2.1; +http://www.google.com/bot.html)"
66.249.78.10 - - [14/Apr/2015:09:31:47 +0200] "GET /mobile/ HTTP/1.1" 404 1256 "-" "Mozilla/5.0 (compatible; Googlebot/2.1; +http://www.google.com/bot.html)"
82.208.160.180 - - [14/Apr/2015:12:40:42 +0200] "GET / HTTP/1.1" 200 3632 "-" "Mozilla/5.0 (X11; Ubuntu; Linux x86_64; rv:37.0) Gecko/20100101 Firefox/37.0"
82.208.160.180 - - [14/Apr/2015:12:40:43 +0200] "GET /css/style.css HTTP/1.1" 200 1159 "http://www.just-malerei.de/" "Mozilla/5.0 (X11; Ubuntu; Linux x86_64; rv:37.0) Gecko/20100101 Firefox/37.0"
82.208.160.180 - - [14/Apr/2015:12:40:43 +0200] "GET /js/libs/modernizr-2.5.3.min.js HTTP/1.1" 200 15274 "http://www.just-malerei.de/" "Mozilla/5.0 (X11; Ubuntu; Linux x86_64; rv:37.0) Gecko/20100101 Firefox/37.0"
82.208.160.180 - - [14/Apr/2015:12:40:43 +0200] "GET /js/plugins.js HTTP/1.1" 200 898 "http://www.just-malerei.de/" "Mozilla/5.0 (X11; Ubuntu; Linux x86_64; rv:37.0) Gecko/20100101 Firefox/37.0"
82.208.160.180 - - [14/Apr/2015:12:40:43 +0200] "GET /images/middle.png HTTP/1.1" 200 9561 "http://www.just-malerei.de/css/style.css" "Mozilla/5.0 (X11; Ubuntu; Linux x86_64; rv:37.0) Gecko/20100101 Firefox/37.0"
82.208.160.180 - - [14/Apr/2015:12:40:43 +0200] "GET /images/header.png HTTP/1.1" 200 139455 "http://www.just-malerei.de/css/style.css" "Mozilla/5.0 (X11; Ubuntu; Linux x86_64; rv:37.0) Gecko/20100101 Firefox/37.0"
82.208.160.180 - - [14/Apr/2015:12:40:43 +0200] "GET /images/footer.png HTTP/1.1" 200 148251 "http://www.just-malerei.de/css/style.css" "Mozilla/5.0 (X11; Ubuntu; Linux x86_64; rv:37.0) Gecko/20100101 Firefox/37.0"
82.208.160.180 - - [14/Apr/2015:12:40:44 +0200] "GET /favicon.ico HTTP/1.1" 200 93062 "-" "Mozilla/5.0 (X11; Ubuntu; Linux x86_64; rv:37.0) Gecko/20100101 Firefox/37.0"
66.249.64.15 - - [14/Apr/2015:14:33:35 +0200] "GET /m/ HTTP/1.1" 404 1256 "-" "Mozilla/5.0 (compatible; Googlebot/2.1; +http://www.google.com/bot.html)"
52.28.48.148 - - [14/Apr/2015:21:54:47 +0200] "GET /robots.txt HTTP/1.0" 404 1256 "-" "BlackCatB/Nutch-1.10-SNAPSHOT"
52.28.48.148 - - [14/Apr/2015:21:54:47 +0200] "GET /impressum.html HTTP/1.0" 200 4742 "-" "BlackCatB/Nutch-1.10-SNAPSHOT"
78.54.23.94 - - [14/Apr/2015:22:10:43 +0200] "GET / HTTP/1.1" 200 3632 "-" "UserAgent: Apache-HttpClient/release (java 1.5)"
78.54.23.94 - - [14/Apr/2015:22:10:44 +0200] "GET /impressum.html HTTP/1.1" 200 4742 "-" "UserAgent: Apache-HttpClient/release (java 1.5)"
52.28.48.148 - - [14/Apr/2015:22:57:34 +0200] "GET /robots.txt HTTP/1.0" 404 1256 "-" "BlackCatB/Nutch-1.10-SNAPSHOT"
52.28.48.148 - - [14/Apr/2015:22:57:34 +0200] "GET /impressum.html HTTP/1.0" 200 4742 "-" "BlackCatB/Nutch-1.10-SNAPSHOT"
52.28.48.148 - - [14/Apr/2015:23:48:25 +0200] "GET /robots.txt HTTP/1.0" 404 1256 "-" "BlackCatB/Nutch-1.10-SNAPSHOT"
52.28.48.148 - - [14/Apr/2015:23:48:25 +0200] "GET /impressum.html HTTP/1.0" 200 4742 "-" "BlackCatB/Nutch-1.10-SNAPSHOT"
66.249.64.15 - - [15/Apr/2015:00:36:30 +0200] "GET /robots.txt HTTP/1.1" 404 1256 "-" "Mozilla/5.0 (compatible; Googlebot/2.1; +http://www.google.com/bot.html)"
66.249.78.3 - - [15/Apr/2015:00:36:30 +0200] "GET / HTTP/1.1" 200 3632 "-" "Mozilla/5.0 (iPhone; CPU iPhone OS 6_0 like Mac OS X) AppleWebKit/536.26 (KHTML, like Gecko) Version/6.0 Mobile/10A5376e Safari/8536.25 (compatible; Googlebot/2.1; +http://www.google.com/bot.html)"
66.249.78.249 - - [15/Apr/2015:00:39:28 +0200] "GET /css/style.css HTTP/1.1" 200 1159 "-" "Mozilla/5.0 (compatible; Googlebot/2.1; +http://www.google.com/bot.html)"
52.28.48.148 - - [15/Apr/2015:00:52:01 +0200] "GET /robots.txt HTTP/1.0" 404 1256 "-" "BlackCatB/Nutch-1.10-SNAPSHOT"
52.28.48.148 - - [15/Apr/2015:00:52:01 +0200] "GET /impressum.html HTTP/1.0" 200 4742 "-" "BlackCatB/Nutch-1.10-SNAPSHOT"
66.249.78.10 - - [15/Apr/2015:08:10:56 +0200] "GET /mobile/ HTTP/1.1" 404 1256 "-" "Mozilla/5.0 (iPhone; CPU iPhone OS 6_0 like Mac OS X) AppleWebKit/536.26 (KHTML, like Gecko) Version/6.0 Mobile/10A5376e Safari/8536.25 (compatible; Googlebot/2.1; +http://www.google.com/bot.html)"
188.165.15.10 - - [15/Apr/2015:12:12:47 +0200] "GET /index.html HTTP/1.1" 200 3632 "-" "Mozilla/5.0 (compatible; AhrefsBot/5.0; +http://ahrefs.com/robot/)"
208.115.111.75 - - [15/Apr/2015:14:47:53 +0200] "GET /robots.txt HTTP/1.1" 404 1256 "-" "Mozilla/5.0 (compatible; DotBot/1.1; http://www.opensiteexplorer.org/dotbot, help@moz.com)"
208.115.111.75 - - [15/Apr/2015:16:00:51 +0200] "GET /kontakt.html HTTP/1.1" 200 4348 "-" "Mozilla/5.0 (compatible; DotBot/1.1; http://www.opensiteexplorer.org/dotbot, help@moz.com)"
66.249.64.5 - - [16/Apr/2015:02:59:07 +0200] "GET /robots.txt HTTP/1.1" 404 1256 "-" "Mozilla/5.0 (compatible; Googlebot/2.1; +http://www.google.com/bot.html)"
66.249.78.3 - - [16/Apr/2015:02:59:08 +0200] "GET / HTTP/1.1" 200 3632 "-" "Mozilla/5.0 (compatible; Googlebot/2.1; +http://www.google.com/bot.html)"
66.249.64.7 - - [16/Apr/2015:03:34:59 +0200] "GET / HTTP/1.1" 200 3632 "-" "Mozilla/5.0 (iPhone; CPU iPhone OS 6_0 like Mac OS X) AppleWebKit/536.26 (KHTML, like Gecko) Version/6.0 Mobile/10A5376e Safari/8536.25 (compatible; Googlebot/2.1; +http://www.google.com/bot.html)"
66.249.78.249 - - [16/Apr/2015:08:47:25 +0200] "GET / HTTP/1.1" 200 3632 "-" "Mozilla/5.0 (compatible; Googlebot/2.1; +http://www.google.com/bot.html)"
195.63.184.89 - - [16/Apr/2015:12:13:29 +0200] "GET /impressum.html HTTP/1.1" 200 4742 "http://www.google.de/url?sa=t&rct=j&q=&esrc=s&source=web&cd=3&ved=0CC8QFjAC&url=http%3A%2F%2Fwww.just-malerei.de%2Fimpressum.html&ei=H4svVdm8A8rUapv3gNgP&usg=AFQjCNGdgvJq6FC-FjAWFIxOe3wgEM4Omw&sig2=YevrYGVSNv5dvphyQcHAxg" "Mozilla/5.0 (Windows NT 6.1; Trident/7.0; rv:11.0) like Gecko"
195.63.184.89 - - [16/Apr/2015:12:13:29 +0200] "GET /css/style.css HTTP/1.1" 200 1159 "http://www.just-malerei.de/impressum.html" "Mozilla/5.0 (Windows NT 6.1; Trident/7.0; rv:11.0) like Gecko"
195.63.184.89 - - [16/Apr/2015:12:13:30 +0200] "GET /js/libs/modernizr-2.5.3.min.js HTTP/1.1" 200 15274 "http://www.just-malerei.de/impressum.html" "Mozilla/5.0 (Windows NT 6.1; Trident/7.0; rv:11.0) like Gecko"
195.63.184.89 - - [16/Apr/2015:12:13:30 +0200] "GET /js/plugins.js HTTP/1.1" 200 898 "http://www.just-malerei.de/impressum.html" "Mozilla/5.0 (Windows NT 6.1; Trident/7.0; rv:11.0) like Gecko"
195.63.184.89 - - [16/Apr/2015:12:13:30 +0200] "GET /images/header.png HTTP/1.1" 200 139455 "http://www.just-malerei.de/impressum.html" "Mozilla/5.0 (Windows NT 6.1; Trident/7.0; rv:11.0) like Gecko"
195.63.184.89 - - [16/Apr/2015:12:13:30 +0200] "GET /images/middle1.png HTTP/1.1" 200 240127 "http://www.just-malerei.de/impressum.html" "Mozilla/5.0 (Windows NT 6.1; Trident/7.0; rv:11.0) like Gecko"
195.63.184.89 - - [16/Apr/2015:12:13:33 +0200] "GET /favicon.ico HTTP/1.1" 200 93062 "-" "Mozilla/5.0 (Windows NT 6.1; Trident/7.0; rv:11.0) like Gecko"
195.63.184.89 - - [16/Apr/2015:12:13:44 +0200] "GET /index.html HTTP/1.1" 200 3632 "http://www.just-malerei.de/impressum.html" "Mozilla/5.0 (Windows NT 6.1; Trident/7.0; rv:11.0) like Gecko"
195.63.184.89 - - [16/Apr/2015:12:13:45 +0200] "GET /images/middle.png HTTP/1.1" 200 9561 "http://www.just-malerei.de/index.html" "Mozilla/5.0 (Windows NT 6.1; Trident/7.0; rv:11.0) like Gecko"
195.63.184.89 - - [16/Apr/2015:12:13:45 +0200] "GET /images/footer.png HTTP/1.1" 200 148251 "http://www.just-malerei.de/index.html" "Mozilla/5.0 (Windows NT 6.1; Trident/7.0; rv:11.0) like Gecko"
66.249.78.3 - - [16/Apr/2015:17:22:59 +0200] "GET /robots.txt HTTP/1.1" 404 1256 "-" "Mozilla/5.0 (compatible; Googlebot/2.1; +http://www.google.com/bot.html)"
66.249.78.3 - - [16/Apr/2015:17:22:59 +0200] "GET /m/ HTTP/1.1" 404 1256 "-" "Mozilla/5.0 (iPhone; CPU iPhone OS 6_0 like Mac OS X) AppleWebKit/536.26 (KHTML, like Gecko) Version/6.0 Mobile/10A5376e Safari/8536.25 (compatible; Googlebot/2.1; +http://www.google.com/bot.html)"
66.249.78.10 - - [16/Apr/2015:21:06:33 +0200] "GET /mobile/ HTTP/1.1" 404 1256 "-" "Mozilla/5.0 (iPhone; CPU iPhone OS 6_0 like Mac OS X) AppleWebKit/536.26 (KHTML, like Gecko) Version/6.0 Mobile/10A5376e Safari/8536.25 (compatible; Googlebot/2.1; +http://www.google.com/bot.html)"
162.210.196.98 - - [16/Apr/2015:23:12:42 +0200] "GET /robots.txt HTTP/1.0" 404 1256 "-" "Mozilla/5.0 (compatible; MJ12bot/v1.4.5; http://www.majestic12.co.uk/bot.php?+)"
162.210.196.98 - - [16/Apr/2015:23:12:44 +0200] "GET /impressum.html HTTP/1.0" 200 4742 "-" "Mozilla/5.0 (compatible; MJ12bot/v1.4.5; http://www.majestic12.co.uk/bot.php?+)"
207.46.13.65 - - [17/Apr/2015:04:17:06 +0200] "GET /robots.txt HTTP/1.1" 404 1256 "-" "Mozilla/5.0 (compatible; bingbot/2.0; +http://www.bing.com/bingbot.htm)"
207.46.13.65 - - [17/Apr/2015:04:17:21 +0200] "GET / HTTP/1.1" 200 3632 "-" "Mozilla/5.0 (compatible; bingbot/2.0; +http://www.bing.com/bingbot.htm)"
207.46.13.140 - - [17/Apr/2015:04:17:47 +0200] "GET /js/libs/modernizr-2.5.3.min.js HTTP/1.1" 200 15274 "-" "Mozilla/5.0 (compatible; bingbot/2.0; +http://www.bing.com/bingbot.htm)"
207.46.13.87 - - [17/Apr/2015:04:17:51 +0200] "GET /css/style.css HTTP/1.1" 200 1159 "-" "Mozilla/5.0 (compatible; bingbot/2.0; +http://www.bing.com/bingbot.htm)"
207.46.13.87 - - [17/Apr/2015:04:17:51 +0200] "GET /js/plugins.js HTTP/1.1" 200 898 "-" "Mozilla/5.0 (compatible; bingbot/2.0; +http://www.bing.com/bingbot.htm)"
66.249.78.3 - - [17/Apr/2015:04:19:11 +0200] "GET / HTTP/1.1" 200 3632 "-" "Mozilla/5.0 (iPhone; CPU iPhone OS 6_0 like Mac OS X) AppleWebKit/536.26 (KHTML, like Gecko) Version/6.0 Mobile/10A5376e Safari/8536.25 (compatible; Googlebot/2.1; +http://www.google.com/bot.html)"
207.46.13.65 - - [17/Apr/2015:04:19:28 +0200] "GET /robots.txt HTTP/1.1" 404 1256 "-" "Mozilla/5.0 (compatible; bingbot/2.0; +http://www.bing.com/bingbot.htm)"
52.28.48.148 - - [17/Apr/2015:11:22:35 +0200] "GET /index.html HTTP/1.0" 200 3632 "-" "BlackCatB/Nutch-1.10-SNAPSHOT"
52.28.48.148 - - [17/Apr/2015:12:27:25 +0200] "GET /kontakt.html HTTP/1.0" 200 4348 "-" "BlackCatB/Nutch-1.10-SNAPSHOT"
108.59.8.70 - - [17/Apr/2015:16:41:07 +0200] "GET /robots.txt HTTP/1.0" 404 1256 "-" "Mozilla/5.0 (compatible; MJ12bot/v1.4.5; http://www.majestic12.co.uk/bot.php?+)"
108.59.8.70 - - [17/Apr/2015:16:41:09 +0200] "GET /kontakt.html HTTP/1.0" 200 4348 "-" "Mozilla/5.0 (compatible; MJ12bot/v1.4.5; http://www.majestic12.co.uk/bot.php?+)"
78.46.36.226 - - [17/Apr/2015:23:51:32 +0200] "GET /robots.txt HTTP/1.1" 404 1256 "-" "Mozilla/5.0 (Windows; U; Windows NT 5.1; rv:1.7.3) Gecko/20041001 Firefox/0.10.1"
66.249.78.3 - - [18/Apr/2015:04:33:40 +0200] "GET /robots.txt HTTP/1.1" 404 1256 "-" "Mozilla/5.0 (compatible; Googlebot/2.1; +http://www.google.com/bot.html)"
66.249.78.249 - - [18/Apr/2015:04:33:40 +0200] "GET /m/ HTTP/1.1" 404 1256 "-" "Mozilla/5.0 (iPhone; CPU iPhone OS 6_0 like Mac OS X) AppleWebKit/536.26 (KHTML, like Gecko) Version/6.0 Mobile/10A5376e Safari/8536.25 (compatible; Googlebot/2.1; +http://www.google.com/bot.html)"
52.28.48.148 - - [18/Apr/2015:10:24:26 +0200] "GET /captcha/captcha.php HTTP/1.0" 200 4418 "-" "BlackCatB/Nutch-1.10-SNAPSHOT"
5.9.17.118 - - [18/Apr/2015:14:48:17 +0200] "GET / HTTP/1.1" 200 3632 "-" "Mozilla/5.0 (compatible; Windows; U; Windows NT 6.2; WOW64; en-US; rv:12.0) Gecko/20120403211507 Firefox/12.0"
136.243.17.161 - - [18/Apr/2015:14:48:20 +0200] "GET /impressum.html HTTP/1.1" 200 4742 "-" "Mozilla/5.0 (Windows NT 6.1; WOW64) AppleWebKit/537.31 (KHTML, like Gecko) Chrome/26.0.1410.64 Safari/537.31"
5.9.17.118 - - [18/Apr/2015:14:48:30 +0200] "GET / HTTP/1.1" 200 3632 "-" "Mozilla/5.0 (Windows NT 6.1; WOW64) AppleWebKit/537.11 (KHTML, like Gecko) Chrome/23.0.1271.97 Safari/537.11"
188.40.112.210 - - [18/Apr/2015:14:48:31 +0200] "GET / HTTP/1.1" 200 3632 "-" "Mozilla/5.0 (Macintosh; Intel Mac OS X 10.8; rv:21.0) Gecko/20100101 Firefox/21.0"
66.249.64.7 - - [19/Apr/2015:02:20:41 +0200] "GET /robots.txt HTTP/1.1" 404 1256 "-" "Mozilla/5.0 (compatible; Googlebot/2.1; +http://www.google.com/bot.html)"
66.249.78.249 - - [19/Apr/2015:02:20:41 +0200] "GET / HTTP/1.1" 200 3632 "-" "Mozilla/5.0 (iPhone; CPU iPhone OS 6_0 like Mac OS X) AppleWebKit/536.26 (KHTML, like Gecko) Version/6.0 Mobile/10A5376e Safari/8536.25 (compatible; Googlebot/2.1; +http://www.google.com/bot.html)"
66.249.78.3 - - [19/Apr/2015:02:32:43 +0200] "GET /css/style.css HTTP/1.1" 200 1159 "-" "Mozilla/5.0 (compatible; Googlebot/2.1; +http://www.google.com/bot.html)"
84.139.133.27 - - [19/Apr/2015:23:54:36 +0200] "GET / HTTP/1.1" 200 3632 "http://web2.cylex.de/reviews/viewcompanywebsite.aspx?firmaName=facon-fassadenconzepte-gmbh&companyId=7455858" "Mozilla/5.0 (iPhone; CPU iPhone OS 8_2 like Mac OS X) AppleWebKit/600.1.4 (KHTML, like Gecko) Version/8.0 Mobile/12D508 Safari/600.1.4"
84.139.133.27 - - [19/Apr/2015:23:54:36 +0200] "GET /css/style.css HTTP/1.1" 200 1159 "http://www.just-malerei.de/" "Mozilla/5.0 (iPhone; CPU iPhone OS 8_2 like Mac OS X) AppleWebKit/600.1.4 (KHTML, like Gecko) Version/8.0 Mobile/12D508 Safari/600.1.4"
84.139.133.27 - - [19/Apr/2015:23:54:36 +0200] "GET /js/libs/modernizr-2.5.3.min.js HTTP/1.1" 200 15274 "http://www.just-malerei.de/" "Mozilla/5.0 (iPhone; CPU iPhone OS 8_2 like Mac OS X) AppleWebKit/600.1.4 (KHTML, like Gecko) Version/8.0 Mobile/12D508 Safari/600.1.4"
84.139.133.27 - - [19/Apr/2015:23:54:36 +0200] "GET /js/plugins.js HTTP/1.1" 200 898 "http://www.just-malerei.de/" "Mozilla/5.0 (iPhone; CPU iPhone OS 8_2 like Mac OS X) AppleWebKit/600.1.4 (KHTML, like Gecko) Version/8.0 Mobile/12D508 Safari/600.1.4"
84.139.133.27 - - [19/Apr/2015:23:54:37 +0200] "GET /images/middle.png HTTP/1.1" 200 9561 "http://www.just-malerei.de/" "Mozilla/5.0 (iPhone; CPU iPhone OS 8_2 like Mac OS X) AppleWebKit/600.1.4 (KHTML, like Gecko) Version/8.0 Mobile/12D508 Safari/600.1.4"
84.139.133.27 - - [19/Apr/2015:23:54:37 +0200] "GET /images/header.png HTTP/1.1" 200 139455 "http://www.just-malerei.de/" "Mozilla/5.0 (iPhone; CPU iPhone OS 8_2 like Mac OS X) AppleWebKit/600.1.4 (KHTML, like Gecko) Version/8.0 Mobile/12D508 Safari/600.1.4"
84.139.133.27 - - [19/Apr/2015:23:54:37 +0200] "GET /images/footer.png HTTP/1.1" 200 148251 "http://www.just-malerei.de/" "Mozilla/5.0 (iPhone; CPU iPhone OS 8_2 like Mac OS X) AppleWebKit/600.1.4 (KHTML, like Gecko) Version/8.0 Mobile/12D508 Safari/600.1.4"
199.58.86.206 - - [20/Apr/2015:00:10:03 +0200] "GET /robots.txt HTTP/1.0" 404 1256 "-" "Mozilla/5.0 (compatible; MJ12bot/v1.4.5; http://www.majestic12.co.uk/bot.php?+)"
199.58.86.206 - - [20/Apr/2015:00:10:05 +0200] "GET /index.html HTTP/1.0" 200 3632 "-" "Mozilla/5.0 (compatible; MJ12bot/v1.4.5; http://www.majestic12.co.uk/bot.php?+)"
64.246.165.10 - - [20/Apr/2015:06:01:35 +0200] "GET /robots.txt HTTP/1.0" 404 1256 "-" "Mozilla/5.0 (Windows; U; Windows NT 5.1; en; rv:1.9.0.13) Gecko/2009073022 Firefox/3.5.2 (.NET CLR 3.5.30729) SurveyBot/2.3 (DomainTools)"
64.246.165.10 - - [20/Apr/2015:06:01:35 +0200] "GET / HTTP/1.1" 200 3632 "http://whois.domaintools.com/just-malerei.de" "Mozilla/5.0 (Windows; U; Windows NT 5.1; en; rv:1.9.0.13) Gecko/2009073022 Firefox/3.5.2 (.NET CLR 3.5.30729) SurveyBot/2.3 (DomainTools)"
108.59.8.70 - - [20/Apr/2015:10:44:35 +0200] "GET /robots.txt HTTP/1.0" 404 1256 "-" "Mozilla/5.0 (compatible; MJ12bot/v1.4.5; http://www.majestic12.co.uk/bot.php?+)"
108.59.8.70 - - [20/Apr/2015:10:44:37 +0200] "GET / HTTP/1.0" 200 3632 "-" "Mozilla/5.0 (compatible; MJ12bot/v1.4.5; http://www.majestic12.co.uk/bot.php?+)"
84.139.133.27 - - [20/Apr/2015:16:20:14 +0200] "GET / HTTP/1.1" 200 3632 "http://web2.cylex.de/reviews/viewcompanywebsite.aspx?firmaName=facon-fassadenconzepte-gmbh&companyId=7455858" "Mozilla/5.0 (iPhone; CPU iPhone OS 8_2 like Mac OS X) AppleWebKit/600.1.4 (KHTML, like Gecko) Version/8.0 Mobile/12D508 Safari/600.1.4"
66.249.73.158 - - [22/Apr/2015:11:37:04 +0200] "GET /robots.txt HTTP/1.1" 404 1256 "-" "Mozilla/5.0 (compatible; Googlebot/2.1; +http://www.google.com/bot.html)"
66.249.73.166 - - [22/Apr/2015:11:37:04 +0200] "GET / HTTP/1.1" 200 3632 "-" "Mozilla/5.0 (compatible; Googlebot/2.1; +http://www.google.com/bot.html)"
66.249.73.158 - - [22/Apr/2015:11:39:13 +0200] "GET /js/plugins.js HTTP/1.1" 200 898 "-" "Mozilla/5.0 (compatible; Googlebot/2.1; +http://www.google.com/bot.html)"
66.249.73.166 - - [22/Apr/2015:11:39:14 +0200] "GET /css/style.css HTTP/1.1" 200 1159 "-" "Mozilla/5.0 (compatible; Googlebot/2.1; +http://www.google.com/bot.html)"
66.249.73.158 - - [22/Apr/2015:11:39:15 +0200] "GET /js/libs/modernizr-2.5.3.min.js HTTP/1.1" 200 15274 "-" "Mozilla/5.0 (compatible; Googlebot/2.1; +http://www.google.com/bot.html)"
54.80.176.94 - - [22/Apr/2015:14:56:54 +0200] "GET /robots.txt HTTP/1.0" 404 1256 "-" "InsideView/Nutch-1.5.1"
54.80.176.94 - - [22/Apr/2015:14:56:55 +0200] "GET / HTTP/1.0" 200 3632 "-" "InsideView/Nutch-1.5.1"
23.22.96.2 - - [22/Apr/2015:17:53:37 +0200] "GET /robots.txt HTTP/1.0" 404 1256 "-" "InsideView/Nutch-1.5.1"
23.22.96.2 - - [22/Apr/2015:17:53:37 +0200] "GET /js/plugins.js HTTP/1.0" 200 898 "-" "InsideView/Nutch-1.5.1"
23.22.96.2 - - [22/Apr/2015:21:35:55 +0200] "GET /kontakt.html HTTP/1.0" 200 4348 "-" "InsideView/Nutch-1.5.1"
66.249.73.174 - - [22/Apr/2015:21:39:16 +0200] "GET / HTTP/1.1" 200 3632 "-" "Mozilla/5.0 (iPhone; CPU iPhone OS 6_0 like Mac OS X) AppleWebKit/536.26 (KHTML, like Gecko) Version/6.0 Mobile/10A5376e Safari/8536.25 (compatible; Googlebot/2.1; +http://www.google.com/bot.html)"
23.22.96.2 - - [22/Apr/2015:21:58:36 +0200] "GET /js/libs/modernizr-2.5.3.min.js HTTP/1.0" 200 15274 "-" "InsideView/Nutch-1.5.1"
209.249.5.245 - - [23/Apr/2015:12:55:54 +0200] "GET /robots.txt HTTP/1.1" 404 1256 "-" "rogerbot/1.0 (http://moz.com/help/pro/what-is-rogerbot-, rogerbot-wherecat@moz.com)"
209.249.5.245 - - [23/Apr/2015:12:55:54 +0200] "GET / HTTP/1.1" 200 3632 "-" "rogerbot/1.0 (http://moz.com/help/pro/what-is-rogerbot-, rogerbot-wherecat@moz.com)"
209.249.5.245 - - [23/Apr/2015:12:55:56 +0200] "GET /index.html HTTP/1.1" 200 3632 "-" "rogerbot/1.0 (http://moz.com/help/pro/what-is-rogerbot-, rogerbot-wherecat@moz.com)"
209.249.5.245 - - [23/Apr/2015:12:55:58 +0200] "GET /kontakt.html HTTP/1.1" 200 4348 "-" "rogerbot/1.0 (http://moz.com/help/pro/what-is-rogerbot-, rogerbot-wherecat@moz.com)"
209.249.5.245 - - [23/Apr/2015:12:56:01 +0200] "GET /impressum.html HTTP/1.1" 200 4742 "-" "rogerbot/1.0 (http://moz.com/help/pro/what-is-rogerbot-, rogerbot-wherecat@moz.com)"
93.186.202.239 - - [23/Apr/2015:15:10:00 +0200] "GET /impressum.html HTTP/1.1" 200 4742 "-" "Mozilla/5.0 (Windows NT 6.1; rv:12.0) Gecko/20120403211507 Firefox/12.0"
93.186.202.239 - - [23/Apr/2015:15:10:01 +0200] "GET / HTTP/1.1" 200 3632 "-" "Mozilla/5.0 (Windows NT 5.1) AppleWebKit/537.36 (KHTML, like Gecko) Chrome/27.0.1453.94 Safari/537.36"
93.186.202.239 - - [23/Apr/2015:15:10:01 +0200] "GET /kontakt.html HTTP/1.1" 200 4348 "-" "Mozilla/5.0 (Windows NT 6.1; WOW64) AppleWebKit/537.36 (KHTML, like Gecko) Chrome/27.0.1453.93 Safari/537.36"
157.55.39.253 - - [24/Apr/2015:10:43:55 +0200] "GET /robots.txt HTTP/1.1" 404 1256 "-" "Mozilla/5.0 (compatible; bingbot/2.0; +http://www.bing.com/bingbot.htm)"
157.55.39.253 - - [24/Apr/2015:10:43:58 +0200] "GET /kontakt.html HTTP/1.1" 304 - "-" "Mozilla/5.0 (compatible; bingbot/2.0; +http://www.bing.com/bingbot.htm)"
208.115.113.91 - - [25/Apr/2015:00:55:14 +0200] "GET /robots.txt HTTP/1.1" 404 1256 "-" "Mozilla/5.0 (compatible; DotBot/1.1; http://www.opensiteexplorer.org/dotbot, help@moz.com)"
208.115.113.91 - - [25/Apr/2015:02:04:38 +0200] "GET /impressum.html HTTP/1.1" 200 4742 "-" "Mozilla/5.0 (compatible; DotBot/1.1; http://www.opensiteexplorer.org/dotbot, help@moz.com)"
185.48.117.202 - - [25/Apr/2015:10:02:25 +0200] "GET /kontakt.html HTTP/1.1" 200 4348 "-" "Mozilla/5.0 (X11; Linux i686) AppleWebKit/535.21 (KHTML, like Gecko) Chrome/19.0.1041.0 Safari/535.21"
185.48.117.124 - - [25/Apr/2015:10:18:34 +0200] "GET /impressum.html HTTP/1.1" 200 4742 "-" "Mozilla/4.0 (compatible; MSIE 8.0; Windows NT 6.0; Trident/4.0; SLCC1;)"
66.249.69.7 - - [26/Apr/2015:08:04:00 +0200] "GET /robots.txt HTTP/1.1" 404 1256 "-" "Mozilla/5.0 (compatible; Googlebot/2.1; +http://www.google.com/bot.html)"
66.249.69.127 - - [26/Apr/2015:08:04:00 +0200] "GET / HTTP/1.1" 200 3632 "-" "Mozilla/5.0 (iPhone; CPU iPhone OS 6_0 like Mac OS X) AppleWebKit/536.26 (KHTML, like Gecko) Version/6.0 Mobile/10A5376e Safari/8536.25 (compatible; Googlebot/2.1; +http://www.google.com/bot.html)"
66.249.69.7 - - [26/Apr/2015:08:11:04 +0200] "GET /css/style.css HTTP/1.1" 200 1159 "-" "Mozilla/5.0 (compatible; Googlebot/2.1; +http://www.google.com/bot.html)"
52.28.68.99 - - [26/Apr/2015:19:30:13 +0200] "GET / HTTP/1.0" 200 3632 "-" "BlackCatB/Nutch-1.10-SNAPSHOT"
188.165.15.59 - - [26/Apr/2015:23:20:30 +0200] "GET /robots.txt HTTP/1.1" 404 1256 "-" "Mozilla/5.0 (compatible; AhrefsBot/5.0; +http://ahrefs.com/robot/)"
66.249.78.3 - - [27/Apr/2015:07:10:25 +0200] "GET /robots.txt HTTP/1.1" 404 1256 "-" "Mozilla/5.0 (compatible; Googlebot/2.1; +http://www.google.com/bot.html)"
66.249.78.3 - - [27/Apr/2015:07:10:25 +0200] "GET / HTTP/1.1" 200 3632 "-" "Mozilla/5.0 (iPhone; CPU iPhone OS 6_0 like Mac OS X) AppleWebKit/536.26 (KHTML, like Gecko) Version/6.0 Mobile/10A5376e Safari/8536.25 (compatible; Googlebot/2.1; +http://www.google.com/bot.html)"
148.251.75.46 - - [27/Apr/2015:21:08:17 +0200] "GET / HTTP/1.1" 200 3632 "-" "Mozilla/5.0 (X11; Ubuntu; Linux i686; rv:15.0) Gecko/20100101 Firefox/15.0.1"
144.76.155.8 - - [27/Apr/2015:21:08:17 +0200] "GET /impressum.html HTTP/1.1" 200 4742 "-" "Mozilla/5.0 (Macintosh; Intel Mac OS X 1084) AppleWebKit/536.29.13 (KHTML like Gecko) Version/6.0.4 Safari/536.29.13"
62.220.3.71 - - [28/Apr/2015:13:04:38 +0200] "GET / HTTP/1.1" 200 3632 "http://www.google.de/url?sa=t&rct=j&q=&esrc=s&source=web&cd=3&ved=0CCcQFjAC&url=http%3A%2F%2Fwww.just-malerei.de%2F&ei=Mmk_VZy8KsvYPJbhgdAN&usg=AFQjCNHas-xSRojpZ99IggKD6_XqNCQMVg&bvm=bv.91665533,d.ZWU" "Mozilla/5.0 (Windows NT 6.1; WOW64; rv:37.0) Gecko/20100101 Firefox/37.0"
62.220.3.71 - - [28/Apr/2015:13:04:38 +0200] "GET /css/style.css HTTP/1.1" 200 1159 "http://www.just-malerei.de/" "Mozilla/5.0 (Windows NT 6.1; WOW64; rv:37.0) Gecko/20100101 Firefox/37.0"
62.220.3.71 - - [28/Apr/2015:13:04:39 +0200] "GET /js/libs/modernizr-2.5.3.min.js HTTP/1.1" 200 15274 "http://www.just-malerei.de/" "Mozilla/5.0 (Windows NT 6.1; WOW64; rv:37.0) Gecko/20100101 Firefox/37.0"
62.220.3.71 - - [28/Apr/2015:13:04:39 +0200] "GET /js/plugins.js HTTP/1.1" 200 898 "http://www.just-malerei.de/" "Mozilla/5.0 (Windows NT 6.1; WOW64; rv:37.0) Gecko/20100101 Firefox/37.0"
62.220.3.71 - - [28/Apr/2015:13:04:39 +0200] "GET /images/middle.png HTTP/1.1" 200 9561 "http://www.just-malerei.de/css/style.css" "Mozilla/5.0 (Windows NT 6.1; WOW64; rv:37.0) Gecko/20100101 Firefox/37.0"
62.220.3.71 - - [28/Apr/2015:13:04:39 +0200] "GET /images/header.png HTTP/1.1" 200 139455 "http://www.just-malerei.de/css/style.css" "Mozilla/5.0 (Windows NT 6.1; WOW64; rv:37.0) Gecko/20100101 Firefox/37.0"
62.220.3.71 - - [28/Apr/2015:13:04:39 +0200] "GET /images/footer.png HTTP/1.1" 200 148251 "http://www.just-malerei.de/css/style.css" "Mozilla/5.0 (Windows NT 6.1; WOW64; rv:37.0) Gecko/20100101 Firefox/37.0"
62.220.3.71 - - [28/Apr/2015:13:04:39 +0200] "GET /favicon.ico HTTP/1.1" 200 93062 "-" "Mozilla/5.0 (Windows NT 6.1; WOW64; rv:37.0) Gecko/20100101 Firefox/37.0"
62.220.3.71 - - [28/Apr/2015:13:05:25 +0200] "GET /impressum.html HTTP/1.1" 200 4742 "http://www.google.de/url?sa=t&rct=j&q=&esrc=s&source=web&cd=4&ved=0CCwQFjAD&url=http%3A%2F%2Fwww.just-malerei.de%2Fimpressum.html&ei=Mmk_VZy8KsvYPJbhgdAN&usg=AFQjCNGdgvJq6FC-FjAWFIxOe3wgEM4Omw&bvm=bv.91665533,d.ZWU" "Mozilla/5.0 (Windows NT 6.1; WOW64; rv:37.0) Gecko/20100101 Firefox/37.0"
62.220.3.71 - - [28/Apr/2015:13:05:25 +0200] "GET /images/middle1.png HTTP/1.1" 200 240127 "http://www.just-malerei.de/css/style.css" "Mozilla/5.0 (Windows NT 6.1; WOW64; rv:37.0) Gecko/20100101 Firefox/37.0"
62.220.3.71 - - [28/Apr/2015:13:05:34 +0200] "GET /index.html HTTP/1.1" 200 3632 "http://www.just-malerei.de/impressum.html" "Mozilla/5.0 (Windows NT 6.1; WOW64; rv:37.0) Gecko/20100101 Firefox/37.0"
62.220.3.71 - - [28/Apr/2015:13:05:38 +0200] "GET /kontakt.html HTTP/1.1" 200 4348 "http://www.just-malerei.de/index.html" "Mozilla/5.0 (Windows NT 6.1; WOW64; rv:37.0) Gecko/20100101 Firefox/37.0"
62.220.3.71 - - [28/Apr/2015:13:05:39 +0200] "GET /captcha/captcha.php HTTP/1.1" 200 4332 "http://www.just-malerei.de/kontakt.html" "Mozilla/5.0 (Windows NT 6.1; WOW64; rv:37.0) Gecko/20100101 Firefox/37.0"
52.28.68.99 - - [28/Apr/2015:21:30:08 +0200] "GET /impressum.html HTTP/1.0" 200 4742 "-" "BlackCatB/Nutch-1.10-SNAPSHOT"
52.28.68.99 - - [28/Apr/2015:22:46:37 +0200] "GET /kontakt.html HTTP/1.0" 200 4348 "-" "BlackCatB/Nutch-1.10-SNAPSHOT"
157.55.39.253 - - [29/Apr/2015:03:43:13 +0200] "GET /robots.txt HTTP/1.1" 404 1256 "-" "Mozilla/5.0 (compatible; bingbot/2.0; +http://www.bing.com/bingbot.htm)"
157.55.39.253 - - [29/Apr/2015:03:43:24 +0200] "GET / HTTP/1.1" 200 3632 "-" "Mozilla/5.0 (compatible; bingbot/2.0; +http://www.bing.com/bingbot.htm)"
199.30.24.116 - - [29/Apr/2015:03:43:28 +0200] "GET /js/libs/modernizr-2.5.3.min.js HTTP/1.1" 200 15274 "http://www.just-malerei.de/" "Mozilla/5.0 (Windows NT 6.1; WOW64) AppleWebKit/534+ (KHTML, like Gecko) BingPreview/1.0b"
199.30.24.116 - - [29/Apr/2015:03:43:28 +0200] "GET /css/style.css HTTP/1.1" 200 1159 "http://www.just-malerei.de/" "Mozilla/5.0 (Windows NT 6.1; WOW64) AppleWebKit/534+ (KHTML, like Gecko) BingPreview/1.0b"
199.30.24.116 - - [29/Apr/2015:03:43:29 +0200] "GET /js/plugins.js HTTP/1.1" 200 898 "http://www.just-malerei.de/" "Mozilla/5.0 (Windows NT 6.1; WOW64) AppleWebKit/534+ (KHTML, like Gecko) BingPreview/1.0b"
199.30.24.116 - - [29/Apr/2015:03:43:30 +0200] "GET /images/middle.png HTTP/1.1" 200 9561 "http://www.just-malerei.de/" "Mozilla/5.0 (Windows NT 6.1; WOW64) AppleWebKit/534+ (KHTML, like Gecko) BingPreview/1.0b"
199.30.24.116 - - [29/Apr/2015:03:43:29 +0200] "GET /images/header.png HTTP/1.1" 200 139455 "http://www.just-malerei.de/" "Mozilla/5.0 (Windows NT 6.1; WOW64) AppleWebKit/534+ (KHTML, like Gecko) BingPreview/1.0b"
199.30.24.116 - - [29/Apr/2015:03:43:30 +0200] "GET /images/footer.png HTTP/1.1" 200 148251 "http://www.just-malerei.de/" "Mozilla/5.0 (Windows NT 6.1; WOW64) AppleWebKit/534+ (KHTML, like Gecko) BingPreview/1.0b"
157.55.39.253 - - [29/Apr/2015:03:43:48 +0200] "GET /robots.txt HTTP/1.1" 404 1256 "-" "Mozilla/5.0 (compatible; bingbot/2.0; +http://www.bing.com/bingbot.htm)"
66.249.78.249 - - [29/Apr/2015:08:48:05 +0200] "GET /robots.txt HTTP/1.1" 404 1256 "-" "Mozilla/5.0 (compatible; Googlebot/2.1; +http://www.google.com/bot.html)"
66.249.78.249 - - [29/Apr/2015:08:48:05 +0200] "GET / HTTP/1.1" 200 3632 "-" "Mozilla/5.0 (iPhone; CPU iPhone OS 6_0 like Mac OS X) AppleWebKit/536.26 (KHTML, like Gecko) Version/6.0 Mobile/10A5376e Safari/8536.25 (compatible; Googlebot/2.1; +http://www.google.com/bot.html)"
52.28.68.99 - - [29/Apr/2015:09:34:08 +0200] "GET /captcha/captcha.php HTTP/1.0" 200 4616 "-" "BlackCatB/Nutch-1.10-SNAPSHOT"
52.28.68.99 - - [29/Apr/2015:09:43:23 +0200] "GET /index.html HTTP/1.0" 200 3632 "-" "BlackCatB/Nutch-1.10-SNAPSHOT"
66.249.78.3 - - [29/Apr/2015:14:56:42 +0200] "GET /robots.txt HTTP/1.1" 404 1256 "-" "Mozilla/5.0 (compatible; Googlebot/2.1; +http://www.google.com/bot.html)"
66.249.78.3 - - [29/Apr/2015:14:56:43 +0200] "GET /css/style.css HTTP/1.1" 200 1159 "-" "Mozilla/5.0 (compatible; Googlebot/2.1; +http://www.google.com/bot.html)"
85.177.193.76 - - [29/Apr/2015:22:00:13 +0200] "GET / HTTP/1.1" 200 3632 "-" "UserAgent: Apache-HttpClient/release (java 1.5)"
85.177.193.76 - - [29/Apr/2015:22:00:14 +0200] "GET /impressum.html HTTP/1.1" 200 4742 "-" "UserAgent: Apache-HttpClient/release (java 1.5)"
66.249.78.3 - - [30/Apr/2015:04:05:05 +0200] "GET /robots.txt HTTP/1.1" 404 1256 "-" "Mozilla/5.0 (compatible; Googlebot/2.1; +http://www.google.com/bot.html)"
66.249.78.10 - - [30/Apr/2015:04:05:06 +0200] "GET / HTTP/1.1" 200 3632 "-" "Mozilla/5.0 (compatible; Googlebot/2.1; +http://www.google.com/bot.html)"
66.249.78.10 - - [30/Apr/2015:04:05:24 +0200] "GET /css/style.css HTTP/1.1" 200 1159 "-" "Mozilla/5.0 (compatible; Googlebot/2.1; +http://www.google.com/bot.html)"
85.214.35.52 - - [30/Apr/2015:22:51:48 +0200] "GET / HTTP/1.1" 200 3632 "-" "Mozilla/5.0 (compatible; Cliqzbot/0.1 +http://cliqz.com/company/cliqzbot)"
78.46.36.226 - - [30/Apr/2015:23:24:57 +0200] "GET / HTTP/1.1" 200 3632 "-" "Mozilla/5.0 (Windows; U; Windows NT 5.1; rv:1.7.3) Gecko/20041001 Firefox/0.10.1"