95.108.158.244 - - [06/Sep/2011:04:09:17 +0200] "GET /robots.txt HTTP/1.1" 404 - "-" "Mozilla/5.0 (compatible; YandexImages/3.0; +http://yandex.com/bots)"
95.108.158.244 - - [06/Sep/2011:05:15:33 +0200] "GET /images/pmtm3.gif HTTP/1.1" 304 - "-" "Mozilla/5.0 (compatible; YandexImages/3.0; +http://yandex.com/bots)"
95.108.158.244 - - [06/Sep/2011:05:48:41 +0200] "GET /images/pcmpc2.gif HTTP/1.1" 304 - "-" "Mozilla/5.0 (compatible; YandexImages/3.0; +http://yandex.com/bots)"
95.108.158.244 - - [06/Sep/2011:06:54:57 +0200] "GET /images/pltp.gif HTTP/1.1" 304 - "-" "Mozilla/5.0 (compatible; YandexImages/3.0; +http://yandex.com/bots)"
85.17.171.225 - - [06/Sep/2011:07:16:09 +0200] "GET /robots.txt HTTP/1.1" 404 - "-" "Mozilla/5.0 (compatible; Plukkie/1.4; http://www.botje.com/plukkie.htm)"
85.17.171.225 - - [06/Sep/2011:07:16:09 +0200] "GET /000001985b0d93482/000001985b0fc8f0b/index.php HTTP/1.1" 200 15388 "-" "Mozilla/5.0 (compatible; Plukkie/1.4; http://www.botje.com/plukkie.htm)"
95.108.158.244 - - [06/Sep/2011:07:27:17 +0200] "GET /images/pbx.gif HTTP/1.1" 304 - "-" "Mozilla/5.0 (compatible; YandexImages/3.0; +http://yandex.com/bots)"
217.228.22.127 - - [06/Sep/2011:10:20:36 +0200] "GET / HTTP/1.1" 200 24284 "-" "Mozilla/5.0 (Windows NT 6.1; WOW64) AppleWebKit/534.50 (KHTML, like Gecko) Version/5.1 Safari/534.50"
217.228.22.127 - - [06/Sep/2011:10:20:36 +0200] "GET /assets/s.css HTTP/1.1" 200 3386 "http://www.ksbb.de/" "Mozilla/5.0 (Windows NT 6.1; WOW64) AppleWebKit/534.50 (KHTML, like Gecko) Version/5.1 Safari/534.50"
217.228.22.127 - - [06/Sep/2011:10:20:36 +0200] "GET /assets/ssb.css HTTP/1.1" 200 657 "http://www.ksbb.de/" "Mozilla/5.0 (Windows NT 6.1; WOW64) AppleWebKit/534.50 (KHTML, like Gecko) Version/5.1 Safari/534.50"
217.228.22.127 - - [06/Sep/2011:10:20:37 +0200] "GET /images/pcmphc1.gif HTTP/1.1" 200 2164 "http://www.ksbb.de/" "Mozilla/5.0 (Windows NT 6.1; WOW64) AppleWebKit/534.50 (KHTML, like Gecko) Version/5.1 Safari/534.50"
217.228.22.127 - - [06/Sep/2011:10:20:37 +0200] "GET /images/pcmpc1.gif HTTP/1.1" 200 1155 "http://www.ksbb.de/" "Mozilla/5.0 (Windows NT 6.1; WOW64) AppleWebKit/534.50 (KHTML, like Gecko) Version/5.1 Safari/534.50"
217.228.22.127 - - [06/Sep/2011:10:20:37 +0200] "GET /images/phnvmtht1.gif HTTP/1.1" 200 2613 "http://www.ksbb.de/" "Mozilla/5.0 (Windows NT 6.1; WOW64) AppleWebKit/534.50 (KHTML, like Gecko) Version/5.1 Safari/534.50"
217.228.22.127 - - [06/Sep/2011:10:20:37 +0200] "GET /images/phnvmtt2.gif HTTP/1.1" 200 1637 "http://www.ksbb.de/" "Mozilla/5.0 (Windows NT 6.1; WOW64) AppleWebKit/534.50 (KHTML, like Gecko) Version/5.1 Safari/534.50"
217.228.22.127 - - [06/Sep/2011:10:20:37 +0200] "GET /images/pcmphc2.gif HTTP/1.1" 200 2299 "http://www.ksbb.de/" "Mozilla/5.0 (Windows NT 6.1; WOW64) AppleWebKit/534.50 (KHTML, like Gecko) Version/5.1 Safari/534.50"
217.228.22.127 - - [06/Sep/2011:10:20:37 +0200] "GET /images/phnvmtt1.gif HTTP/1.1" 200 2551 "http://www.ksbb.de/" "Mozilla/5.0 (Windows NT 6.1; WOW64) AppleWebKit/534.50 (KHTML, like Gecko) Version/5.1 Safari/534.50"
217.228.22.127 - - [06/Sep/2011:10:20:37 +0200] "GET /images/pcmpc2.gif HTTP/1.1" 200 1240 "http://www.ksbb.de/" "Mozilla/5.0 (Windows NT 6.1; WOW64) AppleWebKit/534.50 (KHTML, like Gecko) Version/5.1 Safari/534.50"
217.228.22.127 - - [06/Sep/2011:10:20:37 +0200] "GET /images/phnvmtht2.gif HTTP/1.1" 200 1696 "http://www.ksbb.de/" "Mozilla/5.0 (Windows NT 6.1; WOW64) AppleWebKit/534.50 (KHTML, like Gecko) Version/5.1 Safari/534.50"
217.228.22.127 - - [06/Sep/2011:10:20:38 +0200] "GET /images/phnvmtt3.gif HTTP/1.1" 200 2611 "http://www.ksbb.de/" "Mozilla/5.0 (Windows NT 6.1; WOW64) AppleWebKit/534.50 (KHTML, like Gecko) Version/5.1 Safari/534.50"
217.228.22.127 - - [06/Sep/2011:10:20:38 +0200] "GET /images/phnvmtht3.gif HTTP/1.1" 200 2679 "http://www.ksbb.de/" "Mozilla/5.0 (Windows NT 6.1; WOW64) AppleWebKit/534.50 (KHTML, like Gecko) Version/5.1 Safari/534.50"
217.228.22.127 - - [06/Sep/2011:10:20:38 +0200] "GET /images/phnvmtt4.gif HTTP/1.1" 200 2685 "http://www.ksbb.de/" "Mozilla/5.0 (Windows NT 6.1; WOW64) AppleWebKit/534.50 (KHTML, like Gecko) Version/5.1 Safari/534.50"
217.228.22.127 - - [06/Sep/2011:10:20:38 +0200] "GET /images/phnvmtht4.gif HTTP/1.1" 200 2627 "http://www.ksbb.de/" "Mozilla/5.0 (Windows NT 6.1; WOW64) AppleWebKit/534.50 (KHTML, like Gecko) Version/5.1 Safari/534.50"
217.228.22.127 - - [06/Sep/2011:10:20:38 +0200] "GET /images/phnvmtt5.gif HTTP/1.1" 200 2563 "http://www.ksbb.de/" "Mozilla/5.0 (Windows NT 6.1; WOW64) AppleWebKit/534.50 (KHTML, like Gecko) Version/5.1 Safari/534.50"
217.228.22.127 - - [06/Sep/2011:10:20:38 +0200] "GET /images/phnvmtht5.gif HTTP/1.1" 200 2500 "http://www.ksbb.de/" "Mozilla/5.0 (Windows NT 6.1; WOW64) AppleWebKit/534.50 (KHTML, like Gecko) Version/5.1 Safari/534.50"
217.228.22.127 - - [06/Sep/2011:10:20:38 +0200] "GET /images/phnvmtt6.gif HTTP/1.1" 200 1637 "http://www.ksbb.de/" "Mozilla/5.0 (Windows NT 6.1; WOW64) AppleWebKit/534.50 (KHTML, like Gecko) Version/5.1 Safari/534.50"
217.228.22.127 - - [06/Sep/2011:10:20:38 +0200] "GET /images/phnvmtht6.gif HTTP/1.1" 200 1696 "http://www.ksbb.de/" "Mozilla/5.0 (Windows NT 6.1; WOW64) AppleWebKit/534.50 (KHTML, like Gecko) Version/5.1 Safari/534.50"
217.228.22.127 - - [06/Sep/2011:10:20:38 +0200] "GET /images/phnvmtt7.gif HTTP/1.1" 200 2552 "http://www.ksbb.de/" "Mozilla/5.0 (Windows NT 6.1; WOW64) AppleWebKit/534.50 (KHTML, like Gecko) Version/5.1 Safari/534.50"
217.228.22.127 - - [06/Sep/2011:10:20:38 +0200] "GET /images/phnvmtht7.gif HTTP/1.1" 200 2615 "http://www.ksbb.de/" "Mozilla/5.0 (Windows NT 6.1; WOW64) AppleWebKit/534.50 (KHTML, like Gecko) Version/5.1 Safari/534.50"
217.228.22.127 - - [06/Sep/2011:10:20:38 +0200] "GET /images/phomesm0.gif HTTP/1.1" 200 2239 "http://www.ksbb.de/" "Mozilla/5.0 (Windows NT 6.1; WOW64) AppleWebKit/534.50 (KHTML, like Gecko) Version/5.1 Safari/534.50"
217.228.22.127 - - [06/Sep/2011:10:20:38 +0200] "GET /images/pmtm1.gif HTTP/1.1" 200 1155 "http://www.ksbb.de/" "Mozilla/5.0 (Windows NT 6.1; WOW64) AppleWebKit/534.50 (KHTML, like Gecko) Version/5.1 Safari/534.50"
217.228.22.127 - - [06/Sep/2011:10:20:38 +0200] "GET /images/pmthm1.gif HTTP/1.1" 200 2169 "http://www.ksbb.de/" "Mozilla/5.0 (Windows NT 6.1; WOW64) AppleWebKit/534.50 (KHTML, like Gecko) Version/5.1 Safari/534.50"
217.228.22.127 - - [06/Sep/2011:10:20:38 +0200] "GET /images/pmtm2.gif HTTP/1.1" 200 628 "http://www.ksbb.de/" "Mozilla/5.0 (Windows NT 6.1; WOW64) AppleWebKit/534.50 (KHTML, like Gecko) Version/5.1 Safari/534.50"
217.228.22.127 - - [06/Sep/2011:10:20:39 +0200] "GET /images/pmthm2.gif HTTP/1.1" 200 1209 "http://www.ksbb.de/" "Mozilla/5.0 (Windows NT 6.1; WOW64) AppleWebKit/534.50 (KHTML, like Gecko) Version/5.1 Safari/534.50"
217.228.22.127 - - [06/Sep/2011:10:20:39 +0200] "GET /images/pmtm3.gif HTTP/1.1" 200 2032 "http://www.ksbb.de/" "Mozilla/5.0 (Windows NT 6.1; WOW64) AppleWebKit/534.50 (KHTML, like Gecko) Version/5.1 Safari/534.50"
217.228.22.127 - - [06/Sep/2011:10:20:39 +0200] "GET /images/pmthm3.gif HTTP/1.1" 200 2275 "http://www.ksbb.de/" "Mozilla/5.0 (Windows NT 6.1; WOW64) AppleWebKit/534.50 (KHTML, like Gecko) Version/5.1 Safari/534.50"
217.228.22.127 - - [06/Sep/2011:10:20:39 +0200] "GET /images/pmtm4.gif HTTP/1.1" 200 2316 "http://www.ksbb.de/" "Mozilla/5.0 (Windows NT 6.1; WOW64) AppleWebKit/534.50 (KHTML, like Gecko) Version/5.1 Safari/534.50"
217.228.22.127 - - [06/Sep/2011:10:20:39 +0200] "GET /images/pmthm4.gif HTTP/1.1" 200 2518 "http://www.ksbb.de/" "Mozilla/5.0 (Windows NT 6.1; WOW64) AppleWebKit/534.50 (KHTML, like Gecko) Version/5.1 Safari/534.50"
217.228.22.127 - - [06/Sep/2011:10:20:39 +0200] "GET /images/pmtm5.gif HTTP/1.1" 200 2185 "http://www.ksbb.de/" "Mozilla/5.0 (Windows NT 6.1; WOW64) AppleWebKit/534.50 (KHTML, like Gecko) Version/5.1 Safari/534.50"
217.228.22.127 - - [06/Sep/2011:10:20:39 +0200] "GET /images/pmthm5.gif HTTP/1.1" 200 2381 "http://www.ksbb.de/" "Mozilla/5.0 (Windows NT 6.1; WOW64) AppleWebKit/534.50 (KHTML, like Gecko) Version/5.1 Safari/534.50"
217.228.22.127 - - [06/Sep/2011:10:20:39 +0200] "GET /images/pmtm6.gif HTTP/1.1" 200 628 "http://www.ksbb.de/" "Mozilla/5.0 (Windows NT 6.1; WOW64) AppleWebKit/534.50 (KHTML, like Gecko) Version/5.1 Safari/534.50"
217.228.22.127 - - [06/Sep/2011:10:20:39 +0200] "GET /images/pmthm6.gif HTTP/1.1" 200 1209 "http://www.ksbb.de/" "Mozilla/5.0 (Windows NT 6.1; WOW64) AppleWebKit/534.50 (KHTML, like Gecko) Version/5.1 Safari/534.50"
217.228.22.127 - - [06/Sep/2011:10:20:39 +0200] "GET /images/pmtm7.gif HTTP/1.1" 200 1174 "http://www.ksbb.de/" "Mozilla/5.0 (Windows NT 6.1; WOW64) AppleWebKit/534.50 (KHTML, like Gecko) Version/5.1 Safari/534.50"
217.228.22.127 - - [06/Sep/2011:10:20:39 +0200] "GET /images/pmthm7.gif HTTP/1.1" 200 2195 "http://www.ksbb.de/" "Mozilla/5.0 (Windows NT 6.1; WOW64) AppleWebKit/534.50 (KHTML, like Gecko) Version/5.1 Safari/534.50"
217.228.22.127 - - [06/Sep/2011:10:20:39 +0200] "GET /images/pd.gif HTTP/1.1" 200 111 "http://www.ksbb.de/" "Mozilla/5.0 (Windows NT 6.1; WOW64) AppleWebKit/534.50 (KHTML, like Gecko) Version/5.1 Safari/534.50"
217.228.22.127 - - [06/Sep/2011:10:20:39 +0200] "GET /images/psd.gif HTTP/1.1" 200 111 "http://www.ksbb.de/" "Mozilla/5.0 (Windows NT 6.1; WOW64) AppleWebKit/534.50 (KHTML, like Gecko) Version/5.1 Safari/534.50"
217.228.22.127 - - [06/Sep/2011:10:20:39 +0200] "GET /images/pbg.gif HTTP/1.1" 200 52 "http://www.ksbb.de/" "Mozilla/5.0 (Windows NT 6.1; WOW64) AppleWebKit/534.50 (KHTML, like Gecko) Version/5.1 Safari/534.50"
217.228.22.127 - - [06/Sep/2011:10:20:39 +0200] "GET /images/pcp.gif HTTP/1.1" 200 43 "http://www.ksbb.de/" "Mozilla/5.0 (Windows NT 6.1; WOW64) AppleWebKit/534.50 (KHTML, like Gecko) Version/5.1 Safari/534.50"
217.228.22.127 - - [06/Sep/2011:10:20:39 +0200] "GET /images/pltp.gif HTTP/1.1" 200 160 "http://www.ksbb.de/" "Mozilla/5.0 (Windows NT 6.1; WOW64) AppleWebKit/534.50 (KHTML, like Gecko) Version/5.1 Safari/534.50"
217.228.22.127 - - [06/Sep/2011:10:20:40 +0200] "GET /images/plvt.gif HTTP/1.1" 200 53 "http://www.ksbb.de/" "Mozilla/5.0 (Windows NT 6.1; WOW64) AppleWebKit/534.50 (KHTML, like Gecko) Version/5.1 Safari/534.50"
217.228.22.127 - - [06/Sep/2011:10:20:40 +0200] "GET /images/plms.gif HTTP/1.1" 200 68 "http://www.ksbb.de/" "Mozilla/5.0 (Windows NT 6.1; WOW64) AppleWebKit/534.50 (KHTML, like Gecko) Version/5.1 Safari/534.50"
217.228.22.127 - - [06/Sep/2011:10:20:40 +0200] "GET /images/plma.gif HTTP/1.1" 200 164 "http://www.ksbb.de/" "Mozilla/5.0 (Windows NT 6.1; WOW64) AppleWebKit/534.50 (KHTML, like Gecko) Version/5.1 Safari/534.50"
217.228.22.127 - - [06/Sep/2011:10:20:40 +0200] "GET /images/plogo.gif HTTP/1.1" 200 18153 "http://www.ksbb.de/" "Mozilla/5.0 (Windows NT 6.1; WOW64) AppleWebKit/534.50 (KHTML, like Gecko) Version/5.1 Safari/534.50"
217.228.22.127 - - [06/Sep/2011:10:20:40 +0200] "GET /images/plmb.gif HTTP/1.1" 200 166 "http://www.ksbb.de/" "Mozilla/5.0 (Windows NT 6.1; WOW64) AppleWebKit/534.50 (KHTML, like Gecko) Version/5.1 Safari/534.50"
217.228.22.127 - - [06/Sep/2011:10:20:40 +0200] "GET /images/pl160.gif HTTP/1.1" 200 70 "http://www.ksbb.de/" "Mozilla/5.0 (Windows NT 6.1; WOW64) AppleWebKit/534.50 (KHTML, like Gecko) Version/5.1 Safari/534.50"
217.228.22.127 - - [06/Sep/2011:10:20:40 +0200] "GET /images/pbx.gif HTTP/1.1" 200 99 "http://www.ksbb.de/" "Mozilla/5.0 (Windows NT 6.1; WOW64) AppleWebKit/534.50 (KHTML, like Gecko) Version/5.1 Safari/534.50"
217.228.22.127 - - [06/Sep/2011:10:20:40 +0200] "GET /images/plnkn.gif HTTP/1.1" 200 95 "http://www.ksbb.de/" "Mozilla/5.0 (Windows NT 6.1; WOW64) AppleWebKit/534.50 (KHTML, like Gecko) Version/5.1 Safari/534.50"
217.228.22.127 - - [06/Sep/2011:10:20:40 +0200] "GET /images/mev23003_72.jpg HTTP/1.1" 200 2106 "http://www.ksbb.de/" "Mozilla/5.0 (Windows NT 6.1; WOW64) AppleWebKit/534.50 (KHTML, like Gecko) Version/5.1 Safari/534.50"
217.228.22.127 - - [06/Sep/2011:10:20:40 +0200] "GET /images/mev14046_72.jpg HTTP/1.1" 200 1662 "http://www.ksbb.de/" "Mozilla/5.0 (Windows NT 6.1; WOW64) AppleWebKit/534.50 (KHTML, like Gecko) Version/5.1 Safari/534.50"
217.228.22.127 - - [06/Sep/2011:10:20:40 +0200] "GET /images/55275_72.jpg HTTP/1.1" 200 2381 "http://www.ksbb.de/" "Mozilla/5.0 (Windows NT 6.1; WOW64) AppleWebKit/534.50 (KHTML, like Gecko) Version/5.1 Safari/534.50"
217.228.22.127 - - [06/Sep/2011:10:20:40 +0200] "GET /images/plmc.gif HTTP/1.1" 200 166 "http://www.ksbb.de/" "Mozilla/5.0 (Windows NT 6.1; WOW64) AppleWebKit/534.50 (KHTML, like Gecko) Version/5.1 Safari/534.50"
217.228.22.127 - - [06/Sep/2011:10:20:40 +0200] "GET /images/plbt.gif HTTP/1.1" 200 161 "http://www.ksbb.de/" "Mozilla/5.0 (Windows NT 6.1; WOW64) AppleWebKit/534.50 (KHTML, like Gecko) Version/5.1 Safari/534.50"
217.228.22.127 - - [06/Sep/2011:10:20:40 +0200] "GET /images/ksbb1_sbp.jpg HTTP/1.1" 200 3871 "http://www.ksbb.de/" "Mozilla/5.0 (Windows NT 6.1; WOW64) AppleWebKit/534.50 (KHTML, like Gecko) Version/5.1 Safari/534.50"
217.228.22.127 - - [06/Sep/2011:10:20:41 +0200] "GET /images/ulslogosbp_sbp.jpg HTTP/1.1" 200 1896 "http://www.ksbb.de/" "Mozilla/5.0 (Windows NT 6.1; WOW64) AppleWebKit/534.50 (KHTML, like Gecko) Version/5.1 Safari/534.50"
95.108.158.244 - - [06/Sep/2011:10:20:47 +0200] "GET /images/phnvmtt3.gif HTTP/1.1" 304 - "-" "Mozilla/5.0 (compatible; YandexImages/3.0; +http://yandex.com/bots)"
95.108.158.244 - - [06/Sep/2011:10:36:08 +0200] "GET /images/plmb.gif HTTP/1.1" 304 - "-" "Mozilla/5.0 (compatible; YandexImages/3.0; +http://yandex.com/bots)"
85.17.171.225 - - [06/Sep/2011:10:50:42 +0200] "GET /robots.txt HTTP/1.1" 404 - "-" "Mozilla/5.0 (compatible; Plukkie/1.4; http://www.botje.com/plukkie.htm)"
85.17.171.225 - - [06/Sep/2011:10:50:42 +0200] "GET /000001985b0d93482/index.php HTTP/1.1" 200 15590 "-" "Mozilla/5.0 (compatible; Plukkie/1.4; http://www.botje.com/plukkie.htm)"
95.108.158.244 - - [06/Sep/2011:10:51:29 +0200] "GET /images/pmtm2.gif HTTP/1.1" 304 - "-" "Mozilla/5.0 (compatible; YandexImages/3.0; +http://yandex.com/bots)"
85.17.171.225 - - [06/Sep/2011:10:54:03 +0200] "GET /00000198660c9d618/00000198660cdce24/index.php HTTP/1.1" 200 17962 "-" "Mozilla/5.0 (compatible; Plukkie/1.4; http://www.botje.com/plukkie.htm)"
95.108.158.244 - - [06/Sep/2011:11:06:50 +0200] "GET /images/pmtm6.gif HTTP/1.1" 304 - "-" "Mozilla/5.0 (compatible; YandexImages/3.0; +http://yandex.com/bots)"
207.241.224.41 - - [06/Sep/2011:11:23:07 +0200] "GET /robots.txt HTTP/1.1" 404 - "-" "ia_archiver(OS-Wayback)"
95.108.158.244 - - [06/Sep/2011:11:37:32 +0200] "GET /images/pl160.gif HTTP/1.1" 304 - "-" "Mozilla/5.0 (compatible; YandexImages/3.0; +http://yandex.com/bots)"
67.195.111.22 - - [06/Sep/2011:11:46:58 +0200] "GET /robots.txt HTTP/1.0" 404 - "-" "Mozilla/5.0 (compatible; Yahoo! Slurp; http://help.yahoo.com/help/us/ysearch/slurp)"
67.195.111.22 - - [06/Sep/2011:11:46:59 +0200] "GET /00000198660b9a703/index.php HTTP/1.0" 200 19288 "-" "Mozilla/5.0 (compatible; Yahoo! Slurp; http://help.yahoo.com/help/us/ysearch/slurp)"
67.195.111.22 - - [06/Sep/2011:11:47:00 +0200] "GET /assets/s.css HTTP/1.0" 200 3386 "http://www.ksbb.de/00000198660b9a703/index.php" "Mozilla/5.0 (compatible; Yahoo! Slurp; http://help.yahoo.com/help/us/ysearch/slurp)"
67.195.111.22 - - [06/Sep/2011:11:47:01 +0200] "GET /assets/ssb.css HTTP/1.0" 200 657 "http://www.ksbb.de/00000198660b9a703/index.php" "Mozilla/5.0 (compatible; Yahoo! Slurp; http://help.yahoo.com/help/us/ysearch/slurp)"
95.108.158.244 - - [06/Sep/2011:11:52:53 +0200] "GET /images/phnvmtt2.gif HTTP/1.1" 304 - "-" "Mozilla/5.0 (compatible; YandexImages/3.0; +http://yandex.com/bots)"
65.52.109.19 - - [06/Sep/2011:12:15:25 +0200] "GET /robots.txt HTTP/1.1" 404 - "-" "Mozilla/5.0 (compatible; bingbot/2.0; +http://www.bing.com/bingbot.htm)"
65.52.109.19 - - [06/Sep/2011:12:16:01 +0200] "GET / HTTP/1.1" 200 24284 "-" "Mozilla/5.0 (compatible; bingbot/2.0; +http://www.bing.com/bingbot.htm)"
95.108.158.244 - - [06/Sep/2011:12:23:35 +0200] "GET /images/pcmpc1.gif HTTP/1.1" 304 - "-" "Mozilla/5.0 (compatible; YandexImages/3.0; +http://yandex.com/bots)"
123.125.71.31 - - [06/Sep/2011:12:28:05 +0200] "GET / HTTP/1.1" 200 15277 "-" "Mozilla/5.0 (compatible; Baiduspider/2.0; +http://www.baidu.com/search/spider.html)"
220.181.108.90 - - [06/Sep/2011:12:28:11 +0200] "GET / HTTP/1.1" 200 15277 "-" "Mozilla/5.0 (compatible; Baiduspider/2.0; +http://www.baidu.com/search/spider.html)"
95.108.158.244 - - [06/Sep/2011:12:38:56 +0200] "GET /images/plbt.gif HTTP/1.1" 304 - "-" "Mozilla/5.0 (compatible; YandexImages/3.0; +http://yandex.com/bots)"
66.249.67.108 - - [06/Sep/2011:12:39:24 +0200] "GET /robots.txt HTTP/1.1" 404 - "-" "Mozilla/5.0 (compatible; Googlebot/2.1; +http://www.google.com/bot.html)"
66.249.67.108 - - [06/Sep/2011:12:39:24 +0200] "GET / HTTP/1.1" 200 24284 "-" "SAMSUNG-SGH-E250/1.0 Profile/MIDP-2.0 Configuration/CLDC-1.1 UP.Browser/6.2.3.3.c.1.101 (GUI) MMP/2.0 (compatible; Googlebot-Mobile/2.1; +http://www.google.com/bot.html)"
95.108.158.244 - - [06/Sep/2011:12:54:17 +0200] "GET /images/phnvmtt6.gif HTTP/1.1" 304 - "-" "Mozilla/5.0 (compatible; YandexImages/3.0; +http://yandex.com/bots)"
95.108.158.244 - - [06/Sep/2011:13:24:59 +0200] "GET /images/pd.gif HTTP/1.1" 304 - "-" "Mozilla/5.0 (compatible; YandexImages/3.0; +http://yandex.com/bots)"
95.108.158.244 - - [06/Sep/2011:13:40:20 +0200] "GET /images/plnkn.gif HTTP/1.1" 304 - "-" "Mozilla/5.0 (compatible; YandexImages/3.0; +http://yandex.com/bots)"
95.108.158.244 - - [06/Sep/2011:13:55:41 +0200] "GET /images/plma.gif HTTP/1.1" 304 - "-" "Mozilla/5.0 (compatible; YandexImages/3.0; +http://yandex.com/bots)"
95.108.158.244 - - [06/Sep/2011:14:41:44 +0200] "GET /images/plmc.gif HTTP/1.1" 304 - "-" "Mozilla/5.0 (compatible; YandexImages/3.0; +http://yandex.com/bots)"
85.17.171.225 - - [06/Sep/2011:15:00:42 +0200] "GET /robots.txt HTTP/1.1" 404 - "-" "Mozilla/5.0 (compatible; Plukkie/1.4; http://www.botje.com/plukkie.htm)"
85.17.171.225 - - [06/Sep/2011:15:00:42 +0200] "GET /00000198660a80203/index.php HTTP/1.1" 200 12651 "-" "Mozilla/5.0 (compatible; Plukkie/1.4; http://www.botje.com/plukkie.htm)"
85.17.171.225 - - [06/Sep/2011:15:05:29 +0200] "GET /000001985b0d93482/000001985b0da2285/index.php HTTP/1.1" 200 16408 "-" "Mozilla/5.0 (compatible; Plukkie/1.4; http://www.botje.com/plukkie.htm)"
46.223.46.149 - - [06/Sep/2011:15:07:56 +0200] "GET / HTTP/1.1" 200 24284 "-" "Mozilla/5.0 (Windows NT 5.1; rv:6.0) Gecko/20100101 Firefox/6.0"
46.223.46.149 - - [06/Sep/2011:15:07:57 +0200] "GET /assets/s.css HTTP/1.1" 200 3386 "http://www.ksbb.de/" "Mozilla/5.0 (Windows NT 5.1; rv:6.0) Gecko/20100101 Firefox/6.0"
46.223.46.149 - - [06/Sep/2011:15:07:57 +0200] "GET /images/pltp.gif HTTP/1.1" 200 160 "http://www.ksbb.de/" "Mozilla/5.0 (Windows NT 5.1; rv:6.0) Gecko/20100101 Firefox/6.0"
46.223.46.149 - - [06/Sep/2011:15:07:57 +0200] "GET /images/plms.gif HTTP/1.1" 200 68 "http://www.ksbb.de/" "Mozilla/5.0 (Windows NT 5.1; rv:6.0) Gecko/20100101 Firefox/6.0"
46.223.46.149 - - [06/Sep/2011:15:07:57 +0200] "GET /assets/ssb.css HTTP/1.1" 200 657 "http://www.ksbb.de/" "Mozilla/5.0 (Windows NT 5.1; rv:6.0) Gecko/20100101 Firefox/6.0"
46.223.46.149 - - [06/Sep/2011:15:07:57 +0200] "GET /images/phomesm0.gif HTTP/1.1" 200 2239 "http://www.ksbb.de/" "Mozilla/5.0 (Windows NT 5.1; rv:6.0) Gecko/20100101 Firefox/6.0"
46.223.46.149 - - [06/Sep/2011:15:07:57 +0200] "GET /images/pcp.gif HTTP/1.1" 200 43 "http://www.ksbb.de/" "Mozilla/5.0 (Windows NT 5.1; rv:6.0) Gecko/20100101 Firefox/6.0"
46.223.46.149 - - [06/Sep/2011:15:07:57 +0200] "GET /images/pmtm1.gif HTTP/1.1" 200 1155 "http://www.ksbb.de/" "Mozilla/5.0 (Windows NT 5.1; rv:6.0) Gecko/20100101 Firefox/6.0"
46.223.46.149 - - [06/Sep/2011:15:07:57 +0200] "GET /images/pmtm2.gif HTTP/1.1" 200 628 "http://www.ksbb.de/" "Mozilla/5.0 (Windows NT 5.1; rv:6.0) Gecko/20100101 Firefox/6.0"
46.223.46.149 - - [06/Sep/2011:15:07:57 +0200] "GET /images/pmtm3.gif HTTP/1.1" 200 2032 "http://www.ksbb.de/" "Mozilla/5.0 (Windows NT 5.1; rv:6.0) Gecko/20100101 Firefox/6.0"
46.223.46.149 - - [06/Sep/2011:15:07:57 +0200] "GET /images/pmtm4.gif HTTP/1.1" 200 2316 "http://www.ksbb.de/" "Mozilla/5.0 (Windows NT 5.1; rv:6.0) Gecko/20100101 Firefox/6.0"
46.223.46.149 - - [06/Sep/2011:15:07:57 +0200] "GET /images/pmtm5.gif HTTP/1.1" 200 2185 "http://www.ksbb.de/" "Mozilla/5.0 (Windows NT 5.1; rv:6.0) Gecko/20100101 Firefox/6.0"
46.223.46.149 - - [06/Sep/2011:15:07:57 +0200] "GET /images/pmtm6.gif HTTP/1.1" 200 628 "http://www.ksbb.de/" "Mozilla/5.0 (Windows NT 5.1; rv:6.0) Gecko/20100101 Firefox/6.0"
46.223.46.149 - - [06/Sep/2011:15:07:57 +0200] "GET /images/pmtm7.gif HTTP/1.1" 200 1174 "http://www.ksbb.de/" "Mozilla/5.0 (Windows NT 5.1; rv:6.0) Gecko/20100101 Firefox/6.0"
46.223.46.149 - - [06/Sep/2011:15:07:57 +0200] "GET /images/plma.gif HTTP/1.1" 200 164 "http://www.ksbb.de/" "Mozilla/5.0 (Windows NT 5.1; rv:6.0) Gecko/20100101 Firefox/6.0"
46.223.46.149 - - [06/Sep/2011:15:07:57 +0200] "GET /images/plogo.gif HTTP/1.1" 200 18153 "http://www.ksbb.de/" "Mozilla/5.0 (Windows NT 5.1; rv:6.0) Gecko/20100101 Firefox/6.0"
46.223.46.149 - - [06/Sep/2011:15:07:57 +0200] "GET /images/plmb.gif HTTP/1.1" 200 166 "http://www.ksbb.de/" "Mozilla/5.0 (Windows NT 5.1; rv:6.0) Gecko/20100101 Firefox/6.0"
46.223.46.149 - - [06/Sep/2011:15:07:57 +0200] "GET /images/pl160.gif HTTP/1.1" 200 70 "http://www.ksbb.de/" "Mozilla/5.0 (Windows NT 5.1; rv:6.0) Gecko/20100101 Firefox/6.0"
46.223.46.149 - - [06/Sep/2011:15:07:57 +0200] "GET /images/phnvmtt1.gif HTTP/1.1" 200 2551 "http://www.ksbb.de/" "Mozilla/5.0 (Windows NT 5.1; rv:6.0) Gecko/20100101 Firefox/6.0"
46.223.46.149 - - [06/Sep/2011:15:07:57 +0200] "GET /images/pd.gif HTTP/1.1" 200 111 "http://www.ksbb.de/" "Mozilla/5.0 (Windows NT 5.1; rv:6.0) Gecko/20100101 Firefox/6.0"
46.223.46.149 - - [06/Sep/2011:15:07:57 +0200] "GET /images/phnvmtt2.gif HTTP/1.1" 200 1637 "http://www.ksbb.de/" "Mozilla/5.0 (Windows NT 5.1; rv:6.0) Gecko/20100101 Firefox/6.0"
46.223.46.149 - - [06/Sep/2011:15:07:57 +0200] "GET /images/phnvmtt3.gif HTTP/1.1" 200 2611 "http://www.ksbb.de/" "Mozilla/5.0 (Windows NT 5.1; rv:6.0) Gecko/20100101 Firefox/6.0"
46.223.46.149 - - [06/Sep/2011:15:07:57 +0200] "GET /images/phnvmtt4.gif HTTP/1.1" 200 2685 "http://www.ksbb.de/" "Mozilla/5.0 (Windows NT 5.1; rv:6.0) Gecko/20100101 Firefox/6.0"
46.223.46.149 - - [06/Sep/2011:15:07:57 +0200] "GET /images/phnvmtt5.gif HTTP/1.1" 200 2563 "http://www.ksbb.de/" "Mozilla/5.0 (Windows NT 5.1; rv:6.0) Gecko/20100101 Firefox/6.0"
46.223.46.149 - - [06/Sep/2011:15:07:57 +0200] "GET /images/phnvmtt6.gif HTTP/1.1" 200 1637 "http://www.ksbb.de/" "Mozilla/5.0 (Windows NT 5.1; rv:6.0) Gecko/20100101 Firefox/6.0"
46.223.46.149 - - [06/Sep/2011:15:07:57 +0200] "GET /images/pbx.gif HTTP/1.1" 200 99 "http://www.ksbb.de/" "Mozilla/5.0 (Windows NT 5.1; rv:6.0) Gecko/20100101 Firefox/6.0"
46.223.46.149 - - [06/Sep/2011:15:07:57 +0200] "GET /images/phnvmtt7.gif HTTP/1.1" 200 2552 "http://www.ksbb.de/" "Mozilla/5.0 (Windows NT 5.1; rv:6.0) Gecko/20100101 Firefox/6.0"
46.223.46.149 - - [06/Sep/2011:15:07:57 +0200] "GET /images/plnkn.gif HTTP/1.1" 200 95 "http://www.ksbb.de/" "Mozilla/5.0 (Windows NT 5.1; rv:6.0) Gecko/20100101 Firefox/6.0"
46.223.46.149 - - [06/Sep/2011:15:07:57 +0200] "GET /images/mev23003_72.jpg HTTP/1.1" 200 2106 "http://www.ksbb.de/" "Mozilla/5.0 (Windows NT 5.1; rv:6.0) Gecko/20100101 Firefox/6.0"
46.223.46.149 - - [06/Sep/2011:15:07:58 +0200] "GET /images/mev14046_72.jpg HTTP/1.1" 200 1662 "http://www.ksbb.de/" "Mozilla/5.0 (Windows NT 5.1; rv:6.0) Gecko/20100101 Firefox/6.0"
46.223.46.149 - - [06/Sep/2011:15:07:58 +0200] "GET /images/55275_72.jpg HTTP/1.1" 200 2381 "http://www.ksbb.de/" "Mozilla/5.0 (Windows NT 5.1; rv:6.0) Gecko/20100101 Firefox/6.0"
46.223.46.149 - - [06/Sep/2011:15:07:58 +0200] "GET /images/plmc.gif HTTP/1.1" 200 166 "http://www.ksbb.de/" "Mozilla/5.0 (Windows NT 5.1; rv:6.0) Gecko/20100101 Firefox/6.0"
46.223.46.149 - - [06/Sep/2011:15:07:58 +0200] "GET /images/pcmpc1.gif HTTP/1.1" 200 1155 "http://www.ksbb.de/" "Mozilla/5.0 (Windows NT 5.1; rv:6.0) Gecko/20100101 Firefox/6.0"
46.223.46.149 - - [06/Sep/2011:15:07:58 +0200] "GET /images/pcmpc2.gif HTTP/1.1" 200 1240 "http://www.ksbb.de/" "Mozilla/5.0 (Windows NT 5.1; rv:6.0) Gecko/20100101 Firefox/6.0"
46.223.46.149 - - [06/Sep/2011:15:07:58 +0200] "GET /images/plbt.gif HTTP/1.1" 200 161 "http://www.ksbb.de/" "Mozilla/5.0 (Windows NT 5.1; rv:6.0) Gecko/20100101 Firefox/6.0"
46.223.46.149 - - [06/Sep/2011:15:07:58 +0200] "GET /images/ksbb1_sbp.jpg HTTP/1.1" 200 3871 "http://www.ksbb.de/" "Mozilla/5.0 (Windows NT 5.1; rv:6.0) Gecko/20100101 Firefox/6.0"
46.223.46.149 - - [06/Sep/2011:15:07:58 +0200] "GET /images/ulslogosbp_sbp.jpg HTTP/1.1" 200 1896 "http://www.ksbb.de/" "Mozilla/5.0 (Windows NT 5.1; rv:6.0) Gecko/20100101 Firefox/6.0"
46.223.46.149 - - [06/Sep/2011:15:07:58 +0200] "GET /images/iso9001_sbp.jpg HTTP/1.1" 200 4462 "http://www.ksbb.de/" "Mozilla/5.0 (Windows NT 5.1; rv:6.0) Gecko/20100101 Firefox/6.0"
46.223.46.149 - - [06/Sep/2011:15:07:58 +0200] "GET /images/pcmphc1.gif HTTP/1.1" 200 2164 "http://www.ksbb.de/" "Mozilla/5.0 (Windows NT 5.1; rv:6.0) Gecko/20100101 Firefox/6.0"
46.223.46.149 - - [06/Sep/2011:15:07:58 +0200] "GET /images/logoprofex_sbp.gif HTTP/1.1" 200 3524 "http://www.ksbb.de/" "Mozilla/5.0 (Windows NT 5.1; rv:6.0) Gecko/20100101 Firefox/6.0"
46.223.46.149 - - [06/Sep/2011:15:07:58 +0200] "GET /images/pcmphc2.gif HTTP/1.1" 200 2299 "http://www.ksbb.de/" "Mozilla/5.0 (Windows NT 5.1; rv:6.0) Gecko/20100101 Firefox/6.0"
46.223.46.149 - - [06/Sep/2011:15:07:58 +0200] "GET /images/phnvmtht1.gif HTTP/1.1" 200 2613 "http://www.ksbb.de/" "Mozilla/5.0 (Windows NT 5.1; rv:6.0) Gecko/20100101 Firefox/6.0"
46.223.46.149 - - [06/Sep/2011:15:07:58 +0200] "GET /images/phnvmtht2.gif HTTP/1.1" 200 1696 "http://www.ksbb.de/" "Mozilla/5.0 (Windows NT 5.1; rv:6.0) Gecko/20100101 Firefox/6.0"
46.223.46.149 - - [06/Sep/2011:15:07:58 +0200] "GET /images/phnvmtht3.gif HTTP/1.1" 200 2679 "http://www.ksbb.de/" "Mozilla/5.0 (Windows NT 5.1; rv:6.0) Gecko/20100101 Firefox/6.0"
46.223.46.149 - - [06/Sep/2011:15:07:58 +0200] "GET /images/phnvmtht4.gif HTTP/1.1" 200 2627 "http://www.ksbb.de/" "Mozilla/5.0 (Windows NT 5.1; rv:6.0) Gecko/20100101 Firefox/6.0"
46.223.46.149 - - [06/Sep/2011:15:07:58 +0200] "GET /images/phnvmtht5.gif HTTP/1.1" 200 2500 "http://www.ksbb.de/" "Mozilla/5.0 (Windows NT 5.1; rv:6.0) Gecko/20100101 Firefox/6.0"
46.223.46.149 - - [06/Sep/2011:15:07:58 +0200] "GET /images/phnvmtht6.gif HTTP/1.1" 200 1696 "http://www.ksbb.de/" "Mozilla/5.0 (Windows NT 5.1; rv:6.0) Gecko/20100101 Firefox/6.0"
46.223.46.149 - - [06/Sep/2011:15:07:58 +0200] "GET /images/phnvmtht7.gif HTTP/1.1" 200 2615 "http://www.ksbb.de/" "Mozilla/5.0 (Windows NT 5.1; rv:6.0) Gecko/20100101 Firefox/6.0"
46.223.46.149 - - [06/Sep/2011:15:07:58 +0200] "GET /images/pmthm1.gif HTTP/1.1" 200 2169 "http://www.ksbb.de/" "Mozilla/5.0 (Windows NT 5.1; rv:6.0) Gecko/20100101 Firefox/6.0"
46.223.46.149 - - [06/Sep/2011:15:07:58 +0200] "GET /images/pmthm2.gif HTTP/1.1" 200 1209 "http://www.ksbb.de/" "Mozilla/5.0 (Windows NT 5.1; rv:6.0) Gecko/20100101 Firefox/6.0"
46.223.46.149 - - [06/Sep/2011:15:07:58 +0200] "GET /images/pmthm3.gif HTTP/1.1" 200 2275 "http://www.ksbb.de/" "Mozilla/5.0 (Windows NT 5.1; rv:6.0) Gecko/20100101 Firefox/6.0"
46.223.46.149 - - [06/Sep/2011:15:07:58 +0200] "GET /images/pmthm4.gif HTTP/1.1" 200 2518 "http://www.ksbb.de/" "Mozilla/5.0 (Windows NT 5.1; rv:6.0) Gecko/20100101 Firefox/6.0"
46.223.46.149 - - [06/Sep/2011:15:07:58 +0200] "GET /images/pmthm5.gif HTTP/1.1" 200 2381 "http://www.ksbb.de/" "Mozilla/5.0 (Windows NT 5.1; rv:6.0) Gecko/20100101 Firefox/6.0"
46.223.46.149 - - [06/Sep/2011:15:07:58 +0200] "GET /images/pmthm6.gif HTTP/1.1" 200 1209 "http://www.ksbb.de/" "Mozilla/5.0 (Windows NT 5.1; rv:6.0) Gecko/20100101 Firefox/6.0"
46.223.46.149 - - [06/Sep/2011:15:07:58 +0200] "GET /images/pmthm7.gif HTTP/1.1" 200 2195 "http://www.ksbb.de/" "Mozilla/5.0 (Windows NT 5.1; rv:6.0) Gecko/20100101 Firefox/6.0"
46.223.46.149 - - [06/Sep/2011:15:07:58 +0200] "GET /images/psd.gif HTTP/1.1" 200 111 "http://www.ksbb.de/" "Mozilla/5.0 (Windows NT 5.1; rv:6.0) Gecko/20100101 Firefox/6.0"
46.223.46.149 - - [06/Sep/2011:15:07:58 +0200] "GET /images/pbg.gif HTTP/1.1" 200 52 "http://www.ksbb.de/" "Mozilla/5.0 (Windows NT 5.1; rv:6.0) Gecko/20100101 Firefox/6.0"
46.223.46.149 - - [06/Sep/2011:15:07:58 +0200] "GET /images/plvt.gif HTTP/1.1" 200 53 "http://www.ksbb.de/" "Mozilla/5.0 (Windows NT 5.1; rv:6.0) Gecko/20100101 Firefox/6.0"
46.223.46.149 - - [06/Sep/2011:15:07:58 +0200] "GET /favicon.ico HTTP/1.1" 404 - "-" "Mozilla/5.0 (Windows NT 5.1; rv:6.0) Gecko/20100101 Firefox/6.0"
46.223.46.149 - - [06/Sep/2011:15:07:58 +0200] "GET /favicon.ico HTTP/1.1" 404 - "-" "Mozilla/5.0 (Windows NT 5.1; rv:6.0) Gecko/20100101 Firefox/6.0"
85.17.171.225 - - [06/Sep/2011:15:08:05 +0200] "GET /00000398730fce012.php HTTP/1.1" 200 22670 "-" "Mozilla/5.0 (compatible; Plukkie/1.4; http://www.botje.com/plukkie.htm)"
95.108.158.244 - - [06/Sep/2011:15:27:46 +0200] "GET /images/phomesm0.gif HTTP/1.1" 304 - "-" "Mozilla/5.0 (compatible; YandexImages/3.0; +http://yandex.com/bots)"
93.205.42.232 - - [06/Sep/2011:15:33:14 +0200] "GET / HTTP/1.1" 200 24284 "-" "Mozilla/5.0 (Windows; U; Windows NT 5.1; de; rv:1.9.2.21) Gecko/20110830 Firefox/3.6.21 ( .NET CLR 3.5.30729)"
93.205.42.232 - - [06/Sep/2011:15:33:15 +0200] "GET /assets/s.css HTTP/1.1" 200 3386 "http://www.ksbb.de/" "Mozilla/5.0 (Windows; U; Windows NT 5.1; de; rv:1.9.2.21) Gecko/20110830 Firefox/3.6.21 ( .NET CLR 3.5.30729)"
93.205.42.232 - - [06/Sep/2011:15:33:15 +0200] "GET /assets/ssb.css HTTP/1.1" 200 657 "http://www.ksbb.de/" "Mozilla/5.0 (Windows; U; Windows NT 5.1; de; rv:1.9.2.21) Gecko/20110830 Firefox/3.6.21 ( .NET CLR 3.5.30729)"
93.205.42.232 - - [06/Sep/2011:15:33:15 +0200] "GET /images/pmtm1.gif HTTP/1.1" 200 1155 "http://www.ksbb.de/" "Mozilla/5.0 (Windows; U; Windows NT 5.1; de; rv:1.9.2.21) Gecko/20110830 Firefox/3.6.21 ( .NET CLR 3.5.30729)"
93.205.42.232 - - [06/Sep/2011:15:33:15 +0200] "GET /images/pcp.gif HTTP/1.1" 200 43 "http://www.ksbb.de/" "Mozilla/5.0 (Windows; U; Windows NT 5.1; de; rv:1.9.2.21) Gecko/20110830 Firefox/3.6.21 ( .NET CLR 3.5.30729)"
93.205.42.232 - - [06/Sep/2011:15:33:15 +0200] "GET /images/pltp.gif HTTP/1.1" 200 160 "http://www.ksbb.de/" "Mozilla/5.0 (Windows; U; Windows NT 5.1; de; rv:1.9.2.21) Gecko/20110830 Firefox/3.6.21 ( .NET CLR 3.5.30729)"
93.205.42.232 - - [06/Sep/2011:15:33:15 +0200] "GET /images/phomesm0.gif HTTP/1.1" 200 2239 "http://www.ksbb.de/" "Mozilla/5.0 (Windows; U; Windows NT 5.1; de; rv:1.9.2.21) Gecko/20110830 Firefox/3.6.21 ( .NET CLR 3.5.30729)"
93.205.42.232 - - [06/Sep/2011:15:33:15 +0200] "GET /images/plms.gif HTTP/1.1" 200 68 "http://www.ksbb.de/" "Mozilla/5.0 (Windows; U; Windows NT 5.1; de; rv:1.9.2.21) Gecko/20110830 Firefox/3.6.21 ( .NET CLR 3.5.30729)"
93.205.42.232 - - [06/Sep/2011:15:33:15 +0200] "GET /images/pmtm2.gif HTTP/1.1" 200 628 "http://www.ksbb.de/" "Mozilla/5.0 (Windows; U; Windows NT 5.1; de; rv:1.9.2.21) Gecko/20110830 Firefox/3.6.21 ( .NET CLR 3.5.30729)"
93.205.42.232 - - [06/Sep/2011:15:33:15 +0200] "GET /images/pmtm3.gif HTTP/1.1" 200 2032 "http://www.ksbb.de/" "Mozilla/5.0 (Windows; U; Windows NT 5.1; de; rv:1.9.2.21) Gecko/20110830 Firefox/3.6.21 ( .NET CLR 3.5.30729)"
93.205.42.232 - - [06/Sep/2011:15:33:15 +0200] "GET /images/pmtm4.gif HTTP/1.1" 200 2316 "http://www.ksbb.de/" "Mozilla/5.0 (Windows; U; Windows NT 5.1; de; rv:1.9.2.21) Gecko/20110830 Firefox/3.6.21 ( .NET CLR 3.5.30729)"
93.205.42.232 - - [06/Sep/2011:15:33:15 +0200] "GET /images/pmtm5.gif HTTP/1.1" 200 2185 "http://www.ksbb.de/" "Mozilla/5.0 (Windows; U; Windows NT 5.1; de; rv:1.9.2.21) Gecko/20110830 Firefox/3.6.21 ( .NET CLR 3.5.30729)"
93.205.42.232 - - [06/Sep/2011:15:33:15 +0200] "GET /images/pmtm6.gif HTTP/1.1" 200 628 "http://www.ksbb.de/" "Mozilla/5.0 (Windows; U; Windows NT 5.1; de; rv:1.9.2.21) Gecko/20110830 Firefox/3.6.21 ( .NET CLR 3.5.30729)"
93.205.42.232 - - [06/Sep/2011:15:33:15 +0200] "GET /images/pmtm7.gif HTTP/1.1" 200 1174 "http://www.ksbb.de/" "Mozilla/5.0 (Windows; U; Windows NT 5.1; de; rv:1.9.2.21) Gecko/20110830 Firefox/3.6.21 ( .NET CLR 3.5.30729)"
93.205.42.232 - - [06/Sep/2011:15:33:15 +0200] "GET /images/plma.gif HTTP/1.1" 200 164 "http://www.ksbb.de/" "Mozilla/5.0 (Windows; U; Windows NT 5.1; de; rv:1.9.2.21) Gecko/20110830 Firefox/3.6.21 ( .NET CLR 3.5.30729)"
93.205.42.232 - - [06/Sep/2011:15:33:15 +0200] "GET /images/plogo.gif HTTP/1.1" 200 18153 "http://www.ksbb.de/" "Mozilla/5.0 (Windows; U; Windows NT 5.1; de; rv:1.9.2.21) Gecko/20110830 Firefox/3.6.21 ( .NET CLR 3.5.30729)"
93.205.42.232 - - [06/Sep/2011:15:33:15 +0200] "GET /images/plmb.gif HTTP/1.1" 200 166 "http://www.ksbb.de/" "Mozilla/5.0 (Windows; U; Windows NT 5.1; de; rv:1.9.2.21) Gecko/20110830 Firefox/3.6.21 ( .NET CLR 3.5.30729)"
93.205.42.232 - - [06/Sep/2011:15:33:15 +0200] "GET /images/pl160.gif HTTP/1.1" 200 70 "http://www.ksbb.de/" "Mozilla/5.0 (Windows; U; Windows NT 5.1; de; rv:1.9.2.21) Gecko/20110830 Firefox/3.6.21 ( .NET CLR 3.5.30729)"
93.205.42.232 - - [06/Sep/2011:15:33:15 +0200] "GET /images/phnvmtt1.gif HTTP/1.1" 200 2551 "http://www.ksbb.de/" "Mozilla/5.0 (Windows; U; Windows NT 5.1; de; rv:1.9.2.21) Gecko/20110830 Firefox/3.6.21 ( .NET CLR 3.5.30729)"
93.205.42.232 - - [06/Sep/2011:15:33:15 +0200] "GET /images/pd.gif HTTP/1.1" 200 111 "http://www.ksbb.de/" "Mozilla/5.0 (Windows; U; Windows NT 5.1; de; rv:1.9.2.21) Gecko/20110830 Firefox/3.6.21 ( .NET CLR 3.5.30729)"
93.205.42.232 - - [06/Sep/2011:15:33:15 +0200] "GET /images/phnvmtt2.gif HTTP/1.1" 200 1637 "http://www.ksbb.de/" "Mozilla/5.0 (Windows; U; Windows NT 5.1; de; rv:1.9.2.21) Gecko/20110830 Firefox/3.6.21 ( .NET CLR 3.5.30729)"
93.205.42.232 - - [06/Sep/2011:15:33:15 +0200] "GET /images/phnvmtt3.gif HTTP/1.1" 200 2611 "http://www.ksbb.de/" "Mozilla/5.0 (Windows; U; Windows NT 5.1; de; rv:1.9.2.21) Gecko/20110830 Firefox/3.6.21 ( .NET CLR 3.5.30729)"
93.205.42.232 - - [06/Sep/2011:15:33:15 +0200] "GET /images/phnvmtt4.gif HTTP/1.1" 200 2685 "http://www.ksbb.de/" "Mozilla/5.0 (Windows; U; Windows NT 5.1; de; rv:1.9.2.21) Gecko/20110830 Firefox/3.6.21 ( .NET CLR 3.5.30729)"
93.205.42.232 - - [06/Sep/2011:15:33:15 +0200] "GET /images/phnvmtt5.gif HTTP/1.1" 200 2563 "http://www.ksbb.de/" "Mozilla/5.0 (Windows; U; Windows NT 5.1; de; rv:1.9.2.21) Gecko/20110830 Firefox/3.6.21 ( .NET CLR 3.5.30729)"
93.205.42.232 - - [06/Sep/2011:15:33:15 +0200] "GET /images/phnvmtt6.gif HTTP/1.1" 200 1637 "http://www.ksbb.de/" "Mozilla/5.0 (Windows; U; Windows NT 5.1; de; rv:1.9.2.21) Gecko/20110830 Firefox/3.6.21 ( .NET CLR 3.5.30729)"
93.205.42.232 - - [06/Sep/2011:15:33:15 +0200] "GET /images/phnvmtt7.gif HTTP/1.1" 200 2552 "http://www.ksbb.de/" "Mozilla/5.0 (Windows; U; Windows NT 5.1; de; rv:1.9.2.21) Gecko/20110830 Firefox/3.6.21 ( .NET CLR 3.5.30729)"
93.205.42.232 - - [06/Sep/2011:15:33:15 +0200] "GET /images/pbx.gif HTTP/1.1" 200 99 "http://www.ksbb.de/" "Mozilla/5.0 (Windows; U; Windows NT 5.1; de; rv:1.9.2.21) Gecko/20110830 Firefox/3.6.21 ( .NET CLR 3.5.30729)"
93.205.42.232 - - [06/Sep/2011:15:33:15 +0200] "GET /images/mev23003_72.jpg HTTP/1.1" 200 2106 "http://www.ksbb.de/" "Mozilla/5.0 (Windows; U; Windows NT 5.1; de; rv:1.9.2.21) Gecko/20110830 Firefox/3.6.21 ( .NET CLR 3.5.30729)"
93.205.42.232 - - [06/Sep/2011:15:33:15 +0200] "GET /images/plnkn.gif HTTP/1.1" 200 95 "http://www.ksbb.de/" "Mozilla/5.0 (Windows; U; Windows NT 5.1; de; rv:1.9.2.21) Gecko/20110830 Firefox/3.6.21 ( .NET CLR 3.5.30729)"
93.205.42.232 - - [06/Sep/2011:15:33:15 +0200] "GET /images/mev14046_72.jpg HTTP/1.1" 200 1662 "http://www.ksbb.de/" "Mozilla/5.0 (Windows; U; Windows NT 5.1; de; rv:1.9.2.21) Gecko/20110830 Firefox/3.6.21 ( .NET CLR 3.5.30729)"
93.205.42.232 - - [06/Sep/2011:15:33:15 +0200] "GET /images/55275_72.jpg HTTP/1.1" 200 2381 "http://www.ksbb.de/" "Mozilla/5.0 (Windows; U; Windows NT 5.1; de; rv:1.9.2.21) Gecko/20110830 Firefox/3.6.21 ( .NET CLR 3.5.30729)"
93.205.42.232 - - [06/Sep/2011:15:33:15 +0200] "GET /images/plmc.gif HTTP/1.1" 200 166 "http://www.ksbb.de/" "Mozilla/5.0 (Windows; U; Windows NT 5.1; de; rv:1.9.2.21) Gecko/20110830 Firefox/3.6.21 ( .NET CLR 3.5.30729)"
93.205.42.232 - - [06/Sep/2011:15:33:15 +0200] "GET /images/pcmpc1.gif HTTP/1.1" 200 1155 "http://www.ksbb.de/" "Mozilla/5.0 (Windows; U; Windows NT 5.1; de; rv:1.9.2.21) Gecko/20110830 Firefox/3.6.21 ( .NET CLR 3.5.30729)"
93.205.42.232 - - [06/Sep/2011:15:33:15 +0200] "GET /images/pcmpc2.gif HTTP/1.1" 200 1240 "http://www.ksbb.de/" "Mozilla/5.0 (Windows; U; Windows NT 5.1; de; rv:1.9.2.21) Gecko/20110830 Firefox/3.6.21 ( .NET CLR 3.5.30729)"
93.205.42.232 - - [06/Sep/2011:15:33:15 +0200] "GET /images/plbt.gif HTTP/1.1" 200 161 "http://www.ksbb.de/" "Mozilla/5.0 (Windows; U; Windows NT 5.1; de; rv:1.9.2.21) Gecko/20110830 Firefox/3.6.21 ( .NET CLR 3.5.30729)"
93.205.42.232 - - [06/Sep/2011:15:33:15 +0200] "GET /images/ksbb1_sbp.jpg HTTP/1.1" 200 3871 "http://www.ksbb.de/" "Mozilla/5.0 (Windows; U; Windows NT 5.1; de; rv:1.9.2.21) Gecko/20110830 Firefox/3.6.21 ( .NET CLR 3.5.30729)"
93.205.42.232 - - [06/Sep/2011:15:33:15 +0200] "GET /images/ulslogosbp_sbp.jpg HTTP/1.1" 200 1896 "http://www.ksbb.de/" "Mozilla/5.0 (Windows; U; Windows NT 5.1; de; rv:1.9.2.21) Gecko/20110830 Firefox/3.6.21 ( .NET CLR 3.5.30729)"
93.205.42.232 - - [06/Sep/2011:15:33:15 +0200] "GET /images/iso9001_sbp.jpg HTTP/1.1" 200 4462 "http://www.ksbb.de/" "Mozilla/5.0 (Windows; U; Windows NT 5.1; de; rv:1.9.2.21) Gecko/20110830 Firefox/3.6.21 ( .NET CLR 3.5.30729)"
93.205.42.232 - - [06/Sep/2011:15:33:15 +0200] "GET /images/logoprofex_sbp.gif HTTP/1.1" 200 3524 "http://www.ksbb.de/" "Mozilla/5.0 (Windows; U; Windows NT 5.1; de; rv:1.9.2.21) Gecko/20110830 Firefox/3.6.21 ( .NET CLR 3.5.30729)"
93.205.42.232 - - [06/Sep/2011:15:33:15 +0200] "GET /images/pcmphc1.gif HTTP/1.1" 200 2164 "http://www.ksbb.de/" "Mozilla/5.0 (Windows; U; Windows NT 5.1; de; rv:1.9.2.21) Gecko/20110830 Firefox/3.6.21 ( .NET CLR 3.5.30729)"
93.205.42.232 - - [06/Sep/2011:15:33:15 +0200] "GET /images/pcmphc2.gif HTTP/1.1" 200 2299 "http://www.ksbb.de/" "Mozilla/5.0 (Windows; U; Windows NT 5.1; de; rv:1.9.2.21) Gecko/20110830 Firefox/3.6.21 ( .NET CLR 3.5.30729)"
93.205.42.232 - - [06/Sep/2011:15:33:15 +0200] "GET /images/phnvmtht1.gif HTTP/1.1" 200 2613 "http://www.ksbb.de/" "Mozilla/5.0 (Windows; U; Windows NT 5.1; de; rv:1.9.2.21) Gecko/20110830 Firefox/3.6.21 ( .NET CLR 3.5.30729)"
93.205.42.232 - - [06/Sep/2011:15:33:15 +0200] "GET /images/phnvmtht2.gif HTTP/1.1" 200 1696 "http://www.ksbb.de/" "Mozilla/5.0 (Windows; U; Windows NT 5.1; de; rv:1.9.2.21) Gecko/20110830 Firefox/3.6.21 ( .NET CLR 3.5.30729)"
93.205.42.232 - - [06/Sep/2011:15:33:15 +0200] "GET /images/phnvmtht3.gif HTTP/1.1" 200 2679 "http://www.ksbb.de/" "Mozilla/5.0 (Windows; U; Windows NT 5.1; de; rv:1.9.2.21) Gecko/20110830 Firefox/3.6.21 ( .NET CLR 3.5.30729)"
93.205.42.232 - - [06/Sep/2011:15:33:15 +0200] "GET /images/phnvmtht4.gif HTTP/1.1" 200 2627 "http://www.ksbb.de/" "Mozilla/5.0 (Windows; U; Windows NT 5.1; de; rv:1.9.2.21) Gecko/20110830 Firefox/3.6.21 ( .NET CLR 3.5.30729)"
93.205.42.232 - - [06/Sep/2011:15:33:15 +0200] "GET /images/phnvmtht5.gif HTTP/1.1" 200 2500 "http://www.ksbb.de/" "Mozilla/5.0 (Windows; U; Windows NT 5.1; de; rv:1.9.2.21) Gecko/20110830 Firefox/3.6.21 ( .NET CLR 3.5.30729)"
93.205.42.232 - - [06/Sep/2011:15:33:15 +0200] "GET /images/phnvmtht6.gif HTTP/1.1" 200 1696 "http://www.ksbb.de/" "Mozilla/5.0 (Windows; U; Windows NT 5.1; de; rv:1.9.2.21) Gecko/20110830 Firefox/3.6.21 ( .NET CLR 3.5.30729)"
93.205.42.232 - - [06/Sep/2011:15:33:15 +0200] "GET /images/pmthm1.gif HTTP/1.1" 200 2169 "http://www.ksbb.de/" "Mozilla/5.0 (Windows; U; Windows NT 5.1; de; rv:1.9.2.21) Gecko/20110830 Firefox/3.6.21 ( .NET CLR 3.5.30729)"
93.205.42.232 - - [06/Sep/2011:15:33:15 +0200] "GET /images/phnvmtht7.gif HTTP/1.1" 200 2615 "http://www.ksbb.de/" "Mozilla/5.0 (Windows; U; Windows NT 5.1; de; rv:1.9.2.21) Gecko/20110830 Firefox/3.6.21 ( .NET CLR 3.5.30729)"
93.205.42.232 - - [06/Sep/2011:15:33:15 +0200] "GET /images/pmthm2.gif HTTP/1.1" 200 1209 "http://www.ksbb.de/" "Mozilla/5.0 (Windows; U; Windows NT 5.1; de; rv:1.9.2.21) Gecko/20110830 Firefox/3.6.21 ( .NET CLR 3.5.30729)"
93.205.42.232 - - [06/Sep/2011:15:33:15 +0200] "GET /images/pmthm3.gif HTTP/1.1" 200 2275 "http://www.ksbb.de/" "Mozilla/5.0 (Windows; U; Windows NT 5.1; de; rv:1.9.2.21) Gecko/20110830 Firefox/3.6.21 ( .NET CLR 3.5.30729)"
93.205.42.232 - - [06/Sep/2011:15:33:15 +0200] "GET /images/pmthm4.gif HTTP/1.1" 200 2518 "http://www.ksbb.de/" "Mozilla/5.0 (Windows; U; Windows NT 5.1; de; rv:1.9.2.21) Gecko/20110830 Firefox/3.6.21 ( .NET CLR 3.5.30729)"
93.205.42.232 - - [06/Sep/2011:15:33:15 +0200] "GET /images/pmthm5.gif HTTP/1.1" 200 2381 "http://www.ksbb.de/" "Mozilla/5.0 (Windows; U; Windows NT 5.1; de; rv:1.9.2.21) Gecko/20110830 Firefox/3.6.21 ( .NET CLR 3.5.30729)"
93.205.42.232 - - [06/Sep/2011:15:33:15 +0200] "GET /images/pmthm6.gif HTTP/1.1" 200 1209 "http://www.ksbb.de/" "Mozilla/5.0 (Windows; U; Windows NT 5.1; de; rv:1.9.2.21) Gecko/20110830 Firefox/3.6.21 ( .NET CLR 3.5.30729)"
93.205.42.232 - - [06/Sep/2011:15:33:15 +0200] "GET /images/pmthm7.gif HTTP/1.1" 200 2195 "http://www.ksbb.de/" "Mozilla/5.0 (Windows; U; Windows NT 5.1; de; rv:1.9.2.21) Gecko/20110830 Firefox/3.6.21 ( .NET CLR 3.5.30729)"
93.205.42.232 - - [06/Sep/2011:15:33:15 +0200] "GET /images/psd.gif HTTP/1.1" 200 111 "http://www.ksbb.de/" "Mozilla/5.0 (Windows; U; Windows NT 5.1; de; rv:1.9.2.21) Gecko/20110830 Firefox/3.6.21 ( .NET CLR 3.5.30729)"
93.205.42.232 - - [06/Sep/2011:15:33:15 +0200] "GET /images/pbg.gif HTTP/1.1" 200 52 "http://www.ksbb.de/" "Mozilla/5.0 (Windows; U; Windows NT 5.1; de; rv:1.9.2.21) Gecko/20110830 Firefox/3.6.21 ( .NET CLR 3.5.30729)"
93.205.42.232 - - [06/Sep/2011:15:33:15 +0200] "GET /images/plvt.gif HTTP/1.1" 200 53 "http://www.ksbb.de/" "Mozilla/5.0 (Windows; U; Windows NT 5.1; de; rv:1.9.2.21) Gecko/20110830 Firefox/3.6.21 ( .NET CLR 3.5.30729)"
93.205.42.232 - - [06/Sep/2011:15:33:15 +0200] "GET /favicon.ico HTTP/1.1" 404 - "-" "Mozilla/5.0 (Windows; U; Windows NT 5.1; de; rv:1.9.2.21) Gecko/20110830 Firefox/3.6.21 ( .NET CLR 3.5.30729)"
95.108.158.244 - - [06/Sep/2011:15:43:07 +0200] "GET /images/pmtm1.gif HTTP/1.1" 304 - "-" "Mozilla/5.0 (compatible; YandexImages/3.0; +http://yandex.com/bots)"
95.108.158.244 - - [06/Sep/2011:15:58:28 +0200] "GET /images/pmtm5.gif HTTP/1.1" 304 - "-" "Mozilla/5.0 (compatible; YandexImages/3.0; +http://yandex.com/bots)"
95.108.158.244 - - [06/Sep/2011:16:13:49 +0200] "GET /images/phnvmtt7.gif HTTP/1.1" 304 - "-" "Mozilla/5.0 (compatible; YandexImages/3.0; +http://yandex.com/bots)"
95.108.158.244 - - [06/Sep/2011:16:29:09 +0200] "GET /images/phnvmtt5.gif HTTP/1.1" 304 - "-" "Mozilla/5.0 (compatible; YandexImages/3.0; +http://yandex.com/bots)"
95.108.158.244 - - [06/Sep/2011:16:44:30 +0200] "GET /images/plms.gif HTTP/1.1" 304 - "-" "Mozilla/5.0 (compatible; YandexImages/3.0; +http://yandex.com/bots)"
95.108.158.244 - - [06/Sep/2011:16:59:51 +0200] "GET /images/pmtm7.gif HTTP/1.1" 304 - "-" "Mozilla/5.0 (compatible; YandexImages/3.0; +http://yandex.com/bots)"
95.108.158.244 - - [06/Sep/2011:17:24:24 +0200] "GET /images/pmtm4.gif HTTP/1.1" 304 - "-" "Mozilla/5.0 (compatible; YandexImages/3.0; +http://yandex.com/bots)"
220.181.108.150 - - [06/Sep/2011:17:28:01 +0200] "GET /robots.txt HTTP/1.1" 404 - "-" "Baiduspider+(+http://www.baidu.com/search/spider.htm)"
95.108.158.244 - - [06/Sep/2011:17:44:29 +0200] "GET /images/phnvmtt4.gif HTTP/1.1" 304 - "-" "Mozilla/5.0 (compatible; YandexImages/3.0; +http://yandex.com/bots)"
67.195.111.22 - - [06/Sep/2011:19:21:18 +0200] "GET /000001985b0d93482/000001985b0da2285/index.php HTTP/1.0" 200 16408 "-" "Mozilla/5.0 (compatible; Yahoo! Slurp; http://help.yahoo.com/help/us/ysearch/slurp)"
67.195.111.22 - - [06/Sep/2011:19:21:19 +0200] "GET /assets/s.css HTTP/1.0" 304 - "http://www.ksbb.de/000001985b0d93482/000001985b0da2285/index.php" "Mozilla/5.0 (compatible; Yahoo! Slurp; http://help.yahoo.com/help/us/ysearch/slurp)"
67.195.111.22 - - [06/Sep/2011:19:21:20 +0200] "GET /assets/ssb.css HTTP/1.0" 304 - "http://www.ksbb.de/000001985b0d93482/000001985b0da2285/index.php" "Mozilla/5.0 (compatible; Yahoo! Slurp; http://help.yahoo.com/help/us/ysearch/slurp)"
67.195.111.22 - - [06/Sep/2011:20:59:11 +0200] "GET /000001985b0ce1e49/index.php HTTP/1.0" 200 14912 "-" "Mozilla/5.0 (compatible; Yahoo! Slurp; http://help.yahoo.com/help/us/ysearch/slurp)"
66.249.67.108 - - [06/Sep/2011:22:56:18 +0200] "GET /00000198660c9d618/00000198610cada01/00000198660cb3c1b.php HTTP/1.1" 200 15909 "-" "Mozilla/5.0 (compatible; Googlebot/2.1; +http://www.google.com/bot.html)"
85.17.171.225 - - [06/Sep/2011:23:38:52 +0200] "GET /robots.txt HTTP/1.1" 404 - "-" "Mozilla/5.0 (compatible; Plukkie/1.4; http://www.botje.com/plukkie.htm)"
85.17.171.225 - - [06/Sep/2011:23:38:52 +0200] "GET /00000198660c9d618/index.php HTTP/1.1" 200 15359 "-" "Mozilla/5.0 (compatible; Plukkie/1.4; http://www.botje.com/plukkie.htm)"
85.17.171.225 - - [06/Sep/2011:23:40:45 +0200] "GET /index.php HTTP/1.1" 200 24284 "-" "Mozilla/5.0 (compatible; Plukkie/1.4; http://www.botje.com/plukkie.htm)"
193.252.149.14 - - [07/Sep/2011:00:29:38 +0200] "GET / HTTP/1.1" 200 24284 "-" "Mozilla/5.0 (Windows; U; Windows NT 5.1; fr; rv:1.8.1) VoilaBot BETA 1.2 (support.voilabot@orange-ftgroup.com)"
67.195.111.22 - - [07/Sep/2011:00:30:47 +0200] "GET /robots.txt HTTP/1.0" 404 - "-" "Mozilla/5.0 (compatible; Yahoo! Slurp; http://help.yahoo.com/help/us/ysearch/slurp)"
67.195.111.22 - - [07/Sep/2011:00:30:48 +0200] "GET /000001985b0ce1e49/00000198610d8af28/index.php HTTP/1.0" 200 15780 "-" "Mozilla/5.0 (compatible; Yahoo! Slurp; http://help.yahoo.com/help/us/ysearch/slurp)"
67.195.111.22 - - [07/Sep/2011:00:30:50 +0200] "GET /assets/s.css HTTP/1.0" 304 - "http://www.ksbb.de/000001985b0ce1e49/00000198610d8af28/index.php" "Mozilla/5.0 (compatible; Yahoo! Slurp; http://help.yahoo.com/help/us/ysearch/slurp)"
67.195.111.22 - - [07/Sep/2011:00:30:53 +0200] "GET /assets/ssb.css HTTP/1.0" 304 - "http://www.ksbb.de/000001985b0ce1e49/00000198610d8af28/index.php" "Mozilla/5.0 (compatible; Yahoo! Slurp; http://help.yahoo.com/help/us/ysearch/slurp)"
95.108.158.244 - - [07/Sep/2011:00:36:05 +0200] "GET /images/pltp.gif HTTP/1.1" 304 - "-" "Mozilla/5.0 (compatible; YandexImages/3.0; +http://yandex.com/bots)"
66.249.67.108 - - [07/Sep/2011:00:36:55 +0200] "GET /00000398730fcd910.php HTTP/1.1" 200 22413 "-" "Mozilla/5.0 (compatible; Googlebot/2.1; +http://www.google.com/bot.html)"
95.108.158.244 - - [07/Sep/2011:01:23:37 +0200] "GET /images/pmtm3.gif HTTP/1.1" 304 - "-" "Mozilla/5.0 (compatible; YandexImages/3.0; +http://yandex.com/bots)"
95.108.158.244 - - [07/Sep/2011:02:19:24 +0200] "GET /images/pbx.gif HTTP/1.1" 304 - "-" "Mozilla/5.0 (compatible; YandexImages/3.0; +http://yandex.com/bots)"
220.181.108.155 - - [07/Sep/2011:03:06:00 +0200] "GET /robots.txt HTTP/1.1" 404 - "-" "Baiduspider+(+http://www.baidu.com/search/spider.htm)"
95.108.158.244 - - [07/Sep/2011:03:17:52 +0200] "GET /images/pcmpc2.gif HTTP/1.1" 304 - "-" "Mozilla/5.0 (compatible; YandexImages/3.0; +http://yandex.com/bots)"
123.125.71.23 - - [07/Sep/2011:04:26:38 +0200] "GET / HTTP/1.1" 200 15277 "-" "Mozilla/5.0 (compatible; Baiduspider/2.0; +http://www.baidu.com/search/spider.html)"
220.181.108.80 - - [07/Sep/2011:04:26:57 +0200] "GET / HTTP/1.1" 200 15277 "-" "Mozilla/5.0 (compatible; Baiduspider/2.0; +http://www.baidu.com/search/spider.html)"
66.249.67.108 - - [07/Sep/2011:04:57:06 +0200] "GET /robots.txt HTTP/1.1" 404 - "-" "Mozilla/5.0 (compatible; Googlebot/2.1; +http://www.google.com/bot.html)"
66.249.67.108 - - [07/Sep/2011:04:57:06 +0200] "GET /00000198660a80203/index.php HTTP/1.1" 200 12647 "-" "Mozilla/5.0 (compatible; Googlebot/2.1; +http://www.google.com/bot.html)"
66.249.67.108 - - [07/Sep/2011:05:12:38 +0200] "GET /000001985b0ce1e49/00000198610d6501c/index.php HTTP/1.1" 200 15940 "-" "Mozilla/5.0 (compatible; Googlebot/2.1; +http://www.google.com/bot.html)"
66.249.67.108 - - [07/Sep/2011:06:01:10 +0200] "GET /00000198660c9d618/00000198610cada01/00000198660cc5621.php HTTP/1.1" 200 15929 "-" "Mozilla/5.0 (compatible; Googlebot/2.1; +http://www.google.com/bot.html)"
66.249.67.108 - - [07/Sep/2011:07:10:01 +0200] "GET /000001985b0d93482/000001985b0fc8f0b/index.php HTTP/1.1" 200 15384 "-" "Mozilla/5.0 (compatible; Googlebot/2.1; +http://www.google.com/bot.html)"
66.249.67.108 - - [07/Sep/2011:07:53:47 +0200] "GET /000001985b0d93482/index.php HTTP/1.1" 200 15586 "-" "Mozilla/5.0 (compatible; Googlebot/2.1; +http://www.google.com/bot.html)"
85.17.171.225 - - [07/Sep/2011:08:33:52 +0200] "GET /robots.txt HTTP/1.1" 404 - "-" "Mozilla/5.0 (compatible; Plukkie/1.4; http://www.botje.com/plukkie.htm)"
85.17.171.225 - - [07/Sep/2011:08:33:52 +0200] "GET /000001985b0e5e29a/000001985f0d8f113/index.php HTTP/1.1" 200 20336 "-" "Mozilla/5.0 (compatible; Plukkie/1.4; http://www.botje.com/plukkie.htm)"
95.108.158.244 - - [07/Sep/2011:09:28:40 +0200] "GET /robots.txt HTTP/1.1" 404 - "-" "Mozilla/5.0 (compatible; YandexImages/3.0; +http://yandex.com/bots)"
95.108.158.244 - - [07/Sep/2011:09:42:25 +0200] "GET /images/pmtm5.gif HTTP/1.1" 304 - "-" "Mozilla/5.0 (compatible; YandexImages/3.0; +http://yandex.com/bots)"
95.108.158.244 - - [07/Sep/2011:09:56:10 +0200] "GET /images/phnvmtt6.gif HTTP/1.1" 304 - "-" "Mozilla/5.0 (compatible; YandexImages/3.0; +http://yandex.com/bots)"
95.108.158.244 - - [07/Sep/2011:10:09:56 +0200] "GET /images/pmtm6.gif HTTP/1.1" 304 - "-" "Mozilla/5.0 (compatible; YandexImages/3.0; +http://yandex.com/bots)"
