88.67.73.232 - - [03/Sep/2011:11:52:03 +0200] "GET /images/phnvmtht6.gif HTTP/1.1" 200 1696 "http://www.ksbb.de/" "Mozilla/4.0 (compatible; MSIE 8.0; Windows NT 6.0; Trident/4.0; Arcor 5.007; GTB7.1; SLCC1; .NET CLR 2.0.50727; .NET CLR 3.5.30729; .NET CLR 3.0.30618)"
88.67.73.232 - - [03/Sep/2011:11:52:03 +0200] "GET /images/mev14046_72.jpg HTTP/1.1" 200 1662 "http://www.ksbb.de/" "Mozilla/4.0 (compatible; MSIE 8.0; Windows NT 6.0; Trident/4.0; Arcor 5.007; GTB7.1; SLCC1; .NET CLR 2.0.50727; .NET CLR 3.5.30729; .NET CLR 3.0.30618)"
88.67.73.232 - - [03/Sep/2011:11:52:03 +0200] "GET /images/55275_72.jpg HTTP/1.1" 200 2381 "http://www.ksbb.de/" "Mozilla/4.0 (compatible; MSIE 8.0; Windows NT 6.0; Trident/4.0; Arcor 5.007; GTB7.1; SLCC1; .NET CLR 2.0.50727; .NET CLR 3.5.30729; .NET CLR 3.0.30618)"
88.67.73.232 - - [03/Sep/2011:11:52:03 +0200] "GET /images/plmc.gif HTTP/1.1" 200 166 "http://www.ksbb.de/" "Mozilla/4.0 (compatible; MSIE 8.0; Windows NT 6.0; Trident/4.0; Arcor 5.007; GTB7.1; SLCC1; .NET CLR 2.0.50727; .NET CLR 3.5.30729; .NET CLR 3.0.30618)"
88.67.73.232 - - [03/Sep/2011:11:52:03 +0200] "GET /images/ksbb1_sbp.jpg HTTP/1.1" 200 3871 "http://www.ksbb.de/" "Mozilla/4.0 (compatible; MSIE 8.0; Windows NT 6.0; Trident/4.0; Arcor 5.007; GTB7.1; SLCC1; .NET CLR 2.0.50727; .NET CLR 3.5.30729; .NET CLR 3.0.30618)"
88.67.73.232 - - [03/Sep/2011:11:52:03 +0200] "GET /images/phnvmtt7.gif HTTP/1.1" 200 2552 "http://www.ksbb.de/" "Mozilla/4.0 (compatible; MSIE 8.0; Windows NT 6.0; Trident/4.0; Arcor 5.007; GTB7.1; SLCC1; .NET CLR 2.0.50727; .NET CLR 3.5.30729; .NET CLR 3.0.30618)"
88.67.73.232 - - [03/Sep/2011:11:52:03 +0200] "GET /images/pmthm3.gif HTTP/1.1" 200 2275 "http://www.ksbb.de/" "Mozilla/4.0 (compatible; MSIE 8.0; Windows NT 6.0; Trident/4.0; Arcor 5.007; GTB7.1; SLCC1; .NET CLR 2.0.50727; .NET CLR 3.5.30729; .NET CLR 3.0.30618)"
88.67.73.232 - - [03/Sep/2011:11:52:03 +0200] "GET /images/pmtm4.gif HTTP/1.1" 200 2316 "http://www.ksbb.de/" "Mozilla/4.0 (compatible; MSIE 8.0; Windows NT 6.0; Trident/4.0; Arcor 5.007; GTB7.1; SLCC1; .NET CLR 2.0.50727; .NET CLR 3.5.30729; .NET CLR 3.0.30618)"
88.67.73.232 - - [03/Sep/2011:11:52:03 +0200] "GET /images/pbx.gif HTTP/1.1" 200 99 "http://www.ksbb.de/" "Mozilla/4.0 (compatible; MSIE 8.0; Windows NT 6.0; Trident/4.0; Arcor 5.007; GTB7.1; SLCC1; .NET CLR 2.0.50727; .NET CLR 3.5.30729; .NET CLR 3.0.30618)"
88.67.73.232 - - [03/Sep/2011:11:52:04 +0200] "GET /images/plnkn.gif HTTP/1.1" 200 95 "http://www.ksbb.de/" "Mozilla/4.0 (compatible; MSIE 8.0; Windows NT 6.0; Trident/4.0; Arcor 5.007; GTB7.1; SLCC1; .NET CLR 2.0.50727; .NET CLR 3.5.30729; .NET CLR 3.0.30618)"
88.67.73.232 - - [03/Sep/2011:11:52:04 +0200] "GET /images/mev23003_72.jpg HTTP/1.1" 200 2106 "http://www.ksbb.de/" "Mozilla/4.0 (compatible; MSIE 8.0; Windows NT 6.0; Trident/4.0; Arcor 5.007; GTB7.1; SLCC1; .NET CLR 2.0.50727; .NET CLR 3.5.30729; .NET CLR 3.0.30618)"
88.67.73.232 - - [03/Sep/2011:11:52:04 +0200] "GET /images/plbt.gif HTTP/1.1" 200 161 "http://www.ksbb.de/" "Mozilla/4.0 (compatible; MSIE 8.0; Windows NT 6.0; Trident/4.0; Arcor 5.007; GTB7.1; SLCC1; .NET CLR 2.0.50727; .NET CLR 3.5.30729; .NET CLR 3.0.30618)"
88.67.73.232 - - [03/Sep/2011:11:52:04 +0200] "GET /images/phnvmtht7.gif HTTP/1.1" 200 2615 "http://www.ksbb.de/" "Mozilla/4.0 (compatible; MSIE 8.0; Windows NT 6.0; Trident/4.0; Arcor 5.007; GTB7.1; SLCC1; .NET CLR 2.0.50727; .NET CLR 3.5.30729; .NET CLR 3.0.30618)"
88.67.73.232 - - [03/Sep/2011:11:52:04 +0200] "GET /images/pmthm4.gif HTTP/1.1" 200 2518 "http://www.ksbb.de/" "Mozilla/4.0 (compatible; MSIE 8.0; Windows NT 6.0; Trident/4.0; Arcor 5.007; GTB7.1; SLCC1; .NET CLR 2.0.50727; .NET CLR 3.5.30729; .NET CLR 3.0.30618)"
123.125.71.36 - - [03/Sep/2011:12:28:47 +0200] "GET / HTTP/1.1" 200 24280 "-" "Mozilla/5.0 (compatible; Baiduspider/2.0; +http://www.baidu.com/search/spider.html)"
220.181.108.93 - - [03/Sep/2011:12:29:10 +0200] "GET / HTTP/1.1" 200 15277 "-" "Mozilla/5.0 (compatible; Baiduspider/2.0; +http://www.baidu.com/search/spider.html)"
95.108.158.244 - - [03/Sep/2011:12:52:47 +0200] "GET /images/pmtm3.gif HTTP/1.1" 304 - "-" "Mozilla/5.0 (compatible; YandexImages/3.0; +http://yandex.com/bots)"
66.249.66.71 - - [03/Sep/2011:13:18:17 +0200] "GET / HTTP/1.1" 200 24280 "-" "SAMSUNG-SGH-E250/1.0 Profile/MIDP-2.0 Configuration/CLDC-1.1 UP.Browser/6.2.3.3.c.1.101 (GUI) MMP/2.0 (compatible; Googlebot-Mobile/2.1; +http://www.google.com/bot.html)"
66.249.72.240 - - [03/Sep/2011:13:44:02 +0200] "GET /00000398730fcd910.php HTTP/1.1" 200 22409 "-" "Mozilla/5.0 (compatible; Googlebot/2.1; +http://www.google.com/bot.html)"
95.108.158.244 - - [03/Sep/2011:14:22:31 +0200] "GET /images/pcmpc2.gif HTTP/1.1" 304 - "-" "Mozilla/5.0 (compatible; YandexImages/3.0; +http://yandex.com/bots)"
46.38.237.40 - - [03/Sep/2011:14:41:56 +0200] "GET / HTTP/1.0" 200 15277 "-" "-"
95.108.158.244 - - [03/Sep/2011:15:52:09 +0200] "GET /images/pltp.gif HTTP/1.1" 304 - "-" "Mozilla/5.0 (compatible; YandexImages/3.0; +http://yandex.com/bots)"
95.108.158.244 - - [03/Sep/2011:16:12:36 +0200] "GET /images/pbx.gif HTTP/1.1" 304 - "-" "Mozilla/5.0 (compatible; YandexImages/3.0; +http://yandex.com/bots)"
88.198.182.212 - - [03/Sep/2011:18:40:07 +0200] "GET / HTTP/1.0" 200 15277 "-" "-"
95.108.158.244 - - [03/Sep/2011:20:28:39 +0200] "GET /images/phnvmtt6.gif HTTP/1.1" 304 - "-" "Mozilla/5.0 (compatible; YandexImages/3.0; +http://yandex.com/bots)"
95.108.158.244 - - [03/Sep/2011:20:41:35 +0200] "GET /images/phomesm0.gif HTTP/1.1" 304 - "-" "Mozilla/5.0 (compatible; YandexImages/3.0; +http://yandex.com/bots)"
95.108.158.244 - - [03/Sep/2011:21:08:27 +0200] "GET /images/plmc.gif HTTP/1.1" 304 - "-" "Mozilla/5.0 (compatible; YandexImages/3.0; +http://yandex.com/bots)"
91.10.184.254 - - [03/Sep/2011:21:19:26 +0200] "GET / HTTP/1.1" 200 24280 "-" "Mozilla/4.0 (compatible; MSIE 8.0; Windows NT 5.1; Trident/4.0; Mozilla/4.0 (compatible; MSIE 8.0; Win32; WEB.DE); (webde/1.1.0.21); GTB6.6; .NET CLR 1.1.4322; .NET CLR 2.0.50727; .NET CLR 3.0.4506.2152; .NET CLR 3.5.30729)"
91.10.184.254 - - [03/Sep/2011:21:19:26 +0200] "GET /assets/ssb.css HTTP/1.1" 304 - "http://www.ksbb.de/" "Mozilla/4.0 (compatible; MSIE 8.0; Windows NT 5.1; Trident/4.0; Mozilla/4.0 (compatible; MSIE 8.0; Win32; WEB.DE); (webde/1.1.0.21); GTB6.6; .NET CLR 1.1.4322; .NET CLR 2.0.50727; .NET CLR 3.0.4506.2152; .NET CLR 3.5.30729)"
91.10.184.254 - - [03/Sep/2011:21:19:26 +0200] "GET /assets/s.css HTTP/1.1" 304 - "http://www.ksbb.de/" "Mozilla/4.0 (compatible; MSIE 8.0; Windows NT 5.1; Trident/4.0; Mozilla/4.0 (compatible; MSIE 8.0; Win32; WEB.DE); (webde/1.1.0.21); GTB6.6; .NET CLR 1.1.4322; .NET CLR 2.0.50727; .NET CLR 3.0.4506.2152; .NET CLR 3.5.30729)"
91.10.184.254 - - [03/Sep/2011:21:19:27 +0200] "GET /images/pcmpc1.gif HTTP/1.1" 304 - "http://www.ksbb.de/" "Mozilla/4.0 (compatible; MSIE 8.0; Windows NT 5.1; Trident/4.0; Mozilla/4.0 (compatible; MSIE 8.0; Win32; WEB.DE); (webde/1.1.0.21); GTB6.6; .NET CLR 1.1.4322; .NET CLR 2.0.50727; .NET CLR 3.0.4506.2152; .NET CLR 3.5.30729)"
91.10.184.254 - - [03/Sep/2011:21:19:27 +0200] "GET /images/pcmphc1.gif HTTP/1.1" 304 - "http://www.ksbb.de/" "Mozilla/4.0 (compatible; MSIE 8.0; Windows NT 5.1; Trident/4.0; Mozilla/4.0 (compatible; MSIE 8.0; Win32; WEB.DE); (webde/1.1.0.21); GTB6.6; .NET CLR 1.1.4322; .NET CLR 2.0.50727; .NET CLR 3.0.4506.2152; .NET CLR 3.5.30729)"
91.10.184.254 - - [03/Sep/2011:21:19:27 +0200] "GET /images/pcmphc2.gif HTTP/1.1" 304 - "http://www.ksbb.de/" "Mozilla/4.0 (compatible; MSIE 8.0; Windows NT 5.1; Trident/4.0; Mozilla/4.0 (compatible; MSIE 8.0; Win32; WEB.DE); (webde/1.1.0.21); GTB6.6; .NET CLR 1.1.4322; .NET CLR 2.0.50727; .NET CLR 3.0.4506.2152; .NET CLR 3.5.30729)"
91.10.184.254 - - [03/Sep/2011:21:19:27 +0200] "GET /images/phnvmtht2.gif HTTP/1.1" 304 - "http://www.ksbb.de/" "Mozilla/4.0 (compatible; MSIE 8.0; Windows NT 5.1; Trident/4.0; Mozilla/4.0 (compatible; MSIE 8.0; Win32; WEB.DE); (webde/1.1.0.21); GTB6.6; .NET CLR 1.1.4322; .NET CLR 2.0.50727; .NET CLR 3.0.4506.2152; .NET CLR 3.5.30729)"
91.10.184.254 - - [03/Sep/2011:21:19:27 +0200] "GET /images/phnvmtht1.gif HTTP/1.1" 304 - "http://www.ksbb.de/" "Mozilla/4.0 (compatible; MSIE 8.0; Windows NT 5.1; Trident/4.0; Mozilla/4.0 (compatible; MSIE 8.0; Win32; WEB.DE); (webde/1.1.0.21); GTB6.6; .NET CLR 1.1.4322; .NET CLR 2.0.50727; .NET CLR 3.0.4506.2152; .NET CLR 3.5.30729)"
91.10.184.254 - - [03/Sep/2011:21:19:27 +0200] "GET /images/pcmpc2.gif HTTP/1.1" 304 - "http://www.ksbb.de/" "Mozilla/4.0 (compatible; MSIE 8.0; Windows NT 5.1; Trident/4.0; Mozilla/4.0 (compatible; MSIE 8.0; Win32; WEB.DE); (webde/1.1.0.21); GTB6.6; .NET CLR 1.1.4322; .NET CLR 2.0.50727; .NET CLR 3.0.4506.2152; .NET CLR 3.5.30729)"
91.10.184.254 - - [03/Sep/2011:21:19:27 +0200] "GET /images/phnvmtt2.gif HTTP/1.1" 304 - "http://www.ksbb.de/" "Mozilla/4.0 (compatible; MSIE 8.0; Windows NT 5.1; Trident/4.0; Mozilla/4.0 (compatible; MSIE 8.0; Win32; WEB.DE); (webde/1.1.0.21); GTB6.6; .NET CLR 1.1.4322; .NET CLR 2.0.50727; .NET CLR 3.0.4506.2152; .NET CLR 3.5.30729)"
91.10.184.254 - - [03/Sep/2011:21:19:27 +0200] "GET /images/phnvmtt1.gif HTTP/1.1" 304 - "http://www.ksbb.de/" "Mozilla/4.0 (compatible; MSIE 8.0; Windows NT 5.1; Trident/4.0; Mozilla/4.0 (compatible; MSIE 8.0; Win32; WEB.DE); (webde/1.1.0.21); GTB6.6; .NET CLR 1.1.4322; .NET CLR 2.0.50727; .NET CLR 3.0.4506.2152; .NET CLR 3.5.30729)"
91.10.184.254 - - [03/Sep/2011:21:19:27 +0200] "GET /images/phnvmtt3.gif HTTP/1.1" 304 - "http://www.ksbb.de/" "Mozilla/4.0 (compatible; MSIE 8.0; Windows NT 5.1; Trident/4.0; Mozilla/4.0 (compatible; MSIE 8.0; Win32; WEB.DE); (webde/1.1.0.21); GTB6.6; .NET CLR 1.1.4322; .NET CLR 2.0.50727; .NET CLR 3.0.4506.2152; .NET CLR 3.5.30729)"
91.10.184.254 - - [03/Sep/2011:21:19:27 +0200] "GET /images/phnvmtht3.gif HTTP/1.1" 304 - "http://www.ksbb.de/" "Mozilla/4.0 (compatible; MSIE 8.0; Windows NT 5.1; Trident/4.0; Mozilla/4.0 (compatible; MSIE 8.0; Win32; WEB.DE); (webde/1.1.0.21); GTB6.6; .NET CLR 1.1.4322; .NET CLR 2.0.50727; .NET CLR 3.0.4506.2152; .NET CLR 3.5.30729)"
91.10.184.254 - - [03/Sep/2011:21:19:27 +0200] "GET /images/phnvmtt4.gif HTTP/1.1" 304 - "http://www.ksbb.de/" "Mozilla/4.0 (compatible; MSIE 8.0; Windows NT 5.1; Trident/4.0; Mozilla/4.0 (compatible; MSIE 8.0; Win32; WEB.DE); (webde/1.1.0.21); GTB6.6; .NET CLR 1.1.4322; .NET CLR 2.0.50727; .NET CLR 3.0.4506.2152; .NET CLR 3.5.30729)"
91.10.184.254 - - [03/Sep/2011:21:19:27 +0200] "GET /images/phnvmtht4.gif HTTP/1.1" 304 - "http://www.ksbb.de/" "Mozilla/4.0 (compatible; MSIE 8.0; Windows NT 5.1; Trident/4.0; Mozilla/4.0 (compatible; MSIE 8.0; Win32; WEB.DE); (webde/1.1.0.21); GTB6.6; .NET CLR 1.1.4322; .NET CLR 2.0.50727; .NET CLR 3.0.4506.2152; .NET CLR 3.5.30729)"
91.10.184.254 - - [03/Sep/2011:21:19:27 +0200] "GET /images/phnvmtt5.gif HTTP/1.1" 304 - "http://www.ksbb.de/" "Mozilla/4.0 (compatible; MSIE 8.0; Windows NT 5.1; Trident/4.0; Mozilla/4.0 (compatible; MSIE 8.0; Win32; WEB.DE); (webde/1.1.0.21); GTB6.6; .NET CLR 1.1.4322; .NET CLR 2.0.50727; .NET CLR 3.0.4506.2152; .NET CLR 3.5.30729)"
91.10.184.254 - - [03/Sep/2011:21:19:27 +0200] "GET /images/phnvmtht5.gif HTTP/1.1" 304 - "http://www.ksbb.de/" "Mozilla/4.0 (compatible; MSIE 8.0; Windows NT 5.1; Trident/4.0; Mozilla/4.0 (compatible; MSIE 8.0; Win32; WEB.DE); (webde/1.1.0.21); GTB6.6; .NET CLR 1.1.4322; .NET CLR 2.0.50727; .NET CLR 3.0.4506.2152; .NET CLR 3.5.30729)"
91.10.184.254 - - [03/Sep/2011:21:19:27 +0200] "GET /images/phnvmtt6.gif HTTP/1.1" 304 - "http://www.ksbb.de/" "Mozilla/4.0 (compatible; MSIE 8.0; Windows NT 5.1; Trident/4.0; Mozilla/4.0 (compatible; MSIE 8.0; Win32; WEB.DE); (webde/1.1.0.21); GTB6.6; .NET CLR 1.1.4322; .NET CLR 2.0.50727; .NET CLR 3.0.4506.2152; .NET CLR 3.5.30729)"
91.10.184.254 - - [03/Sep/2011:21:19:27 +0200] "GET /images/phnvmtht6.gif HTTP/1.1" 304 - "http://www.ksbb.de/" "Mozilla/4.0 (compatible; MSIE 8.0; Windows NT 5.1; Trident/4.0; Mozilla/4.0 (compatible; MSIE 8.0; Win32; WEB.DE); (webde/1.1.0.21); GTB6.6; .NET CLR 1.1.4322; .NET CLR 2.0.50727; .NET CLR 3.0.4506.2152; .NET CLR 3.5.30729)"
91.10.184.254 - - [03/Sep/2011:21:19:27 +0200] "GET /images/phnvmtt7.gif HTTP/1.1" 304 - "http://www.ksbb.de/" "Mozilla/4.0 (compatible; MSIE 8.0; Windows NT 5.1; Trident/4.0; Mozilla/4.0 (compatible; MSIE 8.0; Win32; WEB.DE); (webde/1.1.0.21); GTB6.6; .NET CLR 1.1.4322; .NET CLR 2.0.50727; .NET CLR 3.0.4506.2152; .NET CLR 3.5.30729)"
91.10.184.254 - - [03/Sep/2011:21:19:27 +0200] "GET /images/phnvmtht7.gif HTTP/1.1" 304 - "http://www.ksbb.de/" "Mozilla/4.0 (compatible; MSIE 8.0; Windows NT 5.1; Trident/4.0; Mozilla/4.0 (compatible; MSIE 8.0; Win32; WEB.DE); (webde/1.1.0.21); GTB6.6; .NET CLR 1.1.4322; .NET CLR 2.0.50727; .NET CLR 3.0.4506.2152; .NET CLR 3.5.30729)"
91.10.184.254 - - [03/Sep/2011:21:19:27 +0200] "GET /images/phomesm0.gif HTTP/1.1" 304 - "http://www.ksbb.de/" "Mozilla/4.0 (compatible; MSIE 8.0; Windows NT 5.1; Trident/4.0; Mozilla/4.0 (compatible; MSIE 8.0; Win32; WEB.DE); (webde/1.1.0.21); GTB6.6; .NET CLR 1.1.4322; .NET CLR 2.0.50727; .NET CLR 3.0.4506.2152; .NET CLR 3.5.30729)"
91.10.184.254 - - [03/Sep/2011:21:19:27 +0200] "GET /images/pmtm1.gif HTTP/1.1" 304 - "http://www.ksbb.de/" "Mozilla/4.0 (compatible; MSIE 8.0; Windows NT 5.1; Trident/4.0; Mozilla/4.0 (compatible; MSIE 8.0; Win32; WEB.DE); (webde/1.1.0.21); GTB6.6; .NET CLR 1.1.4322; .NET CLR 2.0.50727; .NET CLR 3.0.4506.2152; .NET CLR 3.5.30729)"
91.10.184.254 - - [03/Sep/2011:21:19:27 +0200] "GET /images/pmthm1.gif HTTP/1.1" 304 - "http://www.ksbb.de/" "Mozilla/4.0 (compatible; MSIE 8.0; Windows NT 5.1; Trident/4.0; Mozilla/4.0 (compatible; MSIE 8.0; Win32; WEB.DE); (webde/1.1.0.21); GTB6.6; .NET CLR 1.1.4322; .NET CLR 2.0.50727; .NET CLR 3.0.4506.2152; .NET CLR 3.5.30729)"
91.10.184.254 - - [03/Sep/2011:21:19:27 +0200] "GET /images/pmtm2.gif HTTP/1.1" 304 - "http://www.ksbb.de/" "Mozilla/4.0 (compatible; MSIE 8.0; Windows NT 5.1; Trident/4.0; Mozilla/4.0 (compatible; MSIE 8.0; Win32; WEB.DE); (webde/1.1.0.21); GTB6.6; .NET CLR 1.1.4322; .NET CLR 2.0.50727; .NET CLR 3.0.4506.2152; .NET CLR 3.5.30729)"
91.10.184.254 - - [03/Sep/2011:21:19:27 +0200] "GET /images/pmthm2.gif HTTP/1.1" 304 - "http://www.ksbb.de/" "Mozilla/4.0 (compatible; MSIE 8.0; Windows NT 5.1; Trident/4.0; Mozilla/4.0 (compatible; MSIE 8.0; Win32; WEB.DE); (webde/1.1.0.21); GTB6.6; .NET CLR 1.1.4322; .NET CLR 2.0.50727; .NET CLR 3.0.4506.2152; .NET CLR 3.5.30729)"
91.10.184.254 - - [03/Sep/2011:21:19:28 +0200] "GET /images/pmtm3.gif HTTP/1.1" 304 - "http://www.ksbb.de/" "Mozilla/4.0 (compatible; MSIE 8.0; Windows NT 5.1; Trident/4.0; Mozilla/4.0 (compatible; MSIE 8.0; Win32; WEB.DE); (webde/1.1.0.21); GTB6.6; .NET CLR 1.1.4322; .NET CLR 2.0.50727; .NET CLR 3.0.4506.2152; .NET CLR 3.5.30729)"
91.10.184.254 - - [03/Sep/2011:21:19:28 +0200] "GET /images/pmthm3.gif HTTP/1.1" 304 - "http://www.ksbb.de/" "Mozilla/4.0 (compatible; MSIE 8.0; Windows NT 5.1; Trident/4.0; Mozilla/4.0 (compatible; MSIE 8.0; Win32; WEB.DE); (webde/1.1.0.21); GTB6.6; .NET CLR 1.1.4322; .NET CLR 2.0.50727; .NET CLR 3.0.4506.2152; .NET CLR 3.5.30729)"
91.10.184.254 - - [03/Sep/2011:21:19:28 +0200] "GET /images/pmtm4.gif HTTP/1.1" 304 - "http://www.ksbb.de/" "Mozilla/4.0 (compatible; MSIE 8.0; Windows NT 5.1; Trident/4.0; Mozilla/4.0 (compatible; MSIE 8.0; Win32; WEB.DE); (webde/1.1.0.21); GTB6.6; .NET CLR 1.1.4322; .NET CLR 2.0.50727; .NET CLR 3.0.4506.2152; .NET CLR 3.5.30729)"
91.10.184.254 - - [03/Sep/2011:21:19:28 +0200] "GET /images/pmthm4.gif HTTP/1.1" 304 - "http://www.ksbb.de/" "Mozilla/4.0 (compatible; MSIE 8.0; Windows NT 5.1; Trident/4.0; Mozilla/4.0 (compatible; MSIE 8.0; Win32; WEB.DE); (webde/1.1.0.21); GTB6.6; .NET CLR 1.1.4322; .NET CLR 2.0.50727; .NET CLR 3.0.4506.2152; .NET CLR 3.5.30729)"
91.10.184.254 - - [03/Sep/2011:21:19:28 +0200] "GET /images/pmtm5.gif HTTP/1.1" 304 - "http://www.ksbb.de/" "Mozilla/4.0 (compatible; MSIE 8.0; Windows NT 5.1; Trident/4.0; Mozilla/4.0 (compatible; MSIE 8.0; Win32; WEB.DE); (webde/1.1.0.21); GTB6.6; .NET CLR 1.1.4322; .NET CLR 2.0.50727; .NET CLR 3.0.4506.2152; .NET CLR 3.5.30729)"
91.10.184.254 - - [03/Sep/2011:21:19:28 +0200] "GET /images/pmthm5.gif HTTP/1.1" 304 - "http://www.ksbb.de/" "Mozilla/4.0 (compatible; MSIE 8.0; Windows NT 5.1; Trident/4.0; Mozilla/4.0 (compatible; MSIE 8.0; Win32; WEB.DE); (webde/1.1.0.21); GTB6.6; .NET CLR 1.1.4322; .NET CLR 2.0.50727; .NET CLR 3.0.4506.2152; .NET CLR 3.5.30729)"
91.10.184.254 - - [03/Sep/2011:21:19:28 +0200] "GET /images/pmtm6.gif HTTP/1.1" 304 - "http://www.ksbb.de/" "Mozilla/4.0 (compatible; MSIE 8.0; Windows NT 5.1; Trident/4.0; Mozilla/4.0 (compatible; MSIE 8.0; Win32; WEB.DE); (webde/1.1.0.21); GTB6.6; .NET CLR 1.1.4322; .NET CLR 2.0.50727; .NET CLR 3.0.4506.2152; .NET CLR 3.5.30729)"
91.10.184.254 - - [03/Sep/2011:21:19:28 +0200] "GET /images/pmthm6.gif HTTP/1.1" 304 - "http://www.ksbb.de/" "Mozilla/4.0 (compatible; MSIE 8.0; Windows NT 5.1; Trident/4.0; Mozilla/4.0 (compatible; MSIE 8.0; Win32; WEB.DE); (webde/1.1.0.21); GTB6.6; .NET CLR 1.1.4322; .NET CLR 2.0.50727; .NET CLR 3.0.4506.2152; .NET CLR 3.5.30729)"
91.10.184.254 - - [03/Sep/2011:21:19:28 +0200] "GET /images/pmtm7.gif HTTP/1.1" 304 - "http://www.ksbb.de/" "Mozilla/4.0 (compatible; MSIE 8.0; Windows NT 5.1; Trident/4.0; Mozilla/4.0 (compatible; MSIE 8.0; Win32; WEB.DE); (webde/1.1.0.21); GTB6.6; .NET CLR 1.1.4322; .NET CLR 2.0.50727; .NET CLR 3.0.4506.2152; .NET CLR 3.5.30729)"
91.10.184.254 - - [03/Sep/2011:21:19:28 +0200] "GET /images/pmthm7.gif HTTP/1.1" 304 - "http://www.ksbb.de/" "Mozilla/4.0 (compatible; MSIE 8.0; Windows NT 5.1; Trident/4.0; Mozilla/4.0 (compatible; MSIE 8.0; Win32; WEB.DE); (webde/1.1.0.21); GTB6.6; .NET CLR 1.1.4322; .NET CLR 2.0.50727; .NET CLR 3.0.4506.2152; .NET CLR 3.5.30729)"
91.10.184.254 - - [03/Sep/2011:21:19:28 +0200] "GET /images/pd.gif HTTP/1.1" 304 - "http://www.ksbb.de/" "Mozilla/4.0 (compatible; MSIE 8.0; Windows NT 5.1; Trident/4.0; Mozilla/4.0 (compatible; MSIE 8.0; Win32; WEB.DE); (webde/1.1.0.21); GTB6.6; .NET CLR 1.1.4322; .NET CLR 2.0.50727; .NET CLR 3.0.4506.2152; .NET CLR 3.5.30729)"
91.10.184.254 - - [03/Sep/2011:21:19:28 +0200] "GET /images/psd.gif HTTP/1.1" 304 - "http://www.ksbb.de/" "Mozilla/4.0 (compatible; MSIE 8.0; Windows NT 5.1; Trident/4.0; Mozilla/4.0 (compatible; MSIE 8.0; Win32; WEB.DE); (webde/1.1.0.21); GTB6.6; .NET CLR 1.1.4322; .NET CLR 2.0.50727; .NET CLR 3.0.4506.2152; .NET CLR 3.5.30729)"
91.10.184.254 - - [03/Sep/2011:21:19:28 +0200] "GET /images/pbg.gif HTTP/1.1" 304 - "http://www.ksbb.de/" "Mozilla/4.0 (compatible; MSIE 8.0; Windows NT 5.1; Trident/4.0; Mozilla/4.0 (compatible; MSIE 8.0; Win32; WEB.DE); (webde/1.1.0.21); GTB6.6; .NET CLR 1.1.4322; .NET CLR 2.0.50727; .NET CLR 3.0.4506.2152; .NET CLR 3.5.30729)"
91.10.184.254 - - [03/Sep/2011:21:19:28 +0200] "GET /images/pltp.gif HTTP/1.1" 304 - "http://www.ksbb.de/" "Mozilla/4.0 (compatible; MSIE 8.0; Windows NT 5.1; Trident/4.0; Mozilla/4.0 (compatible; MSIE 8.0; Win32; WEB.DE); (webde/1.1.0.21); GTB6.6; .NET CLR 1.1.4322; .NET CLR 2.0.50727; .NET CLR 3.0.4506.2152; .NET CLR 3.5.30729)"
91.10.184.254 - - [03/Sep/2011:21:19:28 +0200] "GET /images/pcp.gif HTTP/1.1" 304 - "http://www.ksbb.de/" "Mozilla/4.0 (compatible; MSIE 8.0; Windows NT 5.1; Trident/4.0; Mozilla/4.0 (compatible; MSIE 8.0; Win32; WEB.DE); (webde/1.1.0.21); GTB6.6; .NET CLR 1.1.4322; .NET CLR 2.0.50727; .NET CLR 3.0.4506.2152; .NET CLR 3.5.30729)"
91.10.184.254 - - [03/Sep/2011:21:19:28 +0200] "GET /images/plma.gif HTTP/1.1" 304 - "http://www.ksbb.de/" "Mozilla/4.0 (compatible; MSIE 8.0; Windows NT 5.1; Trident/4.0; Mozilla/4.0 (compatible; MSIE 8.0; Win32; WEB.DE); (webde/1.1.0.21); GTB6.6; .NET CLR 1.1.4322; .NET CLR 2.0.50727; .NET CLR 3.0.4506.2152; .NET CLR 3.5.30729)"
91.10.184.254 - - [03/Sep/2011:21:19:28 +0200] "GET /images/plms.gif HTTP/1.1" 304 - "http://www.ksbb.de/" "Mozilla/4.0 (compatible; MSIE 8.0; Windows NT 5.1; Trident/4.0; Mozilla/4.0 (compatible; MSIE 8.0; Win32; WEB.DE); (webde/1.1.0.21); GTB6.6; .NET CLR 1.1.4322; .NET CLR 2.0.50727; .NET CLR 3.0.4506.2152; .NET CLR 3.5.30729)"
91.10.184.254 - - [03/Sep/2011:21:19:28 +0200] "GET /images/plogo.gif HTTP/1.1" 304 - "http://www.ksbb.de/" "Mozilla/4.0 (compatible; MSIE 8.0; Windows NT 5.1; Trident/4.0; Mozilla/4.0 (compatible; MSIE 8.0; Win32; WEB.DE); (webde/1.1.0.21); GTB6.6; .NET CLR 1.1.4322; .NET CLR 2.0.50727; .NET CLR 3.0.4506.2152; .NET CLR 3.5.30729)"
91.10.184.254 - - [03/Sep/2011:21:19:28 +0200] "GET /images/plmb.gif HTTP/1.1" 304 - "http://www.ksbb.de/" "Mozilla/4.0 (compatible; MSIE 8.0; Windows NT 5.1; Trident/4.0; Mozilla/4.0 (compatible; MSIE 8.0; Win32; WEB.DE); (webde/1.1.0.21); GTB6.6; .NET CLR 1.1.4322; .NET CLR 2.0.50727; .NET CLR 3.0.4506.2152; .NET CLR 3.5.30729)"
91.10.184.254 - - [03/Sep/2011:21:19:28 +0200] "GET /images/pl160.gif HTTP/1.1" 304 - "http://www.ksbb.de/" "Mozilla/4.0 (compatible; MSIE 8.0; Windows NT 5.1; Trident/4.0; Mozilla/4.0 (compatible; MSIE 8.0; Win32; WEB.DE); (webde/1.1.0.21); GTB6.6; .NET CLR 1.1.4322; .NET CLR 2.0.50727; .NET CLR 3.0.4506.2152; .NET CLR 3.5.30729)"
91.10.184.254 - - [03/Sep/2011:21:19:28 +0200] "GET /images/plvt.gif HTTP/1.1" 304 - "http://www.ksbb.de/" "Mozilla/4.0 (compatible; MSIE 8.0; Windows NT 5.1; Trident/4.0; Mozilla/4.0 (compatible; MSIE 8.0; Win32; WEB.DE); (webde/1.1.0.21); GTB6.6; .NET CLR 1.1.4322; .NET CLR 2.0.50727; .NET CLR 3.0.4506.2152; .NET CLR 3.5.30729)"
91.10.184.254 - - [03/Sep/2011:21:19:28 +0200] "GET /images/pbx.gif HTTP/1.1" 304 - "http://www.ksbb.de/" "Mozilla/4.0 (compatible; MSIE 8.0; Windows NT 5.1; Trident/4.0; Mozilla/4.0 (compatible; MSIE 8.0; Win32; WEB.DE); (webde/1.1.0.21); GTB6.6; .NET CLR 1.1.4322; .NET CLR 2.0.50727; .NET CLR 3.0.4506.2152; .NET CLR 3.5.30729)"
91.10.184.254 - - [03/Sep/2011:21:19:28 +0200] "GET /images/mev14046_72.jpg HTTP/1.1" 304 - "http://www.ksbb.de/" "Mozilla/4.0 (compatible; MSIE 8.0; Windows NT 5.1; Trident/4.0; Mozilla/4.0 (compatible; MSIE 8.0; Win32; WEB.DE); (webde/1.1.0.21); GTB6.6; .NET CLR 1.1.4322; .NET CLR 2.0.50727; .NET CLR 3.0.4506.2152; .NET CLR 3.5.30729)"
91.10.184.254 - - [03/Sep/2011:21:19:28 +0200] "GET /images/plnkn.gif HTTP/1.1" 304 - "http://www.ksbb.de/" "Mozilla/4.0 (compatible; MSIE 8.0; Windows NT 5.1; Trident/4.0; Mozilla/4.0 (compatible; MSIE 8.0; Win32; WEB.DE); (webde/1.1.0.21); GTB6.6; .NET CLR 1.1.4322; .NET CLR 2.0.50727; .NET CLR 3.0.4506.2152; .NET CLR 3.5.30729)"
91.10.184.254 - - [03/Sep/2011:21:19:28 +0200] "GET /images/mev23003_72.jpg HTTP/1.1" 304 - "http://www.ksbb.de/" "Mozilla/4.0 (compatible; MSIE 8.0; Windows NT 5.1; Trident/4.0; Mozilla/4.0 (compatible; MSIE 8.0; Win32; WEB.DE); (webde/1.1.0.21); GTB6.6; .NET CLR 1.1.4322; .NET CLR 2.0.50727; .NET CLR 3.0.4506.2152; .NET CLR 3.5.30729)"
91.10.184.254 - - [03/Sep/2011:21:19:28 +0200] "GET /images/55275_72.jpg HTTP/1.1" 304 - "http://www.ksbb.de/" "Mozilla/4.0 (compatible; MSIE 8.0; Windows NT 5.1; Trident/4.0; Mozilla/4.0 (compatible; MSIE 8.0; Win32; WEB.DE); (webde/1.1.0.21); GTB6.6; .NET CLR 1.1.4322; .NET CLR 2.0.50727; .NET CLR 3.0.4506.2152; .NET CLR 3.5.30729)"
91.10.184.254 - - [03/Sep/2011:21:19:28 +0200] "GET /images/plmc.gif HTTP/1.1" 304 - "http://www.ksbb.de/" "Mozilla/4.0 (compatible; MSIE 8.0; Windows NT 5.1; Trident/4.0; Mozilla/4.0 (compatible; MSIE 8.0; Win32; WEB.DE); (webde/1.1.0.21); GTB6.6; .NET CLR 1.1.4322; .NET CLR 2.0.50727; .NET CLR 3.0.4506.2152; .NET CLR 3.5.30729)"
91.10.184.254 - - [03/Sep/2011:21:19:28 +0200] "GET /images/plbt.gif HTTP/1.1" 304 - "http://www.ksbb.de/" "Mozilla/4.0 (compatible; MSIE 8.0; Windows NT 5.1; Trident/4.0; Mozilla/4.0 (compatible; MSIE 8.0; Win32; WEB.DE); (webde/1.1.0.21); GTB6.6; .NET CLR 1.1.4322; .NET CLR 2.0.50727; .NET CLR 3.0.4506.2152; .NET CLR 3.5.30729)"
91.10.184.254 - - [03/Sep/2011:21:19:28 +0200] "GET /images/ksbb1_sbp.jpg HTTP/1.1" 304 - "http://www.ksbb.de/" "Mozilla/4.0 (compatible; MSIE 8.0; Windows NT 5.1; Trident/4.0; Mozilla/4.0 (compatible; MSIE 8.0; Win32; WEB.DE); (webde/1.1.0.21); GTB6.6; .NET CLR 1.1.4322; .NET CLR 2.0.50727; .NET CLR 3.0.4506.2152; .NET CLR 3.5.30729)"
91.10.184.254 - - [03/Sep/2011:21:19:28 +0200] "GET /images/ulslogosbp_sbp.jpg HTTP/1.1" 304 - "http://www.ksbb.de/" "Mozilla/4.0 (compatible; MSIE 8.0; Windows NT 5.1; Trident/4.0; Mozilla/4.0 (compatible; MSIE 8.0; Win32; WEB.DE); (webde/1.1.0.21); GTB6.6; .NET CLR 1.1.4322; .NET CLR 2.0.50727; .NET CLR 3.0.4506.2152; .NET CLR 3.5.30729)"
91.10.184.254 - - [03/Sep/2011:21:19:29 +0200] "GET /images/iso9001_sbp.jpg HTTP/1.1" 304 - "http://www.ksbb.de/" "Mozilla/4.0 (compatible; MSIE 8.0; Windows NT 5.1; Trident/4.0; Mozilla/4.0 (compatible; MSIE 8.0; Win32; WEB.DE); (webde/1.1.0.21); GTB6.6; .NET CLR 1.1.4322; .NET CLR 2.0.50727; .NET CLR 3.0.4506.2152; .NET CLR 3.5.30729)"
91.10.184.254 - - [03/Sep/2011:21:19:29 +0200] "GET /images/logoprofex_sbp.gif HTTP/1.1" 304 - "http://www.ksbb.de/" "Mozilla/4.0 (compatible; MSIE 8.0; Windows NT 5.1; Trident/4.0; Mozilla/4.0 (compatible; MSIE 8.0; Win32; WEB.DE); (webde/1.1.0.21); GTB6.6; .NET CLR 1.1.4322; .NET CLR 2.0.50727; .NET CLR 3.0.4506.2152; .NET CLR 3.5.30729)"
91.10.184.254 - - [03/Sep/2011:21:19:29 +0200] "GET /favicon.ico HTTP/1.1" 404 - "-" "Mozilla/4.0 (compatible; MSIE 8.0; Windows NT 5.1; Trident/4.0; Mozilla/4.0 (compatible; MSIE 8.0; Win32; WEB.DE); (webde/1.1.0.21); GTB6.6; .NET CLR 1.1.4322; .NET CLR 2.0.50727; .NET CLR 3.0.4506.2152; .NET CLR 3.5.30729)"
95.108.158.244 - - [03/Sep/2011:21:35:05 +0200] "GET /images/phomem0.gif HTTP/1.1" 304 - "-" "Mozilla/5.0 (compatible; YandexImages/3.0; +http://yandex.com/bots)"
65.52.109.19 - - [03/Sep/2011:21:56:21 +0200] "GET /robots.txt HTTP/1.1" 404 - "-" "Mozilla/5.0 (compatible; bingbot/2.0; +http://www.bing.com/bingbot.htm)"
65.52.109.19 - - [03/Sep/2011:21:58:21 +0200] "GET /000001985b0d93482/000001985c0868401/index.php HTTP/1.1" 200 20288 "-" "Mozilla/5.0 (compatible; bingbot/2.0; +http://www.bing.com/bingbot.htm)"
95.108.158.244 - - [03/Sep/2011:22:01:44 +0200] "GET /images/pmtm6.gif HTTP/1.1" 304 - "-" "Mozilla/5.0 (compatible; YandexImages/3.0; +http://yandex.com/bots)"
220.181.108.99 - - [03/Sep/2011:22:03:04 +0200] "GET /images/55275_72.jpg HTTP/1.1" 200 2381 "-" "Baiduspider-image+(+http://www.baidu.com/search/spider.htm)"
95.108.158.244 - - [03/Sep/2011:22:28:22 +0200] "GET /images/plbt.gif HTTP/1.1" 304 - "-" "Mozilla/5.0 (compatible; YandexImages/3.0; +http://yandex.com/bots)"
46.38.237.40 - - [03/Sep/2011:22:39:57 +0200] "GET / HTTP/1.0" 200 15277 "-" "-"
95.108.158.244 - - [03/Sep/2011:22:41:41 +0200] "GET /images/pl160.gif HTTP/1.1" 304 - "-" "Mozilla/5.0 (compatible; YandexImages/3.0; +http://yandex.com/bots)"
95.108.158.244 - - [03/Sep/2011:22:55:00 +0200] "GET /images/pcmpc1.gif HTTP/1.1" 304 - "-" "Mozilla/5.0 (compatible; YandexImages/3.0; +http://yandex.com/bots)"
95.108.158.244 - - [03/Sep/2011:23:21:38 +0200] "GET /images/phnvmtt4.gif HTTP/1.1" 304 - "-" "Mozilla/5.0 (compatible; YandexImages/3.0; +http://yandex.com/bots)"
123.125.71.36 - - [03/Sep/2011:23:29:35 +0200] "GET / HTTP/1.1" 200 15277 "-" "Mozilla/5.0 (compatible; Baiduspider/2.0; +http://www.baidu.com/search/spider.html)"
220.181.108.87 - - [03/Sep/2011:23:29:59 +0200] "GET / HTTP/1.1" 200 15277 "-" "Mozilla/5.0 (compatible; Baiduspider/2.0; +http://www.baidu.com/search/spider.html)"
95.108.158.244 - - [03/Sep/2011:23:34:58 +0200] "GET /images/pmtm2.gif HTTP/1.1" 304 - "-" "Mozilla/5.0 (compatible; YandexImages/3.0; +http://yandex.com/bots)"
207.46.194.46 - - [03/Sep/2011:23:37:51 +0200] "GET /robots.txt HTTP/1.1" 404 - "-" "msnbot-media/1.1 (+http://search.msn.com/msnbot.htm)"
207.46.194.46 - - [03/Sep/2011:23:37:51 +0200] "GET /images/mev22050_158.jpg HTTP/1.1" 200 3505 "-" "msnbot-media/1.1 (+http://search.msn.com/msnbot.htm)"
207.46.194.46 - - [03/Sep/2011:23:37:51 +0200] "GET /000001985b0d93482/000001985c0868401/index.php HTTP/1.1" 200 20288 "-" "msnbot-media/1.1 (+http://search.msn.com/msnbot.htm)"
95.108.158.244 - - [03/Sep/2011:23:48:17 +0200] "GET /images/pmtm7.gif HTTP/1.1" 304 - "-" "Mozilla/5.0 (compatible; YandexImages/3.0; +http://yandex.com/bots)"
95.108.158.244 - - [04/Sep/2011:00:14:55 +0200] "GET /images/plmb.gif HTTP/1.1" 304 - "-" "Mozilla/5.0 (compatible; YandexImages/3.0; +http://yandex.com/bots)"
95.108.158.244 - - [04/Sep/2011:00:28:14 +0200] "GET /images/pmtm5.gif HTTP/1.1" 304 - "-" "Mozilla/5.0 (compatible; YandexImages/3.0; +http://yandex.com/bots)"
220.181.108.96 - - [04/Sep/2011:00:28:49 +0200] "GET / HTTP/1.1" 200 15277 "-" "Mozilla/5.0 (compatible; Baiduspider/2.0; +http://www.baidu.com/search/spider.html)"
95.108.158.244 - - [04/Sep/2011:01:06:12 +0200] "GET /images/phnvmtt3.gif HTTP/1.1" 304 - "-" "Mozilla/5.0 (compatible; YandexImages/3.0; +http://yandex.com/bots)"
193.252.149.14 - - [04/Sep/2011:01:14:55 +0200] "GET /robots.txt HTTP/1.1" 404 - "-" "Mozilla/5.0 (Windows; U; Windows NT 5.1; fr; rv:1.8.1) VoilaBot BETA 1.2 (support.voilabot@orange-ftgroup.com)"
193.252.149.14 - - [04/Sep/2011:01:15:14 +0200] "GET / HTTP/1.1" 200 24280 "-" "Mozilla/5.0 (Windows; U; Windows NT 5.1; fr; rv:1.8.1) VoilaBot BETA 1.2 (support.voilabot@orange-ftgroup.com)"
95.108.158.244 - - [04/Sep/2011:01:55:57 +0200] "GET /robots.txt HTTP/1.1" 404 - "-" "Mozilla/5.0 (compatible; YandexImages/3.0; +http://yandex.com/bots)"
95.108.158.244 - - [04/Sep/2011:02:19:34 +0200] "GET /images/pmtm4.gif HTTP/1.1" 304 - "-" "Mozilla/5.0 (compatible; YandexImages/3.0; +http://yandex.com/bots)"
220.181.108.147 - - [04/Sep/2011:02:23:06 +0200] "GET /robots.txt HTTP/1.1" 404 - "-" "Baiduspider+(+http://www.baidu.com/search/spider.htm)"
95.108.158.244 - - [04/Sep/2011:02:31:23 +0200] "GET /images/plms.gif HTTP/1.1" 304 - "-" "Mozilla/5.0 (compatible; YandexImages/3.0; +http://yandex.com/bots)"
95.108.158.244 - - [04/Sep/2011:02:43:11 +0200] "GET /images/plma.gif HTTP/1.1" 304 - "-" "Mozilla/5.0 (compatible; YandexImages/3.0; +http://yandex.com/bots)"
95.108.158.244 - - [04/Sep/2011:02:54:59 +0200] "GET /images/phnvmtt7.gif HTTP/1.1" 304 - "-" "Mozilla/5.0 (compatible; YandexImages/3.0; +http://yandex.com/bots)"
95.108.158.244 - - [04/Sep/2011:03:06:48 +0200] "GET /images/plnkn.gif HTTP/1.1" 304 - "-" "Mozilla/5.0 (compatible; YandexImages/3.0; +http://yandex.com/bots)"
95.108.158.244 - - [04/Sep/2011:03:39:16 +0200] "GET /images/phnvmtt2.gif HTTP/1.1" 304 - "-" "Mozilla/5.0 (compatible; YandexImages/3.0; +http://yandex.com/bots)"
95.108.158.244 - - [04/Sep/2011:03:49:37 +0200] "GET /images/phnvmtt5.gif HTTP/1.1" 304 - "-" "Mozilla/5.0 (compatible; YandexImages/3.0; +http://yandex.com/bots)"
46.4.164.31 - - [04/Sep/2011:03:54:07 +0200] "GET / HTTP/1.0" 200 15277 "-" "-"
95.108.158.244 - - [04/Sep/2011:04:00:03 +0200] "GET /images/pd.gif HTTP/1.1" 304 - "-" "Mozilla/5.0 (compatible; YandexImages/3.0; +http://yandex.com/bots)"
95.108.158.244 - - [04/Sep/2011:04:10:21 +0200] "GET /images/pnvtt1m4.gif HTTP/1.1" 304 - "-" "Mozilla/5.0 (compatible; YandexImages/3.0; +http://yandex.com/bots)"
95.108.158.244 - - [04/Sep/2011:04:20:40 +0200] "GET /images/pmtm1.gif HTTP/1.1" 304 - "-" "Mozilla/5.0 (compatible; YandexImages/3.0; +http://yandex.com/bots)"
69.64.37.126 - - [04/Sep/2011:04:42:49 +0200] "GET / HTTP/1.0" 200 24273 "-" "-"
65.52.109.19 - - [04/Sep/2011:05:43:46 +0200] "GET /robots.txt HTTP/1.1" 404 - "-" "Mozilla/5.0 (compatible; bingbot/2.0; +http://www.bing.com/bingbot.htm)"
65.52.109.19 - - [04/Sep/2011:05:44:36 +0200] "GET / HTTP/1.1" 200 24273 "-" "Mozilla/5.0 (compatible; bingbot/2.0; +http://www.bing.com/bingbot.htm)"
82.165.37.69 - - [04/Sep/2011:06:23:02 +0200] "GET / HTTP/1.0" 200 24273 "http://kennensiemich.ch/IPTCroboto/?=/" "Mozilla/5.0 (compatible; IPTCBOT;"
193.47.80.37 - - [04/Sep/2011:06:56:55 +0200] "GET /robots.txt HTTP/1.1" 404 - "-" "Mozilla/5.0 (compatible; Exabot/3.0; +http://www.exabot.com/go/robot)"
193.47.80.37 - - [04/Sep/2011:06:56:55 +0200] "GET /000001985b0e5e29a/index.php HTTP/1.1" 200 16895 "-" "Mozilla/5.0 (compatible; Exabot/3.0; +http://www.exabot.com/go/robot)"
95.108.158.244 - - [04/Sep/2011:07:17:46 +0200] "GET /images/pcp.gif HTTP/1.1" 304 - "-" "Mozilla/5.0 (compatible; YandexImages/3.0; +http://yandex.com/bots)"
123.125.71.14 - - [04/Sep/2011:07:30:47 +0200] "GET / HTTP/1.1" 200 15277 "-" "Mozilla/5.0 (compatible; Baiduspider/2.0; +http://www.baidu.com/search/spider.html)"
220.181.108.80 - - [04/Sep/2011:07:31:16 +0200] "GET / HTTP/1.1" 200 24273 "-" "Mozilla/5.0 (compatible; Baiduspider/2.0; +http://www.baidu.com/search/spider.html)"
46.4.31.133 - - [04/Sep/2011:08:13:52 +0200] "GET / HTTP/1.0" 200 15277 "-" "-"
123.125.71.14 - - [04/Sep/2011:08:29:36 +0200] "GET / HTTP/1.1" 200 15277 "-" "Mozilla/5.0 (compatible; Baiduspider/2.0; +http://www.baidu.com/search/spider.html)"
220.181.108.93 - - [04/Sep/2011:08:30:02 +0200] "GET / HTTP/1.1" 200 15277 "-" "Mozilla/5.0 (compatible; Baiduspider/2.0; +http://www.baidu.com/search/spider.html)"
95.108.158.244 - - [04/Sep/2011:09:13:15 +0200] "GET /images/pbx.gif HTTP/1.1" 304 - "-" "Mozilla/5.0 (compatible; YandexImages/3.0; +http://yandex.com/bots)"
66.249.67.108 - - [04/Sep/2011:10:21:34 +0200] "GET /robots.txt HTTP/1.1" 404 - "-" "Mozilla/5.0 (compatible; Googlebot/2.1; +http://www.google.com/bot.html)"
66.249.67.108 - - [04/Sep/2011:10:21:35 +0200] "GET /000001985b0ce1e49/00000198610d8af28/00000198610da0a31.php HTTP/1.1" 200 14390 "-" "Mozilla/5.0 (compatible; Googlebot/2.1; +http://www.google.com/bot.html)"
95.108.158.244 - - [04/Sep/2011:11:32:49 +0200] "GET /images/pcmpc2.gif HTTP/1.1" 304 - "-" "Mozilla/5.0 (compatible; YandexImages/3.0; +http://yandex.com/bots)"
66.249.67.108 - - [04/Sep/2011:11:57:40 +0200] "GET /000001985b0ce1e49/00000198610d6501c/00000198610d75024.php HTTP/1.1" 200 14485 "-" "Mozilla/5.0 (compatible; Googlebot/2.1; +http://www.google.com/bot.html)"
95.108.158.244 - - [04/Sep/2011:12:06:29 +0200] "GET /images/pltp.gif HTTP/1.1" 304 - "-" "Mozilla/5.0 (compatible; YandexImages/3.0; +http://yandex.com/bots)"
123.125.71.25 - - [04/Sep/2011:12:28:27 +0200] "GET / HTTP/1.1" 200 15277 "-" "Mozilla/5.0 (compatible; Baiduspider/2.0; +http://www.baidu.com/search/spider.html)"
220.181.108.97 - - [04/Sep/2011:12:28:51 +0200] "GET / HTTP/1.1" 200 15277 "-" "Mozilla/5.0 (compatible; Baiduspider/2.0; +http://www.baidu.com/search/spider.html)"
95.108.158.244 - - [04/Sep/2011:12:40:10 +0200] "GET /images/pmtm3.gif HTTP/1.1" 304 - "-" "Mozilla/5.0 (compatible; YandexImages/3.0; +http://yandex.com/bots)"
85.17.171.225 - - [04/Sep/2011:13:13:00 +0200] "GET /robots.txt HTTP/1.1" 404 - "-" "Mozilla/5.0 (compatible; Plukkie/1.4; http://www.botje.com/plukkie.htm)"
85.17.171.225 - - [04/Sep/2011:13:13:00 +0200] "GET / HTTP/1.1" 200 24273 "-" "Mozilla/5.0 (compatible; Plukkie/1.4; http://www.botje.com/plukkie.htm)"
123.125.71.25 - - [04/Sep/2011:13:27:26 +0200] "GET / HTTP/1.1" 200 24273 "-" "Mozilla/5.0 (compatible; Baiduspider/2.0; +http://www.baidu.com/search/spider.html)"
123.125.71.35 - - [04/Sep/2011:13:27:32 +0200] "GET /00000398730fcd910.php HTTP/1.1" 200 22402 "-" "Mozilla/5.0 (compatible; Baiduspider/2.0; +http://www.baidu.com/search/spider.html)"
123.125.71.19 - - [04/Sep/2011:13:27:34 +0200] "GET /000001985b0d93482/00000198660ae2e07/index.php HTTP/1.1" 200 17553 "-" "Mozilla/5.0 (compatible; Baiduspider/2.0; +http://www.baidu.com/search/spider.html)"
123.125.71.27 - - [04/Sep/2011:13:27:36 +0200] "GET /000001985b0d93482/00000198660ae2e07/ HTTP/1.1" 200 17553 "-" "Mozilla/5.0 (compatible; Baiduspider/2.0; +http://www.baidu.com/search/spider.html)"
123.125.71.16 - - [04/Sep/2011:13:27:37 +0200] "GET /00000198660b9a703/00000198660bb6a0a/index.php HTTP/1.1" 200 16342 "-" "Mozilla/5.0 (compatible; Baiduspider/2.0; +http://www.baidu.com/search/spider.html)"
123.125.71.30 - - [04/Sep/2011:13:27:39 +0200] "GET /00000198660b9a703/index.php HTTP/1.1" 200 19277 "-" "Mozilla/5.0 (compatible; Baiduspider/2.0; +http://www.baidu.com/search/spider.html)"
123.125.71.36 - - [04/Sep/2011:13:27:39 +0200] "GET /00000198660b9a703/00000198660bb6a0a/ HTTP/1.1" 200 16342 "-" "Mozilla/5.0 (compatible; Baiduspider/2.0; +http://www.baidu.com/search/spider.html)"
123.125.71.27 - - [04/Sep/2011:13:27:41 +0200] "GET /000001985b0ce1e49/00000198610d6501c/index.php HTTP/1.1" 200 15933 "-" "Mozilla/5.0 (compatible; Baiduspider/2.0; +http://www.baidu.com/search/spider.html)"
123.125.71.22 - - [04/Sep/2011:13:27:41 +0200] "GET /00000198660b9a703/ HTTP/1.1" 200 19277 "-" "Mozilla/5.0 (compatible; Baiduspider/2.0; +http://www.baidu.com/search/spider.html)"
123.125.71.30 - - [04/Sep/2011:13:27:43 +0200] "GET /000001985b0ce1e49/00000198610d6501c/ HTTP/1.1" 200 15933 "-" "Mozilla/5.0 (compatible; Baiduspider/2.0; +http://www.baidu.com/search/spider.html)"
123.125.71.23 - - [04/Sep/2011:13:27:45 +0200] "GET /assets/s.css HTTP/1.1" 200 3386 "-" "Mozilla/5.0 (compatible; Baiduspider/2.0; +http://www.baidu.com/search/spider.html)"
123.125.71.13 - - [04/Sep/2011:13:27:47 +0200] "GET /index.php HTTP/1.1" 200 24273 "-" "Mozilla/5.0 (compatible; Baiduspider/2.0; +http://www.baidu.com/search/spider.html)"
123.125.71.12 - - [04/Sep/2011:13:27:49 +0200] "GET /00000198660c9d618/00000198610cada01/index.php HTTP/1.1" 200 18152 "-" "Mozilla/5.0 (compatible; Baiduspider/2.0; +http://www.baidu.com/search/spider.html)"
123.125.71.14 - - [04/Sep/2011:13:27:51 +0200] "GET / HTTP/1.1" 200 24273 "-" "Mozilla/5.0 (compatible; Baiduspider/2.0; +http://www.baidu.com/search/spider.html)"
123.125.71.30 - - [04/Sep/2011:13:27:52 +0200] "GET /00000198660c9d618/00000198610cada01/ HTTP/1.1" 200 18152 "-" "Mozilla/5.0 (compatible; Baiduspider/2.0; +http://www.baidu.com/search/spider.html)"
123.125.71.27 - - [04/Sep/2011:13:27:54 +0200] "GET /000001985b0d93482/000001985b0da2285/index.php HTTP/1.1" 200 16397 "-" "Mozilla/5.0 (compatible; Baiduspider/2.0; +http://www.baidu.com/search/spider.html)"
123.125.71.23 - - [04/Sep/2011:13:27:56 +0200] "GET /000001985b0e5e29a/index.php HTTP/1.1" 200 16895 "-" "Mozilla/5.0 (compatible; Baiduspider/2.0; +http://www.baidu.com/search/spider.html)"
123.125.71.21 - - [04/Sep/2011:13:27:56 +0200] "GET /000001985b0d93482/000001985b0da2285/ HTTP/1.1" 200 16397 "-" "Mozilla/5.0 (compatible; Baiduspider/2.0; +http://www.baidu.com/search/spider.html)"
123.125.71.15 - - [04/Sep/2011:13:27:58 +0200] "GET /000001985b0e5e29a/ HTTP/1.1" 200 16895 "-" "Mozilla/5.0 (compatible; Baiduspider/2.0; +http://www.baidu.com/search/spider.html)"
123.125.71.26 - - [04/Sep/2011:13:27:59 +0200] "GET /00000198660c9d618/00000198660cdce24/index.php HTTP/1.1" 200 17951 "-" "Mozilla/5.0 (compatible; Baiduspider/2.0; +http://www.baidu.com/search/spider.html)"
123.125.71.12 - - [04/Sep/2011:13:28:00 +0200] "GET /00000198660c9d618/00000198660cdce24/ HTTP/1.1" 200 17951 "-" "Mozilla/5.0 (compatible; Baiduspider/2.0; +http://www.baidu.com/search/spider.html)"
123.125.71.31 - - [04/Sep/2011:13:28:02 +0200] "GET /000001985b0d93482/index.php HTTP/1.1" 200 15579 "-" "Mozilla/5.0 (compatible; Baiduspider/2.0; +http://www.baidu.com/search/spider.html)"
123.125.71.21 - - [04/Sep/2011:13:28:04 +0200] "GET /000001985b0d93482/ HTTP/1.1" 200 15579 "-" "Mozilla/5.0 (compatible; Baiduspider/2.0; +http://www.baidu.com/search/spider.html)"
79.250.114.210 - - [04/Sep/2011:13:34:56 +0200] "GET /assets/s.css HTTP/1.1" 200 3386 "http://www.ksbb.de/" "Mozilla/5.0 (Windows NT 6.0; WOW64; rv:2.0.1) Gecko/20100101 Firefox/4.0.1"
79.250.114.210 - - [04/Sep/2011:13:34:55 +0200] "GET / HTTP/1.1" 200 24273 "-" "Mozilla/5.0 (Windows NT 6.0; WOW64; rv:2.0.1) Gecko/20100101 Firefox/4.0.1"
79.250.114.210 - - [04/Sep/2011:13:34:56 +0200] "GET /assets/ssb.css HTTP/1.1" 200 657 "http://www.ksbb.de/" "Mozilla/5.0 (Windows NT 6.0; WOW64; rv:2.0.1) Gecko/20100101 Firefox/4.0.1"
79.250.114.210 - - [04/Sep/2011:13:34:56 +0200] "GET /images/pcp.gif HTTP/1.1" 200 43 "http://www.ksbb.de/" "Mozilla/5.0 (Windows NT 6.0; WOW64; rv:2.0.1) Gecko/20100101 Firefox/4.0.1"
79.250.114.210 - - [04/Sep/2011:13:34:56 +0200] "GET /images/phomesm0.gif HTTP/1.1" 200 2239 "http://www.ksbb.de/" "Mozilla/5.0 (Windows NT 6.0; WOW64; rv:2.0.1) Gecko/20100101 Firefox/4.0.1"
79.250.114.210 - - [04/Sep/2011:13:34:56 +0200] "GET /images/pltp.gif HTTP/1.1" 200 160 "http://www.ksbb.de/" "Mozilla/5.0 (Windows NT 6.0; WOW64; rv:2.0.1) Gecko/20100101 Firefox/4.0.1"
79.250.114.210 - - [04/Sep/2011:13:34:56 +0200] "GET /images/plms.gif HTTP/1.1" 200 68 "http://www.ksbb.de/" "Mozilla/5.0 (Windows NT 6.0; WOW64; rv:2.0.1) Gecko/20100101 Firefox/4.0.1"
79.250.114.210 - - [04/Sep/2011:13:34:56 +0200] "GET /images/pmtm1.gif HTTP/1.1" 200 1155 "http://www.ksbb.de/" "Mozilla/5.0 (Windows NT 6.0; WOW64; rv:2.0.1) Gecko/20100101 Firefox/4.0.1"
79.250.114.210 - - [04/Sep/2011:13:34:56 +0200] "GET /images/pmtm2.gif HTTP/1.1" 200 628 "http://www.ksbb.de/" "Mozilla/5.0 (Windows NT 6.0; WOW64; rv:2.0.1) Gecko/20100101 Firefox/4.0.1"
79.250.114.210 - - [04/Sep/2011:13:34:56 +0200] "GET /images/pmtm3.gif HTTP/1.1" 200 2032 "http://www.ksbb.de/" "Mozilla/5.0 (Windows NT 6.0; WOW64; rv:2.0.1) Gecko/20100101 Firefox/4.0.1"
79.250.114.210 - - [04/Sep/2011:13:34:56 +0200] "GET /images/pmtm4.gif HTTP/1.1" 200 2316 "http://www.ksbb.de/" "Mozilla/5.0 (Windows NT 6.0; WOW64; rv:2.0.1) Gecko/20100101 Firefox/4.0.1"
79.250.114.210 - - [04/Sep/2011:13:34:56 +0200] "GET /images/pmtm5.gif HTTP/1.1" 200 2185 "http://www.ksbb.de/" "Mozilla/5.0 (Windows NT 6.0; WOW64; rv:2.0.1) Gecko/20100101 Firefox/4.0.1"
79.250.114.210 - - [04/Sep/2011:13:34:56 +0200] "GET /images/pmtm6.gif HTTP/1.1" 200 628 "http://www.ksbb.de/" "Mozilla/5.0 (Windows NT 6.0; WOW64; rv:2.0.1) Gecko/20100101 Firefox/4.0.1"
79.250.114.210 - - [04/Sep/2011:13:34:56 +0200] "GET /images/pmtm7.gif HTTP/1.1" 200 1174 "http://www.ksbb.de/" "Mozilla/5.0 (Windows NT 6.0; WOW64; rv:2.0.1) Gecko/20100101 Firefox/4.0.1"
79.250.114.210 - - [04/Sep/2011:13:34:56 +0200] "GET /images/plma.gif HTTP/1.1" 200 164 "http://www.ksbb.de/" "Mozilla/5.0 (Windows NT 6.0; WOW64; rv:2.0.1) Gecko/20100101 Firefox/4.0.1"
79.250.114.210 - - [04/Sep/2011:13:34:56 +0200] "GET /images/plogo.gif HTTP/1.1" 200 18153 "http://www.ksbb.de/" "Mozilla/5.0 (Windows NT 6.0; WOW64; rv:2.0.1) Gecko/20100101 Firefox/4.0.1"
79.250.114.210 - - [04/Sep/2011:13:34:56 +0200] "GET /images/plmb.gif HTTP/1.1" 200 166 "http://www.ksbb.de/" "Mozilla/5.0 (Windows NT 6.0; WOW64; rv:2.0.1) Gecko/20100101 Firefox/4.0.1"
79.250.114.210 - - [04/Sep/2011:13:34:56 +0200] "GET /images/pl160.gif HTTP/1.1" 200 70 "http://www.ksbb.de/" "Mozilla/5.0 (Windows NT 6.0; WOW64; rv:2.0.1) Gecko/20100101 Firefox/4.0.1"
79.250.114.210 - - [04/Sep/2011:13:34:56 +0200] "GET /images/phnvmtt1.gif HTTP/1.1" 200 2551 "http://www.ksbb.de/" "Mozilla/5.0 (Windows NT 6.0; WOW64; rv:2.0.1) Gecko/20100101 Firefox/4.0.1"
79.250.114.210 - - [04/Sep/2011:13:34:56 +0200] "GET /images/pd.gif HTTP/1.1" 200 111 "http://www.ksbb.de/" "Mozilla/5.0 (Windows NT 6.0; WOW64; rv:2.0.1) Gecko/20100101 Firefox/4.0.1"
79.250.114.210 - - [04/Sep/2011:13:34:56 +0200] "GET /images/phnvmtt2.gif HTTP/1.1" 200 1637 "http://www.ksbb.de/" "Mozilla/5.0 (Windows NT 6.0; WOW64; rv:2.0.1) Gecko/20100101 Firefox/4.0.1"
79.250.114.210 - - [04/Sep/2011:13:34:56 +0200] "GET /images/phnvmtt3.gif HTTP/1.1" 200 2611 "http://www.ksbb.de/" "Mozilla/5.0 (Windows NT 6.0; WOW64; rv:2.0.1) Gecko/20100101 Firefox/4.0.1"
79.250.114.210 - - [04/Sep/2011:13:34:56 +0200] "GET /images/phnvmtt4.gif HTTP/1.1" 200 2685 "http://www.ksbb.de/" "Mozilla/5.0 (Windows NT 6.0; WOW64; rv:2.0.1) Gecko/20100101 Firefox/4.0.1"
79.250.114.210 - - [04/Sep/2011:13:34:56 +0200] "GET /images/phnvmtt5.gif HTTP/1.1" 200 2563 "http://www.ksbb.de/" "Mozilla/5.0 (Windows NT 6.0; WOW64; rv:2.0.1) Gecko/20100101 Firefox/4.0.1"
79.250.114.210 - - [04/Sep/2011:13:34:56 +0200] "GET /images/phnvmtt6.gif HTTP/1.1" 200 1637 "http://www.ksbb.de/" "Mozilla/5.0 (Windows NT 6.0; WOW64; rv:2.0.1) Gecko/20100101 Firefox/4.0.1"
79.250.114.210 - - [04/Sep/2011:13:34:56 +0200] "GET /images/phnvmtt7.gif HTTP/1.1" 200 2552 "http://www.ksbb.de/" "Mozilla/5.0 (Windows NT 6.0; WOW64; rv:2.0.1) Gecko/20100101 Firefox/4.0.1"
79.250.114.210 - - [04/Sep/2011:13:34:56 +0200] "GET /images/pbx.gif HTTP/1.1" 200 99 "http://www.ksbb.de/" "Mozilla/5.0 (Windows NT 6.0; WOW64; rv:2.0.1) Gecko/20100101 Firefox/4.0.1"
79.250.114.210 - - [04/Sep/2011:13:34:56 +0200] "GET /images/plnkn.gif HTTP/1.1" 200 95 "http://www.ksbb.de/" "Mozilla/5.0 (Windows NT 6.0; WOW64; rv:2.0.1) Gecko/20100101 Firefox/4.0.1"
79.250.114.210 - - [04/Sep/2011:13:34:56 +0200] "GET /images/mev23003_72.jpg HTTP/1.1" 200 2106 "http://www.ksbb.de/" "Mozilla/5.0 (Windows NT 6.0; WOW64; rv:2.0.1) Gecko/20100101 Firefox/4.0.1"
79.250.114.210 - - [04/Sep/2011:13:34:56 +0200] "GET /images/plmc.gif HTTP/1.1" 200 166 "http://www.ksbb.de/" "Mozilla/5.0 (Windows NT 6.0; WOW64; rv:2.0.1) Gecko/20100101 Firefox/4.0.1"
79.250.114.210 - - [04/Sep/2011:13:34:56 +0200] "GET /images/mev14046_72.jpg HTTP/1.1" 200 1662 "http://www.ksbb.de/" "Mozilla/5.0 (Windows NT 6.0; WOW64; rv:2.0.1) Gecko/20100101 Firefox/4.0.1"
79.250.114.210 - - [04/Sep/2011:13:34:56 +0200] "GET /images/55275_72.jpg HTTP/1.1" 200 2381 "http://www.ksbb.de/" "Mozilla/5.0 (Windows NT 6.0; WOW64; rv:2.0.1) Gecko/20100101 Firefox/4.0.1"
79.250.114.210 - - [04/Sep/2011:13:34:56 +0200] "GET /images/pcmpc1.gif HTTP/1.1" 200 1155 "http://www.ksbb.de/" "Mozilla/5.0 (Windows NT 6.0; WOW64; rv:2.0.1) Gecko/20100101 Firefox/4.0.1"
79.250.114.210 - - [04/Sep/2011:13:34:56 +0200] "GET /images/pcmpc2.gif HTTP/1.1" 200 1240 "http://www.ksbb.de/" "Mozilla/5.0 (Windows NT 6.0; WOW64; rv:2.0.1) Gecko/20100101 Firefox/4.0.1"
79.250.114.210 - - [04/Sep/2011:13:34:56 +0200] "GET /images/plbt.gif HTTP/1.1" 200 161 "http://www.ksbb.de/" "Mozilla/5.0 (Windows NT 6.0; WOW64; rv:2.0.1) Gecko/20100101 Firefox/4.0.1"
79.250.114.210 - - [04/Sep/2011:13:34:56 +0200] "GET /images/ksbb1_sbp.jpg HTTP/1.1" 200 3871 "http://www.ksbb.de/" "Mozilla/5.0 (Windows NT 6.0; WOW64; rv:2.0.1) Gecko/20100101 Firefox/4.0.1"
79.250.114.210 - - [04/Sep/2011:13:34:56 +0200] "GET /images/iso9001_sbp.jpg HTTP/1.1" 200 4462 "http://www.ksbb.de/" "Mozilla/5.0 (Windows NT 6.0; WOW64; rv:2.0.1) Gecko/20100101 Firefox/4.0.1"
79.250.114.210 - - [04/Sep/2011:13:34:56 +0200] "GET /images/logoprofex_sbp.gif HTTP/1.1" 200 3524 "http://www.ksbb.de/" "Mozilla/5.0 (Windows NT 6.0; WOW64; rv:2.0.1) Gecko/20100101 Firefox/4.0.1"
79.250.114.210 - - [04/Sep/2011:13:34:56 +0200] "GET /images/pcmphc1.gif HTTP/1.1" 200 2164 "http://www.ksbb.de/" "Mozilla/5.0 (Windows NT 6.0; WOW64; rv:2.0.1) Gecko/20100101 Firefox/4.0.1"
79.250.114.210 - - [04/Sep/2011:13:34:56 +0200] "GET /images/pcmphc2.gif HTTP/1.1" 200 2299 "http://www.ksbb.de/" "Mozilla/5.0 (Windows NT 6.0; WOW64; rv:2.0.1) Gecko/20100101 Firefox/4.0.1"
79.250.114.210 - - [04/Sep/2011:13:34:56 +0200] "GET /images/ulslogosbp_sbp.jpg HTTP/1.1" 200 1896 "http://www.ksbb.de/" "Mozilla/5.0 (Windows NT 6.0; WOW64; rv:2.0.1) Gecko/20100101 Firefox/4.0.1"
79.250.114.210 - - [04/Sep/2011:13:34:56 +0200] "GET /images/phnvmtht1.gif HTTP/1.1" 200 2613 "http://www.ksbb.de/" "Mozilla/5.0 (Windows NT 6.0; WOW64; rv:2.0.1) Gecko/20100101 Firefox/4.0.1"
79.250.114.210 - - [04/Sep/2011:13:34:56 +0200] "GET /images/phnvmtht2.gif HTTP/1.1" 200 1696 "http://www.ksbb.de/" "Mozilla/5.0 (Windows NT 6.0; WOW64; rv:2.0.1) Gecko/20100101 Firefox/4.0.1"
79.250.114.210 - - [04/Sep/2011:13:34:56 +0200] "GET /images/phnvmtht3.gif HTTP/1.1" 200 2679 "http://www.ksbb.de/" "Mozilla/5.0 (Windows NT 6.0; WOW64; rv:2.0.1) Gecko/20100101 Firefox/4.0.1"
79.250.114.210 - - [04/Sep/2011:13:34:56 +0200] "GET /images/phnvmtht4.gif HTTP/1.1" 200 2627 "http://www.ksbb.de/" "Mozilla/5.0 (Windows NT 6.0; WOW64; rv:2.0.1) Gecko/20100101 Firefox/4.0.1"
79.250.114.210 - - [04/Sep/2011:13:34:56 +0200] "GET /images/phnvmtht5.gif HTTP/1.1" 200 2500 "http://www.ksbb.de/" "Mozilla/5.0 (Windows NT 6.0; WOW64; rv:2.0.1) Gecko/20100101 Firefox/4.0.1"
79.250.114.210 - - [04/Sep/2011:13:34:56 +0200] "GET /images/phnvmtht6.gif HTTP/1.1" 200 1696 "http://www.ksbb.de/" "Mozilla/5.0 (Windows NT 6.0; WOW64; rv:2.0.1) Gecko/20100101 Firefox/4.0.1"
79.250.114.210 - - [04/Sep/2011:13:34:56 +0200] "GET /images/phnvmtht7.gif HTTP/1.1" 200 2615 "http://www.ksbb.de/" "Mozilla/5.0 (Windows NT 6.0; WOW64; rv:2.0.1) Gecko/20100101 Firefox/4.0.1"
79.250.114.210 - - [04/Sep/2011:13:34:56 +0200] "GET /images/pmthm1.gif HTTP/1.1" 200 2169 "http://www.ksbb.de/" "Mozilla/5.0 (Windows NT 6.0; WOW64; rv:2.0.1) Gecko/20100101 Firefox/4.0.1"
79.250.114.210 - - [04/Sep/2011:13:34:56 +0200] "GET /images/pmthm2.gif HTTP/1.1" 200 1209 "http://www.ksbb.de/" "Mozilla/5.0 (Windows NT 6.0; WOW64; rv:2.0.1) Gecko/20100101 Firefox/4.0.1"
79.250.114.210 - - [04/Sep/2011:13:34:56 +0200] "GET /images/pmthm3.gif HTTP/1.1" 200 2275 "http://www.ksbb.de/" "Mozilla/5.0 (Windows NT 6.0; WOW64; rv:2.0.1) Gecko/20100101 Firefox/4.0.1"
79.250.114.210 - - [04/Sep/2011:13:34:56 +0200] "GET /images/pmthm4.gif HTTP/1.1" 200 2518 "http://www.ksbb.de/" "Mozilla/5.0 (Windows NT 6.0; WOW64; rv:2.0.1) Gecko/20100101 Firefox/4.0.1"
79.250.114.210 - - [04/Sep/2011:13:34:56 +0200] "GET /images/pmthm5.gif HTTP/1.1" 200 2381 "http://www.ksbb.de/" "Mozilla/5.0 (Windows NT 6.0; WOW64; rv:2.0.1) Gecko/20100101 Firefox/4.0.1"
79.250.114.210 - - [04/Sep/2011:13:34:56 +0200] "GET /images/pmthm6.gif HTTP/1.1" 200 1209 "http://www.ksbb.de/" "Mozilla/5.0 (Windows NT 6.0; WOW64; rv:2.0.1) Gecko/20100101 Firefox/4.0.1"
79.250.114.210 - - [04/Sep/2011:13:34:56 +0200] "GET /images/pmthm7.gif HTTP/1.1" 200 2195 "http://www.ksbb.de/" "Mozilla/5.0 (Windows NT 6.0; WOW64; rv:2.0.1) Gecko/20100101 Firefox/4.0.1"
79.250.114.210 - - [04/Sep/2011:13:34:56 +0200] "GET /images/psd.gif HTTP/1.1" 200 111 "http://www.ksbb.de/" "Mozilla/5.0 (Windows NT 6.0; WOW64; rv:2.0.1) Gecko/20100101 Firefox/4.0.1"
