193.253.168.22 - - [20/Jun/2013:17:06:33 +0200] "GET /images/iso9001_sbp.jpg HTTP/1.1" 200 4462 "http://www.ksbb.de/" "Mozilla/5.0 (Linux; Android 4.0.4; CINK PEAX Build/IMM76D) AppleWebKit/537.36 (KHTML, like Gecko) Chrome/27.0.1453.90 Mobile Safari/537.36"
193.253.168.22 - - [20/Jun/2013:17:06:33 +0200] "GET /images/logoprofex_sbp.gif HTTP/1.1" 200 3524 "http://www.ksbb.de/" "Mozilla/5.0 (Linux; Android 4.0.4; CINK PEAX Build/IMM76D) AppleWebKit/537.36 (KHTML, like Gecko) Chrome/27.0.1453.90 Mobile Safari/537.36"
193.253.168.22 - - [20/Jun/2013:17:06:33 +0200] "GET /favicon.ico HTTP/1.1" 404 - "-" "Mozilla/5.0 (Linux; Android 4.0.4; CINK PEAX Build/IMM76D) AppleWebKit/537.36 (KHTML, like Gecko) Chrome/27.0.1453.90 Mobile Safari/537.36"
193.253.168.22 - - [20/Jun/2013:17:06:33 +0200] "GET /apple-touch-icon-precomposed.png HTTP/1.1" 404 - "-" "Mozilla/5.0 (Linux; Android 4.0.4; CINK PEAX Build/IMM76D) AppleWebKit/537.36 (KHTML, like Gecko) Chrome/27.0.1453.90 Mobile Safari/537.36"
193.253.168.22 - - [20/Jun/2013:17:06:34 +0200] "GET /apple-touch-icon.png HTTP/1.1" 404 - "-" "Mozilla/5.0 (Linux; Android 4.0.4; CINK PEAX Build/IMM76D) AppleWebKit/537.36 (KHTML, like Gecko) Chrome/27.0.1453.90 Mobile Safari/537.36"
193.253.168.22 - - [20/Jun/2013:17:07:29 +0200] "GET /000001985b0d93482/000001985b0da2285/index.php HTTP/1.1" 200 16404 "http://www.ksbb.de/" "Mozilla/5.0 (Linux; Android 4.0.4; CINK PEAX Build/IMM76D) AppleWebKit/537.36 (KHTML, like Gecko) Chrome/27.0.1453.90 Mobile Safari/537.36"
193.253.168.22 - - [20/Jun/2013:17:07:30 +0200] "GET /images/pnvtst1m1.gif HTTP/1.1" 200 2689 "http://www.ksbb.de/000001985b0d93482/000001985b0da2285/index.php" "Mozilla/5.0 (Linux; Android 4.0.4; CINK PEAX Build/IMM76D) AppleWebKit/537.36 (KHTML, like Gecko) Chrome/27.0.1453.90 Mobile Safari/537.36"
193.253.168.22 - - [20/Jun/2013:17:07:30 +0200] "GET /images/pnvtsht1m1.gif HTTP/1.1" 200 2689 "http://www.ksbb.de/000001985b0d93482/000001985b0da2285/index.php" "Mozilla/5.0 (Linux; Android 4.0.4; CINK PEAX Build/IMM76D) AppleWebKit/537.36 (KHTML, like Gecko) Chrome/27.0.1453.90 Mobile Safari/537.36"
193.253.168.22 - - [20/Jun/2013:17:07:30 +0200] "GET /images/pnvtt4m1.gif HTTP/1.1" 200 2509 "http://www.ksbb.de/000001985b0d93482/000001985b0da2285/index.php" "Mozilla/5.0 (Linux; Android 4.0.4; CINK PEAX Build/IMM76D) AppleWebKit/537.36 (KHTML, like Gecko) Chrome/27.0.1453.90 Mobile Safari/537.36"
193.253.168.22 - - [20/Jun/2013:17:07:30 +0200] "GET /images/pnvtt2m1.gif HTTP/1.1" 200 2574 "http://www.ksbb.de/000001985b0d93482/000001985b0da2285/index.php" "Mozilla/5.0 (Linux; Android 4.0.4; CINK PEAX Build/IMM76D) AppleWebKit/537.36 (KHTML, like Gecko) Chrome/27.0.1453.90 Mobile Safari/537.36"
193.253.168.22 - - [20/Jun/2013:17:07:30 +0200] "GET /images/pnvtht2m1.gif HTTP/1.1" 200 2630 "http://www.ksbb.de/000001985b0d93482/000001985b0da2285/index.php" "Mozilla/5.0 (Linux; Android 4.0.4; CINK PEAX Build/IMM76D) AppleWebKit/537.36 (KHTML, like Gecko) Chrome/27.0.1453.90 Mobile Safari/537.36"
193.253.168.22 - - [20/Jun/2013:17:07:30 +0200] "GET /images/pnvtt3m1.gif HTTP/1.1" 200 2508 "http://www.ksbb.de/000001985b0d93482/000001985b0da2285/index.php" "Mozilla/5.0 (Linux; Android 4.0.4; CINK PEAX Build/IMM76D) AppleWebKit/537.36 (KHTML, like Gecko) Chrome/27.0.1453.90 Mobile Safari/537.36"
193.253.168.22 - - [20/Jun/2013:17:07:30 +0200] "GET /images/pnvtht4m1.gif HTTP/1.1" 200 2465 "http://www.ksbb.de/000001985b0d93482/000001985b0da2285/index.php" "Mozilla/5.0 (Linux; Android 4.0.4; CINK PEAX Build/IMM76D) AppleWebKit/537.36 (KHTML, like Gecko) Chrome/27.0.1453.90 Mobile Safari/537.36"
193.253.168.22 - - [20/Jun/2013:17:07:30 +0200] "GET /images/phomem0.gif HTTP/1.1" 200 2022 "http://www.ksbb.de/000001985b0d93482/000001985b0da2285/index.php" "Mozilla/5.0 (Linux; Android 4.0.4; CINK PEAX Build/IMM76D) AppleWebKit/537.36 (KHTML, like Gecko) Chrome/27.0.1453.90 Mobile Safari/537.36"
193.253.168.22 - - [20/Jun/2013:17:07:30 +0200] "GET /images/phomehm0.gif HTTP/1.1" 200 2254 "http://www.ksbb.de/000001985b0d93482/000001985b0da2285/index.php" "Mozilla/5.0 (Linux; Android 4.0.4; CINK PEAX Build/IMM76D) AppleWebKit/537.36 (KHTML, like Gecko) Chrome/27.0.1453.90 Mobile Safari/537.36"
193.253.168.22 - - [20/Jun/2013:17:07:30 +0200] "GET /images/pmtsm1.gif HTTP/1.1" 200 2156 "http://www.ksbb.de/000001985b0d93482/000001985b0da2285/index.php" "Mozilla/5.0 (Linux; Android 4.0.4; CINK PEAX Build/IMM76D) AppleWebKit/537.36 (KHTML, like Gecko) Chrome/27.0.1453.90 Mobile Safari/537.36"
193.253.168.22 - - [20/Jun/2013:17:07:30 +0200] "GET /images/mev23003_579.jpg HTTP/1.1" 200 36971 "http://www.ksbb.de/000001985b0d93482/000001985b0da2285/index.php" "Mozilla/5.0 (Linux; Android 4.0.4; CINK PEAX Build/IMM76D) AppleWebKit/537.36 (KHTML, like Gecko) Chrome/27.0.1453.90 Mobile Safari/537.36"
193.253.168.22 - - [20/Jun/2013:17:07:31 +0200] "GET /images/pnvtht3m1.gif HTTP/1.1" 200 2814 "http://www.ksbb.de/000001985b0d93482/000001985b0da2285/index.php" "Mozilla/5.0 (Linux; Android 4.0.4; CINK PEAX Build/IMM76D) AppleWebKit/537.36 (KHTML, like Gecko) Chrome/27.0.1453.90 Mobile Safari/537.36"
193.253.168.22 - - [20/Jun/2013:17:07:31 +0200] "GET /favicon.ico HTTP/1.1" 404 - "-" "Mozilla/5.0 (Linux; Android 4.0.4; CINK PEAX Build/IMM76D) AppleWebKit/537.36 (KHTML, like Gecko) Chrome/27.0.1453.90 Mobile Safari/537.36"
193.253.168.22 - - [20/Jun/2013:17:07:31 +0200] "GET /apple-touch-icon-precomposed.png HTTP/1.1" 404 - "-" "Mozilla/5.0 (Linux; Android 4.0.4; CINK PEAX Build/IMM76D) AppleWebKit/537.36 (KHTML, like Gecko) Chrome/27.0.1453.90 Mobile Safari/537.36"
193.253.168.22 - - [20/Jun/2013:17:07:31 +0200] "GET /apple-touch-icon.png HTTP/1.1" 404 - "-" "Mozilla/5.0 (Linux; Android 4.0.4; CINK PEAX Build/IMM76D) AppleWebKit/537.36 (KHTML, like Gecko) Chrome/27.0.1453.90 Mobile Safari/537.36"
193.253.168.22 - - [20/Jun/2013:17:07:52 +0200] "GET /apple-touch-icon-precomposed.png HTTP/1.1" 404 - "-" "Mozilla/5.0 (Linux; Android 4.0.4; CINK PEAX Build/IMM76D) AppleWebKit/537.36 (KHTML, like Gecko) Chrome/27.0.1453.90 Mobile Safari/537.36"
193.253.168.22 - - [20/Jun/2013:17:07:52 +0200] "GET /favicon.ico HTTP/1.1" 404 - "-" "Mozilla/5.0 (Linux; Android 4.0.4; CINK PEAX Build/IMM76D) AppleWebKit/537.36 (KHTML, like Gecko) Chrome/27.0.1453.90 Mobile Safari/537.36"
193.253.168.22 - - [20/Jun/2013:17:07:52 +0200] "GET /apple-touch-icon.png HTTP/1.1" 404 - "-" "Mozilla/5.0 (Linux; Android 4.0.4; CINK PEAX Build/IMM76D) AppleWebKit/537.36 (KHTML, like Gecko) Chrome/27.0.1453.90 Mobile Safari/537.36"
173.199.116.43 - - [20/Jun/2013:18:18:03 +0200] "GET /000001985b0d93482/00000198660ae2e07/index.php HTTP/1.1" 200 17560 "-" "Mozilla/5.0 (compatible; AhrefsBot/4.0; +http://ahrefs.com/robot/)"
173.199.116.43 - - [20/Jun/2013:18:39:28 +0200] "GET /images/35029.jpg HTTP/1.1" 200 56734 "-" "Mozilla/5.0 (compatible; AhrefsBot/4.0; +http://ahrefs.com/robot/)"
173.199.116.43 - - [20/Jun/2013:18:48:16 +0200] "GET /00000198660a80203/index.php HTTP/1.1" 200 12647 "-" "Mozilla/5.0 (compatible; AhrefsBot/4.0; +http://ahrefs.com/robot/)"
123.125.71.13 - - [20/Jun/2013:19:14:34 +0200] "GET /robots.txt HTTP/1.1" 404 - "-" "Mozilla/5.0 (Windows NT 5.1; rv:6.0.2) Gecko/20100101 Firefox/6.0.2"
173.199.116.43 - - [20/Jun/2013:20:05:21 +0200] "GET /00000198660c9d618/00000198610cada01/00000198610ccef0b.php HTTP/1.1" 200 15784 "-" "Mozilla/5.0 (compatible; AhrefsBot/4.0; +http://ahrefs.com/robot/)"
157.55.35.44 - - [20/Jun/2013:20:16:19 +0200] "GET /robots.txt HTTP/1.1" 404 - "-" "Mozilla/5.0 (compatible; bingbot/2.0; +http://www.bing.com/bingbot.htm)"
157.55.35.44 - - [20/Jun/2013:20:16:59 +0200] "GET /000001985b0e5e29a/index.php HTTP/1.1" 200 16902 "-" "Mozilla/5.0 (compatible; bingbot/2.0; +http://www.bing.com/bingbot.htm)"
173.199.116.43 - - [20/Jun/2013:20:33:01 +0200] "GET /000001985b0d93482/000001985b0fc8f0b/index.php HTTP/1.1" 200 15384 "-" "Mozilla/5.0 (compatible; AhrefsBot/4.0; +http://ahrefs.com/robot/)"
85.171.133.227 - - [20/Jun/2013:20:39:38 +0200] "GET /favicon.ico HTTP/1.1" 404 - "-" "Mozilla/5.0 (Linux; Android 4.0.4; CINK PEAX Build/IMM76D) AppleWebKit/537.36 (KHTML, like Gecko) Chrome/27.0.1453.90 Mobile Safari/537.36"
85.171.133.227 - - [20/Jun/2013:20:39:38 +0200] "GET /apple-touch-icon-precomposed.png HTTP/1.1" 404 - "-" "Mozilla/5.0 (Linux; Android 4.0.4; CINK PEAX Build/IMM76D) AppleWebKit/537.36 (KHTML, like Gecko) Chrome/27.0.1453.90 Mobile Safari/537.36"
157.56.93.186 - - [20/Jun/2013:21:02:39 +0200] "GET /00000198660c9d618/00000198610cada01/00000198610cbe908.php HTTP/1.1" 200 15998 "-" "Mozilla/5.0 (compatible; bingbot/2.0; +http://www.bing.com/bingbot.htm)"
173.199.116.43 - - [20/Jun/2013:21:07:27 +0200] "GET /00000198660b9a703/index.php HTTP/1.1" 200 19284 "-" "Mozilla/5.0 (compatible; AhrefsBot/4.0; +http://ahrefs.com/robot/)"
66.249.75.72 - - [20/Jun/2013:21:11:03 +0200] "GET / HTTP/1.1" 200 24280 "-" "DoCoMo/2.0 N905i(c100;TB;W24H16) (compatible; Googlebot-Mobile/2.1; +http://www.google.com/bot.html)"
90.84.144.77 - - [20/Jun/2013:21:13:02 +0200] "GET /favicon.ico HTTP/1.1" 404 - "-" "Mozilla/5.0 (Linux; Android 4.0.4; CINK PEAX Build/IMM76D) AppleWebKit/537.36 (KHTML, like Gecko) Chrome/27.0.1453.90 Mobile Safari/537.36"
90.84.144.77 - - [20/Jun/2013:21:13:02 +0200] "GET /apple-touch-icon-precomposed.png HTTP/1.1" 404 - "-" "Mozilla/5.0 (Linux; Android 4.0.4; CINK PEAX Build/IMM76D) AppleWebKit/537.36 (KHTML, like Gecko) Chrome/27.0.1453.90 Mobile Safari/537.36"
90.84.144.77 - - [20/Jun/2013:21:13:02 +0200] "GET /apple-touch-icon.png HTTP/1.1" 404 - "-" "Mozilla/5.0 (Linux; Android 4.0.4; CINK PEAX Build/IMM76D) AppleWebKit/537.36 (KHTML, like Gecko) Chrome/27.0.1453.90 Mobile Safari/537.36"
90.84.144.77 - - [20/Jun/2013:21:20:59 +0200] "GET /favicon.ico HTTP/1.1" 404 - "-" "Mozilla/5.0 (Linux; Android 4.0.4; CINK PEAX Build/IMM76D) AppleWebKit/537.36 (KHTML, like Gecko) Chrome/27.0.1453.90 Mobile Safari/537.36"
90.84.144.77 - - [20/Jun/2013:21:20:59 +0200] "GET /apple-touch-icon-precomposed.png HTTP/1.1" 404 - "-" "Mozilla/5.0 (Linux; Android 4.0.4; CINK PEAX Build/IMM76D) AppleWebKit/537.36 (KHTML, like Gecko) Chrome/27.0.1453.90 Mobile Safari/537.36"
90.84.144.77 - - [20/Jun/2013:21:21:00 +0200] "GET /apple-touch-icon.png HTTP/1.1" 404 - "-" "Mozilla/5.0 (Linux; Android 4.0.4; CINK PEAX Build/IMM76D) AppleWebKit/537.36 (KHTML, like Gecko) Chrome/27.0.1453.90 Mobile Safari/537.36"
90.84.144.77 - - [20/Jun/2013:21:20:59 +0200] "GET / HTTP/1.1" 200 24280 "http://www.google.com/url?sa=D&q=http://www.ksbb.de/&usg=AFQjCNGhvoARxsbtaG8fNtSM_6jn8LOUMQ" "Mozilla/5.0 (Linux; Android 4.0.4; CINK PEAX Build/IMM76D) AppleWebKit/537.36 (KHTML, like Gecko) Chrome/27.0.1453.90 Mobile Safari/537.36"
90.84.144.77 - - [20/Jun/2013:21:21:00 +0200] "GET /assets/s.css HTTP/1.1" 304 - "http://www.ksbb.de/" "Mozilla/5.0 (Linux; Android 4.0.4; CINK PEAX Build/IMM76D) AppleWebKit/537.36 (KHTML, like Gecko) Chrome/27.0.1453.90 Mobile Safari/537.36"
90.84.144.77 - - [20/Jun/2013:21:21:01 +0200] "GET /assets/ssb.css HTTP/1.1" 304 - "http://www.ksbb.de/" "Mozilla/5.0 (Linux; Android 4.0.4; CINK PEAX Build/IMM76D) AppleWebKit/537.36 (KHTML, like Gecko) Chrome/27.0.1453.90 Mobile Safari/537.36"
90.84.144.77 - - [20/Jun/2013:21:21:01 +0200] "GET /images/pcp.gif HTTP/1.1" 304 - "http://www.ksbb.de/" "Mozilla/5.0 (Linux; Android 4.0.4; CINK PEAX Build/IMM76D) AppleWebKit/537.36 (KHTML, like Gecko) Chrome/27.0.1453.90 Mobile Safari/537.36"
90.84.144.77 - - [20/Jun/2013:21:21:01 +0200] "GET /images/pltp.gif HTTP/1.1" 304 - "http://www.ksbb.de/" "Mozilla/5.0 (Linux; Android 4.0.4; CINK PEAX Build/IMM76D) AppleWebKit/537.36 (KHTML, like Gecko) Chrome/27.0.1453.90 Mobile Safari/537.36"
90.84.144.77 - - [20/Jun/2013:21:21:02 +0200] "GET /images/phomesm0.gif HTTP/1.1" 304 - "http://www.ksbb.de/" "Mozilla/5.0 (Linux; Android 4.0.4; CINK PEAX Build/IMM76D) AppleWebKit/537.36 (KHTML, like Gecko) Chrome/27.0.1453.90 Mobile Safari/537.36"
90.84.144.77 - - [20/Jun/2013:21:21:02 +0200] "GET /images/plms.gif HTTP/1.1" 304 - "http://www.ksbb.de/" "Mozilla/5.0 (Linux; Android 4.0.4; CINK PEAX Build/IMM76D) AppleWebKit/537.36 (KHTML, like Gecko) Chrome/27.0.1453.90 Mobile Safari/537.36"
90.84.144.77 - - [20/Jun/2013:21:21:02 +0200] "GET /images/pmtm1.gif HTTP/1.1" 304 - "http://www.ksbb.de/" "Mozilla/5.0 (Linux; Android 4.0.4; CINK PEAX Build/IMM76D) AppleWebKit/537.36 (KHTML, like Gecko) Chrome/27.0.1453.90 Mobile Safari/537.36"
90.84.144.77 - - [20/Jun/2013:21:21:02 +0200] "GET /images/pmtm2.gif HTTP/1.1" 304 - "http://www.ksbb.de/" "Mozilla/5.0 (Linux; Android 4.0.4; CINK PEAX Build/IMM76D) AppleWebKit/537.36 (KHTML, like Gecko) Chrome/27.0.1453.90 Mobile Safari/537.36"
90.84.144.77 - - [20/Jun/2013:21:21:02 +0200] "GET /images/pmtm3.gif HTTP/1.1" 304 - "http://www.ksbb.de/" "Mozilla/5.0 (Linux; Android 4.0.4; CINK PEAX Build/IMM76D) AppleWebKit/537.36 (KHTML, like Gecko) Chrome/27.0.1453.90 Mobile Safari/537.36"
90.84.144.77 - - [20/Jun/2013:21:21:03 +0200] "GET /images/pmtm4.gif HTTP/1.1" 304 - "http://www.ksbb.de/" "Mozilla/5.0 (Linux; Android 4.0.4; CINK PEAX Build/IMM76D) AppleWebKit/537.36 (KHTML, like Gecko) Chrome/27.0.1453.90 Mobile Safari/537.36"
90.84.144.77 - - [20/Jun/2013:21:21:03 +0200] "GET /images/pmtm5.gif HTTP/1.1" 304 - "http://www.ksbb.de/" "Mozilla/5.0 (Linux; Android 4.0.4; CINK PEAX Build/IMM76D) AppleWebKit/537.36 (KHTML, like Gecko) Chrome/27.0.1453.90 Mobile Safari/537.36"
90.84.144.77 - - [20/Jun/2013:21:21:03 +0200] "GET /images/pmtm6.gif HTTP/1.1" 304 - "http://www.ksbb.de/" "Mozilla/5.0 (Linux; Android 4.0.4; CINK PEAX Build/IMM76D) AppleWebKit/537.36 (KHTML, like Gecko) Chrome/27.0.1453.90 Mobile Safari/537.36"
90.84.144.77 - - [20/Jun/2013:21:21:04 +0200] "GET /images/pcmpc1.gif HTTP/1.1" 304 - "http://www.ksbb.de/" "Mozilla/5.0 (Linux; Android 4.0.4; CINK PEAX Build/IMM76D) AppleWebKit/537.36 (KHTML, like Gecko) Chrome/27.0.1453.90 Mobile Safari/537.36"
90.84.144.77 - - [20/Jun/2013:21:21:04 +0200] "GET /images/pcmphc1.gif HTTP/1.1" 304 - "http://www.ksbb.de/" "Mozilla/5.0 (Linux; Android 4.0.4; CINK PEAX Build/IMM76D) AppleWebKit/537.36 (KHTML, like Gecko) Chrome/27.0.1453.90 Mobile Safari/537.36"
90.84.144.77 - - [20/Jun/2013:21:21:04 +0200] "GET /images/pcmpc2.gif HTTP/1.1" 304 - "http://www.ksbb.de/" "Mozilla/5.0 (Linux; Android 4.0.4; CINK PEAX Build/IMM76D) AppleWebKit/537.36 (KHTML, like Gecko) Chrome/27.0.1453.90 Mobile Safari/537.36"
90.84.144.77 - - [20/Jun/2013:21:21:04 +0200] "GET /images/pcmphc2.gif HTTP/1.1" 304 - "http://www.ksbb.de/" "Mozilla/5.0 (Linux; Android 4.0.4; CINK PEAX Build/IMM76D) AppleWebKit/537.36 (KHTML, like Gecko) Chrome/27.0.1453.90 Mobile Safari/537.36"
173.199.116.43 - - [20/Jun/2013:21:25:15 +0200] "GET /000001985b0e5e29a/000001985e0778004/index.php HTTP/1.1" 200 17362 "-" "Mozilla/5.0 (compatible; AhrefsBot/4.0; +http://ahrefs.com/robot/)"
157.55.35.44 - - [20/Jun/2013:22:04:09 +0200] "GET /000001985b0e5e29a/index.php HTTP/1.1" 200 16902 "-" "Mozilla/5.0 (compatible; bingbot/2.0; +http://www.bing.com/bingbot.htm)"
208.115.111.75 - - [20/Jun/2013:23:40:45 +0200] "GET /robots.txt HTTP/1.1" 404 - "-" "Mozilla/5.0 (compatible; Ezooms/1.0; ezooms.bot@gmail.com)"
66.249.78.44 - - [21/Jun/2013:00:10:41 +0200] "GET /robots.txt HTTP/1.1" 404 - "-" "Mozilla/5.0 (compatible; Googlebot/2.1; +http://www.google.com/bot.html)"
66.249.78.44 - - [21/Jun/2013:00:10:41 +0200] "GET / HTTP/1.1" 200 24280 "-" "Mozilla/5.0 (iPhone; U; CPU iPhone OS 4_1 like Mac OS X; en-us) AppleWebKit/532.9 (KHTML, like Gecko) Version/4.0.5 Mobile/8B117 Safari/6531.22.7 (compatible; Googlebot-Mobile/2.1; +http://www.google.com/bot.html)"
66.249.78.44 - - [21/Jun/2013:00:46:06 +0200] "GET /robots.txt HTTP/1.1" 404 - "-" "Mozilla/5.0 (compatible; Googlebot/2.1; +http://www.google.com/bot.html)"
66.249.72.72 - - [21/Jun/2013:00:46:07 +0200] "GET / HTTP/1.1" 200 24280 "-" "Mozilla/5.0 (compatible; Googlebot/2.1; +http://www.google.com/bot.html)"
66.249.78.44 - - [21/Jun/2013:00:53:54 +0200] "GET /00000198660c9d618/00000198660cdce24/index.php HTTP/1.1" 200 17958 "-" "Mozilla/5.0 (iPhone; U; CPU iPhone OS 4_1 like Mac OS X; en-us) AppleWebKit/532.9 (KHTML, like Gecko) Version/4.0.5 Mobile/8B117 Safari/6531.22.7 (compatible; Googlebot-Mobile/2.1; +http://www.google.com/bot.html)"
173.199.116.43 - - [21/Jun/2013:01:06:31 +0200] "GET /00000198660b9a703/00000198660bb6a0a/index.php HTTP/1.1" 200 16349 "-" "Mozilla/5.0 (compatible; AhrefsBot/4.0; +http://ahrefs.com/robot/)"
208.115.111.75 - - [21/Jun/2013:01:38:45 +0200] "GET /00000398730fce012.php HTTP/1.1" 200 22666 "-" "Mozilla/5.0 (compatible; Ezooms/1.0; ezooms.bot@gmail.com)"
173.199.116.43 - - [21/Jun/2013:03:18:13 +0200] "GET /00000198660c9d618/00000198660cdce24/index.php HTTP/1.1" 200 17951 "-" "Mozilla/5.0 (compatible; AhrefsBot/4.0; +http://ahrefs.com/robot/)"
66.249.78.44 - - [21/Jun/2013:03:32:37 +0200] "GET /assets/s.css HTTP/1.1" 200 3386 "-" "Mozilla/5.0 (compatible; Googlebot/2.1; +http://www.google.com/bot.html)"
66.249.78.44 - - [21/Jun/2013:03:32:37 +0200] "GET /assets/ssb.css HTTP/1.1" 200 657 "-" "Mozilla/5.0 (compatible; Googlebot/2.1; +http://www.google.com/bot.html)"
193.252.149.14 - - [21/Jun/2013:04:30:39 +0200] "GET / HTTP/1.1" 200 24273 "-" "Mozilla/5.0 (Windows; U; Windows NT 5.1; fr; rv:1.8.1) VoilaBot BETA 1.2 (support.voilabot@orange-ftgroup.com)"
157.55.33.146 - - [21/Jun/2013:07:30:00 +0200] "GET /robots.txt HTTP/1.1" 404 - "-" "Mozilla/5.0 (compatible; bingbot/2.0; +http://www.bing.com/bingbot.htm)"
157.55.33.146 - - [21/Jun/2013:07:30:37 +0200] "GET / HTTP/1.1" 200 24273 "-" "Mozilla/5.0 (compatible; bingbot/2.0; +http://www.bing.com/bingbot.htm)"
66.249.72.72 - - [21/Jun/2013:08:23:58 +0200] "GET /000001985b0d93482/000001985b0da2285/index.php HTTP/1.1" 200 16397 "-" "Mozilla/5.0 (iPhone; U; CPU iPhone OS 4_1 like Mac OS X; en-us) AppleWebKit/532.9 (KHTML, like Gecko) Version/4.0.5 Mobile/8B117 Safari/6531.22.7 (compatible; Googlebot-Mobile/2.1; +http://www.google.com/bot.html)"
66.249.78.44 - - [21/Jun/2013:09:32:52 +0200] "GET /00000398730fcd910.php HTTP/1.1" 200 22402 "-" "Mozilla/5.0 (iPhone; U; CPU iPhone OS 4_1 like Mac OS X; en-us) AppleWebKit/532.9 (KHTML, like Gecko) Version/4.0.5 Mobile/8B117 Safari/6531.22.7 (compatible; Googlebot-Mobile/2.1; +http://www.google.com/bot.html)"
141.8.147.12 - - [21/Jun/2013:10:30:28 +0200] "GET /robots.txt HTTP/1.1" 404 - "-" "Mozilla/5.0 (compatible; YandexBot/3.0; +http://yandex.com/bots)"
141.8.147.12 - - [21/Jun/2013:10:30:30 +0200] "GET /images/pnvtst1m1.gif HTTP/1.1" 304 - "-" "Mozilla/5.0 (compatible; YandexImages/3.0; +http://yandex.com/bots)"
141.8.147.12 - - [21/Jun/2013:10:33:59 +0200] "GET /images/pbul.gif HTTP/1.1" 304 - "-" "Mozilla/5.0 (compatible; YandexImages/3.0; +http://yandex.com/bots)"
141.8.147.12 - - [21/Jun/2013:10:35:42 +0200] "GET /images/pnvtst1m5.gif HTTP/1.1" 304 - "-" "Mozilla/5.0 (compatible; YandexImages/3.0; +http://yandex.com/bots)"
141.8.147.12 - - [21/Jun/2013:10:44:54 +0200] "GET /images/pmtsm1.gif HTTP/1.1" 304 - "-" "Mozilla/5.0 (compatible; YandexImages/3.0; +http://yandex.com/bots)"
141.8.147.12 - - [21/Jun/2013:10:48:29 +0200] "GET /images/pbk.gif HTTP/1.1" 304 - "-" "Mozilla/5.0 (compatible; YandexImages/3.0; +http://yandex.com/bots)"
141.8.147.12 - - [21/Jun/2013:11:17:32 +0200] "GET /images/pmtsm6.gif HTTP/1.1" 304 - "-" "Mozilla/5.0 (compatible; YandexImages/3.0; +http://yandex.com/bots)"
141.8.147.12 - - [21/Jun/2013:11:43:10 +0200] "GET /images/pnvtt1m1.gif HTTP/1.1" 304 - "-" "Mozilla/5.0 (compatible; YandexImages/3.0; +http://yandex.com/bots)"
38.111.147.84 - - [21/Jun/2013:11:59:52 +0200] "GET /robots.txt HTTP/1.0" 404 - "-" "TurnitinBot/2.1 (http://www.turnitin.com/robot/crawlerinfo.html)"
38.111.147.84 - - [21/Jun/2013:11:59:57 +0200] "GET /00000198660c9d618/00000198660cdce24/index.php HTTP/1.0" 200 17951 "-" "TurnitinBot/2.1 (http://www.turnitin.com/robot/crawlerinfo.html)"
38.111.147.84 - - [21/Jun/2013:12:00:27 +0200] "GET /00000198660c9d618/00000198610cada01/index.php HTTP/1.0" 200 18152 "-" "TurnitinBot/2.1 (http://www.turnitin.com/robot/crawlerinfo.html)"
38.111.147.84 - - [21/Jun/2013:12:00:57 +0200] "GET /00000198660b9a703/index.php HTTP/1.0" 200 19277 "-" "TurnitinBot/2.1 (http://www.turnitin.com/robot/crawlerinfo.html)"
38.111.147.84 - - [21/Jun/2013:12:01:27 +0200] "GET /00000198660b9a703/00000198660bb6a0a/index.php HTTP/1.0" 200 16342 "-" "TurnitinBot/2.1 (http://www.turnitin.com/robot/crawlerinfo.html)"
38.111.147.84 - - [21/Jun/2013:12:01:57 +0200] "GET /00000198660a80203/index.php HTTP/1.0" 200 12640 "-" "TurnitinBot/2.1 (http://www.turnitin.com/robot/crawlerinfo.html)"
38.111.147.84 - - [21/Jun/2013:12:02:27 +0200] "GET /000001985b0e5e29a/index.php HTTP/1.0" 200 16895 "-" "TurnitinBot/2.1 (http://www.turnitin.com/robot/crawlerinfo.html)"
38.111.147.84 - - [21/Jun/2013:12:02:57 +0200] "GET /000001985b0e5e29a/000001985f0d8f113/index.php HTTP/1.0" 200 20329 "-" "TurnitinBot/2.1 (http://www.turnitin.com/robot/crawlerinfo.html)"
38.111.147.84 - - [21/Jun/2013:12:03:27 +0200] "GET /000001985b0e5e29a/000001985f0d7940e/index.php HTTP/1.0" 200 17521 "-" "TurnitinBot/2.1 (http://www.turnitin.com/robot/crawlerinfo.html)"
38.111.147.84 - - [21/Jun/2013:12:03:57 +0200] "GET /000001985b0e5e29a/000001985f0d1bf04/index.php HTTP/1.0" 200 17290 "-" "TurnitinBot/2.1 (http://www.turnitin.com/robot/crawlerinfo.html)"
38.111.147.84 - - [21/Jun/2013:12:04:27 +0200] "GET /000001985b0e5e29a/000001985e0778004/index.php HTTP/1.0" 200 17355 "-" "TurnitinBot/2.1 (http://www.turnitin.com/robot/crawlerinfo.html)"
38.111.147.84 - - [21/Jun/2013:12:04:57 +0200] "GET /000001985b0d93482/index.php HTTP/1.0" 200 15579 "-" "TurnitinBot/2.1 (http://www.turnitin.com/robot/crawlerinfo.html)"
38.111.147.84 - - [21/Jun/2013:12:05:28 +0200] "GET /000001985b0d93482/00000198660ae2e07/index.php HTTP/1.0" 200 17553 "-" "TurnitinBot/2.1 (http://www.turnitin.com/robot/crawlerinfo.html)"
38.111.147.84 - - [21/Jun/2013:12:05:58 +0200] "GET /000001985b0d93482/000001985c0868401/index.php HTTP/1.0" 200 20281 "-" "TurnitinBot/2.1 (http://www.turnitin.com/robot/crawlerinfo.html)"
38.111.147.84 - - [21/Jun/2013:12:06:28 +0200] "GET /000001985b0d93482/000001985b0fc8f0b/index.php HTTP/1.0" 200 15377 "-" "TurnitinBot/2.1 (http://www.turnitin.com/robot/crawlerinfo.html)"
38.111.147.84 - - [21/Jun/2013:12:06:58 +0200] "GET /000001985b0d93482/000001985b0da2285/index.php HTTP/1.0" 200 16397 "-" "TurnitinBot/2.1 (http://www.turnitin.com/robot/crawlerinfo.html)"
38.111.147.84 - - [21/Jun/2013:12:07:28 +0200] "GET /000001985b0ce1e49/index.php HTTP/1.0" 200 14901 "-" "TurnitinBot/2.1 (http://www.turnitin.com/robot/crawlerinfo.html)"
38.111.147.84 - - [21/Jun/2013:12:07:57 +0200] "GET /000001985b0ce1e49/00000198610d8af28/index.php HTTP/1.0" 200 15769 "-" "TurnitinBot/2.1 (http://www.turnitin.com/robot/crawlerinfo.html)"
38.111.147.84 - - [21/Jun/2013:12:08:27 +0200] "GET /index.php HTTP/1.0" 200 24273 "-" "TurnitinBot/2.1 (http://www.turnitin.com/robot/crawlerinfo.html)"
141.8.147.12 - - [21/Jun/2013:12:14:23 +0200] "GET /images/pl160.gif HTTP/1.1" 304 - "-" "Mozilla/5.0 (compatible; YandexImages/3.0; +http://yandex.com/bots)"
141.8.147.12 - - [21/Jun/2013:12:28:35 +0200] "GET /images/pnvtst2m6.gif HTTP/1.1" 304 - "-" "Mozilla/5.0 (compatible; YandexImages/3.0; +http://yandex.com/bots)"
66.249.78.44 - - [21/Jun/2013:12:44:37 +0200] "GET /robots.txt HTTP/1.1" 404 - "-" "Mozilla/5.0 (compatible; Googlebot/2.1; +http://www.google.com/bot.html)"
66.249.75.72 - - [21/Jun/2013:12:44:37 +0200] "GET /000001985b0d93482/000001985b0da2285/index.php HTTP/1.1" 200 16397 "-" "DoCoMo/2.0 N905i(c100;TB;W24H16) (compatible; Googlebot-Mobile/2.1; +http://www.google.com/bot.html)"
141.8.147.12 - - [21/Jun/2013:12:49:08 +0200] "GET /images/mev14046_52.jpg HTTP/1.1" 304 - "-" "Mozilla/5.0 (compatible; YandexImages/3.0; +http://yandex.com/bots)"
141.8.147.12 - - [21/Jun/2013:13:04:56 +0200] "GET /images/pmtsm5.gif HTTP/1.1" 304 - "-" "Mozilla/5.0 (compatible; YandexImages/3.0; +http://yandex.com/bots)"
141.8.147.12 - - [21/Jun/2013:13:05:06 +0200] "GET /images/pnvtt4m1.gif HTTP/1.1" 304 - "-" "Mozilla/5.0 (compatible; YandexImages/3.0; +http://yandex.com/bots)"
141.8.147.12 - - [21/Jun/2013:13:32:19 +0200] "GET /images/pmr.gif HTTP/1.1" 304 - "-" "Mozilla/5.0 (compatible; YandexImages/3.0; +http://yandex.com/bots)"
66.249.78.44 - - [21/Jun/2013:13:34:13 +0200] "GET /000001985b0e5e29a/000001985f0d8f113/index.php HTTP/1.1" 200 20329 "-" "SAMSUNG-SGH-E250/1.0 Profile/MIDP-2.0 Configuration/CLDC-1.1 UP.Browser/6.2.3.3.c.1.101 (GUI) MMP/2.0 (compatible; Googlebot-Mobile/2.1; +http://www.google.com/bot.html)"
141.8.147.12 - - [21/Jun/2013:13:36:32 +0200] "GET /images/pmtsm3.gif HTTP/1.1" 304 - "-" "Mozilla/5.0 (compatible; YandexImages/3.0; +http://yandex.com/bots)"
141.8.147.12 - - [21/Jun/2013:13:47:56 +0200] "GET /images/pcmpc1.gif HTTP/1.1" 304 - "-" "Mozilla/5.0 (compatible; YandexImages/3.0; +http://yandex.com/bots)"
141.8.147.12 - - [21/Jun/2013:14:42:57 +0200] "GET /images/phnvmtt1.gif HTTP/1.1" 304 - "-" "Mozilla/5.0 (compatible; YandexImages/3.0; +http://yandex.com/bots)"
141.8.147.12 - - [21/Jun/2013:14:48:14 +0200] "GET /images/pnvtst1m4.gif HTTP/1.1" 304 - "-" "Mozilla/5.0 (compatible; YandexImages/3.0; +http://yandex.com/bots)"
141.8.147.12 - - [21/Jun/2013:15:04:35 +0200] "GET /images/pnvtst2m2.gif HTTP/1.1" 304 - "-" "Mozilla/5.0 (compatible; YandexImages/3.0; +http://yandex.com/bots)"
141.8.147.12 - - [21/Jun/2013:15:32:48 +0200] "GET /images/phomem0.gif HTTP/1.1" 304 - "-" "Mozilla/5.0 (compatible; YandexImages/3.0; +http://yandex.com/bots)"
141.8.147.12 - - [21/Jun/2013:15:43:58 +0200] "GET /images/pmtsm4.gif HTTP/1.1" 304 - "-" "Mozilla/5.0 (compatible; YandexImages/3.0; +http://yandex.com/bots)"
141.8.147.12 - - [21/Jun/2013:17:02:45 +0200] "GET /images/pmtm7.gif HTTP/1.1" 304 - "-" "Mozilla/5.0 (compatible; YandexImages/3.0; +http://yandex.com/bots)"
95.208.154.152 - - [21/Jun/2013:17:38:32 +0200] "GET / HTTP/1.1" 200 24273 "-" "Opera/9.80 (Windows NT 5.1) Presto/2.12.388 Version/12.15"
95.208.154.152 - - [21/Jun/2013:17:38:34 +0200] "GET /assets/s.css HTTP/1.1" 200 3386 "-" "Opera/9.80 (Windows NT 5.1) Presto/2.12.388 Version/12.15"
95.208.154.152 - - [21/Jun/2013:17:38:34 +0200] "GET /assets/ssb.css HTTP/1.1" 200 657 "-" "Opera/9.80 (Windows NT 5.1) Presto/2.12.388 Version/12.15"
95.208.154.152 - - [21/Jun/2013:17:38:35 +0200] "GET /favicon.ico HTTP/1.1" 404 - "-" "Opera/9.80 (Windows NT 5.1) Presto/2.12.388 Version/12.15"
95.208.154.152 - - [21/Jun/2013:17:38:35 +0200] "GET /images/pltp.gif HTTP/1.1" 200 160 "-" "Opera/9.80 (Windows NT 5.1) Presto/2.12.388 Version/12.15"
95.208.154.152 - - [21/Jun/2013:17:38:35 +0200] "GET /images/pcp.gif HTTP/1.1" 200 43 "-" "Opera/9.80 (Windows NT 5.1) Presto/2.12.388 Version/12.15"
95.208.154.152 - - [21/Jun/2013:17:38:35 +0200] "GET /images/pmtm2.gif HTTP/1.1" 200 628 "-" "Opera/9.80 (Windows NT 5.1) Presto/2.12.388 Version/12.15"
95.208.154.152 - - [21/Jun/2013:17:38:35 +0200] "GET /images/plma.gif HTTP/1.1" 200 164 "-" "Opera/9.80 (Windows NT 5.1) Presto/2.12.388 Version/12.15"
95.208.154.152 - - [21/Jun/2013:17:38:35 +0200] "GET /images/phnvmtt2.gif HTTP/1.1" 200 1637 "-" "Opera/9.80 (Windows NT 5.1) Presto/2.12.388 Version/12.15"
95.208.154.152 - - [21/Jun/2013:17:38:35 +0200] "GET /images/pmtm3.gif HTTP/1.1" 200 2032 "-" "Opera/9.80 (Windows NT 5.1) Presto/2.12.388 Version/12.15"
95.208.154.152 - - [21/Jun/2013:17:38:35 +0200] "GET /images/plogo.gif HTTP/1.1" 200 18153 "-" "Opera/9.80 (Windows NT 5.1) Presto/2.12.388 Version/12.15"
95.208.154.152 - - [21/Jun/2013:17:38:35 +0200] "GET /images/phnvmtt3.gif HTTP/1.1" 200 2611 "-" "Opera/9.80 (Windows NT 5.1) Presto/2.12.388 Version/12.15"
95.208.154.152 - - [21/Jun/2013:17:38:35 +0200] "GET /images/plnkn.gif HTTP/1.1" 200 95 "-" "Opera/9.80 (Windows NT 5.1) Presto/2.12.388 Version/12.15"
95.208.154.152 - - [21/Jun/2013:17:38:35 +0200] "GET /images/pmtm4.gif HTTP/1.1" 200 2316 "-" "Opera/9.80 (Windows NT 5.1) Presto/2.12.388 Version/12.15"
95.208.154.152 - - [21/Jun/2013:17:38:35 +0200] "GET /images/plmb.gif HTTP/1.1" 200 166 "-" "Opera/9.80 (Windows NT 5.1) Presto/2.12.388 Version/12.15"
95.208.154.152 - - [21/Jun/2013:17:38:35 +0200] "GET /images/phnvmtt4.gif HTTP/1.1" 200 2685 "-" "Opera/9.80 (Windows NT 5.1) Presto/2.12.388 Version/12.15"
95.208.154.152 - - [21/Jun/2013:17:38:35 +0200] "GET /images/mev23003_72.jpg HTTP/1.1" 200 2106 "-" "Opera/9.80 (Windows NT 5.1) Presto/2.12.388 Version/12.15"
95.208.154.152 - - [21/Jun/2013:17:38:35 +0200] "GET /images/pcmpc2.gif HTTP/1.1" 200 1240 "-" "Opera/9.80 (Windows NT 5.1) Presto/2.12.388 Version/12.15"
95.208.154.152 - - [21/Jun/2013:17:38:35 +0200] "GET /images/plbt.gif HTTP/1.1" 200 161 "-" "Opera/9.80 (Windows NT 5.1) Presto/2.12.388 Version/12.15"
95.208.154.152 - - [21/Jun/2013:17:38:35 +0200] "GET /images/pbx.gif HTTP/1.1" 200 99 "-" "Opera/9.80 (Windows NT 5.1) Presto/2.12.388 Version/12.15"
95.208.154.152 - - [21/Jun/2013:17:38:35 +0200] "GET /images/pcmpc1.gif HTTP/1.1" 200 1155 "-" "Opera/9.80 (Windows NT 5.1) Presto/2.12.388 Version/12.15"
95.208.154.152 - - [21/Jun/2013:17:38:35 +0200] "GET /images/logoprofex_sbp.gif HTTP/1.1" 200 3524 "-" "Opera/9.80 (Windows NT 5.1) Presto/2.12.388 Version/12.15"
95.208.154.152 - - [21/Jun/2013:17:38:35 +0200] "GET /images/pmtm1.gif HTTP/1.1" 200 1155 "-" "Opera/9.80 (Windows NT 5.1) Presto/2.12.388 Version/12.15"
95.208.154.152 - - [21/Jun/2013:17:38:35 +0200] "GET /images/pmtm7.gif HTTP/1.1" 200 1174 "-" "Opera/9.80 (Windows NT 5.1) Presto/2.12.388 Version/12.15"
95.208.154.152 - - [21/Jun/2013:17:38:35 +0200] "GET /images/pd.gif HTTP/1.1" 200 111 "-" "Opera/9.80 (Windows NT 5.1) Presto/2.12.388 Version/12.15"
95.208.154.152 - - [21/Jun/2013:17:38:35 +0200] "GET /images/phnvmtt7.gif HTTP/1.1" 200 2552 "-" "Opera/9.80 (Windows NT 5.1) Presto/2.12.388 Version/12.15"
95.208.154.152 - - [21/Jun/2013:17:38:35 +0200] "GET /images/plmc.gif HTTP/1.1" 200 166 "-" "Opera/9.80 (Windows NT 5.1) Presto/2.12.388 Version/12.15"
95.208.154.152 - - [21/Jun/2013:17:38:35 +0200] "GET /images/iso9001_sbp.jpg HTTP/1.1" 200 4462 "-" "Opera/9.80 (Windows NT 5.1) Presto/2.12.388 Version/12.15"
95.208.154.152 - - [21/Jun/2013:17:38:35 +0200] "GET /images/phomesm0.gif HTTP/1.1" 200 2239 "-" "Opera/9.80 (Windows NT 5.1) Presto/2.12.388 Version/12.15"
95.208.154.152 - - [21/Jun/2013:17:38:35 +0200] "GET /images/pmtm5.gif HTTP/1.1" 200 2185 "-" "Opera/9.80 (Windows NT 5.1) Presto/2.12.388 Version/12.15"
95.208.154.152 - - [21/Jun/2013:17:38:35 +0200] "GET /images/pl160.gif HTTP/1.1" 200 70 "-" "Opera/9.80 (Windows NT 5.1) Presto/2.12.388 Version/12.15"
95.208.154.152 - - [21/Jun/2013:17:38:35 +0200] "GET /images/phnvmtt5.gif HTTP/1.1" 200 2563 "-" "Opera/9.80 (Windows NT 5.1) Presto/2.12.388 Version/12.15"
95.208.154.152 - - [21/Jun/2013:17:38:35 +0200] "GET /images/mev14046_72.jpg HTTP/1.1" 200 1662 "-" "Opera/9.80 (Windows NT 5.1) Presto/2.12.388 Version/12.15"
95.208.154.152 - - [21/Jun/2013:17:38:35 +0200] "GET /images/ksbb1_sbp.jpg HTTP/1.1" 200 3871 "-" "Opera/9.80 (Windows NT 5.1) Presto/2.12.388 Version/12.15"
95.208.154.152 - - [21/Jun/2013:17:38:35 +0200] "GET /images/plms.gif HTTP/1.1" 200 68 "-" "Opera/9.80 (Windows NT 5.1) Presto/2.12.388 Version/12.15"
95.208.154.152 - - [21/Jun/2013:17:38:35 +0200] "GET /images/pmtm6.gif HTTP/1.1" 200 628 "-" "Opera/9.80 (Windows NT 5.1) Presto/2.12.388 Version/12.15"
95.208.154.152 - - [21/Jun/2013:17:38:35 +0200] "GET /images/phnvmtt1.gif HTTP/1.1" 200 2551 "-" "Opera/9.80 (Windows NT 5.1) Presto/2.12.388 Version/12.15"
95.208.154.152 - - [21/Jun/2013:17:38:35 +0200] "GET /images/phnvmtt6.gif HTTP/1.1" 200 1637 "-" "Opera/9.80 (Windows NT 5.1) Presto/2.12.388 Version/12.15"
95.208.154.152 - - [21/Jun/2013:17:38:35 +0200] "GET /images/55275_72.jpg HTTP/1.1" 200 2381 "-" "Opera/9.80 (Windows NT 5.1) Presto/2.12.388 Version/12.15"
95.208.154.152 - - [21/Jun/2013:17:38:35 +0200] "GET /images/ksbb1_sbp.jpg HTTP/1.1" 200 3871 "-" "Opera/9.80 (Windows NT 5.1) Presto/2.12.388 Version/12.15"
95.208.154.152 - - [21/Jun/2013:17:38:35 +0200] "GET /images/ulslogosbp_sbp.jpg HTTP/1.1" 200 1896 "-" "Opera/9.80 (Windows NT 5.1) Presto/2.12.388 Version/12.15"
95.208.154.152 - - [21/Jun/2013:17:38:35 +0200] "GET /images/ulslogosbp_sbp.jpg HTTP/1.1" 200 1896 "-" "Opera/9.80 (Windows NT 5.1) Presto/2.12.388 Version/12.15"
95.208.154.152 - - [21/Jun/2013:17:38:35 +0200] "GET /images/pcmpc2.gif HTTP/1.1" 200 1240 "-" "Opera/9.80 (Windows NT 5.1) Presto/2.12.388 Version/12.15"
95.208.154.152 - - [21/Jun/2013:17:38:35 +0200] "GET /images/55275_72.jpg HTTP/1.1" 200 2381 "-" "Opera/9.80 (Windows NT 5.1) Presto/2.12.388 Version/12.15"
95.208.154.152 - - [21/Jun/2013:17:38:35 +0200] "GET /images/plnkn.gif HTTP/1.1" 200 95 "-" "Opera/9.80 (Windows NT 5.1) Presto/2.12.388 Version/12.15"
95.208.154.152 - - [21/Jun/2013:17:38:35 +0200] "GET /images/plvt.gif HTTP/1.1" 200 53 "-" "Opera/9.80 (Windows NT 5.1) Presto/2.12.388 Version/12.15"
95.208.154.152 - - [21/Jun/2013:17:38:35 +0200] "GET /images/pbg.gif HTTP/1.1" 200 52 "-" "Opera/9.80 (Windows NT 5.1) Presto/2.12.388 Version/12.15"
141.8.147.12 - - [21/Jun/2013:17:58:20 +0200] "GET /images/pcp.gif HTTP/1.1" 304 - "-" "Mozilla/5.0 (compatible; YandexImages/3.0; +http://yandex.com/bots)"
141.8.147.12 - - [21/Jun/2013:18:01:07 +0200] "GET /images/pnvtt1m2.gif HTTP/1.1" 304 - "-" "Mozilla/5.0 (compatible; YandexImages/3.0; +http://yandex.com/bots)"
66.249.78.44 - - [21/Jun/2013:18:45:22 +0200] "GET /robots.txt HTTP/1.1" 404 - "-" "Mozilla/5.0 (compatible; Googlebot/2.1; +http://www.google.com/bot.html)"
66.249.75.72 - - [21/Jun/2013:18:45:22 +0200] "GET /000001985b0ce1e49/00000198610d8af28/00000198610d9412d.php HTTP/1.1" 200 14296 "-" "SAMSUNG-SGH-E250/1.0 Profile/MIDP-2.0 Configuration/CLDC-1.1 UP.Browser/6.2.3.3.c.1.101 (GUI) MMP/2.0 (compatible; Googlebot-Mobile/2.1; +http://www.google.com/bot.html)"
66.249.78.44 - - [21/Jun/2013:19:16:38 +0200] "GET /000001985b0d93482/index.php HTTP/1.1" 200 15579 "-" "Mozilla/5.0 (iPhone; U; CPU iPhone OS 4_1 like Mac OS X; en-us) AppleWebKit/532.9 (KHTML, like Gecko) Version/4.0.5 Mobile/8B117 Safari/6531.22.7 (compatible; Googlebot-Mobile/2.1; +http://www.google.com/bot.html)"
157.55.33.146 - - [21/Jun/2013:19:20:55 +0200] "GET /robots.txt HTTP/1.1" 404 - "-" "Mozilla/5.0 (compatible; bingbot/2.0; +http://www.bing.com/bingbot.htm)"
157.55.33.146 - - [21/Jun/2013:19:23:22 +0200] "GET / HTTP/1.1" 200 24273 "-" "Mozilla/5.0 (compatible; bingbot/2.0; +http://www.bing.com/bingbot.htm)"
141.8.147.12 - - [21/Jun/2013:20:16:00 +0200] "GET /images/pnvtt2m5.gif HTTP/1.1" 304 - "-" "Mozilla/5.0 (compatible; YandexImages/3.0; +http://yandex.com/bots)"
141.8.147.12 - - [21/Jun/2013:20:20:32 +0200] "GET /images/pmtm4.gif HTTP/1.1" 304 - "-" "Mozilla/5.0 (compatible; YandexImages/3.0; +http://yandex.com/bots)"
141.8.147.12 - - [21/Jun/2013:21:04:02 +0200] "GET /images/pmtm1.gif HTTP/1.1" 304 - "-" "Mozilla/5.0 (compatible; YandexImages/3.0; +http://yandex.com/bots)"
66.249.78.44 - - [21/Jun/2013:21:04:31 +0200] "GET / HTTP/1.1" 200 24273 "-" "SAMSUNG-SGH-E250/1.0 Profile/MIDP-2.0 Configuration/CLDC-1.1 UP.Browser/6.2.3.3.c.1.101 (GUI) MMP/2.0 (compatible; Googlebot-Mobile/2.1; +http://www.google.com/bot.html)"
141.8.147.12 - - [21/Jun/2013:21:09:59 +0200] "GET /images/pnvtt3m2.gif HTTP/1.1" 304 - "-" "Mozilla/5.0 (compatible; YandexImages/3.0; +http://yandex.com/bots)"
141.8.147.12 - - [21/Jun/2013:21:52:29 +0200] "GET /images/pbx.gif HTTP/1.1" 304 - "-" "Mozilla/5.0 (compatible; YandexImages/3.0; +http://yandex.com/bots)"
123.125.71.38 - - [21/Jun/2013:23:22:10 +0200] "GET / HTTP/1.1" 200 15277 "-" "Mozilla/5.0 (compatible; Baiduspider/2.0; +http://www.baidu.com/search/spider.html)"
220.181.108.115 - - [21/Jun/2013:23:22:11 +0200] "GET / HTTP/1.1" 200 15277 "-" "Mozilla/5.0 (compatible; Baiduspider/2.0; +http://www.baidu.com/search/spider.html)"
141.8.147.12 - - [21/Jun/2013:23:41:03 +0200] "GET /robots.txt HTTP/1.1" 404 - "-" "Mozilla/5.0 (compatible; YandexBot/3.0; +http://yandex.com/bots)"
141.8.147.12 - - [21/Jun/2013:23:41:05 +0200] "GET /images/pnvtt2m6.gif HTTP/1.1" 304 - "-" "Mozilla/5.0 (compatible; YandexImages/3.0; +http://yandex.com/bots)"
67.195.111.60 - - [22/Jun/2013:00:21:48 +0200] "GET /robots.txt HTTP/1.0" 404 - "-" "Mozilla/5.0 (compatible; Yahoo! Slurp; http://help.yahoo.com/help/us/ysearch/slurp)"
67.195.111.60 - - [22/Jun/2013:00:21:48 +0200] "GET /SlurpConfirm404/bandpics.htm HTTP/1.0" 404 - "-" "Mozilla/5.0 (compatible; Yahoo! Slurp; http://help.yahoo.com/help/us/ysearch/slurp)"
141.8.147.12 - - [22/Jun/2013:00:23:49 +0200] "GET /images/pmtsm2.gif HTTP/1.1" 304 - "-" "Mozilla/5.0 (compatible; YandexImages/3.0; +http://yandex.com/bots)"
66.249.78.44 - - [22/Jun/2013:00:50:00 +0200] "GET /000001985b0ce1e49/00000198610d8af28/00000198610d9412d.php HTTP/1.1" 200 14296 "-" "Mozilla/5.0 (compatible; Googlebot/2.1; +http://www.google.com/bot.html)"
66.249.78.44 - - [22/Jun/2013:01:35:38 +0200] "GET / HTTP/1.1" 200 24273 "-" "Mozilla/5.0 (iPhone; U; CPU iPhone OS 4_1 like Mac OS X; en-us) AppleWebKit/532.9 (KHTML, like Gecko) Version/4.0.5 Mobile/8B117 Safari/6531.22.7 (compatible; Googlebot-Mobile/2.1; +http://www.google.com/bot.html)"
141.8.147.12 - - [22/Jun/2013:02:08:16 +0200] "GET /images/phnvmtt4.gif HTTP/1.1" 304 - "-" "Mozilla/5.0 (compatible; YandexImages/3.0; +http://yandex.com/bots)"
141.8.147.12 - - [22/Jun/2013:04:05:30 +0200] "GET /images/pnvtt4m2.gif HTTP/1.1" 304 - "-" "Mozilla/5.0 (compatible; YandexImages/3.0; +http://yandex.com/bots)"
141.8.147.12 - - [22/Jun/2013:04:10:06 +0200] "GET /images/pnvtt3m1.gif HTTP/1.1" 304 - "-" "Mozilla/5.0 (compatible; YandexImages/3.0; +http://yandex.com/bots)"
141.8.147.12 - - [22/Jun/2013:05:00:45 +0200] "GET /images/pnvtt1m6.gif HTTP/1.1" 304 - "-" "Mozilla/5.0 (compatible; YandexImages/3.0; +http://yandex.com/bots)"
5.199.136.130 - - [22/Jun/2013:05:05:28 +0200] "GET /robots.txt HTTP/1.1" 404 - "-" "Mozilla/5.0 (compatible; Spiderlytics/1.0; +spider@spiderlytics.com)"
5.199.136.130 - - [22/Jun/2013:05:05:28 +0200] "GET /031d669bf5054cf01/index.php HTTP/1.1" 200 13922 "-" "Mozilla/5.0 (compatible; Spiderlytics/1.0; +spider@spiderlytics.com)"
141.8.147.12 - - [22/Jun/2013:05:29:55 +0200] "GET /images/phnvmtt6.gif HTTP/1.1" 304 - "-" "Mozilla/5.0 (compatible; YandexImages/3.0; +http://yandex.com/bots)"
5.199.136.130 - - [22/Jun/2013:05:51:31 +0200] "GET /images/pmtsm3.gif HTTP/1.1" 200 2251 "-" "Mozilla/5.0 (compatible; Spiderlytics/1.0; +spider@spiderlytics.com)"
66.249.75.72 - - [22/Jun/2013:06:27:42 +0200] "GET / HTTP/1.1" 200 24292 "-" "DoCoMo/2.0 N905i(c100;TB;W24H16) (compatible; Googlebot-Mobile/2.1; +http://www.google.com/bot.html)"
141.8.147.12 - - [22/Jun/2013:06:29:11 +0200] "GET /images/plmc.gif HTTP/1.1" 304 - "-" "Mozilla/5.0 (compatible; YandexImages/3.0; +http://yandex.com/bots)"
46.4.53.21 - - [22/Jun/2013:07:08:55 +0200] "GET /robots.txt HTTP/1.1" 404 - "-" "Mozilla/5.0 (compatible; SearchmetricsBot; http://www.searchmetrics.com/en/searchmetrics-bot/)"
46.4.53.21 - - [22/Jun/2013:07:08:55 +0200] "GET / HTTP/1.1" 200 24292 "-" "Mozilla/5.0 (compatible; SearchmetricsBot; http://www.searchmetrics.com/en/searchmetrics-bot/)"
5.199.136.130 - - [22/Jun/2013:07:25:01 +0200] "GET /robots.txt HTTP/1.1" 404 - "-" "Mozilla/5.0 (compatible; Spiderlytics/1.0; +spider@spiderlytics.com)"
5.199.136.130 - - [22/Jun/2013:07:25:01 +0200] "GET /images/pnvtst4m1.gif HTTP/1.1" 200 2465 "-" "Mozilla/5.0 (compatible; Spiderlytics/1.0; +spider@spiderlytics.com)"
176.8.89.140 - - [22/Jun/2013:08:21:06 +0200] "GET /robots.txt HTTP/1.0" 404 - "-" "Mozilla/5.0 (compatible; MJ12bot/v1.4.3; http://www.majestic12.co.uk/bot.php?+)"
176.8.89.140 - - [22/Jun/2013:08:21:07 +0200] "GET / HTTP/1.1" 200 24292 "-" "Mozilla/5.0 (compatible; MJ12bot/v1.4.3; http://www.majestic12.co.uk/bot.php?+)"
5.199.136.130 - - [22/Jun/2013:08:46:37 +0200] "GET /robots.txt HTTP/1.1" 404 - "-" "Mozilla/5.0 (compatible; Spiderlytics/1.0; +spider@spiderlytics.com)"
5.199.136.130 - - [22/Jun/2013:08:46:37 +0200] "GET /images/pnvtst1m2.gif HTTP/1.1" 200 2616 "-" "Mozilla/5.0 (compatible; Spiderlytics/1.0; +spider@spiderlytics.com)"
66.249.78.44 - - [22/Jun/2013:08:47:22 +0200] "GET /robots.txt HTTP/1.1" 404 - "-" "Mozilla/5.0 (compatible; Googlebot/2.1; +http://www.google.com/bot.html)"
66.249.78.44 - - [22/Jun/2013:08:47:22 +0200] "GET /assets/s.css HTTP/1.1" 200 3386 "http://www.ksbb.de/000001985b0ce1e49/00000198610d8af28/00000198610d9412d.php" "Mozilla/5.0 (compatible; Googlebot/2.1; +http://www.google.com/bot.html)"
66.249.78.44 - - [22/Jun/2013:08:47:23 +0200] "GET /assets/ssb.css HTTP/1.1" 200 657 "http://www.ksbb.de/000001985b0ce1e49/00000198610d8af28/00000198610d9412d.php" "Mozilla/5.0 (compatible; Googlebot/2.1; +http://www.google.com/bot.html)"
141.8.147.12 - - [22/Jun/2013:09:31:53 +0200] "GET /images/pnvtt1m4.gif HTTP/1.1" 304 - "-" "Mozilla/5.0 (compatible; YandexImages/3.0; +http://yandex.com/bots)"
66.249.78.44 - - [22/Jun/2013:10:05:35 +0200] "GET /000001985b0e5e29a/index.php HTTP/1.1" 200 16914 "-" "SAMSUNG-SGH-E250/1.0 Profile/MIDP-2.0 Configuration/CLDC-1.1 UP.Browser/6.2.3.3.c.1.101 (GUI) MMP/2.0 (compatible; Googlebot-Mobile/2.1; +http://www.google.com/bot.html)"
141.8.147.12 - - [22/Jun/2013:10:12:56 +0200] "GET /images/pd.gif HTTP/1.1" 304 - "-" "Mozilla/5.0 (compatible; YandexImages/3.0; +http://yandex.com/bots)"
141.8.147.12 - - [22/Jun/2013:10:32:46 +0200] "GET /images/pnvtst1m2.gif HTTP/1.1" 304 - "-" "Mozilla/5.0 (compatible; YandexImages/3.0; +http://yandex.com/bots)"
66.249.75.72 - - [22/Jun/2013:10:35:56 +0200] "GET /000001985b0d93482/000001985c0868401/index.php HTTP/1.1" 200 20300 "-" "DoCoMo/2.0 N905i(c100;TB;W24H16) (compatible; Googlebot-Mobile/2.1; +http://www.google.com/bot.html)"
141.8.147.12 - - [22/Jun/2013:11:19:39 +0200] "GET /images/phnvmtt2.gif HTTP/1.1" 304 - "-" "Mozilla/5.0 (compatible; YandexImages/3.0; +http://yandex.com/bots)"
66.249.78.44 - - [22/Jun/2013:11:34:09 +0200] "GET /00000398730fce012.php HTTP/1.1" 200 22678 "-" "Mozilla/5.0 (iPhone; U; CPU iPhone OS 4_1 like Mac OS X; en-us) AppleWebKit/532.9 (KHTML, like Gecko) Version/4.0.5 Mobile/8B117 Safari/6531.22.7 (compatible; Googlebot-Mobile/2.1; +http://www.google.com/bot.html)"
141.8.147.12 - - [22/Jun/2013:12:12:30 +0200] "GET /robots.txt HTTP/1.1" 404 - "-" "Mozilla/5.0 (compatible; YandexBot/3.0; +http://yandex.com/bots)"
141.8.147.12 - - [22/Jun/2013:12:12:34 +0200] "GET /images/route02_158.gif HTTP/1.1" 304 - "-" "Mozilla/5.0 (compatible; YandexImages/3.0; +http://yandex.com/bots)"
141.8.147.12 - - [22/Jun/2013:12:17:31 +0200] "GET /images/pnvtst4m2.gif HTTP/1.1" 304 - "-" "Mozilla/5.0 (compatible; YandexImages/3.0; +http://yandex.com/bots)"
141.8.147.12 - - [22/Jun/2013:12:20:09 +0200] "GET /images/pcmpc2.gif HTTP/1.1" 304 - "-" "Mozilla/5.0 (compatible; YandexImages/3.0; +http://yandex.com/bots)"
141.8.147.12 - - [22/Jun/2013:12:21:55 +0200] "GET /images/pnvtst1m6.gif HTTP/1.1" 304 - "-" "Mozilla/5.0 (compatible; YandexImages/3.0; +http://yandex.com/bots)"
141.8.147.12 - - [22/Jun/2013:12:22:56 +0200] "GET /images/plogo.gif HTTP/1.1" 304 - "-" "Mozilla/5.0 (compatible; YandexImages/3.0; +http://yandex.com/bots)"
141.8.147.12 - - [22/Jun/2013:12:26:54 +0200] "GET /images/ss04035_52.jpg HTTP/1.1" 304 - "-" "Mozilla/5.0 (compatible; YandexImages/3.0; +http://yandex.com/bots)"
141.8.147.12 - - [22/Jun/2013:12:34:19 +0200] "GET /images/pnvtt2m2.gif HTTP/1.1" 304 - "-" "Mozilla/5.0 (compatible; YandexImages/3.0; +http://yandex.com/bots)"
5.199.136.130 - - [22/Jun/2013:12:35:29 +0200] "GET /robots.txt HTTP/1.1" 404 - "-" "Mozilla/5.0 (compatible; Spiderlytics/1.0; +spider@spiderlytics.com)"
5.199.136.130 - - [22/Jun/2013:12:35:29 +0200] "GET /images/pmr.gif HTTP/1.1" 200 115 "-" "Mozilla/5.0 (compatible; Spiderlytics/1.0; +spider@spiderlytics.com)"
141.8.147.12 - - [22/Jun/2013:12:37:17 +0200] "GET /images/pnvtst3m1.gif HTTP/1.1" 304 - "-" "Mozilla/5.0 (compatible; YandexImages/3.0; +http://yandex.com/bots)"
141.8.147.12 - - [22/Jun/2013:12:41:51 +0200] "GET /images/52298cols2.jpg HTTP/1.1" 304 - "-" "Mozilla/5.0 (compatible; YandexImages/3.0; +http://yandex.com/bots)"
141.8.147.12 - - [22/Jun/2013:12:43:26 +0200] "GET /images/pnvtt2m1.gif HTTP/1.1" 304 - "-" "Mozilla/5.0 (compatible; YandexImages/3.0; +http://yandex.com/bots)"
141.8.147.12 - - [22/Jun/2013:12:43:39 +0200] "GET /images/30288.jpg HTTP/1.1" 304 - "-" "Mozilla/5.0 (compatible; YandexImages/3.0; +http://yandex.com/bots)"
141.8.147.12 - - [22/Jun/2013:12:55:07 +0200] "GET /images/35029cols2.jpg HTTP/1.1" 304 - "-" "Mozilla/5.0 (compatible; YandexImages/3.0; +http://yandex.com/bots)"
141.8.147.12 - - [22/Jun/2013:12:56:16 +0200] "GET /images/mev23003_579.jpg HTTP/1.1" 304 - "-" "Mozilla/5.0 (compatible; YandexImages/3.0; +http://yandex.com/bots)"
141.8.147.12 - - [22/Jun/2013:13:02:18 +0200] "GET /images/pnvtt1m5.gif HTTP/1.1" 304 - "-" "Mozilla/5.0 (compatible; YandexImages/3.0; +http://yandex.com/bots)"
141.8.147.12 - - [22/Jun/2013:13:09:14 +0200] "GET /images/plms.gif HTTP/1.1" 304 - "-" "Mozilla/5.0 (compatible; YandexImages/3.0; +http://yandex.com/bots)"
141.8.147.12 - - [22/Jun/2013:13:10:38 +0200] "GET /images/55275_72.jpg HTTP/1.1" 304 - "-" "Mozilla/5.0 (compatible; YandexImages/3.0; +http://yandex.com/bots)"
141.8.147.12 - - [22/Jun/2013:13:12:03 +0200] "GET /images/30288_52.jpg HTTP/1.1" 304 - "-" "Mozilla/5.0 (compatible; YandexImages/3.0; +http://yandex.com/bots)"
141.8.147.12 - - [22/Jun/2013:13:12:33 +0200] "GET /images/plnkn.gif HTTP/1.1" 304 - "-" "Mozilla/5.0 (compatible; YandexImages/3.0; +http://yandex.com/bots)"
141.8.147.12 - - [22/Jun/2013:13:15:38 +0200] "GET /images/ulslogosbp_sbp.jpg HTTP/1.1" 304 - "-" "Mozilla/5.0 (compatible; YandexImages/3.0; +http://yandex.com/bots)"
141.8.147.12 - - [22/Jun/2013:13:23:07 +0200] "GET /images/ss04035.jpg HTTP/1.1" 304 - "-" "Mozilla/5.0 (compatible; YandexImages/3.0; +http://yandex.com/bots)"
141.8.147.12 - - [22/Jun/2013:13:32:09 +0200] "GET /images/mev23003_72.jpg HTTP/1.1" 304 - "-" "Mozilla/5.0 (compatible; YandexImages/3.0; +http://yandex.com/bots)"
141.8.147.12 - - [22/Jun/2013:13:42:44 +0200] "GET /images/phnvmtt3.gif HTTP/1.1" 304 - "-" "Mozilla/5.0 (compatible; YandexImages/3.0; +http://yandex.com/bots)"
141.8.147.12 - - [22/Jun/2013:13:44:47 +0200] "GET /images/pltp.gif HTTP/1.1" 304 - "-" "Mozilla/5.0 (compatible; YandexImages/3.0; +http://yandex.com/bots)"
141.8.147.12 - - [22/Jun/2013:13:46:26 +0200] "GET /images/mev22050_158.jpg HTTP/1.1" 304 - "-" "Mozilla/5.0 (compatible; YandexImages/3.0; +http://yandex.com/bots)"
141.8.147.12 - - [22/Jun/2013:13:46:29 +0200] "GET /images/pnvtst2m1.gif HTTP/1.1" 304 - "-" "Mozilla/5.0 (compatible; YandexImages/3.0; +http://yandex.com/bots)"
141.8.147.12 - - [22/Jun/2013:13:47:43 +0200] "GET /images/52298.jpg HTTP/1.1" 304 - "-" "Mozilla/5.0 (compatible; YandexImages/3.0; +http://yandex.com/bots)"
141.8.147.12 - - [22/Jun/2013:13:49:36 +0200] "GET /images/pmtm6.gif HTTP/1.1" 304 - "-" "Mozilla/5.0 (compatible; YandexImages/3.0; +http://yandex.com/bots)"
141.8.147.12 - - [22/Jun/2013:13:51:07 +0200] "GET /images/ksbb1_sbp.jpg HTTP/1.1" 304 - "-" "Mozilla/5.0 (compatible; YandexImages/3.0; +http://yandex.com/bots)"
141.8.147.12 - - [22/Jun/2013:13:55:36 +0200] "GET /images/pnvtst3m2.gif HTTP/1.1" 304 - "-" "Mozilla/5.0 (compatible; YandexImages/3.0; +http://yandex.com/bots)"
141.8.147.12 - - [22/Jun/2013:13:58:35 +0200] "GET /images/pnvtst4m1.gif HTTP/1.1" 304 - "-" "Mozilla/5.0 (compatible; YandexImages/3.0; +http://yandex.com/bots)"
141.8.147.12 - - [22/Jun/2013:14:04:29 +0200] "GET /images/pnvtst2m5.gif HTTP/1.1" 304 - "-" "Mozilla/5.0 (compatible; YandexImages/3.0; +http://yandex.com/bots)"
141.8.147.12 - - [22/Jun/2013:14:08:50 +0200] "GET /images/mev22050.jpg HTTP/1.1" 304 - "-" "Mozilla/5.0 (compatible; YandexImages/3.0; +http://yandex.com/bots)"
141.8.147.12 - - [22/Jun/2013:14:11:26 +0200] "GET /images/ss04035_158.jpg HTTP/1.1" 304 - "-" "Mozilla/5.0 (compatible; YandexImages/3.0; +http://yandex.com/bots)"
157.55.33.146 - - [22/Jun/2013:14:12:26 +0200] "GET /robots.txt HTTP/1.1" 404 - "-" "Mozilla/5.0 (compatible; bingbot/2.0; +http://www.bing.com/bingbot.htm)"
157.55.33.146 - - [22/Jun/2013:14:12:59 +0200] "GET /000001985b0e5e29a/000001985f0d1bf04/index.php HTTP/1.1" 200 17309 "-" "Mozilla/5.0 (compatible; bingbot/2.0; +http://www.bing.com/bingbot.htm)"
141.8.147.12 - - [22/Jun/2013:14:15:46 +0200] "GET /images/plbt.gif HTTP/1.1" 304 - "-" "Mozilla/5.0 (compatible; YandexImages/3.0; +http://yandex.com/bots)"
141.8.147.12 - - [22/Jun/2013:14:25:21 +0200] "GET /images/mev14046_72.jpg HTTP/1.1" 304 - "-" "Mozilla/5.0 (compatible; YandexImages/3.0; +http://yandex.com/bots)"
157.55.33.146 - - [22/Jun/2013:14:25:59 +0200] "GET /00000198660c9d618/00000198660cdce24/index.php HTTP/1.1" 200 17970 "-" "Mozilla/5.0 (compatible; bingbot/2.0; +http://www.bing.com/bingbot.htm)"
141.8.147.12 - - [22/Jun/2013:14:31:25 +0200] "GET /images/35029.jpg HTTP/1.1" 304 - "-" "Mozilla/5.0 (compatible; YandexImages/3.0; +http://yandex.com/bots)"
141.8.147.12 - - [22/Jun/2013:14:33:23 +0200] "GET /images/mev09037.jpg HTTP/1.1" 304 - "-" "Mozilla/5.0 (compatible; YandexImages/3.0; +http://yandex.com/bots)"
141.8.147.12 - - [22/Jun/2013:14:39:14 +0200] "GET /images/30288_158.jpg HTTP/1.1" 304 - "-" "Mozilla/5.0 (compatible; YandexImages/3.0; +http://yandex.com/bots)"
141.8.147.12 - - [22/Jun/2013:14:44:11 +0200] "GET /images/phnvmtt5.gif HTTP/1.1" 304 - "-" "Mozilla/5.0 (compatible; YandexImages/3.0; +http://yandex.com/bots)"
141.8.147.12 - - [22/Jun/2013:14:46:38 +0200] "GET /images/phomesm0.gif HTTP/1.1" 304 - "-" "Mozilla/5.0 (compatible; YandexImages/3.0; +http://yandex.com/bots)"
