141.8.147.12 - - [25/Aug/2013:05:25:24 +0200] "GET /images/pcmpc1.gif HTTP/1.1" 304 - "-" "Mozilla/5.0 (compatible; YandexImages/3.0; +http://yandex.com/bots)"
141.8.147.12 - - [25/Aug/2013:05:33:04 +0200] "GET /images/plnkn.gif HTTP/1.1" 304 - "-" "Mozilla/5.0 (compatible; YandexImages/3.0; +http://yandex.com/bots)"
141.8.147.12 - - [25/Aug/2013:05:35:43 +0200] "GET /images/mev14046_52.jpg HTTP/1.1" 304 - "-" "Mozilla/5.0 (compatible; YandexImages/3.0; +http://yandex.com/bots)"
141.8.147.12 - - [25/Aug/2013:05:46:38 +0200] "GET /images/pnvtst1m6.gif HTTP/1.1" 304 - "-" "Mozilla/5.0 (compatible; YandexImages/3.0; +http://yandex.com/bots)"
141.8.147.12 - - [25/Aug/2013:05:50:02 +0200] "GET /images/pnvtt1m5.gif HTTP/1.1" 304 - "-" "Mozilla/5.0 (compatible; YandexImages/3.0; +http://yandex.com/bots)"
141.8.147.12 - - [25/Aug/2013:05:52:54 +0200] "GET /images/pnvtst4m2.gif HTTP/1.1" 304 - "-" "Mozilla/5.0 (compatible; YandexImages/3.0; +http://yandex.com/bots)"
141.8.147.12 - - [25/Aug/2013:05:58:57 +0200] "GET /images/pnvtt1m1.gif HTTP/1.1" 304 - "-" "Mozilla/5.0 (compatible; YandexImages/3.0; +http://yandex.com/bots)"
141.8.147.12 - - [25/Aug/2013:06:14:42 +0200] "GET /images/phnvmtt7.gif HTTP/1.1" 304 - "-" "Mozilla/5.0 (compatible; YandexImages/3.0; +http://yandex.com/bots)"
141.8.147.12 - - [25/Aug/2013:06:15:10 +0200] "GET /images/pmtsm5.gif HTTP/1.1" 304 - "-" "Mozilla/5.0 (compatible; YandexImages/3.0; +http://yandex.com/bots)"
141.8.147.12 - - [25/Aug/2013:06:15:42 +0200] "GET / HTTP/1.1" 200 24292 "-" "Mozilla/5.0 (compatible; YandexBot/3.0; +http://yandex.com/bots)"
141.8.147.12 - - [25/Aug/2013:06:15:44 +0200] "GET /index.php HTTP/1.1" 200 24292 "-" "Mozilla/5.0 (compatible; YandexBot/3.0; +http://yandex.com/bots)"
141.8.147.12 - - [25/Aug/2013:06:15:47 +0200] "GET / HTTP/1.1" 200 24292 "-" "Mozilla/5.0 (compatible; YandexBot/3.0; +http://yandex.com/bots)"
141.8.147.12 - - [25/Aug/2013:06:15:49 +0200] "GET /index.php HTTP/1.1" 200 24292 "-" "Mozilla/5.0 (compatible; YandexBot/3.0; +http://yandex.com/bots)"
141.8.147.12 - - [25/Aug/2013:06:19:12 +0200] "GET /images/pnvtt3m2.gif HTTP/1.1" 304 - "-" "Mozilla/5.0 (compatible; YandexImages/3.0; +http://yandex.com/bots)"
141.8.147.12 - - [25/Aug/2013:06:25:51 +0200] "GET /images/pmtm5.gif HTTP/1.1" 304 - "-" "Mozilla/5.0 (compatible; YandexImages/3.0; +http://yandex.com/bots)"
141.8.147.12 - - [25/Aug/2013:06:41:33 +0200] "GET /images/pnvtt2m6.gif HTTP/1.1" 304 - "-" "Mozilla/5.0 (compatible; YandexImages/3.0; +http://yandex.com/bots)"
141.8.147.12 - - [25/Aug/2013:06:47:36 +0200] "GET /images/pbk.gif HTTP/1.1" 304 - "-" "Mozilla/5.0 (compatible; YandexImages/3.0; +http://yandex.com/bots)"
141.8.147.12 - - [25/Aug/2013:06:50:11 +0200] "GET /images/pnvtt1m6.gif HTTP/1.1" 304 - "-" "Mozilla/5.0 (compatible; YandexImages/3.0; +http://yandex.com/bots)"
141.8.147.12 - - [25/Aug/2013:06:50:17 +0200] "GET /images/pbul.gif HTTP/1.1" 304 - "-" "Mozilla/5.0 (compatible; YandexImages/3.0; +http://yandex.com/bots)"
5.10.83.51 - - [25/Aug/2013:06:51:34 +0200] "GET /00000198660c9d618/index.php HTTP/1.1" 200 15367 "-" "Mozilla/5.0 (compatible; AhrefsBot/5.0; +http://ahrefs.com/robot/)"
5.10.83.51 - - [25/Aug/2013:07:01:33 +0200] "GET /00000198660b9a703/00000198660bb6a0a/index.php HTTP/1.1" 200 16361 "-" "Mozilla/5.0 (compatible; AhrefsBot/5.0; +http://ahrefs.com/robot/)"
141.8.147.12 - - [25/Aug/2013:07:06:38 +0200] "GET /images/pmtsm2.gif HTTP/1.1" 304 - "-" "Mozilla/5.0 (compatible; YandexImages/3.0; +http://yandex.com/bots)"
141.8.147.12 - - [25/Aug/2013:07:13:45 +0200] "GET /images/phnvmtt4.gif HTTP/1.1" 304 - "-" "Mozilla/5.0 (compatible; YandexImages/3.0; +http://yandex.com/bots)"
141.8.147.12 - - [25/Aug/2013:07:18:24 +0200] "GET /images/pnvtst1m1.gif HTTP/1.1" 304 - "-" "Mozilla/5.0 (compatible; YandexImages/3.0; +http://yandex.com/bots)"
141.8.147.12 - - [25/Aug/2013:07:35:02 +0200] "GET /images/phnvmtt2.gif HTTP/1.1" 304 - "-" "Mozilla/5.0 (compatible; YandexImages/3.0; +http://yandex.com/bots)"
141.8.147.12 - - [25/Aug/2013:07:54:22 +0200] "GET /images/phomesm0.gif HTTP/1.1" 304 - "-" "Mozilla/5.0 (compatible; YandexImages/3.0; +http://yandex.com/bots)"
141.8.147.12 - - [25/Aug/2013:07:59:07 +0200] "GET /images/pmtsm3.gif HTTP/1.1" 304 - "-" "Mozilla/5.0 (compatible; YandexImages/3.0; +http://yandex.com/bots)"
141.8.147.12 - - [25/Aug/2013:08:05:31 +0200] "GET /images/pnvtt4m1.gif HTTP/1.1" 304 - "-" "Mozilla/5.0 (compatible; YandexImages/3.0; +http://yandex.com/bots)"
141.8.147.12 - - [25/Aug/2013:08:07:31 +0200] "GET /images/pd.gif HTTP/1.1" 304 - "-" "Mozilla/5.0 (compatible; YandexImages/3.0; +http://yandex.com/bots)"
141.8.147.12 - - [25/Aug/2013:08:09:49 +0200] "GET /images/pnvtst2m6.gif HTTP/1.1" 304 - "-" "Mozilla/5.0 (compatible; YandexImages/3.0; +http://yandex.com/bots)"
141.8.147.12 - - [25/Aug/2013:08:13:59 +0200] "GET /images/pmtsm6.gif HTTP/1.1" 304 - "-" "Mozilla/5.0 (compatible; YandexImages/3.0; +http://yandex.com/bots)"
65.55.215.47 - - [25/Aug/2013:08:18:24 +0200] "GET /robots.txt HTTP/1.1" 404 - "-" "msnbot-media/1.1 (+http://search.msn.com/msnbot.htm)"
65.55.215.47 - - [25/Aug/2013:08:18:25 +0200] "GET /images/mev14046_52.jpg HTTP/1.1" 200 1285 "-" "msnbot-media/1.1 (+http://search.msn.com/msnbot.htm)"
141.8.147.12 - - [25/Aug/2013:08:19:24 +0200] "GET /images/pmtm2.gif HTTP/1.1" 304 - "-" "Mozilla/5.0 (compatible; YandexImages/3.0; +http://yandex.com/bots)"
141.8.147.12 - - [25/Aug/2013:08:24:08 +0200] "GET /images/pnvtst2m1.gif HTTP/1.1" 304 - "-" "Mozilla/5.0 (compatible; YandexImages/3.0; +http://yandex.com/bots)"
141.8.147.12 - - [25/Aug/2013:08:31:09 +0200] "GET /images/pbx.gif HTTP/1.1" 304 - "-" "Mozilla/5.0 (compatible; YandexImages/3.0; +http://yandex.com/bots)"
141.8.147.12 - - [25/Aug/2013:08:43:05 +0200] "GET /images/pnvtt4m2.gif HTTP/1.1" 304 - "-" "Mozilla/5.0 (compatible; YandexImages/3.0; +http://yandex.com/bots)"
141.8.147.12 - - [25/Aug/2013:08:48:51 +0200] "GET /images/phnvmtt1.gif HTTP/1.1" 304 - "-" "Mozilla/5.0 (compatible; YandexImages/3.0; +http://yandex.com/bots)"
141.8.147.12 - - [25/Aug/2013:08:55:40 +0200] "GET /images/pmtsm1.gif HTTP/1.1" 304 - "-" "Mozilla/5.0 (compatible; YandexImages/3.0; +http://yandex.com/bots)"
141.8.147.12 - - [25/Aug/2013:09:05:59 +0200] "GET /robots.txt HTTP/1.1" 404 - "-" "Mozilla/5.0 (compatible; YandexBot/3.0; +http://yandex.com/bots)"
141.8.147.12 - - [25/Aug/2013:09:06:01 +0200] "GET /images/psd.gif HTTP/1.1" 304 - "-" "Mozilla/5.0 (compatible; YandexImages/3.0; +http://yandex.com/bots)"
141.8.147.12 - - [25/Aug/2013:09:10:46 +0200] "GET /images/pnvtt3m1.gif HTTP/1.1" 304 - "-" "Mozilla/5.0 (compatible; YandexImages/3.0; +http://yandex.com/bots)"
141.8.147.12 - - [25/Aug/2013:09:11:58 +0200] "GET /images/pmtm3.gif HTTP/1.1" 304 - "-" "Mozilla/5.0 (compatible; YandexImages/3.0; +http://yandex.com/bots)"
141.8.147.12 - - [25/Aug/2013:09:19:05 +0200] "GET /images/pnvtst2m2.gif HTTP/1.1" 304 - "-" "Mozilla/5.0 (compatible; YandexImages/3.0; +http://yandex.com/bots)"
141.8.147.12 - - [25/Aug/2013:09:44:55 +0200] "GET /images/plmc.gif HTTP/1.1" 304 - "-" "Mozilla/5.0 (compatible; YandexImages/3.0; +http://yandex.com/bots)"
141.8.147.12 - - [25/Aug/2013:09:45:50 +0200] "GET /images/pnvtt2m5.gif HTTP/1.1" 304 - "-" "Mozilla/5.0 (compatible; YandexImages/3.0; +http://yandex.com/bots)"
141.8.147.12 - - [25/Aug/2013:09:51:52 +0200] "GET /images/pmtm7.gif HTTP/1.1" 304 - "-" "Mozilla/5.0 (compatible; YandexImages/3.0; +http://yandex.com/bots)"
141.8.147.12 - - [25/Aug/2013:09:56:42 +0200] "GET /images/pmtsm4.gif HTTP/1.1" 304 - "-" "Mozilla/5.0 (compatible; YandexImages/3.0; +http://yandex.com/bots)"
141.8.147.12 - - [25/Aug/2013:10:04:03 +0200] "GET /images/pnvtst1m4.gif HTTP/1.1" 304 - "-" "Mozilla/5.0 (compatible; YandexImages/3.0; +http://yandex.com/bots)"
141.8.147.12 - - [25/Aug/2013:10:06:17 +0200] "GET /images/pcp.gif HTTP/1.1" 304 - "-" "Mozilla/5.0 (compatible; YandexImages/3.0; +http://yandex.com/bots)"
5.10.83.51 - - [25/Aug/2013:10:09:29 +0200] "GET /000001985b0d93482/00000198660ae2e07/00000198660b24011/index.php HTTP/1.1" 200 20693 "-" "Mozilla/5.0 (compatible; AhrefsBot/5.0; +http://ahrefs.com/robot/)"
141.8.147.12 - - [25/Aug/2013:10:10:49 +0200] "GET /images/pmtm1.gif HTTP/1.1" 304 - "-" "Mozilla/5.0 (compatible; YandexImages/3.0; +http://yandex.com/bots)"
141.8.147.12 - - [25/Aug/2013:10:15:25 +0200] "GET /images/pnvtst1m2.gif HTTP/1.1" 304 - "-" "Mozilla/5.0 (compatible; YandexImages/3.0; +http://yandex.com/bots)"
141.8.147.12 - - [25/Aug/2013:10:23:46 +0200] "GET /images/pmtsm7.gif HTTP/1.1" 304 - "-" "Mozilla/5.0 (compatible; YandexImages/3.0; +http://yandex.com/bots)"
141.8.147.12 - - [25/Aug/2013:10:35:18 +0200] "GET /images/phnvmtt5.gif HTTP/1.1" 304 - "-" "Mozilla/5.0 (compatible; YandexImages/3.0; +http://yandex.com/bots)"
141.8.147.12 - - [25/Aug/2013:10:46:57 +0200] "GET /images/pnvtst3m1.gif HTTP/1.1" 304 - "-" "Mozilla/5.0 (compatible; YandexImages/3.0; +http://yandex.com/bots)"
141.8.147.12 - - [25/Aug/2013:11:05:32 +0200] "GET /images/phnvmtt3.gif HTTP/1.1" 304 - "-" "Mozilla/5.0 (compatible; YandexImages/3.0; +http://yandex.com/bots)"
66.249.78.44 - - [25/Aug/2013:11:42:04 +0200] "GET /favicon.ico HTTP/1.1" 404 - "-" "Googlebot-Image/1.0"
141.8.147.12 - - [25/Aug/2013:11:48:28 +0200] "GET /images/pnvtt4m1.gif HTTP/1.1" 304 - "-" "Mozilla/5.0 (compatible; YandexImages/3.0; +http://yandex.com/bots)"
141.8.147.12 - - [25/Aug/2013:12:03:51 +0200] "GET /images/phomem0.gif HTTP/1.1" 304 - "-" "Mozilla/5.0 (compatible; YandexImages/3.0; +http://yandex.com/bots)"
141.8.147.12 - - [25/Aug/2013:12:04:09 +0200] "GET /images/pnvtst1m5.gif HTTP/1.1" 304 - "-" "Mozilla/5.0 (compatible; YandexImages/3.0; +http://yandex.com/bots)"
141.8.147.12 - - [25/Aug/2013:12:09:41 +0200] "GET /images/phnvmtt5.gif HTTP/1.1" 304 - "-" "Mozilla/5.0 (compatible; YandexImages/3.0; +http://yandex.com/bots)"
141.8.147.12 - - [25/Aug/2013:12:18:50 +0200] "GET /images/pnvtst2m2.gif HTTP/1.1" 304 - "-" "Mozilla/5.0 (compatible; YandexImages/3.0; +http://yandex.com/bots)"
141.8.147.12 - - [25/Aug/2013:12:25:58 +0200] "GET /images/pnvtt3m2.gif HTTP/1.1" 304 - "-" "Mozilla/5.0 (compatible; YandexImages/3.0; +http://yandex.com/bots)"
141.8.147.12 - - [25/Aug/2013:12:30:54 +0200] "GET /images/plmc.gif HTTP/1.1" 304 - "-" "Mozilla/5.0 (compatible; YandexImages/3.0; +http://yandex.com/bots)"
141.8.147.12 - - [25/Aug/2013:12:35:55 +0200] "GET /images/pbul.gif HTTP/1.1" 304 - "-" "Mozilla/5.0 (compatible; YandexImages/3.0; +http://yandex.com/bots)"
141.8.147.12 - - [25/Aug/2013:12:46:25 +0200] "GET /images/pmtsm4.gif HTTP/1.1" 304 - "-" "Mozilla/5.0 (compatible; YandexImages/3.0; +http://yandex.com/bots)"
141.8.147.12 - - [25/Aug/2013:12:47:14 +0200] "GET /images/pbx.gif HTTP/1.1" 304 - "-" "Mozilla/5.0 (compatible; YandexImages/3.0; +http://yandex.com/bots)"
5.10.83.51 - - [25/Aug/2013:12:54:11 +0200] "GET /00000198660a80203/index.php HTTP/1.1" 200 12659 "-" "Mozilla/5.0 (compatible; AhrefsBot/5.0; +http://ahrefs.com/robot/)"
141.8.147.12 - - [25/Aug/2013:13:00:34 +0200] "GET /images/pmtsm1.gif HTTP/1.1" 304 - "-" "Mozilla/5.0 (compatible; YandexImages/3.0; +http://yandex.com/bots)"
5.10.83.51 - - [25/Aug/2013:13:06:00 +0200] "GET /images/ss04035.jpg HTTP/1.1" 200 144893 "-" "Mozilla/5.0 (compatible; AhrefsBot/5.0; +http://ahrefs.com/robot/)"
141.8.147.12 - - [25/Aug/2013:13:12:16 +0200] "GET /images/pmtm7.gif HTTP/1.1" 304 - "-" "Mozilla/5.0 (compatible; YandexImages/3.0; +http://yandex.com/bots)"
141.8.147.12 - - [25/Aug/2013:13:17:49 +0200] "GET /images/phnvmtt3.gif HTTP/1.1" 304 - "-" "Mozilla/5.0 (compatible; YandexImages/3.0; +http://yandex.com/bots)"
141.8.147.12 - - [25/Aug/2013:13:20:16 +0200] "GET /images/pmr.gif HTTP/1.1" 304 - "-" "Mozilla/5.0 (compatible; YandexImages/3.0; +http://yandex.com/bots)"
141.8.147.12 - - [25/Aug/2013:13:20:55 +0200] "GET /images/pnvtst2m1.gif HTTP/1.1" 304 - "-" "Mozilla/5.0 (compatible; YandexImages/3.0; +http://yandex.com/bots)"
141.8.147.12 - - [25/Aug/2013:13:27:29 +0200] "GET /images/pnvtst1m1.gif HTTP/1.1" 304 - "-" "Mozilla/5.0 (compatible; YandexImages/3.0; +http://yandex.com/bots)"
5.10.83.51 - - [25/Aug/2013:13:28:15 +0200] "GET /000001985b0d93482/000001985b0fc8f0b/index.php HTTP/1.1" 200 15396 "-" "Mozilla/5.0 (compatible; AhrefsBot/5.0; +http://ahrefs.com/robot/)"
141.8.147.12 - - [25/Aug/2013:13:30:48 +0200] "GET /images/pnvtt1m1.gif HTTP/1.1" 304 - "-" "Mozilla/5.0 (compatible; YandexImages/3.0; +http://yandex.com/bots)"
141.8.147.12 - - [25/Aug/2013:13:44:06 +0200] "GET /images/pnvtt1m2.gif HTTP/1.1" 304 - "-" "Mozilla/5.0 (compatible; YandexImages/3.0; +http://yandex.com/bots)"
141.8.147.12 - - [25/Aug/2013:13:46:12 +0200] "GET /images/pnvtt1m4.gif HTTP/1.1" 304 - "-" "Mozilla/5.0 (compatible; YandexImages/3.0; +http://yandex.com/bots)"
141.8.147.12 - - [25/Aug/2013:13:46:14 +0200] "GET /images/psd.gif HTTP/1.1" 304 - "-" "Mozilla/5.0 (compatible; YandexImages/3.0; +http://yandex.com/bots)"
5.10.83.51 - - [25/Aug/2013:14:03:07 +0200] "GET /00000198660c9d618/00000198610cada01/00000198660cc5621.php HTTP/1.1" 200 15941 "-" "Mozilla/5.0 (compatible; AhrefsBot/5.0; +http://ahrefs.com/robot/)"
141.8.147.12 - - [25/Aug/2013:14:25:09 +0200] "GET /images/pnvtst3m1.gif HTTP/1.1" 304 - "-" "Mozilla/5.0 (compatible; YandexImages/3.0; +http://yandex.com/bots)"
141.8.147.12 - - [25/Aug/2013:14:34:50 +0200] "GET /images/mev14046_52.jpg HTTP/1.1" 304 - "-" "Mozilla/5.0 (compatible; YandexImages/3.0; +http://yandex.com/bots)"
141.8.147.12 - - [25/Aug/2013:14:36:32 +0200] "GET /images/pmtsm7.gif HTTP/1.1" 304 - "-" "Mozilla/5.0 (compatible; YandexImages/3.0; +http://yandex.com/bots)"
141.8.147.12 - - [25/Aug/2013:14:39:40 +0200] "GET /images/pcp.gif HTTP/1.1" 304 - "-" "Mozilla/5.0 (compatible; YandexImages/3.0; +http://yandex.com/bots)"
141.8.147.12 - - [25/Aug/2013:14:49:54 +0200] "GET /images/pnvtt2m1.gif HTTP/1.1" 304 - "-" "Mozilla/5.0 (compatible; YandexImages/3.0; +http://yandex.com/bots)"
141.8.147.12 - - [25/Aug/2013:14:50:18 +0200] "GET /images/pnvtt3m1.gif HTTP/1.1" 304 - "-" "Mozilla/5.0 (compatible; YandexImages/3.0; +http://yandex.com/bots)"
141.8.147.12 - - [25/Aug/2013:14:58:09 +0200] "GET /00000198660b9a703/index.php HTTP/1.1" 200 19296 "-" "Mozilla/5.0 (compatible; YandexBot/3.0; +http://yandex.com/bots)"
141.8.147.12 - - [25/Aug/2013:14:58:11 +0200] "GET /000001985b0d93482/00000198660ae2e07/00000198660b24011/index.php HTTP/1.1" 200 20693 "-" "Mozilla/5.0 (compatible; YandexBot/3.0; +http://yandex.com/bots)"
141.8.147.12 - - [25/Aug/2013:14:58:13 +0200] "GET /images/pnvtst2m6.gif HTTP/1.1" 304 - "-" "Mozilla/5.0 (compatible; YandexImages/3.0; +http://yandex.com/bots)"
141.8.147.12 - - [25/Aug/2013:15:07:01 +0200] "GET /images/pnvtt1m5.gif HTTP/1.1" 304 - "-" "Mozilla/5.0 (compatible; YandexImages/3.0; +http://yandex.com/bots)"
141.8.147.12 - - [25/Aug/2013:15:20:00 +0200] "GET /images/pl160.gif HTTP/1.1" 304 - "-" "Mozilla/5.0 (compatible; YandexImages/3.0; +http://yandex.com/bots)"
141.8.147.12 - - [25/Aug/2013:15:20:33 +0200] "GET /images/phomesm0.gif HTTP/1.1" 304 - "-" "Mozilla/5.0 (compatible; YandexImages/3.0; +http://yandex.com/bots)"
141.8.147.12 - - [25/Aug/2013:15:22:56 +0200] "GET /images/pnvtst1m2.gif HTTP/1.1" 304 - "-" "Mozilla/5.0 (compatible; YandexImages/3.0; +http://yandex.com/bots)"
157.56.93.187 - - [25/Aug/2013:15:26:53 +0200] "GET /robots.txt HTTP/1.1" 404 - "-" "Mozilla/5.0 (compatible; bingbot/2.0; +http://www.bing.com/bingbot.htm)"
157.56.93.187 - - [25/Aug/2013:15:28:07 +0200] "GET /00000198660c9d618/00000198610cada01/index.php HTTP/1.1" 200 18171 "-" "Mozilla/5.0 (compatible; bingbot/2.0; +http://www.bing.com/bingbot.htm)"
141.8.147.12 - - [25/Aug/2013:15:31:54 +0200] "GET /images/phnvmtt6.gif HTTP/1.1" 304 - "-" "Mozilla/5.0 (compatible; YandexImages/3.0; +http://yandex.com/bots)"
141.8.147.12 - - [25/Aug/2013:15:34:31 +0200] "GET /images/phnvmtt7.gif HTTP/1.1" 304 - "-" "Mozilla/5.0 (compatible; YandexImages/3.0; +http://yandex.com/bots)"
141.8.147.12 - - [25/Aug/2013:15:53:45 +0200] "GET /images/pmtsm3.gif HTTP/1.1" 304 - "-" "Mozilla/5.0 (compatible; YandexImages/3.0; +http://yandex.com/bots)"
141.8.147.12 - - [25/Aug/2013:16:06:08 +0200] "GET /images/pnvtst1m4.gif HTTP/1.1" 304 - "-" "Mozilla/5.0 (compatible; YandexImages/3.0; +http://yandex.com/bots)"
141.8.147.12 - - [25/Aug/2013:16:06:10 +0200] "GET /images/phnvmtt2.gif HTTP/1.1" 304 - "-" "Mozilla/5.0 (compatible; YandexImages/3.0; +http://yandex.com/bots)"
141.8.147.12 - - [25/Aug/2013:16:09:02 +0200] "GET /images/pmtm1.gif HTTP/1.1" 304 - "-" "Mozilla/5.0 (compatible; YandexImages/3.0; +http://yandex.com/bots)"
141.8.147.12 - - [25/Aug/2013:16:10:16 +0200] "GET /images/pnvtt4m2.gif HTTP/1.1" 304 - "-" "Mozilla/5.0 (compatible; YandexImages/3.0; +http://yandex.com/bots)"
134.3.237.7 - - [25/Aug/2013:16:13:41 +0200] "GET / HTTP/1.1" 200 24292 "-" "Mozilla/5.0 (compatible; MSIE 10.0; Windows NT 6.2; WOW64; Trident/6.0; MAARJS)"
134.3.237.7 - - [25/Aug/2013:16:13:42 +0200] "GET /assets/s.css HTTP/1.1" 200 3386 "http://www.ksbb.de/" "Mozilla/5.0 (compatible; MSIE 10.0; Windows NT 6.2; WOW64; Trident/6.0; MAARJS)"
134.3.237.7 - - [25/Aug/2013:16:13:42 +0200] "GET /assets/ssb.css HTTP/1.1" 200 657 "http://www.ksbb.de/" "Mozilla/5.0 (compatible; MSIE 10.0; Windows NT 6.2; WOW64; Trident/6.0; MAARJS)"
134.3.237.7 - - [25/Aug/2013:16:13:42 +0200] "GET /images/pbg.gif HTTP/1.1" 200 52 "http://www.ksbb.de/" "Mozilla/5.0 (compatible; MSIE 10.0; Windows NT 6.2; WOW64; Trident/6.0; MAARJS)"
134.3.237.7 - - [25/Aug/2013:16:13:42 +0200] "GET /images/pltp.gif HTTP/1.1" 200 160 "http://www.ksbb.de/" "Mozilla/5.0 (compatible; MSIE 10.0; Windows NT 6.2; WOW64; Trident/6.0; MAARJS)"
134.3.237.7 - - [25/Aug/2013:16:13:42 +0200] "GET /images/pcp.gif HTTP/1.1" 200 43 "http://www.ksbb.de/" "Mozilla/5.0 (compatible; MSIE 10.0; Windows NT 6.2; WOW64; Trident/6.0; MAARJS)"
134.3.237.7 - - [25/Aug/2013:16:13:42 +0200] "GET /images/phomesm0.gif HTTP/1.1" 200 2239 "http://www.ksbb.de/" "Mozilla/5.0 (compatible; MSIE 10.0; Windows NT 6.2; WOW64; Trident/6.0; MAARJS)"
134.3.237.7 - - [25/Aug/2013:16:13:42 +0200] "GET /images/plms.gif HTTP/1.1" 200 68 "http://www.ksbb.de/" "Mozilla/5.0 (compatible; MSIE 10.0; Windows NT 6.2; WOW64; Trident/6.0; MAARJS)"
134.3.237.7 - - [25/Aug/2013:16:13:42 +0200] "GET /images/pmtm1.gif HTTP/1.1" 200 1155 "http://www.ksbb.de/" "Mozilla/5.0 (compatible; MSIE 10.0; Windows NT 6.2; WOW64; Trident/6.0; MAARJS)"
134.3.237.7 - - [25/Aug/2013:16:13:42 +0200] "GET /images/pmtm2.gif HTTP/1.1" 200 628 "http://www.ksbb.de/" "Mozilla/5.0 (compatible; MSIE 10.0; Windows NT 6.2; WOW64; Trident/6.0; MAARJS)"
134.3.237.7 - - [25/Aug/2013:16:13:42 +0200] "GET /images/pmtm3.gif HTTP/1.1" 200 2032 "http://www.ksbb.de/" "Mozilla/5.0 (compatible; MSIE 10.0; Windows NT 6.2; WOW64; Trident/6.0; MAARJS)"
134.3.237.7 - - [25/Aug/2013:16:13:42 +0200] "GET /images/pmtm4.gif HTTP/1.1" 200 2316 "http://www.ksbb.de/" "Mozilla/5.0 (compatible; MSIE 10.0; Windows NT 6.2; WOW64; Trident/6.0; MAARJS)"
134.3.237.7 - - [25/Aug/2013:16:13:42 +0200] "GET /images/pmtm5.gif HTTP/1.1" 200 2185 "http://www.ksbb.de/" "Mozilla/5.0 (compatible; MSIE 10.0; Windows NT 6.2; WOW64; Trident/6.0; MAARJS)"
134.3.237.7 - - [25/Aug/2013:16:13:42 +0200] "GET /images/pmtm6.gif HTTP/1.1" 200 628 "http://www.ksbb.de/" "Mozilla/5.0 (compatible; MSIE 10.0; Windows NT 6.2; WOW64; Trident/6.0; MAARJS)"
134.3.237.7 - - [25/Aug/2013:16:13:42 +0200] "GET /images/pl160.gif HTTP/1.1" 200 70 "http://www.ksbb.de/" "Mozilla/5.0 (compatible; MSIE 10.0; Windows NT 6.2; WOW64; Trident/6.0; MAARJS)"
134.3.237.7 - - [25/Aug/2013:16:13:42 +0200] "GET /images/pmtm7.gif HTTP/1.1" 200 1174 "http://www.ksbb.de/" "Mozilla/5.0 (compatible; MSIE 10.0; Windows NT 6.2; WOW64; Trident/6.0; MAARJS)"
134.3.237.7 - - [25/Aug/2013:16:13:42 +0200] "GET /images/pcmpc1.gif HTTP/1.1" 200 1155 "http://www.ksbb.de/" "Mozilla/5.0 (compatible; MSIE 10.0; Windows NT 6.2; WOW64; Trident/6.0; MAARJS)"
134.3.237.7 - - [25/Aug/2013:16:13:42 +0200] "GET /images/plogo.gif HTTP/1.1" 200 18153 "http://www.ksbb.de/" "Mozilla/5.0 (compatible; MSIE 10.0; Windows NT 6.2; WOW64; Trident/6.0; MAARJS)"
134.3.237.7 - - [25/Aug/2013:16:13:42 +0200] "GET /images/plmb.gif HTTP/1.1" 200 166 "http://www.ksbb.de/" "Mozilla/5.0 (compatible; MSIE 10.0; Windows NT 6.2; WOW64; Trident/6.0; MAARJS)"
134.3.237.7 - - [25/Aug/2013:16:13:42 +0200] "GET /images/plma.gif HTTP/1.1" 200 164 "http://www.ksbb.de/" "Mozilla/5.0 (compatible; MSIE 10.0; Windows NT 6.2; WOW64; Trident/6.0; MAARJS)"
134.3.237.7 - - [25/Aug/2013:16:13:42 +0200] "GET /images/pcmpc2.gif HTTP/1.1" 200 1240 "http://www.ksbb.de/" "Mozilla/5.0 (compatible; MSIE 10.0; Windows NT 6.2; WOW64; Trident/6.0; MAARJS)"
134.3.237.7 - - [25/Aug/2013:16:13:42 +0200] "GET /images/pd.gif HTTP/1.1" 200 111 "http://www.ksbb.de/" "Mozilla/5.0 (compatible; MSIE 10.0; Windows NT 6.2; WOW64; Trident/6.0; MAARJS)"
134.3.237.7 - - [25/Aug/2013:16:13:42 +0200] "GET /images/phnvmtt2.gif HTTP/1.1" 200 1637 "http://www.ksbb.de/" "Mozilla/5.0 (compatible; MSIE 10.0; Windows NT 6.2; WOW64; Trident/6.0; MAARJS)"
134.3.237.7 - - [25/Aug/2013:16:13:42 +0200] "GET /images/pcmphc2.gif HTTP/1.1" 200 2299 "http://www.ksbb.de/" "Mozilla/5.0 (compatible; MSIE 10.0; Windows NT 6.2; WOW64; Trident/6.0; MAARJS)"
134.3.237.7 - - [25/Aug/2013:16:13:42 +0200] "GET /images/phnvmtt3.gif HTTP/1.1" 200 2611 "http://www.ksbb.de/" "Mozilla/5.0 (compatible; MSIE 10.0; Windows NT 6.2; WOW64; Trident/6.0; MAARJS)"
134.3.237.7 - - [25/Aug/2013:16:13:42 +0200] "GET /images/phnvmtht1.gif HTTP/1.1" 200 2613 "http://www.ksbb.de/" "Mozilla/5.0 (compatible; MSIE 10.0; Windows NT 6.2; WOW64; Trident/6.0; MAARJS)"
134.3.237.7 - - [25/Aug/2013:16:13:42 +0200] "GET /images/phnvmtt4.gif HTTP/1.1" 200 2685 "http://www.ksbb.de/" "Mozilla/5.0 (compatible; MSIE 10.0; Windows NT 6.2; WOW64; Trident/6.0; MAARJS)"
134.3.237.7 - - [25/Aug/2013:16:13:42 +0200] "GET /images/phnvmtht2.gif HTTP/1.1" 200 1696 "http://www.ksbb.de/" "Mozilla/5.0 (compatible; MSIE 10.0; Windows NT 6.2; WOW64; Trident/6.0; MAARJS)"
134.3.237.7 - - [25/Aug/2013:16:13:42 +0200] "GET /images/phnvmtt5.gif HTTP/1.1" 200 2563 "http://www.ksbb.de/" "Mozilla/5.0 (compatible; MSIE 10.0; Windows NT 6.2; WOW64; Trident/6.0; MAARJS)"
134.3.237.7 - - [25/Aug/2013:16:13:42 +0200] "GET /images/phnvmtht3.gif HTTP/1.1" 200 2679 "http://www.ksbb.de/" "Mozilla/5.0 (compatible; MSIE 10.0; Windows NT 6.2; WOW64; Trident/6.0; MAARJS)"
134.3.237.7 - - [25/Aug/2013:16:13:42 +0200] "GET /images/phnvmtht4.gif HTTP/1.1" 200 2627 "http://www.ksbb.de/" "Mozilla/5.0 (compatible; MSIE 10.0; Windows NT 6.2; WOW64; Trident/6.0; MAARJS)"
134.3.237.7 - - [25/Aug/2013:16:13:42 +0200] "GET /images/phnvmtht5.gif HTTP/1.1" 200 2500 "http://www.ksbb.de/" "Mozilla/5.0 (compatible; MSIE 10.0; Windows NT 6.2; WOW64; Trident/6.0; MAARJS)"
134.3.237.7 - - [25/Aug/2013:16:13:42 +0200] "GET /images/pbx.gif HTTP/1.1" 200 99 "http://www.ksbb.de/" "Mozilla/5.0 (compatible; MSIE 10.0; Windows NT 6.2; WOW64; Trident/6.0; MAARJS)"
134.3.237.7 - - [25/Aug/2013:16:13:42 +0200] "GET /images/phnvmtt7.gif HTTP/1.1" 200 2552 "http://www.ksbb.de/" "Mozilla/5.0 (compatible; MSIE 10.0; Windows NT 6.2; WOW64; Trident/6.0; MAARJS)"
134.3.237.7 - - [25/Aug/2013:16:13:42 +0200] "GET /images/phnvmtt6.gif HTTP/1.1" 200 1637 "http://www.ksbb.de/" "Mozilla/5.0 (compatible; MSIE 10.0; Windows NT 6.2; WOW64; Trident/6.0; MAARJS)"
134.3.237.7 - - [25/Aug/2013:16:13:42 +0200] "GET /images/phnvmtht6.gif HTTP/1.1" 200 1696 "http://www.ksbb.de/" "Mozilla/5.0 (compatible; MSIE 10.0; Windows NT 6.2; WOW64; Trident/6.0; MAARJS)"
134.3.237.7 - - [25/Aug/2013:16:13:42 +0200] "GET /images/phnvmtt1.gif HTTP/1.1" 200 2551 "http://www.ksbb.de/" "Mozilla/5.0 (compatible; MSIE 10.0; Windows NT 6.2; WOW64; Trident/6.0; MAARJS)"
134.3.237.7 - - [25/Aug/2013:16:13:42 +0200] "GET /images/pcmphc1.gif HTTP/1.1" 200 2164 "http://www.ksbb.de/" "Mozilla/5.0 (compatible; MSIE 10.0; Windows NT 6.2; WOW64; Trident/6.0; MAARJS)"
134.3.237.7 - - [25/Aug/2013:16:13:42 +0200] "GET /images/plnkn.gif HTTP/1.1" 200 95 "http://www.ksbb.de/" "Mozilla/5.0 (compatible; MSIE 10.0; Windows NT 6.2; WOW64; Trident/6.0; MAARJS)"
134.3.237.7 - - [25/Aug/2013:16:13:42 +0200] "GET /images/mev23003_72.jpg HTTP/1.1" 200 2106 "http://www.ksbb.de/" "Mozilla/5.0 (compatible; MSIE 10.0; Windows NT 6.2; WOW64; Trident/6.0; MAARJS)"
134.3.237.7 - - [25/Aug/2013:16:13:42 +0200] "GET /images/phnvmtht7.gif HTTP/1.1" 200 2615 "http://www.ksbb.de/" "Mozilla/5.0 (compatible; MSIE 10.0; Windows NT 6.2; WOW64; Trident/6.0; MAARJS)"
134.3.237.7 - - [25/Aug/2013:16:13:42 +0200] "GET /images/mev14046_72.jpg HTTP/1.1" 200 1662 "http://www.ksbb.de/" "Mozilla/5.0 (compatible; MSIE 10.0; Windows NT 6.2; WOW64; Trident/6.0; MAARJS)"
134.3.237.7 - - [25/Aug/2013:16:13:42 +0200] "GET /images/pmthm1.gif HTTP/1.1" 200 2169 "http://www.ksbb.de/" "Mozilla/5.0 (compatible; MSIE 10.0; Windows NT 6.2; WOW64; Trident/6.0; MAARJS)"
134.3.237.7 - - [25/Aug/2013:16:13:42 +0200] "GET /images/pmthm2.gif HTTP/1.1" 200 1209 "http://www.ksbb.de/" "Mozilla/5.0 (compatible; MSIE 10.0; Windows NT 6.2; WOW64; Trident/6.0; MAARJS)"
134.3.237.7 - - [25/Aug/2013:16:13:42 +0200] "GET /images/55275_72.jpg HTTP/1.1" 200 2381 "http://www.ksbb.de/" "Mozilla/5.0 (compatible; MSIE 10.0; Windows NT 6.2; WOW64; Trident/6.0; MAARJS)"
134.3.237.7 - - [25/Aug/2013:16:13:42 +0200] "GET /images/pmthm3.gif HTTP/1.1" 200 2275 "http://www.ksbb.de/" "Mozilla/5.0 (compatible; MSIE 10.0; Windows NT 6.2; WOW64; Trident/6.0; MAARJS)"
134.3.237.7 - - [25/Aug/2013:16:13:42 +0200] "GET /images/plmc.gif HTTP/1.1" 200 166 "http://www.ksbb.de/" "Mozilla/5.0 (compatible; MSIE 10.0; Windows NT 6.2; WOW64; Trident/6.0; MAARJS)"
134.3.237.7 - - [25/Aug/2013:16:13:42 +0200] "GET /images/pmthm4.gif HTTP/1.1" 200 2518 "http://www.ksbb.de/" "Mozilla/5.0 (compatible; MSIE 10.0; Windows NT 6.2; WOW64; Trident/6.0; MAARJS)"
134.3.237.7 - - [25/Aug/2013:16:13:42 +0200] "GET /images/pmthm5.gif HTTP/1.1" 200 2381 "http://www.ksbb.de/" "Mozilla/5.0 (compatible; MSIE 10.0; Windows NT 6.2; WOW64; Trident/6.0; MAARJS)"
134.3.237.7 - - [25/Aug/2013:16:13:42 +0200] "GET /images/plbt.gif HTTP/1.1" 200 161 "http://www.ksbb.de/" "Mozilla/5.0 (compatible; MSIE 10.0; Windows NT 6.2; WOW64; Trident/6.0; MAARJS)"
134.3.237.7 - - [25/Aug/2013:16:13:42 +0200] "GET /images/pmthm6.gif HTTP/1.1" 200 1209 "http://www.ksbb.de/" "Mozilla/5.0 (compatible; MSIE 10.0; Windows NT 6.2; WOW64; Trident/6.0; MAARJS)"
134.3.237.7 - - [25/Aug/2013:16:13:42 +0200] "GET /images/ulslogosbp_sbp.jpg HTTP/1.1" 200 1896 "http://www.ksbb.de/" "Mozilla/5.0 (compatible; MSIE 10.0; Windows NT 6.2; WOW64; Trident/6.0; MAARJS)"
134.3.237.7 - - [25/Aug/2013:16:13:42 +0200] "GET /images/ksbb1_sbp.jpg HTTP/1.1" 200 3871 "http://www.ksbb.de/" "Mozilla/5.0 (compatible; MSIE 10.0; Windows NT 6.2; WOW64; Trident/6.0; MAARJS)"
134.3.237.7 - - [25/Aug/2013:16:13:42 +0200] "GET /images/iso9001_sbp.jpg HTTP/1.1" 200 4462 "http://www.ksbb.de/" "Mozilla/5.0 (compatible; MSIE 10.0; Windows NT 6.2; WOW64; Trident/6.0; MAARJS)"
134.3.237.7 - - [25/Aug/2013:16:13:42 +0200] "GET /images/pmthm7.gif HTTP/1.1" 200 2195 "http://www.ksbb.de/" "Mozilla/5.0 (compatible; MSIE 10.0; Windows NT 6.2; WOW64; Trident/6.0; MAARJS)"
134.3.237.7 - - [25/Aug/2013:16:13:42 +0200] "GET /images/logoprofex_sbp.gif HTTP/1.1" 200 3524 "http://www.ksbb.de/" "Mozilla/5.0 (compatible; MSIE 10.0; Windows NT 6.2; WOW64; Trident/6.0; MAARJS)"
134.3.237.7 - - [25/Aug/2013:16:13:42 +0200] "GET /images/pbg.gif HTTP/1.1" 200 52 "http://www.ksbb.de/" "Mozilla/5.0 (compatible; MSIE 10.0; Windows NT 6.2; WOW64; Trident/6.0; MAARJS)"
134.3.237.7 - - [25/Aug/2013:16:13:42 +0200] "GET /images/psd.gif HTTP/1.1" 200 111 "http://www.ksbb.de/" "Mozilla/5.0 (compatible; MSIE 10.0; Windows NT 6.2; WOW64; Trident/6.0; MAARJS)"
134.3.237.7 - - [25/Aug/2013:16:13:42 +0200] "GET /images/plvt.gif HTTP/1.1" 200 53 "http://www.ksbb.de/" "Mozilla/5.0 (compatible; MSIE 10.0; Windows NT 6.2; WOW64; Trident/6.0; MAARJS)"
134.3.237.7 - - [25/Aug/2013:16:13:43 +0200] "GET /favicon.ico HTTP/1.1" 404 - "-" "Mozilla/5.0 (compatible; MSIE 10.0; Windows NT 6.2; Win64; x64; Trident/6.0; MAARJS)"
141.8.147.12 - - [25/Aug/2013:16:17:19 +0200] "GET /images/pnvtt2m5.gif HTTP/1.1" 304 - "-" "Mozilla/5.0 (compatible; YandexImages/3.0; +http://yandex.com/bots)"
66.249.78.44 - - [25/Aug/2013:16:20:40 +0200] "GET /robots.txt HTTP/1.1" 404 - "-" "Mozilla/5.0 (compatible; Googlebot/2.1; +http://www.google.com/bot.html)"
66.249.78.44 - - [25/Aug/2013:16:20:40 +0200] "GET /00000198660c9d618/index.php HTTP/1.1" 200 15367 "-" "Mozilla/5.0 (compatible; Googlebot/2.1; +http://www.google.com/bot.html)"
141.8.147.12 - - [25/Aug/2013:16:22:59 +0200] "GET /images/pd.gif HTTP/1.1" 304 - "-" "Mozilla/5.0 (compatible; YandexImages/3.0; +http://yandex.com/bots)"
141.8.147.12 - - [25/Aug/2013:16:30:51 +0200] "GET /images/pmtm4.gif HTTP/1.1" 304 - "-" "Mozilla/5.0 (compatible; YandexImages/3.0; +http://yandex.com/bots)"
141.8.147.12 - - [25/Aug/2013:16:34:13 +0200] "GET /images/pmtsm6.gif HTTP/1.1" 304 - "-" "Mozilla/5.0 (compatible; YandexImages/3.0; +http://yandex.com/bots)"
141.8.147.12 - - [25/Aug/2013:16:42:23 +0200] "GET /images/pmtsm5.gif HTTP/1.1" 304 - "-" "Mozilla/5.0 (compatible; YandexImages/3.0; +http://yandex.com/bots)"
141.8.147.12 - - [25/Aug/2013:16:47:25 +0200] "GET /images/pcmpc1.gif HTTP/1.1" 304 - "-" "Mozilla/5.0 (compatible; YandexImages/3.0; +http://yandex.com/bots)"
66.249.78.44 - - [25/Aug/2013:16:47:27 +0200] "GET /000001985b0d93482/000001985b0fc8f0b/index.php HTTP/1.1" 200 15396 "-" "Mozilla/5.0 (iPhone; U; CPU iPhone OS 4_1 like Mac OS X; en-us) AppleWebKit/532.9 (KHTML, like Gecko) Version/4.0.5 Mobile/8B117 Safari/6531.22.7 (compatible; Googlebot-Mobile/2.1; +http://www.google.com/bot.html)"
141.8.147.12 - - [25/Aug/2013:16:52:25 +0200] "GET /images/pnvtst1m6.gif HTTP/1.1" 304 - "-" "Mozilla/5.0 (compatible; YandexImages/3.0; +http://yandex.com/bots)"
141.8.147.12 - - [25/Aug/2013:17:03:26 +0200] "GET /images/pmtsm2.gif HTTP/1.1" 304 - "-" "Mozilla/5.0 (compatible; YandexImages/3.0; +http://yandex.com/bots)"
141.8.147.12 - - [25/Aug/2013:17:06:01 +0200] "GET /images/phnvmtt4.gif HTTP/1.1" 304 - "-" "Mozilla/5.0 (compatible; YandexImages/3.0; +http://yandex.com/bots)"
141.8.147.12 - - [25/Aug/2013:17:16:05 +0200] "GET /images/phnvmtt1.gif HTTP/1.1" 304 - "-" "Mozilla/5.0 (compatible; YandexImages/3.0; +http://yandex.com/bots)"
141.8.147.12 - - [25/Aug/2013:17:19:17 +0200] "GET /images/pmtm2.gif HTTP/1.1" 304 - "-" "Mozilla/5.0 (compatible; YandexImages/3.0; +http://yandex.com/bots)"
66.249.78.44 - - [25/Aug/2013:17:22:31 +0200] "GET /000001985b0ce1e49/00000198610d8af28/index.php HTTP/1.1" 200 15788 "-" "Mozilla/5.0 (compatible; Googlebot/2.1; +http://www.google.com/bot.html)"
5.10.83.51 - - [25/Aug/2013:17:30:30 +0200] "GET /images/ss38095.jpg HTTP/1.1" 200 83298 "-" "Mozilla/5.0 (compatible; AhrefsBot/5.0; +http://ahrefs.com/robot/)"
5.10.83.51 - - [25/Aug/2013:17:54:36 +0200] "GET /images/30288.jpg HTTP/1.1" 200 184160 "-" "Mozilla/5.0 (compatible; AhrefsBot/5.0; +http://ahrefs.com/robot/)"
141.8.147.12 - - [25/Aug/2013:18:06:52 +0200] "GET /images/pbk.gif HTTP/1.1" 304 - "-" "Mozilla/5.0 (compatible; YandexImages/3.0; +http://yandex.com/bots)"
141.8.147.12 - - [25/Aug/2013:18:07:32 +0200] "GET /images/plnkn.gif HTTP/1.1" 304 - "-" "Mozilla/5.0 (compatible; YandexImages/3.0; +http://yandex.com/bots)"
141.8.147.12 - - [25/Aug/2013:18:22:20 +0200] "GET /images/pnvtt2m6.gif HTTP/1.1" 304 - "-" "Mozilla/5.0 (compatible; YandexImages/3.0; +http://yandex.com/bots)"
141.8.147.12 - - [25/Aug/2013:18:26:09 +0200] "GET /images/pnvtst4m2.gif HTTP/1.1" 304 - "-" "Mozilla/5.0 (compatible; YandexImages/3.0; +http://yandex.com/bots)"
66.249.75.72 - - [25/Aug/2013:18:39:50 +0200] "GET /000001985b0d93482/index.php HTTP/1.1" 200 15598 "-" "Mozilla/5.0 (compatible; Googlebot/2.1; +http://www.google.com/bot.html)"
141.8.147.12 - - [25/Aug/2013:18:52:11 +0200] "GET /images/pnvtt1m6.gif HTTP/1.1" 304 - "-" "Mozilla/5.0 (compatible; YandexImages/3.0; +http://yandex.com/bots)"
141.8.147.12 - - [25/Aug/2013:18:53:11 +0200] "GET /images/pnvtt2m2.gif HTTP/1.1" 304 - "-" "Mozilla/5.0 (compatible; YandexImages/3.0; +http://yandex.com/bots)"
66.249.78.44 - - [25/Aug/2013:19:04:58 +0200] "GET /assets/s.css HTTP/1.1" 200 3386 "-" "Mozilla/5.0 (compatible; Googlebot/2.1; +http://www.google.com/bot.html)"
66.249.78.44 - - [25/Aug/2013:19:04:59 +0200] "GET /assets/ssb.css HTTP/1.1" 200 657 "-" "Mozilla/5.0 (compatible; Googlebot/2.1; +http://www.google.com/bot.html)"
5.10.83.51 - - [25/Aug/2013:19:05:40 +0200] "GET / HTTP/1.1" 200 24292 "-" "Mozilla/5.0 (compatible; AhrefsBot/5.0; +http://ahrefs.com/robot/)"
5.10.83.51 - - [25/Aug/2013:19:33:31 +0200] "GET /images/52298.jpg HTTP/1.1" 200 48388 "-" "Mozilla/5.0 (compatible; AhrefsBot/5.0; +http://ahrefs.com/robot/)"
66.249.75.72 - - [25/Aug/2013:19:37:17 +0200] "GET /000001985b0e5e29a/000001985e0778004/index.php HTTP/1.1" 200 17374 "-" "Mozilla/5.0 (compatible; Googlebot/2.1; +http://www.google.com/bot.html)"
141.8.147.12 - - [25/Aug/2013:19:47:29 +0200] "GET /images/psd.gif HTTP/1.1" 304 - "-" "Mozilla/5.0 (compatible; YandexImages/3.0; +http://yandex.com/bots)"
141.8.147.12 - - [25/Aug/2013:19:48:43 +0200] "GET /images/pbx.gif HTTP/1.1" 304 - "-" "Mozilla/5.0 (compatible; YandexImages/3.0; +http://yandex.com/bots)"
141.8.147.12 - - [25/Aug/2013:19:58:12 +0200] "GET /images/pmtsm3.gif HTTP/1.1" 304 - "-" "Mozilla/5.0 (compatible; YandexImages/3.0; +http://yandex.com/bots)"
141.8.147.12 - - [25/Aug/2013:20:00:46 +0200] "GET /images/pbk.gif HTTP/1.1" 304 - "-" "Mozilla/5.0 (compatible; YandexImages/3.0; +http://yandex.com/bots)"
141.8.147.12 - - [25/Aug/2013:20:01:39 +0200] "GET /images/pmtsm6.gif HTTP/1.1" 304 - "-" "Mozilla/5.0 (compatible; YandexImages/3.0; +http://yandex.com/bots)"
5.10.83.51 - - [25/Aug/2013:20:07:30 +0200] "GET /images/35029.jpg HTTP/1.1" 200 56734 "-" "Mozilla/5.0 (compatible; AhrefsBot/5.0; +http://ahrefs.com/robot/)"
141.8.147.12 - - [25/Aug/2013:20:07:43 +0200] "GET /images/pnvtt1m4.gif HTTP/1.1" 304 - "-" "Mozilla/5.0 (compatible; YandexImages/3.0; +http://yandex.com/bots)"
66.249.78.44 - - [25/Aug/2013:20:12:51 +0200] "GET /00000198660c9d618/00000198660cdce24/index.php HTTP/1.1" 200 17970 "-" "Mozilla/5.0 (compatible; Googlebot/2.1; +http://www.google.com/bot.html)"
141.8.147.12 - - [25/Aug/2013:20:14:04 +0200] "GET /images/phnvmtt1.gif HTTP/1.1" 304 - "-" "Mozilla/5.0 (compatible; YandexImages/3.0; +http://yandex.com/bots)"
66.249.78.44 - - [25/Aug/2013:20:21:44 +0200] "GET /000001985b0d93482/00000198660ae2e07/index.php HTTP/1.1" 200 17572 "-" "Mozilla/5.0 (compatible; Googlebot/2.1; +http://www.google.com/bot.html)"
141.8.147.12 - - [25/Aug/2013:20:27:38 +0200] "GET /images/pcp.gif HTTP/1.1" 304 - "-" "Mozilla/5.0 (compatible; YandexImages/3.0; +http://yandex.com/bots)"
141.8.147.12 - - [25/Aug/2013:20:29:38 +0200] "GET /images/plnkn.gif HTTP/1.1" 304 - "-" "Mozilla/5.0 (compatible; YandexImages/3.0; +http://yandex.com/bots)"
141.8.147.12 - - [25/Aug/2013:20:35:11 +0200] "GET /images/phnvmtt3.gif HTTP/1.1" 304 - "-" "Mozilla/5.0 (compatible; YandexImages/3.0; +http://yandex.com/bots)"
141.8.147.12 - - [25/Aug/2013:20:50:39 +0200] "GET /images/pnvtst4m2.gif HTTP/1.1" 304 - "-" "Mozilla/5.0 (compatible; YandexImages/3.0; +http://yandex.com/bots)"
141.8.147.12 - - [25/Aug/2013:20:53:29 +0200] "GET /images/pbul.gif HTTP/1.1" 304 - "-" "Mozilla/5.0 (compatible; YandexImages/3.0; +http://yandex.com/bots)"
5.10.83.51 - - [25/Aug/2013:20:53:34 +0200] "GET /000001985b0d93482/000001985c0868401/index.php HTTP/1.1" 200 20300 "-" "Mozilla/5.0 (compatible; AhrefsBot/5.0; +http://ahrefs.com/robot/)"
5.10.83.51 - - [25/Aug/2013:20:53:39 +0200] "GET /000001985b0e5e29a/000001985f0d8f113/index.php HTTP/1.1" 200 20348 "-" "Mozilla/5.0 (compatible; AhrefsBot/5.0; +http://ahrefs.com/robot/)"
141.8.147.12 - - [25/Aug/2013:20:56:53 +0200] "GET /images/pnvtt2m5.gif HTTP/1.1" 304 - "-" "Mozilla/5.0 (compatible; YandexImages/3.0; +http://yandex.com/bots)"
141.8.147.12 - - [25/Aug/2013:21:08:42 +0200] "GET /robots.txt HTTP/1.1" 404 - "-" "Mozilla/5.0 (compatible; YandexBot/3.0; +http://yandex.com/bots)"
141.8.147.12 - - [25/Aug/2013:21:08:44 +0200] "GET /images/pnvtt3m1.gif HTTP/1.1" 304 - "-" "Mozilla/5.0 (compatible; YandexImages/3.0; +http://yandex.com/bots)"
141.8.147.12 - - [25/Aug/2013:21:14:02 +0200] "GET /00000398730fce012.php HTTP/1.1" 200 22678 "-" "Mozilla/5.0 (compatible; YandexBot/3.0; +http://yandex.com/bots)"
141.8.147.12 - - [25/Aug/2013:21:14:04 +0200] "GET /000001985b0ce1e49/00000198610d8af28/index.php HTTP/1.1" 200 15788 "-" "Mozilla/5.0 (compatible; YandexBot/3.0; +http://yandex.com/bots)"
141.8.147.12 - - [25/Aug/2013:21:14:06 +0200] "GET /images/pmtsm5.gif HTTP/1.1" 304 - "-" "Mozilla/5.0 (compatible; YandexImages/3.0; +http://yandex.com/bots)"
141.8.147.12 - - [25/Aug/2013:21:26:02 +0200] "GET /00000198660c9d618/00000198610cada01/00000198660cb3c1b.php HTTP/1.1" 200 15917 "-" "Mozilla/5.0 (compatible; YandexBot/3.0; +http://yandex.com/bots)"
141.8.147.12 - - [25/Aug/2013:21:26:05 +0200] "GET /images/pmtsm7.gif HTTP/1.1" 304 - "-" "Mozilla/5.0 (compatible; YandexImages/3.0; +http://yandex.com/bots)"
5.10.83.51 - - [25/Aug/2013:21:34:14 +0200] "GET /000001985b0e5e29a/000001985f0d1bf04/index.php HTTP/1.1" 200 17309 "-" "Mozilla/5.0 (compatible; AhrefsBot/5.0; +http://ahrefs.com/robot/)"
66.249.78.44 - - [25/Aug/2013:21:36:00 +0200] "GET /000001985b0e5e29a/000001985f0d1bf04/index.php HTTP/1.1" 200 17309 "-" "Mozilla/5.0 (compatible; Googlebot/2.1; +http://www.google.com/bot.html)"
141.8.147.12 - - [25/Aug/2013:21:40:33 +0200] "GET /images/pcmpc1.gif HTTP/1.1" 304 - "-" "Mozilla/5.0 (compatible; YandexImages/3.0; +http://yandex.com/bots)"
141.8.147.12 - - [25/Aug/2013:22:25:10 +0200] "GET /images/pmtsm1.gif HTTP/1.1" 304 - "-" "Mozilla/5.0 (compatible; YandexImages/3.0; +http://yandex.com/bots)"
66.249.78.44 - - [25/Aug/2013:22:30:37 +0200] "GET /000001985b0d93482/000001985b0da2285/index.php HTTP/1.1" 200 16416 "-" "Mozilla/5.0 (compatible; Googlebot/2.1; +http://www.google.com/bot.html)"
5.10.83.51 - - [25/Aug/2013:22:32:49 +0200] "GET /000001985b0e5e29a/index.php HTTP/1.1" 200 16914 "-" "Mozilla/5.0 (compatible; AhrefsBot/5.0; +http://ahrefs.com/robot/)"
141.8.147.12 - - [25/Aug/2013:22:34:25 +0200] "GET /images/plmc.gif HTTP/1.1" 304 - "-" "Mozilla/5.0 (compatible; YandexImages/3.0; +http://yandex.com/bots)"
66.249.78.44 - - [25/Aug/2013:22:42:45 +0200] "GET /000001985b0e5e29a/index.php HTTP/1.1" 200 16914 "-" "Mozilla/5.0 (compatible; Googlebot/2.1; +http://www.google.com/bot.html)"
66.249.78.44 - - [25/Aug/2013:22:49:21 +0200] "GET /images/pmtsm3.gif HTTP/1.1" 304 - "-" "Googlebot-Image/1.0"
141.8.147.12 - - [25/Aug/2013:23:02:55 +0200] "GET /images/pnvtt2m6.gif HTTP/1.1" 304 - "-" "Mozilla/5.0 (compatible; YandexImages/3.0; +http://yandex.com/bots)"
141.8.147.12 - - [25/Aug/2013:23:11:04 +0200] "GET /images/pmr.gif HTTP/1.1" 304 - "-" "Mozilla/5.0 (compatible; YandexImages/3.0; +http://yandex.com/bots)"
141.8.147.12 - - [25/Aug/2013:23:15:57 +0200] "GET /images/pnvtt1m2.gif HTTP/1.1" 304 - "-" "Mozilla/5.0 (compatible; YandexImages/3.0; +http://yandex.com/bots)"
141.8.147.12 - - [25/Aug/2013:23:20:25 +0200] "GET /images/phnvmtt6.gif HTTP/1.1" 304 - "-" "Mozilla/5.0 (compatible; YandexImages/3.0; +http://yandex.com/bots)"
141.8.147.12 - - [25/Aug/2013:23:20:55 +0200] "GET /images/mev14046_52.jpg HTTP/1.1" 304 - "-" "Mozilla/5.0 (compatible; YandexImages/3.0; +http://yandex.com/bots)"
141.8.147.12 - - [25/Aug/2013:23:29:14 +0200] "GET /images/pnvtst1m5.gif HTTP/1.1" 304 - "-" "Mozilla/5.0 (compatible; YandexImages/3.0; +http://yandex.com/bots)"
157.55.36.50 - - [25/Aug/2013:23:36:25 +0200] "GET /robots.txt HTTP/1.1" 404 - "-" "Mozilla/5.0 (compatible; bingbot/2.0; +http://www.bing.com/bingbot.htm)"
157.55.36.50 - - [25/Aug/2013:23:36:52 +0200] "GET /000001985b0d93482/index.php HTTP/1.1" 200 15598 "-" "Mozilla/5.0 (compatible; bingbot/2.0; +http://www.bing.com/bingbot.htm)"
141.8.147.12 - - [25/Aug/2013:23:40:36 +0200] "GET /images/pnvtt4m2.gif HTTP/1.1" 304 - "-" "Mozilla/5.0 (compatible; YandexImages/3.0; +http://yandex.com/bots)"
141.8.147.12 - - [25/Aug/2013:23:42:14 +0200] "GET /images/pnvtst1m1.gif HTTP/1.1" 304 - "-" "Mozilla/5.0 (compatible; YandexImages/3.0; +http://yandex.com/bots)"
141.8.147.12 - - [25/Aug/2013:23:42:44 +0200] "GET /images/pmtsm2.gif HTTP/1.1" 304 - "-" "Mozilla/5.0 (compatible; YandexImages/3.0; +http://yandex.com/bots)"
141.8.147.12 - - [26/Aug/2013:00:07:07 +0200] "GET /images/pnvtt2m1.gif HTTP/1.1" 304 - "-" "Mozilla/5.0 (compatible; YandexImages/3.0; +http://yandex.com/bots)"
141.8.147.12 - - [26/Aug/2013:00:08:22 +0200] "GET /images/pmtm2.gif HTTP/1.1" 304 - "-" "Mozilla/5.0 (compatible; YandexImages/3.0; +http://yandex.com/bots)"
157.55.32.152 - - [26/Aug/2013:00:16:14 +0200] "GET / HTTP/1.1" 200 24292 "-" "Mozilla/5.0 (compatible; bingbot/2.0; +http://www.bing.com/bingbot.htm)"
141.8.147.12 - - [26/Aug/2013:00:23:24 +0200] "GET /images/pnvtt1m1.gif HTTP/1.1" 304 - "-" "Mozilla/5.0 (compatible; YandexImages/3.0; +http://yandex.com/bots)"
66.249.78.44 - - [26/Aug/2013:00:26:59 +0200] "GET / HTTP/1.1" 200 24292 "-" "Mozilla/5.0 (compatible; Googlebot/2.1; +http://www.google.com/bot.html)"
141.8.147.12 - - [26/Aug/2013:00:33:01 +0200] "GET /images/phnvmtt7.gif HTTP/1.1" 304 - "-" "Mozilla/5.0 (compatible; YandexImages/3.0; +http://yandex.com/bots)"
66.249.78.44 - - [26/Aug/2013:00:33:53 +0200] "GET /000001985b0d93482/000001985b0fc8f0b/index.php HTTP/1.1" 200 15396 "-" "Mozilla/5.0 (compatible; Googlebot/2.1; +http://www.google.com/bot.html)"
141.8.147.12 - - [26/Aug/2013:00:34:19 +0200] "GET /images/pnvtt1m5.gif HTTP/1.1" 304 - "-" "Mozilla/5.0 (compatible; YandexImages/3.0; +http://yandex.com/bots)"
66.249.78.44 - - [26/Aug/2013:00:52:26 +0200] "GET / HTTP/1.1" 200 24292 "-" "Mozilla/5.0 (iPhone; U; CPU iPhone OS 4_1 like Mac OS X; en-us) AppleWebKit/532.9 (KHTML, like Gecko) Version/4.0.5 Mobile/8B117 Safari/6531.22.7 (compatible; Googlebot-Mobile/2.1; +http://www.google.com/bot.html)"
141.8.147.12 - - [26/Aug/2013:00:57:58 +0200] "GET /images/pnvtst1m6.gif HTTP/1.1" 304 - "-" "Mozilla/5.0 (compatible; YandexImages/3.0; +http://yandex.com/bots)"
141.8.147.12 - - [26/Aug/2013:00:59:03 +0200] "GET /images/pnvtt4m1.gif HTTP/1.1" 304 - "-" "Mozilla/5.0 (compatible; YandexImages/3.0; +http://yandex.com/bots)"
141.8.147.12 - - [26/Aug/2013:01:26:17 +0200] "GET /images/pnvtst3m1.gif HTTP/1.1" 304 - "-" "Mozilla/5.0 (compatible; YandexImages/3.0; +http://yandex.com/bots)"
141.8.147.12 - - [26/Aug/2013:01:29:42 +0200] "GET /images/pd.gif HTTP/1.1" 304 - "-" "Mozilla/5.0 (compatible; YandexImages/3.0; +http://yandex.com/bots)"
141.8.147.12 - - [26/Aug/2013:01:31:04 +0200] "GET /images/phnvmtt5.gif HTTP/1.1" 304 - "-" "Mozilla/5.0 (compatible; YandexImages/3.0; +http://yandex.com/bots)"
66.249.78.44 - - [26/Aug/2013:01:37:24 +0200] "GET /031d669bf5054cf01/index.php HTTP/1.1" 200 13922 "-" "Mozilla/5.0 (compatible; Googlebot/2.1; +http://www.google.com/bot.html)"
141.8.147.12 - - [26/Aug/2013:01:57:51 +0200] "GET /images/pnvtt1m6.gif HTTP/1.1" 304 - "-" "Mozilla/5.0 (compatible; YandexImages/3.0; +http://yandex.com/bots)"
141.8.147.12 - - [26/Aug/2013:02:02:42 +0200] "GET /images/pnvtt3m2.gif HTTP/1.1" 304 - "-" "Mozilla/5.0 (compatible; YandexImages/3.0; +http://yandex.com/bots)"
66.249.78.44 - - [26/Aug/2013:02:03:05 +0200] "GET /00000198660b9a703/00000198660bb6a0a/index.php HTTP/1.1" 200 16353 "-" "Mozilla/5.0 (compatible; Googlebot/2.1; +http://www.google.com/bot.html)"
141.8.147.12 - - [26/Aug/2013:02:03:45 +0200] "GET /images/pnvtst2m6.gif HTTP/1.1" 304 - "-" "Mozilla/5.0 (compatible; YandexImages/3.0; +http://yandex.com/bots)"
141.8.147.12 - - [26/Aug/2013:02:05:04 +0200] "GET /images/pmtm7.gif HTTP/1.1" 304 - "-" "Mozilla/5.0 (compatible; YandexImages/3.0; +http://yandex.com/bots)"
141.8.147.12 - - [26/Aug/2013:02:07:21 +0200] "GET /images/phnvmtt2.gif HTTP/1.1" 304 - "-" "Mozilla/5.0 (compatible; YandexImages/3.0; +http://yandex.com/bots)"
141.8.147.12 - - [26/Aug/2013:02:12:52 +0200] "GET /images/pl160.gif HTTP/1.1" 304 - "-" "Mozilla/5.0 (compatible; YandexImages/3.0; +http://yandex.com/bots)"
66.249.78.44 - - [26/Aug/2013:02:14:06 +0200] "GET /000001985b0d93482/000001985c0868401/index.php HTTP/1.1" 200 20292 "-" "Mozilla/5.0 (iPhone; U; CPU iPhone OS 4_1 like Mac OS X; en-us) AppleWebKit/532.9 (KHTML, like Gecko) Version/4.0.5 Mobile/8B117 Safari/6531.22.7 (compatible; Googlebot-Mobile/2.1; +http://www.google.com/bot.html)"
141.8.147.12 - - [26/Aug/2013:02:14:36 +0200] "GET /images/pnvtst2m1.gif HTTP/1.1" 304 - "-" "Mozilla/5.0 (compatible; YandexImages/3.0; +http://yandex.com/bots)"
141.8.147.12 - - [26/Aug/2013:02:16:18 +0200] "GET /images/pmtm4.gif HTTP/1.1" 304 - "-" "Mozilla/5.0 (compatible; YandexImages/3.0; +http://yandex.com/bots)"
141.8.147.12 - - [26/Aug/2013:02:27:39 +0200] "GET /images/pnvtst1m4.gif HTTP/1.1" 304 - "-" "Mozilla/5.0 (compatible; YandexImages/3.0; +http://yandex.com/bots)"
141.8.147.12 - - [26/Aug/2013:02:28:26 +0200] "GET /images/pnvtt2m2.gif HTTP/1.1" 304 - "-" "Mozilla/5.0 (compatible; YandexImages/3.0; +http://yandex.com/bots)"
141.8.147.12 - - [26/Aug/2013:02:28:36 +0200] "GET /images/pnvtst1m2.gif HTTP/1.1" 304 - "-" "Mozilla/5.0 (compatible; YandexImages/3.0; +http://yandex.com/bots)"
141.8.147.12 - - [26/Aug/2013:02:32:54 +0200] "GET /images/pnvtst2m2.gif HTTP/1.1" 304 - "-" "Mozilla/5.0 (compatible; YandexImages/3.0; +http://yandex.com/bots)"
141.8.147.12 - - [26/Aug/2013:02:39:15 +0200] "GET /images/phomesm0.gif HTTP/1.1" 304 - "-" "Mozilla/5.0 (compatible; YandexImages/3.0; +http://yandex.com/bots)"
141.8.147.12 - - [26/Aug/2013:02:46:16 +0200] "GET /images/pmtsm4.gif HTTP/1.1" 304 - "-" "Mozilla/5.0 (compatible; YandexImages/3.0; +http://yandex.com/bots)"
141.8.147.12 - - [26/Aug/2013:02:55:44 +0200] "GET /images/phnvmtt4.gif HTTP/1.1" 304 - "-" "Mozilla/5.0 (compatible; YandexImages/3.0; +http://yandex.com/bots)"
141.8.147.12 - - [26/Aug/2013:02:57:18 +0200] "GET /images/phomem0.gif HTTP/1.1" 304 - "-" "Mozilla/5.0 (compatible; YandexImages/3.0; +http://yandex.com/bots)"
141.8.147.12 - - [26/Aug/2013:03:03:42 +0200] "GET /images/pmtm1.gif HTTP/1.1" 304 - "-" "Mozilla/5.0 (compatible; YandexImages/3.0; +http://yandex.com/bots)"
66.249.78.44 - - [26/Aug/2013:03:23:38 +0200] "GET /000001985b0e5e29a/000001985f0d8f113/index.php HTTP/1.1" 200 20340 "-" "Mozilla/5.0 (compatible; Googlebot/2.1; +http://www.google.com/bot.html)"
66.249.78.44 - - [26/Aug/2013:03:31:19 +0200] "GET /000001985b0e5e29a/000001985f0d8f113/index.php HTTP/1.1" 200 20340 "-" "SAMSUNG-SGH-E250/1.0 Profile/MIDP-2.0 Configuration/CLDC-1.1 UP.Browser/6.2.3.3.c.1.101 (GUI) MMP/2.0 (compatible; Googlebot-Mobile/2.1; +http://www.google.com/bot.html)"
141.8.147.12 - - [26/Aug/2013:03:53:02 +0200] "GET /000001985b0e5e29a/000001985f0d8f113/index.php HTTP/1.1" 200 20340 "-" "Mozilla/5.0 (compatible; YandexBot/3.0; +http://yandex.com/bots)"
141.8.147.12 - - [26/Aug/2013:03:53:53 +0200] "GET /000001985b0d93482/00000198660ae2e07/index.php HTTP/1.1" 200 17564 "-" "Mozilla/5.0 (compatible; YandexBot/3.0; +http://yandex.com/bots)"
141.8.147.12 - - [26/Aug/2013:03:53:55 +0200] "GET /000001985b0d93482/000001985b0da2285/index.php HTTP/1.1" 200 16408 "-" "Mozilla/5.0 (compatible; YandexBot/3.0; +http://yandex.com/bots)"
141.8.147.12 - - [26/Aug/2013:03:53:57 +0200] "GET /00000198660b9a703/00000198660bb6a0a/index.php HTTP/1.1" 200 16353 "-" "Mozilla/5.0 (compatible; YandexBot/3.0; +http://yandex.com/bots)"
141.8.147.12 - - [26/Aug/2013:03:53:59 +0200] "GET /000001985b0d93482/index.php HTTP/1.1" 200 15590 "-" "Mozilla/5.0 (compatible; YandexBot/3.0; +http://yandex.com/bots)"
141.8.147.12 - - [26/Aug/2013:03:54:01 +0200] "GET /031d669bf5054cf01/index.php HTTP/1.1" 200 13914 "-" "Mozilla/5.0 (compatible; YandexBot/3.0; +http://yandex.com/bots)"
141.8.147.12 - - [26/Aug/2013:03:54:03 +0200] "GET /000001985b0ce1e49/00000198610d6501c/index.php HTTP/1.1" 200 15944 "-" "Mozilla/5.0 (compatible; YandexBot/3.0; +http://yandex.com/bots)"
141.8.147.12 - - [26/Aug/2013:03:54:06 +0200] "GET /000001985b0ce1e49/00000198610d8af28/00000198610da0a31.php HTTP/1.1" 200 14401 "-" "Mozilla/5.0 (compatible; YandexBot/3.0; +http://yandex.com/bots)"
141.8.147.12 - - [26/Aug/2013:03:54:08 +0200] "GET /000001985b0ce1e49/index.php HTTP/1.1" 200 14912 "-" "Mozilla/5.0 (compatible; YandexBot/3.0; +http://yandex.com/bots)"
141.8.147.12 - - [26/Aug/2013:03:54:10 +0200] "GET /00000398730fcd910.php HTTP/1.1" 200 22413 "-" "Mozilla/5.0 (compatible; YandexBot/3.0; +http://yandex.com/bots)"
141.8.147.12 - - [26/Aug/2013:03:54:12 +0200] "GET /00000198660b9a703/00000198660bb6a0a/00000198660bc480f.php HTTP/1.1" 200 17091 "-" "Mozilla/5.0 (compatible; YandexBot/3.0; +http://yandex.com/bots)"
141.8.147.12 - - [26/Aug/2013:03:54:14 +0200] "GET /00000198660c9d618/00000198610cada01/00000198610cbe908.php HTTP/1.1" 200 16002 "-" "Mozilla/5.0 (compatible; YandexBot/3.0; +http://yandex.com/bots)"
141.8.147.12 - - [26/Aug/2013:03:54:16 +0200] "GET /00000198660c9d618/00000198610cada01/00000198660cc5621.php HTTP/1.1" 200 15933 "-" "Mozilla/5.0 (compatible; YandexBot/3.0; +http://yandex.com/bots)"
141.8.147.12 - - [26/Aug/2013:03:54:18 +0200] "GET /00000198660c9d618/00000198610cada01/00000198660cbdd1e.php HTTP/1.1" 200 15926 "-" "Mozilla/5.0 (compatible; YandexBot/3.0; +http://yandex.com/bots)"
141.8.147.12 - - [26/Aug/2013:03:54:20 +0200] "GET /images/pnvtt2m2.gif HTTP/1.1" 304 - "-" "Mozilla/5.0 (compatible; YandexImages/3.0; +http://yandex.com/bots)"
