95.128.200.200 - - [01/Apr/2020:01:07:09 +0200] "GET / HTTP/1.1" 200 4799 "https://www.google.de" "Mozilla/5.0 (Windows NT 6.1) AppleWebKit/537.36 (KHTML, like Gecko) Chrome/41.0.2228.0 Safari/537.36"
77.88.9.132 - - [01/Apr/2020:02:39:49 +0200] "GET /robots.txt HTTP/1.1" 404 - "-" "Mozilla/5.0 (compatible; YandexBot/3.0; +http://yandex.com/bots)"
77.88.9.132 - - [01/Apr/2020:02:39:53 +0200] "GET /datenschutz.html HTTP/1.1" 200 12023 "-" "Mozilla/5.0 (compatible; YandexBot/3.0; +http://yandex.com/bots) AppleWebKit/537.36 (KHTML, like Gecko) Chrome/51.0.2704.106"
77.88.9.130 - - [01/Apr/2020:02:40:52 +0200] "GET /css/style.css HTTP/1.1" 200 2831 "http://www.mbingenieure.de/datenschutz.html" "Mozilla/5.0 (compatible; YandexBot/3.0; +http://yandex.com/bots) AppleWebKit/537.36 (KHTML, like Gecko) Chrome/51.0.2704.106"
77.88.9.136 - - [01/Apr/2020:02:40:53 +0200] "GET /js/plugins.js HTTP/1.1" 200 898 "http://www.mbingenieure.de/datenschutz.html" "Mozilla/5.0 (compatible; YandexBot/3.0; +http://yandex.com/bots) AppleWebKit/537.36 (KHTML, like Gecko) Chrome/51.0.2704.106"
77.88.9.130 - - [01/Apr/2020:02:40:54 +0200] "GET /js/libs/modernizr-2.5.3.min.js HTTP/1.1" 200 15274 "http://www.mbingenieure.de/datenschutz.html" "Mozilla/5.0 (compatible; YandexBot/3.0; +http://yandex.com/bots) AppleWebKit/537.36 (KHTML, like Gecko) Chrome/51.0.2704.106"
194.173.174.10 - - [01/Apr/2020:06:25:49 +0200] "HEAD / HTTP/1.1" 200 - "-" "Mozilla/5.0 (Windows NT 6.3; WOW64) AppleWebKit/537.36 (KHTML, like Gecko) Chrome/43.0.2357.134 Safari/537.36"
157.55.39.13 - - [01/Apr/2020:09:41:42 +0200] "GET /robots.txt HTTP/1.1" 404 - "-" "Mozilla/5.0 (compatible; bingbot/2.0; +http://www.bing.com/bingbot.htm)"
40.77.167.120 - - [01/Apr/2020:09:41:47 +0200] "GET /images/0941a.png HTTP/1.1" 200 27992 "-" "Mozilla/5.0 (compatible; bingbot/2.0; +http://www.bing.com/bingbot.htm)"
47.57.24.157 - - [01/Apr/2020:10:33:54 +0200] "GET / HTTP/1.1" 200 4799 "-" "Mozilla/5.0 (Windows NT 6.1; Win64; x64) AppleWebKit/537.36 (KHTML, like Gecko) Chrome/79.0.3945.88 Safari/537.36"
47.57.24.157 - - [01/Apr/2020:10:33:58 +0200] "GET /kontakt.html HTTP/1.1" 200 4581 "http://www.mbingenieure.de" "Mozilla/5.0 (Windows NT 6.1; Win64; x64) AppleWebKit/537.36 (KHTML, like Gecko) Chrome/79.0.3945.88 Safari/537.36"
47.57.24.157 - - [01/Apr/2020:10:34:01 +0200] "GET /kontakt.html HTTP/1.1" 200 4581 "http://www.mbingenieure.de/kontakt.html" "Mozilla/5.0 (Windows NT 6.1; Win64; x64) AppleWebKit/537.36 (KHTML, like Gecko) Chrome/79.0.3945.88 Safari/537.36"
216.244.66.200 - - [01/Apr/2020:13:18:02 +0200] "GET /robots.txt HTTP/1.1" 404 - "-" "Mozilla/5.0 (compatible; DotBot/1.1; http://www.opensiteexplorer.org/dotbot, help@moz.com)"
216.244.66.200 - - [01/Apr/2020:13:21:20 +0200] "GET /partner.html HTTP/1.1" 200 4528 "-" "Mozilla/5.0 (compatible; DotBot/1.1; http://www.opensiteexplorer.org/dotbot, help@moz.com)"
46.229.168.161 - - [01/Apr/2020:13:46:57 +0200] "GET /robots.txt HTTP/1.1" 404 - "-" "Mozilla/5.0 (compatible; SemrushBot/6~bl; +http://www.semrush.com/bot.html)"
46.229.168.152 - - [01/Apr/2020:13:46:58 +0200] "GET /impressum.html HTTP/1.1" 200 5799 "-" "Mozilla/5.0 (compatible; SemrushBot/6~bl; +http://www.semrush.com/bot.html)"
46.229.168.152 - - [01/Apr/2020:13:47:00 +0200] "GET /sitemap.xml HTTP/1.1" 404 - "-" "Mozilla/5.0 (compatible; SemrushBot/6~bl; +http://www.semrush.com/bot.html)"
79.143.176.124 - - [01/Apr/2020:14:11:26 +0200] "GET /robots.txt HTTP/1.1" 404 - "-" "Mozilla/5.0 (Macintosh; Intel Mac OS X 10_14_4) AppleWebKit/537.36 (KHTML, like Gecko) Chrome/74.0.3729.169 Safari/537.36"
79.143.176.124 - - [01/Apr/2020:14:11:26 +0200] "GET / HTTP/1.1" 200 4799 "-" "Mozilla/5.0 (Macintosh; Intel Mac OS X 10_14_4) AppleWebKit/537.36 (KHTML, like Gecko) Chrome/74.0.3729.169 Safari/537.36"
79.143.176.124 - - [01/Apr/2020:14:11:26 +0200] "GET /datenschutz.html HTTP/1.1" 200 12023 "http://www.mbingenieure.de" "Mozilla/5.0 (Macintosh; Intel Mac OS X 10_14_4) AppleWebKit/537.36 (KHTML, like Gecko) Chrome/74.0.3729.169 Safari/537.36"
79.143.176.124 - - [01/Apr/2020:14:11:27 +0200] "GET /impressum.html HTTP/1.1" 200 5799 "http://www.mbingenieure.de" "Mozilla/5.0 (Macintosh; Intel Mac OS X 10_14_4) AppleWebKit/537.36 (KHTML, like Gecko) Chrome/74.0.3729.169 Safari/537.36"
79.143.176.124 - - [01/Apr/2020:14:11:28 +0200] "GET /kontakt.html HTTP/1.1" 200 4581 "http://www.mbingenieure.de" "Mozilla/5.0 (Macintosh; Intel Mac OS X 10_14_4) AppleWebKit/537.36 (KHTML, like Gecko) Chrome/74.0.3729.169 Safari/537.36"
79.143.176.124 - - [01/Apr/2020:14:11:28 +0200] "GET /uns.html HTTP/1.1" 200 4520 "http://www.mbingenieure.de" "Mozilla/5.0 (Macintosh; Intel Mac OS X 10_14_4) AppleWebKit/537.36 (KHTML, like Gecko) Chrome/74.0.3729.169 Safari/537.36"
79.143.176.124 - - [01/Apr/2020:14:11:28 +0200] "GET /spektrum.html HTTP/1.1" 200 4492 "http://www.mbingenieure.de" "Mozilla/5.0 (Macintosh; Intel Mac OS X 10_14_4) AppleWebKit/537.36 (KHTML, like Gecko) Chrome/74.0.3729.169 Safari/537.36"
79.143.176.124 - - [01/Apr/2020:14:11:29 +0200] "GET /partner.html HTTP/1.1" 200 4528 "http://www.mbingenieure.de" "Mozilla/5.0 (Macintosh; Intel Mac OS X 10_14_4) AppleWebKit/537.36 (KHTML, like Gecko) Chrome/74.0.3729.169 Safari/537.36"
79.143.176.124 - - [01/Apr/2020:14:11:29 +0200] "GET /referenz.html HTTP/1.1" 200 11524 "http://www.mbingenieure.de" "Mozilla/5.0 (Macintosh; Intel Mac OS X 10_14_4) AppleWebKit/537.36 (KHTML, like Gecko) Chrome/74.0.3729.169 Safari/537.36"
79.143.176.124 - - [01/Apr/2020:14:11:29 +0200] "GET /www.witerra-bau.de HTTP/1.1" 404 - "http://www.mbingenieure.de/partner.html" "Mozilla/5.0 (Macintosh; Intel Mac OS X 10_14_4) AppleWebKit/537.36 (KHTML, like Gecko) Chrome/74.0.3729.169 Safari/537.36"
79.143.176.124 - - [01/Apr/2020:14:11:29 +0200] "GET /projekte.html HTTP/1.1" 200 8338 "http://www.mbingenieure.de/referenz.html" "Mozilla/5.0 (Macintosh; Intel Mac OS X 10_14_4) AppleWebKit/537.36 (KHTML, like Gecko) Chrome/74.0.3729.169 Safari/537.36"
79.143.176.124 - - [01/Apr/2020:14:11:30 +0200] "GET /www.just-malerei.de HTTP/1.1" 404 - "http://www.mbingenieure.de/partner.html" "Mozilla/5.0 (Macintosh; Intel Mac OS X 10_14_4) AppleWebKit/537.36 (KHTML, like Gecko) Chrome/74.0.3729.169 Safari/537.36"
79.143.176.124 - - [01/Apr/2020:14:11:30 +0200] "GET /www.asabau.de HTTP/1.1" 404 - "http://www.mbingenieure.de/partner.html" "Mozilla/5.0 (Macintosh; Intel Mac OS X 10_14_4) AppleWebKit/537.36 (KHTML, like Gecko) Chrome/74.0.3729.169 Safari/537.36"
79.143.176.124 - - [01/Apr/2020:14:11:30 +0200] "GET /index.html HTTP/1.1" 200 4799 "http://www.mbingenieure.de" "Mozilla/5.0 (Macintosh; Intel Mac OS X 10_14_4) AppleWebKit/537.36 (KHTML, like Gecko) Chrome/74.0.3729.169 Safari/537.36"
209.17.97.106 - - [01/Apr/2020:16:48:05 +0200] "GET / HTTP/1.1" 200 4799 "-" "Mozilla/5.0 (compatible; Nimbostratus-Bot/v1.3.2; http://cloudsystemnetworks.com)"
159.203.90.26 - - [01/Apr/2020:18:04:22 +0200] "GET / HTTP/1.1" 200 4799 "http://www.mbingenieure.de" "Mozilla/5.0 (X11; Datanyze; Linux x86_64) AppleWebKit/537.36 (KHTML, like Gecko) Chrome/65.0.3325.181 Safari/537.36"
159.203.90.26 - - [01/Apr/2020:18:04:24 +0200] "GET /css/style.css HTTP/1.1" 200 2831 "-" "Mozilla/5.0 (X11; Datanyze; Linux x86_64) AppleWebKit/537.36 (KHTML, like Gecko) Chrome/65.0.3325.181 Safari/537.36"
159.203.90.26 - - [01/Apr/2020:18:04:24 +0200] "GET /js/plugins.js HTTP/1.1" 200 898 "-" "Mozilla/5.0 (X11; Datanyze; Linux x86_64) AppleWebKit/537.36 (KHTML, like Gecko) Chrome/65.0.3325.181 Safari/537.36"
159.203.90.26 - - [01/Apr/2020:18:04:24 +0200] "GET /js/libs/modernizr-2.5.3.min.js HTTP/1.1" 200 15274 "-" "Mozilla/5.0 (X11; Datanyze; Linux x86_64) AppleWebKit/537.36 (KHTML, like Gecko) Chrome/65.0.3325.181 Safari/537.36"
159.203.90.26 - - [01/Apr/2020:18:04:31 +0200] "GET /robots.txt HTTP/1.1" 404 - "-" "Mozilla/5.0 (Windows NT 6.3; WOW64) AppleWebKit/537.36 (KHTML, like Gecko) Chrome/34.0.1847.131 Safari/537.36"
159.203.90.26 - - [01/Apr/2020:18:04:36 +0200] "GET /uns.html HTTP/1.1" 200 4520 "http://www.mbingenieure.de" "Mozilla/5.0 (X11; Datanyze; Linux x86_64) AppleWebKit/537.36 (KHTML, like Gecko) Chrome/65.0.3325.181 Safari/537.36"
159.203.90.26 - - [01/Apr/2020:18:04:36 +0200] "GET /spektrum.html HTTP/1.1" 200 4492 "http://www.mbingenieure.de" "Mozilla/5.0 (X11; Datanyze; Linux x86_64) AppleWebKit/537.36 (KHTML, like Gecko) Chrome/65.0.3325.181 Safari/537.36"
159.203.90.26 - - [01/Apr/2020:18:04:36 +0200] "GET /index.html HTTP/1.1" 200 4799 "http://www.mbingenieure.de" "Mozilla/5.0 (X11; Datanyze; Linux x86_64) AppleWebKit/537.36 (KHTML, like Gecko) Chrome/65.0.3325.181 Safari/537.36"
159.203.90.26 - - [01/Apr/2020:18:04:38 +0200] "GET /partner.html HTTP/1.1" 200 4528 "http://www.mbingenieure.de" "Mozilla/5.0 (X11; Datanyze; Linux x86_64) AppleWebKit/537.36 (KHTML, like Gecko) Chrome/65.0.3325.181 Safari/537.36"
159.203.90.26 - - [01/Apr/2020:18:04:38 +0200] "GET /referenz.html HTTP/1.1" 200 11524 "http://www.mbingenieure.de" "Mozilla/5.0 (X11; Datanyze; Linux x86_64) AppleWebKit/537.36 (KHTML, like Gecko) Chrome/65.0.3325.181 Safari/537.36"
159.203.90.26 - - [01/Apr/2020:18:04:38 +0200] "GET /kontakt.html HTTP/1.1" 200 4581 "http://www.mbingenieure.de" "Mozilla/5.0 (X11; Datanyze; Linux x86_64) AppleWebKit/537.36 (KHTML, like Gecko) Chrome/65.0.3325.181 Safari/537.36"
159.203.90.26 - - [01/Apr/2020:18:04:38 +0200] "GET /datenschutz.html HTTP/1.1" 200 12023 "http://www.mbingenieure.de" "Mozilla/5.0 (X11; Datanyze; Linux x86_64) AppleWebKit/537.36 (KHTML, like Gecko) Chrome/65.0.3325.181 Safari/537.36"
159.203.90.26 - - [01/Apr/2020:18:04:38 +0200] "GET /impressum.html HTTP/1.1" 200 5799 "http://www.mbingenieure.de" "Mozilla/5.0 (X11; Datanyze; Linux x86_64) AppleWebKit/537.36 (KHTML, like Gecko) Chrome/65.0.3325.181 Safari/537.36"
136.243.83.42 - - [01/Apr/2020:18:33:21 +0200] "GET /robots.txt HTTP/1.1" 404 - "-" "Mozilla/5.0 (compatible; MetaJobBot; http://www.metajob.de/crawler)"
136.243.83.42 - - [01/Apr/2020:18:33:21 +0200] "GET /index.html HTTP/1.1" 200 4799 "-" "Mozilla/5.0 (compatible; MetaJobBot; http://www.metajob.de/crawler)"
136.243.83.42 - - [01/Apr/2020:18:33:27 +0200] "GET /spektrum.html HTTP/1.1" 200 4492 "-" "Mozilla/5.0 (compatible; MetaJobBot; http://www.metajob.de/crawler)"
136.243.83.42 - - [01/Apr/2020:18:33:32 +0200] "GET /referenz.html HTTP/1.1" 200 11524 "-" "Mozilla/5.0 (compatible; MetaJobBot; http://www.metajob.de/crawler)"
136.243.83.42 - - [01/Apr/2020:18:33:37 +0200] "GET /partner.html HTTP/1.1" 200 4528 "-" "Mozilla/5.0 (compatible; MetaJobBot; http://www.metajob.de/crawler)"
136.243.83.42 - - [01/Apr/2020:18:33:42 +0200] "GET /kontakt.html HTTP/1.1" 200 4581 "-" "Mozilla/5.0 (compatible; MetaJobBot; http://www.metajob.de/crawler)"
136.243.83.42 - - [01/Apr/2020:18:51:31 +0200] "GET / HTTP/1.1" 200 4799 "-" "Mozilla/5.0 (compatible; MetaJobBot; http://www.metajob.de/crawler)"
95.128.200.200 - - [01/Apr/2020:23:09:35 +0200] "GET / HTTP/1.1" 200 4799 "https://www.google.de" "Mozilla/5.0 (Windows NT 6.1) AppleWebKit/537.36 (KHTML, like Gecko) Chrome/41.0.2228.0 Safari/537.36"
77.88.9.132 - - [01/Apr/2020:23:56:16 +0200] "GET /robots.txt HTTP/1.1" 404 - "-" "Mozilla/5.0 (compatible; YandexBot/3.0; +http://yandex.com/bots)"
77.88.9.132 - - [01/Apr/2020:23:56:20 +0200] "GET /datenschutz.html HTTP/1.1" 200 12023 "-" "Mozilla/5.0 (compatible; YandexBot/3.0; +http://yandex.com/bots) AppleWebKit/537.36 (KHTML, like Gecko) Chrome/51.0.2704.106"
77.88.9.130 - - [01/Apr/2020:23:56:21 +0200] "GET /js/libs/modernizr-2.5.3.min.js HTTP/1.1" 200 15274 "http://www.mbingenieure.de/datenschutz.html" "Mozilla/5.0 (compatible; YandexBot/3.0; +http://yandex.com/bots) AppleWebKit/537.36 (KHTML, like Gecko) Chrome/51.0.2704.106"
77.88.9.136 - - [01/Apr/2020:23:56:22 +0200] "GET /js/plugins.js HTTP/1.1" 200 898 "http://www.mbingenieure.de/datenschutz.html" "Mozilla/5.0 (compatible; YandexBot/3.0; +http://yandex.com/bots) AppleWebKit/537.36 (KHTML, like Gecko) Chrome/51.0.2704.106"
77.88.9.130 - - [01/Apr/2020:23:56:24 +0200] "GET /css/style.css HTTP/1.1" 200 2831 "http://www.mbingenieure.de/datenschutz.html" "Mozilla/5.0 (compatible; YandexBot/3.0; +http://yandex.com/bots) AppleWebKit/537.36 (KHTML, like Gecko) Chrome/51.0.2704.106"
95.216.96.245 - - [02/Apr/2020:11:20:10 +0200] "GET /robots.txt HTTP/1.1" 404 - "-" "Mozilla/5.0 (compatible; SEOkicks; +https://www.seokicks.de/robot.html)"
95.216.96.245 - - [02/Apr/2020:11:20:12 +0200] "GET / HTTP/1.1" 200 4799 "-" "Mozilla/5.0 (compatible; SEOkicks; +https://www.seokicks.de/robot.html)"
54.36.148.136 - - [02/Apr/2020:11:42:37 +0200] "GET /robots.txt HTTP/1.1" 404 - "-" "Mozilla/5.0 (compatible; AhrefsBot/6.1; +http://ahrefs.com/robot/)"
54.36.148.201 - - [02/Apr/2020:11:58:15 +0200] "GET /robots.txt HTTP/1.1" 404 - "-" "Mozilla/5.0 (compatible; AhrefsBot/6.1; +http://ahrefs.com/robot/)"
54.36.150.62 - - [02/Apr/2020:11:58:16 +0200] "GET /index.html HTTP/1.1" 200 4799 "-" "Mozilla/5.0 (compatible; AhrefsBot/6.1; +http://ahrefs.com/robot/)"
35.241.147.31 - - [02/Apr/2020:18:37:34 +0200] "GET /robots.txt HTTP/1.1" 404 - "-" "python-requests/2.22.0"
35.241.147.31 - - [02/Apr/2020:18:37:34 +0200] "GET / HTTP/1.1" 200 4799 "-" "Mozilla/5.0 (Windows NT 6.1) AppleWebKit/537.36 (KHTML, like Gecko) Chrome/41.0.2228.0 Safari/537.36"
35.241.147.31 - - [02/Apr/2020:18:37:34 +0200] "GET /index.html HTTP/1.1" 200 4799 "-" "Mozilla/5.0 (Windows NT 6.1) AppleWebKit/537.36 (KHTML, like Gecko) Chrome/41.0.2228.0 Safari/537.36"
35.241.147.31 - - [02/Apr/2020:18:37:34 +0200] "GET /uns.html HTTP/1.1" 200 4520 "-" "Mozilla/5.0 (Windows NT 6.1) AppleWebKit/537.36 (KHTML, like Gecko) Chrome/41.0.2228.0 Safari/537.36"
35.241.147.31 - - [02/Apr/2020:18:37:34 +0200] "GET /spektrum.html HTTP/1.1" 200 4492 "-" "Mozilla/5.0 (Windows NT 6.1) AppleWebKit/537.36 (KHTML, like Gecko) Chrome/41.0.2228.0 Safari/537.36"
35.241.147.31 - - [02/Apr/2020:18:37:34 +0200] "GET /referenz.html HTTP/1.1" 200 11524 "-" "Mozilla/5.0 (Windows NT 6.1) AppleWebKit/537.36 (KHTML, like Gecko) Chrome/41.0.2228.0 Safari/537.36"
35.241.147.31 - - [02/Apr/2020:18:37:35 +0200] "GET /partner.html HTTP/1.1" 200 4528 "-" "Mozilla/5.0 (Windows NT 6.1) AppleWebKit/537.36 (KHTML, like Gecko) Chrome/41.0.2228.0 Safari/537.36"
35.241.147.31 - - [02/Apr/2020:18:37:35 +0200] "GET /kontakt.html HTTP/1.1" 200 4581 "-" "Mozilla/5.0 (Windows NT 6.1) AppleWebKit/537.36 (KHTML, like Gecko) Chrome/41.0.2228.0 Safari/537.36"
35.241.147.31 - - [02/Apr/2020:18:37:35 +0200] "GET /impressum.html HTTP/1.1" 200 5799 "-" "Mozilla/5.0 (Windows NT 6.1) AppleWebKit/537.36 (KHTML, like Gecko) Chrome/41.0.2228.0 Safari/537.36"
35.241.147.31 - - [02/Apr/2020:18:37:35 +0200] "GET /datenschutz.html HTTP/1.1" 200 12023 "-" "Mozilla/5.0 (Windows NT 6.1) AppleWebKit/537.36 (KHTML, like Gecko) Chrome/41.0.2228.0 Safari/537.36"
35.241.147.31 - - [02/Apr/2020:18:37:35 +0200] "GET /www.asabau.de HTTP/1.1" 404 - "-" "Mozilla/5.0 (Windows NT 6.1) AppleWebKit/537.36 (KHTML, like Gecko) Chrome/41.0.2228.0 Safari/537.36"
35.241.147.31 - - [02/Apr/2020:18:37:35 +0200] "GET /www.just-malerei.de HTTP/1.1" 404 - "-" "Mozilla/5.0 (Windows NT 6.1) AppleWebKit/537.36 (KHTML, like Gecko) Chrome/41.0.2228.0 Safari/537.36"
35.241.147.31 - - [02/Apr/2020:18:37:36 +0200] "GET /www.witerra-bau.de HTTP/1.1" 404 - "-" "Mozilla/5.0 (Windows NT 6.1) AppleWebKit/537.36 (KHTML, like Gecko) Chrome/41.0.2228.0 Safari/537.36"
35.241.147.31 - - [02/Apr/2020:18:37:36 +0200] "GET /projekte.html HTTP/1.1" 200 8338 "-" "Mozilla/5.0 (Windows NT 6.1) AppleWebKit/537.36 (KHTML, like Gecko) Chrome/41.0.2228.0 Safari/537.36"
151.80.39.231 - - [02/Apr/2020:21:51:24 +0200] "GET / HTTP/1.1" 200 4799 "-" "Mozilla/5.0 (compatible; AhrefsBot/6.1; +http://ahrefs.com/robot/)"
157.55.39.20 - - [03/Apr/2020:06:25:34 +0200] "GET /robots.txt HTTP/1.1" 404 - "-" "Mozilla/5.0 (compatible; bingbot/2.0; +http://www.bing.com/bingbot.htm)"
40.77.167.60 - - [03/Apr/2020:06:25:39 +0200] "GET /referenz.html HTTP/1.1" 200 11524 "-" "Mozilla/5.0 (compatible; bingbot/2.0; +http://www.bing.com/bingbot.htm)"
77.88.9.132 - - [03/Apr/2020:09:22:11 +0200] "GET /robots.txt HTTP/1.1" 404 - "-" "Mozilla/5.0 (compatible; YandexBot/3.0; +http://yandex.com/bots)"
77.88.9.132 - - [03/Apr/2020:09:22:14 +0200] "GET /spektrum.html HTTP/1.1" 200 4492 "-" "Mozilla/5.0 (compatible; YandexBot/3.0; +http://yandex.com/bots)"
46.229.168.130 - - [03/Apr/2020:09:31:38 +0200] "GET /robots.txt HTTP/1.1" 404 - "-" "Mozilla/5.0 (compatible; SemrushBot/6~bl; +http://www.semrush.com/bot.html)"
46.229.168.131 - - [03/Apr/2020:09:31:38 +0200] "GET / HTTP/1.1" 200 4799 "-" "Mozilla/5.0 (compatible; SemrushBot/6~bl; +http://www.semrush.com/bot.html)"
207.46.13.244 - - [03/Apr/2020:10:11:35 +0200] "GET /impressum.html HTTP/1.1" 200 5799 "-" "Mozilla/5.0 (compatible; bingbot/2.0; +http://www.bing.com/bingbot.htm)"
157.55.39.152 - - [03/Apr/2020:10:19:25 +0200] "GET /kontakt.html HTTP/1.1" 200 4581 "-" "Mozilla/5.0 (compatible; bingbot/2.0; +http://www.bing.com/bingbot.htm)"
40.77.167.60 - - [03/Apr/2020:13:39:42 +0200] "GET /uns.html HTTP/1.1" 200 4520 "-" "Mozilla/5.0 (compatible; bingbot/2.0; +http://www.bing.com/bingbot.htm)"
40.77.167.60 - - [03/Apr/2020:14:16:03 +0200] "GET /referenz.html HTTP/1.1" 200 11524 "-" "Mozilla/5.0 (compatible; bingbot/2.0; +http://www.bing.com/bingbot.htm)"
40.77.167.60 - - [03/Apr/2020:15:14:25 +0200] "GET /impressum.html HTTP/1.1" 200 5799 "-" "Mozilla/5.0 (compatible; bingbot/2.0; +http://www.bing.com/bingbot.htm)"
77.88.9.132 - - [03/Apr/2020:15:14:55 +0200] "GET /robots.txt HTTP/1.1" 404 - "-" "Mozilla/5.0 (compatible; YandexBot/3.0; +http://yandex.com/bots)"
77.88.9.132 - - [03/Apr/2020:15:14:59 +0200] "GET /impressum.html HTTP/1.1" 200 5799 "-" "Mozilla/5.0 (compatible; YandexBot/3.0; +http://yandex.com/bots)"
77.88.9.130 - - [03/Apr/2020:15:17:32 +0200] "GET /datenschutz.html HTTP/1.1" 200 12023 "-" "Mozilla/5.0 (compatible; YandexBot/3.0; +http://yandex.com/bots) AppleWebKit/537.36 (KHTML, like Gecko) Chrome/51.0.2704.106"
77.88.9.136 - - [03/Apr/2020:15:17:33 +0200] "GET /js/libs/modernizr-2.5.3.min.js HTTP/1.1" 200 15274 "http://www.mbingenieure.de/datenschutz.html" "Mozilla/5.0 (compatible; YandexBot/3.0; +http://yandex.com/bots) AppleWebKit/537.36 (KHTML, like Gecko) Chrome/51.0.2704.106"
77.88.9.130 - - [03/Apr/2020:15:17:34 +0200] "GET /js/plugins.js HTTP/1.1" 200 898 "http://www.mbingenieure.de/datenschutz.html" "Mozilla/5.0 (compatible; YandexBot/3.0; +http://yandex.com/bots) AppleWebKit/537.36 (KHTML, like Gecko) Chrome/51.0.2704.106"
77.88.9.129 - - [03/Apr/2020:15:17:35 +0200] "GET /css/style.css HTTP/1.1" 200 2831 "http://www.mbingenieure.de/datenschutz.html" "Mozilla/5.0 (compatible; YandexBot/3.0; +http://yandex.com/bots) AppleWebKit/537.36 (KHTML, like Gecko) Chrome/51.0.2704.106"
95.216.96.245 - - [03/Apr/2020:17:55:18 +0200] "GET /robots.txt HTTP/1.1" 404 - "-" "Mozilla/5.0 (compatible; SEOkicks; +https://www.seokicks.de/robot.html)"
95.216.96.245 - - [03/Apr/2020:17:55:19 +0200] "GET / HTTP/1.1" 200 4799 "-" "Mozilla/5.0 (compatible; SEOkicks; +https://www.seokicks.de/robot.html)"
216.244.66.200 - - [03/Apr/2020:19:03:10 +0200] "GET /robots.txt HTTP/1.1" 404 - "-" "Mozilla/5.0 (compatible; DotBot/1.1; http://www.opensiteexplorer.org/dotbot, help@moz.com)"
216.244.66.200 - - [03/Apr/2020:19:06:38 +0200] "GET /spektrum.html HTTP/1.1" 200 4492 "-" "Mozilla/5.0 (compatible; DotBot/1.1; http://www.opensiteexplorer.org/dotbot, help@moz.com)"
77.88.9.132 - - [03/Apr/2020:19:30:58 +0200] "GET /robots.txt HTTP/1.1" 404 - "-" "Mozilla/5.0 (compatible; YandexBot/3.0; +http://yandex.com/bots)"
77.88.9.132 - - [03/Apr/2020:19:31:01 +0200] "GET /uns.html HTTP/1.1" 200 4520 "-" "Mozilla/5.0 (compatible; YandexBot/3.0; +http://yandex.com/bots)"
157.55.39.152 - - [03/Apr/2020:20:12:06 +0200] "GET /kontakt.html HTTP/1.1" 200 4581 "-" "Mozilla/5.0 (compatible; bingbot/2.0; +http://www.bing.com/bingbot.htm)"
157.55.39.157 - - [04/Apr/2020:02:16:11 +0200] "GET /datenschutz.html HTTP/1.1" 200 12023 "-" "Mozilla/5.0 (compatible; bingbot/2.0; +http://www.bing.com/bingbot.htm)"
157.55.39.157 - - [04/Apr/2020:04:15:44 +0200] "GET /datenschutz.html HTTP/1.1" 200 12023 "-" "Mozilla/5.0 (compatible; bingbot/2.0; +http://www.bing.com/bingbot.htm)"
37.9.58.194 - - [04/Apr/2020:04:37:55 +0200] "GET / HTTP/1.1" 200 4799 "-" "Mozilla/5.0 (Windows NT 10.0; Win64; x64) AppleWebKit/537.36 (KHTML, like Gecko) Chrome/72.0.3626.121 Safari/537.36"
54.36.148.158 - - [04/Apr/2020:04:58:41 +0200] "GET /robots.txt HTTP/1.1" 404 - "-" "Mozilla/5.0 (compatible; AhrefsBot/6.1; +http://ahrefs.com/robot/)"
54.36.150.119 - - [04/Apr/2020:06:30:48 +0200] "GET /uns.html HTTP/1.1" 200 4520 "-" "Mozilla/5.0 (compatible; AhrefsBot/6.1; +http://ahrefs.com/robot/)"
54.36.149.103 - - [04/Apr/2020:10:19:30 +0200] "GET /kontakt.html HTTP/1.1" 200 4581 "-" "Mozilla/5.0 (compatible; AhrefsBot/6.1; +http://ahrefs.com/robot/)"
95.216.96.170 - - [04/Apr/2020:12:00:12 +0200] "GET /robots.txt HTTP/1.1" 404 - "-" "Mozilla/5.0 (compatible; SEOkicks; +https://www.seokicks.de/robot.html)"
95.216.96.170 - - [04/Apr/2020:12:00:14 +0200] "GET / HTTP/1.1" 200 4799 "-" "Mozilla/5.0 (compatible; SEOkicks; +https://www.seokicks.de/robot.html)"
157.55.39.157 - - [04/Apr/2020:12:16:15 +0200] "GET /datenschutz.html HTTP/1.1" 200 12023 "-" "Mozilla/5.0 (compatible; bingbot/2.0; +http://www.bing.com/bingbot.htm)"
207.46.13.247 - - [04/Apr/2020:12:20:42 +0200] "GET /impressum.html HTTP/1.1" 304 - "-" "Mozilla/5.0 (compatible; bingbot/2.0; +http://www.bing.com/bingbot.htm)"
157.55.39.157 - - [04/Apr/2020:13:19:26 +0200] "GET /datenschutz.html HTTP/1.1" 200 12023 "-" "Mozilla/5.0 (compatible; bingbot/2.0; +http://www.bing.com/bingbot.htm)"
157.55.39.152 - - [04/Apr/2020:15:04:03 +0200] "GET /images/2a.png HTTP/1.1" 200 25553 "-" "Mozilla/5.0 (compatible; bingbot/2.0; +http://www.bing.com/bingbot.htm)"
46.229.168.134 - - [04/Apr/2020:15:51:05 +0200] "GET /robots.txt HTTP/1.1" 404 - "-" "Mozilla/5.0 (compatible; SemrushBot/6~bl; +http://www.semrush.com/bot.html)"
46.229.168.146 - - [04/Apr/2020:15:51:05 +0200] "GET /referenz.html HTTP/1.1" 200 11524 "-" "Mozilla/5.0 (compatible; SemrushBot/6~bl; +http://www.semrush.com/bot.html)"
157.55.39.157 - - [04/Apr/2020:16:38:00 +0200] "GET /datenschutz.html HTTP/1.1" 200 12023 "-" "Mozilla/5.0 (compatible; bingbot/2.0; +http://www.bing.com/bingbot.htm)"
207.46.13.247 - - [04/Apr/2020:21:41:31 +0200] "GET /impressum.html HTTP/1.1" 200 5799 "-" "Mozilla/5.0 (compatible; bingbot/2.0; +http://www.bing.com/bingbot.htm)"
88.99.208.224 - - [05/Apr/2020:02:03:50 +0200] "GET /robots.txt HTTP/1.1" 404 - "-" "Mozilla/5.0 (compatible; BLEXBot/1.0; +http://webmeup-crawler.com/)"
88.99.208.224 - - [05/Apr/2020:02:03:55 +0200] "GET /sitemap.xml HTTP/1.1" 404 - "-" "Mozilla/5.0 (compatible; BLEXBot/1.0; +http://webmeup-crawler.com/)"
88.198.55.242 - - [05/Apr/2020:06:19:56 +0200] "GET / HTTP/1.1" 200 4799 "-" "Mozilla/4.0 (compatible; MSIE 6.0; Windows NT 5.1; SV1; .NET CLR 1.1.4322)"
88.198.55.242 - - [05/Apr/2020:06:19:56 +0200] "GET /robots.txt HTTP/1.1" 404 - "-" "libwww-perl/6.05"
88.198.55.242 - - [05/Apr/2020:06:19:56 +0200] "GET / HTTP/1.1" 200 4799 "-" "Mozilla/4.0 (compatible; MSIE 6.0; Windows NT 5.1; SV1; .NET CLR 1.1.4322)"
88.198.55.242 - - [05/Apr/2020:06:19:56 +0200] "GET /kontakt.html HTTP/1.1" 200 4581 "http://www.mbingenieure.de/" "Mozilla/4.0 (compatible; MSIE 6.0; Windows NT 5.1; SV1; .NET CLR 1.1.4322)"
88.198.55.242 - - [05/Apr/2020:06:19:56 +0200] "GET /spektrum.html HTTP/1.1" 200 4492 "http://www.mbingenieure.de/kontakt.html" "Mozilla/4.0 (compatible; MSIE 6.0; Windows NT 5.1; SV1; .NET CLR 1.1.4322)"
88.198.55.242 - - [05/Apr/2020:06:19:56 +0200] "GET /datenschutz.html HTTP/1.1" 200 12023 "http://www.mbingenieure.de/spektrum.html" "Mozilla/4.0 (compatible; MSIE 6.0; Windows NT 5.1; SV1; .NET CLR 1.1.4322)"
88.198.55.242 - - [05/Apr/2020:06:19:56 +0200] "GET /uns.html HTTP/1.1" 200 4520 "http://www.mbingenieure.de/datenschutz.html" "Mozilla/4.0 (compatible; MSIE 6.0; Windows NT 5.1; SV1; .NET CLR 1.1.4322)"
88.198.55.242 - - [05/Apr/2020:06:19:56 +0200] "GET /impressum.html HTTP/1.1" 200 5799 "http://www.mbingenieure.de/uns.html" "Mozilla/4.0 (compatible; MSIE 6.0; Windows NT 5.1; SV1; .NET CLR 1.1.4322)"
88.198.55.242 - - [05/Apr/2020:06:19:56 +0200] "GET /index.html HTTP/1.1" 200 4799 "http://www.mbingenieure.de/impressum.html" "Mozilla/4.0 (compatible; MSIE 6.0; Windows NT 5.1; SV1; .NET CLR 1.1.4322)"
88.198.55.242 - - [05/Apr/2020:06:19:56 +0200] "GET /referenz.html HTTP/1.1" 200 11524 "http://www.mbingenieure.de/index.html" "Mozilla/4.0 (compatible; MSIE 6.0; Windows NT 5.1; SV1; .NET CLR 1.1.4322)"
88.198.55.242 - - [05/Apr/2020:06:19:56 +0200] "GET /projekte.html HTTP/1.1" 200 8338 "http://www.mbingenieure.de/referenz.html" "Mozilla/4.0 (compatible; MSIE 6.0; Windows NT 5.1; SV1; .NET CLR 1.1.4322)"
88.198.55.242 - - [05/Apr/2020:06:19:56 +0200] "GET /partner.html HTTP/1.1" 200 4528 "http://www.mbingenieure.de/projekte.html" "Mozilla/4.0 (compatible; MSIE 6.0; Windows NT 5.1; SV1; .NET CLR 1.1.4322)"
46.229.168.145 - - [05/Apr/2020:07:39:25 +0200] "GET /robots.txt HTTP/1.1" 404 - "-" "Mozilla/5.0 (compatible; SemrushBot/6~bl; +http://www.semrush.com/bot.html)"
46.229.168.146 - - [05/Apr/2020:07:39:25 +0200] "GET /spektrum.html HTTP/1.1" 200 4492 "-" "Mozilla/5.0 (compatible; SemrushBot/6~bl; +http://www.semrush.com/bot.html)"
46.229.168.140 - - [05/Apr/2020:08:07:09 +0200] "GET /partner.html HTTP/1.1" 200 4528 "-" "Mozilla/5.0 (compatible; SemrushBot/6~bl; +http://www.semrush.com/bot.html)"
54.36.148.20 - - [05/Apr/2020:09:35:33 +0200] "GET /robots.txt HTTP/1.1" 404 - "-" "Mozilla/5.0 (compatible; AhrefsBot/6.1; +http://ahrefs.com/robot/)"
213.83.37.145 - - [05/Apr/2020:11:26:45 +0200] "HEAD / HTTP/1.1" 200 - "-" "Mozilla/5.0 (Windows NT 6.1; rv:39.0) Gecko/20180101 Firefox/39.0"
213.83.37.145 - - [05/Apr/2020:11:26:45 +0200] "HEAD / HTTP/1.1" 200 - "-" "Mozilla/5.0 (Windows NT 6.1; rv:39.0) Gecko/20180101 Firefox/39.0"
213.83.37.145 - - [05/Apr/2020:11:26:45 +0200] "HEAD / HTTP/1.1" 200 - "-" "Mozilla/5.0 (Windows NT 6.1; rv:39.0) Gecko/20180101 Firefox/39.0"
213.83.37.145 - - [05/Apr/2020:11:26:45 +0200] "HEAD / HTTP/1.1" 200 - "-" "Mozilla/5.0 (Windows NT 6.1; rv:39.0) Gecko/20180101 Firefox/39.0"
78.46.51.231 - - [05/Apr/2020:15:30:36 +0200] "GET / HTTP/1.1" 200 4799 "-" "crawler_eb_germany_2.0"
78.46.51.231 - - [05/Apr/2020:15:30:38 +0200] "GET /index.html HTTP/1.1" 200 4799 "-" "crawler_eb_germany_2.0"
78.46.51.231 - - [05/Apr/2020:15:30:39 +0200] "GET /uns.html HTTP/1.1" 200 4520 "-" "crawler_eb_germany_2.0"
78.46.51.231 - - [05/Apr/2020:15:30:41 +0200] "GET /spektrum.html HTTP/1.1" 200 4492 "-" "crawler_eb_germany_2.0"
78.46.51.231 - - [05/Apr/2020:15:30:43 +0200] "GET /referenz.html HTTP/1.1" 200 11524 "-" "crawler_eb_germany_2.0"
78.46.51.231 - - [05/Apr/2020:15:30:46 +0200] "GET /partner.html HTTP/1.1" 200 4528 "-" "crawler_eb_germany_2.0"
78.46.51.231 - - [05/Apr/2020:15:30:47 +0200] "GET /kontakt.html HTTP/1.1" 200 4581 "-" "crawler_eb_germany_2.0"
78.46.51.231 - - [05/Apr/2020:15:30:48 +0200] "GET /datenschutz.html HTTP/1.1" 200 12023 "-" "crawler_eb_germany_2.0"
78.46.51.231 - - [05/Apr/2020:15:30:49 +0200] "GET /impressum.html HTTP/1.1" 200 5799 "-" "crawler_eb_germany_2.0"
78.46.51.231 - - [05/Apr/2020:15:30:51 +0200] "GET /index.html HTTP/1.1" 200 4799 "-" "crawler_eb_germany_2.0"
78.46.51.231 - - [05/Apr/2020:15:30:53 +0200] "GET /uns.html HTTP/1.1" 200 4520 "-" "crawler_eb_germany_2.0"
78.46.51.231 - - [05/Apr/2020:15:30:54 +0200] "GET /spektrum.html HTTP/1.1" 200 4492 "-" "crawler_eb_germany_2.0"
78.46.51.231 - - [05/Apr/2020:15:30:56 +0200] "GET /referenz.html HTTP/1.1" 200 11524 "-" "crawler_eb_germany_2.0"
78.46.51.231 - - [05/Apr/2020:15:30:57 +0200] "GET /projekte.html HTTP/1.1" 200 8338 "-" "crawler_eb_germany_2.0"
78.46.51.231 - - [05/Apr/2020:15:30:59 +0200] "GET /partner.html HTTP/1.1" 200 4528 "-" "crawler_eb_germany_2.0"
78.46.51.231 - - [05/Apr/2020:15:31:01 +0200] "GET /kontakt.html HTTP/1.1" 200 4581 "-" "crawler_eb_germany_2.0"
78.46.51.231 - - [05/Apr/2020:15:31:04 +0200] "GET /datenschutz.html HTTP/1.1" 200 12023 "-" "crawler_eb_germany_2.0"
78.46.51.231 - - [05/Apr/2020:15:31:07 +0200] "GET /impressum.html HTTP/1.1" 200 5799 "-" "crawler_eb_germany_2.0"
78.46.51.231 - - [05/Apr/2020:15:31:10 +0200] "GET /index.html HTTP/1.1" 200 4799 "-" "crawler_eb_germany_2.0"
157.55.39.20 - - [05/Apr/2020:15:46:13 +0200] "GET /robots.txt HTTP/1.1" 404 - "-" "Mozilla/5.0 (compatible; bingbot/2.0; +http://www.bing.com/bingbot.htm)"
207.46.13.63 - - [05/Apr/2020:15:47:42 +0200] "GET /images/2a.png HTTP/1.1" 200 25553 "-" "Mozilla/5.0 (compatible; bingbot/2.0; +http://www.bing.com/bingbot.htm)"
54.36.150.147 - - [05/Apr/2020:15:55:28 +0200] "GET / HTTP/1.1" 200 4799 "-" "Mozilla/5.0 (compatible; AhrefsBot/6.1; +http://ahrefs.com/robot/)"
77.88.9.130 - - [05/Apr/2020:18:11:19 +0200] "GET /robots.txt HTTP/1.1" 404 - "-" "Mozilla/5.0 (compatible; YandexBot/3.0; +http://yandex.com/bots)"
77.88.9.130 - - [05/Apr/2020:18:11:23 +0200] "GET /index.html HTTP/1.1" 200 4799 "-" "Mozilla/5.0 (compatible; YandexBot/3.0; +http://yandex.com/bots)"
77.88.9.129 - - [05/Apr/2020:19:34:20 +0200] "GET /referenz.html HTTP/1.1" 200 11524 "-" "Mozilla/5.0 (compatible; YandexBot/3.0; +http://yandex.com/bots)"
89.246.241.14 - - [05/Apr/2020:20:16:08 +0200] "GET / HTTP/1.1" 200 4799 "-" "Mozilla/5.0 (Windows; U; Windows NT 6.0; de; rv:1.9.2.3) Gecko/20100401 Firefox/3.6.3 ( .NET CLR 3.5.30729)"
77.88.9.132 - - [05/Apr/2020:22:06:46 +0200] "GET /robots.txt HTTP/1.1" 404 - "-" "Mozilla/5.0 (compatible; YandexBot/3.0; +http://yandex.com/bots)"
77.88.9.132 - - [05/Apr/2020:22:06:50 +0200] "GET /datenschutz.html HTTP/1.1" 200 12023 "-" "Mozilla/5.0 (compatible; YandexBot/3.0; +http://yandex.com/bots) AppleWebKit/537.36 (KHTML, like Gecko) Chrome/51.0.2704.106"
77.88.9.130 - - [05/Apr/2020:22:06:51 +0200] "GET /css/style.css HTTP/1.1" 200 2831 "http://www.mbingenieure.de/datenschutz.html" "Mozilla/5.0 (compatible; YandexBot/3.0; +http://yandex.com/bots) AppleWebKit/537.36 (KHTML, like Gecko) Chrome/51.0.2704.106"
77.88.9.136 - - [05/Apr/2020:22:06:52 +0200] "GET /js/libs/modernizr-2.5.3.min.js HTTP/1.1" 200 15274 "http://www.mbingenieure.de/datenschutz.html" "Mozilla/5.0 (compatible; YandexBot/3.0; +http://yandex.com/bots) AppleWebKit/537.36 (KHTML, like Gecko) Chrome/51.0.2704.106"
77.88.9.130 - - [05/Apr/2020:22:06:53 +0200] "GET /js/plugins.js HTTP/1.1" 200 898 "http://www.mbingenieure.de/datenschutz.html" "Mozilla/5.0 (compatible; YandexBot/3.0; +http://yandex.com/bots) AppleWebKit/537.36 (KHTML, like Gecko) Chrome/51.0.2704.106"
207.46.13.205 - - [05/Apr/2020:22:20:33 +0200] "GET /datenschutz.html HTTP/1.1" 200 12023 "-" "Mozilla/5.0 (compatible; bingbot/2.0; +http://www.bing.com/bingbot.htm)"
159.203.111.39 - - [06/Apr/2020:02:43:20 +0200] "GET / HTTP/1.1" 200 4799 "http://www.mbingenieure.de" "Mozilla/5.0 (X11; Datanyze; Linux x86_64) AppleWebKit/537.36 (KHTML, like Gecko) Chrome/65.0.3325.181 Safari/537.36"
159.203.111.39 - - [06/Apr/2020:02:43:21 +0200] "GET /js/libs/modernizr-2.5.3.min.js HTTP/1.1" 200 15274 "-" "Mozilla/5.0 (X11; Datanyze; Linux x86_64) AppleWebKit/537.36 (KHTML, like Gecko) Chrome/65.0.3325.181 Safari/537.36"
159.203.111.39 - - [06/Apr/2020:02:43:21 +0200] "GET /js/plugins.js HTTP/1.1" 200 898 "-" "Mozilla/5.0 (X11; Datanyze; Linux x86_64) AppleWebKit/537.36 (KHTML, like Gecko) Chrome/65.0.3325.181 Safari/537.36"
159.203.111.39 - - [06/Apr/2020:02:43:21 +0200] "GET /css/style.css HTTP/1.1" 200 2831 "-" "Mozilla/5.0 (X11; Datanyze; Linux x86_64) AppleWebKit/537.36 (KHTML, like Gecko) Chrome/65.0.3325.181 Safari/537.36"
159.203.111.39 - - [06/Apr/2020:02:43:30 +0200] "GET /robots.txt HTTP/1.1" 404 - "-" "Mozilla/5.0 (Windows NT 6.1; WOW64) AppleWebKit/537.36 (KHTML, like Gecko) Chrome/34.0.1847.137 Safari/537.36"
159.203.111.39 - - [06/Apr/2020:02:43:34 +0200] "GET /uns.html HTTP/1.1" 200 4520 "http://www.mbingenieure.de" "Mozilla/5.0 (X11; Datanyze; Linux x86_64) AppleWebKit/537.36 (KHTML, like Gecko) Chrome/65.0.3325.181 Safari/537.36"
159.203.111.39 - - [06/Apr/2020:02:43:34 +0200] "GET /index.html HTTP/1.1" 200 4799 "http://www.mbingenieure.de" "Mozilla/5.0 (X11; Datanyze; Linux x86_64) AppleWebKit/537.36 (KHTML, like Gecko) Chrome/65.0.3325.181 Safari/537.36"
159.203.111.39 - - [06/Apr/2020:02:43:34 +0200] "GET /spektrum.html HTTP/1.1" 200 4492 "http://www.mbingenieure.de" "Mozilla/5.0 (X11; Datanyze; Linux x86_64) AppleWebKit/537.36 (KHTML, like Gecko) Chrome/65.0.3325.181 Safari/537.36"
159.203.111.39 - - [06/Apr/2020:02:43:36 +0200] "GET /referenz.html HTTP/1.1" 200 11524 "http://www.mbingenieure.de" "Mozilla/5.0 (X11; Datanyze; Linux x86_64) AppleWebKit/537.36 (KHTML, like Gecko) Chrome/65.0.3325.181 Safari/537.36"
159.203.111.39 - - [06/Apr/2020:02:43:36 +0200] "GET /partner.html HTTP/1.1" 200 4528 "http://www.mbingenieure.de" "Mozilla/5.0 (X11; Datanyze; Linux x86_64) AppleWebKit/537.36 (KHTML, like Gecko) Chrome/65.0.3325.181 Safari/537.36"
159.203.111.39 - - [06/Apr/2020:02:43:36 +0200] "GET /datenschutz.html HTTP/1.1" 200 12023 "http://www.mbingenieure.de" "Mozilla/5.0 (X11; Datanyze; Linux x86_64) AppleWebKit/537.36 (KHTML, like Gecko) Chrome/65.0.3325.181 Safari/537.36"
159.203.111.39 - - [06/Apr/2020:02:43:36 +0200] "GET /impressum.html HTTP/1.1" 200 5799 "http://www.mbingenieure.de" "Mozilla/5.0 (X11; Datanyze; Linux x86_64) AppleWebKit/537.36 (KHTML, like Gecko) Chrome/65.0.3325.181 Safari/537.36"
159.203.111.39 - - [06/Apr/2020:02:43:36 +0200] "GET /kontakt.html HTTP/1.1" 200 4581 "http://www.mbingenieure.de" "Mozilla/5.0 (X11; Datanyze; Linux x86_64) AppleWebKit/537.36 (KHTML, like Gecko) Chrome/65.0.3325.181 Safari/537.36"
89.246.241.14 - - [06/Apr/2020:05:04:48 +0200] "GET /sitemap.xml HTTP/1.1" 404 - "-" "Mozilla/5.0 (Windows; U; Windows NT 6.0; de; rv:1.9.2.3) Gecko/20100401 Firefox/3.6.3 ( .NET CLR 3.5.30729)"
95.216.96.170 - - [06/Apr/2020:07:40:27 +0200] "GET /robots.txt HTTP/1.1" 404 - "-" "Mozilla/5.0 (compatible; SEOkicks; +https://www.seokicks.de/robot.html)"
95.216.96.170 - - [06/Apr/2020:07:40:28 +0200] "GET / HTTP/1.1" 200 4799 "-" "Mozilla/5.0 (compatible; SEOkicks; +https://www.seokicks.de/robot.html)"
46.229.168.131 - - [06/Apr/2020:09:48:58 +0200] "GET /robots.txt HTTP/1.1" 404 - "-" "Mozilla/5.0 (compatible; SemrushBot/6~bl; +http://www.semrush.com/bot.html)"
46.229.168.145 - - [06/Apr/2020:09:48:59 +0200] "GET /kontakt.html HTTP/1.1" 200 4581 "-" "Mozilla/5.0 (compatible; SemrushBot/6~bl; +http://www.semrush.com/bot.html)"
89.246.241.14 - - [06/Apr/2020:18:17:58 +0200] "GET /datenschutz.html HTTP/1.1" 200 12023 "-" "Mozilla/5.0 (Windows; U; Windows NT 6.0; de; rv:1.9.2.3) Gecko/20100401 Firefox/3.6.3 ( .NET CLR 3.5.30729)"
188.165.200.217 - - [06/Apr/2020:18:36:27 +0200] "HEAD / HTTP/1.1" 200 - "-" "Mozilla/4.0 (compatible; MSIE 5.01; Windows NT 5.0)"
3.226.243.36 - - [06/Apr/2020:20:43:28 +0200] "GET /robots.txt HTTP/1.1" 404 - "-" "CCBot/2.0 (https://commoncrawl.org/faq/)"
3.226.243.36 - - [06/Apr/2020:20:43:29 +0200] "GET / HTTP/1.1" 200 4799 "-" "CCBot/2.0 (https://commoncrawl.org/faq/)"
89.246.241.14 - - [06/Apr/2020:20:47:59 +0200] "GET /referenz.html HTTP/1.1" 200 11524 "-" "Mozilla/5.0 (Windows; U; Windows NT 6.0; de; rv:1.9.2.3) Gecko/20100401 Firefox/3.6.3 ( .NET CLR 3.5.30729)"
77.88.9.132 - - [06/Apr/2020:20:59:47 +0200] "GET /robots.txt HTTP/1.1" 404 - "-" "Mozilla/5.0 (compatible; YandexBot/3.0; +http://yandex.com/bots)"
77.88.9.132 - - [06/Apr/2020:20:59:51 +0200] "GET /datenschutz.html HTTP/1.1" 200 12023 "-" "Mozilla/5.0 (compatible; YandexBot/3.0; +http://yandex.com/bots) AppleWebKit/537.36 (KHTML, like Gecko) Chrome/51.0.2704.106"
216.244.66.200 - - [06/Apr/2020:20:59:51 +0200] "GET /robots.txt HTTP/1.1" 404 - "-" "Mozilla/5.0 (compatible; DotBot/1.1; http://www.opensiteexplorer.org/dotbot, help@moz.com)"
77.88.9.130 - - [06/Apr/2020:20:59:52 +0200] "GET /js/libs/modernizr-2.5.3.min.js HTTP/1.1" 200 15274 "http://www.mbingenieure.de/datenschutz.html" "Mozilla/5.0 (compatible; YandexBot/3.0; +http://yandex.com/bots) AppleWebKit/537.36 (KHTML, like Gecko) Chrome/51.0.2704.106"
77.88.9.136 - - [06/Apr/2020:20:59:53 +0200] "GET /js/plugins.js HTTP/1.1" 200 898 "http://www.mbingenieure.de/datenschutz.html" "Mozilla/5.0 (compatible; YandexBot/3.0; +http://yandex.com/bots) AppleWebKit/537.36 (KHTML, like Gecko) Chrome/51.0.2704.106"
77.88.9.130 - - [06/Apr/2020:20:59:54 +0200] "GET /css/style.css HTTP/1.1" 200 2831 "http://www.mbingenieure.de/datenschutz.html" "Mozilla/5.0 (compatible; YandexBot/3.0; +http://yandex.com/bots) AppleWebKit/537.36 (KHTML, like Gecko) Chrome/51.0.2704.106"
216.244.66.200 - - [06/Apr/2020:21:03:55 +0200] "GET /uns.html HTTP/1.1" 200 4520 "-" "Mozilla/5.0 (compatible; DotBot/1.1; http://www.opensiteexplorer.org/dotbot, help@moz.com)"
136.243.83.81 - - [06/Apr/2020:21:42:58 +0200] "GET / HTTP/1.1" 200 4799 "-" "Mozilla/5.0 (compatible; vebidoobot/1.0; +https://blog.vebidoo.de/vebidoobot/)"
136.243.83.81 - - [06/Apr/2020:21:42:58 +0200] "GET /robots.txt HTTP/1.1" 404 - "-" "Mozilla/5.0 (compatible; vebidoobot/1.0; +https://blog.vebidoo.de/vebidoobot/)"
136.243.83.81 - - [06/Apr/2020:21:42:58 +0200] "GET / HTTP/1.1" 200 4799 "-" "Mozilla/5.0 (compatible; vebidoobot/1.0; +https://blog.vebidoo.de/vebidoobot/)"
136.243.83.81 - - [06/Apr/2020:21:42:59 +0200] "GET / HTTP/1.1" 200 4799 "-" "Mozilla/5.0 (compatible; vebidoobot/1.0; +https://blog.vebidoo.de/vebidoobot/)"
136.243.83.81 - - [06/Apr/2020:21:42:59 +0200] "GET /index.html HTTP/1.1" 200 4799 "-" "Mozilla/5.0 (compatible; vebidoobot/1.0; +https://blog.vebidoo.de/vebidoobot/)"
136.243.83.81 - - [06/Apr/2020:21:43:01 +0200] "GET / HTTP/1.1" 200 4799 "-" "Mozilla/5.0 (compatible; vebidoobot/1.0; +https://blog.vebidoo.de/vebidoobot/)"
136.243.83.81 - - [06/Apr/2020:21:43:03 +0200] "GET /index.html HTTP/1.1" 200 4799 "-" "Mozilla/5.0 (compatible; vebidoobot/1.0; +https://blog.vebidoo.de/vebidoobot/)"
136.243.83.81 - - [06/Apr/2020:21:43:05 +0200] "GET /partner.html HTTP/1.1" 200 4528 "-" "Mozilla/5.0 (compatible; vebidoobot/1.0; +https://blog.vebidoo.de/vebidoobot/)"
136.243.83.81 - - [06/Apr/2020:21:43:07 +0200] "GET /uns.html HTTP/1.1" 200 4520 "-" "Mozilla/5.0 (compatible; vebidoobot/1.0; +https://blog.vebidoo.de/vebidoobot/)"
136.243.83.81 - - [06/Apr/2020:21:43:09 +0200] "GET /kontakt.html HTTP/1.1" 200 4581 "-" "Mozilla/5.0 (compatible; vebidoobot/1.0; +https://blog.vebidoo.de/vebidoobot/)"
136.243.83.81 - - [06/Apr/2020:21:43:11 +0200] "GET /datenschutz.html HTTP/1.1" 200 12023 "-" "Mozilla/5.0 (compatible; vebidoobot/1.0; +https://blog.vebidoo.de/vebidoobot/)"
136.243.83.81 - - [06/Apr/2020:21:43:13 +0200] "GET /referenz.html HTTP/1.1" 200 11524 "-" "Mozilla/5.0 (compatible; vebidoobot/1.0; +https://blog.vebidoo.de/vebidoobot/)"
136.243.83.81 - - [06/Apr/2020:21:43:15 +0200] "GET /spektrum.html HTTP/1.1" 200 4492 "-" "Mozilla/5.0 (compatible; vebidoobot/1.0; +https://blog.vebidoo.de/vebidoobot/)"
136.243.83.81 - - [06/Apr/2020:21:43:17 +0200] "GET /impressum.html HTTP/1.1" 200 5799 "-" "Mozilla/5.0 (compatible; vebidoobot/1.0; +https://blog.vebidoo.de/vebidoobot/)"
136.243.83.81 - - [06/Apr/2020:21:43:19 +0200] "GET /projekte.html HTTP/1.1" 200 8338 "-" "Mozilla/5.0 (compatible; vebidoobot/1.0; +https://blog.vebidoo.de/vebidoobot/)"
89.246.241.14 - - [06/Apr/2020:21:44:41 +0200] "GET /impressum.html HTTP/1.1" 200 5799 "-" "Mozilla/5.0 (Windows; U; Windows NT 6.0; de; rv:1.9.2.3) Gecko/20100401 Firefox/3.6.3 ( .NET CLR 3.5.30729)"
89.246.241.14 - - [06/Apr/2020:21:47:48 +0200] "GET /spektrum.html HTTP/1.1" 200 4492 "-" "Mozilla/5.0 (Windows; U; Windows NT 6.0; de; rv:1.9.2.3) Gecko/20100401 Firefox/3.6.3 ( .NET CLR 3.5.30729)"
89.246.241.14 - - [06/Apr/2020:22:12:38 +0200] "GET /partner.html HTTP/1.1" 200 4528 "-" "Mozilla/5.0 (Windows; U; Windows NT 6.0; de; rv:1.9.2.3) Gecko/20100401 Firefox/3.6.3 ( .NET CLR 3.5.30729)"
89.246.241.14 - - [06/Apr/2020:22:34:11 +0200] "GET /uns.html HTTP/1.1" 200 4520 "-" "Mozilla/5.0 (Windows; U; Windows NT 6.0; de; rv:1.9.2.3) Gecko/20100401 Firefox/3.6.3 ( .NET CLR 3.5.30729)"
89.246.241.14 - - [06/Apr/2020:22:42:22 +0200] "GET /kontakt.html HTTP/1.1" 200 4581 "-" "Mozilla/5.0 (Windows; U; Windows NT 6.0; de; rv:1.9.2.3) Gecko/20100401 Firefox/3.6.3 ( .NET CLR 3.5.30729)"
66.220.149.15 - - [06/Apr/2020:22:47:02 +0200] "HEAD / HTTP/1.1" 206 - "-" "facebookexternalhit/1.1 (+http://www.facebook.com/externalhit_uatext.php)"
66.220.149.12 - - [06/Apr/2020:22:47:09 +0200] "GET / HTTP/1.1" 206 4799 "-" "facebookexternalhit/1.1 (+http://www.facebook.com/externalhit_uatext.php)"
89.246.241.14 - - [06/Apr/2020:22:51:32 +0200] "GET /index.html HTTP/1.1" 200 4799 "-" "Mozilla/5.0 (Windows; U; Windows NT 6.0; de; rv:1.9.2.3) Gecko/20100401 Firefox/3.6.3 ( .NET CLR 3.5.30729)"
95.128.200.200 - - [07/Apr/2020:00:30:35 +0200] "GET / HTTP/1.1" 200 4799 "https://www.google.de" "Mozilla/5.0 (Windows NT 6.1) AppleWebKit/537.36 (KHTML, like Gecko) Chrome/41.0.2228.0 Safari/537.36"
35.205.51.91 - - [07/Apr/2020:11:24:14 +0200] "GET /robots.txt HTTP/1.1" 404 - "-" "python-requests/2.22.0"
35.205.51.91 - - [07/Apr/2020:11:24:14 +0200] "GET / HTTP/1.1" 200 4799 "-" "Mozilla/5.0 (Windows NT 6.1) AppleWebKit/537.36 (KHTML, like Gecko) Chrome/41.0.2228.0 Safari/537.36"
35.205.51.91 - - [07/Apr/2020:11:24:14 +0200] "GET /kontakt.html HTTP/1.1" 200 4581 "-" "Mozilla/5.0 (Windows NT 6.1) AppleWebKit/537.36 (KHTML, like Gecko) Chrome/41.0.2228.0 Safari/537.36"
35.205.51.91 - - [07/Apr/2020:11:24:14 +0200] "GET /impressum.html HTTP/1.1" 200 5799 "-" "Mozilla/5.0 (Windows NT 6.1) AppleWebKit/537.36 (KHTML, like Gecko) Chrome/41.0.2228.0 Safari/537.36"
35.205.51.91 - - [07/Apr/2020:11:24:14 +0200] "GET /index.html HTTP/1.1" 200 4799 "-" "Mozilla/5.0 (Windows NT 6.1) AppleWebKit/537.36 (KHTML, like Gecko) Chrome/41.0.2228.0 Safari/537.36"
35.205.51.91 - - [07/Apr/2020:11:24:14 +0200] "GET /uns.html HTTP/1.1" 200 4520 "-" "Mozilla/5.0 (Windows NT 6.1) AppleWebKit/537.36 (KHTML, like Gecko) Chrome/41.0.2228.0 Safari/537.36"
35.205.51.91 - - [07/Apr/2020:11:24:14 +0200] "GET /spektrum.html HTTP/1.1" 200 4492 "-" "Mozilla/5.0 (Windows NT 6.1) AppleWebKit/537.36 (KHTML, like Gecko) Chrome/41.0.2228.0 Safari/537.36"
35.205.51.91 - - [07/Apr/2020:11:24:14 +0200] "GET /referenz.html HTTP/1.1" 200 11524 "-" "Mozilla/5.0 (Windows NT 6.1) AppleWebKit/537.36 (KHTML, like Gecko) Chrome/41.0.2228.0 Safari/537.36"
35.205.51.91 - - [07/Apr/2020:11:24:15 +0200] "GET /partner.html HTTP/1.1" 200 4528 "-" "Mozilla/5.0 (Windows NT 6.1) AppleWebKit/537.36 (KHTML, like Gecko) Chrome/41.0.2228.0 Safari/537.36"
35.205.51.91 - - [07/Apr/2020:11:24:15 +0200] "GET /datenschutz.html HTTP/1.1" 200 12023 "-" "Mozilla/5.0 (Windows NT 6.1) AppleWebKit/537.36 (KHTML, like Gecko) Chrome/41.0.2228.0 Safari/537.36"
193.159.58.9 - - [07/Apr/2020:15:35:07 +0200] "GET / HTTP/1.1" 200 4799 "-" "Mozilla/5.0 (Windows NT 10.0; Win64; x64) AppleWebKit/537.36 (KHTML, like Gecko) Chrome/79.0.3945.130 Safari/537.36"
157.55.39.44 - - [07/Apr/2020:15:43:35 +0200] "GET /robots.txt HTTP/1.1" 404 - "-" "Mozilla/5.0 (compatible; bingbot/2.0; +http://www.bing.com/bingbot.htm)"
157.55.39.182 - - [07/Apr/2020:16:24:54 +0200] "GET /images/2a.png HTTP/1.1" 200 25553 "-" "Mozilla/5.0 (compatible; bingbot/2.0; +http://www.bing.com/bingbot.htm)"
47.57.24.74 - - [07/Apr/2020:16:42:39 +0200] "GET / HTTP/1.1" 200 4799 "-" "Mozilla/5.0 (Windows NT 6.1; Win64; x64) AppleWebKit/537.36 (KHTML, like Gecko) Chrome/79.0.3945.88 Safari/537.36"
47.57.24.74 - - [07/Apr/2020:16:42:42 +0200] "GET /kontakt.html HTTP/1.1" 200 4581 "http://www.mbingenieure.de" "Mozilla/5.0 (Windows NT 6.1; Win64; x64) AppleWebKit/537.36 (KHTML, like Gecko) Chrome/79.0.3945.88 Safari/537.36"
47.57.24.74 - - [07/Apr/2020:16:42:45 +0200] "GET /kontakt.html HTTP/1.1" 200 4581 "http://www.mbingenieure.de/kontakt.html" "Mozilla/5.0 (Windows NT 6.1; Win64; x64) AppleWebKit/537.36 (KHTML, like Gecko) Chrome/79.0.3945.88 Safari/537.36"
223.25.99.37 - - [07/Apr/2020:18:17:11 +0200] "GET /wp-login.php HTTP/1.1" 404 - "-" "Mozilla/5.0 (X11; Ubuntu; Linux x86_64; rv:62.0) Gecko/20100101 Firefox/62.0"
54.36.148.6 - - [07/Apr/2020:18:58:16 +0200] "GET /robots.txt HTTP/1.1" 404 - "-" "Mozilla/5.0 (compatible; AhrefsBot/6.1; +http://ahrefs.com/robot/)"
54.36.149.87 - - [07/Apr/2020:19:32:01 +0200] "GET /robots.txt HTTP/1.1" 404 - "-" "Mozilla/5.0 (compatible; AhrefsBot/6.1; +http://ahrefs.com/robot/)"
151.80.39.231 - - [07/Apr/2020:19:32:03 +0200] "GET / HTTP/1.1" 200 4799 "-" "Mozilla/5.0 (compatible; AhrefsBot/6.1; +http://ahrefs.com/robot/)"
194.173.174.10 - - [07/Apr/2020:21:25:36 +0200] "HEAD / HTTP/1.1" 200 - "-" "Mozilla/5.0 (Windows NT 6.3; WOW64) AppleWebKit/537.36 (KHTML, like Gecko) Chrome/43.0.2357.134 Safari/537.36"
170.130.187.42 - - [07/Apr/2020:22:56:19 +0200] "GET / HTTP/1.1" 200 4799 "-" "https://gdnplus.com:Gather Analyze Provide."
17.58.100.93 - - [08/Apr/2020:02:15:24 +0200] "GET /robots.txt HTTP/1.1" 404 - "-" "Mozilla/5.0 (Macintosh; Intel Mac OS X 10_10_1) AppleWebKit/600.2.5 (KHTML, like Gecko) Version/8.0.2 Safari/600.2.5 (Applebot/0.1; +http://www.apple.com/go/applebot)"
17.58.96.45 - - [08/Apr/2020:02:15:25 +0200] "GET / HTTP/1.1" 200 4799 "-" "Mozilla/5.0 (Macintosh; Intel Mac OS X 10_10_1) AppleWebKit/600.2.5 (KHTML, like Gecko) Version/8.0.2 Safari/600.2.5 (Applebot/0.1; +http://www.apple.com/go/applebot)"
157.55.39.35 - - [08/Apr/2020:02:47:58 +0200] "GET /images/0941a.png HTTP/1.1" 200 27992 "-" "Mozilla/5.0 (compatible; bingbot/2.0; +http://www.bing.com/bingbot.htm)"
3.81.120.91 - - [08/Apr/2020:08:06:05 +0200] "GET / HTTP/1.1" 200 4799 "-" "Mozilla/5.0 (X11; Linux x86_64) AppleWebKit/537.36 (KHTML, like Gecko) Chrome/58.0.3029.110 Safari/537.36"
194.173.174.10 - - [08/Apr/2020:10:49:44 +0200] "HEAD / HTTP/1.1" 200 - "-" "Mozilla/5.0 (Windows NT 6.3; WOW64) AppleWebKit/537.36 (KHTML, like Gecko) Chrome/43.0.2357.134 Safari/537.36"
194.173.174.10 - - [08/Apr/2020:21:47:39 +0200] "HEAD / HTTP/1.1" 200 - "-" "Mozilla/5.0 (Windows NT 6.3; WOW64) AppleWebKit/537.36 (KHTML, like Gecko) Chrome/43.0.2357.134 Safari/537.36"
37.230.129.202 - - [08/Apr/2020:21:59:24 +0200] "GET /kontakt.html HTTP/1.1" 200 4581 "-" "Mozilla/5.0 (Windows NT 6.1; Win64; x64; rv:56.0) Gecko/20100101 Firefox/56.0"
51.136.2.173 - - [08/Apr/2020:23:19:53 +0200] "GET /robots.txt HTTP/1.1" 404 - "-" "Mozilla/5.0 (Windows NT 6.1; WOW64) AppleWebKit/535.2 (KHTML, like Gecko) Chrome/15.0.874.121 Safari/535.2"
51.136.2.173 - - [08/Apr/2020:23:19:53 +0200] "GET / HTTP/1.1" 200 4799 "-" "Mozilla/5.0 (Windows NT 6.1; WOW64) AppleWebKit/535.2 (KHTML, like Gecko) Chrome/15.0.874.121 Safari/535.2"
51.136.2.173 - - [08/Apr/2020:23:19:53 +0200] "GET / HTTP/1.1" 200 4799 "-" "Mozilla/5.0 (Windows NT 6.1; WOW64) AppleWebKit/535.2 (KHTML, like Gecko) Chrome/15.0.874.121 Safari/535.2"
51.136.2.173 - - [08/Apr/2020:23:19:53 +0200] "GET /index.html HTTP/1.1" 200 4799 "-" "Mozilla/5.0 (Windows NT 6.1; WOW64) AppleWebKit/535.2 (KHTML, like Gecko) Chrome/15.0.874.121 Safari/535.2"
51.136.2.173 - - [08/Apr/2020:23:19:53 +0200] "GET /kontakt.html HTTP/1.1" 200 4581 "-" "Mozilla/5.0 (Windows NT 6.1; WOW64) AppleWebKit/535.2 (KHTML, like Gecko) Chrome/15.0.874.121 Safari/535.2"
51.136.2.173 - - [08/Apr/2020:23:19:54 +0200] "GET /index.html HTTP/1.1" 200 4799 "-" "Mozilla/5.0 (Windows NT 6.1; WOW64) AppleWebKit/535.2 (KHTML, like Gecko) Chrome/15.0.874.121 Safari/535.2"
51.136.2.173 - - [08/Apr/2020:23:19:54 +0200] "GET /impressum.html HTTP/1.1" 200 5799 "-" "Mozilla/5.0 (Windows NT 6.1; WOW64) AppleWebKit/535.2 (KHTML, like Gecko) Chrome/15.0.874.121 Safari/535.2"
51.136.2.173 - - [08/Apr/2020:23:19:54 +0200] "GET /kontakt.html HTTP/1.1" 200 4581 "-" "Mozilla/5.0 (Windows NT 6.1; WOW64) AppleWebKit/535.2 (KHTML, like Gecko) Chrome/15.0.874.121 Safari/535.2"
54.36.149.85 - - [08/Apr/2020:23:21:12 +0200] "GET /robots.txt HTTP/1.1" 404 - "-" "Mozilla/5.0 (compatible; AhrefsBot/6.1; +http://ahrefs.com/robot/)"
157.55.39.167 - - [09/Apr/2020:00:40:10 +0200] "GET /impressum.html HTTP/1.1" 200 5799 "-" "Mozilla/5.0 (compatible; bingbot/2.0; +http://www.bing.com/bingbot.htm)"
77.88.9.132 - - [09/Apr/2020:04:34:43 +0200] "GET /robots.txt HTTP/1.1" 404 - "-" "Mozilla/5.0 (compatible; YandexBot/3.0; +http://yandex.com/bots)"
77.88.9.132 - - [09/Apr/2020:04:34:47 +0200] "GET /datenschutz.html HTTP/1.1" 200 12023 "-" "Mozilla/5.0 (compatible; YandexBot/3.0; +http://yandex.com/bots) AppleWebKit/537.36 (KHTML, like Gecko) Chrome/51.0.2704.106"
77.88.9.130 - - [09/Apr/2020:04:41:02 +0200] "GET /js/libs/modernizr-2.5.3.min.js HTTP/1.1" 200 15274 "http://www.mbingenieure.de/datenschutz.html" "Mozilla/5.0 (compatible; YandexBot/3.0; +http://yandex.com/bots) AppleWebKit/537.36 (KHTML, like Gecko) Chrome/51.0.2704.106"
77.88.9.136 - - [09/Apr/2020:04:41:04 +0200] "GET /js/plugins.js HTTP/1.1" 200 898 "http://www.mbingenieure.de/datenschutz.html" "Mozilla/5.0 (compatible; YandexBot/3.0; +http://yandex.com/bots) AppleWebKit/537.36 (KHTML, like Gecko) Chrome/51.0.2704.106"
77.88.9.130 - - [09/Apr/2020:04:41:05 +0200] "GET /css/style.css HTTP/1.1" 200 2831 "http://www.mbingenieure.de/datenschutz.html" "Mozilla/5.0 (compatible; YandexBot/3.0; +http://yandex.com/bots) AppleWebKit/537.36 (KHTML, like Gecko) Chrome/51.0.2704.106"
77.88.9.129 - - [09/Apr/2020:04:56:59 +0200] "GET /kontakt.html HTTP/1.1" 200 4581 "-" "Mozilla/5.0 (compatible; YandexBot/3.0; +http://yandex.com/bots)"
157.55.39.167 - - [09/Apr/2020:08:48:27 +0200] "GET /impressum.html HTTP/1.1" 200 5799 "-" "Mozilla/5.0 (compatible; bingbot/2.0; +http://www.bing.com/bingbot.htm)"
