199.30.24.214 - - [26/Jul/2017:23:50:22 +0200] "GET /core/litebox-1.0.js HTTP/1.1" 200 15581 "-" "Mozilla/5.0 (iPhone; CPU iPhone OS 7_0 like Mac OS X) AppleWebKit/537.51.1 (KHTML, like Gecko) Version/7.0 Mobile/11A465 Safari/9537.53 BingPreview/1.0b"
65.55.210.195 - - [26/Jul/2017:23:50:23 +0200] "GET /templates/plugins.css HTTP/1.1" 200 1931 "-" "Mozilla/5.0 (iPhone; CPU iPhone OS 7_0 like Mac OS X) AppleWebKit/537.51.1 (KHTML, like Gecko) Version/7.0 Mobile/11A465 Safari/9537.53 BingPreview/1.0b"
199.30.24.26 - - [26/Jul/2017:23:50:24 +0200] "GET /templates/img/bg.jpg HTTP/1.1" 200 18814 "-" "Mozilla/5.0 (iPhone; CPU iPhone OS 7_0 like Mac OS X) AppleWebKit/537.51.1 (KHTML, like Gecko) Version/7.0 Mobile/11A465 Safari/9537.53 BingPreview/1.0b"
199.30.24.26 - - [26/Jul/2017:23:50:25 +0200] "GET /templates/img/points.gif HTTP/1.1" 200 62 "-" "Mozilla/5.0 (iPhone; CPU iPhone OS 7_0 like Mac OS X) AppleWebKit/537.51.1 (KHTML, like Gecko) Version/7.0 Mobile/11A465 Safari/9537.53 BingPreview/1.0b"
65.55.210.195 - - [26/Jul/2017:23:50:26 +0200] "GET /templates/img/nav.gif HTTP/1.1" 200 1501 "-" "Mozilla/5.0 (iPhone; CPU iPhone OS 7_0 like Mac OS X) AppleWebKit/537.51.1 (KHTML, like Gecko) Version/7.0 Mobile/11A465 Safari/9537.53 BingPreview/1.0b"
65.55.210.145 - - [26/Jul/2017:23:50:27 +0200] "GET /templates/img/two-columns.gif HTTP/1.1" 200 65 "-" "Mozilla/5.0 (iPhone; CPU iPhone OS 7_0 like Mac OS X) AppleWebKit/537.51.1 (KHTML, like Gecko) Version/7.0 Mobile/11A465 Safari/9537.53 BingPreview/1.0b"
199.30.24.232 - - [26/Jul/2017:23:50:26 +0200] "GET /templates/img/header.png HTTP/1.1" 200 134243 "-" "Mozilla/5.0 (iPhone; CPU iPhone OS 7_0 like Mac OS X) AppleWebKit/537.51.1 (KHTML, like Gecko) Version/7.0 Mobile/11A465 Safari/9537.53 BingPreview/1.0b"
65.55.210.145 - - [26/Jul/2017:23:50:27 +0200] "GET /templates/img/circle.png HTTP/1.1" 200 194 "-" "Mozilla/5.0 (iPhone; CPU iPhone OS 7_0 like Mac OS X) AppleWebKit/537.51.1 (KHTML, like Gecko) Version/7.0 Mobile/11A465 Safari/9537.53 BingPreview/1.0b"
66.249.66.157 - - [27/Jul/2017:01:09:24 +0200] "GET /robots.txt HTTP/1.1" 404 1256 "-" "Mozilla/5.0 (compatible; Googlebot/2.1; +http://www.google.com/bot.html)"
66.249.66.156 - - [27/Jul/2017:01:09:25 +0200] "GET /?formular,41 HTTP/1.1" 302 - "-" "Mozilla/5.0 (compatible; Googlebot/2.1; +http://www.google.com/bot.html)"
46.229.164.102 - - [27/Jul/2017:02:52:56 +0200] "GET /robots.txt HTTP/1.1" 404 1256 "-" "Mozilla/5.0 (compatible; SemrushBot/1.2~bl; +http://www.semrush.com/bot.html)"
138.201.30.66 - - [27/Jul/2017:03:22:13 +0200] "GET /robots.txt HTTP/1.0" 404 1256 "-" "Mozilla/5.0 (compatible; SEOkicks-Robot; +http://www.seokicks.de/robot.html)"
138.201.30.66 - - [27/Jul/2017:03:22:14 +0200] "GET / HTTP/1.0" 200 6789 "-" "Mozilla/5.0 (compatible; SEOkicks-Robot; +http://www.seokicks.de/robot.html)"
138.201.30.66 - - [27/Jul/2017:03:22:16 +0200] "GET /favicon.ico HTTP/1.0" 200 2602 "http://www.quartier-bb.de/" "Mozilla/5.0 (compatible; SEOkicks-Robot; +http://www.seokicks.de/robot.html)"
138.201.30.66 - - [27/Jul/2017:03:22:18 +0200] "GET /core/common.js HTTP/1.0" 200 2364 "http://www.quartier-bb.de/" "Mozilla/5.0 (compatible; SEOkicks-Robot; +http://www.seokicks.de/robot.html)"
138.201.30.66 - - [27/Jul/2017:03:22:19 +0200] "GET /core/plugins.js HTTP/1.0" 200 28 "http://www.quartier-bb.de/" "Mozilla/5.0 (compatible; SEOkicks-Robot; +http://www.seokicks.de/robot.html)"
138.201.30.66 - - [27/Jul/2017:03:22:20 +0200] "GET /core/prototype.lite.js HTTP/1.0" 200 3335 "http://www.quartier-bb.de/" "Mozilla/5.0 (compatible; SEOkicks-Robot; +http://www.seokicks.de/robot.html)"
138.201.30.66 - - [27/Jul/2017:03:22:21 +0200] "GET /core/moo.fx.js HTTP/1.0" 200 3267 "http://www.quartier-bb.de/" "Mozilla/5.0 (compatible; SEOkicks-Robot; +http://www.seokicks.de/robot.html)"
138.201.30.66 - - [27/Jul/2017:03:22:24 +0200] "GET /core/litebox-1.0.js HTTP/1.0" 200 15581 "http://www.quartier-bb.de/" "Mozilla/5.0 (compatible; SEOkicks-Robot; +http://www.seokicks.de/robot.html)"
138.201.30.66 - - [27/Jul/2017:03:22:26 +0200] "GET /templates/default.css HTTP/1.0" 200 7156 "http://www.quartier-bb.de/" "Mozilla/5.0 (compatible; SEOkicks-Robot; +http://www.seokicks.de/robot.html)"
181.41.204.150 - - [27/Jul/2017:05:21:11 +0200] "GET / HTTP/1.1" 200 6789 "-" "Java/1.6.0_04"
181.41.204.150 - - [27/Jul/2017:05:21:11 +0200] "GET /? HTTP/1.1" 200 6789 "-" "Java/1.6.0_04"
181.41.204.150 - - [27/Jul/2017:05:21:12 +0200] "GET /core/common.js HTTP/1.1" 200 2364 "-" "Java/1.6.0_04"
181.41.204.150 - - [27/Jul/2017:05:21:12 +0200] "GET /core/litebox-1.0.js HTTP/1.1" 200 15581 "-" "Java/1.6.0_04"
181.41.204.150 - - [27/Jul/2017:05:21:13 +0200] "GET /core/moo.fx.js HTTP/1.1" 200 3267 "-" "Java/1.6.0_04"
181.41.204.150 - - [27/Jul/2017:05:21:13 +0200] "GET /core/plugins.js HTTP/1.1" 200 28 "-" "Java/1.6.0_04"
181.41.204.150 - - [27/Jul/2017:05:21:13 +0200] "GET /core/prototype.lite.js HTTP/1.1" 200 3335 "-" "Java/1.6.0_04"
181.41.204.150 - - [27/Jul/2017:05:21:13 +0200] "GET //? HTTP/1.1" 200 6789 "-" "Java/1.6.0_04"
181.41.204.150 - - [27/Jul/2017:05:21:14 +0200] "GET //core/common.js HTTP/1.1" 200 2364 "-" "Java/1.6.0_04"
181.41.204.150 - - [27/Jul/2017:05:21:14 +0200] "GET //core/litebox-1.0.js HTTP/1.1" 200 15581 "-" "Java/1.6.0_04"
181.41.204.150 - - [27/Jul/2017:05:21:14 +0200] "GET //core/moo.fx.js HTTP/1.1" 200 3267 "-" "Java/1.6.0_04"
181.41.204.150 - - [27/Jul/2017:05:21:14 +0200] "GET //core/plugins.js HTTP/1.1" 200 28 "-" "Java/1.6.0_04"
181.41.204.150 - - [27/Jul/2017:05:21:14 +0200] "GET //core/prototype.lite.js HTTP/1.1" 200 3335 "-" "Java/1.6.0_04"
181.41.204.150 - - [27/Jul/2017:05:21:15 +0200] "GET ///? HTTP/1.1" 200 6789 "-" "Java/1.6.0_04"
181.41.204.150 - - [27/Jul/2017:05:21:15 +0200] "GET ///core/common.js HTTP/1.1" 200 2364 "-" "Java/1.6.0_04"
181.41.204.150 - - [27/Jul/2017:05:21:15 +0200] "GET ///core/litebox-1.0.js HTTP/1.1" 200 15581 "-" "Java/1.6.0_04"
181.41.204.150 - - [27/Jul/2017:05:21:16 +0200] "GET ///core/moo.fx.js HTTP/1.1" 200 3267 "-" "Java/1.6.0_04"
181.41.204.150 - - [27/Jul/2017:05:21:16 +0200] "GET ///core/plugins.js HTTP/1.1" 200 28 "-" "Java/1.6.0_04"
181.41.204.150 - - [27/Jul/2017:05:21:16 +0200] "GET ///core/prototype.lite.js HTTP/1.1" 200 3335 "-" "Java/1.6.0_04"
181.41.204.150 - - [27/Jul/2017:05:21:16 +0200] "GET ////? HTTP/1.1" 200 6789 "-" "Java/1.6.0_04"
181.41.204.150 - - [27/Jul/2017:05:21:16 +0200] "GET ////core/common.js HTTP/1.1" 200 2364 "-" "Java/1.6.0_04"
181.41.204.150 - - [27/Jul/2017:05:21:16 +0200] "GET ////core/litebox-1.0.js HTTP/1.1" 200 15581 "-" "Java/1.6.0_04"
181.41.204.150 - - [27/Jul/2017:05:21:17 +0200] "GET ////core/moo.fx.js HTTP/1.1" 200 3267 "-" "Java/1.6.0_04"
181.41.204.150 - - [27/Jul/2017:05:21:17 +0200] "GET ////core/plugins.js HTTP/1.1" 200 28 "-" "Java/1.6.0_04"
181.41.204.150 - - [27/Jul/2017:05:21:17 +0200] "GET ////core/prototype.lite.js HTTP/1.1" 200 3335 "-" "Java/1.6.0_04"
181.41.204.150 - - [27/Jul/2017:05:21:17 +0200] "GET /////? HTTP/1.1" 200 6789 "-" "Java/1.6.0_04"
181.41.204.150 - - [27/Jul/2017:05:21:18 +0200] "GET /////core/common.js HTTP/1.1" 200 2364 "-" "Java/1.6.0_04"
181.41.204.150 - - [27/Jul/2017:05:21:18 +0200] "GET /////core/litebox-1.0.js HTTP/1.1" 200 15581 "-" "Java/1.6.0_04"
181.41.204.150 - - [27/Jul/2017:05:21:18 +0200] "GET /////core/moo.fx.js HTTP/1.1" 200 3267 "-" "Java/1.6.0_04"
181.41.204.150 - - [27/Jul/2017:05:21:18 +0200] "GET /////core/plugins.js HTTP/1.1" 200 28 "-" "Java/1.6.0_04"
66.249.66.156 - - [27/Jul/2017:09:50:09 +0200] "GET /?impressum,15 HTTP/1.1" 200 5152 "-" "Mozilla/5.0 (compatible; Googlebot/2.1; +http://www.google.com/bot.html)"
79.255.37.237 - - [27/Jul/2017:10:12:30 +0200] "GET / HTTP/1.1" 200 6789 "-" "Java/1.4.1_04"
79.255.37.237 - - [27/Jul/2017:10:12:30 +0200] "GET /? HTTP/1.1" 200 6789 "-" "Java/1.4.1_04"
79.255.37.237 - - [27/Jul/2017:10:12:31 +0200] "GET /core/common.js HTTP/1.1" 200 2364 "-" "Java/1.4.1_04"
79.255.37.237 - - [27/Jul/2017:10:12:31 +0200] "GET /core/litebox-1.0.js HTTP/1.1" 200 15581 "-" "Java/1.4.1_04"
79.255.37.237 - - [27/Jul/2017:10:12:31 +0200] "GET /core/moo.fx.js HTTP/1.1" 200 3267 "-" "Java/1.4.1_04"
79.255.37.237 - - [27/Jul/2017:10:12:31 +0200] "GET /core/plugins.js HTTP/1.1" 200 28 "-" "Java/1.4.1_04"
79.255.37.237 - - [27/Jul/2017:10:12:31 +0200] "GET /core/prototype.lite.js HTTP/1.1" 200 3335 "-" "Java/1.4.1_04"
79.255.37.237 - - [27/Jul/2017:10:12:31 +0200] "GET //? HTTP/1.1" 200 6789 "-" "Java/1.4.1_04"
79.255.37.237 - - [27/Jul/2017:10:12:32 +0200] "GET //core/common.js HTTP/1.1" 200 2364 "-" "Java/1.4.1_04"
79.255.37.237 - - [27/Jul/2017:10:12:32 +0200] "GET //core/litebox-1.0.js HTTP/1.1" 200 15581 "-" "Java/1.4.1_04"
79.255.37.237 - - [27/Jul/2017:10:12:32 +0200] "GET //core/moo.fx.js HTTP/1.1" 200 3267 "-" "Java/1.4.1_04"
79.255.37.237 - - [27/Jul/2017:10:12:32 +0200] "GET //core/plugins.js HTTP/1.1" 200 28 "-" "Java/1.4.1_04"
79.255.37.237 - - [27/Jul/2017:10:12:32 +0200] "GET //core/prototype.lite.js HTTP/1.1" 200 3335 "-" "Java/1.4.1_04"
79.255.37.237 - - [27/Jul/2017:10:12:32 +0200] "GET ///? HTTP/1.1" 200 6789 "-" "Java/1.4.1_04"
79.255.37.237 - - [27/Jul/2017:10:12:33 +0200] "GET ///core/common.js HTTP/1.1" 200 2364 "-" "Java/1.4.1_04"
79.255.37.237 - - [27/Jul/2017:10:12:33 +0200] "GET ///core/litebox-1.0.js HTTP/1.1" 200 15581 "-" "Java/1.4.1_04"
79.255.37.237 - - [27/Jul/2017:10:12:33 +0200] "GET ///core/moo.fx.js HTTP/1.1" 200 3267 "-" "Java/1.4.1_04"
79.255.37.237 - - [27/Jul/2017:10:12:33 +0200] "GET ///core/plugins.js HTTP/1.1" 200 28 "-" "Java/1.4.1_04"
79.255.37.237 - - [27/Jul/2017:10:12:33 +0200] "GET ///core/prototype.lite.js HTTP/1.1" 200 3335 "-" "Java/1.4.1_04"
79.255.37.237 - - [27/Jul/2017:10:12:33 +0200] "GET ////? HTTP/1.1" 200 6789 "-" "Java/1.4.1_04"
79.255.37.237 - - [27/Jul/2017:10:12:34 +0200] "GET ////core/common.js HTTP/1.1" 200 2364 "-" "Java/1.4.1_04"
79.255.37.237 - - [27/Jul/2017:10:12:34 +0200] "GET ////core/litebox-1.0.js HTTP/1.1" 200 15581 "-" "Java/1.4.1_04"
79.255.37.237 - - [27/Jul/2017:10:12:34 +0200] "GET ////core/moo.fx.js HTTP/1.1" 200 3267 "-" "Java/1.4.1_04"
79.255.37.237 - - [27/Jul/2017:10:12:34 +0200] "GET ////core/plugins.js HTTP/1.1" 200 28 "-" "Java/1.4.1_04"
79.255.37.237 - - [27/Jul/2017:10:12:34 +0200] "GET ////core/prototype.lite.js HTTP/1.1" 200 3335 "-" "Java/1.4.1_04"
79.255.37.237 - - [27/Jul/2017:10:12:34 +0200] "GET /////? HTTP/1.1" 200 6789 "-" "Java/1.4.1_04"
79.255.37.237 - - [27/Jul/2017:10:12:34 +0200] "GET /////core/common.js HTTP/1.1" 200 2364 "-" "Java/1.4.1_04"
79.255.37.237 - - [27/Jul/2017:10:12:34 +0200] "GET /////core/litebox-1.0.js HTTP/1.1" 200 15581 "-" "Java/1.4.1_04"
79.255.37.237 - - [27/Jul/2017:10:12:35 +0200] "GET /////core/moo.fx.js HTTP/1.1" 200 3267 "-" "Java/1.4.1_04"
79.255.37.237 - - [27/Jul/2017:10:12:35 +0200] "GET /////core/plugins.js HTTP/1.1" 200 28 "-" "Java/1.4.1_04"
66.249.66.158 - - [27/Jul/2017:10:20:24 +0200] "GET / HTTP/1.1" 200 6789 "-" "Mozilla/5.0 (Linux; Android 6.0.1; Nexus 5X Build/MMB29P) AppleWebKit/537.36 (KHTML, like Gecko) Chrome/41.0.2272.96 Mobile Safari/537.36 (compatible; Googlebot/2.1; +http://www.google.com/bot.html)"
40.77.167.119 - - [27/Jul/2017:11:15:58 +0200] "GET / HTTP/1.1" 200 6789 "-" "Mozilla/5.0 (compatible; bingbot/2.0; +http://www.bing.com/bingbot.htm)"
66.249.66.156 - - [27/Jul/2017:13:18:13 +0200] "GET /robots.txt HTTP/1.1" 404 1256 "-" "Mozilla/5.0 (compatible; Googlebot/2.1; +http://www.google.com/bot.html)"
66.249.66.158 - - [27/Jul/2017:13:18:13 +0200] "GET / HTTP/1.1" 200 6789 "-" "Mozilla/5.0 (Linux; Android 6.0.1; Nexus 5X Build/MMB29P) AppleWebKit/537.36 (KHTML, like Gecko) Chrome/41.0.2272.96 Mobile Safari/537.36 (compatible; Googlebot/2.1; +http://www.google.com/bot.html)"
46.229.164.102 - - [27/Jul/2017:14:49:09 +0200] "GET /robots.txt HTTP/1.1" 404 1256 "-" "Mozilla/5.0 (compatible; SemrushBot/1.2~bl; +http://www.semrush.com/bot.html)"
216.244.66.203 - - [27/Jul/2017:19:05:25 +0200] "GET /robots.txt HTTP/1.1" 404 1256 "-" "Mozilla/5.0 (compatible; DotBot/1.1; http://www.opensiteexplorer.org/dotbot, help@moz.com)"
66.249.66.157 - - [27/Jul/2017:21:05:25 +0200] "GET /files/top_left_basic.gif HTTP/1.1" 304 - "-" "Googlebot-Image/1.0"
46.229.164.102 - - [27/Jul/2017:23:48:42 +0200] "GET /robots.txt HTTP/1.1" 404 1256 "-" "Mozilla/5.0 (compatible; SemrushBot/1.2~bl; +http://www.semrush.com/bot.html)"
157.55.39.48 - - [28/Jul/2017:02:36:45 +0200] "GET /robots.txt HTTP/1.1" 404 1256 "-" "Mozilla/5.0 (compatible; bingbot/2.0; +http://www.bing.com/bingbot.htm)"
66.249.79.29 - - [28/Jul/2017:03:08:49 +0200] "GET /robots.txt HTTP/1.1" 404 1256 "-" "Mozilla/5.0 (compatible; Googlebot/2.1; +http://www.google.com/bot.html)"
66.249.79.25 - - [28/Jul/2017:03:08:49 +0200] "GET /?impressum,15 HTTP/1.1" 200 5152 "-" "Mozilla/5.0 (compatible; Googlebot/2.1; +http://www.google.com/bot.html)"
180.76.15.156 - - [28/Jul/2017:04:02:51 +0200] "GET /?unternehmen,35 HTTP/1.1" 200 5693 "-" "Mozilla/5.0 (compatible; Baiduspider/2.0; +http://www.baidu.com/search/spider.html)"
40.77.167.119 - - [28/Jul/2017:04:36:32 +0200] "GET / HTTP/1.1" 200 6789 "-" "Mozilla/5.0 (compatible; bingbot/2.0; +http://www.bing.com/bingbot.htm)"
46.229.164.102 - - [28/Jul/2017:08:13:09 +0200] "GET /robots.txt HTTP/1.1" 404 1256 "-" "Mozilla/5.0 (compatible; SemrushBot/1.2~bl; +http://www.semrush.com/bot.html)"
66.249.79.29 - - [28/Jul/2017:08:38:44 +0200] "GET /files/top_left_basic.gif HTTP/1.1" 304 - "-" "Googlebot-Image/1.0"
46.229.164.102 - - [28/Jul/2017:11:30:47 +0200] "GET /robots.txt HTTP/1.1" 404 1256 "-" "Mozilla/5.0 (compatible; SemrushBot/1.2~bl; +http://www.semrush.com/bot.html)"
157.55.39.48 - - [28/Jul/2017:15:47:16 +0200] "GET /robots.txt HTTP/1.1" 404 1256 "-" "Mozilla/5.0 (compatible; bingbot/2.0; +http://www.bing.com/bingbot.htm)"
157.55.39.226 - - [28/Jul/2017:16:03:03 +0200] "GET / HTTP/1.1" 200 6789 "-" "Mozilla/5.0 (compatible; bingbot/2.0; +http://www.bing.com/bingbot.htm)"
178.19.216.84 - - [28/Jul/2017:16:58:52 +0200] "GET / HTTP/1.1" 200 6789 "https://www.bing.com/" "Mozilla/5.0 (Windows NT 10.0; Win64; x64) AppleWebKit/537.36 (KHTML, like Gecko) Chrome/52.0.2743.116 Safari/537.36 Edge/15.15063"
178.19.216.84 - - [28/Jul/2017:16:58:52 +0200] "GET /core/common.js HTTP/1.1" 200 2364 "http://www.quartier-bb.de/" "Mozilla/5.0 (Windows NT 10.0; Win64; x64) AppleWebKit/537.36 (KHTML, like Gecko) Chrome/52.0.2743.116 Safari/537.36 Edge/15.15063"
178.19.216.84 - - [28/Jul/2017:16:58:52 +0200] "GET /core/plugins.js HTTP/1.1" 200 28 "http://www.quartier-bb.de/" "Mozilla/5.0 (Windows NT 10.0; Win64; x64) AppleWebKit/537.36 (KHTML, like Gecko) Chrome/52.0.2743.116 Safari/537.36 Edge/15.15063"
178.19.216.84 - - [28/Jul/2017:16:58:52 +0200] "GET /core/prototype.lite.js HTTP/1.1" 200 3335 "http://www.quartier-bb.de/" "Mozilla/5.0 (Windows NT 10.0; Win64; x64) AppleWebKit/537.36 (KHTML, like Gecko) Chrome/52.0.2743.116 Safari/537.36 Edge/15.15063"
178.19.216.84 - - [28/Jul/2017:16:58:52 +0200] "GET /core/moo.fx.js HTTP/1.1" 200 3267 "http://www.quartier-bb.de/" "Mozilla/5.0 (Windows NT 10.0; Win64; x64) AppleWebKit/537.36 (KHTML, like Gecko) Chrome/52.0.2743.116 Safari/537.36 Edge/15.15063"
178.19.216.84 - - [28/Jul/2017:16:58:52 +0200] "GET /templates/default.css HTTP/1.1" 200 7156 "http://www.quartier-bb.de/" "Mozilla/5.0 (Windows NT 10.0; Win64; x64) AppleWebKit/537.36 (KHTML, like Gecko) Chrome/52.0.2743.116 Safari/537.36 Edge/15.15063"
178.19.216.84 - - [28/Jul/2017:16:58:52 +0200] "GET /core/litebox-1.0.js HTTP/1.1" 200 15581 "http://www.quartier-bb.de/" "Mozilla/5.0 (Windows NT 10.0; Win64; x64) AppleWebKit/537.36 (KHTML, like Gecko) Chrome/52.0.2743.116 Safari/537.36 Edge/15.15063"
178.19.216.84 - - [28/Jul/2017:16:58:52 +0200] "GET /templates/img/logo.gif HTTP/1.1" 200 3859 "http://www.quartier-bb.de/" "Mozilla/5.0 (Windows NT 10.0; Win64; x64) AppleWebKit/537.36 (KHTML, like Gecko) Chrome/52.0.2743.116 Safari/537.36 Edge/15.15063"
178.19.216.84 - - [28/Jul/2017:16:58:52 +0200] "GET /files/top_left_basic.gif HTTP/1.1" 200 261 "http://www.quartier-bb.de/" "Mozilla/5.0 (Windows NT 10.0; Win64; x64) AppleWebKit/537.36 (KHTML, like Gecko) Chrome/52.0.2743.116 Safari/537.36 Edge/15.15063"
178.19.216.84 - - [28/Jul/2017:16:58:52 +0200] "GET /templates/plugins.css HTTP/1.1" 200 1931 "http://www.quartier-bb.de/" "Mozilla/5.0 (Windows NT 10.0; Win64; x64) AppleWebKit/537.36 (KHTML, like Gecko) Chrome/52.0.2743.116 Safari/537.36 Edge/15.15063"
178.19.216.84 - - [28/Jul/2017:16:58:52 +0200] "GET /templates/img/bg.jpg HTTP/1.1" 200 18814 "http://www.quartier-bb.de/" "Mozilla/5.0 (Windows NT 10.0; Win64; x64) AppleWebKit/537.36 (KHTML, like Gecko) Chrome/52.0.2743.116 Safari/537.36 Edge/15.15063"
178.19.216.84 - - [28/Jul/2017:16:58:52 +0200] "GET /templates/img/nav.gif HTTP/1.1" 200 1501 "http://www.quartier-bb.de/" "Mozilla/5.0 (Windows NT 10.0; Win64; x64) AppleWebKit/537.36 (KHTML, like Gecko) Chrome/52.0.2743.116 Safari/537.36 Edge/15.15063"
178.19.216.84 - - [28/Jul/2017:16:58:52 +0200] "GET /templates/img/points.gif HTTP/1.1" 200 62 "http://www.quartier-bb.de/" "Mozilla/5.0 (Windows NT 10.0; Win64; x64) AppleWebKit/537.36 (KHTML, like Gecko) Chrome/52.0.2743.116 Safari/537.36 Edge/15.15063"
178.19.216.84 - - [28/Jul/2017:16:58:52 +0200] "GET /templates/img/two-columns.gif HTTP/1.1" 200 65 "http://www.quartier-bb.de/" "Mozilla/5.0 (Windows NT 10.0; Win64; x64) AppleWebKit/537.36 (KHTML, like Gecko) Chrome/52.0.2743.116 Safari/537.36 Edge/15.15063"
178.19.216.84 - - [28/Jul/2017:16:58:52 +0200] "GET /templates/img/circle.png HTTP/1.1" 200 194 "http://www.quartier-bb.de/" "Mozilla/5.0 (Windows NT 10.0; Win64; x64) AppleWebKit/537.36 (KHTML, like Gecko) Chrome/52.0.2743.116 Safari/537.36 Edge/15.15063"
178.19.216.84 - - [28/Jul/2017:16:58:52 +0200] "GET /favicon.ico HTTP/1.1" 200 2602 "-" "Mozilla/5.0 (Windows NT 10.0; Win64; x64) AppleWebKit/537.36 (KHTML, like Gecko) Chrome/52.0.2743.116 Safari/537.36 Edge/15.15063"
178.19.216.84 - - [28/Jul/2017:16:58:52 +0200] "GET /templates/img/header.png HTTP/1.1" 200 134243 "http://www.quartier-bb.de/" "Mozilla/5.0 (Windows NT 10.0; Win64; x64) AppleWebKit/537.36 (KHTML, like Gecko) Chrome/52.0.2743.116 Safari/537.36 Edge/15.15063"
178.19.216.84 - - [28/Jul/2017:16:58:52 +0200] "GET /templates/img/loading.gif HTTP/1.1" 200 2767 "http://www.quartier-bb.de/" "Mozilla/5.0 (Windows NT 10.0; Win64; x64) AppleWebKit/537.36 (KHTML, like Gecko) Chrome/52.0.2743.116 Safari/537.36 Edge/15.15063"
178.19.216.84 - - [28/Jul/2017:16:58:52 +0200] "GET /templates/img/closelabel.gif HTTP/1.1" 200 649 "http://www.quartier-bb.de/" "Mozilla/5.0 (Windows NT 10.0; Win64; x64) AppleWebKit/537.36 (KHTML, like Gecko) Chrome/52.0.2743.116 Safari/537.36 Edge/15.15063"
178.19.216.84 - - [28/Jul/2017:16:58:52 +0200] "GET /templates/img/blank.gif HTTP/1.1" 200 43 "http://www.quartier-bb.de/" "Mozilla/5.0 (Windows NT 10.0; Win64; x64) AppleWebKit/537.36 (KHTML, like Gecko) Chrome/52.0.2743.116 Safari/537.36 Edge/15.15063"
178.19.216.84 - - [28/Jul/2017:16:58:55 +0200] "GET /?leistung,40 HTTP/1.1" 200 7044 "http://www.quartier-bb.de/" "Mozilla/5.0 (Windows NT 10.0; Win64; x64) AppleWebKit/537.36 (KHTML, like Gecko) Chrome/52.0.2743.116 Safari/537.36 Edge/15.15063"
178.19.216.84 - - [28/Jul/2017:16:58:58 +0200] "GET /?unternehmen,35 HTTP/1.1" 200 5693 "http://www.quartier-bb.de/?leistung,40" "Mozilla/5.0 (Windows NT 10.0; Win64; x64) AppleWebKit/537.36 (KHTML, like Gecko) Chrome/52.0.2743.116 Safari/537.36 Edge/15.15063"
178.19.216.84 - - [28/Jul/2017:16:59:00 +0200] "GET /?home,1 HTTP/1.1" 200 6789 "http://www.quartier-bb.de/?unternehmen,35" "Mozilla/5.0 (Windows NT 10.0; Win64; x64) AppleWebKit/537.36 (KHTML, like Gecko) Chrome/52.0.2743.116 Safari/537.36 Edge/15.15063"
178.19.216.84 - - [28/Jul/2017:16:59:06 +0200] "GET /?impressum,15 HTTP/1.1" 200 5152 "http://www.quartier-bb.de/?home,1" "Mozilla/5.0 (Windows NT 10.0; Win64; x64) AppleWebKit/537.36 (KHTML, like Gecko) Chrome/52.0.2743.116 Safari/537.36 Edge/15.15063"
178.19.216.84 - - [28/Jul/2017:16:59:23 +0200] "GET /?home,1 HTTP/1.1" 200 6789 "http://www.quartier-bb.de/?unternehmen,35" "Mozilla/5.0 (Windows NT 10.0; Win64; x64) AppleWebKit/537.36 (KHTML, like Gecko) Chrome/52.0.2743.116 Safari/537.36 Edge/15.15063"
104.236.107.50 - - [28/Jul/2017:17:12:39 +0200] "GET /robots.txt HTTP/1.1" 404 1256 "-" "Mozilla/5.0 (compatible; spbot/5.0.3; +http://OpenLinkProfiler.org/bot )"
104.236.107.50 - - [28/Jul/2017:17:12:44 +0200] "GET / HTTP/1.1" 200 6789 "-" "Mozilla/5.0 (compatible; spbot/5.0.3; +http://OpenLinkProfiler.org/bot )"
104.236.107.50 - - [28/Jul/2017:17:12:45 +0200] "GET /? HTTP/1.1" 200 6789 "http://www.quartier-bb.de/" "Mozilla/5.0 (compatible; spbot/5.0.3; +http://OpenLinkProfiler.org/bot )"
104.236.107.50 - - [28/Jul/2017:17:12:49 +0200] "GET /?home,1 HTTP/1.1" 200 6789 "http://www.quartier-bb.de/" "Mozilla/5.0 (compatible; spbot/5.0.3; +http://OpenLinkProfiler.org/bot )"
104.236.107.50 - - [28/Jul/2017:17:12:54 +0200] "GET /?kontakt,8 HTTP/1.1" 200 4607 "http://www.quartier-bb.de/" "Mozilla/5.0 (compatible; spbot/5.0.3; +http://OpenLinkProfiler.org/bot )"
104.236.107.50 - - [28/Jul/2017:17:12:58 +0200] "GET /?leistung,40 HTTP/1.1" 200 7044 "http://www.quartier-bb.de/" "Mozilla/5.0 (compatible; spbot/5.0.3; +http://OpenLinkProfiler.org/bot )"
104.236.107.50 - - [28/Jul/2017:17:13:03 +0200] "GET /?formular,41 HTTP/1.1" 302 - "http://www.quartier-bb.de/" "Mozilla/5.0 (compatible; spbot/5.0.3; +http://OpenLinkProfiler.org/bot )"
104.236.107.50 - - [28/Jul/2017:17:13:09 +0200] "GET /?impressum,15 HTTP/1.1" 200 5152 "http://www.quartier-bb.de/" "Mozilla/5.0 (compatible; spbot/5.0.3; +http://OpenLinkProfiler.org/bot )"
104.236.107.50 - - [28/Jul/2017:17:13:13 +0200] "GET /?disclaimer,14 HTTP/1.1" 200 7677 "http://www.quartier-bb.de/" "Mozilla/5.0 (compatible; spbot/5.0.3; +http://OpenLinkProfiler.org/bot )"
104.236.107.50 - - [28/Jul/2017:17:13:19 +0200] "GET /?unternehmen,35 HTTP/1.1" 200 5693 "http://www.quartier-bb.de/" "Mozilla/5.0 (compatible; spbot/5.0.3; +http://OpenLinkProfiler.org/bot )"
180.76.15.34 - - [28/Jul/2017:18:08:34 +0200] "GET / HTTP/1.1" 200 6789 "-" "Mozilla/5.0 (compatible; Baiduspider/2.0; +http://www.baidu.com/search/spider.html)"
54.218.94.28 - - [28/Jul/2017:20:16:00 +0200] "GET / HTTP/1.1" 200 6789 "-" "Mozilla/5.0 (Windows NT 10.0; Win64; x64) AppleWebKit/537.36 (KHTML, like Gecko) Chrome/58.0.3029.110 Safari/537.36"
207.46.13.110 - - [28/Jul/2017:22:41:25 +0200] "GET /?unternehmen,35 HTTP/1.1" 200 5693 "-" "Mozilla/5.0 (compatible; bingbot/2.0; +http://www.bing.com/bingbot.htm)"
46.229.170.197 - - [29/Jul/2017:00:00:44 +0200] "GET / HTTP/1.1" 200 6789 "-" "Mozilla/5.0 (Windows NT 5.1; rv:52.0) Gecko/20100101 Firefox/52.0"
66.249.79.29 - - [29/Jul/2017:00:26:02 +0200] "GET /robots.txt HTTP/1.1" 404 1256 "-" "Mozilla/5.0 (compatible; Googlebot/2.1; +http://www.google.com/bot.html)"
66.249.79.25 - - [29/Jul/2017:00:26:02 +0200] "GET /?kontakt,8 HTTP/1.1" 200 4607 "-" "Mozilla/5.0 (compatible; Googlebot/2.1; +http://www.google.com/bot.html)"
66.249.79.25 - - [29/Jul/2017:02:32:20 +0200] "GET /?formular,41 HTTP/1.1" 302 - "-" "Mozilla/5.0 (compatible; Googlebot/2.1; +http://www.google.com/bot.html)"
66.249.79.27 - - [29/Jul/2017:03:01:04 +0200] "GET /?leistung,40 HTTP/1.1" 200 7044 "-" "Mozilla/5.0 (compatible; Googlebot/2.1; +http://www.google.com/bot.html)"
180.76.15.10 - - [29/Jul/2017:03:10:19 +0200] "GET / HTTP/1.1" 200 6789 "-" "Mozilla/5.0 (compatible; Baiduspider/2.0; +http://www.baidu.com/search/spider.html)"
180.76.15.141 - - [29/Jul/2017:03:43:39 +0200] "GET /core/prototype.lite.js HTTP/1.1" 200 3335 "-" "Mozilla/5.0 (compatible; Baiduspider/2.0; +http://www.baidu.com/search/spider.html)"
207.46.13.129 - - [29/Jul/2017:04:42:59 +0200] "GET / HTTP/1.1" 200 6789 "-" "Mozilla/5.0 (compatible; bingbot/2.0; +http://www.bing.com/bingbot.htm)"
180.76.15.161 - - [29/Jul/2017:05:06:58 +0200] "GET /?unternehmen,35 HTTP/1.1" 200 5693 "-" "Mozilla/5.0 (compatible; Baiduspider/2.0; +http://www.baidu.com/search/spider.html)"
66.249.79.29 - - [29/Jul/2017:05:24:02 +0200] "GET /?disclaimer,14 HTTP/1.1" 200 7677 "-" "Mozilla/5.0 (compatible; Googlebot/2.1; +http://www.google.com/bot.html)"
209.90.225.227 - - [29/Jul/2017:05:47:22 +0200] "GET /wp-content/plugins/wp-crm/third-party/uploadify/uploadify.css HTTP/1.1" 404 1256 "http://www.quartier-bb.de/wp-content/plugins/wp-crm/third-party/uploadify/uploadify.css" "Mozilla/5.0 (Windows NT 6.1; WOW64) AppleWebKit/537.36 (KHTML, like Gecko) Chrome/42.0.2311.152 Safari/537.36"
66.249.79.27 - - [29/Jul/2017:05:59:16 +0200] "GET /?unternehmen,35 HTTP/1.1" 200 5693 "-" "Mozilla/5.0 (compatible; Googlebot/2.1; +http://www.google.com/bot.html)"
216.244.66.203 - - [29/Jul/2017:10:43:34 +0200] "GET /robots.txt HTTP/1.1" 404 1256 "-" "Mozilla/5.0 (compatible; DotBot/1.1; http://www.opensiteexplorer.org/dotbot, help@moz.com)"
66.249.66.156 - - [29/Jul/2017:11:22:15 +0200] "GET /templates/default.css HTTP/1.1" 200 7156 "http://www.quartier-bb.de/" "Mozilla/5.0 (compatible; Googlebot/2.1; +http://www.google.com/bot.html)"
66.249.66.157 - - [29/Jul/2017:11:22:16 +0200] "GET /templates/plugins.css HTTP/1.1" 200 1931 "http://www.quartier-bb.de/" "Mozilla/5.0 (compatible; Googlebot/2.1; +http://www.google.com/bot.html)"
91.61.65.152 - - [29/Jul/2017:11:58:28 +0200] "GET / HTTP/1.1" 200 6789 "http://www.besch-rent.de//pkw/kompakt-automatik.html" "Mozilla/5.0 (iPad; CPU OS 10_3_1 like Mac OS X) AppleWebKit/603.1.30 (KHTML, like Gecko) Version/10.0 Mobile/14E304 Safari/602.1"
91.61.65.152 - - [29/Jul/2017:11:58:28 +0200] "GET /templates/default.css HTTP/1.1" 200 7156 "http://www.quartier-bb.de/" "Mozilla/5.0 (iPad; CPU OS 10_3_1 like Mac OS X) AppleWebKit/603.1.30 (KHTML, like Gecko) Version/10.0 Mobile/14E304 Safari/602.1"
91.61.65.152 - - [29/Jul/2017:11:58:28 +0200] "GET /core/prototype.lite.js HTTP/1.1" 200 3335 "http://www.quartier-bb.de/" "Mozilla/5.0 (iPad; CPU OS 10_3_1 like Mac OS X) AppleWebKit/603.1.30 (KHTML, like Gecko) Version/10.0 Mobile/14E304 Safari/602.1"
91.61.65.152 - - [29/Jul/2017:11:58:28 +0200] "GET /core/litebox-1.0.js HTTP/1.1" 200 15581 "http://www.quartier-bb.de/" "Mozilla/5.0 (iPad; CPU OS 10_3_1 like Mac OS X) AppleWebKit/603.1.30 (KHTML, like Gecko) Version/10.0 Mobile/14E304 Safari/602.1"
91.61.65.152 - - [29/Jul/2017:11:58:28 +0200] "GET /core/moo.fx.js HTTP/1.1" 200 3267 "http://www.quartier-bb.de/" "Mozilla/5.0 (iPad; CPU OS 10_3_1 like Mac OS X) AppleWebKit/603.1.30 (KHTML, like Gecko) Version/10.0 Mobile/14E304 Safari/602.1"
91.61.65.152 - - [29/Jul/2017:11:58:28 +0200] "GET /core/common.js HTTP/1.1" 200 2364 "http://www.quartier-bb.de/" "Mozilla/5.0 (iPad; CPU OS 10_3_1 like Mac OS X) AppleWebKit/603.1.30 (KHTML, like Gecko) Version/10.0 Mobile/14E304 Safari/602.1"
91.61.65.152 - - [29/Jul/2017:11:58:28 +0200] "GET /core/plugins.js HTTP/1.1" 200 28 "http://www.quartier-bb.de/" "Mozilla/5.0 (iPad; CPU OS 10_3_1 like Mac OS X) AppleWebKit/603.1.30 (KHTML, like Gecko) Version/10.0 Mobile/14E304 Safari/602.1"
91.61.65.152 - - [29/Jul/2017:11:58:28 +0200] "GET /templates/img/logo.gif HTTP/1.1" 200 3859 "http://www.quartier-bb.de/" "Mozilla/5.0 (iPad; CPU OS 10_3_1 like Mac OS X) AppleWebKit/603.1.30 (KHTML, like Gecko) Version/10.0 Mobile/14E304 Safari/602.1"
91.61.65.152 - - [29/Jul/2017:11:58:28 +0200] "GET /files/top_left_basic.gif HTTP/1.1" 200 261 "http://www.quartier-bb.de/" "Mozilla/5.0 (iPad; CPU OS 10_3_1 like Mac OS X) AppleWebKit/603.1.30 (KHTML, like Gecko) Version/10.0 Mobile/14E304 Safari/602.1"
91.61.65.152 - - [29/Jul/2017:11:58:28 +0200] "GET /templates/plugins.css HTTP/1.1" 200 1931 "http://www.quartier-bb.de/" "Mozilla/5.0 (iPad; CPU OS 10_3_1 like Mac OS X) AppleWebKit/603.1.30 (KHTML, like Gecko) Version/10.0 Mobile/14E304 Safari/602.1"
91.61.65.152 - - [29/Jul/2017:11:58:28 +0200] "GET /templates/img/loading.gif HTTP/1.1" 200 2767 "http://www.quartier-bb.de/" "Mozilla/5.0 (iPad; CPU OS 10_3_1 like Mac OS X) AppleWebKit/603.1.30 (KHTML, like Gecko) Version/10.0 Mobile/14E304 Safari/602.1"
91.61.65.152 - - [29/Jul/2017:11:58:28 +0200] "GET /templates/img/closelabel.gif HTTP/1.1" 200 649 "http://www.quartier-bb.de/" "Mozilla/5.0 (iPad; CPU OS 10_3_1 like Mac OS X) AppleWebKit/603.1.30 (KHTML, like Gecko) Version/10.0 Mobile/14E304 Safari/602.1"
91.61.65.152 - - [29/Jul/2017:11:58:28 +0200] "GET /templates/img/bg.jpg HTTP/1.1" 200 18814 "http://www.quartier-bb.de/" "Mozilla/5.0 (iPad; CPU OS 10_3_1 like Mac OS X) AppleWebKit/603.1.30 (KHTML, like Gecko) Version/10.0 Mobile/14E304 Safari/602.1"
91.61.65.152 - - [29/Jul/2017:11:58:28 +0200] "GET /templates/img/points.gif HTTP/1.1" 200 62 "http://www.quartier-bb.de/" "Mozilla/5.0 (iPad; CPU OS 10_3_1 like Mac OS X) AppleWebKit/603.1.30 (KHTML, like Gecko) Version/10.0 Mobile/14E304 Safari/602.1"
91.61.65.152 - - [29/Jul/2017:11:58:28 +0200] "GET /templates/img/nav.gif HTTP/1.1" 200 1501 "http://www.quartier-bb.de/" "Mozilla/5.0 (iPad; CPU OS 10_3_1 like Mac OS X) AppleWebKit/603.1.30 (KHTML, like Gecko) Version/10.0 Mobile/14E304 Safari/602.1"
91.61.65.152 - - [29/Jul/2017:11:58:29 +0200] "GET /templates/img/two-columns.gif HTTP/1.1" 200 65 "http://www.quartier-bb.de/" "Mozilla/5.0 (iPad; CPU OS 10_3_1 like Mac OS X) AppleWebKit/603.1.30 (KHTML, like Gecko) Version/10.0 Mobile/14E304 Safari/602.1"
91.61.65.152 - - [29/Jul/2017:11:58:29 +0200] "GET /templates/img/circle.png HTTP/1.1" 200 194 "http://www.quartier-bb.de/" "Mozilla/5.0 (iPad; CPU OS 10_3_1 like Mac OS X) AppleWebKit/603.1.30 (KHTML, like Gecko) Version/10.0 Mobile/14E304 Safari/602.1"
91.61.65.152 - - [29/Jul/2017:11:58:28 +0200] "GET /templates/img/header.png HTTP/1.1" 200 134243 "http://www.quartier-bb.de/" "Mozilla/5.0 (iPad; CPU OS 10_3_1 like Mac OS X) AppleWebKit/603.1.30 (KHTML, like Gecko) Version/10.0 Mobile/14E304 Safari/602.1"
91.61.65.152 - - [29/Jul/2017:11:58:35 +0200] "GET /?leistung,40 HTTP/1.1" 200 7044 "http://www.quartier-bb.de/" "Mozilla/5.0 (iPad; CPU OS 10_3_1 like Mac OS X) AppleWebKit/603.1.30 (KHTML, like Gecko) Version/10.0 Mobile/14E304 Safari/602.1"
91.61.65.152 - - [29/Jul/2017:11:58:45 +0200] "GET /?home,1 HTTP/1.1" 200 6789 "http://www.quartier-bb.de/?leistung,40" "Mozilla/5.0 (iPad; CPU OS 10_3_1 like Mac OS X) AppleWebKit/603.1.30 (KHTML, like Gecko) Version/10.0 Mobile/14E304 Safari/602.1"
91.61.65.152 - - [29/Jul/2017:11:58:47 +0200] "GET /?home,1 HTTP/1.1" 200 6789 "http://www.quartier-bb.de/?home,1" "Mozilla/5.0 (iPad; CPU OS 10_3_1 like Mac OS X) AppleWebKit/603.1.30 (KHTML, like Gecko) Version/10.0 Mobile/14E304 Safari/602.1"
91.61.65.152 - - [29/Jul/2017:11:58:52 +0200] "GET /?unternehmen,35 HTTP/1.1" 200 5693 "http://www.quartier-bb.de/?home,1" "Mozilla/5.0 (iPad; CPU OS 10_3_1 like Mac OS X) AppleWebKit/603.1.30 (KHTML, like Gecko) Version/10.0 Mobile/14E304 Safari/602.1"
66.249.66.157 - - [29/Jul/2017:12:13:05 +0200] "GET / HTTP/1.1" 200 6789 "-" "Mozilla/5.0 (compatible; Googlebot/2.1; +http://www.google.com/bot.html)"
66.249.66.156 - - [29/Jul/2017:15:00:25 +0200] "GET /robots.txt HTTP/1.1" 404 1256 "-" "Mozilla/5.0 (compatible; Googlebot/2.1; +http://www.google.com/bot.html)"
66.249.66.158 - - [29/Jul/2017:15:00:26 +0200] "GET / HTTP/1.1" 200 6789 "-" "Mozilla/5.0 (compatible; Googlebot/2.1; +http://www.google.com/bot.html)"
207.46.13.206 - - [29/Jul/2017:16:08:46 +0200] "GET / HTTP/1.1" 200 6789 "-" "Mozilla/5.0 (compatible; bingbot/2.0; +http://www.bing.com/bingbot.htm)"
207.46.13.206 - - [29/Jul/2017:16:11:46 +0200] "GET /robots.txt HTTP/1.1" 404 1256 "-" "Mozilla/5.0 (compatible; bingbot/2.0; +http://www.bing.com/bingbot.htm)"
157.55.39.221 - - [29/Jul/2017:16:11:56 +0200] "GET /core/litebox-1.0.js HTTP/1.1" 200 15581 "-" "Mozilla/5.0 (compatible; bingbot/2.0; +http://www.bing.com/bingbot.htm)"
157.55.39.221 - - [29/Jul/2017:16:11:57 +0200] "GET /core/prototype.lite.js HTTP/1.1" 200 3335 "-" "Mozilla/5.0 (compatible; bingbot/2.0; +http://www.bing.com/bingbot.htm)"
157.55.39.210 - - [29/Jul/2017:16:12:03 +0200] "GET /core/plugins.js HTTP/1.1" 200 28 "-" "Mozilla/5.0 (compatible; bingbot/2.0; +http://www.bing.com/bingbot.htm)"
157.55.39.210 - - [29/Jul/2017:16:12:03 +0200] "GET /core/moo.fx.js HTTP/1.1" 200 3267 "-" "Mozilla/5.0 (compatible; bingbot/2.0; +http://www.bing.com/bingbot.htm)"
157.55.39.210 - - [29/Jul/2017:16:12:03 +0200] "GET /templates/default.css HTTP/1.1" 200 7156 "-" "Mozilla/5.0 (compatible; bingbot/2.0; +http://www.bing.com/bingbot.htm)"
157.55.39.60 - - [29/Jul/2017:16:12:24 +0200] "GET /core/common.js HTTP/1.1" 200 2364 "-" "Mozilla/5.0 (compatible; bingbot/2.0; +http://www.bing.com/bingbot.htm)"
66.249.66.157 - - [29/Jul/2017:16:21:36 +0200] "GET / HTTP/1.1" 200 6789 "-" "Mozilla/5.0 (compatible; Googlebot/2.1; +http://www.google.com/bot.html)"
157.55.39.60 - - [29/Jul/2017:17:13:44 +0200] "GET /templates/plugins.css HTTP/1.1" 200 1931 "-" "Mozilla/5.0 (compatible; bingbot/2.0; +http://www.bing.com/bingbot.htm)"
66.249.66.156 - - [29/Jul/2017:18:16:50 +0200] "GET / HTTP/1.1" 200 6789 "-" "Mozilla/5.0 (compatible; Googlebot/2.1; +http://www.google.com/bot.html)"
157.55.39.60 - - [29/Jul/2017:19:03:02 +0200] "GET /?unternehmen,35 HTTP/1.1" 200 5693 "-" "Mozilla/5.0 (iPhone; CPU iPhone OS 7_0 like Mac OS X) AppleWebKit/537.51.1 (KHTML, like Gecko) Version/7.0 Mobile/11A465 Safari/9537.53 (compatible; bingbot/2.0; +http://www.bing.com/bingbot.htm)"
207.46.13.206 - - [29/Jul/2017:19:10:36 +0200] "GET / HTTP/1.1" 200 6789 "-" "Mozilla/5.0 (compatible; bingbot/2.0; +http://www.bing.com/bingbot.htm)"
207.46.13.165 - - [29/Jul/2017:19:17:34 +0200] "GET /templates/img/bg.jpg HTTP/1.1" 200 18814 "-" "Mozilla/5.0 (iPhone; CPU iPhone OS 7_0 like Mac OS X) AppleWebKit/537.51.1 (KHTML, like Gecko) Version/7.0 Mobile/11A465 Safari/9537.53 (compatible; bingbot/2.0; +http://www.bing.com/bingbot.htm)"
207.46.13.165 - - [29/Jul/2017:19:17:35 +0200] "GET /templates/img/circle.png HTTP/1.1" 200 194 "-" "Mozilla/5.0 (iPhone; CPU iPhone OS 7_0 like Mac OS X) AppleWebKit/537.51.1 (KHTML, like Gecko) Version/7.0 Mobile/11A465 Safari/9537.53 (compatible; bingbot/2.0; +http://www.bing.com/bingbot.htm)"
207.46.13.165 - - [29/Jul/2017:19:17:35 +0200] "GET /templates/img/nav.gif HTTP/1.1" 200 1501 "-" "Mozilla/5.0 (iPhone; CPU iPhone OS 7_0 like Mac OS X) AppleWebKit/537.51.1 (KHTML, like Gecko) Version/7.0 Mobile/11A465 Safari/9537.53 (compatible; bingbot/2.0; +http://www.bing.com/bingbot.htm)"
157.55.39.210 - - [29/Jul/2017:19:17:38 +0200] "GET /templates/img/two-columns.gif HTTP/1.1" 200 65 "-" "Mozilla/5.0 (iPhone; CPU iPhone OS 7_0 like Mac OS X) AppleWebKit/537.51.1 (KHTML, like Gecko) Version/7.0 Mobile/11A465 Safari/9537.53 (compatible; bingbot/2.0; +http://www.bing.com/bingbot.htm)"
157.55.39.60 - - [29/Jul/2017:19:17:43 +0200] "GET /templates/img/header.png HTTP/1.1" 200 134243 "-" "Mozilla/5.0 (iPhone; CPU iPhone OS 7_0 like Mac OS X) AppleWebKit/537.51.1 (KHTML, like Gecko) Version/7.0 Mobile/11A465 Safari/9537.53 (compatible; bingbot/2.0; +http://www.bing.com/bingbot.htm)"
207.46.13.206 - - [29/Jul/2017:19:17:48 +0200] "GET /templates/img/logo.gif HTTP/1.1" 200 3859 "-" "Mozilla/5.0 (iPhone; CPU iPhone OS 7_0 like Mac OS X) AppleWebKit/537.51.1 (KHTML, like Gecko) Version/7.0 Mobile/11A465 Safari/9537.53 (compatible; bingbot/2.0; +http://www.bing.com/bingbot.htm)"
207.46.13.206 - - [29/Jul/2017:19:17:48 +0200] "GET /templates/img/points.gif HTTP/1.1" 200 62 "-" "Mozilla/5.0 (iPhone; CPU iPhone OS 7_0 like Mac OS X) AppleWebKit/537.51.1 (KHTML, like Gecko) Version/7.0 Mobile/11A465 Safari/9537.53 (compatible; bingbot/2.0; +http://www.bing.com/bingbot.htm)"
157.55.39.210 - - [29/Jul/2017:19:44:46 +0200] "GET /?impressum,15 HTTP/1.1" 200 5152 "-" "Mozilla/5.0 (iPhone; CPU iPhone OS 7_0 like Mac OS X) AppleWebKit/537.51.1 (KHTML, like Gecko) Version/7.0 Mobile/11A465 Safari/9537.53 (compatible; bingbot/2.0; +http://www.bing.com/bingbot.htm)"
66.249.66.158 - - [29/Jul/2017:20:10:46 +0200] "GET / HTTP/1.1" 200 6789 "-" "Mozilla/5.0 (Linux; Android 6.0.1; Nexus 5X Build/MMB29P) AppleWebKit/537.36 (KHTML, like Gecko) Chrome/41.0.2272.96 Mobile Safari/537.36 (compatible; Googlebot/2.1; +http://www.google.com/bot.html)"
40.77.178.190 - - [29/Jul/2017:20:18:44 +0200] "GET /core/common.js HTTP/1.1" 200 2364 "-" "Mozilla/5.0 (iPhone; CPU iPhone OS 7_0 like Mac OS X) AppleWebKit/537.51.1 (KHTML, like Gecko) Version/7.0 Mobile/11A465 Safari/9537.53 BingPreview/1.0b"
40.77.178.190 - - [29/Jul/2017:20:18:44 +0200] "GET /core/plugins.js HTTP/1.1" 200 28 "-" "Mozilla/5.0 (iPhone; CPU iPhone OS 7_0 like Mac OS X) AppleWebKit/537.51.1 (KHTML, like Gecko) Version/7.0 Mobile/11A465 Safari/9537.53 BingPreview/1.0b"
40.77.178.190 - - [29/Jul/2017:20:18:44 +0200] "GET /core/prototype.lite.js HTTP/1.1" 200 3335 "-" "Mozilla/5.0 (iPhone; CPU iPhone OS 7_0 like Mac OS X) AppleWebKit/537.51.1 (KHTML, like Gecko) Version/7.0 Mobile/11A465 Safari/9537.53 BingPreview/1.0b"
40.77.178.190 - - [29/Jul/2017:20:18:45 +0200] "GET /core/moo.fx.js HTTP/1.1" 200 3267 "-" "Mozilla/5.0 (iPhone; CPU iPhone OS 7_0 like Mac OS X) AppleWebKit/537.51.1 (KHTML, like Gecko) Version/7.0 Mobile/11A465 Safari/9537.53 BingPreview/1.0b"
40.77.178.190 - - [29/Jul/2017:20:18:45 +0200] "GET /core/litebox-1.0.js HTTP/1.1" 200 15581 "-" "Mozilla/5.0 (iPhone; CPU iPhone OS 7_0 like Mac OS X) AppleWebKit/537.51.1 (KHTML, like Gecko) Version/7.0 Mobile/11A465 Safari/9537.53 BingPreview/1.0b"
40.77.178.190 - - [29/Jul/2017:20:18:45 +0200] "GET /templates/default.css HTTP/1.1" 200 7156 "-" "Mozilla/5.0 (iPhone; CPU iPhone OS 7_0 like Mac OS X) AppleWebKit/537.51.1 (KHTML, like Gecko) Version/7.0 Mobile/11A465 Safari/9537.53 BingPreview/1.0b"
40.77.178.190 - - [29/Jul/2017:20:18:46 +0200] "GET /templates/plugins.css HTTP/1.1" 200 1931 "-" "Mozilla/5.0 (iPhone; CPU iPhone OS 7_0 like Mac OS X) AppleWebKit/537.51.1 (KHTML, like Gecko) Version/7.0 Mobile/11A465 Safari/9537.53 BingPreview/1.0b"
207.46.13.206 - - [29/Jul/2017:21:23:45 +0200] "GET /?leistung,40 HTTP/1.1" 200 7044 "-" "Mozilla/5.0 (iPhone; CPU iPhone OS 7_0 like Mac OS X) AppleWebKit/537.51.1 (KHTML, like Gecko) Version/7.0 Mobile/11A465 Safari/9537.53 (compatible; bingbot/2.0; +http://www.bing.com/bingbot.htm)"
199.30.24.43 - - [29/Jul/2017:21:43:15 +0200] "GET /templates/img/logo.gif HTTP/1.1" 200 3859 "http://www.quartier-bb.de/?impressum,15" "Mozilla/5.0 (iPhone; CPU iPhone OS 7_0 like Mac OS X) AppleWebKit/537.51.1 (KHTML, like Gecko) Version/7.0 Mobile/11A465 Safari/9537.53 BingPreview/1.0b"
199.30.24.43 - - [29/Jul/2017:21:43:15 +0200] "GET /templates/img/points.gif HTTP/1.1" 200 62 "http://www.quartier-bb.de/?impressum,15" "Mozilla/5.0 (iPhone; CPU iPhone OS 7_0 like Mac OS X) AppleWebKit/537.51.1 (KHTML, like Gecko) Version/7.0 Mobile/11A465 Safari/9537.53 BingPreview/1.0b"
199.30.24.43 - - [29/Jul/2017:21:43:15 +0200] "GET /templates/img/bg.jpg HTTP/1.1" 200 18814 "http://www.quartier-bb.de/?impressum,15" "Mozilla/5.0 (iPhone; CPU iPhone OS 7_0 like Mac OS X) AppleWebKit/537.51.1 (KHTML, like Gecko) Version/7.0 Mobile/11A465 Safari/9537.53 BingPreview/1.0b"
199.30.24.43 - - [29/Jul/2017:21:43:16 +0200] "GET /templates/img/nav.gif HTTP/1.1" 200 1501 "http://www.quartier-bb.de/?impressum,15" "Mozilla/5.0 (iPhone; CPU iPhone OS 7_0 like Mac OS X) AppleWebKit/537.51.1 (KHTML, like Gecko) Version/7.0 Mobile/11A465 Safari/9537.53 BingPreview/1.0b"
199.30.24.43 - - [29/Jul/2017:21:43:15 +0200] "GET /templates/img/header.png HTTP/1.1" 200 134243 "http://www.quartier-bb.de/?impressum,15" "Mozilla/5.0 (iPhone; CPU iPhone OS 7_0 like Mac OS X) AppleWebKit/537.51.1 (KHTML, like Gecko) Version/7.0 Mobile/11A465 Safari/9537.53 BingPreview/1.0b"
199.30.24.43 - - [29/Jul/2017:21:43:17 +0200] "GET /templates/img/two-columns.gif HTTP/1.1" 200 65 "http://www.quartier-bb.de/?impressum,15" "Mozilla/5.0 (iPhone; CPU iPhone OS 7_0 like Mac OS X) AppleWebKit/537.51.1 (KHTML, like Gecko) Version/7.0 Mobile/11A465 Safari/9537.53 BingPreview/1.0b"
199.30.24.43 - - [29/Jul/2017:21:43:17 +0200] "GET /templates/img/circle.png HTTP/1.1" 200 194 "http://www.quartier-bb.de/?impressum,15" "Mozilla/5.0 (iPhone; CPU iPhone OS 7_0 like Mac OS X) AppleWebKit/537.51.1 (KHTML, like Gecko) Version/7.0 Mobile/11A465 Safari/9537.53 BingPreview/1.0b"
207.46.13.206 - - [30/Jul/2017:00:44:15 +0200] "GET /?home,1 HTTP/1.1" 200 6789 "-" "Mozilla/5.0 (iPhone; CPU iPhone OS 7_0 like Mac OS X) AppleWebKit/537.51.1 (KHTML, like Gecko) Version/7.0 Mobile/11A465 Safari/9537.53 (compatible; bingbot/2.0; +http://www.bing.com/bingbot.htm)"
157.55.39.60 - - [30/Jul/2017:00:50:48 +0200] "GET /?disclaimer,14 HTTP/1.1" 200 7677 "-" "Mozilla/5.0 (iPhone; CPU iPhone OS 7_0 like Mac OS X) AppleWebKit/537.51.1 (KHTML, like Gecko) Version/7.0 Mobile/11A465 Safari/9537.53 (compatible; bingbot/2.0; +http://www.bing.com/bingbot.htm)"
136.243.83.16 - - [30/Jul/2017:01:00:01 +0200] "GET /robots.txt HTTP/1.1" 404 1256 "-" "Mozilla/5.0 (compatible; MetaJobBot; http://www.metajob.de/crawler)"
136.243.83.16 - - [30/Jul/2017:01:00:01 +0200] "GET / HTTP/1.1" 200 6789 "-" "Mozilla/5.0 (compatible; MetaJobBot; http://www.metajob.de/crawler)"
87.250.233.65 - - [30/Jul/2017:02:06:46 +0200] "GET /robots.txt HTTP/1.1" 404 1256 "-" "Mozilla/5.0 (compatible; YandexBot/3.0; +http://yandex.com/bots)"
5.45.203.10 - - [30/Jul/2017:02:06:50 +0200] "GET /favicon.ico HTTP/1.1" 200 2602 "-" "Mozilla/5.0 (compatible; YandexBot/3.0; +http://yandex.com/bots)"
207.46.13.206 - - [30/Jul/2017:02:51:34 +0200] "GET /robots.txt HTTP/1.1" 404 1256 "-" "Mozilla/5.0 (compatible; bingbot/2.0; +http://www.bing.com/bingbot.htm)"
207.46.13.165 - - [30/Jul/2017:03:04:07 +0200] "GET /files/top_left_basic.gif HTTP/1.1" 200 261 "-" "Mozilla/5.0 (iPhone; CPU iPhone OS 7_0 like Mac OS X) AppleWebKit/537.51.1 (KHTML, like Gecko) Version/7.0 Mobile/11A465 Safari/9537.53 (compatible; bingbot/2.0; +http://www.bing.com/bingbot.htm)"
180.76.15.146 - - [30/Jul/2017:04:06:05 +0200] "GET /? HTTP/1.1" 200 6789 "-" "Mozilla/5.0 (compatible; Baiduspider/2.0; +http://www.baidu.com/search/spider.html)"
46.229.164.102 - - [30/Jul/2017:05:42:21 +0200] "GET /robots.txt HTTP/1.1" 404 1256 "-" "Mozilla/5.0 (compatible; SemrushBot/1.2~bl; +http://www.semrush.com/bot.html)"
207.46.13.206 - - [30/Jul/2017:06:44:18 +0200] "GET / HTTP/1.1" 200 6789 "-" "Mozilla/5.0 (compatible; bingbot/2.0; +http://www.bing.com/bingbot.htm)"
207.46.13.206 - - [30/Jul/2017:07:06:30 +0200] "GET /?formular,41 HTTP/1.1" 302 - "-" "Mozilla/5.0 (compatible; bingbot/2.0; +http://www.bing.com/bingbot.htm)"
216.244.66.203 - - [30/Jul/2017:10:36:39 +0200] "GET /robots.txt HTTP/1.1" 404 1256 "-" "Mozilla/5.0 (compatible; DotBot/1.1; http://www.opensiteexplorer.org/dotbot, help@moz.com)"
109.45.1.253 - - [30/Jul/2017:15:37:33 +0200] "GET / HTTP/1.1" 200 6789 "http://www.besch-rent.de/carpflege.html" "Mozilla/5.0 (Linux; Android 7.0; SAMSUNG SM-G935F Build/NRD90M) AppleWebKit/537.36 (KHTML, like Gecko) SamsungBrowser/5.4 Chrome/51.0.2704.106 Mobile Safari/537.36"
109.45.1.253 - - [30/Jul/2017:15:37:33 +0200] "GET /core/common.js HTTP/1.1" 200 2364 "http://www.quartier-bb.de/" "Mozilla/5.0 (Linux; Android 7.0; SAMSUNG SM-G935F Build/NRD90M) AppleWebKit/537.36 (KHTML, like Gecko) SamsungBrowser/5.4 Chrome/51.0.2704.106 Mobile Safari/537.36"
109.45.1.253 - - [30/Jul/2017:15:37:33 +0200] "GET /core/plugins.js HTTP/1.1" 200 28 "http://www.quartier-bb.de/" "Mozilla/5.0 (Linux; Android 7.0; SAMSUNG SM-G935F Build/NRD90M) AppleWebKit/537.36 (KHTML, like Gecko) SamsungBrowser/5.4 Chrome/51.0.2704.106 Mobile Safari/537.36"
109.45.1.253 - - [30/Jul/2017:15:37:34 +0200] "GET /templates/default.css HTTP/1.1" 200 7156 "http://www.quartier-bb.de/" "Mozilla/5.0 (Linux; Android 7.0; SAMSUNG SM-G935F Build/NRD90M) AppleWebKit/537.36 (KHTML, like Gecko) SamsungBrowser/5.4 Chrome/51.0.2704.106 Mobile Safari/537.36"
109.45.1.253 - - [30/Jul/2017:15:37:34 +0200] "GET /core/prototype.lite.js HTTP/1.1" 200 3335 "http://www.quartier-bb.de/" "Mozilla/5.0 (Linux; Android 7.0; SAMSUNG SM-G935F Build/NRD90M) AppleWebKit/537.36 (KHTML, like Gecko) SamsungBrowser/5.4 Chrome/51.0.2704.106 Mobile Safari/537.36"
109.45.1.253 - - [30/Jul/2017:15:37:34 +0200] "GET /core/moo.fx.js HTTP/1.1" 200 3267 "http://www.quartier-bb.de/" "Mozilla/5.0 (Linux; Android 7.0; SAMSUNG SM-G935F Build/NRD90M) AppleWebKit/537.36 (KHTML, like Gecko) SamsungBrowser/5.4 Chrome/51.0.2704.106 Mobile Safari/537.36"
109.45.1.253 - - [30/Jul/2017:15:37:34 +0200] "GET /core/litebox-1.0.js HTTP/1.1" 200 15581 "http://www.quartier-bb.de/" "Mozilla/5.0 (Linux; Android 7.0; SAMSUNG SM-G935F Build/NRD90M) AppleWebKit/537.36 (KHTML, like Gecko) SamsungBrowser/5.4 Chrome/51.0.2704.106 Mobile Safari/537.36"
109.45.1.253 - - [30/Jul/2017:15:37:34 +0200] "GET /templates/img/logo.gif HTTP/1.1" 200 3859 "http://www.quartier-bb.de/" "Mozilla/5.0 (Linux; Android 7.0; SAMSUNG SM-G935F Build/NRD90M) AppleWebKit/537.36 (KHTML, like Gecko) SamsungBrowser/5.4 Chrome/51.0.2704.106 Mobile Safari/537.36"
109.45.1.253 - - [30/Jul/2017:15:37:34 +0200] "GET /files/top_left_basic.gif HTTP/1.1" 200 261 "http://www.quartier-bb.de/" "Mozilla/5.0 (Linux; Android 7.0; SAMSUNG SM-G935F Build/NRD90M) AppleWebKit/537.36 (KHTML, like Gecko) SamsungBrowser/5.4 Chrome/51.0.2704.106 Mobile Safari/537.36"
109.45.1.253 - - [30/Jul/2017:15:37:34 +0200] "GET /templates/plugins.css HTTP/1.1" 200 1931 "http://www.quartier-bb.de/" "Mozilla/5.0 (Linux; Android 7.0; SAMSUNG SM-G935F Build/NRD90M) AppleWebKit/537.36 (KHTML, like Gecko) SamsungBrowser/5.4 Chrome/51.0.2704.106 Mobile Safari/537.36"
109.45.1.253 - - [30/Jul/2017:15:37:34 +0200] "GET /templates/img/loading.gif HTTP/1.1" 200 2767 "http://www.quartier-bb.de/" "Mozilla/5.0 (Linux; Android 7.0; SAMSUNG SM-G935F Build/NRD90M) AppleWebKit/537.36 (KHTML, like Gecko) SamsungBrowser/5.4 Chrome/51.0.2704.106 Mobile Safari/537.36"
109.45.1.253 - - [30/Jul/2017:15:37:34 +0200] "GET /templates/img/closelabel.gif HTTP/1.1" 200 649 "http://www.quartier-bb.de/" "Mozilla/5.0 (Linux; Android 7.0; SAMSUNG SM-G935F Build/NRD90M) AppleWebKit/537.36 (KHTML, like Gecko) SamsungBrowser/5.4 Chrome/51.0.2704.106 Mobile Safari/537.36"
109.45.1.253 - - [30/Jul/2017:15:37:34 +0200] "GET /templates/img/bg.jpg HTTP/1.1" 200 18814 "http://www.quartier-bb.de/templates/default.css" "Mozilla/5.0 (Linux; Android 7.0; SAMSUNG SM-G935F Build/NRD90M) AppleWebKit/537.36 (KHTML, like Gecko) SamsungBrowser/5.4 Chrome/51.0.2704.106 Mobile Safari/537.36"
109.45.1.253 - - [30/Jul/2017:15:37:34 +0200] "GET /templates/img/points.gif HTTP/1.1" 200 62 "http://www.quartier-bb.de/templates/default.css" "Mozilla/5.0 (Linux; Android 7.0; SAMSUNG SM-G935F Build/NRD90M) AppleWebKit/537.36 (KHTML, like Gecko) SamsungBrowser/5.4 Chrome/51.0.2704.106 Mobile Safari/537.36"
109.45.1.253 - - [30/Jul/2017:15:37:34 +0200] "GET /templates/img/nav.gif HTTP/1.1" 200 1501 "http://www.quartier-bb.de/templates/default.css" "Mozilla/5.0 (Linux; Android 7.0; SAMSUNG SM-G935F Build/NRD90M) AppleWebKit/537.36 (KHTML, like Gecko) SamsungBrowser/5.4 Chrome/51.0.2704.106 Mobile Safari/537.36"
109.45.1.253 - - [30/Jul/2017:15:37:34 +0200] "GET /templates/img/two-columns.gif HTTP/1.1" 200 65 "http://www.quartier-bb.de/templates/default.css" "Mozilla/5.0 (Linux; Android 7.0; SAMSUNG SM-G935F Build/NRD90M) AppleWebKit/537.36 (KHTML, like Gecko) SamsungBrowser/5.4 Chrome/51.0.2704.106 Mobile Safari/537.36"
109.45.1.253 - - [30/Jul/2017:15:37:34 +0200] "GET /templates/img/circle.png HTTP/1.1" 200 194 "http://www.quartier-bb.de/templates/default.css" "Mozilla/5.0 (Linux; Android 7.0; SAMSUNG SM-G935F Build/NRD90M) AppleWebKit/537.36 (KHTML, like Gecko) SamsungBrowser/5.4 Chrome/51.0.2704.106 Mobile Safari/537.36"
109.45.1.253 - - [30/Jul/2017:15:37:34 +0200] "GET /favicon.ico HTTP/1.1" 200 2602 "http://www.quartier-bb.de/" "Mozilla/5.0 (Linux; Android 7.0; SAMSUNG SM-G935F Build/NRD90M) AppleWebKit/537.36 (KHTML, like Gecko) SamsungBrowser/5.4 Chrome/51.0.2704.106 Mobile Safari/537.36"
109.45.1.253 - - [30/Jul/2017:15:37:34 +0200] "GET /templates/img/header.png HTTP/1.1" 200 134243 "http://www.quartier-bb.de/templates/default.css" "Mozilla/5.0 (Linux; Android 7.0; SAMSUNG SM-G935F Build/NRD90M) AppleWebKit/537.36 (KHTML, like Gecko) SamsungBrowser/5.4 Chrome/51.0.2704.106 Mobile Safari/537.36"
109.45.1.253 - - [30/Jul/2017:15:37:47 +0200] "GET /?leistung,40 HTTP/1.1" 200 7044 "http://www.quartier-bb.de/" "Mozilla/5.0 (Linux; Android 7.0; SAMSUNG SM-G935F Build/NRD90M) AppleWebKit/537.36 (KHTML, like Gecko) SamsungBrowser/5.4 Chrome/51.0.2704.106 Mobile Safari/537.36"
109.45.1.253 - - [30/Jul/2017:15:37:55 +0200] "GET /?unternehmen,35 HTTP/1.1" 200 5693 "http://www.quartier-bb.de/?leistung,40" "Mozilla/5.0 (Linux; Android 7.0; SAMSUNG SM-G935F Build/NRD90M) AppleWebKit/537.36 (KHTML, like Gecko) SamsungBrowser/5.4 Chrome/51.0.2704.106 Mobile Safari/537.36"
109.45.1.253 - - [30/Jul/2017:15:38:39 +0200] "GET /?impressum,15 HTTP/1.1" 200 5152 "http://www.quartier-bb.de/?unternehmen,35" "Mozilla/5.0 (Linux; Android 7.0; SAMSUNG SM-G935F Build/NRD90M) AppleWebKit/537.36 (KHTML, like Gecko) SamsungBrowser/5.4 Chrome/51.0.2704.106 Mobile Safari/537.36"
109.45.1.253 - - [30/Jul/2017:15:38:48 +0200] "GET /?disclaimer,14 HTTP/1.1" 200 7677 "http://www.quartier-bb.de/?impressum,15" "Mozilla/5.0 (Linux; Android 7.0; SAMSUNG SM-G935F Build/NRD90M) AppleWebKit/537.36 (KHTML, like Gecko) SamsungBrowser/5.4 Chrome/51.0.2704.106 Mobile Safari/537.36"
109.45.1.253 - - [30/Jul/2017:15:39:08 +0200] "GET /?home,1 HTTP/1.1" 200 6789 "http://www.quartier-bb.de/?disclaimer,14" "Mozilla/5.0 (Linux; Android 7.0; SAMSUNG SM-G935F Build/NRD90M) AppleWebKit/537.36 (KHTML, like Gecko) SamsungBrowser/5.4 Chrome/51.0.2704.106 Mobile Safari/537.36"
